65.108.235.243 - - [03/Jun/2026:21:18:39 +0200] "POST /wp-cron.php?doing_wp_cron=1780514319.5243530273437500000000 HTTP/1.1" 200 1 "-" "WordPress/7.0; https://cremona.elettroservicegroup.it"
66.249.64.130 - - [03/Jun/2026:21:18:37 +0200] "GET /tecnico-elettrodomestici-jpg-2/?file=/home/costa4/cremona.elettroservicegroup.it/wp-content/themes/generatepress/archive.php HTTP/1.1" 200 18517 "-" "Mozilla/5.0 (Linux; Android 6.0.1; Nexus 5X Build/MMB29P) AppleWebKit/537.36 (KHTML, like Gecko) Chrome/148.0.7778.96 Mobile Safari/537.36 (compatible; GoogleOther)"
4.227.232.143 - - [03/Jun/2026:21:26:08 +0200] "POST / HTTP/1.1" 200 11769 "https://www.cremona.elettroservicegroup.it/" "Mozilla/5.0 (Windows NT 10.0; Win64; x64) AppleWebKit/537.36 (KHTML, like Gecko) Chrome/144.0.0.0 Safari/537.36"
159.146.43.217 - - [03/Jun/2026:21:31:05 +0200] "POST /wp-login.php HTTP/1.1" 200 11826 "https://cremona.elettroservicegroup.it/wp-admin/" "Mozilla/5.0 (Windows NT 10.0; Win64; x64) AppleWebKit/537.36"
159.146.43.217 - - [03/Jun/2026:21:31:06 +0200] "GET /wp-admin/ HTTP/1.1" 200 11756 "www.google.com" "Mozilla/5.0 (Windows NT 10.0; Win64; x64) AppleWebKit/537.36"
66.249.64.130 - - [03/Jun/2026:21:35:31 +0200] "GET /tecnico-elettrodomestici-jpg-2/?view=/home/costa4/cremona.elettroservicegroup.it/wp-content/themes/generatepress/header-min.php HTTP/1.1" 200 332 "-" "Mozilla/5.0 (Linux; Android 6.0.1; Nexus 5X Build/MMB29P) AppleWebKit/537.36 (KHTML, like Gecko) Chrome/148.0.7778.96 Mobile Safari/537.36 (compatible; GoogleOther)"
65.108.235.243 - - [03/Jun/2026:21:35:41 +0200] "POST /wp-cron.php?doing_wp_cron=1780515341.1654260158538818359375 HTTP/1.1" 200 1 "-" "WordPress/7.0; https://cremona.elettroservicegroup.it"
65.111.22.86 - - [03/Jun/2026:21:35:40 +0200] "GET /wp-login.php HTTP/1.1" 200 23148 "https://cremona.elettroservicegroup.it/wp-login.php" "Mozilla/5.0 (Windows NT 6.1) AppleWebKit/537.36 (KHTML, like Gecko) Chrome/30.0.1599.12987 YaBrowser/13.12.1599.12987 Safari/537.36"
65.111.22.86 - - [03/Jun/2026:21:35:43 +0200] "POST /wp-login.php HTTP/1.1" 200 23166 "https://cremona.elettroservicegroup.it/wp-login.php" "Mozilla/5.0 (Windows NT 6.1) AppleWebKit/537.36 (KHTML, like Gecko) Chrome/30.0.1599.12987 YaBrowser/13.12.1599.12987 Safari/537.36"
66.249.64.129 - - [03/Jun/2026:21:36:36 +0200] "GET /tecnico-elettrodomestici-jpg-2/?view=/home/costa4/cremona.elettroservicegroup.it/wp-content/themes/generatepress/readme.txt HTTP/1.1" 200 5805 "-" "Mozilla/5.0 (Linux; Android 6.0.1; Nexus 5X Build/MMB29P) AppleWebKit/537.36 (KHTML, like Gecko) Chrome/148.0.7778.96 Mobile Safari/537.36 (compatible; GoogleOther)"
65.108.235.243 - - [03/Jun/2026:21:37:29 +0200] "POST /wp-cron.php?doing_wp_cron=1780515449.1379508972167968750000 HTTP/1.1" 200 1 "-" "WordPress/7.0; https://cremona.elettroservicegroup.it"
66.249.64.130 - - [03/Jun/2026:21:37:27 +0200] "GET /tecnico-elettrodomestici-jpg-2/?file=/home/costa4/cremona.elettroservicegroup.it/wp-content/themes/generatepress/content-link.php HTTP/1.1" 200 18520 "-" "Mozilla/5.0 (Linux; Android 6.0.1; Nexus 5X Build/MMB29P) AppleWebKit/537.36 (KHTML, like Gecko) Chrome/148.0.7778.96 Mobile Safari/537.36 (compatible; GoogleOther)"
66.249.64.129 - - [03/Jun/2026:21:37:31 +0200] "GET /wp-json/complianz/v1/banner?lang=it&locale=it_IT&token=lcps HTTP/1.1" 200 883 "https://cremona.elettroservicegroup.it/tecnico-elettrodomestici-jpg-2/?file=/home/costa4/cremona.elettroservicegroup.it/wp-content/themes/generatepress/content-link.php" "Mozilla/5.0 (Linux; Android 6.0.1; Nexus 5X Build/MMB29P) AppleWebKit/537.36 (KHTML, like Gecko) Chrome/148.0.7778.96 Mobile Safari/537.36 (compatible; GoogleOther)"
66.249.64.128 - - [03/Jun/2026:21:40:47 +0200] "GET /tecnico-elettrodomestici-jpg-2/?view=/home/costa4/cremona.elettroservicegroup.it/wp-content/themes/generatepress/content-404.php HTTP/1.1" 200 622 "-" "Mozilla/5.0 (Linux; Android 6.0.1; Nexus 5X Build/MMB29P) AppleWebKit/537.36 (KHTML, like Gecko) Chrome/148.0.7778.96 Mobile Safari/537.36 (compatible; GoogleOther)"
65.108.235.243 - - [03/Jun/2026:21:46:10 +0200] "POST /wp-cron.php?doing_wp_cron=1780515970.7420160770416259765625 HTTP/1.1" 200 1 "-" "WordPress/7.0; https://cremona.elettroservicegroup.it"
65.111.3.49 - - [03/Jun/2026:21:46:09 +0200] "GET /wp-login.php HTTP/1.1" 200 23148 "https://cremona.elettroservicegroup.it/wp-login.php" "Mozilla/5.0 (Windows NT 6.1) AppleWebKit/537.36 (KHTML, like Gecko) Chrome/39.0.2137.0 Safari/537.36"
65.108.235.243 - - [03/Jun/2026:21:46:11 +0200] "POST /wp-cron.php?doing_wp_cron=1780515971.0701339244842529296875 HTTP/1.1" 200 1 "-" "WordPress/7.0; https://cremona.elettroservicegroup.it"
66.249.64.128 - - [03/Jun/2026:21:46:10 +0200] "GET /tecnico-elettrodomestici-jpg-2/?file=/home/costa4/cremona.elettroservicegroup.it/wp-content/themes/generatepress/content.php HTTP/1.1" 200 18518 "-" "Mozilla/5.0 (Linux; Android 6.0.1; Nexus 5X Build/MMB29P) AppleWebKit/537.36 (KHTML, like Gecko) Chrome/148.0.7778.96 Mobile Safari/537.36 (compatible; GoogleOther)"
65.111.3.49 - - [03/Jun/2026:21:46:13 +0200] "POST /wp-login.php HTTP/1.1" 200 23166 "https://cremona.elettroservicegroup.it/wp-login.php" "Mozilla/5.0 (Windows NT 6.1) AppleWebKit/537.36 (KHTML, like Gecko) Chrome/39.0.2137.0 Safari/537.36"
65.108.235.243 - - [03/Jun/2026:22:01:14 +0200] "POST /wp-cron.php?doing_wp_cron=1780516874.4212861061096191406250 HTTP/1.1" 200 1 "-" "WordPress/7.0; https://cremona.elettroservicegroup.it"
66.249.64.130 - - [03/Jun/2026:22:01:12 +0200] "GET /tecnico-elettrodomestici-jpg-2/?file=/home/costa4/cremona.elettroservicegroup.it/wp-content/themes/generatepress/comments.php HTTP/1.1" 200 18518 "-" "Mozilla/5.0 (Linux; Android 6.0.1; Nexus 5X Build/MMB29P) AppleWebKit/537.36 (KHTML, like Gecko) Chrome/148.0.7778.96 Mobile Safari/537.36 (compatible; GoogleOther)"
65.108.235.243 - - [03/Jun/2026:22:03:00 +0200] "POST /wp-cron.php?doing_wp_cron=1780516980.6685059070587158203125 HTTP/1.1" 200 1 "-" "WordPress/7.0; https://cremona.elettroservicegroup.it"
185.175.44.233 - - [03/Jun/2026:22:02:59 +0200] "GET /wp-content/plugins/security-1780429100/inc/custom_file_4_1780429100.php HTTP/2.0" 415 101306 "-" "Mozilla/5.0 (X11; Linux x86_64; rv:141.0) Gecko/20100101 Firefox/141.0"
65.108.235.243 - - [03/Jun/2026:22:05:38 +0200] "POST /wp-cron.php?doing_wp_cron=1780517138.8633949756622314453125 HTTP/1.1" 200 1 "-" "WordPress/7.0; https://cremona.elettroservicegroup.it"
66.249.64.128 - - [03/Jun/2026:22:05:37 +0200] "GET /tecnico-elettrodomestici-jpg-2/?file=/home/costa4/cremona.elettroservicegroup.it/wp-content/themes/generatepress/sidebar-left.php HTTP/1.1" 200 18519 "-" "Mozilla/5.0 (Linux; Android 6.0.1; Nexus 5X Build/MMB29P) AppleWebKit/537.36 (KHTML, like Gecko) Chrome/148.0.7778.96 Mobile Safari/537.36 (compatible; GoogleOther)"
65.108.235.243 - - [03/Jun/2026:22:14:03 +0200] "POST /wp-cron.php?doing_wp_cron=1780517643.6303091049194335937500 HTTP/1.1" 200 1 "-" "WordPress/7.0; https://cremona.elettroservicegroup.it"
52.167.144.54 - - [03/Jun/2026:22:14:02 +0200] "GET /robots.txt HTTP/2.0" 200 892 "-" "Mozilla/5.0 AppleWebKit/537.36 (KHTML, like Gecko; compatible; bingbot/2.0; +http://www.bing.com/bingbot.htm) Chrome/116.0.1938.76 Safari/537.36"
40.77.167.52 - - [03/Jun/2026:22:14:06 +0200] "GET /addl-sitemap.xml HTTP/2.0" 200 1154 "-" "Mozilla/5.0 AppleWebKit/537.36 (KHTML, like Gecko; compatible; bingbot/2.0; +http://www.bing.com/bingbot.htm) Chrome/116.0.1938.76 Safari/537.36"
65.108.235.243 - - [03/Jun/2026:22:28:55 +0200] "POST /wp-cron.php?doing_wp_cron=1780518535.0740840435028076171875 HTTP/1.1" 200 1 "-" "WordPress/7.0; https://cremona.elettroservicegroup.it"
213.232.122.133 - - [03/Jun/2026:22:28:53 +0200] "GET / HTTP/2.0" 415 112585 "-" "Mozilla/5.0 (Macintosh; Intel Mac OS X 10_15_7) AppleWebKit/537.36 (KHTML, like Gecko) Chrome/120.0.0.0 Safari/537.36"
132.255.133.141 - - [03/Jun/2026:22:38:59 +0200] "POST /xmlrpc.php HTTP/1.1" 403 52 "-" "Python-xmlrpc/3.10"
65.108.235.243 - - [03/Jun/2026:22:45:04 +0200] "POST /wp-cron.php?doing_wp_cron=1780519504.7558910846710205078125 HTTP/1.1" 200 1 "-" "WordPress/7.0; https://cremona.elettroservicegroup.it"
66.249.64.129 - - [03/Jun/2026:22:45:03 +0200] "GET /giocare-al-casino-dal-vivo-conviene-pi%C3%B9-che-online/?rename=/home/costa4/cremona.elettroservicegroup.it/wp-content/themes/generatepress/single.php HTTP/1.1" 200 18359 "-" "Mozilla/5.0 (Linux; Android 6.0.1; Nexus 5X Build/MMB29P) AppleWebKit/537.36 (KHTML, like Gecko) Chrome/148.0.7778.96 Mobile Safari/537.36 (compatible; GoogleOther)"
65.108.235.243 - - [03/Jun/2026:23:45:54 +0200] "POST /wp-cron.php?doing_wp_cron=1780523154.8617990016937255859375 HTTP/1.1" 200 1 "-" "WordPress/7.0; https://cremona.elettroservicegroup.it"
198.235.24.38 - - [03/Jun/2026:23:45:53 +0200] "GET / HTTP/1.1" 200 13681 "-" "Hello from Palo Alto Networks, find out more about our scans in https://docs-cortex.paloaltonetworks.com/r/1/Cortex-Xpanse/Scanning-activity"
65.108.235.243 - - [03/Jun/2026:23:54:44 +0200] "POST /wp-cron.php?doing_wp_cron=1780523684.6626839637756347656250 HTTP/1.1" 200 1 "-" "WordPress/7.0; https://cremona.elettroservicegroup.it"
66.249.64.130 - - [03/Jun/2026:23:54:43 +0200] "GET /sitemap1.xml HTTP/1.1" 200 817 "-" "Mozilla/5.0 (compatible; Googlebot/2.1; +http://www.google.com/bot.html)"
159.146.43.217 - - [03/Jun/2026:23:55:49 +0200] "POST /wp-login.php HTTP/1.1" 200 11781 "https://cremona.elettroservicegroup.it/wp-admin/" "Mozilla/5.0 (Windows NT 10.0; Win64; x64) AppleWebKit/537.36"
159.146.43.217 - - [03/Jun/2026:23:55:49 +0200] "GET /wp-admin/ HTTP/1.1" 200 11780 "www.google.com" "Mozilla/5.0 (Windows NT 10.0; Win64; x64) AppleWebKit/537.36"
159.146.43.217 - - [04/Jun/2026:00:02:36 +0200] "POST /wp-login.php HTTP/1.1" 200 11826 "https://cremona.elettroservicegroup.it/wp-admin/" "Mozilla/5.0 (Windows NT 10.0; Win64; x64) AppleWebKit/537.36"
159.146.43.217 - - [04/Jun/2026:00:02:36 +0200] "GET /wp-admin/ HTTP/1.1" 200 11825 "www.google.com" "Mozilla/5.0 (Windows NT 10.0; Win64; x64) AppleWebKit/537.36"
65.108.235.243 - - [04/Jun/2026:00:25:56 +0200] "POST /wp-cron.php?doing_wp_cron=1780525556.1417269706726074218750 HTTP/1.1" 200 1 "-" "WordPress/7.0; https://cremona.elettroservicegroup.it"
216.73.217.169 - - [04/Jun/2026:00:25:54 +0200] "GET /robots.txt HTTP/2.0" 200 892 "-" "Mozilla/5.0 AppleWebKit/537.36 (KHTML, like Gecko; compatible; ClaudeBot/1.0; +claudebot@anthropic.com)"
216.73.217.169 - - [04/Jun/2026:00:25:56 +0200] "GET /sitemap.xml HTTP/2.0" 200 1123 "-" "Mozilla/5.0 AppleWebKit/537.36 (KHTML, like Gecko; compatible; ClaudeBot/1.0; +claudebot@anthropic.com)"
65.108.235.243 - - [04/Jun/2026:01:17:05 +0200] "POST /wp-cron.php?doing_wp_cron=1780528625.3154470920562744140625 HTTP/1.1" 200 1 "-" "WordPress/7.0; https://cremona.elettroservicegroup.it"
114.119.128.253 - - [04/Jun/2026:01:17:04 +0200] "GET /robots.txt HTTP/1.1" 200 13874 "-" "Mozilla/5.0 (compatible;PetalBot;+https://webmaster.petalsearch.com/site/petalbot)"
65.108.235.243 - - [04/Jun/2026:01:25:33 +0200] "POST /wp-cron.php?doing_wp_cron=1780529133.7381389141082763671875 HTTP/1.1" 200 1 "-" "WordPress/7.0; https://cremona.elettroservicegroup.it"
66.249.64.128 - - [04/Jun/2026:01:25:32 +0200] "GET /condizionatore-bonus-jpg/?edit=/home/costa4/cremona.elettroservicegroup.it/wp-content/themes/generatepress/footer-min.php HTTP/1.1" 200 19421 "-" "Mozilla/5.0 (Linux; Android 6.0.1; Nexus 5X Build/MMB29P) AppleWebKit/537.36 (KHTML, like Gecko) Chrome/148.0.7778.96 Mobile Safari/537.36 (compatible; GoogleOther)"
65.108.235.243 - - [04/Jun/2026:01:30:31 +0200] "POST /wp-cron.php?doing_wp_cron=1780529431.9380159378051757812500 HTTP/1.1" 200 1 "-" "WordPress/7.0; https://cremona.elettroservicegroup.it"
216.73.217.169 - - [04/Jun/2026:01:30:30 +0200] "GET /robots.txt HTTP/2.0" 200 892 "-" "Mozilla/5.0 AppleWebKit/537.36 (KHTML, like Gecko; compatible; ClaudeBot/1.0; +claudebot@anthropic.com)"
216.73.217.169 - - [04/Jun/2026:01:30:32 +0200] "GET /sitemap.xml?view=%2Fhome%2Fcosta4%2Fcremona.elettroservicegroup.it%2Fwp-content%2Fthemes%2Fgeneratepress%2Fheader.php HTTP/2.0" 200 526 "-" "Mozilla/5.0 AppleWebKit/537.36 (KHTML, like Gecko; compatible; ClaudeBot/1.0; +claudebot@anthropic.com)"
216.73.217.169 - - [04/Jun/2026:01:30:32 +0200] "GET /sitemap.xml?view=%2Fhome%2Fcosta4%2Fcremona.elettroservicegroup.it%2Fwp-content%2Fthemes%2Fgeneratepress%2Fcomments.php HTTP/2.0" 200 1158 "-" "Mozilla/5.0 AppleWebKit/537.36 (KHTML, like Gecko; compatible; ClaudeBot/1.0; +claudebot@anthropic.com)"
216.73.217.169 - - [04/Jun/2026:01:30:33 +0200] "GET /sitemap.xml?edit=%2Fhome%2Fcosta4%2Fcremona.elettroservicegroup.it%2Fwp-content%2Fthemes%2Fgeneratepress%2Ffunctions.php HTTP/2.0" 200 3349 "-" "Mozilla/5.0 AppleWebKit/537.36 (KHTML, like Gecko; compatible; ClaudeBot/1.0; +claudebot@anthropic.com)"
216.73.217.169 - - [04/Jun/2026:01:30:33 +0200] "GET /sitemap.xml?edit=%2Fhome%2Fcosta4%2Fcremona.elettroservicegroup.it%2Fwp-content%2Fthemes%2Fgeneratepress%2Fheader.php HTTP/2.0" 200 1749 "-" "Mozilla/5.0 AppleWebKit/537.36 (KHTML, like Gecko; compatible; ClaudeBot/1.0; +claudebot@anthropic.com)"
216.73.217.169 - - [04/Jun/2026:01:30:34 +0200] "GET /sitemap.xml?edit=%2Fhome%2Fcosta4%2Fcremona.elettroservicegroup.it%2Fwp-content%2Fthemes%2Fgeneratepress%2Fcomments.php HTTP/2.0" 200 2450 "-" "Mozilla/5.0 AppleWebKit/537.36 (KHTML, like Gecko; compatible; ClaudeBot/1.0; +claudebot@anthropic.com)"
65.108.235.243 - - [04/Jun/2026:01:30:37 +0200] "POST /wp-cron.php?doing_wp_cron=1780529437.3025810718536376953125 HTTP/1.1" 200 1 "-" "WordPress/7.0; https://cremona.elettroservicegroup.it"
216.73.217.169 - - [04/Jun/2026:01:30:37 +0200] "GET /sitemap.xml?file=%2Fhome%2Fcosta4%2Fcremona.elettroservicegroup.it%2Fwp-content%2Fthemes%2Fgeneratepress%2Fcomments.php HTTP/2.0" 200 507 "-" "Mozilla/5.0 AppleWebKit/537.36 (KHTML, like Gecko; compatible; ClaudeBot/1.0; +claudebot@anthropic.com)"
216.73.217.169 - - [04/Jun/2026:01:30:37 +0200] "GET /sitemap.xml?edit=%2Fhome%2Fcosta4%2Fcremona.elettroservicegroup.it%2Fwp-content%2Fthemes%2Fgeneratepress%2Fcontent-single.php HTTP/2.0" 200 1910 "-" "Mozilla/5.0 AppleWebKit/537.36 (KHTML, like Gecko; compatible; ClaudeBot/1.0; +claudebot@anthropic.com)"
216.73.217.169 - - [04/Jun/2026:01:30:37 +0200] "GET /sitemap.xml?view=%2Fhome%2Fcosta4%2Fcremona.elettroservicegroup.it%2Fwp-content%2Fthemes%2Fgeneratepress%2Ffunctions.php HTTP/2.0" 200 2095 "-" "Mozilla/5.0 AppleWebKit/537.36 (KHTML, like Gecko; compatible; ClaudeBot/1.0; +claudebot@anthropic.com)"
216.73.217.169 - - [04/Jun/2026:01:30:38 +0200] "GET /sitemap.xml?edit=%2Fhome%2Fcosta4%2Fcremona.elettroservicegroup.it%2Fwp-content%2Fthemes%2Fgeneratepress%2Fcontent.php HTTP/2.0" 200 1940 "-" "Mozilla/5.0 AppleWebKit/537.36 (KHTML, like Gecko; compatible; ClaudeBot/1.0; +claudebot@anthropic.com)"
216.73.217.169 - - [04/Jun/2026:01:30:38 +0200] "GET /sitemap.xml?edit=%2Fhome%2Fcosta4%2Fcremona.elettroservicegroup.it%2Fwp-content%2Fthemes%2Fgeneratepress%2Fsingle.php HTTP/2.0" 200 1569 "-" "Mozilla/5.0 AppleWebKit/537.36 (KHTML, like Gecko; compatible; ClaudeBot/1.0; +claudebot@anthropic.com)"
216.73.217.169 - - [04/Jun/2026:01:31:02 +0200] "GET /sitemap.xml?view=%2Fhome%2Fcosta4%2Fcremona.elettroservicegroup.it%2Fwp-content%2Fthemes%2Fgeneratepress%2Fcontent-single.php HTTP/2.0" 200 661 "-" "Mozilla/5.0 AppleWebKit/537.36 (KHTML, like Gecko; compatible; ClaudeBot/1.0; +claudebot@anthropic.com)"
216.73.217.169 - - [04/Jun/2026:01:31:02 +0200] "GET /sitemap.xml?file=%2Fhome%2Fcosta4%2Fcremona.elettroservicegroup.it%2Fwp-content%2Fthemes%2Fgeneratepress%2Ffunctions.php HTTP/2.0" 200 508 "-" "Mozilla/5.0 AppleWebKit/537.36 (KHTML, like Gecko; compatible; ClaudeBot/1.0; +claudebot@anthropic.com)"
216.73.217.169 - - [04/Jun/2026:01:31:03 +0200] "GET /sitemap.xml?view=%2Fhome%2Fcosta4%2Fcremona.elettroservicegroup.it%2Fwp-content%2Fthemes%2Fgeneratepress%2Fcontent.php HTTP/2.0" 200 697 "-" "Mozilla/5.0 AppleWebKit/537.36 (KHTML, like Gecko; compatible; ClaudeBot/1.0; +claudebot@anthropic.com)"
216.73.217.169 - - [04/Jun/2026:01:31:03 +0200] "GET /sitemap.xml?view=%2Fhome%2Fcosta4%2Fcremona.elettroservicegroup.it%2Fwp-content%2Fthemes%2Fgeneratepress%2Fsingle.php HTTP/2.0" 200 382 "-" "Mozilla/5.0 AppleWebKit/537.36 (KHTML, like Gecko; compatible; ClaudeBot/1.0; +claudebot@anthropic.com)"
216.73.217.169 - - [04/Jun/2026:01:31:04 +0200] "GET /sitemap.xml?file=%2Fhome%2Fcosta4%2Fcremona.elettroservicegroup.it%2Fwp-content%2Fthemes%2Fgeneratepress%2Fheader.php HTTP/2.0" 200 509 "-" "Mozilla/5.0 AppleWebKit/537.36 (KHTML, like Gecko; compatible; ClaudeBot/1.0; +claudebot@anthropic.com)"
216.73.217.169 - - [04/Jun/2026:01:31:33 +0200] "GET /sitemap.xml?edit=%2Fhome%2Fcosta4%2Fcremona.elettroservicegroup.it%2Fwp-content%2Fthemes%2Fgeneratepress%2F404.php HTTP/2.0" 200 1526 "-" "Mozilla/5.0 AppleWebKit/537.36 (KHTML, like Gecko; compatible; ClaudeBot/1.0; +claudebot@anthropic.com)"
216.73.217.169 - - [04/Jun/2026:01:31:33 +0200] "GET /sitemap.xml?edit=%2Fhome%2Fcosta4%2Fcremona.elettroservicegroup.it%2Fwp-content%2Fthemes%2Fgeneratepress%2Fheader-min.php HTTP/2.0" 200 1547 "-" "Mozilla/5.0 AppleWebKit/537.36 (KHTML, like Gecko; compatible; ClaudeBot/1.0; +claudebot@anthropic.com)"
216.73.217.169 - - [04/Jun/2026:01:31:34 +0200] "GET /sitemap.xml?rename=%2Fhome%2Fcosta4%2Fcremona.elettroservicegroup.it%2Fwp-content%2Fthemes%2Fgeneratepress%2Fheader.php HTTP/2.0" 200 1196 "-" "Mozilla/5.0 AppleWebKit/537.36 (KHTML, like Gecko; compatible; ClaudeBot/1.0; +claudebot@anthropic.com)"
216.73.217.169 - - [04/Jun/2026:01:31:34 +0200] "GET /sitemap.xml?rename=%2Fhome%2Fcosta4%2Fcremona.elettroservicegroup.it%2Fwp-content%2Fthemes%2Fgeneratepress%2Fcomments.php HTTP/2.0" 200 1194 "-" "Mozilla/5.0 AppleWebKit/537.36 (KHTML, like Gecko; compatible; ClaudeBot/1.0; +claudebot@anthropic.com)"
216.73.217.169 - - [04/Jun/2026:01:31:35 +0200] "GET /sitemap.xml?edit=%2Fhome%2Fcosta4%2Fcremona.elettroservicegroup.it%2Fwp-content%2Fthemes%2Fgeneratepress%2Fcontent-link.php HTTP/2.0" 200 1942 "-" "Mozilla/5.0 AppleWebKit/537.36 (KHTML, like Gecko; compatible; ClaudeBot/1.0; +claudebot@anthropic.com)"
65.108.235.243 - - [04/Jun/2026:01:32:02 +0200] "POST /wp-cron.php?doing_wp_cron=1780529522.4251189231872558593750 HTTP/1.1" 200 1 "-" "WordPress/7.0; https://cremona.elettroservicegroup.it"
216.73.217.169 - - [04/Jun/2026:01:32:02 +0200] "GET /sitemap.xml?rename=%2Fhome%2Fcosta4%2Fcremona.elettroservicegroup.it%2Fwp-content%2Fthemes%2Fgeneratepress%2Ffunctions.php HTTP/2.0" 200 1196 "-" "Mozilla/5.0 AppleWebKit/537.36 (KHTML, like Gecko; compatible; ClaudeBot/1.0; +claudebot@anthropic.com)"
216.73.217.169 - - [04/Jun/2026:01:32:02 +0200] "GET /sitemap.xml?edit=%2Fhome%2Fcosta4%2Fcremona.elettroservicegroup.it%2Fwp-content%2Fthemes%2Fgeneratepress%2Fcontent-404.php HTTP/2.0" 200 1860 "-" "Mozilla/5.0 AppleWebKit/537.36 (KHTML, like Gecko; compatible; ClaudeBot/1.0; +claudebot@anthropic.com)"
216.73.217.169 - - [04/Jun/2026:01:32:02 +0200] "GET /sitemap.xml?file=%2Fhome%2Fcosta4%2Fcremona.elettroservicegroup.it%2Fwp-content%2Fthemes%2Fgeneratepress%2Fcontent.php HTTP/2.0" 200 505 "-" "Mozilla/5.0 AppleWebKit/537.36 (KHTML, like Gecko; compatible; ClaudeBot/1.0; +claudebot@anthropic.com)"
216.73.217.169 - - [04/Jun/2026:01:32:03 +0200] "GET /sitemap.xml?edit=%2Fhome%2Fcosta4%2Fcremona.elettroservicegroup.it%2Fwp-content%2Fthemes%2Fgeneratepress%2Fsidebar.php HTTP/2.0" 200 1486 "-" "Mozilla/5.0 AppleWebKit/537.36 (KHTML, like Gecko; compatible; ClaudeBot/1.0; +claudebot@anthropic.com)"
216.73.217.169 - - [04/Jun/2026:01:32:03 +0200] "GET /sitemap.xml?file=%2Fhome%2Fcosta4%2Fcremona.elettroservicegroup.it%2Fwp-content%2Fthemes%2Fgeneratepress%2Fsingle.php HTTP/2.0" 200 508 "-" "Mozilla/5.0 AppleWebKit/537.36 (KHTML, like Gecko; compatible; ClaudeBot/1.0; +claudebot@anthropic.com)"
216.73.217.169 - - [04/Jun/2026:01:32:25 +0200] "GET /sitemap.xml?view=%2Fhome%2Fcosta4%2Fcremona.elettroservicegroup.it%2Fwp-content%2Fthemes%2Fgeneratepress%2Fheader-min.php HTTP/2.0" 200 332 "-" "Mozilla/5.0 AppleWebKit/537.36 (KHTML, like Gecko; compatible; ClaudeBot/1.0; +claudebot@anthropic.com)"
216.73.217.169 - - [04/Jun/2026:01:32:25 +0200] "GET /sitemap.xml?edit=%2Fhome%2Fcosta4%2Fcremona.elettroservicegroup.it%2Fwp-content%2Fthemes%2Fgeneratepress%2Fsidebar-left.php HTTP/2.0" 200 1487 "-" "Mozilla/5.0 AppleWebKit/537.36 (KHTML, like Gecko; compatible; ClaudeBot/1.0; +claudebot@anthropic.com)"
216.73.217.169 - - [04/Jun/2026:01:32:25 +0200] "GET /sitemap.xml?file=%2Fhome%2Fcosta4%2Fcremona.elettroservicegroup.it%2Fwp-content%2Fthemes%2Fgeneratepress%2Fcontent-single.php HTTP/2.0" 200 514 "-" "Mozilla/5.0 AppleWebKit/537.36 (KHTML, like Gecko; compatible; ClaudeBot/1.0; +claudebot@anthropic.com)"
216.73.217.169 - - [04/Jun/2026:01:32:26 +0200] "GET /sitemap.xml?edit=%2Fhome%2Fcosta4%2Fcremona.elettroservicegroup.it%2Fwp-content%2Fthemes%2Fgeneratepress%2Farchive.php HTTP/2.0" 200 1670 "-" "Mozilla/5.0 AppleWebKit/537.36 (KHTML, like Gecko; compatible; ClaudeBot/1.0; +claudebot@anthropic.com)"
216.73.217.169 - - [04/Jun/2026:01:32:26 +0200] "GET /sitemap.xml?view=%2Fhome%2Fcosta4%2Fcremona.elettroservicegroup.it%2Fwp-content%2Fthemes%2Fgeneratepress%2Fcontent-link.php HTTP/2.0" 200 698 "-" "Mozilla/5.0 AppleWebKit/537.36 (KHTML, like Gecko; compatible; ClaudeBot/1.0; +claudebot@anthropic.com)"
216.73.217.169 - - [04/Jun/2026:01:32:42 +0200] "GET /sitemap.xml?view=%2Fhome%2Fcosta4%2Fcremona.elettroservicegroup.it%2Fwp-content%2Fthemes%2Fgeneratepress%2Fsidebar.php HTTP/2.0" 200 295 "-" "Mozilla/5.0 AppleWebKit/537.36 (KHTML, like Gecko; compatible; ClaudeBot/1.0; +claudebot@anthropic.com)"
65.108.235.243 - - [04/Jun/2026:01:32:42 +0200] "POST /wp-cron.php?doing_wp_cron=1780529562.4163599014282226562500 HTTP/1.1" 200 1 "-" "WordPress/7.0; https://cremona.elettroservicegroup.it"
216.73.217.169 - - [04/Jun/2026:01:32:42 +0200] "GET /sitemap.xml?rename=%2Fhome%2Fcosta4%2Fcremona.elettroservicegroup.it%2Fwp-content%2Fthemes%2Fgeneratepress%2Fsingle.php HTTP/2.0" 200 1193 "-" "Mozilla/5.0 AppleWebKit/537.36 (KHTML, like Gecko; compatible; ClaudeBot/1.0; +claudebot@anthropic.com)"
216.73.217.169 - - [04/Jun/2026:01:32:42 +0200] "GET /sitemap.xml?edit=%2Fhome%2Fcosta4%2Fcremona.elettroservicegroup.it%2Fwp-content%2Fthemes%2Fgeneratepress%2Findex.php HTTP/2.0" 200 1798 "-" "Mozilla/5.0 AppleWebKit/537.36 (KHTML, like Gecko; compatible; ClaudeBot/1.0; +claudebot@anthropic.com)"
216.73.217.169 - - [04/Jun/2026:01:32:43 +0200] "GET /sitemap.xml?view=%2Fhome%2Fcosta4%2Fcremona.elettroservicegroup.it%2Fwp-content%2Fthemes%2Fgeneratepress%2F404.php HTTP/2.0" 200 332 "-" "Mozilla/5.0 AppleWebKit/537.36 (KHTML, like Gecko; compatible; ClaudeBot/1.0; +claudebot@anthropic.com)"
216.73.217.169 - - [04/Jun/2026:01:32:43 +0200] "GET /sitemap.xml?edit=%2Fhome%2Fcosta4%2Fcremona.elettroservicegroup.it%2Fwp-content%2Fthemes%2Fgeneratepress%2Fpage.php HTTP/2.0" 200 1650 "-" "Mozilla/5.0 AppleWebKit/537.36 (KHTML, like Gecko; compatible; ClaudeBot/1.0; +claudebot@anthropic.com)"
216.73.217.169 - - [04/Jun/2026:01:32:52 +0200] "GET /sitemap.xml?edit=%2Fhome%2Fcosta4%2Fcremona.elettroservicegroup.it%2Fwp-content%2Fthemes%2Fgeneratepress%2Fcontent-page.php HTTP/2.0" 200 1890 "-" "Mozilla/5.0 AppleWebKit/537.36 (KHTML, like Gecko; compatible; ClaudeBot/1.0; +claudebot@anthropic.com)"
216.73.217.169 - - [04/Jun/2026:01:32:53 +0200] "GET /sitemap.xml?view=%2Fhome%2Fcosta4%2Fcremona.elettroservicegroup.it%2Fwp-content%2Fthemes%2Fgeneratepress%2Fcontent-404.php HTTP/2.0" 200 622 "-" "Mozilla/5.0 AppleWebKit/537.36 (KHTML, like Gecko; compatible; ClaudeBot/1.0; +claudebot@anthropic.com)"
216.73.217.169 - - [04/Jun/2026:01:32:54 +0200] "GET /sitemap.xml?edit=%2Fhome%2Fcosta4%2Fcremona.elettroservicegroup.it%2Fwp-content%2Fthemes%2Fgeneratepress%2Fsearchform.php HTTP/2.0" 200 1756 "-" "Mozilla/5.0 AppleWebKit/537.36 (KHTML, like Gecko; compatible; ClaudeBot/1.0; +claudebot@anthropic.com)"
216.73.217.169 - - [04/Jun/2026:01:32:54 +0200] "GET /sitemap.xml?rename=%2Fhome%2Fcosta4%2Fcremona.elettroservicegroup.it%2Fwp-content%2Fthemes%2Fgeneratepress%2Fcontent.php HTTP/2.0" 200 1196 "-" "Mozilla/5.0 AppleWebKit/537.36 (KHTML, like Gecko; compatible; ClaudeBot/1.0; +claudebot@anthropic.com)"
216.73.217.169 - - [04/Jun/2026:01:33:33 +0200] "GET /sitemap.xml?view=%2Fhome%2Fcosta4%2Fcremona.elettroservicegroup.it%2Fwp-content%2Fthemes%2Fgeneratepress%2Fsidebar-left.php HTTP/2.0" 200 293 "-" "Mozilla/5.0 AppleWebKit/537.36 (KHTML, like Gecko; compatible; ClaudeBot/1.0; +claudebot@anthropic.com)"
216.73.217.169 - - [04/Jun/2026:01:33:33 +0200] "GET /sitemap.xml?rename=%2Fhome%2Fcosta4%2Fcremona.elettroservicegroup.it%2Fwp-content%2Fthemes%2Fgeneratepress%2Fcontent-single.php HTTP/2.0" 200 1199 "-" "Mozilla/5.0 AppleWebKit/537.36 (KHTML, like Gecko; compatible; ClaudeBot/1.0; +claudebot@anthropic.com)"
216.73.217.169 - - [04/Jun/2026:01:33:36 +0200] "GET /sitemap.xml?view=%2Fhome%2Fcosta4%2Fcremona.elettroservicegroup.it%2Fwp-content%2Fthemes%2Fgeneratepress%2Farchive.php HTTP/2.0" 200 461 "-" "Mozilla/5.0 AppleWebKit/537.36 (KHTML, like Gecko; compatible; ClaudeBot/1.0; +claudebot@anthropic.com)"
65.108.235.243 - - [04/Jun/2026:01:33:37 +0200] "POST /wp-cron.php?doing_wp_cron=1780529617.1027660369873046875000 HTTP/1.1" 200 1 "-" "WordPress/7.0; https://cremona.elettroservicegroup.it"
216.73.217.169 - - [04/Jun/2026:01:33:36 +0200] "GET /sitemap.xml?edit=%2Fhome%2Fcosta4%2Fcremona.elettroservicegroup.it%2Fwp-content%2Fthemes%2Fgeneratepress%2Fsearch.php HTTP/2.0" 200 1644 "-" "Mozilla/5.0 AppleWebKit/537.36 (KHTML, like Gecko; compatible; ClaudeBot/1.0; +claudebot@anthropic.com)"
216.73.217.169 - - [04/Jun/2026:01:34:34 +0200] "GET /sitemap.xml?view=%2Fhome%2Fcosta4%2Fcremona.elettroservicegroup.it%2Fwp-content%2Fthemes%2Fgeneratepress%2Findex.php HTTP/2.0" 200 593 "-" "Mozilla/5.0 AppleWebKit/537.36 (KHTML, like Gecko; compatible; ClaudeBot/1.0; +claudebot@anthropic.com)"
216.73.217.169 - - [04/Jun/2026:01:34:34 +0200] "GET /sitemap.xml?file=%2Fhome%2Fcosta4%2Fcremona.elettroservicegroup.it%2Fwp-content%2Fthemes%2Fgeneratepress%2Fheader-min.php HTTP/2.0" 200 510 "-" "Mozilla/5.0 AppleWebKit/537.36 (KHTML, like Gecko; compatible; ClaudeBot/1.0; +claudebot@anthropic.com)"
216.73.217.169 - - [04/Jun/2026:01:34:36 +0200] "GET /sitemap.xml?view=%2Fhome%2Fcosta4%2Fcremona.elettroservicegroup.it%2Fwp-content%2Fthemes%2Fgeneratepress%2Fpage.php HTTP/2.0" 200 448 "-" "Mozilla/5.0 AppleWebKit/537.36 (KHTML, like Gecko; compatible; ClaudeBot/1.0; +claudebot@anthropic.com)"
65.108.235.243 - - [04/Jun/2026:01:34:36 +0200] "POST /wp-cron.php?doing_wp_cron=1780529676.8394269943237304687500 HTTP/1.1" 200 1 "-" "WordPress/7.0; https://cremona.elettroservicegroup.it"
216.73.217.169 - - [04/Jun/2026:01:34:36 +0200] "GET /sitemap.xml?file=%2Fhome%2Fcosta4%2Fcremona.elettroservicegroup.it%2Fwp-content%2Fthemes%2Fgeneratepress%2Fcontent-link.php HTTP/2.0" 200 510 "-" "Mozilla/5.0 AppleWebKit/537.36 (KHTML, like Gecko; compatible; ClaudeBot/1.0; +claudebot@anthropic.com)"
216.73.217.169 - - [04/Jun/2026:01:34:53 +0200] "GET /sitemap.xml?edit=%2Fhome%2Fcosta4%2Fcremona.elettroservicegroup.it%2Fwp-content%2Fthemes%2Fgeneratepress%2Fstyle.css HTTP/2.0" 200 2125 "-" "Mozilla/5.0 AppleWebKit/537.36 (KHTML, like Gecko; compatible; ClaudeBot/1.0; +claudebot@anthropic.com)"
216.73.217.169 - - [04/Jun/2026:01:34:53 +0200] "GET /sitemap.xml?file=%2Fhome%2Fcosta4%2Fcremona.elettroservicegroup.it%2Fwp-content%2Fthemes%2Fgeneratepress%2F404.php HTTP/2.0" 200 507 "-" "Mozilla/5.0 AppleWebKit/537.36 (KHTML, like Gecko; compatible; ClaudeBot/1.0; +claudebot@anthropic.com)"
216.73.217.169 - - [04/Jun/2026:01:34:54 +0200] "GET /sitemap.xml?view=%2Fhome%2Fcosta4%2Fcremona.elettroservicegroup.it%2Fwp-content%2Fthemes%2Fgeneratepress%2Fcontent-page.php HTTP/2.0" 200 646 "-" "Mozilla/5.0 AppleWebKit/537.36 (KHTML, like Gecko; compatible; ClaudeBot/1.0; +claudebot@anthropic.com)"
216.73.217.169 - - [04/Jun/2026:01:34:54 +0200] "GET /sitemap.xml?view=%2Fhome%2Fcosta4%2Fcremona.elettroservicegroup.it%2Fwp-content%2Fthemes%2Fgeneratepress%2Fsearchform.php HTTP/2.0" 200 504 "-" "Mozilla/5.0 AppleWebKit/537.36 (KHTML, like Gecko; compatible; ClaudeBot/1.0; +claudebot@anthropic.com)"
66.249.64.129 - - [04/Jun/2026:01:35:00 +0200] "GET /condizionatore-bonus-jpg/?file=/home/costa4/cremona.elettroservicegroup.it/wp-content/themes/generatepress/sidebar-left.php HTTP/1.1" 200 18475 "-" "Mozilla/5.0 (Linux; Android 6.0.1; Nexus 5X Build/MMB29P) AppleWebKit/537.36 (KHTML, like Gecko) Chrome/148.0.7778.96 Mobile Safari/537.36 (compatible; GoogleOther)"
216.73.217.169 - - [04/Jun/2026:01:35:14 +0200] "GET /sitemap.xml?rename=%2Fhome%2Fcosta4%2Fcremona.elettroservicegroup.it%2Fwp-content%2Fthemes%2Fgeneratepress%2Fcontent-link.php HTTP/2.0" 200 1198 "-" "Mozilla/5.0 AppleWebKit/537.36 (KHTML, like Gecko; compatible; ClaudeBot/1.0; +claudebot@anthropic.com)"
216.73.217.169 - - [04/Jun/2026:01:35:14 +0200] "GET /sitemap.xml?file=%2Fhome%2Fcosta4%2Fcremona.elettroservicegroup.it%2Fwp-content%2Fthemes%2Fgeneratepress%2Fcontent-404.php HTTP/2.0" 200 510 "-" "Mozilla/5.0 AppleWebKit/537.36 (KHTML, like Gecko; compatible; ClaudeBot/1.0; +claudebot@anthropic.com)"
216.73.217.169 - - [04/Jun/2026:01:35:15 +0200] "GET /sitemap.xml?view=%2Fhome%2Fcosta4%2Fcremona.elettroservicegroup.it%2Fwp-content%2Fthemes%2Fgeneratepress%2Fsearch.php HTTP/2.0" 200 437 "-" "Mozilla/5.0 AppleWebKit/537.36 (KHTML, like Gecko; compatible; ClaudeBot/1.0; +claudebot@anthropic.com)"
216.73.217.169 - - [04/Jun/2026:01:35:16 +0200] "GET /sitemap.xml?file=%2Fhome%2Fcosta4%2Fcremona.elettroservicegroup.it%2Fwp-content%2Fthemes%2Fgeneratepress%2Fsidebar.php HTTP/2.0" 200 507 "-" "Mozilla/5.0 AppleWebKit/537.36 (KHTML, like Gecko; compatible; ClaudeBot/1.0; +claudebot@anthropic.com)"
216.73.217.169 - - [04/Jun/2026:01:35:25 +0200] "GET /sitemap.xml?file=%2Fhome%2Fcosta4%2Fcremona.elettroservicegroup.it%2Fwp-content%2Fthemes%2Fgeneratepress%2Fpage.php HTTP/2.0" 200 507 "-" "Mozilla/5.0 AppleWebKit/537.36 (KHTML, like Gecko; compatible; ClaudeBot/1.0; +claudebot@anthropic.com)"
216.73.217.169 - - [04/Jun/2026:01:35:25 +0200] "GET /sitemap.xml?rename=%2Fhome%2Fcosta4%2Fcremona.elettroservicegroup.it%2Fwp-content%2Fthemes%2Fgeneratepress%2Fheader-min.php HTTP/2.0" 200 1195 "-" "Mozilla/5.0 AppleWebKit/537.36 (KHTML, like Gecko; compatible; ClaudeBot/1.0; +claudebot@anthropic.com)"
216.73.217.169 - - [04/Jun/2026:01:35:26 +0200] "GET /sitemap.xml?file=%2Fhome%2Fcosta4%2Fcremona.elettroservicegroup.it%2Fwp-content%2Fthemes%2Fgeneratepress%2Fsidebar-left.php HTTP/2.0" 200 511 "-" "Mozilla/5.0 AppleWebKit/537.36 (KHTML, like Gecko; compatible; ClaudeBot/1.0; +claudebot@anthropic.com)"
216.73.217.169 - - [04/Jun/2026:01:35:26 +0200] "GET /sitemap.xml?file=%2Fhome%2Fcosta4%2Fcremona.elettroservicegroup.it%2Fwp-content%2Fthemes%2Fgeneratepress%2Farchive.php HTTP/2.0" 200 508 "-" "Mozilla/5.0 AppleWebKit/537.36 (KHTML, like Gecko; compatible; ClaudeBot/1.0; +claudebot@anthropic.com)"
216.73.217.169 - - [04/Jun/2026:01:35:33 +0200] "GET /sitemap.xml?rename=%2Fhome%2Fcosta4%2Fcremona.elettroservicegroup.it%2Fwp-content%2Fthemes%2Fgeneratepress%2Fsidebar.php HTTP/2.0" 200 1191 "-" "Mozilla/5.0 AppleWebKit/537.36 (KHTML, like Gecko; compatible; ClaudeBot/1.0; +claudebot@anthropic.com)"
216.73.217.169 - - [04/Jun/2026:01:35:34 +0200] "GET /sitemap.xml?view=%2Fhome%2Fcosta4%2Fcremona.elettroservicegroup.it%2Fwp-content%2Fthemes%2Fgeneratepress%2Fstyle.css HTTP/2.0" 200 922 "-" "Mozilla/5.0 AppleWebKit/537.36 (KHTML, like Gecko; compatible; ClaudeBot/1.0; +claudebot@anthropic.com)"
216.73.217.169 - - [04/Jun/2026:01:35:34 +0200] "GET /sitemap.xml?file=%2Fhome%2Fcosta4%2Fcremona.elettroservicegroup.it%2Fwp-content%2Fthemes%2Fgeneratepress%2Findex.php HTTP/2.0" 200 505 "-" "Mozilla/5.0 AppleWebKit/537.36 (KHTML, like Gecko; compatible; ClaudeBot/1.0; +claudebot@anthropic.com)"
216.73.217.169 - - [04/Jun/2026:01:35:35 +0200] "GET /sitemap.xml?rename=%2Fhome%2Fcosta4%2Fcremona.elettroservicegroup.it%2Fwp-content%2Fthemes%2Fgeneratepress%2F404.php HTTP/2.0" 200 1193 "-" "Mozilla/5.0 AppleWebKit/537.36 (KHTML, like Gecko; compatible; ClaudeBot/1.0; +claudebot@anthropic.com)"
216.73.217.169 - - [04/Jun/2026:01:36:40 +0200] "GET /sitemap.xml?edit=%2Fhome%2Fcosta4%2Fcremona.elettroservicegroup.it%2Fwp-content%2Fthemes%2Fgeneratepress%2Ffooter.php HTTP/2.0" 200 1506 "-" "Mozilla/5.0 AppleWebKit/537.36 (KHTML, like Gecko; compatible; ClaudeBot/1.0; +claudebot@anthropic.com)"
65.108.235.243 - - [04/Jun/2026:01:36:41 +0200] "POST /wp-cron.php?doing_wp_cron=1780529801.4130139350891113281250 HTTP/1.1" 200 1 "-" "WordPress/7.0; https://cremona.elettroservicegroup.it"
216.73.217.169 - - [04/Jun/2026:01:36:40 +0200] "GET /sitemap.xml?file=%2Fhome%2Fcosta4%2Fcremona.elettroservicegroup.it%2Fwp-content%2Fthemes%2Fgeneratepress%2Fcontent-page.php HTTP/2.0" 200 511 "-" "Mozilla/5.0 AppleWebKit/537.36 (KHTML, like Gecko; compatible; ClaudeBot/1.0; +claudebot@anthropic.com)"
216.73.217.169 - - [04/Jun/2026:01:36:42 +0200] "GET /sitemap.xml?file=%2Fhome%2Fcosta4%2Fcremona.elettroservicegroup.it%2Fwp-content%2Fthemes%2Fgeneratepress%2Fsearchform.php HTTP/2.0" 200 507 "-" "Mozilla/5.0 AppleWebKit/537.36 (KHTML, like Gecko; compatible; ClaudeBot/1.0; +claudebot@anthropic.com)"
216.73.217.169 - - [04/Jun/2026:01:36:43 +0200] "GET /sitemap.xml?rename=%2Fhome%2Fcosta4%2Fcremona.elettroservicegroup.it%2Fwp-content%2Fthemes%2Fgeneratepress%2Fcontent-404.php HTTP/2.0" 200 1198 "-" "Mozilla/5.0 AppleWebKit/537.36 (KHTML, like Gecko; compatible; ClaudeBot/1.0; +claudebot@anthropic.com)"
216.73.217.169 - - [04/Jun/2026:01:37:14 +0200] "GET /sitemap.xml?view=%2Fhome%2Fcosta4%2Fcremona.elettroservicegroup.it%2Fwp-content%2Fthemes%2Fgeneratepress%2Ffooter.php HTTP/2.0" 200 303 "-" "Mozilla/5.0 AppleWebKit/537.36 (KHTML, like Gecko; compatible; ClaudeBot/1.0; +claudebot@anthropic.com)"
216.73.217.169 - - [04/Jun/2026:01:37:14 +0200] "GET /sitemap.xml?rename=%2Fhome%2Fcosta4%2Fcremona.elettroservicegroup.it%2Fwp-content%2Fthemes%2Fgeneratepress%2Fsearchform.php HTTP/2.0" 200 1194 "-" "Mozilla/5.0 AppleWebKit/537.36 (KHTML, like Gecko; compatible; ClaudeBot/1.0; +claudebot@anthropic.com)"
216.73.217.169 - - [04/Jun/2026:01:37:15 +0200] "GET /sitemap.xml?rename=%2Fhome%2Fcosta4%2Fcremona.elettroservicegroup.it%2Fwp-content%2Fthemes%2Fgeneratepress%2Fcontent-page.php HTTP/2.0" 200 1198 "-" "Mozilla/5.0 AppleWebKit/537.36 (KHTML, like Gecko; compatible; ClaudeBot/1.0; +claudebot@anthropic.com)"
216.73.217.169 - - [04/Jun/2026:01:37:15 +0200] "GET /sitemap.xml?rename=%2Fhome%2Fcosta4%2Fcremona.elettroservicegroup.it%2Fwp-content%2Fthemes%2Fgeneratepress%2Findex.php HTTP/2.0" 200 1193 "-" "Mozilla/5.0 AppleWebKit/537.36 (KHTML, like Gecko; compatible; ClaudeBot/1.0; +claudebot@anthropic.com)"
216.73.217.169 - - [04/Jun/2026:01:37:29 +0200] "GET /sitemap.xml?file=%2Fhome%2Fcosta4%2Fcremona.elettroservicegroup.it%2Fwp-content%2Fthemes%2Fgeneratepress%2Ffooter.php HTTP/2.0" 200 506 "-" "Mozilla/5.0 AppleWebKit/537.36 (KHTML, like Gecko; compatible; ClaudeBot/1.0; +claudebot@anthropic.com)"
216.73.217.169 - - [04/Jun/2026:01:37:30 +0200] "GET /sitemap.xml?rename=%2Fhome%2Fcosta4%2Fcremona.elettroservicegroup.it%2Fwp-content%2Fthemes%2Fgeneratepress%2Fstyle.css HTTP/2.0" 200 1190 "-" "Mozilla/5.0 AppleWebKit/537.36 (KHTML, like Gecko; compatible; ClaudeBot/1.0; +claudebot@anthropic.com)"
216.73.217.169 - - [04/Jun/2026:01:37:30 +0200] "GET /sitemap.xml?rename=%2Fhome%2Fcosta4%2Fcremona.elettroservicegroup.it%2Fwp-content%2Fthemes%2Fgeneratepress%2Fsearch.php HTTP/2.0" 200 1195 "-" "Mozilla/5.0 AppleWebKit/537.36 (KHTML, like Gecko; compatible; ClaudeBot/1.0; +claudebot@anthropic.com)"
216.73.217.169 - - [04/Jun/2026:01:37:31 +0200] "GET /sitemap.xml?file=%2Fhome%2Fcosta4%2Fcremona.elettroservicegroup.it%2Fwp-content%2Fthemes%2Fgeneratepress%2Fstyle.css HTTP/2.0" 200 504 "-" "Mozilla/5.0 AppleWebKit/537.36 (KHTML, like Gecko; compatible; ClaudeBot/1.0; +claudebot@anthropic.com)"
65.108.235.243 - - [04/Jun/2026:01:37:36 +0200] "POST /wp-cron.php?doing_wp_cron=1780529856.9347779750823974609375 HTTP/1.1" 200 1 "-" "WordPress/7.0; https://cremona.elettroservicegroup.it"
216.73.217.169 - - [04/Jun/2026:01:37:36 +0200] "GET /sitemap.xml?rename=%2Fhome%2Fcosta4%2Fcremona.elettroservicegroup.it%2Fwp-content%2Fthemes%2Fgeneratepress%2Fpage.php HTTP/2.0" 200 1193 "-" "Mozilla/5.0 AppleWebKit/537.36 (KHTML, like Gecko; compatible; ClaudeBot/1.0; +claudebot@anthropic.com)"
216.73.217.169 - - [04/Jun/2026:01:37:37 +0200] "GET /sitemap.xml?rename=%2Fhome%2Fcosta4%2Fcremona.elettroservicegroup.it%2Fwp-content%2Fthemes%2Fgeneratepress%2Farchive.php HTTP/2.0" 200 1194 "-" "Mozilla/5.0 AppleWebKit/537.36 (KHTML, like Gecko; compatible; ClaudeBot/1.0; +claudebot@anthropic.com)"
216.73.217.169 - - [04/Jun/2026:01:37:37 +0200] "GET /sitemap.xml?file=%2Fhome%2Fcosta4%2Fcremona.elettroservicegroup.it%2Fwp-content%2Fthemes%2Fgeneratepress%2Fsearch.php HTTP/2.0" 200 506 "-" "Mozilla/5.0 AppleWebKit/537.36 (KHTML, like Gecko; compatible; ClaudeBot/1.0; +claudebot@anthropic.com)"
216.73.217.169 - - [04/Jun/2026:01:37:38 +0200] "GET /sitemap.xml?rename=%2Fhome%2Fcosta4%2Fcremona.elettroservicegroup.it%2Fwp-content%2Fthemes%2Fgeneratepress%2Fsidebar-left.php HTTP/2.0" 200 1193 "-" "Mozilla/5.0 AppleWebKit/537.36 (KHTML, like Gecko; compatible; ClaudeBot/1.0; +claudebot@anthropic.com)"
216.73.217.169 - - [04/Jun/2026:01:37:41 +0200] "GET /sitemap.xml?view=%2Fhome%2Fcosta4%2Fcremona.elettroservicegroup.it%2Fwp-content%2Fthemes%2Fgeneratepress%2Fno-results.php HTTP/2.0" 200 651 "-" "Mozilla/5.0 AppleWebKit/537.36 (KHTML, like Gecko; compatible; ClaudeBot/1.0; +claudebot@anthropic.com)"
216.73.217.169 - - [04/Jun/2026:01:37:41 +0200] "GET /sitemap.xml?edit=%2Fhome%2Fcosta4%2Fcremona.elettroservicegroup.it%2Fwp-content%2Fthemes%2Fgeneratepress%2Ffooter-min.php HTTP/2.0" 200 1384 "-" "Mozilla/5.0 AppleWebKit/537.36 (KHTML, like Gecko; compatible; ClaudeBot/1.0; +claudebot@anthropic.com)"
216.73.217.169 - - [04/Jun/2026:01:37:41 +0200] "GET /sitemap.xml?rename=%2Fhome%2Fcosta4%2Fcremona.elettroservicegroup.it%2Fwp-content%2Fthemes%2Fgeneratepress%2Ffooter.php HTTP/2.0" 200 1195 "-" "Mozilla/5.0 AppleWebKit/537.36 (KHTML, like Gecko; compatible; ClaudeBot/1.0; +claudebot@anthropic.com)"
216.73.217.169 - - [04/Jun/2026:01:37:42 +0200] "GET /sitemap.xml?edit=%2Fhome%2Fcosta4%2Fcremona.elettroservicegroup.it%2Fwp-content%2Fthemes%2Fgeneratepress%2Fno-results.php HTTP/2.0" 200 1906 "-" "Mozilla/5.0 AppleWebKit/537.36 (KHTML, like Gecko; compatible; ClaudeBot/1.0; +claudebot@anthropic.com)"
216.73.217.169 - - [04/Jun/2026:01:37:50 +0200] "GET /sitemap.xml?rename=%2Fhome%2Fcosta4%2Fcremona.elettroservicegroup.it%2Fwp-content%2Fthemes%2Fgeneratepress%2Fno-results.php HTTP/2.0" 200 1194 "-" "Mozilla/5.0 AppleWebKit/537.36 (KHTML, like Gecko; compatible; ClaudeBot/1.0; +claudebot@anthropic.com)"
216.73.217.169 - - [04/Jun/2026:01:37:51 +0200] "GET /sitemap.xml?file=%2Fhome%2Fcosta4%2Fcremona.elettroservicegroup.it%2Fwp-content%2Fthemes%2Fgeneratepress%2Fno-results.php HTTP/2.0" 200 511 "-" "Mozilla/5.0 AppleWebKit/537.36 (KHTML, like Gecko; compatible; ClaudeBot/1.0; +claudebot@anthropic.com)"
216.73.217.169 - - [04/Jun/2026:01:37:51 +0200] "GET /sitemap.xml?view=%2Fhome%2Fcosta4%2Fcremona.elettroservicegroup.it%2Fwp-content%2Fthemes%2Fgeneratepress%2Ffooter-min.php HTTP/2.0" 200 184 "-" "Mozilla/5.0 AppleWebKit/537.36 (KHTML, like Gecko; compatible; ClaudeBot/1.0; +claudebot@anthropic.com)"
216.73.217.169 - - [04/Jun/2026:01:37:52 +0200] "GET /sitemap.xml?file=%2Fhome%2Fcosta4%2Fcremona.elettroservicegroup.it%2Fwp-content%2Fthemes HTTP/2.0" 200 611 "-" "Mozilla/5.0 AppleWebKit/537.36 (KHTML, like Gecko; compatible; ClaudeBot/1.0; +claudebot@anthropic.com)"
216.73.217.169 - - [04/Jun/2026:01:38:16 +0200] "GET /sitemap.xml?file=%2Fhome%2Fcosta4%2Fcremona.elettroservicegroup.it%2Fwp-content%2Fthemes%2Fgeneratepress%2Finc HTTP/2.0" 200 1063 "-" "Mozilla/5.0 AppleWebKit/537.36 (KHTML, like Gecko; compatible; ClaudeBot/1.0; +claudebot@anthropic.com)"
216.73.217.169 - - [04/Jun/2026:01:38:16 +0200] "GET /sitemap.xml?rename=%2Fhome%2Fcosta4%2Fcremona.elettroservicegroup.it%2Fwp-content%2Fthemes%2Fgeneratepress%2Ffooter-min.php HTTP/2.0" 200 1194 "-" "Mozilla/5.0 AppleWebKit/537.36 (KHTML, like Gecko; compatible; ClaudeBot/1.0; +claudebot@anthropic.com)"
216.73.217.169 - - [04/Jun/2026:01:38:17 +0200] "GET /sitemap.xml?file=%2Fhome%2Fcosta4%2Fcremona.elettroservicegroup.it%2Fwp-content%2Fthemes%2Fgeneratepress%2Fassets HTTP/2.0" 200 568 "-" "Mozilla/5.0 AppleWebKit/537.36 (KHTML, like Gecko; compatible; ClaudeBot/1.0; +claudebot@anthropic.com)"
216.73.217.169 - - [04/Jun/2026:01:38:17 +0200] "GET /sitemap.xml?file=%2Fhome%2Fcosta4%2Fcremona.elettroservicegroup.it%2Fwp-content%2Fthemes%2Fgeneratepress%2Ffooter-min.php HTTP/2.0" 200 509 "-" "Mozilla/5.0 AppleWebKit/537.36 (KHTML, like Gecko; compatible; ClaudeBot/1.0; +claudebot@anthropic.com)"
65.108.235.243 - - [04/Jun/2026:01:39:26 +0200] "POST /wp-cron.php?doing_wp_cron=1780529966.0623669624328613281250 HTTP/1.1" 200 1 "-" "WordPress/7.0; https://cremona.elettroservicegroup.it"
65.108.235.243 - - [04/Jun/2026:01:39:26 +0200] "POST /wp-cron.php?doing_wp_cron=1780529966.0623939037322998046875 HTTP/1.1" 200 1 "-" "WordPress/7.0; https://cremona.elettroservicegroup.it"
216.73.217.169 - - [04/Jun/2026:01:39:25 +0200] "GET /sitemap.xml?file=%2Fhome%2Fcosta4%2Fcremona.elettroservicegroup.it%2Fwp-content%2Fthemes%2Fgeneratepress%2Freadme.txt HTTP/2.0" 200 509 "-" "Mozilla/5.0 AppleWebKit/537.36 (KHTML, like Gecko; compatible; ClaudeBot/1.0; +claudebot@anthropic.com)"
216.73.217.169 - - [04/Jun/2026:01:39:25 +0200] "GET /sitemap.xml?edit=%2Fhome%2Fcosta4%2Fcremona.elettroservicegroup.it%2Fwp-content%2Fthemes%2Fgeneratepress%2Fscreenshot.png HTTP/2.0" 200 59516 "-" "Mozilla/5.0 AppleWebKit/537.36 (KHTML, like Gecko; compatible; ClaudeBot/1.0; +claudebot@anthropic.com)"
216.73.217.169 - - [04/Jun/2026:01:39:26 +0200] "GET /sitemap.xml?view=%2Fhome%2Fcosta4%2Fcremona.elettroservicegroup.it%2Fwp-content%2Fthemes%2Fgeneratepress%2Freadme.txt HTTP/2.0" 200 5805 "-" "Mozilla/5.0 AppleWebKit/537.36 (KHTML, like Gecko; compatible; ClaudeBot/1.0; +claudebot@anthropic.com)"
216.73.217.169 - - [04/Jun/2026:01:39:27 +0200] "GET /sitemap.xml?edit=%2Fhome%2Fcosta4%2Fcremona.elettroservicegroup.it%2Fwp-content%2Fthemes%2Fgeneratepress%2Freadme.txt HTTP/2.0" 200 7097 "-" "Mozilla/5.0 AppleWebKit/537.36 (KHTML, like Gecko; compatible; ClaudeBot/1.0; +claudebot@anthropic.com)"
216.73.217.169 - - [04/Jun/2026:01:39:32 +0200] "GET /sitemap.xml?rename=%2Fhome%2Fcosta4%2Fcremona.elettroservicegroup.it%2Fwp-content%2Fthemes%2Fgeneratepress%2Fscreenshot.png HTTP/2.0" 200 1194 "-" "Mozilla/5.0 AppleWebKit/537.36 (KHTML, like Gecko; compatible; ClaudeBot/1.0; +claudebot@anthropic.com)"
216.73.217.169 - - [04/Jun/2026:01:39:32 +0200] "GET /sitemap.xml?file=%2Fhome%2Fcosta4%2Fcremona.elettroservicegroup.it%2Fwp-content%2Fthemes%2Fgeneratepress%2Fscreenshot.png HTTP/2.0" 200 507 "-" "Mozilla/5.0 AppleWebKit/537.36 (KHTML, like Gecko; compatible; ClaudeBot/1.0; +claudebot@anthropic.com)"
216.73.217.169 - - [04/Jun/2026:01:39:33 +0200] "GET /sitemap.xml?view=%2Fhome%2Fcosta4%2Fcremona.elettroservicegroup.it%2Fwp-content%2Fthemes%2Fgeneratepress%2Fscreenshot.png HTTP/2.0" 200 70007 "-" "Mozilla/5.0 AppleWebKit/537.36 (KHTML, like Gecko; compatible; ClaudeBot/1.0; +claudebot@anthropic.com)"
216.73.217.169 - - [04/Jun/2026:01:39:33 +0200] "GET /sitemap.xml?rename=%2Fhome%2Fcosta4%2Fcremona.elettroservicegroup.it%2Fwp-content%2Fthemes%2Fgeneratepress%2Freadme.txt HTTP/2.0" 200 1195 "-" "Mozilla/5.0 AppleWebKit/537.36 (KHTML, like Gecko; compatible; ClaudeBot/1.0; +claudebot@anthropic.com)"
65.108.235.243 - - [04/Jun/2026:01:40:30 +0200] "POST /wp-cron.php?doing_wp_cron=1780530030.8096170425415039062500 HTTP/1.1" 200 1 "-" "WordPress/7.0; https://cremona.elettroservicegroup.it"
66.249.64.129 - - [04/Jun/2026:01:40:29 +0200] "GET /condizionatore-bonus-jpg/?edit=/home/costa4/cremona.elettroservicegroup.it/wp-content/themes/generatepress/404.php HTTP/1.1" 200 19560 "-" "Mozilla/5.0 (Linux; Android 6.0.1; Nexus 5X Build/MMB29P) AppleWebKit/537.36 (KHTML, like Gecko) Chrome/148.0.7778.96 Mobile Safari/537.36 (compatible; GoogleOther)"
65.108.235.243 - - [04/Jun/2026:01:53:45 +0200] "POST /wp-cron.php?doing_wp_cron=1780530825.0148899555206298828125 HTTP/1.1" 200 1 "-" "WordPress/7.0; https://cremona.elettroservicegroup.it"
114.119.137.153 - - [04/Jun/2026:01:53:43 +0200] "GET /termini-e-condizioni HTTP/1.1" 200 18256 "https://cremona.elettroservicegroup.it/post-5-2/" "Mozilla/5.0 (Linux; Android 7.0;) AppleWebKit/537.36 (HTML, like Gecko) Mobile Safari/537.36 (compatible; PetalBot;+https://webmaster.petalsearch.com/site/petalbot)"
65.108.235.243 - - [04/Jun/2026:02:11:06 +0200] "POST /wp-cron.php?doing_wp_cron=1780531866.4257130622863769531250 HTTP/1.1" 200 1 "-" "WordPress/7.0; https://cremona.elettroservicegroup.it"
38.199.67.28 - - [04/Jun/2026:02:11:04 +0200] "GET / HTTP/1.1" 200 112585 "-" "Mozilla/5.0 (Windows NT 10.0; Win64; x64) AppleWebKit/537.36 (KHTML, like Gecko) Chrome/120.0.0.0 Safari/537.36"
65.108.235.243 - - [04/Jun/2026:02:28:55 +0200] "POST /wp-cron.php?doing_wp_cron=1780532935.5138609409332275390625 HTTP/1.1" 200 1 "-" "WordPress/7.0; https://cremona.elettroservicegroup.it"
170.168.29.246 - - [04/Jun/2026:02:28:53 +0200] "GET / HTTP/2.0" 415 112585 "-" "Mozilla/5.0 (Macintosh; Intel Mac OS X 10_15_7) AppleWebKit/537.36 (KHTML, like Gecko) Chrome/120.0.0.0 Safari/537.36"
66.249.64.128 - - [04/Jun/2026:02:30:20 +0200] "GET /migliori-slot-25-linee/?view=/home/costa4/cremona.elettroservicegroup.it/wp-content/themes/generatepress/content-link.php HTTP/1.1" 200 698 "-" "Mozilla/5.0 (Linux; Android 6.0.1; Nexus 5X Build/MMB29P) AppleWebKit/537.36 (KHTML, like Gecko) Chrome/148.0.7778.96 Mobile Safari/537.36 (compatible; GoogleOther)"
65.108.235.243 - - [04/Jun/2026:02:40:47 +0200] "POST /wp-cron.php?doing_wp_cron=1780533647.1078040599822998046875 HTTP/1.1" 200 1 "-" "WordPress/7.0; https://cremona.elettroservicegroup.it"
216.73.217.169 - - [04/Jun/2026:02:40:45 +0200] "GET /robots.txt HTTP/2.0" 200 892 "-" "Mozilla/5.0 AppleWebKit/537.36 (KHTML, like Gecko; compatible; ClaudeBot/1.0; +claudebot@anthropic.com)"
216.73.217.169 - - [04/Jun/2026:02:40:47 +0200] "GET /sitemap.xml?edit=%2Fhome%2Fcosta4%2Fcremona.elettroservicegroup.it%2Fwp-content%2Fthemes%2Fgeneratepress%2Finc%2Fclass-css.php HTTP/2.0" 200 2597 "-" "Mozilla/5.0 AppleWebKit/537.36 (KHTML, like Gecko; compatible; ClaudeBot/1.0; +claudebot@anthropic.com)"
216.73.217.169 - - [04/Jun/2026:02:40:47 +0200] "GET /sitemap.xml?file=%27.%24file.%27 HTTP/2.0" 200 501 "-" "Mozilla/5.0 AppleWebKit/537.36 (KHTML, like Gecko; compatible; ClaudeBot/1.0; +claudebot@anthropic.com)"
216.73.217.169 - - [04/Jun/2026:02:40:48 +0200] "GET /sitemap.xml?view=%27.%24file.%27 HTTP/2.0" 200 1122 "-" "Mozilla/5.0 AppleWebKit/537.36 (KHTML, like Gecko; compatible; ClaudeBot/1.0; +claudebot@anthropic.com)"
216.73.217.169 - - [04/Jun/2026:02:40:48 +0200] "GET /sitemap.xml?edit=%27.%24file.%27 HTTP/2.0" 200 1122 "-" "Mozilla/5.0 AppleWebKit/537.36 (KHTML, like Gecko; compatible; ClaudeBot/1.0; +claudebot@anthropic.com)"
216.73.217.169 - - [04/Jun/2026:02:41:03 +0200] "GET /sitemap.xml?rename=%27.%24file.%27 HTTP/2.0" 200 1122 "-" "Mozilla/5.0 AppleWebKit/537.36 (KHTML, like Gecko; compatible; ClaudeBot/1.0; +claudebot@anthropic.com)"
216.73.217.169 - - [04/Jun/2026:02:41:03 +0200] "GET /sitemap.xml?edit=%2Fhome%2Fcosta4%2Fcremona.elettroservicegroup.it%2Fwp-content%2Fthemes%2Fgeneratepress%2Finc%2Fplugin-compat.php HTTP/2.0" 200 7073 "-" "Mozilla/5.0 AppleWebKit/537.36 (KHTML, like Gecko; compatible; ClaudeBot/1.0; +claudebot@anthropic.com)"
216.73.217.169 - - [04/Jun/2026:02:41:04 +0200] "GET /sitemap.xml?view=%2Fhome%2Fcosta4%2Fcremona.elettroservicegroup.it%2Fwp-content%2Fthemes%2Fgeneratepress%2Finc%2Fclass-css.php HTTP/2.0" 200 1328 "-" "Mozilla/5.0 AppleWebKit/537.36 (KHTML, like Gecko; compatible; ClaudeBot/1.0; +claudebot@anthropic.com)"
216.73.217.169 - - [04/Jun/2026:02:41:07 +0200] "GET /sitemap.xml?view=%2Fhome%2Fcosta4%2Fcremona.elettroservicegroup.it%2Fwp-content%2Fthemes%2Fgeneratepress%2Finc%2Fplugin-compat.php HTTP/2.0" 200 5584 "-" "Mozilla/5.0 AppleWebKit/537.36 (KHTML, like Gecko; compatible; ClaudeBot/1.0; +claudebot@anthropic.com)"
216.73.217.169 - - [04/Jun/2026:02:41:07 +0200] "GET /sitemap.xml?file=%2Fhome%2Fcosta4%2Fcremona.elettroservicegroup.it%2Fwp-content%2Fthemes%2Fgeneratepress%2Finc%2Fclass-css.php HTTP/2.0" 200 511 "-" "Mozilla/5.0 AppleWebKit/537.36 (KHTML, like Gecko; compatible; ClaudeBot/1.0; +claudebot@anthropic.com)"
216.73.217.169 - - [04/Jun/2026:02:41:07 +0200] "GET /sitemap.xml?edit=%2Fhome%2Fcosta4%2Fcremona.elettroservicegroup.it%2Fwp-content%2Fthemes%2Fgeneratepress%2Finc%2Fblock-editor.php HTTP/2.0" 200 4607 "-" "Mozilla/5.0 AppleWebKit/537.36 (KHTML, like Gecko; compatible; ClaudeBot/1.0; +claudebot@anthropic.com)"
114.119.138.37 - - [04/Jun/2026:02:41:25 +0200] "GET /wp-content/uploads/2018/02/post-5.jpg HTTP/1.1" 200 88965 "https://cremona.elettroservicegroup.it/post-5-2/" "Mozilla/5.0 (Linux; Android 7.0;) AppleWebKit/537.36 (HTML, like Gecko) Mobile Safari/537.36 (compatible; PetalBot;+https://webmaster.petalsearch.com/site/petalbot)"
216.73.217.169 - - [04/Jun/2026:02:41:50 +0200] "GET /sitemap.xml?view=%2Fhome%2Fcosta4%2Fcremona.elettroservicegroup.it%2Fwp-content%2Fthemes%2Fgeneratepress%2Finc%2Fblock-editor.php HTTP/2.0" 200 3207 "-" "Mozilla/5.0 AppleWebKit/537.36 (KHTML, like Gecko; compatible; ClaudeBot/1.0; +claudebot@anthropic.com)"
