65.108.235.243 - - [04/Jun/2026:14:07:04 +0200] "POST /wp-cron.php?doing_wp_cron=1780574824.0091660022735595703125 HTTP/1.1" 200 1 "-" "WordPress/7.0; https://piacenza.elettroservicegroup.it"
40.77.167.75 - - [04/Jun/2026:14:06:56 +0200] "GET /attachment-sitemap.xml HTTP/2.0" 200 5639 "-" "Mozilla/5.0 AppleWebKit/537.36 (KHTML, like Gecko; compatible; bingbot/2.0; +http://www.bing.com/bingbot.htm) Chrome/116.0.1938.76 Safari/537.36"
65.108.235.243 - - [04/Jun/2026:14:07:05 +0200] "GET /assistenza-lavatrici-smeg-piacenza/ HTTP/1.1" 200 21592 "-" "WP Fastest Cache Preload Bot"
65.108.235.243 - - [04/Jun/2026:14:07:07 +0200] "GET /assistenza-lavatrici-rex-electrolux-piacenza/ HTTP/1.1" 200 21561 "-" "WP Fastest Cache Preload Bot"
65.108.235.243 - - [04/Jun/2026:14:07:10 +0200] "GET /assistenza-lavatrici-indesit-piacenza/ HTTP/1.1" 200 21584 "-" "WP Fastest Cache Preload Bot"
65.108.235.243 - - [04/Jun/2026:14:07:13 +0200] "GET /assistenza-lavatrici-bosch-piacenza/ HTTP/1.1" 200 21633 "-" "WP Fastest Cache Preload Bot"
65.108.235.243 - - [04/Jun/2026:14:08:26 +0200] "POST /wp-cron.php?doing_wp_cron=1780574905.9998309612274169921875 HTTP/1.1" 200 1 "-" "WordPress/7.0; https://piacenza.elettroservicegroup.it"
52.167.144.137 - - [04/Jun/2026:14:08:24 +0200] "GET /page-sitemap.xml HTTP/2.0" 200 1724 "-" "Mozilla/5.0 AppleWebKit/537.36 (KHTML, like Gecko; compatible; bingbot/2.0; +http://www.bing.com/bingbot.htm) Chrome/116.0.1938.76 Safari/537.36"
216.73.217.169 - - [04/Jun/2026:14:10:08 +0200] "GET /wp-content/uploads/2022/01/washing-machine-943365_1920-1024x683-1.jpg HTTP/2.0" 200 99902 "-" "Mozilla/5.0 AppleWebKit/537.36 (KHTML, like Gecko; compatible; ClaudeBot/1.0; +claudebot@anthropic.com)"
65.108.235.243 - - [04/Jun/2026:14:11:42 +0200] "POST /wp-cron.php?doing_wp_cron=1780575102.0716719627380371093750 HTTP/1.1" 200 1 "-" "WordPress/7.0; https://piacenza.elettroservicegroup.it"
9.142.15.141 - - [04/Jun/2026:14:11:35 +0200] "GET /wp-json/wp/v2/users/me?context=edit HTTP/1.1" 401 92 "-" "Python/3.13 aiohttp/3.13.3"
65.108.235.243 - - [04/Jun/2026:14:11:45 +0200] "GET /assistenza-lavatrici-ariston-piacenza/ HTTP/1.1" 200 21651 "-" "WP Fastest Cache Preload Bot"
65.108.235.243 - - [04/Jun/2026:14:11:49 +0200] "GET /assistenza-lavatrici-aeg-piacenza/ HTTP/1.1" 200 21650 "-" "WP Fastest Cache Preload Bot"
65.108.235.243 - - [04/Jun/2026:14:11:52 +0200] "GET /assistenza-lavatrici-piacenza/ HTTP/1.1" 200 21904 "-" "WP Fastest Cache Preload Bot"
65.108.235.243 - - [04/Jun/2026:14:11:53 +0200] "GET /assistenza-lavastoviglie-whirlpool-piacenza/ HTTP/1.1" 200 21598 "-" "WP Fastest Cache Preload Bot"
216.73.217.169 - - [04/Jun/2026:14:11:55 +0200] "GET /wp-content/uploads/2022/01/elettro7-3-1536x614-1-300x120.jpg HTTP/2.0" 200 6982 "-" "Mozilla/5.0 AppleWebKit/537.36 (KHTML, like Gecko; compatible; ClaudeBot/1.0; +claudebot@anthropic.com)"
93.35.179.117 - - [04/Jun/2026:14:16:14 +0200] "GET /assistenza-miele-piacenza/ HTTP/2.0" 200 21951 "-" "Mozilla/5.0 (iPhone; CPU iPhone OS 18_7 like Mac OS X) AppleWebKit/605.1.15 (KHTML, like Gecko) Version/26.3 Mobile/15E148 Safari/604.1"
65.108.235.243 - - [04/Jun/2026:14:16:16 +0200] "POST /wp-cron.php?doing_wp_cron=1780575376.4417700767517089843750 HTTP/1.1" 200 1 "-" "WordPress/7.0; https://piacenza.elettroservicegroup.it"
93.35.179.117 - - [04/Jun/2026:14:16:15 +0200] "GET /wp-json/complianz/v1/banner?lang=it&locale=it_IT&token=hdhpq HTTP/2.0" 200 84 "https://piacenza.elettroservicegroup.it/assistenza-miele-piacenza/" "Mozilla/5.0 (iPhone; CPU iPhone OS 18_7 like Mac OS X) AppleWebKit/605.1.15 (KHTML, like Gecko) Version/26.3 Mobile/15E148 Safari/604.1"
93.35.179.117 - - [04/Jun/2026:14:16:16 +0200] "GET /wp-json/complianz/v1/cookie_data HTTP/2.0" 200 69 "https://piacenza.elettroservicegroup.it/assistenza-miele-piacenza/" "Mozilla/5.0 (iPhone; CPU iPhone OS 18_7 like Mac OS X) AppleWebKit/605.1.15 (KHTML, like Gecko) Version/26.3 Mobile/15E148 Safari/604.1"
65.108.235.243 - - [04/Jun/2026:14:16:16 +0200] "GET /assistenza-lavastoviglie-smeg-piacenza/ HTTP/1.1" 200 21548 "-" "WP Fastest Cache Preload Bot"
65.108.235.243 - - [04/Jun/2026:14:16:17 +0200] "GET /assistenza-lavastoviglie-rex-electrolux-piacenza/ HTTP/1.1" 200 21512 "-" "WP Fastest Cache Preload Bot"
65.108.235.243 - - [04/Jun/2026:14:16:17 +0200] "GET /assistenza-lavastoviglie-indesit-piacenza/ HTTP/1.1" 200 22012 "-" "WP Fastest Cache Preload Bot"
65.108.235.243 - - [04/Jun/2026:14:16:17 +0200] "GET /assistenza-lavastoviglie-bosch-piacenza/ HTTP/1.1" 200 22032 "-" "WP Fastest Cache Preload Bot"
135.181.131.91 - - [04/Jun/2026:14:17:05 +0200] "GET /wp-login.php HTTP/1.1" 200 11777 "-" "pbn-xmlrpc/1.0 (+python xmlrpc.client)"
135.181.131.91 - - [04/Jun/2026:14:17:05 +0200] "POST /wp-login.php HTTP/1.1" 200 11777 "https://piacenza.elettroservicegroup.it/wp-login.php" "pbn-xmlrpc/1.0 (+python xmlrpc.client)"
151.68.43.243 - - [04/Jun/2026:14:17:41 +0200] "GET /assistenza-frigoriferi/ HTTP/2.0" 200 19751 "-" "Mozilla/5.0 (iPhone; CPU iPhone OS 18_7 like Mac OS X) AppleWebKit/605.1.15 (KHTML, like Gecko) Version/26.5 Mobile/15E148 Safari/604.1"
151.68.43.243 - - [04/Jun/2026:14:17:42 +0200] "GET /wp-content/uploads/elementor/css/post-14366.css?ver=1780326254 HTTP/2.0" 200 302 "https://piacenza.elettroservicegroup.it/assistenza-frigoriferi/" "Mozilla/5.0 (iPhone; CPU iPhone OS 18_7 like Mac OS X) AppleWebKit/605.1.15 (KHTML, like Gecko) Version/26.5 Mobile/15E148 Safari/604.1"
151.68.43.243 - - [04/Jun/2026:14:17:42 +0200] "GET /wp-content/uploads/elementor/css/post-14146.css?ver=1780326254 HTTP/2.0" 200 428 "https://piacenza.elettroservicegroup.it/assistenza-frigoriferi/" "Mozilla/5.0 (iPhone; CPU iPhone OS 18_7 like Mac OS X) AppleWebKit/605.1.15 (KHTML, like Gecko) Version/26.5 Mobile/15E148 Safari/604.1"
151.68.43.243 - - [04/Jun/2026:14:17:42 +0200] "GET /wp-content/uploads/elementor/css/post-15287.css?ver=1780330113 HTTP/2.0" 200 1924 "https://piacenza.elettroservicegroup.it/assistenza-frigoriferi/" "Mozilla/5.0 (iPhone; CPU iPhone OS 18_7 like Mac OS X) AppleWebKit/605.1.15 (KHTML, like Gecko) Version/26.5 Mobile/15E148 Safari/604.1"
151.68.43.243 - - [04/Jun/2026:14:17:42 +0200] "GET /wp-content/plugins/complianz-gdpr-premium/cookiebanner/js/complianz.min.js?ver=1780326249 HTTP/2.0" 200 10708 "https://piacenza.elettroservicegroup.it/assistenza-frigoriferi/" "Mozilla/5.0 (iPhone; CPU iPhone OS 18_7 like Mac OS X) AppleWebKit/605.1.15 (KHTML, like Gecko) Version/26.5 Mobile/15E148 Safari/604.1"
65.108.235.243 - - [04/Jun/2026:14:17:43 +0200] "POST /wp-cron.php?doing_wp_cron=1780575463.9567480087280273437500 HTTP/1.1" 200 1 "-" "WordPress/7.0; https://piacenza.elettroservicegroup.it"
151.68.43.243 - - [04/Jun/2026:14:17:42 +0200] "GET /wp-json/complianz/v1/banner?lang=it&locale=it_IT&token=rhqty HTTP/2.0" 200 84 "https://piacenza.elettroservicegroup.it/assistenza-frigoriferi/" "Mozilla/5.0 (iPhone; CPU iPhone OS 18_7 like Mac OS X) AppleWebKit/605.1.15 (KHTML, like Gecko) Version/26.5 Mobile/15E148 Safari/604.1"
151.68.43.243 - - [04/Jun/2026:14:17:44 +0200] "GET /wp-json/complianz/v1/cookie_data HTTP/2.0" 200 69 "https://piacenza.elettroservicegroup.it/assistenza-frigoriferi/" "Mozilla/5.0 (iPhone; CPU iPhone OS 18_7 like Mac OS X) AppleWebKit/605.1.15 (KHTML, like Gecko) Version/26.5 Mobile/15E148 Safari/604.1"
157.100.107.204 - - [04/Jun/2026:14:19:55 +0200] "GET /assistenza-rex-electrolux-piacenza/ HTTP/1.1" 200 21710 "-" "Mozilla/5.0 (X11; Linux x86_64) AppleWebKit/534.2 (KHTML, like Gecko) Chrome/57.0.886.0 Safari/534.2"
95.10.177.148 - - [04/Jun/2026:14:19:57 +0200] "GET /assistenza-aeg-piacenza/ HTTP/1.1" 200 21751 "-" "Mozilla/5.0 (compatible; MSIE 5.0; Windows NT 10.0; Trident/4.1)"
65.108.235.243 - - [04/Jun/2026:14:22:55 +0200] "GET /assistenza-lavastoviglie-ariston-piacenza/ HTTP/1.1" 200 21964 "-" "WP Fastest Cache Preload Bot"
65.108.235.243 - - [04/Jun/2026:14:22:55 +0200] "GET /assistenza-lavastoviglie-aeg-piacenza/ HTTP/1.1" 200 22027 "-" "WP Fastest Cache Preload Bot"
65.108.235.243 - - [04/Jun/2026:14:22:56 +0200] "GET /assistenza-lavastoviglie-piacenza/ HTTP/1.1" 200 21639 "-" "WP Fastest Cache Preload Bot"
65.108.235.243 - - [04/Jun/2026:14:22:56 +0200] "GET /assistenza-indesit-piacenza/ HTTP/1.1" 200 21685 "-" "WP Fastest Cache Preload Bot"
65.108.235.243 - - [04/Jun/2026:14:24:17 +0200] "POST /wp-cron.php?doing_wp_cron=1780575857.5525081157684326171875 HTTP/1.1" 200 1 "-" "WordPress/7.0; https://piacenza.elettroservicegroup.it"
40.77.167.53 - - [04/Jun/2026:14:24:15 +0200] "GET /sitemap.xml HTTP/2.0" 200 333 "-" "Mozilla/5.0 AppleWebKit/537.36 (KHTML, like Gecko; compatible; bingbot/2.0; +http://www.bing.com/bingbot.htm) Chrome/116.0.1938.76 Safari/537.36"
65.108.235.243 - - [04/Jun/2026:14:35:38 +0200] "POST /wp-cron.php?doing_wp_cron=1780576538.6814889907836914062500 HTTP/1.1" 200 1 "-" "WordPress/7.0; https://piacenza.elettroservicegroup.it"
104.210.140.137 - - [04/Jun/2026:14:35:31 +0200] "GET /robots.txt HTTP/2.0" 200 108 "-" "Mozilla/5.0 (Macintosh; Intel Mac OS X 10_15_7) AppleWebKit/537.36 (KHTML, like Gecko) Chrome/131.0.0.0 Safari/537.36; compatible; OAI-SearchBot/1.0; +https://openai.com/searchbot"
65.108.235.243 - - [04/Jun/2026:14:35:41 +0200] "GET /assistenza-candy-piacenza/ HTTP/1.1" 200 21781 "-" "WP Fastest Cache Preload Bot"
65.108.235.243 - - [04/Jun/2026:14:35:44 +0200] "GET /assistenza-bosch-piacenza/ HTTP/1.1" 200 21781 "-" "WP Fastest Cache Preload Bot"
65.108.235.243 - - [04/Jun/2026:14:35:45 +0200] "GET /assistenza-ariston-piacenza/ HTTP/1.1" 200 21767 "-" "WP Fastest Cache Preload Bot"
65.108.235.243 - - [04/Jun/2026:14:35:48 +0200] "GET /assistenza-aeg-piacenza/ HTTP/1.1" 200 21774 "-" "WP Fastest Cache Preload Bot"
65.108.235.243 - - [04/Jun/2026:14:41:56 +0200] "POST /wp-cron.php?doing_wp_cron=1780576916.1476669311523437500000 HTTP/1.1" 200 1 "-" "WordPress/7.0; https://piacenza.elettroservicegroup.it"
188.17.221.148 - - [04/Jun/2026:14:41:54 +0200] "GET /wp-login.php HTTP/2.0" 200 2751 "-" "Mozilla/5.0 (Macintosh; Intel Mac OS X 10_15_7) AppleWebKit/605.1.15 (KHTML, like Gecko) Version/18.0 Safari/605.1.15"
65.108.235.243 - - [04/Jun/2026:14:41:56 +0200] "GET /cookie-policy/ HTTP/1.1" 200 17909 "-" "WP Fastest Cache Preload Bot"
188.17.221.148 - - [04/Jun/2026:14:41:57 +0200] "POST /xmlrpc.php HTTP/2.0" 403 52 "-" "Mozilla/5.0 (Windows NT 10.0; Win64; x64) AppleWebKit/537.36 (KHTML, like Gecko) Chrome/124.0.0.0 Safari/537.36"
65.108.235.243 - - [04/Jun/2026:14:41:57 +0200] "GET /termini-e-condizioni/ HTTP/1.1" 200 17463 "-" "WP Fastest Cache Preload Bot"
65.108.235.243 - - [04/Jun/2026:14:41:58 +0200] "GET /cookie-policy-ue/ HTTP/1.1" 200 19425 "-" "WP Fastest Cache Preload Bot"
65.108.235.243 - - [04/Jun/2026:14:41:59 +0200] "GET /informativa-privacy/ HTTP/1.1" 200 19706 "-" "WP Fastest Cache Preload Bot"
120.89.90.250 - - [04/Jun/2026:14:42:23 +0200] "POST /xmlrpc.php HTTP/2.0" 200 11835 "-" "Mozilla/5.0 (Macintosh; Intel Mac OS X 10_15_7) AppleWebKit/605.1.15 (KHTML, like Gecko) Version/18.0 Safari/605.1.15"
65.108.235.243 - - [04/Jun/2026:14:42:26 +0200] "POST /wp-cron.php?doing_wp_cron=1780576946.3498799800872802734375 HTTP/1.1" 200 1 "-" "WordPress/7.0; https://piacenza.elettroservicegroup.it"
188.17.221.148 - - [04/Jun/2026:14:42:26 +0200] "GET /wp-login.php HTTP/2.0" 200 2751 "-" "Mozilla/5.0 (Windows NT 10.0; Win64; x64; rv:133.0) Gecko/20100101 Firefox/133.0"
188.17.221.148 - - [04/Jun/2026:14:42:26 +0200] "POST /wp-login.php HTTP/2.0" 200 2874 "https://piacenza.elettroservicegroup.it/wp-login.php" "Mozilla/5.0 (Windows NT 10.0; Win64; x64; rv:133.0) Gecko/20100101 Firefox/133.0"
109.164.52.58 - - [04/Jun/2026:14:42:29 +0200] "GET /wp-login.php HTTP/2.0" 200 2751 "-" "Mozilla/5.0 (Windows NT 10.0; Win64; x64) AppleWebKit/537.36 (KHTML, like Gecko) Chrome/124.0.0.0 Safari/537.36"
109.164.52.58 - - [04/Jun/2026:14:42:29 +0200] "POST /wp-login.php HTTP/2.0" 200 2874 "https://piacenza.elettroservicegroup.it/wp-login.php" "Mozilla/5.0 (Windows NT 10.0; Win64; x64) AppleWebKit/537.36 (KHTML, like Gecko) Chrome/124.0.0.0 Safari/537.36"
178.222.189.57 - - [04/Jun/2026:14:42:52 +0200] "GET /wp-login.php HTTP/2.0" 200 2751 "-" "Mozilla/5.0 (Macintosh; Intel Mac OS X 10_15_7) AppleWebKit/605.1.15 (KHTML, like Gecko) Version/18.0 Safari/605.1.15"
178.222.189.57 - - [04/Jun/2026:14:42:52 +0200] "POST /wp-login.php HTTP/2.0" 200 2874 "https://piacenza.elettroservicegroup.it/wp-login.php" "Mozilla/5.0 (Macintosh; Intel Mac OS X 10_15_7) AppleWebKit/605.1.15 (KHTML, like Gecko) Version/18.0 Safari/605.1.15"
45.227.254.37 - - [04/Jun/2026:14:42:56 +0200] "GET /wp-login.php HTTP/2.0" 200 11917 "-" "Mozilla/5.0 (Macintosh; Intel Mac OS X 10_15_7) AppleWebKit/605.1.15 (KHTML, like Gecko) Version/18.0 Safari/605.1.15"
45.227.254.37 - - [04/Jun/2026:14:42:56 +0200] "GET /wp-login.php HTTP/2.0" 200 11776 "-" "Mozilla/5.0 (Windows NT 10.0; Win64; x64; rv:133.0) Gecko/20100101 Firefox/133.0"
45.227.254.37 - - [04/Jun/2026:14:42:56 +0200] "GET /wp-login.php HTTP/2.0" 200 11917 "-" "Mozilla/5.0 (Macintosh; Intel Mac OS X 10_15_7) AppleWebKit/605.1.15 (KHTML, like Gecko) Version/18.0 Safari/605.1.15"
45.227.254.37 - - [04/Jun/2026:14:42:56 +0200] "GET /wp-login.php HTTP/2.0" 200 11776 "-" "Mozilla/5.0 (Windows NT 10.0; Win64; x64; rv:133.0) Gecko/20100101 Firefox/133.0"
45.227.254.37 - - [04/Jun/2026:14:42:56 +0200] "GET /wp-login.php HTTP/2.0" 200 11776 "-" "Mozilla/5.0 (Windows NT 10.0; Win64; x64; rv:133.0) Gecko/20100101 Firefox/133.0"
65.108.235.243 - - [04/Jun/2026:14:42:58 +0200] "POST /wp-cron.php?doing_wp_cron=1780576978.5004680156707763671875 HTTP/1.1" 200 1 "-" "WordPress/7.0; https://piacenza.elettroservicegroup.it"
93.108.167.249 - - [04/Jun/2026:14:42:58 +0200] "GET /wp-login.php HTTP/2.0" 200 2751 "-" "Mozilla/5.0 (Windows NT 10.0; Win64; x64; rv:133.0) Gecko/20100101 Firefox/133.0"
93.108.167.249 - - [04/Jun/2026:14:42:58 +0200] "POST /wp-login.php HTTP/2.0" 200 2874 "https://piacenza.elettroservicegroup.it/wp-login.php" "Mozilla/5.0 (Windows NT 10.0; Win64; x64; rv:133.0) Gecko/20100101 Firefox/133.0"
65.108.235.243 - - [04/Jun/2026:14:43:02 +0200] "POST /wp-cron.php?doing_wp_cron=1780576982.9542429447174072265625 HTTP/1.1" 200 1 "-" "WordPress/7.0; https://piacenza.elettroservicegroup.it"
103.3.222.28 - - [04/Jun/2026:14:43:02 +0200] "GET /wp-login.php HTTP/2.0" 200 2751 "-" "Mozilla/5.0 (Windows NT 10.0; Win64; x64; rv:133.0) Gecko/20100101 Firefox/133.0"
103.3.222.28 - - [04/Jun/2026:14:43:03 +0200] "POST /wp-login.php HTTP/2.0" 200 2874 "https://piacenza.elettroservicegroup.it/wp-login.php" "Mozilla/5.0 (Windows NT 10.0; Win64; x64; rv:133.0) Gecko/20100101 Firefox/133.0"
216.73.217.169 - - [04/Jun/2026:14:43:12 +0200] "GET /feed/?attachment_id=15682 HTTP/2.0" 200 413 "-" "Mozilla/5.0 AppleWebKit/537.36 (KHTML, like Gecko; compatible; ClaudeBot/1.0; +claudebot@anthropic.com)"
90.94.95.44 - - [04/Jun/2026:14:43:18 +0200] "GET /wp-login.php HTTP/2.0" 200 2751 "-" "Mozilla/5.0 (Windows NT 10.0; Win64; x64; rv:133.0) Gecko/20100101 Firefox/133.0"
90.94.95.44 - - [04/Jun/2026:14:43:18 +0200] "POST /wp-login.php HTTP/2.0" 200 2874 "https://piacenza.elettroservicegroup.it/wp-login.php" "Mozilla/5.0 (Windows NT 10.0; Win64; x64; rv:133.0) Gecko/20100101 Firefox/133.0"
65.108.235.243 - - [04/Jun/2026:14:43:43 +0200] "POST /wp-cron.php?doing_wp_cron=1780577023.0075159072875976562500 HTTP/1.1" 200 1 "-" "WordPress/7.0; https://piacenza.elettroservicegroup.it"
5.47.174.213 - - [04/Jun/2026:14:43:42 +0200] "GET /wp-login.php HTTP/2.0" 200 2751 "-" "Mozilla/5.0 (Windows NT 10.0; Win64; x64; rv:133.0) Gecko/20100101 Firefox/133.0"
5.47.174.213 - - [04/Jun/2026:14:43:43 +0200] "POST /wp-login.php HTTP/2.0" 200 2874 "https://piacenza.elettroservicegroup.it/wp-login.php" "Mozilla/5.0 (Windows NT 10.0; Win64; x64; rv:133.0) Gecko/20100101 Firefox/133.0"
80.170.219.183 - - [04/Jun/2026:14:43:47 +0200] "GET /wp-login.php HTTP/2.0" 200 2751 "-" "Mozilla/5.0 (Windows NT 10.0; Win64; x64; rv:133.0) Gecko/20100101 Firefox/133.0"
80.170.219.183 - - [04/Jun/2026:14:43:48 +0200] "POST /wp-login.php HTTP/2.0" 200 2874 "https://piacenza.elettroservicegroup.it/wp-login.php" "Mozilla/5.0 (Windows NT 10.0; Win64; x64; rv:133.0) Gecko/20100101 Firefox/133.0"
93.35.112.31 - - [04/Jun/2026:14:43:53 +0200] "GET /wp-login.php HTTP/2.0" 200 11766 "-" "Mozilla/5.0 (Windows NT 10.0; Win64; x64; rv:133.0) Gecko/20100101 Firefox/133.0"
216.73.217.169 - - [04/Jun/2026:14:52:41 +0200] "GET /wp-content/maintenance/assets/images/facebook.svg HTTP/2.0" 200 256 "-" "Mozilla/5.0 AppleWebKit/537.36 (KHTML, like Gecko; compatible; ClaudeBot/1.0; +claudebot@anthropic.com)"
65.108.235.243 - - [04/Jun/2026:14:58:32 +0200] "POST /wp-cron.php?doing_wp_cron=1780577912.4733910560607910156250 HTTP/1.1" 200 1 "-" "WordPress/7.0; https://piacenza.elettroservicegroup.it"
216.73.217.169 - - [04/Jun/2026:14:58:25 +0200] "GET /robots.txt HTTP/2.0" 200 108 "-" "Mozilla/5.0 AppleWebKit/537.36 (KHTML, like Gecko; compatible; ClaudeBot/1.0; +claudebot@anthropic.com)"
65.108.235.243 - - [04/Jun/2026:14:58:34 +0200] "GET /assistenza-frigoriferi/ HTTP/1.1" 200 19778 "-" "WP Fastest Cache Preload Bot"
65.108.235.243 - - [04/Jun/2026:14:58:37 +0200] "GET /assistenza-lavastoviglie/ HTTP/1.1" 200 19832 "-" "WP Fastest Cache Preload Bot"
65.108.99.186 - - [04/Jun/2026:14:58:41 +0200] "GET /robots.txt HTTP/2.0" 421 362 "-" "Mozilla/5.0 (compatible; SeekportBot; +https://bot.seekport.com)"
65.108.99.186 - - [04/Jun/2026:14:58:41 +0200] "GET /robots.txt HTTP/2.0" 200 108 "-" "Mozilla/5.0 (compatible; SeekportBot; +https://bot.seekport.com)"
65.108.235.243 - - [04/Jun/2026:14:58:41 +0200] "GET /assistenza-asciugatrici/ HTTP/1.1" 200 19587 "-" "WP Fastest Cache Preload Bot"
65.108.235.243 - - [04/Jun/2026:14:58:44 +0200] "GET /assistenza-lavatrici/ HTTP/1.1" 200 19332 "-" "WP Fastest Cache Preload Bot"
65.108.99.186 - - [04/Jun/2026:14:58:50 +0200] "GET /robots.txt HTTP/2.0" 421 362 "-" "Mozilla/5.0 (compatible; SeekportBot; +https://bot.seekport.com)"
65.108.99.186 - - [04/Jun/2026:14:58:50 +0200] "GET /robots.txt HTTP/2.0" 200 108 "-" "Mozilla/5.0 (compatible; SeekportBot; +https://bot.seekport.com)"
65.108.99.186 - - [04/Jun/2026:14:58:59 +0200] "GET /assistenza-whirlpool-piacenza/ HTTP/2.0" 421 362 "-" "Mozilla/5.0 (compatible; SeekportBot; +https://bot.seekport.com)"
65.108.99.186 - - [04/Jun/2026:14:58:59 +0200] "GET /assistenza-whirlpool-piacenza/ HTTP/2.0" 200 21721 "-" "Mozilla/5.0 (compatible; SeekportBot; +https://bot.seekport.com)"
65.108.99.186 - - [04/Jun/2026:14:58:59 +0200] "GET /wp-content/uploads/2022/01/COPERTINA-3-300x150.png HTTP/2.0" 200 29437 "https://piacenza.elettroservicegroup.it/assistenza-whirlpool-piacenza/" "Mozilla/5.0 (compatible; SeekportBot; +https://bot.seekport.com)"
65.108.99.186 - - [04/Jun/2026:14:58:59 +0200] "GET /wp-content/uploads/2021/10/cropped-cropped-cropped-logo_white_background.png HTTP/2.0" 200 10924 "https://piacenza.elettroservicegroup.it/assistenza-whirlpool-piacenza/" "Mozilla/5.0 (compatible; SeekportBot; +https://bot.seekport.com)"
65.108.99.186 - - [04/Jun/2026:14:58:59 +0200] "GET /wp-content/plugins/elementor/assets/js/webpack.runtime.min.js?ver=4.1.1 HTTP/2.0" 200 2340 "https://piacenza.elettroservicegroup.it/assistenza-whirlpool-piacenza/" "Mozilla/5.0 (compatible; SeekportBot; +https://bot.seekport.com)"
65.108.99.186 - - [04/Jun/2026:14:58:59 +0200] "GET /wp-content/plugins/gp-premium/menu-plus/functions/js/sticky.min.js?ver=2.5.5 HTTP/2.0" 200 2670 "https://piacenza.elettroservicegroup.it/assistenza-whirlpool-piacenza/" "Mozilla/5.0 (compatible; SeekportBot; +https://bot.seekport.com)"
65.108.99.186 - - [04/Jun/2026:14:58:59 +0200] "GET /wp-content/cache/wpfc-minified/1e78wxqt/4bjdx.js HTTP/2.0" 200 37592 "https://piacenza.elettroservicegroup.it/assistenza-whirlpool-piacenza/" "Mozilla/5.0 (compatible; SeekportBot; +https://bot.seekport.com)"
65.108.99.186 - - [04/Jun/2026:14:58:59 +0200] "GET /wp-includes/js/jquery/ui/core.min.js?ver=1.13.3 HTTP/2.0" 200 6820 "https://piacenza.elettroservicegroup.it/assistenza-whirlpool-piacenza/" "Mozilla/5.0 (compatible; SeekportBot; +https://bot.seekport.com)"
65.108.99.186 - - [04/Jun/2026:14:58:59 +0200] "GET /wp-content/plugins/elementor/assets/js/frontend-modules.min.js?ver=4.1.1 HTTP/2.0" 200 15454 "https://piacenza.elettroservicegroup.it/assistenza-whirlpool-piacenza/" "Mozilla/5.0 (compatible; SeekportBot; +https://bot.seekport.com)"
65.108.99.186 - - [04/Jun/2026:14:58:59 +0200] "GET /wp-content/themes/generatepress/assets/js/menu.min.js?ver=3.6.1 HTTP/2.0" 200 1688 "https://piacenza.elettroservicegroup.it/assistenza-whirlpool-piacenza/" "Mozilla/5.0 (compatible; SeekportBot; +https://bot.seekport.com)"
65.108.99.186 - - [04/Jun/2026:14:58:59 +0200] "GET /wp-content/plugins/elementor/assets/js/frontend.min.js?ver=4.1.1 HTTP/2.0" 200 10140 "https://piacenza.elettroservicegroup.it/assistenza-whirlpool-piacenza/" "Mozilla/5.0 (compatible; SeekportBot; +https://bot.seekport.com)"
65.108.99.186 - - [04/Jun/2026:14:58:59 +0200] "GET /wp-content/themes/generatepress/assets/js/back-to-top.min.js?ver=3.6.1 HTTP/2.0" 200 336 "https://piacenza.elettroservicegroup.it/assistenza-whirlpool-piacenza/" "Mozilla/5.0 (compatible; SeekportBot; +https://bot.seekport.com)"
65.108.99.186 - - [04/Jun/2026:14:58:59 +0200] "GET /wp-content/plugins/complianz-gdpr-premium/cookiebanner/js/complianz.min.js?ver=1780326249 HTTP/2.0" 200 10708 "https://piacenza.elettroservicegroup.it/assistenza-whirlpool-piacenza/" "Mozilla/5.0 (compatible; SeekportBot; +https://bot.seekport.com)"
65.108.99.186 - - [04/Jun/2026:14:58:59 +0200] "GET /wp-content/uploads/2022/01/ASCIUGATRICE-TECNIC-3-300x225.jpg HTTP/2.0" 200 16834 "https://piacenza.elettroservicegroup.it/assistenza-whirlpool-piacenza/" "Mozilla/5.0 (compatible; SeekportBot; +https://bot.seekport.com)"
65.108.99.186 - - [04/Jun/2026:14:58:59 +0200] "GET /wp-content/uploads/2022/01/elettro7-300x120.jpg HTTP/2.0" 200 4070 "https://piacenza.elettroservicegroup.it/assistenza-whirlpool-piacenza/" "Mozilla/5.0 (compatible; SeekportBot; +https://bot.seekport.com)"
65.108.99.186 - - [04/Jun/2026:14:58:59 +0200] "GET /wp-json/complianz/v1/banner?lang=it&locale=it_IT&token=wiqng HTTP/2.0" 200 - "https://piacenza.elettroservicegroup.it/assistenza-whirlpool-piacenza/" "Mozilla/5.0 (compatible; SeekportBot; +https://bot.seekport.com)"
65.108.99.186 - - [04/Jun/2026:14:59:08 +0200] "GET /assistenza-aeg-piacenza/ HTTP/2.0" 421 362 "-" "Mozilla/5.0 (compatible; SeekportBot; +https://bot.seekport.com)"
65.108.99.186 - - [04/Jun/2026:14:59:08 +0200] "GET /assistenza-aeg-piacenza/ HTTP/2.0" 200 21752 "-" "Mozilla/5.0 (compatible; SeekportBot; +https://bot.seekport.com)"
65.108.99.186 - - [04/Jun/2026:14:59:08 +0200] "GET /wp-content/uploads/2022/10/COPERTINA-6-300x150.png HTTP/2.0" 200 30285 "https://piacenza.elettroservicegroup.it/assistenza-aeg-piacenza/" "Mozilla/5.0 (compatible; SeekportBot; +https://bot.seekport.com)"
65.108.99.186 - - [04/Jun/2026:14:59:08 +0200] "GET /wp-content/uploads/2021/10/cropped-cropped-cropped-logo_white_background.png HTTP/2.0" 200 10924 "https://piacenza.elettroservicegroup.it/assistenza-aeg-piacenza/" "Mozilla/5.0 (compatible; SeekportBot; +https://bot.seekport.com)"
65.108.99.186 - - [04/Jun/2026:14:59:08 +0200] "GET /wp-content/plugins/elementor/assets/js/webpack.runtime.min.js?ver=4.1.1 HTTP/2.0" 200 2340 "https://piacenza.elettroservicegroup.it/assistenza-aeg-piacenza/" "Mozilla/5.0 (compatible; SeekportBot; +https://bot.seekport.com)"
65.108.99.186 - - [04/Jun/2026:14:59:08 +0200] "GET /wp-content/plugins/gp-premium/menu-plus/functions/js/sticky.min.js?ver=2.5.5 HTTP/2.0" 200 2670 "https://piacenza.elettroservicegroup.it/assistenza-aeg-piacenza/" "Mozilla/5.0 (compatible; SeekportBot; +https://bot.seekport.com)"
65.108.99.186 - - [04/Jun/2026:14:59:08 +0200] "GET /wp-content/cache/wpfc-minified/1e78wxqt/4bjdx.js HTTP/2.0" 200 37592 "https://piacenza.elettroservicegroup.it/assistenza-aeg-piacenza/" "Mozilla/5.0 (compatible; SeekportBot; +https://bot.seekport.com)"
65.108.99.186 - - [04/Jun/2026:14:59:08 +0200] "GET /wp-includes/js/jquery/ui/core.min.js?ver=1.13.3 HTTP/2.0" 200 6820 "https://piacenza.elettroservicegroup.it/assistenza-aeg-piacenza/" "Mozilla/5.0 (compatible; SeekportBot; +https://bot.seekport.com)"
65.108.99.186 - - [04/Jun/2026:14:59:08 +0200] "GET /wp-content/plugins/elementor/assets/js/frontend-modules.min.js?ver=4.1.1 HTTP/2.0" 200 15454 "https://piacenza.elettroservicegroup.it/assistenza-aeg-piacenza/" "Mozilla/5.0 (compatible; SeekportBot; +https://bot.seekport.com)"
65.108.99.186 - - [04/Jun/2026:14:59:08 +0200] "GET /wp-content/themes/generatepress/assets/js/back-to-top.min.js?ver=3.6.1 HTTP/2.0" 200 336 "https://piacenza.elettroservicegroup.it/assistenza-aeg-piacenza/" "Mozilla/5.0 (compatible; SeekportBot; +https://bot.seekport.com)"
65.108.99.186 - - [04/Jun/2026:14:59:08 +0200] "GET /wp-content/themes/generatepress/assets/js/menu.min.js?ver=3.6.1 HTTP/2.0" 200 1688 "https://piacenza.elettroservicegroup.it/assistenza-aeg-piacenza/" "Mozilla/5.0 (compatible; SeekportBot; +https://bot.seekport.com)"
65.108.99.186 - - [04/Jun/2026:14:59:08 +0200] "GET /wp-content/plugins/elementor/assets/js/frontend.min.js?ver=4.1.1 HTTP/2.0" 200 10140 "https://piacenza.elettroservicegroup.it/assistenza-aeg-piacenza/" "Mozilla/5.0 (compatible; SeekportBot; +https://bot.seekport.com)"
65.108.99.186 - - [04/Jun/2026:14:59:08 +0200] "GET /wp-content/plugins/complianz-gdpr-premium/cookiebanner/js/complianz.min.js?ver=1780326249 HTTP/2.0" 200 10708 "https://piacenza.elettroservicegroup.it/assistenza-aeg-piacenza/" "Mozilla/5.0 (compatible; SeekportBot; +https://bot.seekport.com)"
65.108.99.186 - - [04/Jun/2026:14:59:08 +0200] "GET /wp-content/uploads/2022/01/TECNICO-FRIGO-300x200.jpg HTTP/2.0" 200 12932 "https://piacenza.elettroservicegroup.it/assistenza-aeg-piacenza/" "Mozilla/5.0 (compatible; SeekportBot; +https://bot.seekport.com)"
65.108.99.186 - - [04/Jun/2026:14:59:08 +0200] "GET /wp-content/uploads/2026/05/logo.png HTTP/2.0" 200 48185 "https://piacenza.elettroservicegroup.it/assistenza-aeg-piacenza/" "Mozilla/5.0 (compatible; SeekportBot; +https://bot.seekport.com)"
65.108.235.243 - - [04/Jun/2026:14:59:09 +0200] "POST /wp-cron.php?doing_wp_cron=1780577949.8821280002593994140625 HTTP/1.1" 200 1 "-" "WordPress/7.0; https://piacenza.elettroservicegroup.it"
65.108.99.186 - - [04/Jun/2026:14:59:08 +0200] "GET /wp-json/complianz/v1/banner?lang=it&locale=it_IT&token=hjflh HTTP/2.0" 200 84 "https://piacenza.elettroservicegroup.it/assistenza-aeg-piacenza/" "Mozilla/5.0 (compatible; SeekportBot; +https://bot.seekport.com)"
65.108.99.186 - - [04/Jun/2026:14:59:10 +0200] "GET /wp-json/complianz/v1/cookie_data HTTP/2.0" 200 - "https://piacenza.elettroservicegroup.it/assistenza-aeg-piacenza/" "Mozilla/5.0 (compatible; SeekportBot; +https://bot.seekport.com)"
65.108.99.186 - - [04/Jun/2026:14:59:13 +0200] "GET /assistenza-ariston-piacenza/ HTTP/2.0" 200 21744 "-" "Mozilla/5.0 (compatible; SeekportBot; +https://bot.seekport.com)"
65.108.99.186 - - [04/Jun/2026:14:59:13 +0200] "GET /wp-content/uploads/2022/10/COPERTINA-6-300x150.png HTTP/2.0" 200 30285 "https://piacenza.elettroservicegroup.it/assistenza-ariston-piacenza/" "Mozilla/5.0 (compatible; SeekportBot; +https://bot.seekport.com)"
65.108.99.186 - - [04/Jun/2026:14:59:13 +0200] "GET /wp-content/uploads/2021/10/cropped-cropped-cropped-logo_white_background.png HTTP/2.0" 200 10924 "https://piacenza.elettroservicegroup.it/assistenza-ariston-piacenza/" "Mozilla/5.0 (compatible; SeekportBot; +https://bot.seekport.com)"
65.108.99.186 - - [04/Jun/2026:14:59:13 +0200] "GET /wp-content/plugins/elementor/assets/js/webpack.runtime.min.js?ver=4.1.1 HTTP/2.0" 200 2340 "https://piacenza.elettroservicegroup.it/assistenza-ariston-piacenza/" "Mozilla/5.0 (compatible; SeekportBot; +https://bot.seekport.com)"
65.108.99.186 - - [04/Jun/2026:14:59:13 +0200] "GET /wp-content/plugins/gp-premium/menu-plus/functions/js/sticky.min.js?ver=2.5.5 HTTP/2.0" 200 2670 "https://piacenza.elettroservicegroup.it/assistenza-ariston-piacenza/" "Mozilla/5.0 (compatible; SeekportBot; +https://bot.seekport.com)"
65.108.99.186 - - [04/Jun/2026:14:59:13 +0200] "GET /wp-content/cache/wpfc-minified/1e78wxqt/4bjdx.js HTTP/2.0" 200 37592 "https://piacenza.elettroservicegroup.it/assistenza-ariston-piacenza/" "Mozilla/5.0 (compatible; SeekportBot; +https://bot.seekport.com)"
65.108.99.186 - - [04/Jun/2026:14:59:13 +0200] "GET /wp-includes/js/jquery/ui/core.min.js?ver=1.13.3 HTTP/2.0" 200 6820 "https://piacenza.elettroservicegroup.it/assistenza-ariston-piacenza/" "Mozilla/5.0 (compatible; SeekportBot; +https://bot.seekport.com)"
65.108.99.186 - - [04/Jun/2026:14:59:13 +0200] "GET /wp-content/plugins/elementor/assets/js/frontend-modules.min.js?ver=4.1.1 HTTP/2.0" 200 15454 "https://piacenza.elettroservicegroup.it/assistenza-ariston-piacenza/" "Mozilla/5.0 (compatible; SeekportBot; +https://bot.seekport.com)"
65.108.99.186 - - [04/Jun/2026:14:59:13 +0200] "GET /wp-content/themes/generatepress/assets/js/back-to-top.min.js?ver=3.6.1 HTTP/2.0" 200 336 "https://piacenza.elettroservicegroup.it/assistenza-ariston-piacenza/" "Mozilla/5.0 (compatible; SeekportBot; +https://bot.seekport.com)"
65.108.99.186 - - [04/Jun/2026:14:59:13 +0200] "GET /wp-content/themes/generatepress/assets/js/menu.min.js?ver=3.6.1 HTTP/2.0" 200 1688 "https://piacenza.elettroservicegroup.it/assistenza-ariston-piacenza/" "Mozilla/5.0 (compatible; SeekportBot; +https://bot.seekport.com)"
65.108.99.186 - - [04/Jun/2026:14:59:13 +0200] "GET /wp-content/plugins/elementor/assets/js/frontend.min.js?ver=4.1.1 HTTP/2.0" 200 10140 "https://piacenza.elettroservicegroup.it/assistenza-ariston-piacenza/" "Mozilla/5.0 (compatible; SeekportBot; +https://bot.seekport.com)"
65.108.99.186 - - [04/Jun/2026:14:59:13 +0200] "GET /wp-content/plugins/complianz-gdpr-premium/cookiebanner/js/complianz.min.js?ver=1780326249 HTTP/2.0" 200 10708 "https://piacenza.elettroservicegroup.it/assistenza-ariston-piacenza/" "Mozilla/5.0 (compatible; SeekportBot; +https://bot.seekport.com)"
65.108.99.186 - - [04/Jun/2026:14:59:13 +0200] "GET /wp-content/uploads/2026/05/logo.png HTTP/2.0" 200 48185 "https://piacenza.elettroservicegroup.it/assistenza-ariston-piacenza/" "Mozilla/5.0 (compatible; SeekportBot; +https://bot.seekport.com)"
65.108.99.186 - - [04/Jun/2026:14:59:13 +0200] "GET /wp-content/uploads/2022/01/TECNIC-LAVATRICE-300x169.jpg HTTP/2.0" 200 12560 "https://piacenza.elettroservicegroup.it/assistenza-ariston-piacenza/" "Mozilla/5.0 (compatible; SeekportBot; +https://bot.seekport.com)"
65.108.99.186 - - [04/Jun/2026:14:59:13 +0200] "GET /wp-json/complianz/v1/banner?lang=it&locale=it_IT&token=ionrr HTTP/2.0" 200 - "https://piacenza.elettroservicegroup.it/assistenza-ariston-piacenza/" "Mozilla/5.0 (compatible; SeekportBot; +https://bot.seekport.com)"
216.73.217.169 - - [04/Jun/2026:14:59:16 +0200] "GET /wp-content/cache/wpfc-minified/e6ekqzwv/7qout.css HTTP/2.0" 200 4741 "-" "Mozilla/5.0 AppleWebKit/537.36 (KHTML, like Gecko; compatible; ClaudeBot/1.0; +claudebot@anthropic.com)"
65.108.99.186 - - [04/Jun/2026:14:59:17 +0200] "GET /assistenza-smeg-piacenza/ HTTP/2.0" 200 21666 "-" "Mozilla/5.0 (compatible; SeekportBot; +https://bot.seekport.com)"
65.108.99.186 - - [04/Jun/2026:14:59:17 +0200] "GET /wp-content/uploads/2022/01/elet1-7-300x136.jpg HTTP/2.0" 200 5295 "https://piacenza.elettroservicegroup.it/assistenza-smeg-piacenza/" "Mozilla/5.0 (compatible; SeekportBot; +https://bot.seekport.com)"
65.108.99.186 - - [04/Jun/2026:14:59:17 +0200] "GET /wp-content/uploads/2021/10/cropped-cropped-cropped-logo_white_background.png HTTP/2.0" 200 10924 "https://piacenza.elettroservicegroup.it/assistenza-smeg-piacenza/" "Mozilla/5.0 (compatible; SeekportBot; +https://bot.seekport.com)"
65.108.99.186 - - [04/Jun/2026:14:59:17 +0200] "GET /wp-content/plugins/gp-premium/menu-plus/functions/js/sticky.min.js?ver=2.5.5 HTTP/2.0" 200 2670 "https://piacenza.elettroservicegroup.it/assistenza-smeg-piacenza/" "Mozilla/5.0 (compatible; SeekportBot; +https://bot.seekport.com)"
65.108.99.186 - - [04/Jun/2026:14:59:17 +0200] "GET /wp-content/plugins/elementor/assets/js/webpack.runtime.min.js?ver=4.1.1 HTTP/2.0" 200 2340 "https://piacenza.elettroservicegroup.it/assistenza-smeg-piacenza/" "Mozilla/5.0 (compatible; SeekportBot; +https://bot.seekport.com)"
65.108.99.186 - - [04/Jun/2026:14:59:17 +0200] "GET /wp-content/cache/wpfc-minified/1e78wxqt/4bjdx.js HTTP/2.0" 200 37592 "https://piacenza.elettroservicegroup.it/assistenza-smeg-piacenza/" "Mozilla/5.0 (compatible; SeekportBot; +https://bot.seekport.com)"
65.108.99.186 - - [04/Jun/2026:14:59:17 +0200] "GET /wp-includes/js/jquery/ui/core.min.js?ver=1.13.3 HTTP/2.0" 200 6820 "https://piacenza.elettroservicegroup.it/assistenza-smeg-piacenza/" "Mozilla/5.0 (compatible; SeekportBot; +https://bot.seekport.com)"
65.108.99.186 - - [04/Jun/2026:14:59:17 +0200] "GET /wp-content/plugins/elementor/assets/js/frontend-modules.min.js?ver=4.1.1 HTTP/2.0" 200 15454 "https://piacenza.elettroservicegroup.it/assistenza-smeg-piacenza/" "Mozilla/5.0 (compatible; SeekportBot; +https://bot.seekport.com)"
65.108.99.186 - - [04/Jun/2026:14:59:17 +0200] "GET /wp-content/themes/generatepress/assets/js/back-to-top.min.js?ver=3.6.1 HTTP/2.0" 200 336 "https://piacenza.elettroservicegroup.it/assistenza-smeg-piacenza/" "Mozilla/5.0 (compatible; SeekportBot; +https://bot.seekport.com)"
65.108.99.186 - - [04/Jun/2026:14:59:17 +0200] "GET /wp-content/themes/generatepress/assets/js/menu.min.js?ver=3.6.1 HTTP/2.0" 200 1688 "https://piacenza.elettroservicegroup.it/assistenza-smeg-piacenza/" "Mozilla/5.0 (compatible; SeekportBot; +https://bot.seekport.com)"
65.108.99.186 - - [04/Jun/2026:14:59:17 +0200] "GET /wp-content/plugins/elementor/assets/js/frontend.min.js?ver=4.1.1 HTTP/2.0" 200 10140 "https://piacenza.elettroservicegroup.it/assistenza-smeg-piacenza/" "Mozilla/5.0 (compatible; SeekportBot; +https://bot.seekport.com)"
65.108.99.186 - - [04/Jun/2026:14:59:17 +0200] "GET /wp-content/plugins/complianz-gdpr-premium/cookiebanner/js/complianz.min.js?ver=1780326249 HTTP/2.0" 200 10708 "https://piacenza.elettroservicegroup.it/assistenza-smeg-piacenza/" "Mozilla/5.0 (compatible; SeekportBot; +https://bot.seekport.com)"
65.108.99.186 - - [04/Jun/2026:14:59:17 +0200] "GET /wp-content/uploads/2022/01/lavastoviglie2-2-300x200.jpg HTTP/2.0" 200 21099 "https://piacenza.elettroservicegroup.it/assistenza-smeg-piacenza/" "Mozilla/5.0 (compatible; SeekportBot; +https://bot.seekport.com)"
65.108.99.186 - - [04/Jun/2026:14:59:17 +0200] "GET /wp-content/uploads/2022/01/copertina-Riparazione_Lavastoviglie-1-5-300x200.jpg HTTP/2.0" 200 13797 "https://piacenza.elettroservicegroup.it/assistenza-smeg-piacenza/" "Mozilla/5.0 (compatible; SeekportBot; +https://bot.seekport.com)"
216.73.217.169 - - [04/Jun/2026:14:59:17 +0200] "GET /wp-content/cache/wpfc-minified/32rneldi/4dre1.css HTTP/2.0" 200 15849 "-" "Mozilla/5.0 AppleWebKit/537.36 (KHTML, like Gecko; compatible; ClaudeBot/1.0; +claudebot@anthropic.com)"
216.73.217.169 - - [04/Jun/2026:14:59:16 +0200] "GET /elettro4-1-1024x401 HTTP/2.0" 301 1 "-" "Mozilla/5.0 AppleWebKit/537.36 (KHTML, like Gecko; compatible; ClaudeBot/1.0; +claudebot@anthropic.com)"
216.73.217.169 - - [04/Jun/2026:14:59:16 +0200] "GET /?p=15698 HTTP/2.0" 301 1 "-" "Mozilla/5.0 AppleWebKit/537.36 (KHTML, like Gecko; compatible; ClaudeBot/1.0; +claudebot@anthropic.com)"
216.73.217.169 - - [04/Jun/2026:14:59:16 +0200] "GET /?p=15699 HTTP/2.0" 301 1 "-" "Mozilla/5.0 AppleWebKit/537.36 (KHTML, like Gecko; compatible; ClaudeBot/1.0; +claudebot@anthropic.com)"
216.73.217.169 - - [04/Jun/2026:14:59:16 +0200] "GET /tecnico-elettro-1 HTTP/2.0" 301 1 "-" "Mozilla/5.0 AppleWebKit/537.36 (KHTML, like Gecko; compatible; ClaudeBot/1.0; +claudebot@anthropic.com)"
216.73.217.169 - - [04/Jun/2026:14:59:17 +0200] "GET /elett2-2/ HTTP/2.0" 200 17059 "https://piacenza.elettroservicegroup.it/?p=15698" "Mozilla/5.0 AppleWebKit/537.36 (KHTML, like Gecko; compatible; ClaudeBot/1.0; +claudebot@anthropic.com)"
216.73.217.169 - - [04/Jun/2026:14:59:17 +0200] "GET /elett3/ HTTP/2.0" 200 17047 "https://piacenza.elettroservicegroup.it/?p=15699" "Mozilla/5.0 AppleWebKit/537.36 (KHTML, like Gecko; compatible; ClaudeBot/1.0; +claudebot@anthropic.com)"
216.73.217.169 - - [04/Jun/2026:14:59:17 +0200] "GET /elettro4-5-1024x401 HTTP/2.0" 301 1 "-" "Mozilla/5.0 AppleWebKit/537.36 (KHTML, like Gecko; compatible; ClaudeBot/1.0; +claudebot@anthropic.com)"
216.73.217.169 - - [04/Jun/2026:14:59:17 +0200] "GET /wp-content/cache/wpfc-minified/kmqim6e1/4bjow.css HTTP/2.0" 200 2040 "-" "Mozilla/5.0 AppleWebKit/537.36 (KHTML, like Gecko; compatible; ClaudeBot/1.0; +claudebot@anthropic.com)"
216.73.217.169 - - [04/Jun/2026:14:59:17 +0200] "GET /wp-includes/js/dist/i18n.min.js HTTP/2.0" 200 2333 "-" "Mozilla/5.0 AppleWebKit/537.36 (KHTML, like Gecko; compatible; ClaudeBot/1.0; +claudebot@anthropic.com)"
65.108.99.186 - - [04/Jun/2026:14:59:17 +0200] "GET /wp-json/complianz/v1/banner?lang=it&locale=it_IT&token=dlizz HTTP/2.0" 200 84 "https://piacenza.elettroservicegroup.it/assistenza-smeg-piacenza/" "Mozilla/5.0 (compatible; SeekportBot; +https://bot.seekport.com)"
216.73.217.169 - - [04/Jun/2026:14:59:17 +0200] "GET /wp-content/cache/wpfc-minified/jno40hfd/4dre1.css HTTP/2.0" 200 23329 "-" "Mozilla/5.0 AppleWebKit/537.36 (KHTML, like Gecko; compatible; ClaudeBot/1.0; +claudebot@anthropic.com)"
216.73.217.169 - - [04/Jun/2026:14:59:17 +0200] "GET /elettro7-1024x410 HTTP/2.0" 301 1 "-" "Mozilla/5.0 AppleWebKit/537.36 (KHTML, like Gecko; compatible; ClaudeBot/1.0; +claudebot@anthropic.com)"
216.73.217.169 - - [04/Jun/2026:14:59:17 +0200] "GET /wp-includes/js/dist/dom-ready.min.js HTTP/2.0" 200 398 "-" "Mozilla/5.0 AppleWebKit/537.36 (KHTML, like Gecko; compatible; ClaudeBot/1.0; +claudebot@anthropic.com)"
216.73.217.169 - - [04/Jun/2026:14:59:17 +0200] "GET /wp-includes/js/dist/a11y.min.js HTTP/2.0" 200 915 "-" "Mozilla/5.0 AppleWebKit/537.36 (KHTML, like Gecko; compatible; ClaudeBot/1.0; +claudebot@anthropic.com)"
216.73.217.169 - - [04/Jun/2026:14:59:17 +0200] "GET /?p=14151 HTTP/2.0" 301 1 "-" "Mozilla/5.0 AppleWebKit/537.36 (KHTML, like Gecko; compatible; ClaudeBot/1.0; +claudebot@anthropic.com)"
216.73.217.169 - - [04/Jun/2026:14:59:18 +0200] "GET /wp-content/cache/wpfc-minified/98f2uwim/4bjdx.css HTTP/2.0" 200 418 "-" "Mozilla/5.0 AppleWebKit/537.36 (KHTML, like Gecko; compatible; ClaudeBot/1.0; +claudebot@anthropic.com)"
216.73.217.169 - - [04/Jun/2026:14:59:17 +0200] "GET /lavatrice-5-2 HTTP/2.0" 301 1 "-" "Mozilla/5.0 AppleWebKit/537.36 (KHTML, like Gecko; compatible; ClaudeBot/1.0; +claudebot@anthropic.com)"
216.73.217.169 - - [04/Jun/2026:14:59:18 +0200] "GET /cropped-cropped-cropped-logo_white_background-png/ HTTP/2.0" 200 17062 "https://piacenza.elettroservicegroup.it/?p=14151" "Mozilla/5.0 AppleWebKit/537.36 (KHTML, like Gecko; compatible; ClaudeBot/1.0; +claudebot@anthropic.com)"
65.108.99.186 - - [04/Jun/2026:14:59:17 +0200] "GET /wp-json/complianz/v1/cookie_data HTTP/2.0" 200 - "https://piacenza.elettroservicegroup.it/assistenza-smeg-piacenza/" "Mozilla/5.0 (compatible; SeekportBot; +https://bot.seekport.com)"
216.73.217.169 - - [04/Jun/2026:14:59:17 +0200] "GET /elettro4-1-1024x401/ HTTP/2.0" 200 17115 "https://piacenza.elettroservicegroup.it/elettro4-1-1024x401" "Mozilla/5.0 AppleWebKit/537.36 (KHTML, like Gecko; compatible; ClaudeBot/1.0; +claudebot@anthropic.com)"
216.73.217.169 - - [04/Jun/2026:14:59:18 +0200] "GET /tecnico-elettro HTTP/2.0" 301 1 "-" "Mozilla/5.0 AppleWebKit/537.36 (KHTML, like Gecko; compatible; ClaudeBot/1.0; +claudebot@anthropic.com)"
216.73.217.169 - - [04/Jun/2026:14:59:17 +0200] "GET /tecnico-elettro-1/ HTTP/2.0" 200 17099 "https://piacenza.elettroservicegroup.it/tecnico-elettro-1" "Mozilla/5.0 AppleWebKit/537.36 (KHTML, like Gecko; compatible; ClaudeBot/1.0; +claudebot@anthropic.com)"
216.73.217.169 - - [04/Jun/2026:14:59:17 +0200] "GET /elettro4-5-1024x401/ HTTP/2.0" 200 17115 "https://piacenza.elettroservicegroup.it/elettro4-5-1024x401" "Mozilla/5.0 AppleWebKit/537.36 (KHTML, like Gecko; compatible; ClaudeBot/1.0; +claudebot@anthropic.com)"
65.108.99.186 - - [04/Jun/2026:14:59:19 +0200] "GET / HTTP/2.0" 200 21681 "-" "Mozilla/5.0 (compatible; SeekportBot; +https://bot.seekport.com)"
65.108.99.186 - - [04/Jun/2026:14:59:19 +0200] "GET /wp-content/uploads/2022/01/TECNICO-ELETTRODOMESTICI-2.jpg HTTP/2.0" 200 24210 "https://piacenza.elettroservicegroup.it/" "Mozilla/5.0 (compatible; SeekportBot; +https://bot.seekport.com)"
65.108.99.186 - - [04/Jun/2026:14:59:19 +0200] "GET /wp-content/uploads/2021/10/cropped-cropped-cropped-logo_white_background.png HTTP/2.0" 200 10924 "https://piacenza.elettroservicegroup.it/" "Mozilla/5.0 (compatible; SeekportBot; +https://bot.seekport.com)"
65.108.99.186 - - [04/Jun/2026:14:59:19 +0200] "GET /wp-content/plugins/elementor/assets/js/webpack.runtime.min.js?ver=4.1.1 HTTP/2.0" 200 2340 "https://piacenza.elettroservicegroup.it/" "Mozilla/5.0 (compatible; SeekportBot; +https://bot.seekport.com)"
65.108.99.186 - - [04/Jun/2026:14:59:19 +0200] "GET /wp-content/plugins/gp-premium/menu-plus/functions/js/sticky.min.js?ver=2.5.5 HTTP/2.0" 200 2670 "https://piacenza.elettroservicegroup.it/" "Mozilla/5.0 (compatible; SeekportBot; +https://bot.seekport.com)"
65.108.99.186 - - [04/Jun/2026:14:59:19 +0200] "GET /wp-content/cache/wpfc-minified/1e78wxqt/4bjdx.js HTTP/2.0" 200 37592 "https://piacenza.elettroservicegroup.it/" "Mozilla/5.0 (compatible; SeekportBot; +https://bot.seekport.com)"
65.108.99.186 - - [04/Jun/2026:14:59:19 +0200] "GET /wp-includes/js/jquery/ui/core.min.js?ver=1.13.3 HTTP/2.0" 200 6820 "https://piacenza.elettroservicegroup.it/" "Mozilla/5.0 (compatible; SeekportBot; +https://bot.seekport.com)"
65.108.99.186 - - [04/Jun/2026:14:59:19 +0200] "GET /wp-content/plugins/elementor/assets/js/frontend-modules.min.js?ver=4.1.1 HTTP/2.0" 200 15454 "https://piacenza.elettroservicegroup.it/" "Mozilla/5.0 (compatible; SeekportBot; +https://bot.seekport.com)"
65.108.99.186 - - [04/Jun/2026:14:59:19 +0200] "GET /wp-content/themes/generatepress/assets/js/back-to-top.min.js?ver=3.6.1 HTTP/2.0" 200 336 "https://piacenza.elettroservicegroup.it/" "Mozilla/5.0 (compatible; SeekportBot; +https://bot.seekport.com)"
65.108.99.186 - - [04/Jun/2026:14:59:19 +0200] "GET /wp-content/themes/generatepress/assets/js/menu.min.js?ver=3.6.1 HTTP/2.0" 200 1688 "https://piacenza.elettroservicegroup.it/" "Mozilla/5.0 (compatible; SeekportBot; +https://bot.seekport.com)"
65.108.99.186 - - [04/Jun/2026:14:59:19 +0200] "GET /wp-content/plugins/elementor/assets/js/frontend.min.js?ver=4.1.1 HTTP/2.0" 200 10140 "https://piacenza.elettroservicegroup.it/" "Mozilla/5.0 (compatible; SeekportBot; +https://bot.seekport.com)"
65.108.99.186 - - [04/Jun/2026:14:59:19 +0200] "GET /wp-content/plugins/complianz-gdpr-premium/cookiebanner/js/complianz.min.js?ver=1780326249 HTTP/2.0" 200 10708 "https://piacenza.elettroservicegroup.it/" "Mozilla/5.0 (compatible; SeekportBot; +https://bot.seekport.com)"
65.108.99.186 - - [04/Jun/2026:14:59:19 +0200] "GET /wp-content/uploads/2021/10/copertina-washing-machine-2668472_1920-1024x683.jpg HTTP/2.0" 200 51558 "https://piacenza.elettroservicegroup.it/" "Mozilla/5.0 (compatible; SeekportBot; +https://bot.seekport.com)"
65.108.99.186 - - [04/Jun/2026:14:59:19 +0200] "GET /wp-content/uploads/2021/10/asko-e1634463631713-1024x675.jpg HTTP/2.0" 200 30076 "https://piacenza.elettroservicegroup.it/" "Mozilla/5.0 (compatible; SeekportBot; +https://bot.seekport.com)"
216.73.217.169 - - [04/Jun/2026:14:59:17 +0200] "GET /elettro7-1024x410/ HTTP/2.0" 200 17116 "https://piacenza.elettroservicegroup.it/elettro7-1024x410" "Mozilla/5.0 AppleWebKit/537.36 (KHTML, like Gecko; compatible; ClaudeBot/1.0; +claudebot@anthropic.com)"
216.73.217.169 - - [04/Jun/2026:14:59:18 +0200] "GET /lavatrice-5-2/ HTTP/2.0" 200 17093 "https://piacenza.elettroservicegroup.it/lavatrice-5-2" "Mozilla/5.0 AppleWebKit/537.36 (KHTML, like Gecko; compatible; ClaudeBot/1.0; +claudebot@anthropic.com)"
65.108.99.186 - - [04/Jun/2026:14:59:19 +0200] "GET /wp-json/complianz/v1/banner?lang=it&locale=it_IT&token=ovbrd HTTP/2.0" 200 84 "https://piacenza.elettroservicegroup.it/" "Mozilla/5.0 (compatible; SeekportBot; +https://bot.seekport.com)"
216.73.217.169 - - [04/Jun/2026:14:59:19 +0200] "GET /tecnico-elettro/ HTTP/2.0" 200 17093 "https://piacenza.elettroservicegroup.it/tecnico-elettro" "Mozilla/5.0 AppleWebKit/537.36 (KHTML, like Gecko; compatible; ClaudeBot/1.0; +claudebot@anthropic.com)"
65.108.99.186 - - [04/Jun/2026:14:59:19 +0200] "GET /wp-json/complianz/v1/cookie_data HTTP/2.0" 200 69 "https://piacenza.elettroservicegroup.it/" "Mozilla/5.0 (compatible; SeekportBot; +https://bot.seekport.com)"
65.108.235.243 - - [04/Jun/2026:14:59:55 +0200] "POST /wp-cron.php?doing_wp_cron=1780577995.4533700942993164062500 HTTP/1.1" 200 1 "-" "WordPress/7.0; https://piacenza.elettroservicegroup.it"
65.108.235.243 - - [04/Jun/2026:14:59:55 +0200] "POST /wp-cron.php?doing_wp_cron=1780577995.4533860683441162109375 HTTP/1.1" 200 1 "-" "WordPress/7.0; https://piacenza.elettroservicegroup.it"
216.73.217.169 - - [04/Jun/2026:14:59:53 +0200] "GET /?p=15655 HTTP/2.0" 301 1 "-" "Mozilla/5.0 AppleWebKit/537.36 (KHTML, like Gecko; compatible; ClaudeBot/1.0; +claudebot@anthropic.com)"
216.73.217.169 - - [04/Jun/2026:14:59:53 +0200] "GET /?p=15778 HTTP/2.0" 301 1 "-" "Mozilla/5.0 AppleWebKit/537.36 (KHTML, like Gecko; compatible; ClaudeBot/1.0; +claudebot@anthropic.com)"
216.73.217.169 - - [04/Jun/2026:14:59:55 +0200] "GET /washing-machine-943363_1920-1024x683/ HTTP/2.0" 200 17102 "https://piacenza.elettroservicegroup.it/?p=15655" "Mozilla/5.0 AppleWebKit/537.36 (KHTML, like Gecko; compatible; ClaudeBot/1.0; +claudebot@anthropic.com)"
216.73.217.169 - - [04/Jun/2026:14:59:55 +0200] "GET /elettro7-3-1536x614/ HTTP/2.0" 200 17115 "https://piacenza.elettroservicegroup.it/?p=15778" "Mozilla/5.0 AppleWebKit/537.36 (KHTML, like Gecko; compatible; ClaudeBot/1.0; +claudebot@anthropic.com)"
65.108.235.243 - - [04/Jun/2026:14:59:55 +0200] "GET / HTTP/1.1" 200 21703 "-" "WP Fastest Cache Preload Bot"
65.108.235.243 - - [04/Jun/2026:15:10:55 +0200] "POST /wp-cron.php?doing_wp_cron=1780578655.2715389728546142578125 HTTP/1.1" 200 1 "-" "WordPress/7.0; https://piacenza.elettroservicegroup.it"
216.73.217.169 - - [04/Jun/2026:15:10:53 +0200] "GET /?p=14405 HTTP/2.0" 301 1 "-" "Mozilla/5.0 AppleWebKit/537.36 (KHTML, like Gecko; compatible; ClaudeBot/1.0; +claudebot@anthropic.com)"
216.73.217.169 - - [04/Jun/2026:15:10:55 +0200] "GET /assistenza-elettrodomestici/forno-elettrico/ HTTP/2.0" 200 17018 "https://piacenza.elettroservicegroup.it/?p=14405" "Mozilla/5.0 AppleWebKit/537.36 (KHTML, like Gecko; compatible; ClaudeBot/1.0; +claudebot@anthropic.com)"
216.73.217.169 - - [04/Jun/2026:15:16:08 +0200] "GET /wp-content/uploads/2022/01/elett3-300x136.jpg HTTP/2.0" 200 4271 "-" "Mozilla/5.0 AppleWebKit/537.36 (KHTML, like Gecko; compatible; ClaudeBot/1.0; +claudebot@anthropic.com)"
216.73.217.169 - - [04/Jun/2026:15:16:08 +0200] "GET /wp-content/uploads/2022/01/elett2-2-300x199.jpg HTTP/2.0" 200 7617 "-" "Mozilla/5.0 AppleWebKit/537.36 (KHTML, like Gecko; compatible; ClaudeBot/1.0; +claudebot@anthropic.com)"
65.108.235.243 - - [04/Jun/2026:15:16:15 +0200] "POST /wp-cron.php?doing_wp_cron=1780578975.1945400238037109375000 HTTP/1.1" 200 1 "-" "WordPress/7.0; https://piacenza.elettroservicegroup.it"
216.73.217.169 - - [04/Jun/2026:15:16:08 +0200] "GET /assistenza-lavatrici/preventivi HTTP/2.0" 301 1 "-" "Mozilla/5.0 AppleWebKit/537.36 (KHTML, like Gecko; compatible; ClaudeBot/1.0; +claudebot@anthropic.com)"
216.73.217.169 - - [04/Jun/2026:15:16:15 +0200] "GET /assistenza-lavatrici/preventivi/ HTTP/2.0" 200 - "https://piacenza.elettroservicegroup.it/assistenza-lavatrici/preventivi" "Mozilla/5.0 AppleWebKit/537.36 (KHTML, like Gecko; compatible; ClaudeBot/1.0; +claudebot@anthropic.com)"
65.108.235.243 - - [04/Jun/2026:15:16:18 +0200] "GET /imprint/ HTTP/1.1" 200 17074 "-" "WP Fastest Cache Preload Bot"
65.108.235.243 - - [04/Jun/2026:15:16:20 +0200] "GET /dichiarazione-sulla-privacy-ue/ HTTP/1.1" 200 19578 "-" "WP Fastest Cache Preload Bot"
65.108.235.243 - - [04/Jun/2026:15:16:23 +0200] "GET /assistenza-whirlpool-piacenza/ HTTP/1.1" 200 21744 "-" "WP Fastest Cache Preload Bot"
65.108.235.243 - - [04/Jun/2026:15:16:25 +0200] "GET /assistenza-smeg-piacenza/ HTTP/1.1" 200 21688 "-" "WP Fastest Cache Preload Bot"
65.108.235.243 - - [04/Jun/2026:15:16:28 +0200] "GET / HTTP/1.1" 200 21703 "-" "WP Fastest Cache Preload Bot"
86.217.94.52 - - [04/Jun/2026:15:16:53 +0200] "POST /wp-json/wp/v2/posts HTTP/1.1" 401 121 "-" "Mozilla/5.0 (Windows NT 10.0; Win64; x64) AppleWebKit/537.36 (KHTML, like Gecko) Chrome/124.0 Safari/537.36"
86.217.94.52 - - [04/Jun/2026:15:16:54 +0200] "POST /wp-login.php HTTP/1.1" 200 10580 "-" "Mozilla/5.0 (Windows NT 10.0; Win64; x64) AppleWebKit/537.36 (KHTML, like Gecko) Chrome/124.0 Safari/537.36"
66.249.64.166 - - [04/Jun/2026:15:18:09 +0200] "GET /assistenza-lavatrici/ HTTP/1.1" 200 19311 "-" "Mozilla/5.0 (compatible; Googlebot/2.1; +http://www.google.com/bot.html)"
66.249.64.166 - - [04/Jun/2026:15:18:09 +0200] "GET /assistenza-lavatrici/ HTTP/1.1" 200 19311 "-" "Mozilla/5.0 (Linux; Android 6.0.1; Nexus 5X Build/MMB29P) AppleWebKit/537.36 (KHTML, like Gecko) Chrome/99.0.4844.84 Mobile Safari/537.36 (compatible; Googlebot/2.1; +http://www.google.com/bot.html)"
