66.249.64.166 - - [04/Jun/2026:15:18:12 +0200] "GET /wp-content/cache/wpfc-minified/98f2uwim/4bjdx.css HTTP/1.1" 200 418 "https://piacenza.elettroservicegroup.it/assistenza-lavatrici/" "Mozilla/5.0 (Linux; Android 6.0.1; Nexus 5X Build/MMB29P) AppleWebKit/537.36 (KHTML, like Gecko) Chrome/148.0.7778.96 Mobile Safari/537.36 (compatible; Googlebot/2.1; +http://www.google.com/bot.html)"
66.249.64.165 - - [04/Jun/2026:15:18:12 +0200] "GET /wp-content/cache/wpfc-minified/9h35mpo4/4bjdx.css HTTP/1.1" 200 4410 "https://piacenza.elettroservicegroup.it/assistenza-lavatrici/" "Mozilla/5.0 (Linux; Android 6.0.1; Nexus 5X Build/MMB29P) AppleWebKit/537.36 (KHTML, like Gecko) Chrome/148.0.7778.96 Mobile Safari/537.36 (compatible; Googlebot/2.1; +http://www.google.com/bot.html)"
66.249.64.166 - - [04/Jun/2026:15:18:12 +0200] "GET /wp-content/uploads/elementor/css/post-14253.css?ver=1778112000 HTTP/1.1" 200 1799 "https://piacenza.elettroservicegroup.it/assistenza-lavatrici/" "Mozilla/5.0 (Linux; Android 6.0.1; Nexus 5X Build/MMB29P) AppleWebKit/537.36 (KHTML, like Gecko) Chrome/148.0.7778.96 Mobile Safari/537.36 (compatible; Googlebot/2.1; +http://www.google.com/bot.html)"
66.249.64.165 - - [04/Jun/2026:15:18:12 +0200] "GET /wp-content/cache/wpfc-minified/qha2vzve/4bjdx.css HTTP/1.1" 200 11336 "https://piacenza.elettroservicegroup.it/assistenza-lavatrici/" "Mozilla/5.0 (Linux; Android 6.0.1; Nexus 5X Build/MMB29P) AppleWebKit/537.36 (KHTML, like Gecko) Chrome/148.0.7778.96 Mobile Safari/537.36 (compatible; Googlebot/2.1; +http://www.google.com/bot.html)"
66.249.64.165 - - [04/Jun/2026:15:18:13 +0200] "GET /wp-content/uploads/elementor/css/post-14253.css?ver=1778112000 HTTP/1.1" 200 1799 "https://piacenza.elettroservicegroup.it/assistenza-lavatrici/" "Mozilla/5.0 AppleWebKit/537.36 (KHTML, like Gecko; compatible; Googlebot/2.1; +http://www.google.com/bot.html) Chrome/148.0.7778.96 Safari/537.36"
66.249.64.165 - - [04/Jun/2026:15:18:13 +0200] "GET /wp-content/plugins/elementor/assets/js/webpack.runtime.min.js?ver=4.1.1 HTTP/1.1" 200 2340 "https://piacenza.elettroservicegroup.it/assistenza-lavatrici/" "Mozilla/5.0 (Linux; Android 6.0.1; Nexus 5X Build/MMB29P) AppleWebKit/537.36 (KHTML, like Gecko) Chrome/148.0.7778.96 Mobile Safari/537.36 (compatible; Googlebot/2.1; +http://www.google.com/bot.html)"
66.249.64.165 - - [04/Jun/2026:15:18:13 +0200] "GET /wp-content/plugins/elementor/assets/js/frontend-modules.min.js?ver=4.1.1 HTTP/1.1" 200 15454 "https://piacenza.elettroservicegroup.it/assistenza-lavatrici/" "Mozilla/5.0 (Linux; Android 6.0.1; Nexus 5X Build/MMB29P) AppleWebKit/537.36 (KHTML, like Gecko) Chrome/148.0.7778.96 Mobile Safari/537.36 (compatible; Googlebot/2.1; +http://www.google.com/bot.html)"
66.249.64.165 - - [04/Jun/2026:15:18:14 +0200] "GET /wp-content/cache/wpfc-minified/d4x63ew1/4ds0m.css HTTP/1.1" 200 16437 "https://piacenza.elettroservicegroup.it/assistenza-lavatrici/" "Mozilla/5.0 AppleWebKit/537.36 (KHTML, like Gecko; compatible; Googlebot/2.1; +http://www.google.com/bot.html) Chrome/148.0.7778.96 Safari/537.36"
66.249.64.166 - - [04/Jun/2026:15:18:16 +0200] "GET /wp-content/cache/wpfc-minified/30gnld0u/4bjdx.css HTTP/1.1" 200 19026 "https://piacenza.elettroservicegroup.it/assistenza-lavatrici/" "Mozilla/5.0 (Linux; Android 6.0.1; Nexus 5X Build/MMB29P) AppleWebKit/537.36 (KHTML, like Gecko) Chrome/148.0.7778.96 Mobile Safari/537.36 (compatible; Googlebot/2.1; +http://www.google.com/bot.html)"
66.249.64.165 - - [04/Jun/2026:15:18:16 +0200] "GET /wp-content/cache/wpfc-minified/lkeozi6d/4bjdx.css HTTP/1.1" 200 7521 "https://piacenza.elettroservicegroup.it/assistenza-lavatrici/" "Mozilla/5.0 AppleWebKit/537.36 (KHTML, like Gecko; compatible; Googlebot/2.1; +http://www.google.com/bot.html) Chrome/148.0.7778.96 Safari/537.36"
66.249.64.165 - - [04/Jun/2026:15:18:17 +0200] "GET /wp-content/cache/wpfc-minified/6ykfum2g/4bjdx.css HTTP/1.1" 200 14492 "https://piacenza.elettroservicegroup.it/assistenza-lavatrici/" "Mozilla/5.0 AppleWebKit/537.36 (KHTML, like Gecko; compatible; Googlebot/2.1; +http://www.google.com/bot.html) Chrome/148.0.7778.96 Safari/537.36"
66.249.64.165 - - [04/Jun/2026:15:18:17 +0200] "GET /wp-content/cache/wpfc-minified/1e78wxqt/4bjdx.js HTTP/1.1" 200 37592 "https://piacenza.elettroservicegroup.it/assistenza-lavatrici/" "Mozilla/5.0 AppleWebKit/537.36 (KHTML, like Gecko; compatible; Googlebot/2.1; +http://www.google.com/bot.html) Chrome/148.0.7778.96 Safari/537.36"
66.249.64.165 - - [04/Jun/2026:15:18:17 +0200] "GET /wp-content/cache/wpfc-minified/30gnld0u/4bjdx.css HTTP/1.1" 200 19026 "https://piacenza.elettroservicegroup.it/assistenza-lavatrici/" "Mozilla/5.0 AppleWebKit/537.36 (KHTML, like Gecko; compatible; Googlebot/2.1; +http://www.google.com/bot.html) Chrome/148.0.7778.96 Safari/537.36"
66.249.64.165 - - [04/Jun/2026:15:18:18 +0200] "GET /wp-content/cache/wpfc-minified/d4x63ew1/4ds0m.css HTTP/1.1" 200 16437 "https://piacenza.elettroservicegroup.it/assistenza-lavatrici/" "Mozilla/5.0 (Linux; Android 6.0.1; Nexus 5X Build/MMB29P) AppleWebKit/537.36 (KHTML, like Gecko) Chrome/148.0.7778.96 Mobile Safari/537.36 (compatible; Googlebot/2.1; +http://www.google.com/bot.html)"
66.249.64.165 - - [04/Jun/2026:15:18:18 +0200] "GET /wp-content/plugins/elementor/assets/js/webpack.runtime.min.js?ver=4.1.1 HTTP/1.1" 200 2340 "https://piacenza.elettroservicegroup.it/assistenza-lavatrici/" "Mozilla/5.0 AppleWebKit/537.36 (KHTML, like Gecko; compatible; Googlebot/2.1; +http://www.google.com/bot.html) Chrome/148.0.7778.96 Safari/537.36"
66.249.64.165 - - [04/Jun/2026:15:18:18 +0200] "GET /wp-content/cache/wpfc-minified/lkeozi6d/4bjdx.css HTTP/1.1" 200 7521 "https://piacenza.elettroservicegroup.it/assistenza-lavatrici/" "Mozilla/5.0 (Linux; Android 6.0.1; Nexus 5X Build/MMB29P) AppleWebKit/537.36 (KHTML, like Gecko) Chrome/148.0.7778.96 Mobile Safari/537.36 (compatible; Googlebot/2.1; +http://www.google.com/bot.html)"
66.249.64.165 - - [04/Jun/2026:15:18:19 +0200] "GET /wp-content/plugins/elementor/assets/js/frontend-modules.min.js?ver=4.1.1 HTTP/1.1" 200 15454 "https://piacenza.elettroservicegroup.it/assistenza-lavatrici/" "Mozilla/5.0 AppleWebKit/537.36 (KHTML, like Gecko; compatible; Googlebot/2.1; +http://www.google.com/bot.html) Chrome/148.0.7778.96 Safari/537.36"
66.249.64.165 - - [04/Jun/2026:15:18:19 +0200] "GET /wp-content/cache/wpfc-minified/6ykfum2g/4bjdx.css HTTP/1.1" 200 14492 "https://piacenza.elettroservicegroup.it/assistenza-lavatrici/" "Mozilla/5.0 (Linux; Android 6.0.1; Nexus 5X Build/MMB29P) AppleWebKit/537.36 (KHTML, like Gecko) Chrome/148.0.7778.96 Mobile Safari/537.36 (compatible; Googlebot/2.1; +http://www.google.com/bot.html)"
66.249.64.165 - - [04/Jun/2026:15:18:19 +0200] "GET /wp-content/cache/wpfc-minified/9h35mpo4/4bjdx.css HTTP/1.1" 200 4410 "https://piacenza.elettroservicegroup.it/assistenza-lavatrici/" "Mozilla/5.0 AppleWebKit/537.36 (KHTML, like Gecko; compatible; Googlebot/2.1; +http://www.google.com/bot.html) Chrome/148.0.7778.96 Safari/537.36"
66.249.64.165 - - [04/Jun/2026:15:18:20 +0200] "GET /wp-content/cache/wpfc-minified/qha2vzve/4bjdx.css HTTP/1.1" 200 11336 "https://piacenza.elettroservicegroup.it/assistenza-lavatrici/" "Mozilla/5.0 AppleWebKit/537.36 (KHTML, like Gecko; compatible; Googlebot/2.1; +http://www.google.com/bot.html) Chrome/148.0.7778.96 Safari/537.36"
66.249.64.165 - - [04/Jun/2026:15:18:20 +0200] "GET /wp-content/cache/wpfc-minified/98f2uwim/4bjdx.css HTTP/1.1" 200 418 "https://piacenza.elettroservicegroup.it/assistenza-lavatrici/" "Mozilla/5.0 AppleWebKit/537.36 (KHTML, like Gecko; compatible; Googlebot/2.1; +http://www.google.com/bot.html) Chrome/148.0.7778.96 Safari/537.36"
66.249.64.165 - - [04/Jun/2026:15:18:20 +0200] "GET /wp-content/cache/wpfc-minified/1e78wxqt/4bjdx.js HTTP/1.1" 200 37592 "https://piacenza.elettroservicegroup.it/assistenza-lavatrici/" "Mozilla/5.0 (Linux; Android 6.0.1; Nexus 5X Build/MMB29P) AppleWebKit/537.36 (KHTML, like Gecko) Chrome/148.0.7778.96 Mobile Safari/537.36 (compatible; Googlebot/2.1; +http://www.google.com/bot.html)"
66.249.64.165 - - [04/Jun/2026:15:18:22 +0200] "GET /wp-includes/js/jquery/ui/core.min.js?ver=1.13.3 HTTP/1.1" 200 6820 "https://piacenza.elettroservicegroup.it/assistenza-lavatrici/" "Mozilla/5.0 (Linux; Android 6.0.1; Nexus 5X Build/MMB29P) AppleWebKit/537.36 (KHTML, like Gecko) Chrome/148.0.7778.96 Mobile Safari/537.36 (compatible; Googlebot/2.1; +http://www.google.com/bot.html)"
66.249.64.165 - - [04/Jun/2026:15:18:22 +0200] "GET /wp-content/plugins/elementor/assets/js/frontend.min.js?ver=4.1.1 HTTP/1.1" 200 10140 "https://piacenza.elettroservicegroup.it/assistenza-lavatrici/" "Mozilla/5.0 (Linux; Android 6.0.1; Nexus 5X Build/MMB29P) AppleWebKit/537.36 (KHTML, like Gecko) Chrome/148.0.7778.96 Mobile Safari/537.36 (compatible; Googlebot/2.1; +http://www.google.com/bot.html)"
66.249.64.165 - - [04/Jun/2026:15:18:22 +0200] "GET /wp-includes/js/jquery/ui/core.min.js?ver=1.13.3 HTTP/1.1" 200 6820 "https://piacenza.elettroservicegroup.it/assistenza-lavatrici/" "Mozilla/5.0 AppleWebKit/537.36 (KHTML, like Gecko; compatible; Googlebot/2.1; +http://www.google.com/bot.html) Chrome/148.0.7778.96 Safari/537.36"
66.249.64.165 - - [04/Jun/2026:15:18:22 +0200] "GET /wp-content/plugins/elementor/assets/js/frontend.min.js?ver=4.1.1 HTTP/1.1" 200 10140 "https://piacenza.elettroservicegroup.it/assistenza-lavatrici/" "Mozilla/5.0 AppleWebKit/537.36 (KHTML, like Gecko; compatible; Googlebot/2.1; +http://www.google.com/bot.html) Chrome/148.0.7778.96 Safari/537.36"
66.249.64.165 - - [04/Jun/2026:15:18:23 +0200] "GET /wp-content/plugins/complianz-gdpr-premium/cookiebanner/js/complianz.min.js?ver=1778112000 HTTP/1.1" 200 10708 "https://piacenza.elettroservicegroup.it/assistenza-lavatrici/" "Mozilla/5.0 AppleWebKit/537.36 (KHTML, like Gecko; compatible; Googlebot/2.1; +http://www.google.com/bot.html) Chrome/148.0.7778.96 Safari/537.36"
66.249.64.165 - - [04/Jun/2026:15:18:24 +0200] "GET /wp-content/plugins/complianz-gdpr-premium/cookiebanner/js/complianz.min.js?ver=1778112000 HTTP/1.1" 200 10708 "https://piacenza.elettroservicegroup.it/assistenza-lavatrici/" "Mozilla/5.0 (Linux; Android 6.0.1; Nexus 5X Build/MMB29P) AppleWebKit/537.36 (KHTML, like Gecko) Chrome/148.0.7778.96 Mobile Safari/537.36 (compatible; Googlebot/2.1; +http://www.google.com/bot.html)"
65.108.235.243 - - [04/Jun/2026:15:18:30 +0200] "POST /wp-cron.php?doing_wp_cron=1780579110.0900690555572509765625 HTTP/1.1" 200 1 "-" "WordPress/7.0; https://piacenza.elettroservicegroup.it"
66.249.64.165 - - [04/Jun/2026:15:18:25 +0200] "GET /wp-json/complianz/v1/banner?lang=it&locale=it_IT&token=elxap HTTP/1.1" 200 84 "https://piacenza.elettroservicegroup.it/assistenza-lavatrici/" "Mozilla/5.0 (Linux; Android 6.0.1; Nexus 5X Build/MMB29P) AppleWebKit/537.36 (KHTML, like Gecko) Chrome/148.0.7778.96 Mobile Safari/537.36 (compatible; Googlebot/2.1; +http://www.google.com/bot.html)"
66.249.64.165 - - [04/Jun/2026:15:18:30 +0200] "GET /wp-json/complianz/v1/cookie_data HTTP/1.1" 200 69 "https://piacenza.elettroservicegroup.it/assistenza-lavatrici/" "Mozilla/5.0 (Linux; Android 6.0.1; Nexus 5X Build/MMB29P) AppleWebKit/537.36 (KHTML, like Gecko) Chrome/148.0.7778.96 Mobile Safari/537.36 (compatible; Googlebot/2.1; +http://www.google.com/bot.html)"
66.249.64.165 - - [04/Jun/2026:15:18:37 +0200] "GET /wp-json/complianz/v1/banner?lang=it&locale=it_IT&token=elxap HTTP/1.1" 200 84 "https://piacenza.elettroservicegroup.it/assistenza-lavatrici/" "Mozilla/5.0 AppleWebKit/537.36 (KHTML, like Gecko; compatible; Googlebot/2.1; +http://www.google.com/bot.html) Chrome/148.0.7778.96 Safari/537.36"
66.249.64.165 - - [04/Jun/2026:15:18:40 +0200] "GET /wp-content/plugins/elementor/assets/js/shared-frontend-handlers.03caa53373b56d3bab67.bundle.min.js HTTP/1.1" 200 2515 "https://piacenza.elettroservicegroup.it/assistenza-lavatrici/" "Mozilla/5.0 (Linux; Android 6.0.1; Nexus 5X Build/MMB29P) AppleWebKit/537.36 (KHTML, like Gecko) Chrome/148.0.7778.96 Mobile Safari/537.36 (compatible; Googlebot/2.1; +http://www.google.com/bot.html)"
66.249.64.165 - - [04/Jun/2026:15:18:40 +0200] "GET /wp-content/plugins/elementor/assets/js/section-frontend-handlers.d85ab872da118940910d.bundle.min.js HTTP/1.1" 200 230 "https://piacenza.elettroservicegroup.it/assistenza-lavatrici/" "Mozilla/5.0 (Linux; Android 6.0.1; Nexus 5X Build/MMB29P) AppleWebKit/537.36 (KHTML, like Gecko) Chrome/148.0.7778.96 Mobile Safari/537.36 (compatible; Googlebot/2.1; +http://www.google.com/bot.html)"
216.73.217.169 - - [04/Jun/2026:15:23:17 +0200] "GET /wp-content/uploads/2021/10/forno-elettrico-300x300.jpg HTTP/2.0" 200 12943 "-" "Mozilla/5.0 AppleWebKit/537.36 (KHTML, like Gecko; compatible; ClaudeBot/1.0; +claudebot@anthropic.com)"
216.73.217.169 - - [04/Jun/2026:15:24:58 +0200] "GET /assistenza-lavatrici/forno-elettrico-ad-incasso HTTP/2.0" 301 1 "-" "Mozilla/5.0 AppleWebKit/537.36 (KHTML, like Gecko; compatible; ClaudeBot/1.0; +claudebot@anthropic.com)"
65.108.235.243 - - [04/Jun/2026:15:25:01 +0200] "POST /wp-cron.php?doing_wp_cron=1780579501.1776769161224365234375 HTTP/1.1" 200 1 "-" "WordPress/7.0; https://piacenza.elettroservicegroup.it"
216.73.217.169 - - [04/Jun/2026:15:24:58 +0200] "GET /white-air-conditioning-and-a-stream-of-fresh-cold-air-on-a-background-of-a-gray-wall-the-concept-of-heat-cool-air-cooling-freshness-3 HTTP/2.0" 301 1 "-" "Mozilla/5.0 AppleWebKit/537.36 (KHTML, like Gecko; compatible; ClaudeBot/1.0; +claudebot@anthropic.com)"
216.73.217.169 - - [04/Jun/2026:15:24:58 +0200] "GET /quels-sont-les-delais-moyens-de-paiement-sur-gxmble-casino/ HTTP/2.0" 404 16203 "-" "Mozilla/5.0 AppleWebKit/537.36 (KHTML, like Gecko; compatible; ClaudeBot/1.0; +claudebot@anthropic.com)"
216.73.217.169 - - [04/Jun/2026:15:25:01 +0200] "GET /assistenza-lavatrici/forno-elettrico-ad-incasso/ HTTP/2.0" 200 17082 "https://piacenza.elettroservicegroup.it/assistenza-lavatrici/forno-elettrico-ad-incasso" "Mozilla/5.0 AppleWebKit/537.36 (KHTML, like Gecko; compatible; ClaudeBot/1.0; +claudebot@anthropic.com)"
216.73.217.169 - - [04/Jun/2026:15:25:01 +0200] "GET /white-air-conditioning-and-a-stream-of-fresh-cold-air-on-a-background-of-a-gray-wall-the-concept-of-heat-cool-air-cooling-freshness-3/ HTTP/2.0" 200 17354 "https://piacenza.elettroservicegroup.it/white-air-conditioning-and-a-stream-of-fresh-cold-air-on-a-background-of-a-gray-wall-the-concept-of-heat-cool-air-cooling-freshness-3" "Mozilla/5.0 AppleWebKit/537.36 (KHTML, like Gecko; compatible; ClaudeBot/1.0; +claudebot@anthropic.com)"
65.108.235.243 - - [04/Jun/2026:15:25:03 +0200] "GET /imprint/ HTTP/1.1" 200 17079 "-" "WP Fastest Cache Preload Bot"
65.108.235.243 - - [04/Jun/2026:15:25:06 +0200] "GET /dichiarazione-sulla-privacy-ue/ HTTP/1.1" 200 19576 "-" "WP Fastest Cache Preload Bot"
65.108.235.243 - - [04/Jun/2026:15:25:08 +0200] "GET /assistenza-whirlpool-piacenza/ HTTP/1.1" 200 21744 "-" "WP Fastest Cache Preload Bot"
65.108.235.243 - - [04/Jun/2026:15:25:11 +0200] "GET /assistenza-smeg-piacenza/ HTTP/1.1" 200 21688 "-" "WP Fastest Cache Preload Bot"
216.73.217.169 - - [04/Jun/2026:15:25:12 +0200] "GET /assistenza-lavatrici/assistenza-elettrodomestici-milano HTTP/2.0" 404 16180 "-" "Mozilla/5.0 AppleWebKit/537.36 (KHTML, like Gecko; compatible; ClaudeBot/1.0; +claudebot@anthropic.com)"
65.108.235.243 - - [04/Jun/2026:15:30:15 +0200] "POST /wp-cron.php?doing_wp_cron=1780579815.1783030033111572265625 HTTP/1.1" 200 1 "-" "WordPress/7.0; https://piacenza.elettroservicegroup.it"
72.63.108.209 - - [04/Jun/2026:15:30:13 +0200] "GET /wp-content/uploads/2022/01/H-ARISTON-300x224.png HTTP/2.0" 404 84187 "https://piacenza.elettroservicegroup.it/assistenza-ariston-piacenza/" "Mozilla/5.0 (Macintosh; Intel Mac OS X 10_15_7) AppleWebKit/537.36 (KHTML, like Gecko) Chrome/130.0.0.0 Safari/537.36"
65.108.235.243 - - [04/Jun/2026:15:30:15 +0200] "GET /assistenza-siemens-piacenza/ HTTP/1.1" 200 21868 "-" "WP Fastest Cache Preload Bot"
65.108.235.243 - - [04/Jun/2026:15:30:16 +0200] "GET /assistenza-rex-electrolux-piacenza/ HTTP/1.1" 200 21732 "-" "WP Fastest Cache Preload Bot"
65.108.235.243 - - [04/Jun/2026:15:30:16 +0200] "GET /assistenza-miele-piacenza/ HTTP/1.1" 200 21974 "-" "WP Fastest Cache Preload Bot"
65.108.235.243 - - [04/Jun/2026:15:30:17 +0200] "GET /assistenza-lavatrici-whirlpool-piacenza/ HTTP/1.1" 200 21845 "-" "WP Fastest Cache Preload Bot"
135.181.131.91 - - [04/Jun/2026:15:36:46 +0200] "GET /wp-login.php HTTP/1.1" 200 11872 "-" "Mozilla/5.0 (Windows NT 10.0; Win64; x64) AppleWebKit/537.36 (KHTML, like Gecko) Chrome/124.0.0.0 Safari/537.36"
135.181.131.91 - - [04/Jun/2026:15:36:46 +0200] "POST /wp-login.php HTTP/1.1" 200 11872 "https://piacenza.elettroservicegroup.it/wp-login.php" "Mozilla/5.0 (Windows NT 10.0; Win64; x64) AppleWebKit/537.36 (KHTML, like Gecko) Chrome/124.0.0.0 Safari/537.36"
135.181.131.91 - - [04/Jun/2026:15:36:46 +0200] "GET /wp-admin/ HTTP/1.1" 200 11871 "-" "Mozilla/5.0 (Windows NT 10.0; Win64; x64) AppleWebKit/537.36 (KHTML, like Gecko) Chrome/124.0.0.0 Safari/537.36"
216.73.217.169 - - [04/Jun/2026:15:37:04 +0200] "GET /wp-content/uploads/elementor/google-fonts/css/robotoslab.css HTTP/2.0" 200 718 "-" "Mozilla/5.0 AppleWebKit/537.36 (KHTML, like Gecko; compatible; ClaudeBot/1.0; +claudebot@anthropic.com)"
216.73.217.169 - - [04/Jun/2026:15:37:04 +0200] "GET /wp-content/uploads/elementor/google-fonts/css/roboto.css HTTP/2.0" 200 1886 "-" "Mozilla/5.0 AppleWebKit/537.36 (KHTML, like Gecko; compatible; ClaudeBot/1.0; +claudebot@anthropic.com)"
65.108.235.243 - - [04/Jun/2026:15:39:12 +0200] "GET /assistenza-lavatrici-smeg-piacenza/ HTTP/1.1" 200 21592 "-" "WP Fastest Cache Preload Bot"
65.108.235.243 - - [04/Jun/2026:15:39:14 +0200] "GET /assistenza-lavatrici-rex-electrolux-piacenza/ HTTP/1.1" 200 21561 "-" "WP Fastest Cache Preload Bot"
65.108.235.243 - - [04/Jun/2026:15:39:16 +0200] "GET /assistenza-lavatrici-indesit-piacenza/ HTTP/1.1" 200 21585 "-" "WP Fastest Cache Preload Bot"
65.108.235.243 - - [04/Jun/2026:15:39:17 +0200] "GET /assistenza-lavatrici-bosch-piacenza/ HTTP/1.1" 200 21633 "-" "WP Fastest Cache Preload Bot"
216.73.217.169 - - [04/Jun/2026:15:41:23 +0200] "GET /wp-content/cache/wpfc-minified/9h35mpo4/4bjdx.css HTTP/2.0" 200 4410 "-" "Mozilla/5.0 AppleWebKit/537.36 (KHTML, like Gecko; compatible; ClaudeBot/1.0; +claudebot@anthropic.com)"
216.73.217.169 - - [04/Jun/2026:15:41:23 +0200] "GET /wp-content/cache/wpfc-minified/eujroqks/4bjdx.css HTTP/2.0" 200 16488 "-" "Mozilla/5.0 AppleWebKit/537.36 (KHTML, like Gecko; compatible; ClaudeBot/1.0; +claudebot@anthropic.com)"
216.73.217.169 - - [04/Jun/2026:15:41:23 +0200] "GET /wp-content/cache/wpfc-minified/6ykfum2g/4bjdx.css HTTP/2.0" 200 14492 "-" "Mozilla/5.0 AppleWebKit/537.36 (KHTML, like Gecko; compatible; ClaudeBot/1.0; +claudebot@anthropic.com)"
65.108.235.243 - - [04/Jun/2026:15:41:24 +0200] "POST /wp-cron.php?doing_wp_cron=1780580484.6539239883422851562500 HTTP/1.1" 200 1 "-" "WordPress/7.0; https://piacenza.elettroservicegroup.it"
216.73.217.169 - - [04/Jun/2026:15:41:23 +0200] "GET /?p=15682 HTTP/2.0" 301 1 "-" "Mozilla/5.0 AppleWebKit/537.36 (KHTML, like Gecko; compatible; ClaudeBot/1.0; +claudebot@anthropic.com)"
216.73.217.169 - - [04/Jun/2026:15:41:24 +0200] "GET /copertina-riparazione_lavastoviglie-3/ HTTP/2.0" 200 17089 "https://piacenza.elettroservicegroup.it/?p=15682" "Mozilla/5.0 AppleWebKit/537.36 (KHTML, like Gecko; compatible; ClaudeBot/1.0; +claudebot@anthropic.com)"
65.108.235.243 - - [04/Jun/2026:15:41:24 +0200] "GET /assistenza-lavatrici-ariston-piacenza/ HTTP/1.1" 200 21651 "-" "WP Fastest Cache Preload Bot"
65.108.235.243 - - [04/Jun/2026:15:41:25 +0200] "GET /assistenza-lavatrici-aeg-piacenza/ HTTP/1.1" 200 21650 "-" "WP Fastest Cache Preload Bot"
65.108.235.243 - - [04/Jun/2026:15:41:25 +0200] "GET /assistenza-lavatrici-piacenza/ HTTP/1.1" 200 21904 "-" "WP Fastest Cache Preload Bot"
65.108.235.243 - - [04/Jun/2026:15:41:26 +0200] "GET /assistenza-lavastoviglie-whirlpool-piacenza/ HTTP/1.1" 200 21598 "-" "WP Fastest Cache Preload Bot"
216.73.217.169 - - [04/Jun/2026:15:41:26 +0200] "GET /sitemap.rss HTTP/2.0" 200 1299 "-" "Mozilla/5.0 AppleWebKit/537.36 (KHTML, like Gecko; compatible; ClaudeBot/1.0; +claudebot@anthropic.com)"
34.55.154.162 - - [04/Jun/2026:15:42:14 +0200] "GET / HTTP/2.0" 200 23580 "http://www.piacenza.elettroservicegroup.it" "Mozilla/5.0 (compatible; CMS-Checker/1.0; +https://example.com)"
65.108.235.243 - - [04/Jun/2026:15:54:16 +0200] "POST /wp-cron.php?doing_wp_cron=1780581256.7754640579223632812500 HTTP/1.1" 200 1 "-" "WordPress/7.0; https://piacenza.elettroservicegroup.it"
122.8.93.165 - - [04/Jun/2026:15:54:06 +0200] "GET /wp-login.php HTTP/1.1" 200 3047 "-" "Mozilla/5.0 (Macintosh; Intel Mac OS X 14_7_4) AppleWebKit/605.1.15 (KHTML, like Gecko) Version/18.3 Safari/605.1.15"
122.8.93.165 - - [04/Jun/2026:15:54:17 +0200] "GET /wp-login.php HTTP/1.1" 200 3047 "-" "Mozilla/5.0 (Macintosh; Intel Mac OS X 14_7_4) AppleWebKit/605.1.15 (KHTML, like Gecko) Version/18.3 Safari/605.1.15"
122.8.93.165 - - [04/Jun/2026:15:54:18 +0200] "GET /wp-login.php HTTP/1.1" 200 3047 "-" "Mozilla/5.0 (Macintosh; Intel Mac OS X 14_7_4) AppleWebKit/605.1.15 (KHTML, like Gecko) Version/18.3 Safari/605.1.15"
122.8.93.165 - - [04/Jun/2026:15:54:18 +0200] "GET /wp-login.php HTTP/1.1" 200 3047 "-" "Mozilla/5.0 (Macintosh; Intel Mac OS X 14_7_4) AppleWebKit/605.1.15 (KHTML, like Gecko) Version/18.3 Safari/605.1.15"
65.108.235.243 - - [04/Jun/2026:15:54:18 +0200] "GET /assistenza-lavastoviglie-smeg-piacenza/ HTTP/1.1" 200 21548 "-" "WP Fastest Cache Preload Bot"
122.8.93.165 - - [04/Jun/2026:15:54:19 +0200] "GET /wp-login.php HTTP/1.1" 200 3047 "-" "Mozilla/5.0 (Macintosh; Intel Mac OS X 14_7_4) AppleWebKit/605.1.15 (KHTML, like Gecko) Version/18.3 Safari/605.1.15"
65.108.235.243 - - [04/Jun/2026:15:54:19 +0200] "GET /assistenza-lavastoviglie-rex-electrolux-piacenza/ HTTP/1.1" 200 21513 "-" "WP Fastest Cache Preload Bot"
65.108.235.243 - - [04/Jun/2026:15:54:19 +0200] "GET /assistenza-lavastoviglie-indesit-piacenza/ HTTP/1.1" 200 22012 "-" "WP Fastest Cache Preload Bot"
122.8.93.165 - - [04/Jun/2026:15:54:19 +0200] "POST /wp-login.php HTTP/1.1" 200 3190 "-" "Mozilla/5.0 (Macintosh; Intel Mac OS X 14_7_4) AppleWebKit/605.1.15 (KHTML, like Gecko) Version/18.3 Safari/605.1.15"
65.108.235.243 - - [04/Jun/2026:15:54:20 +0200] "GET /assistenza-lavastoviglie-bosch-piacenza/ HTTP/1.1" 200 22032 "-" "WP Fastest Cache Preload Bot"
122.8.93.165 - - [04/Jun/2026:15:54:20 +0200] "GET /wp-admin/post-new.php HTTP/1.1" 302 - "-" "Mozilla/5.0 (Macintosh; Intel Mac OS X 14_7_4) AppleWebKit/605.1.15 (KHTML, like Gecko) Version/18.3 Safari/605.1.15"
122.8.93.165 - - [04/Jun/2026:15:54:20 +0200] "GET /wp-login.php?redirect_to=https://piacenza.elettroservicegroup.it/wp-admin/post-new.php&reauth=1 HTTP/1.1" 200 3050 "-" "Mozilla/5.0 (Macintosh; Intel Mac OS X 14_7_4) AppleWebKit/605.1.15 (KHTML, like Gecko) Version/18.3 Safari/605.1.15"
122.8.93.165 - - [04/Jun/2026:15:54:21 +0200] "GET /wp-admin/post-new.php HTTP/1.1" 302 - "-" "Mozilla/5.0 (Macintosh; Intel Mac OS X 14_7_4) AppleWebKit/605.1.15 (KHTML, like Gecko) Version/18.3 Safari/605.1.15"
122.8.93.165 - - [04/Jun/2026:15:54:21 +0200] "GET /wp-login.php?redirect_to=https://piacenza.elettroservicegroup.it/wp-admin/post-new.php&reauth=1 HTTP/1.1" 200 3050 "-" "Mozilla/5.0 (Macintosh; Intel Mac OS X 14_7_4) AppleWebKit/605.1.15 (KHTML, like Gecko) Version/18.3 Safari/605.1.15"
122.8.93.165 - - [04/Jun/2026:15:54:22 +0200] "POST /wp-admin/post.php HTTP/1.1" 302 - "-" "Mozilla/5.0 (Macintosh; Intel Mac OS X 14_7_4) AppleWebKit/605.1.15 (KHTML, like Gecko) Version/18.3 Safari/605.1.15"
122.8.93.165 - - [04/Jun/2026:15:54:24 +0200] "GET /wp-login.php?redirect_to=https://piacenza.elettroservicegroup.it/wp-admin/post.php&reauth=1 HTTP/1.1" 200 3047 "-" "Mozilla/5.0 (Macintosh; Intel Mac OS X 14_7_4) AppleWebKit/605.1.15 (KHTML, like Gecko) Version/18.3 Safari/605.1.15"
122.8.93.165 - - [04/Jun/2026:15:54:25 +0200] "GET /wp-json/wp/v2/posts/None HTTP/1.1" 404 136 "-" "Mozilla/5.0 (Macintosh; Intel Mac OS X 14_7_4) AppleWebKit/605.1.15 (KHTML, like Gecko) Version/18.3 Safari/605.1.15"
9.142.47.152 - - [04/Jun/2026:15:57:00 +0200] "GET /novedades-en-la-seccion-de-bonos-exclusivos-de-711-casino-para-este-ano/ HTTP/1.1" 507 559 "-" "Python/3.13 aiohttp/3.13.3"
9.142.47.152 - - [04/Jun/2026:15:57:00 +0200] "GET /les-raisons-pour-lesquelles-zet-casino-reste-populaire-parmi-les-joueurs/ HTTP/1.1" 507 559 "-" "Python/3.13 aiohttp/3.13.3"
9.142.47.152 - - [04/Jun/2026:15:57:00 +0200] "GET /how-to-join-joy-casino-vip-club-and-enjoy-exclusive-perks/ HTTP/1.1" 507 559 "-" "Python/3.13 aiohttp/3.13.3"
9.142.47.152 - - [04/Jun/2026:15:57:00 +0200] "GET /como-funcionan-los-bonos-sin-deposito-en-casino-midas/ HTTP/1.1" 507 559 "-" "Python/3.13 aiohttp/3.13.3"
9.142.47.152 - - [04/Jun/2026:15:57:00 +0200] "GET /pourquoi-il-est-essentiel-de-bien-comprendre-les-regles-des-bonus-olympe-casino/ HTTP/1.1" 507 559 "-" "Python/3.13 aiohttp/3.13.3"
9.142.47.152 - - [04/Jun/2026:15:57:00 +0200] "GET /real-stories-of-success-and-luck-from-mrgreen-casino-players/ HTTP/1.1" 507 559 "-" "Python/3.13 aiohttp/3.13.3"
9.142.47.152 - - [04/Jun/2026:15:57:01 +0200] "GET /roobet-casino-fiabilite-securite-et-licence-expliquees-clairement/ HTTP/1.1" 507 559 "-" "Python/3.13 aiohttp/3.13.3"
9.142.47.152 - - [04/Jun/2026:15:57:01 +0200] "GET /aplicacion-oficial-de-sg-casino-funciona-en-android-ios-descubre-sus-ventajas/ HTTP/1.1" 507 559 "-" "Python/3.13 aiohttp/3.13.3"
9.142.47.152 - - [04/Jun/2026:15:57:01 +0200] "GET /comparativa-entre-locowin-casino-y-otras-plataformas-de-juego/ HTTP/1.1" 507 559 "-" "Python/3.13 aiohttp/3.13.3"
9.142.47.152 - - [04/Jun/2026:15:57:01 +0200] "GET /comment-recuperer-un-mot-de-passe-oublie-sur-spinit-casino-facilement/ HTTP/1.1" 507 559 "-" "Python/3.13 aiohttp/3.13.3"
9.142.47.152 - - [04/Jun/2026:15:57:01 +0200] "GET /les-astuces-pour-profiter-pleinement-du-cashback-chez-ruby-slots-casino/ HTTP/1.1" 507 559 "-" "Python/3.13 aiohttp/3.13.3"
9.142.47.152 - - [04/Jun/2026:15:57:01 +0200] "GET /trucs-et-astuces-pour-debutants-sur-lucky8-casino-pour-bien-demarrer/ HTTP/1.1" 507 559 "-" "Python/3.13 aiohttp/3.13.3"
9.142.47.152 - - [04/Jun/2026:15:57:01 +0200] "GET /quels-sont-les-criteres-essentiels-pour-evaluer-nine-casino/ HTTP/1.1" 507 559 "-" "Python/3.13 aiohttp/3.13.3"
9.142.47.152 - - [04/Jun/2026:15:57:01 +0200] "GET /comment-gerer-ses-limites-de-depot-sur-black-label-casino-efficacement/ HTTP/1.1" 507 559 "-" "Python/3.13 aiohttp/3.13.3"
9.142.47.152 - - [04/Jun/2026:15:57:02 +0200] "GET /est-ce-que-slotsvil-casino-propose-un-mode-demo-pour-decouvrir-les-jeux/ HTTP/1.1" 507 559 "-" "Python/3.13 aiohttp/3.13.3"
9.142.47.152 - - [04/Jun/2026:15:57:02 +0200] "GET /les-nouveautes-des-promotions-space-fortuna-casino-cette-annee/ HTTP/1.1" 507 559 "-" "Python/3.13 aiohttp/3.13.3"
9.142.47.152 - - [04/Jun/2026:15:57:02 +0200] "GET /have-you-tried-verywell-casino-new-promotions/ HTTP/1.1" 507 559 "-" "Python/3.13 aiohttp/3.13.3"
9.142.47.152 - - [04/Jun/2026:15:57:02 +0200] "GET /est-ce-quun-debutant-peut-facilement-sy-retrouver-sur-spinsy-casino/ HTTP/1.1" 507 559 "-" "Python/3.13 aiohttp/3.13.3"
9.142.47.152 - - [04/Jun/2026:15:57:02 +0200] "GET /mobile-casino-features-that-make-captain-cooks-casino-stand-out/ HTTP/1.1" 507 559 "-" "Python/3.13 aiohttp/3.13.3"
9.142.47.152 - - [04/Jun/2026:15:57:02 +0200] "GET /reglas-y-estrategias-para-triunfar-jugando-blackjack-en-spinmama-casino-online/ HTTP/1.1" 507 559 "-" "Python/3.13 aiohttp/3.13.3"
9.142.47.152 - - [04/Jun/2026:15:57:02 +0200] "GET /tutorial-para-actualizar-datos-personales-y-documentos-en-wazamba-casino/ HTTP/1.1" 507 559 "-" "Python/3.13 aiohttp/3.13.3"
9.142.47.152 - - [04/Jun/2026:15:57:02 +0200] "GET /les-bonus-anniversaire-chez-prince-ali-casino-valent-ils-le-coup-en-2026/ HTTP/1.1" 507 559 "-" "Python/3.13 aiohttp/3.13.3"
9.142.47.152 - - [04/Jun/2026:15:57:03 +0200] "GET /es-fiable-paradise-8-casino-para-jugar-con-tranquilidad/ HTTP/1.1" 507 559 "-" "Python/3.13 aiohttp/3.13.3"
9.142.47.152 - - [04/Jun/2026:15:57:03 +0200] "GET /novedades-en-tragamonedas-y-juegos-nuevos-que-llegaran-a-winnita-casino-pronto/ HTTP/1.1" 507 559 "-" "Python/3.13 aiohttp/3.13.3"
9.142.47.152 - - [04/Jun/2026:15:57:03 +0200] "GET /les-fournisseurs-de-jeux-les-plus-populaires-chez-olympe-casino/ HTTP/1.1" 507 559 "-" "Python/3.13 aiohttp/3.13.3"
9.142.47.152 - - [04/Jun/2026:15:57:03 +0200] "GET /bono-sin-deposito-en-lowen-play-casino-guia-para-nuevos-usuarios/ HTTP/1.1" 507 559 "-" "Python/3.13 aiohttp/3.13.3"
9.142.47.152 - - [04/Jun/2026:15:57:03 +0200] "GET /goldenbet-comment-se-premunir-contre-les-fraudes-et-arnaques-en-ligne/ HTTP/1.1" 507 559 "-" "Python/3.13 aiohttp/3.13.3"
9.142.47.152 - - [04/Jun/2026:15:57:03 +0200] "GET /estrategias-para-usar-el-bono-inicial-en-pistolo-casino-con-exito/ HTTP/1.1" 507 559 "-" "Python/3.13 aiohttp/3.13.3"
9.142.47.152 - - [04/Jun/2026:15:57:04 +0200] "GET /metodos-de-pago-populares-y-seguros-para-depositar-en-amunra-casino/ HTTP/1.1" 507 559 "-" "Python/3.13 aiohttp/3.13.3"
9.142.47.152 - - [04/Jun/2026:15:57:04 +0200] "GET /pourquoi-les-joueurs-plebiscitent-all-wins-casino-pour-la-securite/ HTTP/1.1" 507 559 "-" "Python/3.13 aiohttp/3.13.3"
9.142.47.152 - - [04/Jun/2026:15:57:04 +0200] "GET /how-to-enjoy-golden-genie-casino-gaming-on-your-smartphone/ HTTP/1.1" 507 559 "-" "Python/3.13 aiohttp/3.13.3"
9.142.47.152 - - [04/Jun/2026:15:57:05 +0200] "GET /bizzo-casino-es-adecuado-para-principiantes-interesado-en-la-usabilidad/ HTTP/1.1" 507 559 "-" "Python/3.13 aiohttp/3.13.3"
9.142.47.152 - - [04/Jun/2026:15:57:05 +0200] "GET /comment-gerer-efficacement-ses-promotions-sur-cbet/ HTTP/1.1" 507 559 "-" "Python/3.13 aiohttp/3.13.3"
9.142.47.152 - - [04/Jun/2026:15:57:05 +0200] "GET /discovering-333-casino-a-comprehensive-guide/ HTTP/1.1" 507 559 "-" "Python/3.13 aiohttp/3.13.3"
9.142.47.152 - - [04/Jun/2026:15:57:06 +0200] "GET /existe-bono-especial-para-usuarios-recurrentes-en-paradise-8-casino/ HTTP/1.1" 507 559 "-" "Python/3.13 aiohttp/3.13.3"
9.142.47.152 - - [04/Jun/2026:15:57:06 +0200] "GET /casino-770-decouvrez-une-plateforme-complete-et-moderne/ HTTP/1.1" 507 559 "-" "Python/3.13 aiohttp/3.13.3"
9.142.47.152 - - [04/Jun/2026:15:57:06 +0200] "GET /comment-suivre-son-historique-de-jeu-et-de-transactions-sur-ra-casino-en-ligne/ HTTP/1.1" 507 559 "-" "Python/3.13 aiohttp/3.13.3"
9.142.47.152 - - [04/Jun/2026:15:57:06 +0200] "GET /shiny-wilds-casino-prevoit-il-des-tournois-avec-des-prix-attractifs-regulierement/ HTTP/1.1" 507 559 "-" "Python/3.13 aiohttp/3.13.3"
9.142.47.152 - - [04/Jun/2026:15:57:07 +0200] "GET /securite-ssl-et-protection-des-donnees-personnelles-sur-wonaco-casino-fiable/ HTTP/1.1" 507 559 "-" "Python/3.13 aiohttp/3.13.3"
9.142.47.152 - - [04/Jun/2026:15:56:56 +0200] "GET /space-fortuna-casino-un-univers-de-jeu-innovant-et-securise/ HTTP/1.1" 404 84229 "-" "Python/3.13 aiohttp/3.13.3"
9.142.47.152 - - [04/Jun/2026:15:56:55 +0200] "GET /comment-modifier-ses-informations-personnelles-sur-nv-casino-sans-probleme/ HTTP/1.1" 404 84319 "-" "Python/3.13 aiohttp/3.13.3"
9.142.47.152 - - [04/Jun/2026:15:56:58 +0200] "GET /est-ce-que-twin-casino-propose-des-tournois-interessants/ HTTP/1.1" 404 84211 "-" "Python/3.13 aiohttp/3.13.3"
9.142.47.152 - - [04/Jun/2026:15:56:54 +0200] "GET /options-de-paiement-rapide-et-securisees-sur-casino-intense-expliquees/ HTTP/1.1" 404 84295 "-" "Python/3.13 aiohttp/3.13.3"
9.142.47.152 - - [04/Jun/2026:15:56:55 +0200] "GET /modalita-di-pagamento-su-unique-casino-spiegate-per-utenti-italiani/ HTTP/1.1" 404 84277 "-" "Python/3.13 aiohttp/3.13.3"
9.142.47.152 - - [04/Jun/2026:15:56:55 +0200] "GET /securiser-ses-transactions-bancaires-sur-mad-casino-guide-complet/ HTTP/1.1" 404 84265 "-" "Python/3.13 aiohttp/3.13.3"
9.142.47.152 - - [04/Jun/2026:15:56:56 +0200] "GET /les-slots-a-theme-riche-disponibles-sur-wild-dice-casino-pour-jouer/ HTTP/1.1" 404 84277 "-" "Python/3.13 aiohttp/3.13.3"
9.142.47.152 - - [04/Jun/2026:15:56:58 +0200] "GET /comment-deposer-avec-cryptomonnaie-sur-julius-casino-en-toute-securite/ HTTP/1.1" 404 84295 "-" "Python/3.13 aiohttp/3.13.3"
9.142.47.152 - - [04/Jun/2026:15:56:57 +0200] "GET /posido-casino-quels-sont-les-jeux-live-streaming-les-plus-populaires/ HTTP/1.1" 404 84283 "-" "Python/3.13 aiohttp/3.13.3"
9.142.47.152 - - [04/Jun/2026:15:56:59 +0200] "GET /les-regles-a-connaitre-avant-daccepter-un-bonus-legiano-casino/ HTTP/1.1" 404 84247 "-" "Python/3.13 aiohttp/3.13.3"
9.142.47.152 - - [04/Jun/2026:15:56:55 +0200] "GET /fatboss-casino-donne-t-il-acces-a-un-mode-demo-pour-tester-les-jeux/ HTTP/1.1" 404 84277 "-" "Python/3.13 aiohttp/3.13.3"
9.142.47.152 - - [04/Jun/2026:15:56:59 +0200] "GET /evitez-ces-erreurs-pour-reussir-vos-parties-sur-bassbet-casino-en-2024/ HTTP/1.1" 404 84295 "-" "Python/3.13 aiohttp/3.13.3"
9.142.47.152 - - [04/Jun/2026:15:56:56 +0200] "GET /jeton-rouge-casino-offre-t-il-un-acces-vip-reserve-aux-gros-joueurs/ HTTP/1.1" 404 84277 "-" "Python/3.13 aiohttp/3.13.3"
9.142.47.152 - - [04/Jun/2026:15:56:54 +0200] "GET /dublinbet-casino-un-apercu-complet-pour-les-joueurs-francophones/ HTTP/1.1" 404 84259 "-" "Python/3.13 aiohttp/3.13.3"
9.142.47.152 - - [04/Jun/2026:15:56:56 +0200] "GET /fast-payment-options-available-at-magius-casino-today/ HTTP/1.1" 404 84193 "-" "Python/3.13 aiohttp/3.13.3"
9.142.47.152 - - [04/Jun/2026:15:56:59 +0200] "GET /comment-bien-utiliser-le-bonus-de-depot-nv-casino-cette-annee/ HTTP/1.1" 404 84241 "-" "Python/3.13 aiohttp/3.13.3"
9.142.47.152 - - [04/Jun/2026:15:56:54 +0200] "GET /quels-sont-les-criteres-pour-choisir-un-jeu-fiable-sur-tiki-casino/ HTTP/1.1" 404 84271 "-" "Python/3.13 aiohttp/3.13.3"
9.142.47.152 - - [04/Jun/2026:15:56:54 +0200] "GET /top-5-des-methodes-de-paiement-recommandees-sur-casino-magius/ HTTP/1.1" 404 84241 "-" "Python/3.13 aiohttp/3.13.3"
9.142.47.152 - - [04/Jun/2026:15:56:58 +0200] "GET /quelles-sont-les-conditions-pour-obtenir-un-cashback-chez-alexander-casino/ HTTP/1.1" 404 84319 "-" "Python/3.13 aiohttp/3.13.3"
9.142.47.152 - - [04/Jun/2026:15:56:57 +0200] "GET /europe-fortune-casino-comment-acceder-au-live-chat-pour-assistance/ HTTP/1.1" 404 84271 "-" "Python/3.13 aiohttp/3.13.3"
9.142.47.152 - - [04/Jun/2026:15:56:54 +0200] "GET /quels-sont-les-delais-moyens-de-paiement-sur-gxmble-casino/ HTTP/1.1" 404 84223 "-" "Python/3.13 aiohttp/3.13.3"
65.108.235.243 - - [04/Jun/2026:15:57:09 +0200] "POST /wp-cron.php?doing_wp_cron=1780581429.1755959987640380859375 HTTP/1.1" 200 1 "-" "WordPress/7.0; https://piacenza.elettroservicegroup.it"
65.108.235.243 - - [04/Jun/2026:15:57:12 +0200] "GET /assistenza-lavastoviglie-ariston-piacenza/ HTTP/1.1" 200 21965 "-" "WP Fastest Cache Preload Bot"
65.108.235.243 - - [04/Jun/2026:15:57:15 +0200] "GET /assistenza-lavastoviglie-aeg-piacenza/ HTTP/1.1" 200 22028 "-" "WP Fastest Cache Preload Bot"
65.108.235.243 - - [04/Jun/2026:15:57:18 +0200] "GET /assistenza-lavastoviglie-piacenza/ HTTP/1.1" 200 21639 "-" "WP Fastest Cache Preload Bot"
65.108.235.243 - - [04/Jun/2026:15:57:21 +0200] "GET /assistenza-indesit-piacenza/ HTTP/1.1" 200 21684 "-" "WP Fastest Cache Preload Bot"
65.108.235.243 - - [04/Jun/2026:16:06:06 +0200] "POST /wp-cron.php?doing_wp_cron=1780581966.0073819160461425781250 HTTP/1.1" 200 1 "-" "WordPress/7.0; https://piacenza.elettroservicegroup.it"
216.73.217.169 - - [04/Jun/2026:16:06:04 +0200] "GET /robots.txt HTTP/2.0" 200 108 "-" "Mozilla/5.0 AppleWebKit/537.36 (KHTML, like Gecko; compatible; ClaudeBot/1.0; +claudebot@anthropic.com)"
65.108.235.243 - - [04/Jun/2026:16:06:06 +0200] "GET /assistenza-candy-piacenza/ HTTP/1.1" 200 21781 "-" "WP Fastest Cache Preload Bot"
65.108.235.243 - - [04/Jun/2026:16:06:06 +0200] "GET /assistenza-bosch-piacenza/ HTTP/1.1" 200 21781 "-" "WP Fastest Cache Preload Bot"
65.108.235.243 - - [04/Jun/2026:16:06:07 +0200] "GET /assistenza-ariston-piacenza/ HTTP/1.1" 200 21769 "-" "WP Fastest Cache Preload Bot"
65.108.235.243 - - [04/Jun/2026:16:06:07 +0200] "GET /assistenza-aeg-piacenza/ HTTP/1.1" 200 21774 "-" "WP Fastest Cache Preload Bot"
216.73.217.169 - - [04/Jun/2026:16:06:08 +0200] "GET /feed/?attachment_id=15743 HTTP/2.0" 200 409 "-" "Mozilla/5.0 AppleWebKit/537.36 (KHTML, like Gecko; compatible; ClaudeBot/1.0; +claudebot@anthropic.com)"
216.73.217.169 - - [04/Jun/2026:16:06:08 +0200] "GET /feed/?attachment_id=15727 HTTP/2.0" 200 408 "-" "Mozilla/5.0 AppleWebKit/537.36 (KHTML, like Gecko; compatible; ClaudeBot/1.0; +claudebot@anthropic.com)"
216.73.217.169 - - [04/Jun/2026:16:06:08 +0200] "GET /feed/?attachment_id=15699 HTTP/2.0" 200 390 "-" "Mozilla/5.0 AppleWebKit/537.36 (KHTML, like Gecko; compatible; ClaudeBot/1.0; +claudebot@anthropic.com)"
216.73.217.169 - - [04/Jun/2026:16:07:01 +0200] "GET /feed/?attachment_id=15845 HTTP/2.0" 200 405 "-" "Mozilla/5.0 AppleWebKit/537.36 (KHTML, like Gecko; compatible; ClaudeBot/1.0; +claudebot@anthropic.com)"
65.108.235.243 - - [04/Jun/2026:16:07:07 +0200] "POST /wp-cron.php?doing_wp_cron=1780582027.2731909751892089843750 HTTP/1.1" 200 1 "-" "WordPress/7.0; https://piacenza.elettroservicegroup.it"
216.73.217.169 - - [04/Jun/2026:16:07:01 +0200] "GET /feed/?attachment_id=15698 HTTP/2.0" 200 401 "-" "Mozilla/5.0 AppleWebKit/537.36 (KHTML, like Gecko; compatible; ClaudeBot/1.0; +claudebot@anthropic.com)"
65.108.235.243 - - [04/Jun/2026:16:32:44 +0200] "GET /cookie-policy/ HTTP/1.1" 200 17909 "-" "WP Fastest Cache Preload Bot"
65.108.235.243 - - [04/Jun/2026:16:32:46 +0200] "GET /termini-e-condizioni/ HTTP/1.1" 200 17463 "-" "WP Fastest Cache Preload Bot"
65.108.235.243 - - [04/Jun/2026:16:32:48 +0200] "GET /cookie-policy-ue/ HTTP/1.1" 200 19432 "-" "WP Fastest Cache Preload Bot"
65.108.235.243 - - [04/Jun/2026:16:32:51 +0200] "GET /informativa-privacy/ HTTP/1.1" 200 19706 "-" "WP Fastest Cache Preload Bot"
216.73.217.169 - - [04/Jun/2026:16:34:11 +0200] "GET /wp-content/uploads/2022/01/condizionatore-bonus-300x200.jpg HTTP/2.0" 200 7534 "-" "Mozilla/5.0 AppleWebKit/537.36 (KHTML, like Gecko; compatible; ClaudeBot/1.0; +claudebot@anthropic.com)"
65.108.235.243 - - [04/Jun/2026:16:37:12 +0200] "GET /assistenza-frigoriferi/ HTTP/1.1" 200 19779 "-" "WP Fastest Cache Preload Bot"
65.108.235.243 - - [04/Jun/2026:16:37:13 +0200] "GET /assistenza-lavastoviglie/ HTTP/1.1" 200 19832 "-" "WP Fastest Cache Preload Bot"
65.108.235.243 - - [04/Jun/2026:16:37:13 +0200] "GET /assistenza-asciugatrici/ HTTP/1.1" 200 19587 "-" "WP Fastest Cache Preload Bot"
34.55.154.162 - - [04/Jun/2026:16:37:13 +0200] "GET / HTTP/1.1" 200 158164 "-" "Mozilla/5.0 (Windows NT 10.0; Win64; x64) AppleWebKit/537.36 (KHTML, like Gecko) Chrome/78.0.3904.108 Safari/537.36"
65.108.235.243 - - [04/Jun/2026:16:37:14 +0200] "GET /assistenza-lavatrici/ HTTP/1.1" 200 19332 "-" "WP Fastest Cache Preload Bot"
34.55.154.162 - - [04/Jun/2026:16:37:14 +0200] "GET //wp-includes/wlwmanifest.xml HTTP/1.1" 301 - "-" "Mozilla/5.0 (Windows NT 10.0; Win64; x64) AppleWebKit/537.36 (KHTML, like Gecko) Chrome/78.0.3904.108 Safari/537.36"
34.55.154.162 - - [04/Jun/2026:16:37:15 +0200] "GET //xmlrpc.php?rsd HTTP/1.1" 403 52 "-" "Mozilla/5.0 (Windows NT 10.0; Win64; x64) AppleWebKit/537.36 (KHTML, like Gecko) Chrome/78.0.3904.108 Safari/537.36"
34.55.154.162 - - [04/Jun/2026:16:37:15 +0200] "GET / HTTP/1.1" 200 158164 "-" "Mozilla/5.0 (Windows NT 10.0; Win64; x64) AppleWebKit/537.36 (KHTML, like Gecko) Chrome/78.0.3904.108 Safari/537.36"
34.55.154.162 - - [04/Jun/2026:16:37:16 +0200] "GET //?author=1 HTTP/1.1" 404 71914 "-" "Mozilla/5.0 (Windows NT 10.0; Win64; x64) AppleWebKit/537.36 (KHTML, like Gecko) Chrome/78.0.3904.108 Safari/537.36"
34.55.154.162 - - [04/Jun/2026:16:37:17 +0200] "GET //?author=2 HTTP/1.1" 404 71914 "-" "Mozilla/5.0 (Windows NT 10.0; Win64; x64) AppleWebKit/537.36 (KHTML, like Gecko) Chrome/78.0.3904.108 Safari/537.36"
34.55.154.162 - - [04/Jun/2026:16:37:18 +0200] "GET //wp-json/wp/v2/users/ HTTP/1.1" 401 108 "-" "Mozilla/5.0 (Windows NT 10.0; Win64; x64) AppleWebKit/537.36 (KHTML, like Gecko) Chrome/78.0.3904.108 Safari/537.36"
34.55.154.162 - - [04/Jun/2026:16:37:18 +0200] "GET //wp-json/oembed/1.0/embed?url=https://piacenza.elettroservicegroup.it/ HTTP/1.1" 200 2228 "-" "Mozilla/5.0 (Windows NT 10.0; Win64; x64) AppleWebKit/537.36 (KHTML, like Gecko) Chrome/78.0.3904.108 Safari/537.36"
34.55.154.162 - - [04/Jun/2026:16:37:18 +0200] "POST //xmlrpc.php HTTP/1.1" 403 52 "-" "Mozilla/5.0 (Windows NT 10.0; Win64; x64) AppleWebKit/537.36 (KHTML, like Gecko) Chrome/78.0.3904.108 Safari/537.36"
216.73.217.169 - - [04/Jun/2026:16:39:29 +0200] "GET /wp-content/cache/wpfc-minified/lkeozi6d/4bjdx.css HTTP/2.0" 200 7521 "-" "Mozilla/5.0 AppleWebKit/537.36 (KHTML, like Gecko; compatible; ClaudeBot/1.0; +claudebot@anthropic.com)"
65.108.235.243 - - [04/Jun/2026:16:48:28 +0200] "POST /wp-cron.php?doing_wp_cron=1780584508.6096589565277099609375 HTTP/1.1" 200 1 "-" "WordPress/7.0; https://piacenza.elettroservicegroup.it"
40.77.167.187 - - [04/Jun/2026:16:48:24 +0200] "GET /robots.txt HTTP/2.0" 200 108 "-" "Mozilla/5.0 AppleWebKit/537.36 (KHTML, like Gecko; compatible; bingbot/2.0; +http://www.bing.com/bingbot.htm) Chrome/116.0.1938.76 Safari/537.36"
65.108.235.243 - - [04/Jun/2026:16:48:29 +0200] "GET / HTTP/1.1" 200 21703 "-" "WP Fastest Cache Preload Bot"
40.77.167.38 - - [04/Jun/2026:16:48:39 +0200] "GET /page-sitemap.xml HTTP/2.0" 200 1725 "-" "Mozilla/5.0 AppleWebKit/537.36 (KHTML, like Gecko; compatible; bingbot/2.0; +http://www.bing.com/bingbot.htm) Chrome/116.0.1938.76 Safari/537.36"
176.205.150.24 - - [04/Jun/2026:16:52:16 +0200] "POST /wp-json/wp/v2/posts HTTP/1.1" 401 121 "-" "Mozilla/5.0 (Windows NT 10.0; Win64; x64) AppleWebKit/537.36 (KHTML, like Gecko) Chrome/124.0 Safari/537.36"
176.205.150.24 - - [04/Jun/2026:16:52:26 +0200] "POST /wp-login.php HTTP/1.1" 200 10580 "-" "Mozilla/5.0 (Windows NT 10.0; Win64; x64) AppleWebKit/537.36 (KHTML, like Gecko) Chrome/124.0 Safari/537.36"
65.108.235.243 - - [04/Jun/2026:17:01:38 +0200] "POST /wp-cron.php?doing_wp_cron=1780585298.2777409553527832031250 HTTP/1.1" 200 1 "-" "WordPress/7.0; https://piacenza.elettroservicegroup.it"
216.73.217.169 - - [04/Jun/2026:17:01:34 +0200] "GET /?p=15743 HTTP/2.0" 301 1 "-" "Mozilla/5.0 AppleWebKit/537.36 (KHTML, like Gecko; compatible; ClaudeBot/1.0; +claudebot@anthropic.com)"
65.108.235.243 - - [04/Jun/2026:17:01:38 +0200] "POST /wp-cron.php?doing_wp_cron=1780585298.2777419090270996093750 HTTP/1.1" 200 1 "-" "WordPress/7.0; https://piacenza.elettroservicegroup.it"
216.73.217.169 - - [04/Jun/2026:17:01:34 +0200] "GET /?p=15727 HTTP/2.0" 301 1 "-" "Mozilla/5.0 AppleWebKit/537.36 (KHTML, like Gecko; compatible; ClaudeBot/1.0; +claudebot@anthropic.com)"
216.73.217.169 - - [04/Jun/2026:17:01:38 +0200] "GET /elettro4-5-1024x401/ HTTP/2.0" 200 17093 "https://piacenza.elettroservicegroup.it/?p=15743" "Mozilla/5.0 AppleWebKit/537.36 (KHTML, like Gecko; compatible; ClaudeBot/1.0; +claudebot@anthropic.com)"
216.73.217.169 - - [04/Jun/2026:17:01:38 +0200] "GET /elettro4-1-1024x401/ HTTP/2.0" 200 17093 "https://piacenza.elettroservicegroup.it/?p=15727" "Mozilla/5.0 AppleWebKit/537.36 (KHTML, like Gecko; compatible; ClaudeBot/1.0; +claudebot@anthropic.com)"
65.108.235.243 - - [04/Jun/2026:17:01:41 +0200] "GET /imprint/ HTTP/1.1" 200 17076 "-" "WP Fastest Cache Preload Bot"
65.108.235.243 - - [04/Jun/2026:17:01:42 +0200] "GET /dichiarazione-sulla-privacy-ue/ HTTP/1.1" 200 19561 "-" "WP Fastest Cache Preload Bot"
65.108.235.243 - - [04/Jun/2026:17:01:43 +0200] "GET /assistenza-whirlpool-piacenza/ HTTP/1.1" 200 21744 "-" "WP Fastest Cache Preload Bot"
65.108.235.243 - - [04/Jun/2026:17:01:44 +0200] "GET /assistenza-smeg-piacenza/ HTTP/1.1" 200 21688 "-" "WP Fastest Cache Preload Bot"
65.108.235.243 - - [04/Jun/2026:17:01:44 +0200] "GET / HTTP/1.1" 200 21703 "-" "WP Fastest Cache Preload Bot"
216.73.217.169 - - [04/Jun/2026:17:01:55 +0200] "GET /?p=15815 HTTP/2.0" 301 1 "-" "Mozilla/5.0 AppleWebKit/537.36 (KHTML, like Gecko; compatible; ClaudeBot/1.0; +claudebot@anthropic.com)"
216.73.217.169 - - [04/Jun/2026:17:01:55 +0200] "GET /lavatrice-5-2/ HTTP/2.0" 200 17072 "https://piacenza.elettroservicegroup.it/?p=15815" "Mozilla/5.0 AppleWebKit/537.36 (KHTML, like Gecko; compatible; ClaudeBot/1.0; +claudebot@anthropic.com)"
65.108.235.243 - - [04/Jun/2026:17:05:36 +0200] "POST /wp-cron.php?doing_wp_cron=1780585536.5860049724578857421875 HTTP/1.1" 200 1 "-" "WordPress/7.0; https://piacenza.elettroservicegroup.it"
52.167.144.201 - - [04/Jun/2026:17:05:32 +0200] "GET /attachment-sitemap.xml HTTP/2.0" 200 5639 "-" "Mozilla/5.0 AppleWebKit/537.36 (KHTML, like Gecko; compatible; bingbot/2.0; +http://www.bing.com/bingbot.htm) Chrome/116.0.1938.76 Safari/537.36"
65.108.235.243 - - [04/Jun/2026:17:05:43 +0200] "GET /imprint/ HTTP/1.1" 200 17089 "-" "WP Fastest Cache Preload Bot"
65.108.235.243 - - [04/Jun/2026:17:05:44 +0200] "GET /dichiarazione-sulla-privacy-ue/ HTTP/1.1" 200 19569 "-" "WP Fastest Cache Preload Bot"
65.108.235.243 - - [04/Jun/2026:17:05:47 +0200] "GET /assistenza-whirlpool-piacenza/ HTTP/1.1" 200 21746 "-" "WP Fastest Cache Preload Bot"
65.108.235.243 - - [04/Jun/2026:17:05:50 +0200] "GET /assistenza-smeg-piacenza/ HTTP/1.1" 200 21693 "-" "WP Fastest Cache Preload Bot"
65.108.235.243 - - [04/Jun/2026:17:07:11 +0200] "POST /wp-cron.php?doing_wp_cron=1780585631.0697419643402099609375 HTTP/1.1" 200 1 "-" "WordPress/7.0; https://piacenza.elettroservicegroup.it"
216.73.217.169 - - [04/Jun/2026:17:07:05 +0200] "GET /robots.txt HTTP/2.0" 200 108 "-" "Mozilla/5.0 AppleWebKit/537.36 (KHTML, like Gecko; compatible; ClaudeBot/1.0; +claudebot@anthropic.com)"
65.108.235.243 - - [04/Jun/2026:17:09:34 +0200] "POST /wp-cron.php?doing_wp_cron=1780585774.5855040550231933593750 HTTP/1.1" 200 1 "-" "WordPress/7.0; https://piacenza.elettroservicegroup.it"
216.73.217.169 - - [04/Jun/2026:17:09:27 +0200] "GET /feed/?attachment_id=15815 HTTP/2.0" 200 404 "-" "Mozilla/5.0 AppleWebKit/537.36 (KHTML, like Gecko; compatible; ClaudeBot/1.0; +claudebot@anthropic.com)"
65.108.235.243 - - [04/Jun/2026:17:09:36 +0200] "GET /assistenza-siemens-piacenza/ HTTP/1.1" 200 21874 "-" "WP Fastest Cache Preload Bot"
65.108.235.243 - - [04/Jun/2026:17:09:41 +0200] "GET /assistenza-rex-electrolux-piacenza/ HTTP/1.1" 200 21735 "-" "WP Fastest Cache Preload Bot"
65.108.235.243 - - [04/Jun/2026:17:09:44 +0200] "GET /assistenza-miele-piacenza/ HTTP/1.1" 200 21977 "-" "WP Fastest Cache Preload Bot"
65.108.235.243 - - [04/Jun/2026:17:09:47 +0200] "GET /assistenza-lavatrici-whirlpool-piacenza/ HTTP/1.1" 200 21848 "-" "WP Fastest Cache Preload Bot"
162.120.188.8 - - [04/Jun/2026:17:15:24 +0200] "GET /assistenza-condizionatori/ HTTP/2.0" 404 - "https://www.google.com/" "Mozilla/5.0 (Windows NT 10.0; Win64; x64) AppleWebKit/537.36 (KHTML, like Gecko) Chrome/148.0.0.0 Safari/537.36"
65.108.235.243 - - [04/Jun/2026:17:15:30 +0200] "POST /wp-cron.php?doing_wp_cron=1780586130.8667979240417480468750 HTTP/1.1" 200 1 "-" "WordPress/7.0; https://piacenza.elettroservicegroup.it"
142.250.32.3 - - [04/Jun/2026:17:15:24 +0200] "GET /.well-known/traffic-advice HTTP/1.1" 404 16156 "-" "Chrome Privacy Preserving Prefetch Proxy"
65.108.235.243 - - [04/Jun/2026:17:15:32 +0200] "GET /assistenza-lavatrici-smeg-piacenza/ HTTP/1.1" 200 21573 "-" "WP Fastest Cache Preload Bot"
65.108.235.243 - - [04/Jun/2026:17:15:34 +0200] "GET /assistenza-lavatrici-rex-electrolux-piacenza/ HTTP/1.1" 200 21543 "-" "WP Fastest Cache Preload Bot"
65.108.235.243 - - [04/Jun/2026:17:15:38 +0200] "GET /assistenza-lavatrici-indesit-piacenza/ HTTP/1.1" 200 21566 "-" "WP Fastest Cache Preload Bot"
65.108.235.243 - - [04/Jun/2026:17:15:42 +0200] "GET /assistenza-lavatrici-bosch-piacenza/ HTTP/1.1" 200 21616 "-" "WP Fastest Cache Preload Bot"
65.108.235.243 - - [04/Jun/2026:17:17:26 +0200] "POST /wp-cron.php?doing_wp_cron=1780586246.8233230113983154296875 HTTP/1.1" 200 1 "-" "WordPress/7.0; https://piacenza.elettroservicegroup.it"
216.73.217.169 - - [04/Jun/2026:17:17:25 +0200] "GET /?p=14481 HTTP/2.0" 301 1 "-" "Mozilla/5.0 AppleWebKit/537.36 (KHTML, like Gecko; compatible; ClaudeBot/1.0; +claudebot@anthropic.com)"
216.73.217.169 - - [04/Jun/2026:17:17:27 +0200] "GET /assistenza-lavatrici/forno-elettrico-ad-incasso/ HTTP/2.0" 200 17060 "https://piacenza.elettroservicegroup.it/?p=14481" "Mozilla/5.0 AppleWebKit/537.36 (KHTML, like Gecko; compatible; ClaudeBot/1.0; +claudebot@anthropic.com)"
65.108.235.243 - - [04/Jun/2026:17:31:44 +0200] "POST /wp-cron.php?doing_wp_cron=1780587104.1787159442901611328125 HTTP/1.1" 200 1 "-" "WordPress/7.0; https://piacenza.elettroservicegroup.it"
216.73.217.169 - - [04/Jun/2026:17:31:41 +0200] "GET /tutorial-para-actualizar-datos-personales-y-documentos-en-wazamba-casino/ HTTP/2.0" 404 16191 "-" "Mozilla/5.0 AppleWebKit/537.36 (KHTML, like Gecko; compatible; ClaudeBot/1.0; +claudebot@anthropic.com)"
65.108.235.243 - - [04/Jun/2026:17:31:46 +0200] "GET /assistenza-lavatrici-ariston-piacenza/ HTTP/1.1" 200 21636 "-" "WP Fastest Cache Preload Bot"
65.108.235.243 - - [04/Jun/2026:17:31:49 +0200] "GET /assistenza-lavatrici-aeg-piacenza/ HTTP/1.1" 200 21632 "-" "WP Fastest Cache Preload Bot"
65.108.235.243 - - [04/Jun/2026:17:31:53 +0200] "GET /assistenza-lavatrici-piacenza/ HTTP/1.1" 200 21886 "-" "WP Fastest Cache Preload Bot"
65.108.235.243 - - [04/Jun/2026:17:31:56 +0200] "GET /assistenza-lavastoviglie-whirlpool-piacenza/ HTTP/1.1" 200 21584 "-" "WP Fastest Cache Preload Bot"
216.73.217.169 - - [04/Jun/2026:17:33:48 +0200] "GET /wp-content/uploads/2022/01/condizionatore-bonus.jpg HTTP/2.0" 200 79458 "-" "Mozilla/5.0 AppleWebKit/537.36 (KHTML, like Gecko; compatible; ClaudeBot/1.0; +claudebot@anthropic.com)"
