17.246.23.4 - - [04/Jun/2026:22:10:35 +0200] "GET /wp-content/uploads/elementor/css/post-14146.css?ver=1780585543 HTTP/2.0" 200 428 "https://piacenza.elettroservicegroup.it/assistenza-elettrodomestici/copertina-washing-machine-2668472_1920/" "Mozilla/5.0 (Macintosh; Intel Mac OS X 10_15_7) AppleWebKit/605.1.15 (KHTML, like Gecko) Version/17.4 Safari/605.1.15 (Applebot/0.1; +http://www.apple.com/go/applebot)"
17.246.23.4 - - [04/Jun/2026:22:10:36 +0200] "GET /wp-content/cache/wpfc-minified/qha2vzve/4bjdx.css HTTP/2.0" 200 11336 "https://piacenza.elettroservicegroup.it/assistenza-elettrodomestici/copertina-washing-machine-2668472_1920/" "Mozilla/5.0 (Macintosh; Intel Mac OS X 10_15_7) AppleWebKit/605.1.15 (KHTML, like Gecko) Version/17.4 Safari/605.1.15 (Applebot/0.1; +http://www.apple.com/go/applebot)"
17.246.23.4 - - [04/Jun/2026:22:10:38 +0200] "GET /wp-content/uploads/elementor/css/post-14366.css?ver=1780585544 HTTP/2.0" 200 302 "https://piacenza.elettroservicegroup.it/assistenza-elettrodomestici/copertina-washing-machine-2668472_1920/" "Mozilla/5.0 (Macintosh; Intel Mac OS X 10_15_7) AppleWebKit/605.1.15 (KHTML, like Gecko) Version/17.4 Safari/605.1.15 (Applebot/0.1; +http://www.apple.com/go/applebot)"
17.246.23.4 - - [04/Jun/2026:22:10:39 +0200] "GET /wp-content/cache/wpfc-minified/32rneldi/4dre1.css HTTP/2.0" 200 15849 "https://piacenza.elettroservicegroup.it/assistenza-elettrodomestici/copertina-washing-machine-2668472_1920/" "Mozilla/5.0 (Macintosh; Intel Mac OS X 10_15_7) AppleWebKit/605.1.15 (KHTML, like Gecko) Version/17.4 Safari/605.1.15 (Applebot/0.1; +http://www.apple.com/go/applebot)"
17.246.23.4 - - [04/Jun/2026:22:10:40 +0200] "GET /wp-content/cache/wpfc-minified/e6ekqzwv/7qout.css HTTP/2.0" 200 4741 "https://piacenza.elettroservicegroup.it/assistenza-elettrodomestici/copertina-washing-machine-2668472_1920/" "Mozilla/5.0 (Macintosh; Intel Mac OS X 10_15_7) AppleWebKit/605.1.15 (KHTML, like Gecko) Version/17.4 Safari/605.1.15 (Applebot/0.1; +http://www.apple.com/go/applebot)"
17.246.23.4 - - [04/Jun/2026:22:10:42 +0200] "GET /wp-content/cache/wpfc-minified/30gnld0u/4bjdx.css HTTP/2.0" 200 19026 "https://piacenza.elettroservicegroup.it/assistenza-elettrodomestici/copertina-washing-machine-2668472_1920/" "Mozilla/5.0 (Macintosh; Intel Mac OS X 10_15_7) AppleWebKit/605.1.15 (KHTML, like Gecko) Version/17.4 Safari/605.1.15 (Applebot/0.1; +http://www.apple.com/go/applebot)"
17.246.23.4 - - [04/Jun/2026:22:10:43 +0200] "GET /wp-content/cache/wpfc-minified/kmqim6e1/4bjow.css HTTP/2.0" 200 2040 "https://piacenza.elettroservicegroup.it/assistenza-elettrodomestici/copertina-washing-machine-2668472_1920/" "Mozilla/5.0 (Macintosh; Intel Mac OS X 10_15_7) AppleWebKit/605.1.15 (KHTML, like Gecko) Version/17.4 Safari/605.1.15 (Applebot/0.1; +http://www.apple.com/go/applebot)"
17.246.23.4 - - [04/Jun/2026:22:10:44 +0200] "GET /wp-content/cache/wpfc-minified/1e78wxqt/4bjdx.js HTTP/2.0" 200 37592 "https://piacenza.elettroservicegroup.it/assistenza-elettrodomestici/copertina-washing-machine-2668472_1920/" "Mozilla/5.0 (Macintosh; Intel Mac OS X 10_15_7) AppleWebKit/605.1.15 (KHTML, like Gecko) Version/17.4 Safari/605.1.15 (Applebot/0.1; +http://www.apple.com/go/applebot)"
17.246.23.4 - - [04/Jun/2026:22:10:45 +0200] "GET /wp-content/plugins/gp-premium/menu-plus/functions/js/sticky.min.js?ver=2.5.5 HTTP/2.0" 200 2670 "https://piacenza.elettroservicegroup.it/assistenza-elettrodomestici/copertina-washing-machine-2668472_1920/" "Mozilla/5.0 (Macintosh; Intel Mac OS X 10_15_7) AppleWebKit/605.1.15 (KHTML, like Gecko) Version/17.4 Safari/605.1.15 (Applebot/0.1; +http://www.apple.com/go/applebot)"
17.246.23.4 - - [04/Jun/2026:22:10:47 +0200] "GET /wp-content/themes/generatepress/assets/js/menu.min.js?ver=3.6.1 HTTP/2.0" 200 1688 "https://piacenza.elettroservicegroup.it/assistenza-elettrodomestici/copertina-washing-machine-2668472_1920/" "Mozilla/5.0 (Macintosh; Intel Mac OS X 10_15_7) AppleWebKit/605.1.15 (KHTML, like Gecko) Version/17.4 Safari/605.1.15 (Applebot/0.1; +http://www.apple.com/go/applebot)"
17.246.23.4 - - [04/Jun/2026:22:10:48 +0200] "GET /wp-content/themes/generatepress/assets/js/back-to-top.min.js?ver=3.6.1 HTTP/2.0" 200 336 "https://piacenza.elettroservicegroup.it/assistenza-elettrodomestici/copertina-washing-machine-2668472_1920/" "Mozilla/5.0 (Macintosh; Intel Mac OS X 10_15_7) AppleWebKit/605.1.15 (KHTML, like Gecko) Version/17.4 Safari/605.1.15 (Applebot/0.1; +http://www.apple.com/go/applebot)"
17.246.23.4 - - [04/Jun/2026:22:10:49 +0200] "GET /wp-content/plugins/complianz-gdpr-premium/cookiebanner/js/complianz.min.js?ver=1780326249 HTTP/2.0" 200 10708 "https://piacenza.elettroservicegroup.it/assistenza-elettrodomestici/copertina-washing-machine-2668472_1920/" "Mozilla/5.0 (Macintosh; Intel Mac OS X 10_15_7) AppleWebKit/605.1.15 (KHTML, like Gecko) Version/17.4 Safari/605.1.15 (Applebot/0.1; +http://www.apple.com/go/applebot)"
17.246.23.4 - - [04/Jun/2026:22:10:51 +0200] "GET /wp-content/plugins/elementor/assets/js/webpack.runtime.min.js?ver=4.1.1 HTTP/2.0" 200 2340 "https://piacenza.elettroservicegroup.it/assistenza-elettrodomestici/copertina-washing-machine-2668472_1920/" "Mozilla/5.0 (Macintosh; Intel Mac OS X 10_15_7) AppleWebKit/605.1.15 (KHTML, like Gecko) Version/17.4 Safari/605.1.15 (Applebot/0.1; +http://www.apple.com/go/applebot)"
17.246.23.4 - - [04/Jun/2026:22:10:52 +0200] "GET /wp-content/plugins/elementor/assets/js/frontend-modules.min.js?ver=4.1.1 HTTP/2.0" 200 15454 "https://piacenza.elettroservicegroup.it/assistenza-elettrodomestici/copertina-washing-machine-2668472_1920/" "Mozilla/5.0 (Macintosh; Intel Mac OS X 10_15_7) AppleWebKit/605.1.15 (KHTML, like Gecko) Version/17.4 Safari/605.1.15 (Applebot/0.1; +http://www.apple.com/go/applebot)"
17.246.23.4 - - [04/Jun/2026:22:10:53 +0200] "GET /wp-includes/js/jquery/ui/core.min.js?ver=1.13.3 HTTP/2.0" 200 6820 "https://piacenza.elettroservicegroup.it/assistenza-elettrodomestici/copertina-washing-machine-2668472_1920/" "Mozilla/5.0 (Macintosh; Intel Mac OS X 10_15_7) AppleWebKit/605.1.15 (KHTML, like Gecko) Version/17.4 Safari/605.1.15 (Applebot/0.1; +http://www.apple.com/go/applebot)"
17.246.23.4 - - [04/Jun/2026:22:10:55 +0200] "GET /wp-content/plugins/elementor/assets/js/frontend.min.js?ver=4.1.1 HTTP/2.0" 200 10140 "https://piacenza.elettroservicegroup.it/assistenza-elettrodomestici/copertina-washing-machine-2668472_1920/" "Mozilla/5.0 (Macintosh; Intel Mac OS X 10_15_7) AppleWebKit/605.1.15 (KHTML, like Gecko) Version/17.4 Safari/605.1.15 (Applebot/0.1; +http://www.apple.com/go/applebot)"
17.246.23.4 - - [04/Jun/2026:22:10:56 +0200] "GET /wp-includes/js/comment-reply.min.js?ver=7.0 HTTP/2.0" 200 1248 "https://piacenza.elettroservicegroup.it/assistenza-elettrodomestici/copertina-washing-machine-2668472_1920/" "Mozilla/5.0 (Macintosh; Intel Mac OS X 10_15_7) AppleWebKit/605.1.15 (KHTML, like Gecko) Version/17.4 Safari/605.1.15 (Applebot/0.1; +http://www.apple.com/go/applebot)"
17.246.23.4 - - [04/Jun/2026:22:10:58 +0200] "GET /wp-content/plugins/elementor/assets/lib/dialog/dialog.min.js?ver=4.9.3 HTTP/2.0" 200 3595 "https://piacenza.elettroservicegroup.it/assistenza-elettrodomestici/copertina-washing-machine-2668472_1920/" "Mozilla/5.0 (Macintosh; Intel Mac OS X 10_15_7) AppleWebKit/605.1.15 (KHTML, like Gecko) Version/17.4 Safari/605.1.15 (Applebot/0.1; +http://www.apple.com/go/applebot)"
65.108.235.243 - - [04/Jun/2026:22:10:59 +0200] "POST /wp-cron.php?doing_wp_cron=1780603859.3712420463562011718750 HTTP/1.1" 200 1 "-" "WordPress/7.0; https://piacenza.elettroservicegroup.it"
17.246.23.4 - - [04/Jun/2026:22:10:57 +0200] "GET /wp-json/complianz/v1/banner?lang=it&locale=it_IT&token=glpgw HTTP/2.0" 200 84 "https://piacenza.elettroservicegroup.it/assistenza-elettrodomestici/copertina-washing-machine-2668472_1920/" "Mozilla/5.0 (Macintosh; Intel Mac OS X 10_15_7) AppleWebKit/605.1.15 (KHTML, like Gecko) Version/17.4 Safari/605.1.15 (Applebot/0.1; +http://www.apple.com/go/applebot)"
17.246.23.4 - - [04/Jun/2026:22:11:00 +0200] "GET /wp-content/plugins/elementor/assets/js/lightbox.570c05c5a283cfb6b223.bundle.min.js HTTP/2.0" 200 9102 "https://piacenza.elettroservicegroup.it/assistenza-elettrodomestici/copertina-washing-machine-2668472_1920/" "Mozilla/5.0 (Macintosh; Intel Mac OS X 10_15_7) AppleWebKit/605.1.15 (KHTML, like Gecko) Version/17.4 Safari/605.1.15 (Applebot/0.1; +http://www.apple.com/go/applebot)"
65.108.235.243 - - [04/Jun/2026:22:10:59 +0200] "GET /assistenza-siemens-piacenza/ HTTP/1.1" 200 21874 "-" "WP Fastest Cache Preload Bot"
65.108.235.243 - - [04/Jun/2026:22:11:00 +0200] "GET /assistenza-rex-electrolux-piacenza/ HTTP/1.1" 200 21735 "-" "WP Fastest Cache Preload Bot"
65.108.235.243 - - [04/Jun/2026:22:11:00 +0200] "GET /assistenza-miele-piacenza/ HTTP/1.1" 200 21977 "-" "WP Fastest Cache Preload Bot"
17.246.23.4 - - [04/Jun/2026:22:11:01 +0200] "GET /wp-content/plugins/elementor/assets/js/397f2d183c19202777d6.bundle.min.js HTTP/2.0" 200 8477 "https://piacenza.elettroservicegroup.it/assistenza-elettrodomestici/copertina-washing-machine-2668472_1920/" "Mozilla/5.0 (Macintosh; Intel Mac OS X 10_15_7) AppleWebKit/605.1.15 (KHTML, like Gecko) Version/17.4 Safari/605.1.15 (Applebot/0.1; +http://www.apple.com/go/applebot)"
65.108.235.243 - - [04/Jun/2026:22:11:01 +0200] "GET /assistenza-lavatrici-whirlpool-piacenza/ HTTP/1.1" 200 21848 "-" "WP Fastest Cache Preload Bot"
17.246.23.4 - - [04/Jun/2026:22:11:02 +0200] "GET /wp-content/plugins/elementor/assets/css/conditionals/dialog.min.css?ver=4.1.1 HTTP/2.0" 200 1428 "https://piacenza.elettroservicegroup.it/assistenza-elettrodomestici/copertina-washing-machine-2668472_1920/" "Mozilla/5.0 (Macintosh; Intel Mac OS X 10_15_7) AppleWebKit/605.1.15 (KHTML, like Gecko) Version/17.4 Safari/605.1.15 (Applebot/0.1; +http://www.apple.com/go/applebot)"
17.246.23.4 - - [04/Jun/2026:22:11:04 +0200] "GET /wp-content/plugins/elementor/assets/lib/share-link/share-link.min.js?ver=4.1.1 HTTP/2.0" 200 1077 "https://piacenza.elettroservicegroup.it/assistenza-elettrodomestici/copertina-washing-machine-2668472_1920/" "Mozilla/5.0 (Macintosh; Intel Mac OS X 10_15_7) AppleWebKit/605.1.15 (KHTML, like Gecko) Version/17.4 Safari/605.1.15 (Applebot/0.1; +http://www.apple.com/go/applebot)"
17.246.23.4 - - [04/Jun/2026:22:11:05 +0200] "GET /wp-content/plugins/elementor/assets/lib/swiper/v8/css/swiper.min.css?ver=8.4.5 HTTP/2.0" 200 4251 "https://piacenza.elettroservicegroup.it/assistenza-elettrodomestici/copertina-washing-machine-2668472_1920/" "Mozilla/5.0 (Macintosh; Intel Mac OS X 10_15_7) AppleWebKit/605.1.15 (KHTML, like Gecko) Version/17.4 Safari/605.1.15 (Applebot/0.1; +http://www.apple.com/go/applebot)"
17.246.23.4 - - [04/Jun/2026:22:11:06 +0200] "GET /wp-content/plugins/elementor/assets/css/conditionals/lightbox.min.css?ver=4.1.1 HTTP/2.0" 200 1760 "https://piacenza.elettroservicegroup.it/assistenza-elettrodomestici/copertina-washing-machine-2668472_1920/" "Mozilla/5.0 (Macintosh; Intel Mac OS X 10_15_7) AppleWebKit/605.1.15 (KHTML, like Gecko) Version/17.4 Safari/605.1.15 (Applebot/0.1; +http://www.apple.com/go/applebot)"
17.246.23.4 - - [04/Jun/2026:22:11:08 +0200] "GET /wp-content/plugins/elementor/assets/js/section-frontend-handlers.d85ab872da118940910d.bundle.min.js HTTP/2.0" 200 230 "https://piacenza.elettroservicegroup.it/assistenza-elettrodomestici/copertina-washing-machine-2668472_1920/" "Mozilla/5.0 (Macintosh; Intel Mac OS X 10_15_7) AppleWebKit/605.1.15 (KHTML, like Gecko) Version/17.4 Safari/605.1.15 (Applebot/0.1; +http://www.apple.com/go/applebot)"
17.246.23.4 - - [04/Jun/2026:22:11:09 +0200] "GET /wp-content/plugins/elementor/assets/js/shared-frontend-handlers.03caa53373b56d3bab67.bundle.min.js HTTP/2.0" 200 2515 "https://piacenza.elettroservicegroup.it/assistenza-elettrodomestici/copertina-washing-machine-2668472_1920/" "Mozilla/5.0 (Macintosh; Intel Mac OS X 10_15_7) AppleWebKit/605.1.15 (KHTML, like Gecko) Version/17.4 Safari/605.1.15 (Applebot/0.1; +http://www.apple.com/go/applebot)"
17.246.23.4 - - [04/Jun/2026:22:11:10 +0200] "GET /wp-content/plugins/elementor/assets/js/text-editor.45609661e409413f1cef.bundle.min.js HTTP/2.0" 200 592 "https://piacenza.elettroservicegroup.it/assistenza-elettrodomestici/copertina-washing-machine-2668472_1920/" "Mozilla/5.0 (Macintosh; Intel Mac OS X 10_15_7) AppleWebKit/605.1.15 (KHTML, like Gecko) Version/17.4 Safari/605.1.15 (Applebot/0.1; +http://www.apple.com/go/applebot)"
17.246.23.4 - - [04/Jun/2026:22:11:11 +0200] "GET /wp-content/uploads/complianz/css/banner-1-optin.css?v=40 HTTP/2.0" 200 2617 "https://piacenza.elettroservicegroup.it/assistenza-elettrodomestici/copertina-washing-machine-2668472_1920/" "Mozilla/5.0 (Macintosh; Intel Mac OS X 10_15_7) AppleWebKit/605.1.15 (KHTML, like Gecko) Version/17.4 Safari/605.1.15 (Applebot/0.1; +http://www.apple.com/go/applebot)"
17.246.23.4 - - [04/Jun/2026:22:11:13 +0200] "GET /wp-json/complianz/v1/cookie_data HTTP/2.0" 200 69 "https://piacenza.elettroservicegroup.it/assistenza-elettrodomestici/copertina-washing-machine-2668472_1920/" "Mozilla/5.0 (Macintosh; Intel Mac OS X 10_15_7) AppleWebKit/605.1.15 (KHTML, like Gecko) Version/17.4 Safari/605.1.15 (Applebot/0.1; +http://www.apple.com/go/applebot)"
196.117.145.36 - - [04/Jun/2026:22:11:23 +0200] "POST /wp-json/wp/v2/posts HTTP/1.1" 401 121 "-" "Mozilla/5.0 (Windows NT 10.0; Win64; x64) AppleWebKit/537.36 (KHTML, like Gecko) Chrome/124.0 Safari/537.36"
196.117.145.36 - - [04/Jun/2026:22:11:24 +0200] "POST /wp-login.php HTTP/1.1" 200 13166 "-" "Mozilla/5.0 (Windows NT 10.0; Win64; x64) AppleWebKit/537.36 (KHTML, like Gecko) Chrome/124.0 Safari/537.36"
196.117.145.36 - - [04/Jun/2026:22:11:25 +0200] "POST /wp-login.php HTTP/2.0" 200 3368 "-" "Mozilla/5.0 (Macintosh; Intel Mac OS X 10_15_7) AppleWebKit/537.36 (KHTML, like Gecko) Chrome/146.0.0.0 Safari/537.36"
216.73.217.47 - - [04/Jun/2026:22:19:32 +0200] "GET /wp-content/uploads/2022/01/elettro7-1024x410-1.jpg HTTP/2.0" 200 38378 "-" "Mozilla/5.0 AppleWebKit/537.36 (KHTML, like Gecko; compatible; ClaudeBot/1.0; +claudebot@anthropic.com)"
216.73.217.47 - - [04/Jun/2026:22:19:32 +0200] "GET /wp-content/uploads/2022/01/elettro4-5-1024x401-1.jpg HTTP/2.0" 200 33552 "-" "Mozilla/5.0 AppleWebKit/537.36 (KHTML, like Gecko; compatible; ClaudeBot/1.0; +claudebot@anthropic.com)"
65.108.235.243 - - [04/Jun/2026:22:19:35 +0200] "POST /wp-cron.php?doing_wp_cron=1780604375.4827260971069335937500 HTTP/1.1" 200 1 "-" "WordPress/7.0; https://piacenza.elettroservicegroup.it"
216.73.217.47 - - [04/Jun/2026:22:19:32 +0200] "GET /securiser-ses-transactions-bancaires-sur-mad-casino-guide-complet/ HTTP/2.0" 404 16208 "-" "Mozilla/5.0 AppleWebKit/537.36 (KHTML, like Gecko; compatible; ClaudeBot/1.0; +claudebot@anthropic.com)"
65.108.235.243 - - [04/Jun/2026:22:19:39 +0200] "GET /assistenza-lavatrici-smeg-piacenza/ HTTP/1.1" 200 21595 "-" "WP Fastest Cache Preload Bot"
65.108.235.243 - - [04/Jun/2026:22:19:43 +0200] "GET /assistenza-lavatrici-rex-electrolux-piacenza/ HTTP/1.1" 200 21565 "-" "WP Fastest Cache Preload Bot"
65.108.235.243 - - [04/Jun/2026:22:19:46 +0200] "GET /assistenza-lavatrici-indesit-piacenza/ HTTP/1.1" 200 21588 "-" "WP Fastest Cache Preload Bot"
65.108.235.243 - - [04/Jun/2026:22:19:49 +0200] "GET /assistenza-lavatrici-bosch-piacenza/ HTTP/1.1" 200 21640 "-" "WP Fastest Cache Preload Bot"
216.73.217.47 - - [04/Jun/2026:22:21:15 +0200] "GET /wp-content/uploads/2021/10/copertina-Riparazione_Lavastoviglie--300x200.jpg HTTP/2.0" 200 11836 "-" "Mozilla/5.0 AppleWebKit/537.36 (KHTML, like Gecko; compatible; ClaudeBot/1.0; +claudebot@anthropic.com)"
65.108.235.243 - - [04/Jun/2026:22:26:17 +0200] "POST /wp-cron.php?doing_wp_cron=1780604777.5997331142425537109375 HTTP/1.1" 200 1 "-" "WordPress/7.0; https://piacenza.elettroservicegroup.it"
216.73.217.47 - - [04/Jun/2026:22:26:16 +0200] "GET /wp-content/plugins/webtoffee-gdpr-cookie-consent/public/css/cookie-law-info-public.css HTTP/2.0" 404 17491 "-" "Mozilla/5.0 AppleWebKit/537.36 (KHTML, like Gecko; compatible; ClaudeBot/1.0; +claudebot@anthropic.com)"
65.108.235.243 - - [04/Jun/2026:22:26:17 +0200] "GET /assistenza-lavatrici-ariston-piacenza/ HTTP/1.1" 200 21657 "-" "WP Fastest Cache Preload Bot"
65.108.235.243 - - [04/Jun/2026:22:26:18 +0200] "GET /assistenza-lavatrici-aeg-piacenza/ HTTP/1.1" 200 21656 "-" "WP Fastest Cache Preload Bot"
65.108.235.243 - - [04/Jun/2026:22:26:18 +0200] "GET /assistenza-lavatrici-piacenza/ HTTP/1.1" 200 21908 "-" "WP Fastest Cache Preload Bot"
65.108.235.243 - - [04/Jun/2026:22:26:19 +0200] "GET /assistenza-lavastoviglie-whirlpool-piacenza/ HTTP/1.1" 200 21605 "-" "WP Fastest Cache Preload Bot"
65.108.235.243 - - [04/Jun/2026:22:28:18 +0200] "POST /wp-cron.php?doing_wp_cron=1780604898.0966470241546630859375 HTTP/1.1" 200 1 "-" "WordPress/7.0; https://piacenza.elettroservicegroup.it"
216.73.217.47 - - [04/Jun/2026:22:28:16 +0200] "GET /feed/?attachment_id=15784 HTTP/2.0" 200 408 "-" "Mozilla/5.0 AppleWebKit/537.36 (KHTML, like Gecko; compatible; ClaudeBot/1.0; +claudebot@anthropic.com)"
65.108.235.243 - - [04/Jun/2026:22:38:53 +0200] "POST /wp-cron.php?doing_wp_cron=1780605533.7373340129852294921875 HTTP/1.1" 200 1 "-" "WordPress/7.0; https://piacenza.elettroservicegroup.it"
216.73.217.47 - - [04/Jun/2026:22:38:51 +0200] "GET /robots.txt HTTP/2.0" 200 108 "-" "Mozilla/5.0 AppleWebKit/537.36 (KHTML, like Gecko; compatible; ClaudeBot/1.0; +claudebot@anthropic.com)"
65.108.235.243 - - [04/Jun/2026:22:39:30 +0200] "GET /assistenza-lavastoviglie-smeg-piacenza/ HTTP/1.1" 200 21553 "-" "WP Fastest Cache Preload Bot"
65.108.235.243 - - [04/Jun/2026:22:39:32 +0200] "GET /assistenza-lavastoviglie-rex-electrolux-piacenza/ HTTP/1.1" 200 21516 "-" "WP Fastest Cache Preload Bot"
65.108.235.243 - - [04/Jun/2026:22:39:35 +0200] "GET /assistenza-lavastoviglie-indesit-piacenza/ HTTP/1.1" 200 22017 "-" "WP Fastest Cache Preload Bot"
65.108.235.243 - - [04/Jun/2026:22:39:37 +0200] "GET /assistenza-lavastoviglie-bosch-piacenza/ HTTP/1.1" 200 22037 "-" "WP Fastest Cache Preload Bot"
216.73.217.47 - - [04/Jun/2026:22:43:20 +0200] "GET /wp-content/uploads/2022/01/elettro7-5-768x307-1-300x120.jpg HTTP/2.0" 200 7931 "-" "Mozilla/5.0 AppleWebKit/537.36 (KHTML, like Gecko; compatible; ClaudeBot/1.0; +claudebot@anthropic.com)"