89.101.91.102 - - [04/Jun/2026:17:45:06 +0200] "GET /wp-content/plugins/elementor/assets/lib/backbone/backbone.marionette.min.js?ver=2.4.5.e1 HTTP/2.0" 200 11288 "https://piacenza.elettroservicegroup.it/wp-admin/" "Mozilla/5.0 (Windows NT 10.0; Win64; x64) AppleWebKit/537.36 (KHTML, like Gecko) Chrome/148.0.0.0 Safari/537.36"
89.101.91.102 - - [04/Jun/2026:17:45:06 +0200] "GET /wp-content/plugins/elementor/assets/lib/backbone/backbone.radio.min.js?ver=1.0.4 HTTP/2.0" 200 1500 "https://piacenza.elettroservicegroup.it/wp-admin/" "Mozilla/5.0 (Windows NT 10.0; Win64; x64) AppleWebKit/537.36 (KHTML, like Gecko) Chrome/148.0.0.0 Safari/537.36"
89.101.91.102 - - [04/Jun/2026:17:45:06 +0200] "GET /wp-content/plugins/elementor/assets/js/dev-tools.min.js?ver=4.1.1 HTTP/2.0" 200 2349 "https://piacenza.elettroservicegroup.it/wp-admin/" "Mozilla/5.0 (Windows NT 10.0; Win64; x64) AppleWebKit/537.36 (KHTML, like Gecko) Chrome/148.0.0.0 Safari/537.36"
89.101.91.102 - - [04/Jun/2026:17:45:06 +0200] "GET /wp-content/plugins/elementor/assets/js/common-modules.min.js?ver=4.1.1 HTTP/2.0" 200 26659 "https://piacenza.elettroservicegroup.it/wp-admin/" "Mozilla/5.0 (Windows NT 10.0; Win64; x64) AppleWebKit/537.36 (KHTML, like Gecko) Chrome/148.0.0.0 Safari/537.36"
89.101.91.102 - - [04/Jun/2026:17:45:06 +0200] "GET /wp-content/plugins/elementor/assets/js/app-loader.min.js?ver=4.1.1 HTTP/2.0" 200 23346 "https://piacenza.elettroservicegroup.it/wp-admin/" "Mozilla/5.0 (Windows NT 10.0; Win64; x64) AppleWebKit/537.36 (KHTML, like Gecko) Chrome/148.0.0.0 Safari/537.36"
89.101.91.102 - - [04/Jun/2026:17:45:06 +0200] "GET /wp-includes/js/dist/vendor/react-dom.min.js?ver=18.3.1.1 HTTP/2.0" 200 41037 "https://piacenza.elettroservicegroup.it/wp-admin/" "Mozilla/5.0 (Windows NT 10.0; Win64; x64) AppleWebKit/537.36 (KHTML, like Gecko) Chrome/148.0.0.0 Safari/537.36"
89.101.91.102 - - [04/Jun/2026:17:45:06 +0200] "GET /wp-content/plugins/elementor/assets/js/web-cli.min.js?ver=4.1.1 HTTP/2.0" 200 37480 "https://piacenza.elettroservicegroup.it/wp-admin/" "Mozilla/5.0 (Windows NT 10.0; Win64; x64) AppleWebKit/537.36 (KHTML, like Gecko) Chrome/148.0.0.0 Safari/537.36"
89.101.91.102 - - [04/Jun/2026:17:45:06 +0200] "GET /wp-content/plugins/elementor/assets/js/common.min.js?ver=4.1.1 HTTP/2.0" 200 122076 "https://piacenza.elettroservicegroup.it/wp-admin/" "Mozilla/5.0 (Windows NT 10.0; Win64; x64) AppleWebKit/537.36 (KHTML, like Gecko) Chrome/148.0.0.0 Safari/537.36"
89.101.91.102 - - [04/Jun/2026:17:45:07 +0200] "GET /wp-includes/js/dist/escape-html.min.js?ver=3f093e5cca67aa0f8b56 HTTP/2.0" 200 515 "https://piacenza.elettroservicegroup.it/wp-admin/" "Mozilla/5.0 (Windows NT 10.0; Win64; x64) AppleWebKit/537.36 (KHTML, like Gecko) Chrome/148.0.0.0 Safari/537.36"
89.101.91.102 - - [04/Jun/2026:17:45:07 +0200] "GET /wp-includes/js/dist/is-shallow-equal.min.js?ver=5d84b9f3cb50d2ce7d04 HTTP/2.0" 200 500 "https://piacenza.elettroservicegroup.it/wp-admin/" "Mozilla/5.0 (Windows NT 10.0; Win64; x64) AppleWebKit/537.36 (KHTML, like Gecko) Chrome/148.0.0.0 Safari/537.36"
89.101.91.102 - - [04/Jun/2026:17:45:07 +0200] "GET /wp-includes/js/dist/undo-manager.min.js?ver=27bb0ae036a2c9d4a1b5 HTTP/2.0" 200 846 "https://piacenza.elettroservicegroup.it/wp-admin/" "Mozilla/5.0 (Windows NT 10.0; Win64; x64) AppleWebKit/537.36 (KHTML, like Gecko) Chrome/148.0.0.0 Safari/537.36"
89.101.91.102 - - [04/Jun/2026:17:45:07 +0200] "GET /wp-includes/js/dist/keycodes.min.js?ver=aa1a141e3468afe7f852 HTTP/2.0" 200 1470 "https://piacenza.elettroservicegroup.it/wp-admin/" "Mozilla/5.0 (Windows NT 10.0; Win64; x64) AppleWebKit/537.36 (KHTML, like Gecko) Chrome/148.0.0.0 Safari/537.36"
89.101.91.102 - - [04/Jun/2026:17:45:07 +0200] "GET /wp-includes/js/dist/private-apis.min.js?ver=835912f0086b9e59aed4 HTTP/2.0" 200 977 "https://piacenza.elettroservicegroup.it/wp-admin/" "Mozilla/5.0 (Windows NT 10.0; Win64; x64) AppleWebKit/537.36 (KHTML, like Gecko) Chrome/148.0.0.0 Safari/537.36"
89.101.91.102 - - [04/Jun/2026:17:45:07 +0200] "GET /wp-includes/js/dist/dom.min.js?ver=66a6cf58e0c4cd128af0 HTTP/2.0" 200 4807 "https://piacenza.elettroservicegroup.it/wp-admin/" "Mozilla/5.0 (Windows NT 10.0; Win64; x64) AppleWebKit/537.36 (KHTML, like Gecko) Chrome/148.0.0.0 Safari/537.36"
89.101.91.102 - - [04/Jun/2026:17:45:07 +0200] "GET /wp-includes/js/dist/element.min.js?ver=15ba804677f72a8db97b HTTP/2.0" 200 5015 "https://piacenza.elettroservicegroup.it/wp-admin/" "Mozilla/5.0 (Windows NT 10.0; Win64; x64) AppleWebKit/537.36 (KHTML, like Gecko) Chrome/148.0.0.0 Safari/537.36"
89.101.91.102 - - [04/Jun/2026:17:45:07 +0200] "GET /wp-includes/js/dist/priority-queue.min.js?ver=1f0e89e247bc0bd3f9b9 HTTP/2.0" 200 1492 "https://piacenza.elettroservicegroup.it/wp-admin/" "Mozilla/5.0 (Windows NT 10.0; Win64; x64) AppleWebKit/537.36 (KHTML, like Gecko) Chrome/148.0.0.0 Safari/537.36"
89.101.91.102 - - [04/Jun/2026:17:45:07 +0200] "GET /wp-includes/js/dist/compose.min.js?ver=edb5a8c0b5bf71686403 HTTP/2.0" 200 10733 "https://piacenza.elettroservicegroup.it/wp-admin/" "Mozilla/5.0 (Windows NT 10.0; Win64; x64) AppleWebKit/537.36 (KHTML, like Gecko) Chrome/148.0.0.0 Safari/537.36"
89.101.91.102 - - [04/Jun/2026:17:45:07 +0200] "GET /wp-includes/js/dist/html-entities.min.js?ver=8c6fa5b869dfeadc4af2 HTTP/2.0" 200 418 "https://piacenza.elettroservicegroup.it/wp-admin/" "Mozilla/5.0 (Windows NT 10.0; Win64; x64) AppleWebKit/537.36 (KHTML, like Gecko) Chrome/148.0.0.0 Safari/537.36"
89.101.91.102 - - [04/Jun/2026:17:45:07 +0200] "GET /wp-includes/js/dist/primitives.min.js?ver=a5c905ec27bcd76ef287 HTTP/2.0" 200 923 "https://piacenza.elettroservicegroup.it/wp-admin/" "Mozilla/5.0 (Windows NT 10.0; Win64; x64) AppleWebKit/537.36 (KHTML, like Gecko) Chrome/148.0.0.0 Safari/537.36"
89.101.91.102 - - [04/Jun/2026:17:45:07 +0200] "GET /wp-includes/js/dist/redux-routine.min.js?ver=64f9f5001aabc046c605 HTTP/2.0" 200 3203 "https://piacenza.elettroservicegroup.it/wp-admin/" "Mozilla/5.0 (Windows NT 10.0; Win64; x64) AppleWebKit/537.36 (KHTML, like Gecko) Chrome/148.0.0.0 Safari/537.36"
89.101.91.102 - - [04/Jun/2026:17:45:07 +0200] "GET /wp-includes/js/dist/data.min.js?ver=1756b6a2676c1b3369ab HTTP/2.0" 200 9408 "https://piacenza.elettroservicegroup.it/wp-admin/" "Mozilla/5.0 (Windows NT 10.0; Win64; x64) AppleWebKit/537.36 (KHTML, like Gecko) Chrome/148.0.0.0 Safari/537.36"
89.101.91.102 - - [04/Jun/2026:17:45:07 +0200] "GET /wp-includes/js/dist/blob.min.js?ver=198af75fe06d924090d8 HTTP/2.0" 200 539 "https://piacenza.elettroservicegroup.it/wp-admin/" "Mozilla/5.0 (Windows NT 10.0; Win64; x64) AppleWebKit/537.36 (KHTML, like Gecko) Chrome/148.0.0.0 Safari/537.36"
89.101.91.102 - - [04/Jun/2026:17:45:07 +0200] "GET /wp-includes/js/dist/warning.min.js?ver=36fdbdc984d93aee8a97 HTTP/2.0" 200 387 "https://piacenza.elettroservicegroup.it/wp-admin/" "Mozilla/5.0 (Windows NT 10.0; Win64; x64) AppleWebKit/537.36 (KHTML, like Gecko) Chrome/148.0.0.0 Safari/537.36"
89.101.91.102 - - [04/Jun/2026:17:45:07 +0200] "GET /wp-includes/js/dist/keyboard-shortcuts.min.js?ver=2ed78d3b4c23f38804e0 HTTP/2.0" 200 1460 "https://piacenza.elettroservicegroup.it/wp-admin/" "Mozilla/5.0 (Windows NT 10.0; Win64; x64) AppleWebKit/537.36 (KHTML, like Gecko) Chrome/148.0.0.0 Safari/537.36"
89.101.91.102 - - [04/Jun/2026:17:45:07 +0200] "GET /wp-includes/js/dist/api-fetch.min.js?ver=d7efe4dc1468d36c39b8 HTTP/2.0" 200 2676 "https://piacenza.elettroservicegroup.it/wp-admin/" "Mozilla/5.0 (Windows NT 10.0; Win64; x64) AppleWebKit/537.36 (KHTML, like Gecko) Chrome/148.0.0.0 Safari/537.36"
89.101.91.102 - - [04/Jun/2026:17:45:07 +0200] "GET /wp-includes/js/dist/rich-text.min.js?ver=16449e6108f48327f368 HTTP/2.0" 200 13474 "https://piacenza.elettroservicegroup.it/wp-admin/" "Mozilla/5.0 (Windows NT 10.0; Win64; x64) AppleWebKit/537.36 (KHTML, like Gecko) Chrome/148.0.0.0 Safari/537.36"
89.101.91.102 - - [04/Jun/2026:17:45:07 +0200] "GET /wp-includes/js/dist/commands.min.js?ver=e3d8bba53f4ffea4fcd2 HTTP/2.0" 200 19301 "https://piacenza.elettroservicegroup.it/wp-admin/" "Mozilla/5.0 (Windows NT 10.0; Win64; x64) AppleWebKit/537.36 (KHTML, like Gecko) Chrome/148.0.0.0 Safari/537.36"
89.101.91.102 - - [04/Jun/2026:17:45:07 +0200] "GET /wp-includes/js/dist/components.min.js?ver=5dedfe13f08880193a28 HTTP/2.0" 200 246347 "https://piacenza.elettroservicegroup.it/wp-admin/" "Mozilla/5.0 (Windows NT 10.0; Win64; x64) AppleWebKit/537.36 (KHTML, like Gecko) Chrome/148.0.0.0 Safari/537.36"
89.101.91.102 - - [04/Jun/2026:17:45:07 +0200] "GET /wp-includes/js/dist/token-list.min.js?ver=16f0aebdd39d87c2a84b HTTP/2.0" 200 656 "https://piacenza.elettroservicegroup.it/wp-admin/" "Mozilla/5.0 (Windows NT 10.0; Win64; x64) AppleWebKit/537.36 (KHTML, like Gecko) Chrome/148.0.0.0 Safari/537.36"
89.101.91.102 - - [04/Jun/2026:17:45:07 +0200] "GET /wp-includes/js/dist/block-serialization-default-parser.min.js?ver=bff55bd3f1ce9df0c99c HTTP/2.0" 200 1070 "https://piacenza.elettroservicegroup.it/wp-admin/" "Mozilla/5.0 (Windows NT 10.0; Win64; x64) AppleWebKit/537.36 (KHTML, like Gecko) Chrome/148.0.0.0 Safari/537.36"
89.101.91.102 - - [04/Jun/2026:17:45:07 +0200] "GET /wp-includes/js/dist/autop.min.js?ver=9d0d0901b46f0a9027c9 HTTP/2.0" 200 2045 "https://piacenza.elettroservicegroup.it/wp-admin/" "Mozilla/5.0 (Windows NT 10.0; Win64; x64) AppleWebKit/537.36 (KHTML, like Gecko) Chrome/148.0.0.0 Safari/537.36"
89.101.91.102 - - [04/Jun/2026:17:45:07 +0200] "GET /wp-includes/js/dist/shortcode.min.js?ver=11742fe18cc215d3d5ab HTTP/2.0" 200 1478 "https://piacenza.elettroservicegroup.it/wp-admin/" "Mozilla/5.0 (Windows NT 10.0; Win64; x64) AppleWebKit/537.36 (KHTML, like Gecko) Chrome/148.0.0.0 Safari/537.36"
89.101.91.102 - - [04/Jun/2026:17:45:07 +0200] "GET /wp-includes/js/dist/notices.min.js?ver=218d0173a31ae7269246 HTTP/2.0" 200 1735 "https://piacenza.elettroservicegroup.it/wp-admin/" "Mozilla/5.0 (Windows NT 10.0; Win64; x64) AppleWebKit/537.36 (KHTML, like Gecko) Chrome/148.0.0.0 Safari/537.36"
89.101.91.102 - - [04/Jun/2026:17:45:07 +0200] "GET /wp-includes/js/dist/preferences-persistence.min.js?ver=e8033be98338d1861bca HTTP/2.0" 200 2034 "https://piacenza.elettroservicegroup.it/wp-admin/" "Mozilla/5.0 (Windows NT 10.0; Win64; x64) AppleWebKit/537.36 (KHTML, like Gecko) Chrome/148.0.0.0 Safari/537.36"
89.101.91.102 - - [04/Jun/2026:17:45:07 +0200] "GET /wp-includes/js/dist/style-engine.min.js?ver=faa37ce61b7ec8394b2a HTTP/2.0" 200 2218 "https://piacenza.elettroservicegroup.it/wp-admin/" "Mozilla/5.0 (Windows NT 10.0; Win64; x64) AppleWebKit/537.36 (KHTML, like Gecko) Chrome/148.0.0.0 Safari/537.36"
89.101.91.102 - - [04/Jun/2026:17:45:07 +0200] "GET /wp-content/plugins/elementor/assets/lib/eicons/fonts/eicons.woff2?5.49.0 HTTP/2.0" 200 106049 "https://piacenza.elettroservicegroup.it/wp-content/plugins/elementor/assets/lib/eicons/css/elementor-icons.min.css?ver=5.49.0" "Mozilla/5.0 (Windows NT 10.0; Win64; x64) AppleWebKit/537.36 (KHTML, like Gecko) Chrome/148.0.0.0 Safari/537.36"
89.101.91.102 - - [04/Jun/2026:17:45:07 +0200] "GET /wp-includes/js/dist/preferences.min.js?ver=035813168e404aa30193 HTTP/2.0" 200 3093 "https://piacenza.elettroservicegroup.it/wp-admin/" "Mozilla/5.0 (Windows NT 10.0; Win64; x64) AppleWebKit/537.36 (KHTML, like Gecko) Chrome/148.0.0.0 Safari/537.36"
89.101.91.102 - - [04/Jun/2026:17:45:07 +0200] "GET /wp-includes/js/dist/upload-media.min.js?ver=d359c2cccf866d7082d2 HTTP/2.0" 200 7521 "https://piacenza.elettroservicegroup.it/wp-admin/" "Mozilla/5.0 (Windows NT 10.0; Win64; x64) AppleWebKit/537.36 (KHTML, like Gecko) Chrome/148.0.0.0 Safari/537.36"
89.101.91.102 - - [04/Jun/2026:17:45:07 +0200] "GET /wp-includes/js/dist/theme.min.js?ver=e22ce547a4420507b323 HTTP/2.0" 200 21178 "https://piacenza.elettroservicegroup.it/wp-admin/" "Mozilla/5.0 (Windows NT 10.0; Win64; x64) AppleWebKit/537.36 (KHTML, like Gecko) Chrome/148.0.0.0 Safari/537.36"
89.101.91.102 - - [04/Jun/2026:17:45:07 +0200] "GET /wp-includes/js/dist/blocks.min.js?ver=ef38e42500165bfda301 HTTP/2.0" 200 53864 "https://piacenza.elettroservicegroup.it/wp-admin/" "Mozilla/5.0 (Windows NT 10.0; Win64; x64) AppleWebKit/537.36 (KHTML, like Gecko) Chrome/148.0.0.0 Safari/537.36"
89.101.91.102 - - [04/Jun/2026:17:45:06 +0200] "GET /wp-admin/load-scripts.php?c=1&load%5Bchunk_0%5D=hoverIntent,wp-dom-ready,wp-hooks&ver=7.0 HTTP/2.0" 200 2513 "https://piacenza.elettroservicegroup.it/wp-admin/" "Mozilla/5.0 (Windows NT 10.0; Win64; x64) AppleWebKit/537.36 (KHTML, like Gecko) Chrome/148.0.0.0 Safari/537.36"
89.101.91.102 - - [04/Jun/2026:17:45:07 +0200] "GET /wp-includes/js/dist/block-editor.min.js?ver=93c3566b7f24c15b7e17 HTTP/2.0" 200 303445 "https://piacenza.elettroservicegroup.it/wp-admin/" "Mozilla/5.0 (Windows NT 10.0; Win64; x64) AppleWebKit/537.36 (KHTML, like Gecko) Chrome/148.0.0.0 Safari/537.36"
89.101.91.102 - - [04/Jun/2026:17:45:07 +0200] "GET /wp-includes/js/dist/core-data.min.js?ver=89931f90e4df5eb5f8a3 HTTP/2.0" 200 64814 "https://piacenza.elettroservicegroup.it/wp-admin/" "Mozilla/5.0 (Windows NT 10.0; Win64; x64) AppleWebKit/537.36 (KHTML, like Gecko) Chrome/148.0.0.0 Safari/537.36"
65.108.235.243 - - [04/Jun/2026:17:45:05 +0200] "GET /assistenza-ariston-piacenza/ HTTP/1.1" 200 21766 "-" "WP Fastest Cache Preload Bot"
89.101.91.102 - - [04/Jun/2026:17:45:08 +0200] "GET /wp-includes/js/dist/router.min.js?ver=0249e6724784b1c2583b HTTP/2.0" 200 5736 "https://piacenza.elettroservicegroup.it/wp-admin/" "Mozilla/5.0 (Windows NT 10.0; Win64; x64) AppleWebKit/537.36 (KHTML, like Gecko) Chrome/148.0.0.0 Safari/537.36"
89.101.91.102 - - [04/Jun/2026:17:45:09 +0200] "GET /wp-includes/js/dist/core-commands.min.js?ver=b209152e7e51279d7c28 HTTP/2.0" 200 3958 "https://piacenza.elettroservicegroup.it/wp-admin/" "Mozilla/5.0 (Windows NT 10.0; Win64; x64) AppleWebKit/537.36 (KHTML, like Gecko) Chrome/148.0.0.0 Safari/537.36"
89.101.91.102 - - [04/Jun/2026:17:45:10 +0200] "GET /wp-content/plugins/elementor/vendor/elementor/wp-one-package/assets/build/common.js?ver=71fc09ea1a9e23155639 HTTP/2.0" 200 120 "https://piacenza.elettroservicegroup.it/wp-admin/" "Mozilla/5.0 (Windows NT 10.0; Win64; x64) AppleWebKit/537.36 (KHTML, like Gecko) Chrome/148.0.0.0 Safari/537.36"
89.101.91.102 - - [04/Jun/2026:17:45:10 +0200] "GET /wp-content/plugins/elementor/assets/js/import-export-admin.min.js?ver=4.1.1 HTTP/2.0" 200 2032 "https://piacenza.elettroservicegroup.it/wp-admin/" "Mozilla/5.0 (Windows NT 10.0; Win64; x64) AppleWebKit/537.36 (KHTML, like Gecko) Chrome/148.0.0.0 Safari/537.36"
89.101.91.102 - - [04/Jun/2026:17:45:10 +0200] "GET /wp-content/plugins/elementor/assets/js/editor-one-menu.min.js?ver=4.1.1 HTTP/2.0" 200 3279 "https://piacenza.elettroservicegroup.it/wp-admin/" "Mozilla/5.0 (Windows NT 10.0; Win64; x64) AppleWebKit/537.36 (KHTML, like Gecko) Chrome/148.0.0.0 Safari/537.36"
89.101.91.102 - - [04/Jun/2026:17:45:10 +0200] "GET /wp-content/plugins/wp-fastest-cache/js/column.js?ver=1780587901 HTTP/2.0" 200 437 "https://piacenza.elettroservicegroup.it/wp-admin/" "Mozilla/5.0 (Windows NT 10.0; Win64; x64) AppleWebKit/537.36 (KHTML, like Gecko) Chrome/148.0.0.0 Safari/537.36"
89.101.91.102 - - [04/Jun/2026:17:45:10 +0200] "GET /wp-content/plugins/wp-fastest-cache/js/toolbar.js?ver=1780587901 HTTP/2.0" 200 1003 "https://piacenza.elettroservicegroup.it/wp-admin/" "Mozilla/5.0 (Windows NT 10.0; Win64; x64) AppleWebKit/537.36 (KHTML, like Gecko) Chrome/148.0.0.0 Safari/537.36"
89.101.91.102 - - [04/Jun/2026:17:45:10 +0200] "GET /wp-content/plugins/header-footer-elementor/assets/images/settings/dashboard-logo.svg HTTP/2.0" 200 7896 "https://piacenza.elettroservicegroup.it/wp-admin/" "Mozilla/5.0 (Windows NT 10.0; Win64; x64) AppleWebKit/537.36 (KHTML, like Gecko) Chrome/148.0.0.0 Safari/537.36"
89.101.91.102 - - [04/Jun/2026:17:45:10 +0200] "GET /wp-content/plugins/elementor/assets/js/media-hints.min.js?ver=4.1.1 HTTP/2.0" 200 2186 "https://piacenza.elettroservicegroup.it/wp-admin/" "Mozilla/5.0 (Windows NT 10.0; Win64; x64) AppleWebKit/537.36 (KHTML, like Gecko) Chrome/148.0.0.0 Safari/537.36"
89.101.91.102 - - [04/Jun/2026:17:45:10 +0200] "GET /wp-content/plugins/header-footer-elementor/admin/assets/js/ehf-admin.js?ver=2.8.8 HTTP/2.0" 200 3615 "https://piacenza.elettroservicegroup.it/wp-admin/" "Mozilla/5.0 (Windows NT 10.0; Win64; x64) AppleWebKit/537.36 (KHTML, like Gecko) Chrome/148.0.0.0 Safari/537.36"
89.101.91.102 - - [04/Jun/2026:17:45:10 +0200] "GET /wp-content/plugins/elementor/assets/js/packages/elementor-mcp-common/elementor-mcp-common.min.js?ver=4.1.1 HTTP/2.0" 200 2710 "https://piacenza.elettroservicegroup.it/wp-admin/" "Mozilla/5.0 (Windows NT 10.0; Win64; x64) AppleWebKit/537.36 (KHTML, like Gecko) Chrome/148.0.0.0 Safari/537.36"
89.101.91.102 - - [04/Jun/2026:17:45:10 +0200] "GET /wp-content/plugins/header-footer-elementor/inc/lib/astra-notices/notices.js?ver=1.1.16 HTTP/2.0" 200 655 "https://piacenza.elettroservicegroup.it/wp-admin/" "Mozilla/5.0 (Windows NT 10.0; Win64; x64) AppleWebKit/537.36 (KHTML, like Gecko) Chrome/148.0.0.0 Safari/537.36"
89.101.91.102 - - [04/Jun/2026:17:45:10 +0200] "GET /wp-content/plugins/elementor/assets/js/admin-modules.min.js?ver=4.1.1 HTTP/2.0" 200 4659 "https://piacenza.elettroservicegroup.it/wp-admin/" "Mozilla/5.0 (Windows NT 10.0; Win64; x64) AppleWebKit/537.36 (KHTML, like Gecko) Chrome/148.0.0.0 Safari/537.36"
89.101.91.102 - - [04/Jun/2026:17:45:10 +0200] "GET /wp-content/plugins/elementor/assets/js/import-export-customization-admin.min.js?ver=4.1.1 HTTP/2.0" 200 10967 "https://piacenza.elettroservicegroup.it/wp-admin/" "Mozilla/5.0 (Windows NT 10.0; Win64; x64) AppleWebKit/537.36 (KHTML, like Gecko) Chrome/148.0.0.0 Safari/537.36"
89.101.91.102 - - [04/Jun/2026:17:45:10 +0200] "GET /wp-content/plugins/elementor/assets/js/admin.min.js?ver=4.1.1 HTTP/2.0" 200 20641 "https://piacenza.elettroservicegroup.it/wp-admin/" "Mozilla/5.0 (Windows NT 10.0; Win64; x64) AppleWebKit/537.36 (KHTML, like Gecko) Chrome/148.0.0.0 Safari/537.36"
89.101.91.102 - - [04/Jun/2026:17:45:10 +0200] "GET /wp-content/plugins/elementor/assets/js/packages/schema/schema.min.js?ver=4.1.1 HTTP/2.0" 200 54109 "https://piacenza.elettroservicegroup.it/wp-admin/" "Mozilla/5.0 (Windows NT 10.0; Win64; x64) AppleWebKit/537.36 (KHTML, like Gecko) Chrome/148.0.0.0 Safari/537.36"
89.101.91.102 - - [04/Jun/2026:17:45:10 +0200] "GET /wp-content/plugins/elementor/assets/js/packages/elementor-capabilities-mcp/elementor-capabilities-mcp.min.js?ver=4.1.1 HTTP/2.0" 200 81643 "https://piacenza.elettroservicegroup.it/wp-admin/" "Mozilla/5.0 (Windows NT 10.0; Win64; x64) AppleWebKit/537.36 (KHTML, like Gecko) Chrome/148.0.0.0 Safari/537.36"
89.101.91.102 - - [04/Jun/2026:17:45:10 +0200] "GET /wp-content/plugins/elementor/assets/js/packages/editor-mcp/editor-mcp.min.js?ver=4.1.1 HTTP/2.0" 200 111413 "https://piacenza.elettroservicegroup.it/wp-admin/" "Mozilla/5.0 (Windows NT 10.0; Win64; x64) AppleWebKit/537.36 (KHTML, like Gecko) Chrome/148.0.0.0 Safari/537.36"
65.108.235.243 - - [04/Jun/2026:17:45:07 +0200] "GET /assistenza-aeg-piacenza/ HTTP/1.1" 200 21770 "-" "WP Fastest Cache Preload Bot"
89.101.91.102 - - [04/Jun/2026:17:45:10 +0200] "GET /wp-admin/admin.php?page=Wordfence HTTP/2.0" 200 195424 "https://piacenza.elettroservicegroup.it/wp-admin/" "Mozilla/5.0 (Windows NT 10.0; Win64; x64) AppleWebKit/537.36 (KHTML, like Gecko) Chrome/148.0.0.0 Safari/537.36"
89.101.91.102 - - [04/Jun/2026:17:45:14 +0200] "GET /wp-content/plugins/wordfence/css/wf-roboto-font.1778685035.css?ver=8.2.2 HTTP/2.0" 200 448 "https://piacenza.elettroservicegroup.it/wp-admin/admin.php?page=Wordfence" "Mozilla/5.0 (Windows NT 10.0; Win64; x64) AppleWebKit/537.36 (KHTML, like Gecko) Chrome/148.0.0.0 Safari/537.36"
89.101.91.102 - - [04/Jun/2026:17:45:14 +0200] "GET /wp-content/plugins/wp-fastest-cache/css/style.css?ver=1780587912 HTTP/2.0" 200 6774 "https://piacenza.elettroservicegroup.it/wp-admin/admin.php?page=Wordfence" "Mozilla/5.0 (Windows NT 10.0; Win64; x64) AppleWebKit/537.36 (KHTML, like Gecko) Chrome/148.0.0.0 Safari/537.36"
89.101.91.102 - - [04/Jun/2026:17:45:14 +0200] "GET /wp-admin/load-styles.php?c=1&dir=ltr&load%5Bchunk_0%5D=dashicons,admin-bar,wp-pointer,common,forms,admin-menu,dashboard,list-tables,edit,revisions,media,themes,about,nav-menus,widgets&load%5Bchunk_1%5D=,site-icon,l10n,wp-base-styles,buttons,wp-auth-check,wp-components,wp-commands&ver=7.0 HTTP/2.0" 200 111453 "https://piacenza.elettroservicegroup.it/wp-admin/admin.php?page=Wordfence" "Mozilla/5.0 (Windows NT 10.0; Win64; x64) AppleWebKit/537.36 (KHTML, like Gecko) Chrome/148.0.0.0 Safari/537.36"
89.101.91.102 - - [04/Jun/2026:17:45:15 +0200] "GET /wp-content/plugins/wordfence/css/wf-ionicons.1778685035.css?ver=8.2.2 HTTP/2.0" 200 74953 "https://piacenza.elettroservicegroup.it/wp-admin/admin.php?page=Wordfence" "Mozilla/5.0 (Windows NT 10.0; Win64; x64) AppleWebKit/537.36 (KHTML, like Gecko) Chrome/148.0.0.0 Safari/537.36"
89.101.91.102 - - [04/Jun/2026:17:45:15 +0200] "GET /wp-content/plugins/wordfence/css/main.1778685035.css?ver=8.2.2 HTTP/2.0" 200 118450 "https://piacenza.elettroservicegroup.it/wp-admin/admin.php?page=Wordfence" "Mozilla/5.0 (Windows NT 10.0; Win64; x64) AppleWebKit/537.36 (KHTML, like Gecko) Chrome/148.0.0.0 Safari/537.36"
89.101.91.102 - - [04/Jun/2026:17:45:15 +0200] "GET /wp-content/plugins/wordfence/css/license/free.1778685035.css?ver=7.0 HTTP/2.0" 200 4083 "https://piacenza.elettroservicegroup.it/wp-admin/admin.php?page=Wordfence" "Mozilla/5.0 (Windows NT 10.0; Win64; x64) AppleWebKit/537.36 (KHTML, like Gecko) Chrome/148.0.0.0 Safari/537.36"
89.101.91.102 - - [04/Jun/2026:17:45:15 +0200] "GET /wp-content/plugins/wp-fastest-cache/css/toolbar.css?ver=1780587912 HTTP/2.0" 200 4578 "https://piacenza.elettroservicegroup.it/wp-admin/admin.php?page=Wordfence" "Mozilla/5.0 (Windows NT 10.0; Win64; x64) AppleWebKit/537.36 (KHTML, like Gecko) Chrome/148.0.0.0 Safari/537.36"
89.101.91.102 - - [04/Jun/2026:17:45:15 +0200] "GET /wp-content/plugins/wordfence/js/jquery.qrcode.min.1778685035.js?ver=8.2.2 HTTP/2.0" 200 4627 "https://piacenza.elettroservicegroup.it/wp-admin/admin.php?page=Wordfence" "Mozilla/5.0 (Windows NT 10.0; Win64; x64) AppleWebKit/537.36 (KHTML, like Gecko) Chrome/148.0.0.0 Safari/537.36"
89.101.91.102 - - [04/Jun/2026:17:45:15 +0200] "GET /wp-content/plugins/wordfence/js/admin.1778685035.js?ver=8.2.2 HTTP/2.0" 200 5994 "https://piacenza.elettroservicegroup.it/wp-admin/admin.php?page=Wordfence" "Mozilla/5.0 (Windows NT 10.0; Win64; x64) AppleWebKit/537.36 (KHTML, like Gecko) Chrome/148.0.0.0 Safari/537.36"
89.101.91.102 - - [04/Jun/2026:17:45:15 +0200] "GET /wp-admin/load-scripts.php?c=1&load%5Bchunk_0%5D=jquery-core,jquery-migrate,utils,jquery-ui-core,jquery-ui-menu,jquery-ui-tooltip&ver=7.0 HTTP/2.0" 200 44316 "https://piacenza.elettroservicegroup.it/wp-admin/admin.php?page=Wordfence" "Mozilla/5.0 (Windows NT 10.0; Win64; x64) AppleWebKit/537.36 (KHTML, like Gecko) Chrome/148.0.0.0 Safari/537.36"
89.101.91.102 - - [04/Jun/2026:17:45:15 +0200] "GET /wp-content/plugins/wordfence/js/wfdropdown.1778685035.js?ver=8.2.2 HTTP/2.0" 200 1446 "https://piacenza.elettroservicegroup.it/wp-admin/admin.php?page=Wordfence" "Mozilla/5.0 (Windows NT 10.0; Win64; x64) AppleWebKit/537.36 (KHTML, like Gecko) Chrome/148.0.0.0 Safari/537.36"
89.101.91.102 - - [04/Jun/2026:17:45:15 +0200] "GET /wp-content/plugins/wordfence/js/wordfence.1778685035.js?ver=8.2.2 HTTP/2.0" 200 293347 "https://piacenza.elettroservicegroup.it/wp-admin/admin.php?page=Wordfence" "Mozilla/5.0 (Windows NT 10.0; Win64; x64) AppleWebKit/537.36 (KHTML, like Gecko) Chrome/148.0.0.0 Safari/537.36"
89.101.91.102 - - [04/Jun/2026:17:45:16 +0200] "GET /wp-content/plugins/wp-fastest-cache/js/toolbar.js?ver=1780587912 HTTP/2.0" 200 1003 "https://piacenza.elettroservicegroup.it/wp-admin/admin.php?page=Wordfence" "Mozilla/5.0 (Windows NT 10.0; Win64; x64) AppleWebKit/537.36 (KHTML, like Gecko) Chrome/148.0.0.0 Safari/537.36"
89.101.91.102 - - [04/Jun/2026:17:45:16 +0200] "GET /wp-content/plugins/wp-fastest-cache/js/column.js?ver=1780587912 HTTP/2.0" 200 437 "https://piacenza.elettroservicegroup.it/wp-admin/admin.php?page=Wordfence" "Mozilla/5.0 (Windows NT 10.0; Win64; x64) AppleWebKit/537.36 (KHTML, like Gecko) Chrome/148.0.0.0 Safari/537.36"
89.101.91.102 - - [04/Jun/2026:17:45:19 +0200] "GET /wp-content/plugins/wordfence/js/vue.esm-browser.prod.1778685035.js HTTP/2.0" 200 58355 "https://piacenza.elettroservicegroup.it/wp-content/plugins/wordfence/js/wordfence.1778685035.js?ver=8.2.2" "Mozilla/5.0 (Windows NT 10.0; Win64; x64) AppleWebKit/537.36 (KHTML, like Gecko) Chrome/148.0.0.0 Safari/537.36"
89.101.91.102 - - [04/Jun/2026:17:45:19 +0200] "GET /wp-content/plugins/wordfence/js/chart.umd.1778685035.js?ver=4.2.1 HTTP/2.0" 200 65872 "https://piacenza.elettroservicegroup.it/wp-admin/admin.php?page=Wordfence" "Mozilla/5.0 (Windows NT 10.0; Win64; x64) AppleWebKit/537.36 (KHTML, like Gecko) Chrome/148.0.0.0 Safari/537.36"
89.101.91.102 - - [04/Jun/2026:17:45:20 +0200] "GET /wp-includes/js/thickbox/loadingAnimation.gif HTTP/2.0" 200 15238 "https://piacenza.elettroservicegroup.it/wp-admin/admin.php?page=Wordfence" "Mozilla/5.0 (Windows NT 10.0; Win64; x64) AppleWebKit/537.36 (KHTML, like Gecko) Chrome/148.0.0.0 Safari/537.36"
89.101.91.102 - - [04/Jun/2026:17:45:20 +0200] "GET /wp-content/plugins/wordfence/fonts/roboto-KFOkCnqEu92Fr1Mu51xIIzQXKMny.woff HTTP/2.0" 200 15700 "https://piacenza.elettroservicegroup.it/wp-content/plugins/wordfence/css/wf-roboto-font.1778685035.css?ver=8.2.2" "Mozilla/5.0 (Windows NT 10.0; Win64; x64) AppleWebKit/537.36 (KHTML, like Gecko) Chrome/148.0.0.0 Safari/537.36"
89.101.91.102 - - [04/Jun/2026:17:45:20 +0200] "GET /wp-content/plugins/wordfence/fonts/roboto-KFOlCnqEu92Fr1MmSU5fBBc-AMP6lQ.woff HTTP/2.0" 200 14147 "https://piacenza.elettroservicegroup.it/wp-content/plugins/wordfence/css/wf-roboto-font.1778685035.css?ver=8.2.2" "Mozilla/5.0 (Windows NT 10.0; Win64; x64) AppleWebKit/537.36 (KHTML, like Gecko) Chrome/148.0.0.0 Safari/537.36"
89.101.91.102 - - [04/Jun/2026:17:45:20 +0200] "GET /wp-content/plugins/wordfence/images/wf-central-logo.svg HTTP/2.0" 200 815 "https://piacenza.elettroservicegroup.it/wp-admin/admin.php?page=Wordfence" "Mozilla/5.0 (Windows NT 10.0; Win64; x64) AppleWebKit/537.36 (KHTML, like Gecko) Chrome/148.0.0.0 Safari/537.36"
89.101.91.102 - - [04/Jun/2026:17:45:31 +0200] "POST /wp-admin/admin-ajax.php HTTP/2.0" 421 362 "https://piacenza.elettroservicegroup.it/wp-admin/admin.php?page=Wordfence" "Mozilla/5.0 (Windows NT 10.0; Win64; x64) AppleWebKit/537.36 (KHTML, like Gecko) Chrome/148.0.0.0 Safari/537.36"
65.108.235.243 - - [04/Jun/2026:17:45:33 +0200] "POST /wp-cron.php?doing_wp_cron=1780587933.1444969177246093750000 HTTP/1.1" 200 1 "-" "WordPress/7.0; https://piacenza.elettroservicegroup.it"
89.101.91.102 - - [04/Jun/2026:17:45:32 +0200] "POST /wp-admin/admin-ajax.php HTTP/2.0" 200 52 "https://piacenza.elettroservicegroup.it/wp-admin/admin.php?page=Wordfence" "Mozilla/5.0 (Windows NT 10.0; Win64; x64) AppleWebKit/537.36 (KHTML, like Gecko) Chrome/148.0.0.0 Safari/537.36"
89.101.91.102 - - [04/Jun/2026:17:45:34 +0200] "GET /wp-admin/admin.php?page=WordfenceWAF HTTP/2.0" 200 202544 "https://piacenza.elettroservicegroup.it/wp-admin/admin.php?page=Wordfence" "Mozilla/5.0 (Windows NT 10.0; Win64; x64) AppleWebKit/537.36 (KHTML, like Gecko) Chrome/148.0.0.0 Safari/537.36"
89.101.91.102 - - [04/Jun/2026:17:45:35 +0200] "GET /wp-content/plugins/wp-fastest-cache/css/style.css?ver=1780587934 HTTP/2.0" 200 6774 "https://piacenza.elettroservicegroup.it/wp-admin/admin.php?page=WordfenceWAF" "Mozilla/5.0 (Windows NT 10.0; Win64; x64) AppleWebKit/537.36 (KHTML, like Gecko) Chrome/148.0.0.0 Safari/537.36"
89.101.91.102 - - [04/Jun/2026:17:45:35 +0200] "GET /wp-content/plugins/wp-fastest-cache/css/toolbar.css?ver=1780587935 HTTP/2.0" 200 4578 "https://piacenza.elettroservicegroup.it/wp-admin/admin.php?page=WordfenceWAF" "Mozilla/5.0 (Windows NT 10.0; Win64; x64) AppleWebKit/537.36 (KHTML, like Gecko) Chrome/148.0.0.0 Safari/537.36"
89.101.91.102 - - [04/Jun/2026:17:45:35 +0200] "GET /wp-content/plugins/wordfence/css/wf-onboarding.1778685035.css?ver=8.2.2 HTTP/2.0" 200 8294 "https://piacenza.elettroservicegroup.it/wp-admin/admin.php?page=WordfenceWAF" "Mozilla/5.0 (Windows NT 10.0; Win64; x64) AppleWebKit/537.36 (KHTML, like Gecko) Chrome/148.0.0.0 Safari/537.36"
89.101.91.102 - - [04/Jun/2026:17:45:36 +0200] "GET /wp-content/plugins/wp-fastest-cache/js/column.js?ver=1780587935 HTTP/2.0" 200 437 "https://piacenza.elettroservicegroup.it/wp-admin/admin.php?page=WordfenceWAF" "Mozilla/5.0 (Windows NT 10.0; Win64; x64) AppleWebKit/537.36 (KHTML, like Gecko) Chrome/148.0.0.0 Safari/537.36"
89.101.91.102 - - [04/Jun/2026:17:45:36 +0200] "GET /wp-content/plugins/wp-fastest-cache/js/toolbar.js?ver=1780587935 HTTP/2.0" 200 1003 "https://piacenza.elettroservicegroup.it/wp-admin/admin.php?page=WordfenceWAF" "Mozilla/5.0 (Windows NT 10.0; Win64; x64) AppleWebKit/537.36 (KHTML, like Gecko) Chrome/148.0.0.0 Safari/537.36"
89.101.91.102 - - [04/Jun/2026:17:45:37 +0200] "GET /wp-content/plugins/wordfence/fonts/roboto-KFOkCnqEu92Fr1Mu51xIIzQXKMny.woff HTTP/2.0" 304 - "https://piacenza.elettroservicegroup.it/wp-content/plugins/wordfence/css/wf-roboto-font.1778685035.css?ver=8.2.2" "Mozilla/5.0 (Windows NT 10.0; Win64; x64) AppleWebKit/537.36 (KHTML, like Gecko) Chrome/148.0.0.0 Safari/537.36"
89.101.91.102 - - [04/Jun/2026:17:45:37 +0200] "GET /wp-content/plugins/wordfence/fonts/roboto-KFOlCnqEu92Fr1MmSU5fBBc-AMP6lQ.woff HTTP/2.0" 304 - "https://piacenza.elettroservicegroup.it/wp-content/plugins/wordfence/css/wf-roboto-font.1778685035.css?ver=8.2.2" "Mozilla/5.0 (Windows NT 10.0; Win64; x64) AppleWebKit/537.36 (KHTML, like Gecko) Chrome/148.0.0.0 Safari/537.36"
89.101.91.102 - - [04/Jun/2026:17:45:37 +0200] "POST /wp-admin/admin-ajax.php HTTP/2.0" 200 72 "https://piacenza.elettroservicegroup.it/wp-admin/admin.php?page=WordfenceWAF" "Mozilla/5.0 (Windows NT 10.0; Win64; x64) AppleWebKit/537.36 (KHTML, like Gecko) Chrome/148.0.0.0 Safari/537.36"
89.101.91.102 - - [04/Jun/2026:17:46:32 +0200] "GET /wp-admin/admin.php?page=Wordfence HTTP/2.0" 421 362 "https://piacenza.elettroservicegroup.it/wp-admin/admin.php?page=WordfenceWAF" "Mozilla/5.0 (Windows NT 10.0; Win64; x64) AppleWebKit/537.36 (KHTML, like Gecko) Chrome/148.0.0.0 Safari/537.36"
65.108.235.243 - - [04/Jun/2026:17:46:41 +0200] "POST /wp-cron.php?doing_wp_cron=1780588001.7764000892639160156250 HTTP/1.1" 200 1 "-" "WordPress/7.0; https://piacenza.elettroservicegroup.it"
89.101.91.102 - - [04/Jun/2026:17:46:37 +0200] "POST /wp-admin/admin-ajax.php HTTP/2.0" 200 51 "https://piacenza.elettroservicegroup.it/wp-admin/admin.php?page=WordfenceWAF" "Mozilla/5.0 (Windows NT 10.0; Win64; x64) AppleWebKit/537.36 (KHTML, like Gecko) Chrome/148.0.0.0 Safari/537.36"
89.101.91.102 - - [04/Jun/2026:17:46:33 +0200] "GET /wp-admin/admin.php?page=Wordfence HTTP/2.0" 200 195458 "https://piacenza.elettroservicegroup.it/wp-admin/admin.php?page=WordfenceWAF" "Mozilla/5.0 (Windows NT 10.0; Win64; x64) AppleWebKit/537.36 (KHTML, like Gecko) Chrome/148.0.0.0 Safari/537.36"
89.101.91.102 - - [04/Jun/2026:17:46:43 +0200] "GET /wp-content/plugins/wp-fastest-cache/css/style.css?ver=1780588001 HTTP/2.0" 200 6774 "https://piacenza.elettroservicegroup.it/wp-admin/admin.php?page=Wordfence" "Mozilla/5.0 (Windows NT 10.0; Win64; x64) AppleWebKit/537.36 (KHTML, like Gecko) Chrome/148.0.0.0 Safari/537.36"
89.101.91.102 - - [04/Jun/2026:17:46:43 +0200] "GET /wp-content/plugins/wp-fastest-cache/css/toolbar.css?ver=1780588002 HTTP/2.0" 200 4578 "https://piacenza.elettroservicegroup.it/wp-admin/admin.php?page=Wordfence" "Mozilla/5.0 (Windows NT 10.0; Win64; x64) AppleWebKit/537.36 (KHTML, like Gecko) Chrome/148.0.0.0 Safari/537.36"
89.101.91.102 - - [04/Jun/2026:17:46:43 +0200] "GET /wp-content/plugins/wp-fastest-cache/js/column.js?ver=1780588002 HTTP/2.0" 200 437 "https://piacenza.elettroservicegroup.it/wp-admin/admin.php?page=Wordfence" "Mozilla/5.0 (Windows NT 10.0; Win64; x64) AppleWebKit/537.36 (KHTML, like Gecko) Chrome/148.0.0.0 Safari/537.36"
89.101.91.102 - - [04/Jun/2026:17:46:43 +0200] "GET /wp-content/plugins/wp-fastest-cache/js/toolbar.js?ver=1780588002 HTTP/2.0" 200 1003 "https://piacenza.elettroservicegroup.it/wp-admin/admin.php?page=Wordfence" "Mozilla/5.0 (Windows NT 10.0; Win64; x64) AppleWebKit/537.36 (KHTML, like Gecko) Chrome/148.0.0.0 Safari/537.36"
89.101.91.102 - - [04/Jun/2026:17:46:43 +0200] "GET /wp-content/plugins/wordfence/fonts/roboto-KFOkCnqEu92Fr1Mu51xIIzQXKMny.woff HTTP/2.0" 304 - "https://piacenza.elettroservicegroup.it/wp-content/plugins/wordfence/css/wf-roboto-font.1778685035.css?ver=8.2.2" "Mozilla/5.0 (Windows NT 10.0; Win64; x64) AppleWebKit/537.36 (KHTML, like Gecko) Chrome/148.0.0.0 Safari/537.36"
89.101.91.102 - - [04/Jun/2026:17:46:44 +0200] "GET /wp-content/plugins/wordfence/fonts/roboto-KFOlCnqEu92Fr1MmSU5fBBc-AMP6lQ.woff HTTP/2.0" 304 - "https://piacenza.elettroservicegroup.it/wp-content/plugins/wordfence/css/wf-roboto-font.1778685035.css?ver=8.2.2" "Mozilla/5.0 (Windows NT 10.0; Win64; x64) AppleWebKit/537.36 (KHTML, like Gecko) Chrome/148.0.0.0 Safari/537.36"
89.101.91.102 - - [04/Jun/2026:17:46:48 +0200] "GET /wp-admin/admin.php?page=WordfenceWAF&subpage=waf_options&source=dashboard HTTP/2.0" 200 191528 "https://piacenza.elettroservicegroup.it/wp-admin/admin.php?page=Wordfence" "Mozilla/5.0 (Windows NT 10.0; Win64; x64) AppleWebKit/537.36 (KHTML, like Gecko) Chrome/148.0.0.0 Safari/537.36"
89.101.91.102 - - [04/Jun/2026:17:46:49 +0200] "GET /wp-content/plugins/wp-fastest-cache/css/toolbar.css?ver=1780588009 HTTP/2.0" 200 4578 "https://piacenza.elettroservicegroup.it/wp-admin/admin.php?page=WordfenceWAF&subpage=waf_options&source=dashboard" "Mozilla/5.0 (Windows NT 10.0; Win64; x64) AppleWebKit/537.36 (KHTML, like Gecko) Chrome/148.0.0.0 Safari/537.36"
89.101.91.102 - - [04/Jun/2026:17:46:49 +0200] "GET /wp-content/plugins/wp-fastest-cache/css/style.css?ver=1780588009 HTTP/2.0" 200 6774 "https://piacenza.elettroservicegroup.it/wp-admin/admin.php?page=WordfenceWAF&subpage=waf_options&source=dashboard" "Mozilla/5.0 (Windows NT 10.0; Win64; x64) AppleWebKit/537.36 (KHTML, like Gecko) Chrome/148.0.0.0 Safari/537.36"
89.101.91.102 - - [04/Jun/2026:17:46:50 +0200] "GET /wp-content/plugins/wp-fastest-cache/js/column.js?ver=1780588009 HTTP/2.0" 200 437 "https://piacenza.elettroservicegroup.it/wp-admin/admin.php?page=WordfenceWAF&subpage=waf_options&source=dashboard" "Mozilla/5.0 (Windows NT 10.0; Win64; x64) AppleWebKit/537.36 (KHTML, like Gecko) Chrome/148.0.0.0 Safari/537.36"
89.101.91.102 - - [04/Jun/2026:17:46:50 +0200] "GET /wp-content/plugins/wp-fastest-cache/js/toolbar.js?ver=1780588009 HTTP/2.0" 200 1003 "https://piacenza.elettroservicegroup.it/wp-admin/admin.php?page=WordfenceWAF&subpage=waf_options&source=dashboard" "Mozilla/5.0 (Windows NT 10.0; Win64; x64) AppleWebKit/537.36 (KHTML, like Gecko) Chrome/148.0.0.0 Safari/537.36"
89.101.91.102 - - [04/Jun/2026:17:46:54 +0200] "GET /wp-content/plugins/wordfence/fonts/roboto-KFOlCnqEu92Fr1MmSU5fBBc-AMP6lQ.woff HTTP/2.0" 304 - "https://piacenza.elettroservicegroup.it/wp-content/plugins/wordfence/css/wf-roboto-font.1778685035.css?ver=8.2.2" "Mozilla/5.0 (Windows NT 10.0; Win64; x64) AppleWebKit/537.36 (KHTML, like Gecko) Chrome/148.0.0.0 Safari/537.36"
65.108.235.243 - - [04/Jun/2026:17:47:02 +0200] "POST /wp-cron.php?doing_wp_cron=1780588022.4702479839324951171875 HTTP/1.1" 200 1 "-" "WordPress/7.0; https://piacenza.elettroservicegroup.it"
89.101.91.102 - - [04/Jun/2026:17:47:00 +0200] "POST /wp-admin/admin-ajax.php HTTP/2.0" 200 56 "https://piacenza.elettroservicegroup.it/wp-admin/admin.php?page=WordfenceWAF&subpage=waf_options&source=dashboard" "Mozilla/5.0 (Windows NT 10.0; Win64; x64) AppleWebKit/537.36 (KHTML, like Gecko) Chrome/148.0.0.0 Safari/537.36"
89.101.91.102 - - [04/Jun/2026:17:47:02 +0200] "GET /wp-admin/admin.php?page=WordfenceWAF&subpage=waf_options&source=dashboard HTTP/2.0" 200 191533 "https://piacenza.elettroservicegroup.it/wp-admin/admin.php?page=WordfenceWAF&subpage=waf_options&source=dashboard" "Mozilla/5.0 (Windows NT 10.0; Win64; x64) AppleWebKit/537.36 (KHTML, like Gecko) Chrome/148.0.0.0 Safari/537.36"
89.101.91.102 - - [04/Jun/2026:17:47:07 +0200] "GET /wp-content/plugins/wp-fastest-cache/css/toolbar.css?ver=1780588024 HTTP/2.0" 200 4578 "https://piacenza.elettroservicegroup.it/wp-admin/admin.php?page=WordfenceWAF&subpage=waf_options&source=dashboard" "Mozilla/5.0 (Windows NT 10.0; Win64; x64) AppleWebKit/537.36 (KHTML, like Gecko) Chrome/148.0.0.0 Safari/537.36"
89.101.91.102 - - [04/Jun/2026:17:47:07 +0200] "GET /wp-content/plugins/wp-fastest-cache/css/style.css?ver=1780588024 HTTP/2.0" 200 6774 "https://piacenza.elettroservicegroup.it/wp-admin/admin.php?page=WordfenceWAF&subpage=waf_options&source=dashboard" "Mozilla/5.0 (Windows NT 10.0; Win64; x64) AppleWebKit/537.36 (KHTML, like Gecko) Chrome/148.0.0.0 Safari/537.36"
89.101.91.102 - - [04/Jun/2026:17:47:09 +0200] "GET /wp-content/plugins/wp-fastest-cache/js/column.js?ver=1780588024 HTTP/2.0" 200 437 "https://piacenza.elettroservicegroup.it/wp-admin/admin.php?page=WordfenceWAF&subpage=waf_options&source=dashboard" "Mozilla/5.0 (Windows NT 10.0; Win64; x64) AppleWebKit/537.36 (KHTML, like Gecko) Chrome/148.0.0.0 Safari/537.36"
89.101.91.102 - - [04/Jun/2026:17:47:09 +0200] "GET /wp-content/plugins/wp-fastest-cache/js/toolbar.js?ver=1780588024 HTTP/2.0" 200 1003 "https://piacenza.elettroservicegroup.it/wp-admin/admin.php?page=WordfenceWAF&subpage=waf_options&source=dashboard" "Mozilla/5.0 (Windows NT 10.0; Win64; x64) AppleWebKit/537.36 (KHTML, like Gecko) Chrome/148.0.0.0 Safari/537.36"
89.101.91.102 - - [04/Jun/2026:17:47:11 +0200] "GET /wp-content/plugins/wordfence/fonts/roboto-KFOlCnqEu92Fr1MmSU5fBBc-AMP6lQ.woff HTTP/2.0" 304 - "https://piacenza.elettroservicegroup.it/wp-content/plugins/wordfence/css/wf-roboto-font.1778685035.css?ver=8.2.2" "Mozilla/5.0 (Windows NT 10.0; Win64; x64) AppleWebKit/537.36 (KHTML, like Gecko) Chrome/148.0.0.0 Safari/537.36"
89.101.91.102 - - [04/Jun/2026:17:47:21 +0200] "GET /wp-admin/admin.php?page=WFLS HTTP/2.0" 200 199951 "https://piacenza.elettroservicegroup.it/wp-admin/admin.php?page=WordfenceWAF&subpage=waf_options&source=dashboard" "Mozilla/5.0 (Windows NT 10.0; Win64; x64) AppleWebKit/537.36 (KHTML, like Gecko) Chrome/148.0.0.0 Safari/537.36"
89.101.91.102 - - [04/Jun/2026:17:47:26 +0200] "GET /wp-content/plugins/wp-fastest-cache/css/style.css?ver=1780588043 HTTP/2.0" 200 6774 "https://piacenza.elettroservicegroup.it/wp-admin/admin.php?page=WFLS" "Mozilla/5.0 (Windows NT 10.0; Win64; x64) AppleWebKit/537.36 (KHTML, like Gecko) Chrome/148.0.0.0 Safari/537.36"
89.101.91.102 - - [04/Jun/2026:17:47:26 +0200] "GET /wp-content/plugins/wordfence/modules/login-security/css/admin.1778685035.css?ver=1.1.16 HTTP/2.0" 200 25511 "https://piacenza.elettroservicegroup.it/wp-admin/admin.php?page=WFLS" "Mozilla/5.0 (Windows NT 10.0; Win64; x64) AppleWebKit/537.36 (KHTML, like Gecko) Chrome/148.0.0.0 Safari/537.36"
89.101.91.102 - - [04/Jun/2026:17:47:26 +0200] "GET /wp-admin/load-styles.php?c=1&dir=ltr&load%5Bchunk_0%5D=dashicons,admin-bar,wp-pointer,common,forms,admin-menu,dashboard,list-tables,edit,revisions,media,themes,about,nav-menus,widgets&load%5Bchunk_1%5D=,site-icon,l10n,wp-base-styles,buttons,wp-auth-check,wp-components,wp-commands,wp-jquery-ui-dialog&ver=7.0 HTTP/2.0" 200 112386 "https://piacenza.elettroservicegroup.it/wp-admin/admin.php?page=WFLS" "Mozilla/5.0 (Windows NT 10.0; Win64; x64) AppleWebKit/537.36 (KHTML, like Gecko) Chrome/148.0.0.0 Safari/537.36"
89.101.91.102 - - [04/Jun/2026:17:47:28 +0200] "GET /wp-content/plugins/wp-fastest-cache/css/toolbar.css?ver=1780588043 HTTP/2.0" 200 4578 "https://piacenza.elettroservicegroup.it/wp-admin/admin.php?page=WFLS" "Mozilla/5.0 (Windows NT 10.0; Win64; x64) AppleWebKit/537.36 (KHTML, like Gecko) Chrome/148.0.0.0 Safari/537.36"
89.101.91.102 - - [04/Jun/2026:17:47:28 +0200] "GET /wp-content/plugins/wordfence/modules/login-security/css/ionicons.1778685035.css?ver=1.1.16 HTTP/2.0" 200 74976 "https://piacenza.elettroservicegroup.it/wp-admin/admin.php?page=WFLS" "Mozilla/5.0 (Windows NT 10.0; Win64; x64) AppleWebKit/537.36 (KHTML, like Gecko) Chrome/148.0.0.0 Safari/537.36"
89.101.91.102 - - [04/Jun/2026:17:47:30 +0200] "GET /wp-content/plugins/wordfence/modules/login-security/js/jquery.qrcode.min.1778685035.js?ver=1.1.16 HTTP/2.0" 200 4627 "https://piacenza.elettroservicegroup.it/wp-admin/admin.php?page=WFLS" "Mozilla/5.0 (Windows NT 10.0; Win64; x64) AppleWebKit/537.36 (KHTML, like Gecko) Chrome/148.0.0.0 Safari/537.36"
89.101.91.102 - - [04/Jun/2026:17:47:30 +0200] "GET /wp-admin/load-scripts.php?c=1&load%5Bchunk_0%5D=jquery-core,jquery-migrate,utils,jquery-ui-core,jquery-ui-menu,jquery-ui-tooltip,jquery-ui-mouse,jquery-ui-draggable,jquery-ui-r&load%5Bchunk_1%5D=esizable,jquery-ui-controlgroup,jquery-ui-checkboxradio,jquery-ui-button,jquery-ui-dialog&ver=7.0 HTTP/2.0" 200 59876 "https://piacenza.elettroservicegroup.it/wp-admin/admin.php?page=WFLS" "Mozilla/5.0 (Windows NT 10.0; Win64; x64) AppleWebKit/537.36 (KHTML, like Gecko) Chrome/148.0.0.0 Safari/537.36"
89.101.91.102 - - [04/Jun/2026:17:47:30 +0200] "GET /wp-content/plugins/wordfence/modules/login-security/js/admin.1778685035.js?ver=1.1.16 HTTP/2.0" 200 3433 "https://piacenza.elettroservicegroup.it/wp-admin/admin.php?page=WFLS" "Mozilla/5.0 (Windows NT 10.0; Win64; x64) AppleWebKit/537.36 (KHTML, like Gecko) Chrome/148.0.0.0 Safari/537.36"
89.101.91.102 - - [04/Jun/2026:17:47:30 +0200] "GET /wp-content/plugins/wp-fastest-cache/js/column.js?ver=1780588043 HTTP/2.0" 200 437 "https://piacenza.elettroservicegroup.it/wp-admin/admin.php?page=WFLS" "Mozilla/5.0 (Windows NT 10.0; Win64; x64) AppleWebKit/537.36 (KHTML, like Gecko) Chrome/148.0.0.0 Safari/537.36"
89.101.91.102 - - [04/Jun/2026:17:47:30 +0200] "GET /wp-content/plugins/wordfence/modules/login-security/js/wflsi18n.1778685035.js?ver=1.1.16 HTTP/2.0" 200 1973 "https://piacenza.elettroservicegroup.it/wp-admin/admin.php?page=WFLS" "Mozilla/5.0 (Windows NT 10.0; Win64; x64) AppleWebKit/537.36 (KHTML, like Gecko) Chrome/148.0.0.0 Safari/537.36"
89.101.91.102 - - [04/Jun/2026:17:47:30 +0200] "GET /wp-content/plugins/wp-fastest-cache/js/toolbar.js?ver=1780588043 HTTP/2.0" 200 1003 "https://piacenza.elettroservicegroup.it/wp-admin/admin.php?page=WFLS" "Mozilla/5.0 (Windows NT 10.0; Win64; x64) AppleWebKit/537.36 (KHTML, like Gecko) Chrome/148.0.0.0 Safari/537.36"
89.101.91.102 - - [04/Jun/2026:17:48:33 +0200] "POST /wp-admin/admin-ajax.php HTTP/2.0" 421 362 "https://piacenza.elettroservicegroup.it/wp-admin/admin.php?page=WFLS" "Mozilla/5.0 (Windows NT 10.0; Win64; x64) AppleWebKit/537.36 (KHTML, like Gecko) Chrome/148.0.0.0 Safari/537.36"
65.108.235.243 - - [04/Jun/2026:17:48:41 +0200] "POST /wp-cron.php?doing_wp_cron=1780588121.2673399448394775390625 HTTP/1.1" 200 1 "-" "WordPress/7.0; https://piacenza.elettroservicegroup.it"
89.101.91.102 - - [04/Jun/2026:17:48:34 +0200] "POST /wp-admin/admin-ajax.php HTTP/2.0" 200 51 "https://piacenza.elettroservicegroup.it/wp-admin/admin.php?page=WFLS" "Mozilla/5.0 (Windows NT 10.0; Win64; x64) AppleWebKit/537.36 (KHTML, like Gecko) Chrome/148.0.0.0 Safari/537.36"
216.73.217.169 - - [04/Jun/2026:17:49:04 +0200] "GET /wp-content/uploads/2022/01/washing-machine-943365_1920-1024x683-1-300x200.jpg HTTP/2.0" 200 15162 "-" "Mozilla/5.0 AppleWebKit/537.36 (KHTML, like Gecko; compatible; ClaudeBot/1.0; +claudebot@anthropic.com)"
65.108.235.243 - - [04/Jun/2026:17:49:08 +0200] "POST /wp-cron.php?doing_wp_cron=1780588148.0938820838928222656250 HTTP/1.1" 200 1 "-" "WordPress/7.0; https://piacenza.elettroservicegroup.it"
89.101.91.102 - - [04/Jun/2026:17:49:07 +0200] "POST /wp-admin/admin-ajax.php HTTP/2.0" 200 87 "https://piacenza.elettroservicegroup.it/wp-admin/admin.php?page=WFLS" "Mozilla/5.0 (Windows NT 10.0; Win64; x64) AppleWebKit/537.36 (KHTML, like Gecko) Chrome/148.0.0.0 Safari/537.36"
65.108.235.243 - - [04/Jun/2026:17:50:34 +0200] "POST /wp-cron.php?doing_wp_cron=1780588234.8844909667968750000000 HTTP/1.1" 200 1 "-" "WordPress/7.0; https://piacenza.elettroservicegroup.it"
216.73.217.169 - - [04/Jun/2026:17:50:31 +0200] "GET /assistenza-forni-elettrici- HTTP/2.0" 404 16169 "-" "Mozilla/5.0 AppleWebKit/537.36 (KHTML, like Gecko; compatible; ClaudeBot/1.0; +claudebot@anthropic.com)"
65.108.235.243 - - [04/Jun/2026:17:50:35 +0200] "GET /cookie-policy/ HTTP/1.1" 200 17906 "-" "WP Fastest Cache Preload Bot"
65.108.235.243 - - [04/Jun/2026:17:50:36 +0200] "GET /termini-e-condizioni/ HTTP/1.1" 200 17459 "-" "WP Fastest Cache Preload Bot"
65.108.235.243 - - [04/Jun/2026:17:50:36 +0200] "GET /cookie-policy-ue/ HTTP/1.1" 200 19428 "-" "WP Fastest Cache Preload Bot"
65.108.235.243 - - [04/Jun/2026:17:50:37 +0200] "GET /informativa-privacy/ HTTP/1.1" 200 19702 "-" "WP Fastest Cache Preload Bot"
216.73.217.169 - - [04/Jun/2026:17:51:06 +0200] "GET /wp-includes/js/dist/hooks.min.js HTTP/2.0" 200 1711 "-" "Mozilla/5.0 AppleWebKit/537.36 (KHTML, like Gecko; compatible; ClaudeBot/1.0; +claudebot@anthropic.com)"
216.73.217.169 - - [04/Jun/2026:17:51:06 +0200] "GET /wp-includes/js/jquery/jquery-migrate.min.js HTTP/2.0" 200 4685 "-" "Mozilla/5.0 AppleWebKit/537.36 (KHTML, like Gecko; compatible; ClaudeBot/1.0; +claudebot@anthropic.com)"
216.73.217.169 - - [04/Jun/2026:17:51:06 +0200] "GET /wp-includes/js/wp-util.min.js HTTP/2.0" 200 693 "-" "Mozilla/5.0 AppleWebKit/537.36 (KHTML, like Gecko; compatible; ClaudeBot/1.0; +claudebot@anthropic.com)"
216.73.217.169 - - [04/Jun/2026:17:51:07 +0200] "GET /wp-includes/js/jquery/jquery.min.js HTTP/2.0" 200 29769 "-" "Mozilla/5.0 AppleWebKit/537.36 (KHTML, like Gecko; compatible; ClaudeBot/1.0; +claudebot@anthropic.com)"
216.73.217.169 - - [04/Jun/2026:17:51:06 +0200] "GET /elett3-1 HTTP/2.0" 301 1 "-" "Mozilla/5.0 AppleWebKit/537.36 (KHTML, like Gecko; compatible; ClaudeBot/1.0; +claudebot@anthropic.com)"
216.73.217.169 - - [04/Jun/2026:17:51:07 +0200] "GET /wp-includes/css/dist/base-styles/admin-schemes.min.css HTTP/2.0" 200 726 "-" "Mozilla/5.0 AppleWebKit/537.36 (KHTML, like Gecko; compatible; ClaudeBot/1.0; +claudebot@anthropic.com)"
65.108.235.243 - - [04/Jun/2026:17:51:07 +0200] "POST /wp-cron.php?doing_wp_cron=1780588266.9982800483703613281250 HTTP/1.1" 200 1 "-" "WordPress/7.0; https://piacenza.elettroservicegroup.it"
216.73.217.169 - - [04/Jun/2026:17:51:06 +0200] "GET /wp-login.php?action=lostpassword HTTP/2.0" 200 1888 "-" "Mozilla/5.0 AppleWebKit/537.36 (KHTML, like Gecko; compatible; ClaudeBot/1.0; +claudebot@anthropic.com)"
216.73.217.169 - - [04/Jun/2026:17:51:06 +0200] "GET /preventivi-2 HTTP/2.0" 301 1 "-" "Mozilla/5.0 AppleWebKit/537.36 (KHTML, like Gecko; compatible; ClaudeBot/1.0; +claudebot@anthropic.com)"
216.73.217.169 - - [04/Jun/2026:17:51:07 +0200] "GET /wp-content/uploads/elementor/css/post-15414.css HTTP/2.0" 200 58 "-" "Mozilla/5.0 AppleWebKit/537.36 (KHTML, like Gecko; compatible; ClaudeBot/1.0; +claudebot@anthropic.com)"
216.73.217.169 - - [04/Jun/2026:17:51:06 +0200] "GET /8035hdam HTTP/2.0" 301 1 "-" "Mozilla/5.0 AppleWebKit/537.36 (KHTML, like Gecko; compatible; ClaudeBot/1.0; +claudebot@anthropic.com)"
216.73.217.169 - - [04/Jun/2026:17:51:06 +0200] "GET /wp-blog-header%20copy%201.php HTTP/2.0" 404 16178 "-" "Mozilla/5.0 AppleWebKit/537.36 (KHTML, like Gecko; compatible; ClaudeBot/1.0; +claudebot@anthropic.com)"
216.73.217.169 - - [04/Jun/2026:17:51:07 +0200] "GET /elett3-1/ HTTP/2.0" 200 17068 "https://piacenza.elettroservicegroup.it/elett3-1" "Mozilla/5.0 AppleWebKit/537.36 (KHTML, like Gecko; compatible; ClaudeBot/1.0; +claudebot@anthropic.com)"
216.73.217.169 - - [04/Jun/2026:17:51:07 +0200] "GET /preventivi-2/ HTTP/2.0" 200 17127 "https://piacenza.elettroservicegroup.it/preventivi-2" "Mozilla/5.0 AppleWebKit/537.36 (KHTML, like Gecko; compatible; ClaudeBot/1.0; +claudebot@anthropic.com)"
216.73.217.169 - - [04/Jun/2026:17:51:07 +0200] "GET /8035hdam/ HTTP/2.0" 200 17041 "https://piacenza.elettroservicegroup.it/8035hdam" "Mozilla/5.0 AppleWebKit/537.36 (KHTML, like Gecko; compatible; ClaudeBot/1.0; +claudebot@anthropic.com)"
216.73.217.169 - - [04/Jun/2026:17:58:32 +0200] "GET /wp-content/cache/wpfc-minified/2pngyhab/4bjow.css HTTP/2.0" 200 13703 "-" "Mozilla/5.0 AppleWebKit/537.36 (KHTML, like Gecko; compatible; ClaudeBot/1.0; +claudebot@anthropic.com)"
65.108.235.243 - - [04/Jun/2026:18:00:24 +0200] "POST /wp-cron.php?doing_wp_cron=1780588824.8908309936523437500000 HTTP/1.1" 200 1 "-" "WordPress/7.0; https://piacenza.elettroservicegroup.it"
92.99.61.49 - - [04/Jun/2026:18:00:22 +0200] "POST /wp-json/wp/v2/posts HTTP/1.1" 401 121 "-" "Mozilla/5.0 (Windows NT 10.0; Win64; x64) AppleWebKit/537.36 (KHTML, like Gecko) Chrome/124.0 Safari/537.36"
65.108.235.243 - - [04/Jun/2026:18:00:25 +0200] "GET /assistenza-frigoriferi/ HTTP/1.1" 200 19773 "-" "WP Fastest Cache Preload Bot"
65.108.235.243 - - [04/Jun/2026:18:00:25 +0200] "GET /assistenza-lavastoviglie/ HTTP/1.1" 200 19834 "-" "WP Fastest Cache Preload Bot"
92.99.61.49 - - [04/Jun/2026:18:00:26 +0200] "POST /wp-login.php HTTP/1.1" 200 13166 "-" "Mozilla/5.0 (Windows NT 10.0; Win64; x64) AppleWebKit/537.36 (KHTML, like Gecko) Chrome/124.0 Safari/537.36"
65.108.235.243 - - [04/Jun/2026:18:00:26 +0200] "GET /assistenza-asciugatrici/ HTTP/1.1" 200 19588 "-" "WP Fastest Cache Preload Bot"
92.99.61.49 - - [04/Jun/2026:18:00:28 +0200] "POST /wp-login.php HTTP/2.0" 200 3368 "-" "Mozilla/5.0 (Macintosh; Intel Mac OS X 10_15_7) AppleWebKit/537.36 (KHTML, like Gecko) Chrome/146.0.0.0 Safari/537.36"
65.108.235.243 - - [04/Jun/2026:18:00:27 +0200] "GET /assistenza-lavatrici/ HTTP/1.1" 200 19334 "-" "WP Fastest Cache Preload Bot"
