119.28.177.175 - - [13/Jun/2026:14:31:14 +0200] "GET / HTTP/1.1" 200 11771 "-" "Mozilla/5.0 (iPhone; CPU iPhone OS 13_2_3 like Mac OS X) AppleWebKit/605.1.15 (KHTML, like Gecko) Version/13.0.3 Mobile/15E148 Safari/604.1"
158.173.67.230 - - [13/Jun/2026:16:00:17 +0200] "GET /wp-content/plugins/excel-like-price-change-for-woocommerce-and-wp-e-commerce-light/readme.txt HTTP/1.1" 200 11883 "-" "Mozilla/5.0 (iPhone; CPU iPhone OS 18_0 like Mac OS X) AppleWebKit/605.1.15 (KHTML, like Gecko) Version/18.0 Mobile/15E148 Safari/604.1"
158.173.67.50 - - [13/Jun/2026:16:00:19 +0200] "GET /wp-content/plugins/wp-event-solution/readme.txt HTTP/1.1" 200 11818 "-" "Mozilla/5.0 (Windows NT 10.0; Win64; x64) AppleWebKit/537.36 (KHTML, like Gecko) Chrome/101.0.4951.64 Safari/537.36 Edg/101.0.1210.47"
158.173.67.206 - - [13/Jun/2026:16:00:21 +0200] "GET /wp-content/plugins/wc-fields-factory/readme.txt HTTP/1.1" 200 11800 "-" "Mozilla/5.0 (iPhone; CPU iPhone OS 17_2 like Mac OS X) AppleWebKit/605.1.15 (KHTML, like Gecko) Version/17.2 Mobile/15E148 Safari/604.1"
158.173.67.143 - - [13/Jun/2026:16:00:22 +0200] "GET /wp-content/plugins/user-registration-pro/readme.txt HTTP/1.1" 200 11917 "-" "Mozilla/5.0 (Linux; Android 12; Pixel 6) AppleWebKit/537.36 (KHTML, like Gecko) Chrome/99.0.4844.58 Mobile Safari/537.36"
158.173.67.12 - - [13/Jun/2026:16:00:23 +0200] "GET /wp-content/plugins/user-registration/readme.txt HTTP/1.1" 200 11938 "-" "Mozilla/5.0 (Macintosh; Intel Mac OS X 10_15_7) AppleWebKit/537.36 (KHTML, like Gecko) Chrome/133.0.0.0 Safari/537.36"
158.173.67.230 - - [13/Jun/2026:16:00:25 +0200] "GET /wp-content/themes/motors/CHANGELOG.md HTTP/1.1" 200 11792 "-" "Mozilla/5.0 (Windows NT 10.0; Win64; x64) AppleWebKit/537.36 (KHTML, like Gecko) Chrome/104.0.0.0 Safari/537.36"
158.173.67.240 - - [13/Jun/2026:16:00:26 +0200] "GET /wp-content/plugins/file-away/readme.txt HTTP/1.1" 200 11843 "-" "Mozilla/5.0 (Macintosh; Intel Mac OS X 10_15_7) AppleWebKit/537.36 (KHTML, like Gecko) Chrome/124.0.0.0 Safari/537.36"
158.173.67.69 - - [13/Jun/2026:16:00:27 +0200] "GET /wp-content/plugins/baiduseo/readme.txt HTTP/1.1" 200 11814 "-" "Mozilla/5.0 (Macintosh; Intel Mac OS X 10_15_7) AppleWebKit/537.36 (KHTML, like Gecko) Chrome/133.0.0.0 Safari/537.36"
158.173.67.98 - - [13/Jun/2026:16:00:29 +0200] "GET /wp-content/themes/adforest/style.css HTTP/1.1" 200 11801 "-" "Mozilla/5.0 (Linux; Android 12; Pixel 6) AppleWebKit/537.36 (KHTML, like Gecko) Chrome/99.0.4844.58 Mobile Safari/537.36"
158.173.67.36 - - [13/Jun/2026:16:00:30 +0200] "GET /wp-content/themes/superio/style.css HTTP/1.1" 200 11881 "-" "Mozilla/5.0 (Windows NT 10.0; Win64; x64) AppleWebKit/537.36 (KHTML, like Gecko) Chrome/104.0.0.0 Safari/537.36"
158.173.67.99 - - [13/Jun/2026:16:00:36 +0200] "GET /wp-content/plugins/order-delivery-date/readme.txt HTTP/1.1" 200 11849 "-" "Mozilla/5.0 (iPhone; CPU iPhone OS 17_2 like Mac OS X) AppleWebKit/605.1.15 (KHTML, like Gecko) Version/17.2 Mobile/15E148 Safari/604.1"
158.173.67.32 - - [13/Jun/2026:16:00:40 +0200] "GET /wp-content/plugins/suretriggers/readme.txt HTTP/1.1" 200 11821 "-" "Mozilla/5.0 (iPhone; CPU iPhone OS 17_2 like Mac OS X) AppleWebKit/605.1.15 (KHTML, like Gecko) Version/17.2 Mobile/15E148 Safari/604.1"
158.173.67.111 - - [13/Jun/2026:16:00:45 +0200] "GET /wp-content/themes/foodbakery/style.css HTTP/1.1" 200 11883 "-" "Mozilla/5.0 (Windows NT 10.0; Win64; x64) AppleWebKit/537.36 (KHTML, like Gecko) Chrome/101.0.4951.64 Safari/537.36 Edg/101.0.1210.47"
114.119.141.228 - - [13/Jun/2026:16:12:52 +0200] "GET /robots.txt HTTP/1.1" 200 11769 "http://piacenza.elettroservicegroup.it/robots.txt" "Mozilla/5.0 (compatible;PetalBot;+https://webmaster.petalsearch.com/site/petalbot)"
65.108.235.243 - - [13/Jun/2026:16:52:51 +0200] "POST /wp-cron.php?doing_wp_cron=1781362371.4035549163818359375000 HTTP/1.1" 200 1 "-" "WordPress/7.0; https://piacenza.elettroservicegroup.it"
3.18.186.238 - - [13/Jun/2026:16:52:46 +0200] "GET / HTTP/1.1" 301 - "-" "visionheight.com/scan Mozilla/5.0 (Macintosh; Intel Mac OS X 10_15_7) Chrome/126.0.0.0 Safari/537.36"
65.108.235.243 - - [13/Jun/2026:17:14:40 +0200] "POST /wp-cron.php?doing_wp_cron=1781363680.3332889080047607421875 HTTP/1.1" 200 1 "-" "WordPress/7.0; https://piacenza.elettroservicegroup.it"
216.244.66.196 - - [13/Jun/2026:17:14:36 +0200] "GET /robots.txt HTTP/1.1" 200 195 "-" "Mozilla/5.0 (compatible; DotBot/1.2; +https://opensiteexplorer.org/dotbot; help@moz.com)"
216.244.66.196 - - [13/Jun/2026:17:20:18 +0200] "GET /wp-content/uploads/2022/01/asko-1-e1642500140372-300x228.jpg HTTP/1.1" 200 12008 "-" "Mozilla/5.0 (compatible; DotBot/1.2; +https://opensiteexplorer.org/dotbot; help@moz.com)"
65.108.235.243 - - [13/Jun/2026:19:10:05 +0200] "POST /wp-cron.php?doing_wp_cron=1781370605.9321169853210449218750 HTTP/1.1" 200 1 "-" "WordPress/7.0; https://piacenza.elettroservicegroup.it"
43.153.122.30 - - [13/Jun/2026:19:10:04 +0200] "GET / HTTP/1.1" 301 - "-" "Mozilla/5.0 (iPhone; CPU iPhone OS 13_2_3 like Mac OS X) AppleWebKit/605.1.15 (KHTML, like Gecko) Version/13.0.3 Mobile/15E148 Safari/604.1"
65.108.235.243 - - [13/Jun/2026:19:16:44 +0200] "POST /wp-cron.php?doing_wp_cron=1781371004.2158539295196533203125 HTTP/1.1" 200 1 "-" "WordPress/7.0; https://piacenza.elettroservicegroup.it"
159.138.90.63 - - [13/Jun/2026:19:16:41 +0200] "GET /robots.txt HTTP/2.0" 200 108 "http://piacenza.elettroservicegroup.it/robots.txt" "Mozilla/5.0 (Macintosh; Intel Mac OS X 10_15_7) AppleWebKit/537.36 (KHTML, like Gecko) Chrome/123.0.0.0 Safari/537.36"
159.138.90.63 - - [13/Jun/2026:19:16:40 +0200] "GET /robots.txt HTTP/1.1" 101 - "http://piacenza.elettroservicegroup.it/robots.txt" "Mozilla/5.0 (Macintosh; Intel Mac OS X 10_15_7) AppleWebKit/537.36 (KHTML, like Gecko) Chrome/123.0.0.0 Safari/537.36"
43.165.127.225 - - [13/Jun/2026:23:32:25 +0200] "GET / HTTP/1.1" 200 11690 "-" "Mozilla/5.0 (iPhone; CPU iPhone OS 13_2_3 like Mac OS X) AppleWebKit/605.1.15 (KHTML, like Gecko) Version/13.0.3 Mobile/15E148 Safari/604.1"
158.173.67.61 - - [14/Jun/2026:01:47:34 +0200] "GET /wp-content/plugins/excel-like-price-change-for-woocommerce-and-wp-e-commerce-light/readme.txt HTTP/1.1" 200 11888 "-" "Mozilla/5.0 (iPhone; CPU iPhone OS 18_0 like Mac OS X) AppleWebKit/605.1.15 (KHTML, like Gecko) Version/18.0 Mobile/15E148 Safari/604.1"
158.173.67.251 - - [14/Jun/2026:01:47:37 +0200] "GET /wp-content/plugins/wp-event-solution/readme.txt HTTP/1.1" 200 11817 "-" "Mozilla/5.0 (Macintosh; Intel Mac OS X 10_15_7) AppleWebKit/537.36 (KHTML, like Gecko) Chrome/133.0.0.0 Safari/537.36"
158.173.67.101 - - [14/Jun/2026:01:47:38 +0200] "GET /wp-content/plugins/wc-fields-factory/readme.txt HTTP/1.1" 200 11797 "-" "Mozilla/5.0 (Linux; Android 12; Pixel 6) AppleWebKit/537.36 (KHTML, like Gecko) Chrome/99.0.4844.58 Mobile Safari/537.36"
158.173.67.141 - - [14/Jun/2026:01:47:40 +0200] "GET /wp-content/plugins/user-registration-pro/readme.txt HTTP/1.1" 200 11754 "-" "Mozilla/5.0 (Macintosh; Intel Mac OS X 10_15_7) AppleWebKit/537.36 (KHTML, like Gecko) Chrome/124.0.0.0 Safari/537.36"
158.173.67.233 - - [14/Jun/2026:01:48:01 +0200] "GET /wp-content/plugins/user-registration/readme.txt HTTP/1.1" 200 11826 "-" "Mozilla/5.0 (Macintosh; Intel Mac OS X 10_15_7) AppleWebKit/537.36 (KHTML, like Gecko) Chrome/131.0.0.0 Safari/537.36"
158.173.67.122 - - [14/Jun/2026:01:48:15 +0200] "GET /wp-content/themes/motors/CHANGELOG.md HTTP/1.1" 200 11842 "-" "Mozilla/5.0 (iPhone; CPU iPhone OS 18_0 like Mac OS X) AppleWebKit/605.1.15 (KHTML, like Gecko) Version/18.0 Mobile/15E148 Safari/604.1"
65.108.235.243 - - [14/Jun/2026:03:59:49 +0200] "POST /wp-cron.php?doing_wp_cron=1781402389.5574638843536376953125 HTTP/1.1" 200 1 "-" "WordPress/7.0; https://piacenza.elettroservicegroup.it"
43.166.245.120 - - [14/Jun/2026:03:59:43 +0200] "GET / HTTP/1.1" 301 - "-" "Mozilla/5.0 (iPhone; CPU iPhone OS 13_2_3 like Mac OS X) AppleWebKit/605.1.15 (KHTML, like Gecko) Version/13.0.3 Mobile/15E148 Safari/604.1"
158.173.67.117 - - [14/Jun/2026:05:30:23 +0200] "GET /wp-content/plugins/excel-like-price-change-for-woocommerce-and-wp-e-commerce-light/readme.txt HTTP/1.1" 200 11882 "-" "Mozilla/5.0 (Windows NT 10.0; Win64; x64) AppleWebKit/537.36 (KHTML, like Gecko) Chrome/104.0.0.0 Safari/537.36"
158.173.67.36 - - [14/Jun/2026:05:30:26 +0200] "GET /wp-content/plugins/wp-event-solution/readme.txt HTTP/1.1" 200 11842 "-" "Mozilla/5.0 (Macintosh; Intel Mac OS X 10_15_7) AppleWebKit/537.36 (KHTML, like Gecko) Chrome/133.0.0.0 Safari/537.36"
158.173.67.230 - - [14/Jun/2026:05:30:29 +0200] "GET /wp-content/plugins/wc-fields-factory/readme.txt HTTP/1.1" 200 11813 "-" "Mozilla/5.0 (Windows NT 10.0; Win64; x64) AppleWebKit/537.36 (KHTML, like Gecko) Chrome/107.0.0.0 Safari/537.36"
158.173.67.2 - - [14/Jun/2026:05:30:32 +0200] "GET /wp-content/plugins/user-registration-pro/readme.txt HTTP/1.1" 200 11791 "-" "Mozilla/5.0 (iPhone; CPU iPhone OS 18_0 like Mac OS X) AppleWebKit/605.1.15 (KHTML, like Gecko) Version/18.0 Mobile/15E148 Safari/604.1"
158.173.67.79 - - [14/Jun/2026:05:30:33 +0200] "GET /wp-content/plugins/user-registration/readme.txt HTTP/1.1" 200 11856 "-" "Mozilla/5.0 (Windows NT 10.0; Win64; x64) AppleWebKit/537.36 (KHTML, like Gecko) Chrome/101.0.4951.64 Safari/537.36 Edg/101.0.1210.47"
158.173.67.32 - - [14/Jun/2026:05:30:37 +0200] "GET /wp-content/themes/motors/CHANGELOG.md HTTP/1.1" 200 11838 "-" "Mozilla/5.0 (Linux; Android 10; K) AppleWebKit/537.36 (KHTML, like Gecko) Chrome/131.0.0.0 Mobile Safari/537.36"
158.173.67.194 - - [14/Jun/2026:05:30:41 +0200] "GET /wp-content/plugins/file-away/readme.txt HTTP/1.1" 200 11838 "-" "Mozilla/5.0 (iPhone; CPU iPhone OS 17_2 like Mac OS X) AppleWebKit/605.1.15 (KHTML, like Gecko) Version/17.2 Mobile/15E148 Safari/604.1"
158.173.67.143 - - [14/Jun/2026:05:30:44 +0200] "GET /wp-content/plugins/baiduseo/readme.txt HTTP/1.1" 200 11864 "-" "Mozilla/5.0 (iPhone; CPU iPhone OS 17_2 like Mac OS X) AppleWebKit/605.1.15 (KHTML, like Gecko) Version/17.2 Mobile/15E148 Safari/604.1"
158.173.67.13 - - [14/Jun/2026:05:30:47 +0200] "GET /wp-content/themes/adforest/style.css HTTP/1.1" 200 11806 "-" "Mozilla/5.0 (Windows NT 10.0; Win64; x64) AppleWebKit/537.36 (KHTML, like Gecko) Chrome/104.0.0.0 Safari/537.36"
158.173.67.183 - - [14/Jun/2026:05:30:50 +0200] "GET /wp-content/themes/superio/style.css HTTP/1.1" 200 11740 "-" "Mozilla/5.0 (Macintosh; Intel Mac OS X 10_15_7) AppleWebKit/537.36 (KHTML, like Gecko) Chrome/124.0.0.0 Safari/537.36"
158.173.67.183 - - [14/Jun/2026:05:30:55 +0200] "GET /wp-content/plugins/order-delivery-date/readme.txt HTTP/1.1" 200 11880 "-" "Mozilla/5.0 (Macintosh; Intel Mac OS X 10_15_7) AppleWebKit/537.36 (KHTML, like Gecko) Chrome/131.0.0.0 Safari/537.36"
158.173.67.143 - - [14/Jun/2026:05:30:57 +0200] "GET /wp-content/plugins/suretriggers/readme.txt HTTP/1.1" 200 11787 "-" "Mozilla/5.0 (iPhone; CPU iPhone OS 17_2 like Mac OS X) AppleWebKit/605.1.15 (KHTML, like Gecko) Version/17.2 Mobile/15E148 Safari/604.1"
158.173.67.231 - - [14/Jun/2026:05:31:00 +0200] "GET /wp-content/themes/foodbakery/style.css HTTP/1.1" 200 11827 "-" "Mozilla/5.0 (Linux; Android 10; K) AppleWebKit/537.36 (KHTML, like Gecko) Chrome/131.0.0.0 Mobile Safari/537.36"
158.173.67.98 - - [14/Jun/2026:05:31:01 +0200] "GET /wp-content/plugins/whmpress/history.txt HTTP/1.1" 200 11884 "-" "Mozilla/5.0 (Macintosh; Intel Mac OS X 10_15_7) AppleWebKit/605.1.15 (KHTML, like Gecko) Version/18.0 Safari/605.1.15"
158.173.67.111 - - [14/Jun/2026:05:31:04 +0200] "GET /wp-content/themes/javo-directory/style.css HTTP/1.1" 200 11882 "-" "Mozilla/5.0 (Linux; Android 10; K) AppleWebKit/537.36 (KHTML, like Gecko) Chrome/131.0.0.0 Mobile Safari/537.36"
158.173.67.111 - - [14/Jun/2026:05:31:07 +0200] "GET /wp-content/plugins/iwjob/assets/css/style.css HTTP/1.1" 200 11794 "-" "Mozilla/5.0 (Linux; Android 10; K) AppleWebKit/537.36 (KHTML, like Gecko) Chrome/131.0.0.0 Mobile Safari/537.36"
158.173.67.183 - - [14/Jun/2026:05:31:09 +0200] "GET /wp-content/themes/golo/style.css HTTP/1.1" 200 11772 "-" "Mozilla/5.0 (Linux; Android 12; Pixel 6) AppleWebKit/537.36 (KHTML, like Gecko) Chrome/99.0.4844.58 Mobile Safari/537.36"
158.173.67.195 - - [14/Jun/2026:05:31:12 +0200] "GET /wp-content/plugins/suretriggers/readme.txt HTTP/1.1" 200 11851 "-" "Mozilla/5.0 (iPhone; CPU iPhone OS 18_0 like Mac OS X) AppleWebKit/605.1.15 (KHTML, like Gecko) Version/18.0 Mobile/15E148 Safari/604.1"
158.173.67.59 - - [14/Jun/2026:05:31:14 +0200] "GET /wp-content/themes/civi/style.css HTTP/1.1" 200 11802 "-" "Mozilla/5.0 (Windows NT 10.0; Win64; x64) AppleWebKit/537.36 (KHTML, like Gecko) Chrome/107.0.0.0 Safari/537.36"
158.173.67.230 - - [14/Jun/2026:05:31:15 +0200] "GET /wp-content/themes/jobcareer/style.css HTTP/1.1" 200 11817 "-" "Mozilla/5.0 (Linux; Android 12; Pixel 6) AppleWebKit/537.36 (KHTML, like Gecko) Chrome/99.0.4844.58 Mobile Safari/537.36"
158.173.67.179 - - [14/Jun/2026:05:31:18 +0200] "GET /wp-content/plugins/chaty-pro/css/chaty-front.min.css HTTP/1.1" 200 11828 "-" "Mozilla/5.0 (Windows NT 10.0; Win64; x64) AppleWebKit/537.36 (KHTML, like Gecko) Chrome/101.0.4951.64 Safari/537.36 Edg/101.0.1210.47"
158.173.67.231 - - [14/Jun/2026:05:31:25 +0200] "GET /wp-content/themes/homevillas-real-estate/style.css HTTP/1.1" 200 11855 "-" "Mozilla/5.0 (Linux; Android 10; K) AppleWebKit/537.36 (KHTML, like Gecko) Chrome/131.0.0.0 Mobile Safari/537.36"
158.173.67.43 - - [14/Jun/2026:05:31:32 +0200] "GET /wp-content/themes/realhomes/style.css HTTP/1.1" 200 11785 "-" "Mozilla/5.0 (Macintosh; Intel Mac OS X 10_15_7) AppleWebKit/537.36 (KHTML, like Gecko) Chrome/124.0.0.0 Safari/537.36"
158.173.67.7 - - [14/Jun/2026:05:31:35 +0200] "GET /wp-content/plugins/k-elements/readme.txt HTTP/1.1" 200 11810 "-" "Mozilla/5.0 (Linux; Android 12; Pixel 6) AppleWebKit/537.36 (KHTML, like Gecko) Chrome/99.0.4844.58 Mobile Safari/537.36"
158.173.67.143 - - [14/Jun/2026:05:31:37 +0200] "GET /wp-content/plugins/security-malware-firewall/readme.txt HTTP/1.1" 200 11829 "-" "Mozilla/5.0 (Linux; Android 10; K) AppleWebKit/537.36 (KHTML, like Gecko) Chrome/131.0.0.0 Mobile Safari/537.36"
158.173.67.195 - - [14/Jun/2026:05:31:39 +0200] "GET /wp-content/themes/directorybox/style.css HTTP/1.1" 200 11920 "-" "Mozilla/5.0 (Macintosh; Intel Mac OS X 10_15_7) AppleWebKit/537.36 (KHTML, like Gecko) Chrome/124.0.0.0 Safari/537.36"
158.173.67.240 - - [14/Jun/2026:05:31:41 +0200] "GET /wp-content/plugins/indeed-wp-superbackup/admin/assets/css/style.css HTTP/1.1" 200 11843 "-" "Mozilla/5.0 (Linux; Android 10; K) AppleWebKit/537.36 (KHTML, like Gecko) Chrome/131.0.0.0 Mobile Safari/537.36"
158.173.67.43 - - [14/Jun/2026:05:31:44 +0200] "GET /wp-content/plugins/post-grid/readme.txt HTTP/1.1" 200 11860 "-" "Mozilla/5.0 (Macintosh; Intel Mac OS X 10_15_7) AppleWebKit/605.1.15 (KHTML, like Gecko) Version/18.0 Safari/605.1.15"
158.173.67.114 - - [14/Jun/2026:05:31:47 +0200] "GET /wp-content/themes/homey/style.css HTTP/1.1" 200 11858 "-" "Mozilla/5.0 (Windows NT 10.0; Win64; x64) AppleWebKit/537.36 (KHTML, like Gecko) Chrome/104.0.0.0 Safari/537.36"
158.173.67.117 - - [14/Jun/2026:05:31:48 +0200] "GET /wp-content/themes/adifier/style.css HTTP/1.1" 200 11825 "-" "Mozilla/5.0 (Linux; Android 12; Pixel 6) AppleWebKit/537.36 (KHTML, like Gecko) Chrome/99.0.4844.58 Mobile Safari/537.36"
158.173.67.40 - - [14/Jun/2026:05:31:50 +0200] "GET /wp-content/plugins/fancy-product-designer/readme.txt HTTP/1.1" 200 11782 "-" "Mozilla/5.0 (iPhone; CPU iPhone OS 17_2 like Mac OS X) AppleWebKit/605.1.15 (KHTML, like Gecko) Version/17.2 Mobile/15E148 Safari/604.1"
158.173.67.32 - - [14/Jun/2026:05:31:53 +0200] "GET /wp-content/plugins/jobboardwp/readme.txt HTTP/1.1" 200 11836 "-" "Mozilla/5.0 (Windows NT 10.0; Win64; x64) AppleWebKit/537.36 (KHTML, like Gecko) Chrome/104.0.0.0 Safari/537.36"
158.173.67.230 - - [14/Jun/2026:05:31:57 +0200] "GET /wp-content/plugins/woocommerce-photo-reviews/changelog.txt HTTP/1.1" 200 11858 "-" "Mozilla/5.0 (Linux; Android 12; Pixel 6) AppleWebKit/537.36 (KHTML, like Gecko) Chrome/99.0.4844.58 Mobile Safari/537.36"
158.173.67.114 - - [14/Jun/2026:05:32:00 +0200] "GET /wp-content/plugins/pie-register-premium/readme.txt HTTP/1.1" 200 11835 "-" "Mozilla/5.0 (Macintosh; Intel Mac OS X 10_15_7) AppleWebKit/537.36 (KHTML, like Gecko) Chrome/124.0.0.0 Safari/537.36"
158.173.67.50 - - [14/Jun/2026:05:32:03 +0200] "GET /wp-content/plugins/indeed-wp-superbackup/languages/indeed-wp-superbackup.pot HTTP/1.1" 200 11873 "-" "Mozilla/5.0 (Linux; Android 10; K) AppleWebKit/537.36 (KHTML, like Gecko) Chrome/131.0.0.0 Mobile Safari/537.36"
158.173.67.194 - - [14/Jun/2026:05:32:08 +0200] "GET /wp-content/plugins/custom-registration-form-builder-with-submission-manager/readme.txt HTTP/1.1" 200 11851 "-" "Mozilla/5.0 (Windows NT 10.0; Win64; x64) AppleWebKit/537.36 (KHTML, like Gecko) Chrome/104.0.0.0 Safari/537.36"
158.173.67.191 - - [14/Jun/2026:05:32:10 +0200] "GET /wp-content/plugins/wp-time-capsule/readme.txt HTTP/1.1" 200 11835 "-" "Mozilla/5.0 (Windows NT 10.0; Win64; x64) AppleWebKit/537.36 (KHTML, like Gecko) Chrome/101.0.4951.64 Safari/537.36 Edg/101.0.1210.47"
158.173.67.36 - - [14/Jun/2026:05:32:14 +0200] "GET /wp-content/plugins/really-simple-ssl-pro-multisite/readme.txt HTTP/1.1" 200 11902 "-" "Mozilla/5.0 (iPhone; CPU iPhone OS 17_2 like Mac OS X) AppleWebKit/605.1.15 (KHTML, like Gecko) Version/17.2 Mobile/15E148 Safari/604.1"
158.173.67.7 - - [14/Jun/2026:05:32:17 +0200] "GET /wp-content/plugins/really-simple-ssl-pro/readme.txt HTTP/1.1" 200 11881 "-" "Mozilla/5.0 (Linux; Android 12; Pixel 6) AppleWebKit/537.36 (KHTML, like Gecko) Chrome/99.0.4844.58 Mobile Safari/537.36"
158.173.67.59 - - [14/Jun/2026:05:32:22 +0200] "GET /wp-content/plugins/really-simple-ssl/readme.txt HTTP/1.1" 200 11866 "-" "Mozilla/5.0 (Windows NT 10.0; Win64; x64) AppleWebKit/537.36 (KHTML, like Gecko) Chrome/101.0.4951.64 Safari/537.36 Edg/101.0.1210.47"
158.173.67.183 - - [14/Jun/2026:05:32:25 +0200] "GET /wp-content/plugins/wp-membership/languages/wpmembership.pot HTTP/1.1" 200 11886 "-" "Mozilla/5.0 (Windows NT 10.0; Win64; x64) AppleWebKit/537.36 (KHTML, like Gecko) Chrome/107.0.0.0 Safari/537.36"
158.173.67.143 - - [14/Jun/2026:05:32:32 +0200] "GET /wp-content/themes/wplms/style.css HTTP/1.1" 200 11924 "-" "Mozilla/5.0 (Windows NT 10.0; Win64; x64) AppleWebKit/537.36 (KHTML, like Gecko) Chrome/107.0.0.0 Safari/537.36"
158.173.67.111 - - [14/Jun/2026:05:32:33 +0200] "GET /wp-content/plugins/wp-jobsearch/admin/css/admin.css HTTP/1.1" 200 11805 "-" "Mozilla/5.0 (Linux; Android 12; Pixel 6) AppleWebKit/537.36 (KHTML, like Gecko) Chrome/99.0.4844.58 Mobile Safari/537.36"
158.173.67.230 - - [14/Jun/2026:05:32:35 +0200] "GET /wp-content/plugins/wp-wc-affiliate-program/languages/rtwwwap-wp-wc-affiliate-program.pot HTTP/1.1" 200 11966 "-" "Mozilla/5.0 (Windows NT 10.0; Win64; x64) AppleWebKit/537.36 (KHTML, like Gecko) Chrome/104.0.0.0 Safari/537.36"
158.173.67.230 - - [14/Jun/2026:05:32:38 +0200] "GET /wp-content/plugins/Ultimate_AI/assets/css/style.css HTTP/1.1" 200 11906 "-" "Mozilla/5.0 (Macintosh; Intel Mac OS X 10_15_7) AppleWebKit/605.1.15 (KHTML, like Gecko) Version/18.0 Safari/605.1.15"
158.173.67.230 - - [14/Jun/2026:05:32:41 +0200] "GET /wp-content/plugins/latepoint/readme.txt HTTP/1.1" 200 11828 "-" "Mozilla/5.0 (Macintosh; Intel Mac OS X 10_15_7) AppleWebKit/605.1.15 (KHTML, like Gecko) Version/18.0 Safari/605.1.15"
158.173.67.13 - - [14/Jun/2026:05:32:42 +0200] "GET /wp-content/plugins/gutenkit-blocks-addon/readme.txt HTTP/1.1" 200 11837 "-" "Mozilla/5.0 (Windows NT 10.0; Win64; x64) AppleWebKit/537.36 (KHTML, like Gecko) Chrome/101.0.4951.64 Safari/537.36 Edg/101.0.1210.47"
158.173.67.143 - - [14/Jun/2026:05:32:46 +0200] "GET /wp-content/plugins/rss-feed-post-generator-echo/readme.txt HTTP/1.1" 200 11884 "-" "Mozilla/5.0 (Windows NT 10.0; Win64; x64) AppleWebKit/537.36 (KHTML, like Gecko) Chrome/101.0.4951.64 Safari/537.36 Edg/101.0.1210.47"
158.173.67.114 - - [14/Jun/2026:05:32:49 +0200] "GET /wp-content/plugins/json-api-user/readme.txt HTTP/1.1" 200 11823 "-" "Mozilla/5.0 (iPhone; CPU iPhone OS 18_0 like Mac OS X) AppleWebKit/605.1.15 (KHTML, like Gecko) Version/18.0 Mobile/15E148 Safari/604.1"
158.173.67.2 - - [14/Jun/2026:05:32:53 +0200] "GET /wp-content/plugins/charitable/CHANGELOG.md HTTP/1.1" 200 11937 "-" "Mozilla/5.0 (Windows NT 10.0; Win64; x64) AppleWebKit/537.36 (KHTML, like Gecko) Chrome/107.0.0.0 Safari/537.36"
158.173.67.117 - - [14/Jun/2026:05:32:56 +0200] "GET /wp-content/plugins/wp-job-portal/readme.txt HTTP/1.1" 200 11884 "-" "Mozilla/5.0 (Macintosh; Intel Mac OS X 10_15_7) AppleWebKit/537.36 (KHTML, like Gecko) Chrome/124.0.0.0 Safari/537.36"
158.173.67.231 - - [14/Jun/2026:05:32:59 +0200] "GET /wp-content/plugins/js-support-ticket/readme.txt HTTP/1.1" 200 11752 "-" "Mozilla/5.0 (Linux; Android 12; Pixel 6) AppleWebKit/537.36 (KHTML, like Gecko) Chrome/99.0.4844.58 Mobile Safari/537.36"
158.173.67.191 - - [14/Jun/2026:05:33:03 +0200] "GET /wp-content/plugins/give/readme.txt HTTP/1.1" 200 11800 "-" "Mozilla/5.0 (Macintosh; Intel Mac OS X 10_15_7) AppleWebKit/537.36 (KHTML, like Gecko) Chrome/133.0.0.0 Safari/537.36"
158.173.67.240 - - [14/Jun/2026:05:33:05 +0200] "GET /wp-content/debug.log HTTP/1.1" 200 11822 "-" "Mozilla/5.0 (Windows NT 10.0; Win64; x64) AppleWebKit/537.36 (KHTML, like Gecko) Chrome/107.0.0.0 Safari/537.36"
158.173.67.230 - - [14/Jun/2026:05:33:08 +0200] "GET /wp-content/plugins/zm-ajax-login-register/readme.txt HTTP/1.1" 200 11837 "-" "Mozilla/5.0 (Windows NT 10.0; Win64; x64) AppleWebKit/537.36 (KHTML, like Gecko) Chrome/107.0.0.0 Safari/537.36"
158.173.67.36 - - [14/Jun/2026:05:33:10 +0200] "GET /wp-content/plugins/instawp-connect/readme.txt HTTP/1.1" 200 11840 "-" "Mozilla/5.0 (Macintosh; Intel Mac OS X 10_15_7) AppleWebKit/605.1.15 (KHTML, like Gecko) Version/18.0 Safari/605.1.15"
158.173.67.117 - - [14/Jun/2026:05:33:13 +0200] "GET /wp-content/plugins/instawp-connect/readme.txt HTTP/1.1" 200 11800 "-" "Mozilla/5.0 (Windows NT 10.0; Win64; x64) AppleWebKit/537.36 (KHTML, like Gecko) Chrome/107.0.0.0 Safari/537.36"
158.173.67.43 - - [14/Jun/2026:05:33:15 +0200] "GET / HTTP/1.1" 200 11846 "-" "Mozilla/5.0 (Macintosh; Intel Mac OS X 10_15_7) AppleWebKit/537.36 (KHTML, like Gecko) Chrome/124.0.0.0 Safari/537.36"
158.173.67.240 - - [14/Jun/2026:05:33:20 +0200] "GET /wp-content/plugins/wp-seopress/readme.txt HTTP/1.1" 200 11906 "-" "Mozilla/5.0 (Linux; Android 10; K) AppleWebKit/537.36 (KHTML, like Gecko) Chrome/131.0.0.0 Mobile Safari/537.36"
158.173.67.69 - - [14/Jun/2026:05:33:23 +0200] "GET /wp-content/plugins/keydatas/readme.txt HTTP/1.1" 200 11874 "-" "Mozilla/5.0 (Linux; Android 10; K) AppleWebKit/537.36 (KHTML, like Gecko) Chrome/131.0.0.0 Mobile Safari/537.36"
158.173.67.194 - - [14/Jun/2026:05:33:28 +0200] "GET /wp-content/plugins/wp-time-capsule/readme.txt HTTP/1.1" 200 11890 "-" "Mozilla/5.0 (Macintosh; Intel Mac OS X 10_15_7) AppleWebKit/537.36 (KHTML, like Gecko) Chrome/133.0.0.0 Safari/537.36"
158.173.67.114 - - [14/Jun/2026:05:33:29 +0200] "GET /wp-content/plugins/wp-mlm/readme.txt HTTP/1.1" 200 11772 "-" "Mozilla/5.0 (Macintosh; Intel Mac OS X 10_15_7) AppleWebKit/605.1.15 (KHTML, like Gecko) Version/18.0 Safari/605.1.15"
158.173.67.143 - - [14/Jun/2026:05:33:30 +0200] "GET /wp-content/plugins/userpro/changelog.txt HTTP/1.1" 200 11851 "-" "Mozilla/5.0 (iPhone; CPU iPhone OS 18_0 like Mac OS X) AppleWebKit/605.1.15 (KHTML, like Gecko) Version/18.0 Mobile/15E148 Safari/604.1"
158.173.67.206 - - [14/Jun/2026:05:33:32 +0200] "GET /wp-content/plugins/chatbot-chatgpt/readme.txt HTTP/1.1" 200 11819 "-" "Mozilla/5.0 (Macintosh; Intel Mac OS X 10_15_7) AppleWebKit/537.36 (KHTML, like Gecko) Chrome/124.0.0.0 Safari/537.36"
158.173.67.99 - - [14/Jun/2026:05:33:33 +0200] "GET /wp-content/plugins/wp-automatic/css/wp-automatic.css HTTP/1.1" 200 11889 "-" "Mozilla/5.0 (Macintosh; Intel Mac OS X 10_15_7) AppleWebKit/537.36 (KHTML, like Gecko) Chrome/133.0.0.0 Safari/537.36"
158.173.67.111 - - [14/Jun/2026:05:33:38 +0200] "GET /wp-content/plugins/wp-automatic/changelog HTTP/1.1" 200 11841 "-" "Mozilla/5.0 (Macintosh; Intel Mac OS X 10_15_7) AppleWebKit/537.36 (KHTML, like Gecko) Chrome/133.0.0.0 Safari/537.36"
158.173.67.191 - - [14/Jun/2026:05:33:41 +0200] "GET /wp-content/plugins/wp-photo-album-plus/changelog.txt HTTP/1.1" 200 11767 "-" "Mozilla/5.0 (Linux; Android 10; K) AppleWebKit/537.36 (KHTML, like Gecko) Chrome/131.0.0.0 Mobile Safari/537.36"
158.173.67.43 - - [14/Jun/2026:05:33:43 +0200] "GET /wp-content/plugins/startklar-elmentor-forms-extwidgets/readme.txt HTTP/1.1" 200 11911 "-" "Mozilla/5.0 (Windows NT 10.0; Win64; x64) AppleWebKit/537.36 (KHTML, like Gecko) Chrome/101.0.4951.64 Safari/537.36 Edg/101.0.1210.47"
158.173.67.12 - - [14/Jun/2026:05:33:44 +0200] "GET /wp-content/plugins/edwiser-bridge/readme.txt HTTP/1.1" 200 11864 "-" "Mozilla/5.0 (iPhone; CPU iPhone OS 17_2 like Mac OS X) AppleWebKit/605.1.15 (KHTML, like Gecko) Version/17.2 Mobile/15E148 Safari/604.1"
158.173.67.98 - - [14/Jun/2026:05:33:45 +0200] "GET /wp-content/plugins/learning-management-system/readme.txt HTTP/1.1" 200 11857 "-" "Mozilla/5.0 (Windows NT 10.0; Win64; x64) AppleWebKit/537.36 (KHTML, like Gecko) Chrome/107.0.0.0 Safari/537.36"
158.173.67.117 - - [14/Jun/2026:05:33:48 +0200] "GET /wp-content/plugins/woocommerce-simple-registration/readme.txt HTTP/1.1" 200 11961 "-" "Mozilla/5.0 (Windows NT 10.0; Win64; x64) AppleWebKit/537.36 (KHTML, like Gecko) Chrome/101.0.4951.64 Safari/537.36 Edg/101.0.1210.47"
158.173.67.50 - - [14/Jun/2026:05:33:51 +0200] "GET /wp-content/plugins/miniorange-2-factor-authentication/readme.txt HTTP/1.1" 200 11914 "-" "Mozilla/5.0 (Windows NT 10.0; Win64; x64) AppleWebKit/537.36 (KHTML, like Gecko) Chrome/107.0.0.0 Safari/537.36"
158.173.67.12 - - [14/Jun/2026:05:33:53 +0200] "GET /wp-content/plugins/miniorange-malware-protection/readme.txt HTTP/1.1" 200 11724 "-" "Mozilla/5.0 (Linux; Android 10; K) AppleWebKit/537.36 (KHTML, like Gecko) Chrome/131.0.0.0 Mobile Safari/537.36"
158.173.67.181 - - [14/Jun/2026:05:34:00 +0200] "GET /wp-content/plugins/instawp-connect/readme.txt HTTP/1.1" 200 11881 "-" "Mozilla/5.0 (iPhone; CPU iPhone OS 18_0 like Mac OS X) AppleWebKit/605.1.15 (KHTML, like Gecko) Version/18.0 Mobile/15E148 Safari/604.1"
158.173.67.13 - - [14/Jun/2026:05:34:04 +0200] "GET /wp-content/plugins/masterstudy-lms-learning-management-system/readme.txt HTTP/1.1" 200 11803 "-" "Mozilla/5.0 (iPhone; CPU iPhone OS 17_2 like Mac OS X) AppleWebKit/605.1.15 (KHTML, like Gecko) Version/17.2 Mobile/15E148 Safari/604.1"
158.173.67.231 - - [14/Jun/2026:05:34:09 +0200] "GET /wp-content/plugins/activedemand/readme.txt HTTP/1.1" 200 11817 "-" "Mozilla/5.0 (iPhone; CPU iPhone OS 18_0 like Mac OS X) AppleWebKit/605.1.15 (KHTML, like Gecko) Version/18.0 Mobile/15E148 Safari/604.1"
158.173.67.43 - - [14/Jun/2026:05:34:12 +0200] "GET /wp-content/plugins/phppoet-checkout-fields/readme.txt HTTP/1.1" 200 11827 "-" "Mozilla/5.0 (Linux; Android 12; Pixel 6) AppleWebKit/537.36 (KHTML, like Gecko) Chrome/99.0.4844.58 Mobile Safari/537.36"
158.173.67.36 - - [14/Jun/2026:05:34:14 +0200] "GET / HTTP/1.1" 200 11749 "-" "Mozilla/5.0 (Macintosh; Intel Mac OS X 10_15_7) AppleWebKit/605.1.15 (KHTML, like Gecko) Version/18.0 Safari/605.1.15"
158.173.67.143 - - [14/Jun/2026:05:34:16 +0200] "GET /wp-content/plugins/bertha-ai-free/readme.txt HTTP/1.1" 200 11853 "-" "Mozilla/5.0 (Windows NT 10.0; Win64; x64) AppleWebKit/537.36 (KHTML, like Gecko) Chrome/107.0.0.0 Safari/537.36"
158.173.67.183 - - [14/Jun/2026:05:34:20 +0200] "GET /wp-content/plugins/rencontre/readme.txt HTTP/1.1" 200 11813 "-" "Mozilla/5.0 (Macintosh; Intel Mac OS X 10_15_7) AppleWebKit/605.1.15 (KHTML, like Gecko) Version/18.0 Safari/605.1.15"
158.173.67.69 - - [14/Jun/2026:05:34:24 +0200] "GET /wp-content/plugins/login-as-customer-or-user/readme.txt HTTP/1.1" 200 11846 "-" "Mozilla/5.0 (Windows NT 10.0; Win64; x64) AppleWebKit/537.36 (KHTML, like Gecko) Chrome/101.0.4951.64 Safari/537.36 Edg/101.0.1210.47"
158.173.67.40 - - [14/Jun/2026:05:34:25 +0200] "GET /wp-content/plugins/post-smtp/readme.txt HTTP/1.1" 200 11752 "-" "Mozilla/5.0 (Windows NT 10.0; Win64; x64) AppleWebKit/537.36 (KHTML, like Gecko) Chrome/104.0.0.0 Safari/537.36"
158.173.67.191 - - [14/Jun/2026:05:34:29 +0200] "GET /wp-content/plugins/ai-engine/readme.txt HTTP/1.1" 200 11830 "-" "Mozilla/5.0 (Linux; Android 12; Pixel 6) AppleWebKit/537.36 (KHTML, like Gecko) Chrome/99.0.4844.58 Mobile Safari/537.36"
158.173.67.114 - - [14/Jun/2026:05:34:33 +0200] "GET /wp-content/plugins/userpro/changelog.txt HTTP/1.1" 200 11759 "-" "Mozilla/5.0 (iPhone; CPU iPhone OS 17_2 like Mac OS X) AppleWebKit/605.1.15 (KHTML, like Gecko) Version/17.2 Mobile/15E148 Safari/604.1"
158.173.67.230 - - [14/Jun/2026:05:34:38 +0200] "GET /wp-content/plugins/backup-backup/readme.txt HTTP/1.1" 200 11819 "-" "Mozilla/5.0 (Macintosh; Intel Mac OS X 10_15_7) AppleWebKit/605.1.15 (KHTML, like Gecko) Version/18.0 Safari/605.1.15"
158.173.67.79 - - [14/Jun/2026:05:34:41 +0200] "GET /wp-content/plugins/royal-elementor-addons/readme.txt HTTP/1.1" 200 11817 "-" "Mozilla/5.0 (Windows NT 10.0; Win64; x64) AppleWebKit/537.36 (KHTML, like Gecko) Chrome/101.0.4951.64 Safari/537.36 Edg/101.0.1210.47"
158.173.67.12 - - [14/Jun/2026:05:34:44 +0200] "GET /wp-content/plugins/import-xml-feed/readme.txt HTTP/1.1" 200 11800 "-" "Mozilla/5.0 (Macintosh; Intel Mac OS X 10_15_7) AppleWebKit/605.1.15 (KHTML, like Gecko) Version/18.0 Safari/605.1.15"
158.173.67.40 - - [14/Jun/2026:05:34:46 +0200] "GET /wp-content/plugins/email-posts-to-subscribers/readme.txt HTTP/1.1" 200 11846 "-" "Mozilla/5.0 (Macintosh; Intel Mac OS X 10_15_7) AppleWebKit/605.1.15 (KHTML, like Gecko) Version/18.0 Safari/605.1.15"
158.173.67.36 - - [14/Jun/2026:05:34:48 +0200] "GET /wp-content/plugins/kadence-blocks/readme.txt HTTP/1.1" 200 11839 "-" "Mozilla/5.0 (Windows NT 10.0; Win64; x64) AppleWebKit/537.36 (KHTML, like Gecko) Chrome/101.0.4951.64 Safari/537.36 Edg/101.0.1210.47"
158.173.67.13 - - [14/Jun/2026:05:34:49 +0200] "GET /wp-content/plugins/jupiterx-core/readme.txt HTTP/1.1" 200 11798 "-" "Mozilla/5.0 (Linux; Android 12; Pixel 6) AppleWebKit/537.36 (KHTML, like Gecko) Chrome/99.0.4844.58 Mobile Safari/537.36"
158.173.67.195 - - [14/Jun/2026:05:34:51 +0200] "GET /wp-content/plugins/forminator/readme.txt HTTP/1.1" 200 11832 "-" "Mozilla/5.0 (Windows NT 10.0; Win64; x64) AppleWebKit/537.36 (KHTML, like Gecko) Chrome/101.0.4951.64 Safari/537.36 Edg/101.0.1210.47"
158.173.67.111 - - [14/Jun/2026:05:34:52 +0200] "GET /wp-content/plugins/ht-mega-for-elementor/readme.txt HTTP/1.1" 200 11811 "-" "Mozilla/5.0 (Windows NT 10.0; Win64; x64) AppleWebKit/537.36 (KHTML, like Gecko) Chrome/101.0.4951.64 Safari/537.36 Edg/101.0.1210.47"
158.173.67.179 - - [14/Jun/2026:05:34:56 +0200] "GET /wp-content/plugins/wp-post-author/readme.txt HTTP/1.1" 200 11855 "-" "Mozilla/5.0 (Windows NT 10.0; Win64; x64) AppleWebKit/537.36 (KHTML, like Gecko) Chrome/104.0.0.0 Safari/537.36"
158.173.67.240 - - [14/Jun/2026:05:34:59 +0200] "GET /wp-content/plugins/mstore-api/readme.txt HTTP/1.1" 200 11775 "-" "Mozilla/5.0 (Windows NT 10.0; Win64; x64) AppleWebKit/537.36 (KHTML, like Gecko) Chrome/104.0.0.0 Safari/537.36"
158.173.67.114 - - [14/Jun/2026:05:35:01 +0200] "GET /wp-content/plugins/ultimate-member/readme.txt HTTP/1.1" 200 11910 "-" "Mozilla/5.0 (iPhone; CPU iPhone OS 18_0 like Mac OS X) AppleWebKit/605.1.15 (KHTML, like Gecko) Version/18.0 Mobile/15E148 Safari/604.1"
158.173.67.143 - - [14/Jun/2026:05:35:05 +0200] "GET /wp-content/plugins/essential-addons-for-elementor-lite/readme.txt HTTP/1.1" 200 11805 "-" "Mozilla/5.0 (Macintosh; Intel Mac OS X 10_15_7) AppleWebKit/605.1.15 (KHTML, like Gecko) Version/18.0 Safari/605.1.15"
158.173.67.40 - - [14/Jun/2026:05:35:09 +0200] "GET /wp-content/plugins/easy-digital-downloads/readme.txt HTTP/1.1" 200 11827 "-" "Mozilla/5.0 (Windows NT 10.0; Win64; x64) AppleWebKit/537.36 (KHTML, like Gecko) Chrome/107.0.0.0 Safari/537.36"
158.173.67.183 - - [14/Jun/2026:05:35:13 +0200] "GET /wp-content/plugins/woocommerce-payments/readme.txt HTTP/1.1" 200 11786 "-" "Mozilla/5.0 (Macintosh; Intel Mac OS X 10_15_7) AppleWebKit/605.1.15 (KHTML, like Gecko) Version/18.0 Safari/605.1.15"
158.173.67.194 - - [14/Jun/2026:05:35:15 +0200] "GET /wp-content/plugins/wp-email-capture/readme.txt HTTP/1.1" 200 11866 "-" "Mozilla/5.0 (Windows NT 10.0; Win64; x64) AppleWebKit/537.36 (KHTML, like Gecko) Chrome/107.0.0.0 Safari/537.36"
158.173.67.50 - - [14/Jun/2026:05:35:18 +0200] "GET /wp-content/plugins/zendrop-dropshipping-and-fulfillment/readme.txt HTTP/1.1" 200 11962 "-" "Mozilla/5.0 (Windows NT 10.0; Win64; x64) AppleWebKit/537.36 (KHTML, like Gecko) Chrome/104.0.0.0 Safari/537.36"
158.173.67.12 - - [14/Jun/2026:05:35:22 +0200] "GET /complete-order/?selected_package=1 HTTP/1.1" 200 11753 "-" "Mozilla/5.0 (Macintosh; Intel Mac OS X 10_15_7) AppleWebKit/537.36 (KHTML, like Gecko) Chrome/133.0.0.0 Safari/537.36"
158.173.67.181 - - [14/Jun/2026:05:35:27 +0200] "GET / HTTP/1.1" 200 11817 "-" "Mozilla/5.0 (iPhone; CPU iPhone OS 18_0 like Mac OS X) AppleWebKit/605.1.15 (KHTML, like Gecko) Version/18.0 Mobile/15E148 Safari/604.1"
158.173.67.111 - - [14/Jun/2026:05:35:29 +0200] "GET /wp-content/plugins/wp-sms/readme.txt HTTP/1.1" 200 11855 "-" "Mozilla/5.0 (Windows NT 10.0; Win64; x64) AppleWebKit/537.36 (KHTML, like Gecko) Chrome/101.0.4951.64 Safari/537.36 Edg/101.0.1210.47"
158.173.67.59 - - [14/Jun/2026:05:35:31 +0200] "GET /wp-content/plugins/n-media-woocommerce-checkout-fields/readme.txt HTTP/1.1" 200 11764 "-" "Mozilla/5.0 (iPhone; CPU iPhone OS 17_2 like Mac OS X) AppleWebKit/605.1.15 (KHTML, like Gecko) Version/17.2 Mobile/15E148 Safari/604.1"
158.173.67.191 - - [14/Jun/2026:05:35:33 +0200] "GET /wp-content/plugins/videowhisper-live-streaming-integration/readme.txt HTTP/1.1" 200 11890 "-" "Mozilla/5.0 (Macintosh; Intel Mac OS X 10_15_7) AppleWebKit/537.36 (KHTML, like Gecko) Chrome/133.0.0.0 Safari/537.36"
158.173.67.206 - - [14/Jun/2026:05:35:35 +0200] "GET /wp-content/plugins/learnpress/readme.txt HTTP/1.1" 200 11771 "-" "Mozilla/5.0 (Macintosh; Intel Mac OS X 10_15_7) AppleWebKit/537.36 (KHTML, like Gecko) Chrome/124.0.0.0 Safari/537.36"
158.173.67.98 - - [14/Jun/2026:05:35:37 +0200] "GET /wp-content/plugins/extensive-vc-addon/readme.txt HTTP/1.1" 200 11807 "-" "Mozilla/5.0 (iPhone; CPU iPhone OS 17_2 like Mac OS X) AppleWebKit/605.1.15 (KHTML, like Gecko) Version/17.2 Mobile/15E148 Safari/604.1"
158.173.67.195 - - [14/Jun/2026:05:35:43 +0200] "GET /wp-content/plugins/js-support-ticket/readme.txt HTTP/1.1" 200 11816 "-" "Mozilla/5.0 (Macintosh; Intel Mac OS X 10_15_7) AppleWebKit/537.36 (KHTML, like Gecko) Chrome/133.0.0.0 Safari/537.36"
158.173.67.40 - - [14/Jun/2026:05:35:44 +0200] "GET /wp-content/themes/statfort-new/include/lang_upload.php HTTP/1.1" 200 11871 "-" "Mozilla/5.0 (Linux; Android 10; K) AppleWebKit/537.36 (KHTML, like Gecko) Chrome/131.0.0.0 Mobile Safari/537.36"
158.173.67.36 - - [14/Jun/2026:05:35:49 +0200] "GET /wp-content/themes/faith-theme/include/lang_upload.php HTTP/1.1" 200 11810 "-" "Mozilla/5.0 (iPhone; CPU iPhone OS 17_2 like Mac OS X) AppleWebKit/605.1.15 (KHTML, like Gecko) Version/17.2 Mobile/15E148 Safari/604.1"
158.173.67.99 - - [14/Jun/2026:05:35:51 +0200] "GET /wp-content/themes/soccer-theme/include/lang_upload.php HTTP/1.1" 200 11802 "-" "Mozilla/5.0 (Macintosh; Intel Mac OS X 10_15_7) AppleWebKit/537.36 (KHTML, like Gecko) Chrome/124.0.0.0 Safari/537.36"
158.173.67.69 - - [14/Jun/2026:05:35:53 +0200] "GET /wp-content/themes/churchlife/include/lang_upload.php HTTP/1.1" 200 11850 "-" "Mozilla/5.0 (iPhone; CPU iPhone OS 17_2 like Mac OS X) AppleWebKit/605.1.15 (KHTML, like Gecko) Version/17.2 Mobile/15E148 Safari/604.1"
158.173.67.240 - - [14/Jun/2026:05:35:58 +0200] "GET /wp-content/themes/onelife/include/lang_upload.php HTTP/1.1" 200 11871 "-" "Mozilla/5.0 (Windows NT 10.0; Win64; x64) AppleWebKit/537.36 (KHTML, like Gecko) Chrome/107.0.0.0 Safari/537.36"
158.173.67.50 - - [14/Jun/2026:05:35:59 +0200] "GET /wp-content/themes/snapture/include/lang_upload.php HTTP/1.1" 200 11777 "-" "Mozilla/5.0 (Windows NT 10.0; Win64; x64) AppleWebKit/537.36 (KHTML, like Gecko) Chrome/101.0.4951.64 Safari/537.36 Edg/101.0.1210.47"
158.173.67.230 - - [14/Jun/2026:05:36:08 +0200] "GET /wp-content/themes/theme-deejay/include/lang_upload.php HTTP/1.1" 200 11906 "-" "Mozilla/5.0 (Linux; Android 10; K) AppleWebKit/537.36 (KHTML, like Gecko) Chrome/131.0.0.0 Mobile Safari/537.36"
158.173.67.143 - - [14/Jun/2026:05:36:12 +0200] "GET /wp-content/themes/bolster-theme/include/lang_upload.php HTTP/1.1" 200 11907 "-" "Mozilla/5.0 (iPhone; CPU iPhone OS 17_2 like Mac OS X) AppleWebKit/605.1.15 (KHTML, like Gecko) Version/17.2 Mobile/15E148 Safari/604.1"
158.173.67.2 - - [14/Jun/2026:05:36:14 +0200] "GET /wp-content/themes/rocky-theme/include/lang_upload.php HTTP/1.1" 200 11844 "-" "Mozilla/5.0 (Windows NT 10.0; Win64; x64) AppleWebKit/537.36 (KHTML, like Gecko) Chrome/107.0.0.0 Safari/537.36"
158.173.67.111 - - [14/Jun/2026:05:36:17 +0200] "GET /wp-content/themes/bolster/include/lang_upload.php HTTP/1.1" 200 11861 "-" "Mozilla/5.0 (Windows NT 10.0; Win64; x64) AppleWebKit/537.36 (KHTML, like Gecko) Chrome/107.0.0.0 Safari/537.36"
158.173.67.240 - - [14/Jun/2026:05:36:20 +0200] "GET /wp-content/themes/soundblast/include/lang_upload.php HTTP/1.1" 200 11875 "-" "Mozilla/5.0 (iPhone; CPU iPhone OS 17_2 like Mac OS X) AppleWebKit/605.1.15 (KHTML, like Gecko) Version/17.2 Mobile/15E148 Safari/604.1"
158.173.67.95 - - [14/Jun/2026:05:36:21 +0200] "GET /wp-content/themes/spikes-black/include/lang_upload.php HTTP/1.1" 200 11852 "-" "Mozilla/5.0 (iPhone; CPU iPhone OS 17_2 like Mac OS X) AppleWebKit/605.1.15 (KHTML, like Gecko) Version/17.2 Mobile/15E148 Safari/604.1"
158.173.67.114 - - [14/Jun/2026:05:36:23 +0200] "GET /wp-content/themes/spikes/include/lang_upload.php HTTP/1.1" 200 11836 "-" "Mozilla/5.0 (Macintosh; Intel Mac OS X 10_15_7) AppleWebKit/537.36 (KHTML, like Gecko) Chrome/131.0.0.0 Safari/537.36"
158.173.67.95 - - [14/Jun/2026:05:36:25 +0200] "GET /wp-content/themes/kingclub-theme/include/lang_upload.php HTTP/1.1" 200 11859 "-" "Mozilla/5.0 (iPhone; CPU iPhone OS 18_0 like Mac OS X) AppleWebKit/605.1.15 (KHTML, like Gecko) Version/18.0 Mobile/15E148 Safari/604.1"
158.173.67.35 - - [14/Jun/2026:05:36:31 +0200] "GET /wp-content/themes/club-theme/include/lang_upload.php HTTP/1.1" 200 11820 "-" "Mozilla/5.0 (Linux; Android 12; Pixel 6) AppleWebKit/537.36 (KHTML, like Gecko) Chrome/99.0.4844.58 Mobile Safari/537.36"
158.173.67.50 - - [14/Jun/2026:05:36:35 +0200] "GET /wp-content/themes/statfort/include/lang_upload.php HTTP/1.1" 200 11783 "-" "Mozilla/5.0 (Linux; Android 10; K) AppleWebKit/537.36 (KHTML, like Gecko) Chrome/131.0.0.0 Mobile Safari/537.36"
158.173.67.195 - - [14/Jun/2026:05:36:40 +0200] "GET /wp-content/themes/aidreform/include/lang_upload.php HTTP/1.1" 200 11903 "-" "Mozilla/5.0 (iPhone; CPU iPhone OS 17_2 like Mac OS X) AppleWebKit/605.1.15 (KHTML, like Gecko) Version/17.2 Mobile/15E148 Safari/604.1"
158.173.67.95 - - [14/Jun/2026:05:36:44 +0200] "GET /wp-content/themes/footysquare/include/lang_upload.php HTTP/1.1" 200 11768 "-" "Mozilla/5.0 (iPhone; CPU iPhone OS 18_0 like Mac OS X) AppleWebKit/605.1.15 (KHTML, like Gecko) Version/18.0 Mobile/15E148 Safari/604.1"
158.173.67.191 - - [14/Jun/2026:05:36:46 +0200] "GET /wp-content/themes/westand/include/lang_upload.php HTTP/1.1" 200 11857 "-" "Mozilla/5.0 (Macintosh; Intel Mac OS X 10_15_7) AppleWebKit/537.36 (KHTML, like Gecko) Chrome/133.0.0.0 Safari/537.36"
158.173.67.99 - - [14/Jun/2026:05:36:47 +0200] "GET /wp-content/plugins/dsp_dating/wpdating-gallery/lib/server/php/index.php HTTP/1.1" 200 11888 "-" "Mozilla/5.0 (iPhone; CPU iPhone OS 18_0 like Mac OS X) AppleWebKit/605.1.15 (KHTML, like Gecko) Version/18.0 Mobile/15E148 Safari/604.1"
158.173.67.12 - - [14/Jun/2026:05:36:50 +0200] "GET /wp-content/plugins/yith-woocommerce-gift-cards-premium/readme.txt HTTP/1.1" 200 11951 "-" "Mozilla/5.0 (iPhone; CPU iPhone OS 17_2 like Mac OS X) AppleWebKit/605.1.15 (KHTML, like Gecko) Version/17.2 Mobile/15E148 Safari/604.1"
158.173.67.194 - - [14/Jun/2026:05:36:53 +0200] "GET /wp-content/plugins/wholesale-market-for-woocommerce/readme.txt HTTP/1.1" 200 11858 "-" "Mozilla/5.0 (Windows NT 10.0; Win64; x64) AppleWebKit/537.36 (KHTML, like Gecko) Chrome/107.0.0.0 Safari/537.36"
158.173.67.230 - - [14/Jun/2026:05:36:57 +0200] "GET /wp-content/plugins/membership-for-woocommerce/readme.txt HTTP/1.1" 200 11947 "-" "Mozilla/5.0 (Windows NT 10.0; Win64; x64) AppleWebKit/537.36 (KHTML, like Gecko) Chrome/101.0.4951.64 Safari/537.36 Edg/101.0.1210.47"
158.173.67.111 - - [14/Jun/2026:05:36:59 +0200] "GET /wp-content/plugins/wp-upg/readme.txt HTTP/1.1" 200 11862 "-" "Mozilla/5.0 (Macintosh; Intel Mac OS X 10_15_7) AppleWebKit/537.36 (KHTML, like Gecko) Chrome/133.0.0.0 Safari/537.36"
158.173.67.32 - - [14/Jun/2026:05:37:05 +0200] "GET /wp-content/plugins/user-verification/readme.txt HTTP/1.1" 200 11958 "-" "Mozilla/5.0 (Macintosh; Intel Mac OS X 10_15_7) AppleWebKit/605.1.15 (KHTML, like Gecko) Version/18.0 Safari/605.1.15"
158.173.67.191 - - [14/Jun/2026:05:37:08 +0200] "GET /wp-content/plugins/booking-calendar/readme.txt HTTP/1.1" 200 11836 "-" "Mozilla/5.0 (Windows NT 10.0; Win64; x64) AppleWebKit/537.36 (KHTML, like Gecko) Chrome/101.0.4951.64 Safari/537.36 Edg/101.0.1210.47"
158.173.67.50 - - [14/Jun/2026:05:37:09 +0200] "GET /wp-content/plugins/usc-e-shop/functions/content-log.php?logfile=./../../../../wp-config.php HTTP/1.1" 200 11963 "-" "Mozilla/5.0 (iPhone; CPU iPhone OS 17_2 like Mac OS X) AppleWebKit/605.1.15 (KHTML, like Gecko) Version/17.2 Mobile/15E148 Safari/604.1"
158.173.67.181 - - [14/Jun/2026:05:37:11 +0200] "GET /wp-content/plugins/woo-refund-and-exchange-lite/readme.txt HTTP/1.1" 200 11827 "-" "Mozilla/5.0 (Windows NT 10.0; Win64; x64) AppleWebKit/537.36 (KHTML, like Gecko) Chrome/101.0.4951.64 Safari/537.36 Edg/101.0.1210.47"
158.173.67.181 - - [14/Jun/2026:05:37:14 +0200] "GET /wp-content/plugins/armember/js/arm_widgets_js.js HTTP/1.1" 200 11835 "-" "Mozilla/5.0 (Macintosh; Intel Mac OS X 10_15_7) AppleWebKit/605.1.15 (KHTML, like Gecko) Version/18.0 Safari/605.1.15"
158.173.67.32 - - [14/Jun/2026:05:37:17 +0200] "GET /wp-content/plugins/armember/documentation/index.html HTTP/1.1" 200 11855 "-" "Mozilla/5.0 (Macintosh; Intel Mac OS X 10_15_7) AppleWebKit/537.36 (KHTML, like Gecko) Chrome/124.0.0.0 Safari/537.36"
158.173.67.99 - - [14/Jun/2026:05:37:21 +0200] "GET /wp-content/plugins/jobboardwp/readme.txt HTTP/1.1" 200 11901 "-" "Mozilla/5.0 (Macintosh; Intel Mac OS X 10_15_7) AppleWebKit/537.36 (KHTML, like Gecko) Chrome/124.0.0.0 Safari/537.36"
158.173.67.98 - - [14/Jun/2026:05:37:24 +0200] "GET /wp-content/themes/listingo/readme.txt HTTP/1.1" 200 11817 "-" "Mozilla/5.0 (Macintosh; Intel Mac OS X 10_15_7) AppleWebKit/605.1.15 (KHTML, like Gecko) Version/18.0 Safari/605.1.15"
158.173.67.240 - - [14/Jun/2026:05:37:28 +0200] "GET /wp-content/themes/listingo/js/listingo_callbacks.js HTTP/1.1" 200 11864 "-" "Mozilla/5.0 (Linux; Android 12; Pixel 6) AppleWebKit/537.36 (KHTML, like Gecko) Chrome/99.0.4844.58 Mobile Safari/537.36"
158.173.67.98 - - [14/Jun/2026:05:37:31 +0200] "GET /wp-content/themes/greyd_suite/style.css HTTP/1.1" 200 11894 "-" "Mozilla/5.0 (Linux; Android 12; Pixel 6) AppleWebKit/537.36 (KHTML, like Gecko) Chrome/99.0.4844.58 Mobile Safari/537.36"
158.173.67.230 - - [14/Jun/2026:05:37:35 +0200] "GET /wp-content/plugins/simply-schedule-appointments/readme.txt HTTP/1.1" 200 11819 "-" "Mozilla/5.0 (Linux; Android 10; K) AppleWebKit/537.36 (KHTML, like Gecko) Chrome/131.0.0.0 Mobile Safari/537.36"
158.173.67.206 - - [14/Jun/2026:05:37:37 +0200] "GET /wp-content/plugins/directorist/readme.txt HTTP/1.1" 200 11822 "-" "Mozilla/5.0 (Linux; Android 10; K) AppleWebKit/537.36 (KHTML, like Gecko) Chrome/131.0.0.0 Mobile Safari/537.36"
158.173.67.79 - - [14/Jun/2026:05:37:40 +0200] "GET /wp-content/plugins/all-in-one-video-gallery/readme.txt HTTP/1.1" 200 11794 "-" "Mozilla/5.0 (Linux; Android 12; Pixel 6) AppleWebKit/537.36 (KHTML, like Gecko) Chrome/99.0.4844.58 Mobile Safari/537.36"
158.173.67.181 - - [14/Jun/2026:05:37:44 +0200] "GET /wp-content/plugins/alphabetic-pagination/readme.txt HTTP/1.1" 200 11830 "-" "Mozilla/5.0 (Macintosh; Intel Mac OS X 10_15_7) AppleWebKit/537.36 (KHTML, like Gecko) Chrome/133.0.0.0 Safari/537.36"
158.173.67.195 - - [14/Jun/2026:05:37:48 +0200] "GET /wp-content/plugins/scripts-organizer/plugins/meta-box/readme.txt HTTP/1.1" 200 11727 "-" "Mozilla/5.0 (Linux; Android 10; K) AppleWebKit/537.36 (KHTML, like Gecko) Chrome/131.0.0.0 Mobile Safari/537.36"
158.173.67.35 - - [14/Jun/2026:05:37:51 +0200] "GET /wp-content/themes/workreap/style.css HTTP/1.1" 200 11877 "-" "Mozilla/5.0 (Windows NT 10.0; Win64; x64) AppleWebKit/537.36 (KHTML, like Gecko) Chrome/101.0.4951.64 Safari/537.36 Edg/101.0.1210.47"
158.173.67.69 - - [14/Jun/2026:05:37:54 +0200] "GET /wp-content/plugins/wpgateway/css/style.css HTTP/1.1" 200 11800 "-" "Mozilla/5.0 (Macintosh; Intel Mac OS X 10_15_7) AppleWebKit/537.36 (KHTML, like Gecko) Chrome/124.0.0.0 Safari/537.36"
158.173.67.59 - - [14/Jun/2026:05:37:58 +0200] "GET /wp-content/plugins/ultimate-member/readme.txt HTTP/1.1" 200 11870 "-" "Mozilla/5.0 (iPhone; CPU iPhone OS 17_2 like Mac OS X) AppleWebKit/605.1.15 (KHTML, like Gecko) Version/17.2 Mobile/15E148 Safari/604.1"
158.173.67.191 - - [14/Jun/2026:05:37:59 +0200] "GET /wp-content/plugins/ninja-forms/readme.txt HTTP/1.1" 200 11932 "-" "Mozilla/5.0 (Macintosh; Intel Mac OS X 10_15_7) AppleWebKit/537.36 (KHTML, like Gecko) Chrome/133.0.0.0 Safari/537.36"
158.173.67.69 - - [14/Jun/2026:05:38:00 +0200] "GET /wp-content/plugins/armember-membership/readme.txt HTTP/1.1" 200 11860 "-" "Mozilla/5.0 (Macintosh; Intel Mac OS X 10_15_7) AppleWebKit/537.36 (KHTML, like Gecko) Chrome/124.0.0.0 Safari/537.36"
158.173.67.194 - - [14/Jun/2026:05:38:03 +0200] "GET /wp-content/plugins/wp-live-chat-support-pro/css/wplc_styles_pro.css HTTP/1.1" 200 11940 "-" "Mozilla/5.0 (iPhone; CPU iPhone OS 17_2 like Mac OS X) AppleWebKit/605.1.15 (KHTML, like Gecko) Version/17.2 Mobile/15E148 Safari/604.1"
158.173.67.32 - - [14/Jun/2026:05:38:07 +0200] "GET /wp-content/plugins/quiz-master-next/readme.txt HTTP/1.1" 200 11790 "-" "Mozilla/5.0 (Linux; Android 10; K) AppleWebKit/537.36 (KHTML, like Gecko) Chrome/131.0.0.0 Mobile Safari/537.36"
158.173.67.117 - - [14/Jun/2026:05:38:09 +0200] "GET / HTTP/1.1" 200 11751 "-" "Mozilla/5.0 (Macintosh; Intel Mac OS X 10_15_7) AppleWebKit/537.36 (KHTML, like Gecko) Chrome/133.0.0.0 Safari/537.36"
158.173.67.2 - - [14/Jun/2026:05:38:12 +0200] "GET /wp-content/plugins/wp-user-avatar/changelog.txt HTTP/1.1" 200 11742 "-" "Mozilla/5.0 (Macintosh; Intel Mac OS X 10_15_7) AppleWebKit/605.1.15 (KHTML, like Gecko) Version/18.0 Safari/605.1.15"
158.173.67.231 - - [14/Jun/2026:05:38:18 +0200] "GET /wp-content/plugins/sitemap-by-click5/readme.txt HTTP/1.1" 200 11777 "-" "Mozilla/5.0 (Macintosh; Intel Mac OS X 10_15_7) AppleWebKit/537.36 (KHTML, like Gecko) Chrome/124.0.0.0 Safari/537.36"
158.173.67.206 - - [14/Jun/2026:05:38:21 +0200] "GET /wp-content/plugins/nd-restaurant-reservations/readme.txt HTTP/1.1" 200 11872 "-" "Mozilla/5.0 (Macintosh; Intel Mac OS X 10_15_7) AppleWebKit/537.36 (KHTML, like Gecko) Chrome/124.0.0.0 Safari/537.36"
158.173.67.13 - - [14/Jun/2026:05:38:28 +0200] "GET /wp-content/plugins/nd-donations/readme.txt HTTP/1.1" 200 11791 "-" "Mozilla/5.0 (Windows NT 10.0; Win64; x64) AppleWebKit/537.36 (KHTML, like Gecko) Chrome/101.0.4951.64 Safari/537.36 Edg/101.0.1210.47"
158.173.67.143 - - [14/Jun/2026:05:38:31 +0200] "GET /wp-content/plugins/nd-booking/readme.txt HTTP/1.1" 200 11841 "-" "Mozilla/5.0 (Macintosh; Intel Mac OS X 10_15_7) AppleWebKit/537.36 (KHTML, like Gecko) Chrome/133.0.0.0 Safari/537.36"
158.173.67.7 - - [14/Jun/2026:05:38:32 +0200] "GET /wp-content/plugins/nd-shortcodes/readme.txt HTTP/1.1" 200 11763 "-" "Mozilla/5.0 (Linux; Android 10; K) AppleWebKit/537.36 (KHTML, like Gecko) Chrome/131.0.0.0 Mobile Safari/537.36"
158.173.67.99 - - [14/Jun/2026:05:38:35 +0200] "GET /wp-content/plugins/nd-learning/readme.txt HTTP/1.1" 200 11781 "-" "Mozilla/5.0 (Macintosh; Intel Mac OS X 10_15_7) AppleWebKit/537.36 (KHTML, like Gecko) Chrome/124.0.0.0 Safari/537.36"
158.173.67.99 - - [14/Jun/2026:05:38:36 +0200] "GET /wp-content/plugins/wpcargo/readme.txt HTTP/1.1" 200 11837 "-" "Mozilla/5.0 (Linux; Android 10; K) AppleWebKit/537.36 (KHTML, like Gecko) Chrome/131.0.0.0 Mobile Safari/537.36"
158.173.67.43 - - [14/Jun/2026:05:38:38 +0200] "GET /wp-content/plugins/woo-product-table/readme.txt HTTP/1.1" 200 11953 "-" "Mozilla/5.0 (Macintosh; Intel Mac OS X 10_15_7) AppleWebKit/537.36 (KHTML, like Gecko) Chrome/124.0.0.0 Safari/537.36"
158.173.67.194 - - [14/Jun/2026:05:38:40 +0200] "GET /wp-content/plugins/udraw/readme.txt HTTP/1.1" 200 11811 "-" "Mozilla/5.0 (Windows NT 10.0; Win64; x64) AppleWebKit/537.36 (KHTML, like Gecko) Chrome/107.0.0.0 Safari/537.36"
158.173.67.69 - - [14/Jun/2026:05:38:43 +0200] "GET /wp-content/plugins/tatsu/changelog.md HTTP/1.1" 200 11776 "-" "Mozilla/5.0 (Macintosh; Intel Mac OS X 10_15_7) AppleWebKit/537.36 (KHTML, like Gecko) Chrome/124.0.0.0 Safari/537.36"
158.173.67.143 - - [14/Jun/2026:05:38:47 +0200] "GET /wp-content/plugins/post-pdf-export/dompdf/dompdf.php?input_file=../../../../wp-config.php HTTP/1.1" 200 11893 "-" "Mozilla/5.0 (Macintosh; Intel Mac OS X 10_15_7) AppleWebKit/605.1.15 (KHTML, like Gecko) Version/18.0 Safari/605.1.15"
