62.231.114.250 - - [15/Jun/2026:20:18:45 +0200] "GET /wp-content/plugins/elementor/assets/lib/font-awesome/css/v4-shims.min.css?ver=4.1.3 HTTP/2.0" 200 3986 "https://reggio-emilia.elettroservicegroup.it/" "Mozilla/5.0 (Linux; Android 10; K) AppleWebKit/537.36 (KHTML, like Gecko) Chrome/149.0.0.0 Mobile Safari/537.36"
62.231.114.250 - - [15/Jun/2026:20:18:45 +0200] "GET /wp-content/plugins/elementor/assets/css/frontend.min.css?ver=4.1.3 HTTP/2.0" 200 6618 "https://reggio-emilia.elettroservicegroup.it/" "Mozilla/5.0 (Linux; Android 10; K) AppleWebKit/537.36 (KHTML, like Gecko) Chrome/149.0.0.0 Mobile Safari/537.36"
62.231.114.250 - - [15/Jun/2026:20:18:45 +0200] "GET /wp-content/plugins/elementor/assets/lib/font-awesome/css/all.min.css?ver=4.1.3 HTTP/2.0" 200 12402 "https://reggio-emilia.elettroservicegroup.it/" "Mozilla/5.0 (Linux; Android 10; K) AppleWebKit/537.36 (KHTML, like Gecko) Chrome/149.0.0.0 Mobile Safari/537.36"
62.231.114.250 - - [15/Jun/2026:20:18:45 +0200] "GET /wp-content/plugins/elementor/assets/css/widget-image.min.css?ver=4.1.3 HTTP/2.0" 200 96 "https://reggio-emilia.elettroservicegroup.it/" "Mozilla/5.0 (Linux; Android 10; K) AppleWebKit/537.36 (KHTML, like Gecko) Chrome/149.0.0.0 Mobile Safari/537.36"
62.231.114.250 - - [15/Jun/2026:20:18:45 +0200] "GET /wp-content/uploads/elementor/css/post-14366.css?ver=1781536291 HTTP/2.0" 200 302 "https://reggio-emilia.elettroservicegroup.it/" "Mozilla/5.0 (Linux; Android 10; K) AppleWebKit/537.36 (KHTML, like Gecko) Chrome/149.0.0.0 Mobile Safari/537.36"
62.231.114.250 - - [15/Jun/2026:20:18:45 +0200] "GET /wp-content/plugins/elementor/assets/js/webpack.runtime.min.js?ver=4.1.3 HTTP/2.0" 200 2340 "https://reggio-emilia.elettroservicegroup.it/" "Mozilla/5.0 (Linux; Android 10; K) AppleWebKit/537.36 (KHTML, like Gecko) Chrome/149.0.0.0 Mobile Safari/537.36"
62.231.114.250 - - [15/Jun/2026:20:18:45 +0200] "GET /wp-content/uploads/elementor/css/post-14227.css?ver=1781536291 HTTP/2.0" 200 2362 "https://reggio-emilia.elettroservicegroup.it/" "Mozilla/5.0 (Linux; Android 10; K) AppleWebKit/537.36 (KHTML, like Gecko) Chrome/149.0.0.0 Mobile Safari/537.36"
62.231.114.250 - - [15/Jun/2026:20:18:45 +0200] "GET /wp-content/plugins/elementor/assets/lib/font-awesome/js/v4-shims.min.js?ver=4.1.3 HTTP/2.0" 200 4043 "https://reggio-emilia.elettroservicegroup.it/" "Mozilla/5.0 (Linux; Android 10; K) AppleWebKit/537.36 (KHTML, like Gecko) Chrome/149.0.0.0 Mobile Safari/537.36"
62.231.114.250 - - [15/Jun/2026:20:18:45 +0200] "GET /wp-content/plugins/elementor/assets/js/frontend-modules.min.js?ver=4.1.3 HTTP/2.0" 200 15454 "https://reggio-emilia.elettroservicegroup.it/" "Mozilla/5.0 (Linux; Android 10; K) AppleWebKit/537.36 (KHTML, like Gecko) Chrome/149.0.0.0 Mobile Safari/537.36"
62.231.114.250 - - [15/Jun/2026:20:18:45 +0200] "GET /wp-content/plugins/elementor/assets/js/frontend.min.js?ver=4.1.3 HTTP/2.0" 200 10140 "https://reggio-emilia.elettroservicegroup.it/" "Mozilla/5.0 (Linux; Android 10; K) AppleWebKit/537.36 (KHTML, like Gecko) Chrome/149.0.0.0 Mobile Safari/537.36"
62.231.114.250 - - [15/Jun/2026:20:18:45 +0200] "GET /wp-content/plugins/complianz-gdpr-premium/cookiebanner/js/complianz.min.js?ver=1781536286 HTTP/2.0" 200 10762 "https://reggio-emilia.elettroservicegroup.it/" "Mozilla/5.0 (Linux; Android 10; K) AppleWebKit/537.36 (KHTML, like Gecko) Chrome/149.0.0.0 Mobile Safari/537.36"
62.231.114.250 - - [15/Jun/2026:20:18:45 +0200] "GET /wp-json/complianz/v1/banner?lang=it&locale=it_IT&token=qgoan HTTP/2.0" 200 82 "https://reggio-emilia.elettroservicegroup.it/" "Mozilla/5.0 (Linux; Android 10; K) AppleWebKit/537.36 (KHTML, like Gecko) Chrome/149.0.0.0 Mobile Safari/537.36"
65.108.235.243 - - [15/Jun/2026:20:18:45 +0200] "GET /assistenza-lavatrici-bosch-correggio/ HTTP/1.1" 200 22993 "-" "WP Fastest Cache Preload Bot"
62.231.114.250 - - [15/Jun/2026:20:18:46 +0200] "POST /wp-json/complianz/v1/track HTTP/2.0" 200 20 "https://reggio-emilia.elettroservicegroup.it/" "Mozilla/5.0 (Linux; Android 10; K) AppleWebKit/537.36 (KHTML, like Gecko) Chrome/149.0.0.0 Mobile Safari/537.36"
65.108.235.243 - - [15/Jun/2026:20:18:47 +0200] "GET /assistenza-lavatrici-bosch-reggio-emilia/ HTTP/1.1" 200 22988 "-" "WP Fastest Cache Preload Bot"
65.108.235.243 - - [15/Jun/2026:20:18:48 +0200] "GET /assistenza-lavatrici-ariston-rubiera/ HTTP/1.1" 200 22966 "-" "WP Fastest Cache Preload Bot"
65.108.235.243 - - [15/Jun/2026:20:18:49 +0200] "GET /assistenza-lavatrici-ariston-scandiano/ HTTP/1.1" 200 22974 "-" "WP Fastest Cache Preload Bot"
62.231.114.250 - - [15/Jun/2026:20:18:51 +0200] "GET /assistenza-lavatrici-reggio-emilia/ HTTP/2.0" 200 23875 "https://reggio-emilia.elettroservicegroup.it/" "Mozilla/5.0 (Linux; Android 10; K) AppleWebKit/537.36 (KHTML, like Gecko) Chrome/149.0.0.0 Mobile Safari/537.36"
62.231.114.250 - - [15/Jun/2026:20:18:53 +0200] "GET /wp-content/uploads/2021/10/condizionatore-bonus.jpg HTTP/2.0" 200 415976 "https://reggio-emilia.elettroservicegroup.it/" "Mozilla/5.0 (Linux; Android 10; K) AppleWebKit/537.36 (KHTML, like Gecko) Chrome/149.0.0.0 Mobile Safari/537.36"
62.231.114.250 - - [15/Jun/2026:20:18:54 +0200] "GET /wp-content/uploads/2022/01/tecnico-elettro-3.jpg HTTP/2.0" 200 59916 "https://reggio-emilia.elettroservicegroup.it/" "Mozilla/5.0 (Linux; Android 10; K) AppleWebKit/537.36 (KHTML, like Gecko) Chrome/149.0.0.0 Mobile Safari/537.36"
62.231.114.250 - - [15/Jun/2026:20:18:56 +0200] "GET /wp-content/uploads/2022/01/elett6-2.jpg HTTP/2.0" 200 58638 "https://reggio-emilia.elettroservicegroup.it/" "Mozilla/5.0 (Linux; Android 10; K) AppleWebKit/537.36 (KHTML, like Gecko) Chrome/149.0.0.0 Mobile Safari/537.36"
62.231.114.250 - - [15/Jun/2026:20:18:53 +0200] "GET /assistenza-asciugatrici/ HTTP/2.0" 301 1 "https://reggio-emilia.elettroservicegroup.it/" "Mozilla/5.0 (Linux; Android 10; K) AppleWebKit/537.36 (KHTML, like Gecko) Chrome/149.0.0.0 Mobile Safari/537.36"
62.231.114.250 - - [15/Jun/2026:20:18:56 +0200] "GET /assistenza-asciugatrici-reggio-emilia/ HTTP/2.0" 200 21036 "https://reggio-emilia.elettroservicegroup.it/" "Mozilla/5.0 (Linux; Android 10; K) AppleWebKit/537.36 (KHTML, like Gecko) Chrome/149.0.0.0 Mobile Safari/537.36"
62.231.114.250 - - [15/Jun/2026:20:18:58 +0200] "GET /assistenza-condizionatori/ HTTP/2.0" 301 1 "https://reggio-emilia.elettroservicegroup.it/" "Mozilla/5.0 (Linux; Android 10; K) AppleWebKit/537.36 (KHTML, like Gecko) Chrome/149.0.0.0 Mobile Safari/537.36"
62.231.114.250 - - [15/Jun/2026:20:18:58 +0200] "GET /assistenza-condizionatori-reggio-emilia/ HTTP/2.0" 200 20340 "https://reggio-emilia.elettroservicegroup.it/" "Mozilla/5.0 (Linux; Android 10; K) AppleWebKit/537.36 (KHTML, like Gecko) Chrome/149.0.0.0 Mobile Safari/537.36"
65.108.235.243 - - [15/Jun/2026:20:42:02 +0200] "POST /wp-cron.php?doing_wp_cron=1781548922.6718258857727050781250 HTTP/1.1" 200 1 "-" "WordPress/7.0; https://reggio-emilia.elettroservicegroup.it"
66.249.70.200 - - [15/Jun/2026:20:41:56 +0200] "GET /?p=19428 HTTP/1.1" 404 15810 "-" "Mozilla/5.0 (Linux; Android 6.0.1; Nexus 5X Build/MMB29P) AppleWebKit/537.36 (KHTML, like Gecko) Chrome/148.0.7778.96 Mobile Safari/537.36 (compatible; Googlebot/2.1; +http://www.google.com/bot.html)"
65.108.235.243 - - [15/Jun/2026:20:42:04 +0200] "GET /assistenza-lavatrici-ariston-santilario-denza/ HTTP/1.1" 200 23037 "-" "WP Fastest Cache Preload Bot"
65.108.235.243 - - [15/Jun/2026:20:42:08 +0200] "GET /assistenza-lavatrici-ariston-guastalla/ HTTP/1.1" 200 22971 "-" "WP Fastest Cache Preload Bot"
65.108.235.243 - - [15/Jun/2026:20:42:11 +0200] "GET /assistenza-lavatrici-ariston-correggio/ HTTP/1.1" 200 22972 "-" "WP Fastest Cache Preload Bot"
65.108.235.243 - - [15/Jun/2026:20:42:14 +0200] "GET /assistenza-lavatrici-ariston-reggio-emilia/ HTTP/1.1" 200 22967 "-" "WP Fastest Cache Preload Bot"
34.27.247.173 - - [15/Jun/2026:20:49:34 +0200] "GET / HTTP/2.0" 200 25401 "http://www.reggio-emilia.elettroservicegroup.it" "Mozilla/5.0 (compatible; CMS-Checker/1.0; +https://example.com)"
65.108.235.243 - - [15/Jun/2026:20:49:33 +0200] "GET /assistenza-lavatrici-aeg-rubiera/ HTTP/1.1" 200 22992 "-" "WP Fastest Cache Preload Bot"
65.108.235.243 - - [15/Jun/2026:20:49:34 +0200] "GET /assistenza-lavatrici-aeg-scandiano/ HTTP/1.1" 200 22999 "-" "WP Fastest Cache Preload Bot"
65.108.235.243 - - [15/Jun/2026:20:49:35 +0200] "GET /assistenza-lavatrici-aeg-santilario-denza/ HTTP/1.1" 200 23062 "-" "WP Fastest Cache Preload Bot"
65.108.235.243 - - [15/Jun/2026:20:49:36 +0200] "GET /assistenza-lavatrici-aeg-guastalla/ HTTP/1.1" 200 22996 "-" "WP Fastest Cache Preload Bot"
65.108.235.243 - - [15/Jun/2026:20:49:37 +0200] "POST /wp-json/complianz/v1/wsc-scan HTTP/1.1" 400 88 "-" "WordPress/7.0; https://reggio-emilia.elettroservicegroup.it"
72.14.201.21 - - [15/Jun/2026:21:18:18 +0200] "GET /assistenza-rex-electrolux-reggio-emilia/?gad_source=1&gad_campaignid=23800353523&gbraid=0AAAABDgs-LQAOwED7AqfwNWIlB-qYXUnJ&gclid=CjwKCAjw857RBhAgEiwAI-1yKLa9iXBaPQrYlJ9Nh0plK-Couba7QizSnihFmA8A15KdV7wmxGeDyxoCH2YQAvD_BwE HTTP/2.0" 200 - "https://www.google.com/" "Mozilla/5.0 (Linux; Android 10; K) AppleWebKit/537.36 (KHTML, like Gecko) Chrome/149.0.0.0 Mobile Safari/537.36"
65.108.235.243 - - [15/Jun/2026:21:18:22 +0200] "POST /wp-cron.php?doing_wp_cron=1781551102.2266469001770019531250 HTTP/1.1" 200 1 "-" "WordPress/7.0; https://reggio-emilia.elettroservicegroup.it"
66.249.93.132 - - [15/Jun/2026:21:18:18 +0200] "GET /.well-known/traffic-advice HTTP/1.1" 404 15860 "-" "Chrome Privacy Preserving Prefetch Proxy"
65.108.235.243 - - [15/Jun/2026:21:18:22 +0200] "GET /assistenza-lavastoviglie-smeg-rubiera/ HTTP/1.1" 200 22866 "-" "WP Fastest Cache Preload Bot"
65.108.235.243 - - [15/Jun/2026:21:18:23 +0200] "GET /assistenza-lavatrici-aeg-correggio/ HTTP/1.1" 200 22999 "-" "WP Fastest Cache Preload Bot"
65.108.235.243 - - [15/Jun/2026:21:18:24 +0200] "GET /assistenza-lavatrici-aeg-reggio-emilia/ HTTP/1.1" 200 22999 "-" "WP Fastest Cache Preload Bot"
65.108.235.243 - - [15/Jun/2026:21:18:25 +0200] "GET /assistenza-lavatrici-rubiera/ HTTP/1.1" 200 23601 "-" "WP Fastest Cache Preload Bot"
34.27.247.173 - - [15/Jun/2026:21:22:32 +0200] "GET / HTTP/1.1" 200 165815 "-" "Mozilla/5.0 (Windows NT 10.0; Win64; x64) AppleWebKit/537.36 (KHTML, like Gecko) Chrome/78.0.3904.108 Safari/537.36"
65.108.235.243 - - [15/Jun/2026:21:22:32 +0200] "GET /assistenza-lavastoviglie-smeg-scandiano/ HTTP/1.1" 200 22862 "-" "WP Fastest Cache Preload Bot"
34.27.247.173 - - [15/Jun/2026:21:22:33 +0200] "GET //wp-includes/wlwmanifest.xml HTTP/1.1" 301 - "-" "Mozilla/5.0 (Windows NT 10.0; Win64; x64) AppleWebKit/537.36 (KHTML, like Gecko) Chrome/78.0.3904.108 Safari/537.36"
34.27.247.173 - - [15/Jun/2026:21:22:33 +0200] "GET //xmlrpc.php?rsd HTTP/1.1" 403 52 "-" "Mozilla/5.0 (Windows NT 10.0; Win64; x64) AppleWebKit/537.36 (KHTML, like Gecko) Chrome/78.0.3904.108 Safari/537.36"
34.27.247.173 - - [15/Jun/2026:21:22:33 +0200] "GET / HTTP/1.1" 200 165815 "-" "Mozilla/5.0 (Windows NT 10.0; Win64; x64) AppleWebKit/537.36 (KHTML, like Gecko) Chrome/78.0.3904.108 Safari/537.36"
65.108.235.243 - - [15/Jun/2026:21:22:33 +0200] "GET /assistenza-lavatrici-scandiano/ HTTP/1.1" 200 23594 "-" "WP Fastest Cache Preload Bot"
34.27.247.173 - - [15/Jun/2026:21:22:34 +0200] "GET //?author=1 HTTP/1.1" 404 67316 "-" "Mozilla/5.0 (Windows NT 10.0; Win64; x64) AppleWebKit/537.36 (KHTML, like Gecko) Chrome/78.0.3904.108 Safari/537.36"
65.108.235.243 - - [15/Jun/2026:21:22:33 +0200] "GET /assistenza-lavatrici-santilario-denza/ HTTP/1.1" 200 23662 "-" "WP Fastest Cache Preload Bot"
34.27.247.173 - - [15/Jun/2026:21:22:34 +0200] "GET //?author=2 HTTP/1.1" 404 67316 "-" "Mozilla/5.0 (Windows NT 10.0; Win64; x64) AppleWebKit/537.36 (KHTML, like Gecko) Chrome/78.0.3904.108 Safari/537.36"
65.108.235.243 - - [15/Jun/2026:21:22:34 +0200] "GET /assistenza-lavastoviglie-smeg-santilario-denza/ HTTP/1.1" 200 22946 "-" "WP Fastest Cache Preload Bot"
34.27.247.173 - - [15/Jun/2026:21:22:35 +0200] "GET //wp-json/wp/v2/users/ HTTP/1.1" 401 108 "-" "Mozilla/5.0 (Windows NT 10.0; Win64; x64) AppleWebKit/537.36 (KHTML, like Gecko) Chrome/78.0.3904.108 Safari/537.36"
34.27.247.173 - - [15/Jun/2026:21:22:35 +0200] "GET //wp-json/oembed/1.0/embed?url=https://reggio-emilia.elettroservicegroup.it/ HTTP/1.1" 200 2273 "-" "Mozilla/5.0 (Windows NT 10.0; Win64; x64) AppleWebKit/537.36 (KHTML, like Gecko) Chrome/78.0.3904.108 Safari/537.36"
34.27.247.173 - - [15/Jun/2026:21:22:35 +0200] "POST //xmlrpc.php HTTP/1.1" 403 52 "-" "Mozilla/5.0 (Windows NT 10.0; Win64; x64) AppleWebKit/537.36 (KHTML, like Gecko) Chrome/78.0.3904.108 Safari/537.36"
65.108.235.243 - - [15/Jun/2026:21:37:16 +0200] "POST /wp-cron.php?doing_wp_cron=1781552236.5722229480743408203125 HTTP/1.1" 200 1 "-" "WordPress/7.0; https://reggio-emilia.elettroservicegroup.it"
104.207.36.8 - - [15/Jun/2026:21:37:11 +0200] "GET /wp-login.php HTTP/2.0" 200 3220 "-" "Mozilla/5.0 (Windows NT 10.0; Win64; x64; rv:133.0) Gecko/20100101 Firefox/133.0"
104.207.36.8 - - [15/Jun/2026:21:37:17 +0200] "GET /wp-login.php?wp_lang=en_US HTTP/2.0" 200 2450 "-" "Mozilla/5.0 (Windows NT 10.0; Win64; x64) AppleWebKit/537.36 (KHTML, like Gecko) Chrome/124.0.0.0 Safari/537.36"
104.207.36.8 - - [15/Jun/2026:21:37:18 +0200] "POST /wp-login.php?wp_lang=en_US HTTP/2.0" 200 2571 "https://reggio-emilia.elettroservicegroup.it/wp-login.php?wp_lang=en_US" "Mozilla/5.0 (Windows NT 10.0; Win64; x64) AppleWebKit/537.36 (KHTML, like Gecko) Chrome/124.0.0.0 Safari/537.36"
65.108.235.243 - - [15/Jun/2026:21:37:17 +0200] "GET /assistenza-lavatrici-guastalla/ HTTP/1.1" 200 23596 "-" "WP Fastest Cache Preload Bot"
65.111.25.14 - - [15/Jun/2026:21:37:22 +0200] "GET /wp-login.php?wp_lang=en_US HTTP/2.0" 200 11836 "-" "Mozilla/5.0 (Macintosh; Intel Mac OS X 10_15_7) AppleWebKit/605.1.15 (KHTML, like Gecko) Version/18.0 Safari/605.1.15"
216.26.231.136 - - [15/Jun/2026:21:37:23 +0200] "GET /wp-login.php?wp_lang=en_US HTTP/2.0" 200 11835 "-" "Mozilla/5.0 (Macintosh; Intel Mac OS X 10_15_7) AppleWebKit/605.1.15 (KHTML, like Gecko) Version/18.0 Safari/605.1.15"
65.111.30.243 - - [15/Jun/2026:21:37:24 +0200] "GET /wp-login.php?wp_lang=en_US HTTP/2.0" 200 2450 "-" "Mozilla/5.0 (Macintosh; Intel Mac OS X 10_15_7) AppleWebKit/605.1.15 (KHTML, like Gecko) Version/18.0 Safari/605.1.15"
65.108.235.243 - - [15/Jun/2026:21:37:21 +0200] "GET /assistenza-lavatrici-correggio/ HTTP/1.1" 200 23581 "-" "WP Fastest Cache Preload Bot"
65.111.30.243 - - [15/Jun/2026:21:37:26 +0200] "POST /wp-login.php?wp_lang=en_US HTTP/2.0" 200 2571 "https://reggio-emilia.elettroservicegroup.it/wp-login.php?wp_lang=en_US" "Mozilla/5.0 (Macintosh; Intel Mac OS X 10_15_7) AppleWebKit/605.1.15 (KHTML, like Gecko) Version/18.0 Safari/605.1.15"
104.207.44.1 - - [15/Jun/2026:21:37:30 +0200] "GET /wp-login.php?wp_lang=en_US HTTP/2.0" 200 2450 "-" "Mozilla/5.0 (Windows NT 10.0; Win64; x64) AppleWebKit/537.36 (KHTML, like Gecko) Chrome/124.0.0.0 Safari/537.36"
65.108.235.243 - - [15/Jun/2026:21:37:29 +0200] "GET /assistenza-lavatrici-reggio-emilia/ HTTP/1.1" 200 23829 "-" "WP Fastest Cache Preload Bot"
104.207.44.1 - - [15/Jun/2026:21:37:33 +0200] "POST /wp-login.php?wp_lang=en_US HTTP/2.0" 200 2571 "https://reggio-emilia.elettroservicegroup.it/wp-login.php?wp_lang=en_US" "Mozilla/5.0 (Windows NT 10.0; Win64; x64) AppleWebKit/537.36 (KHTML, like Gecko) Chrome/124.0.0.0 Safari/537.36"
216.26.227.79 - - [15/Jun/2026:21:37:38 +0200] "GET /wp-login.php?wp_lang=en_US HTTP/2.0" 200 2450 "-" "Mozilla/5.0 (Windows NT 10.0; Win64; x64; rv:133.0) Gecko/20100101 Firefox/133.0"
65.108.235.243 - - [15/Jun/2026:21:37:35 +0200] "GET /assistenza-lavastoviglie-whirlpool-rubiera/ HTTP/1.1" 200 22895 "-" "WP Fastest Cache Preload Bot"
216.26.227.79 - - [15/Jun/2026:21:37:41 +0200] "POST /wp-login.php?wp_lang=en_US HTTP/2.0" 200 2571 "https://reggio-emilia.elettroservicegroup.it/wp-login.php?wp_lang=en_US" "Mozilla/5.0 (Windows NT 10.0; Win64; x64; rv:133.0) Gecko/20100101 Firefox/133.0"
65.108.235.243 - - [15/Jun/2026:21:37:47 +0200] "POST /wp-cron.php?doing_wp_cron=1781552266.9627850055694580078125 HTTP/1.1" 200 1 "-" "WordPress/7.0; https://reggio-emilia.elettroservicegroup.it"
65.111.23.21 - - [15/Jun/2026:21:37:45 +0200] "GET /wp-login.php?wp_lang=en_US HTTP/2.0" 200 2450 "-" "Mozilla/5.0 (Macintosh; Intel Mac OS X 10_15_7) AppleWebKit/605.1.15 (KHTML, like Gecko) Version/18.0 Safari/605.1.15"
65.111.23.21 - - [15/Jun/2026:21:37:47 +0200] "POST /wp-login.php?wp_lang=en_US HTTP/2.0" 200 2571 "https://reggio-emilia.elettroservicegroup.it/wp-login.php?wp_lang=en_US" "Mozilla/5.0 (Macintosh; Intel Mac OS X 10_15_7) AppleWebKit/605.1.15 (KHTML, like Gecko) Version/18.0 Safari/605.1.15"
65.108.235.243 - - [15/Jun/2026:21:37:52 +0200] "POST /wp-cron.php?doing_wp_cron=1781552272.5607790946960449218750 HTTP/1.1" 200 1 "-" "WordPress/7.0; https://reggio-emilia.elettroservicegroup.it"
216.26.245.99 - - [15/Jun/2026:21:37:50 +0200] "GET /wp-login.php?wp_lang=en_US HTTP/2.0" 200 2450 "-" "Mozilla/5.0 (Windows NT 10.0; Win64; x64) AppleWebKit/537.36 (KHTML, like Gecko) Chrome/124.0.0.0 Safari/537.36"
216.26.245.99 - - [15/Jun/2026:21:37:53 +0200] "POST /wp-login.php?wp_lang=en_US HTTP/2.0" 200 2571 "https://reggio-emilia.elettroservicegroup.it/wp-login.php?wp_lang=en_US" "Mozilla/5.0 (Windows NT 10.0; Win64; x64) AppleWebKit/537.36 (KHTML, like Gecko) Chrome/124.0.0.0 Safari/537.36"
65.111.2.202 - - [15/Jun/2026:21:37:57 +0200] "GET /wp-login.php?wp_lang=en_US HTTP/2.0" 200 2450 "-" "Mozilla/5.0 (Windows NT 10.0; Win64; x64) AppleWebKit/537.36 (KHTML, like Gecko) Chrome/124.0.0.0 Safari/537.36"
65.111.2.202 - - [15/Jun/2026:21:37:58 +0200] "POST /wp-login.php?wp_lang=en_US HTTP/2.0" 200 2571 "https://reggio-emilia.elettroservicegroup.it/wp-login.php?wp_lang=en_US" "Mozilla/5.0 (Windows NT 10.0; Win64; x64) AppleWebKit/537.36 (KHTML, like Gecko) Chrome/124.0.0.0 Safari/537.36"
209.50.179.97 - - [15/Jun/2026:21:38:03 +0200] "GET /wp-login.php?wp_lang=en_US HTTP/2.0" 200 2450 "-" "Mozilla/5.0 (Macintosh; Intel Mac OS X 10_15_7) AppleWebKit/605.1.15 (KHTML, like Gecko) Version/18.0 Safari/605.1.15"
209.50.179.97 - - [15/Jun/2026:21:38:04 +0200] "POST /wp-login.php?wp_lang=en_US HTTP/2.0" 200 2571 "https://reggio-emilia.elettroservicegroup.it/wp-login.php?wp_lang=en_US" "Mozilla/5.0 (Macintosh; Intel Mac OS X 10_15_7) AppleWebKit/605.1.15 (KHTML, like Gecko) Version/18.0 Safari/605.1.15"
209.50.180.15 - - [15/Jun/2026:21:38:07 +0200] "GET /wp-login.php?wp_lang=en_US HTTP/2.0" 200 2450 "-" "Mozilla/5.0 (Macintosh; Intel Mac OS X 10_15_7) AppleWebKit/605.1.15 (KHTML, like Gecko) Version/18.0 Safari/605.1.15"
209.50.180.15 - - [15/Jun/2026:21:38:08 +0200] "POST /wp-login.php?wp_lang=en_US HTTP/2.0" 200 2571 "https://reggio-emilia.elettroservicegroup.it/wp-login.php?wp_lang=en_US" "Mozilla/5.0 (Macintosh; Intel Mac OS X 10_15_7) AppleWebKit/605.1.15 (KHTML, like Gecko) Version/18.0 Safari/605.1.15"
104.207.61.109 - - [15/Jun/2026:21:38:11 +0200] "GET /wp-login.php?wp_lang=en_US HTTP/2.0" 200 2450 "-" "Mozilla/5.0 (Windows NT 10.0; Win64; x64; rv:133.0) Gecko/20100101 Firefox/133.0"
104.207.61.109 - - [15/Jun/2026:21:38:12 +0200] "POST /wp-login.php?wp_lang=en_US HTTP/2.0" 200 2571 "https://reggio-emilia.elettroservicegroup.it/wp-login.php?wp_lang=en_US" "Mozilla/5.0 (Windows NT 10.0; Win64; x64; rv:133.0) Gecko/20100101 Firefox/133.0"
45.3.43.8 - - [15/Jun/2026:21:38:13 +0200] "GET /wp-login.php?wp_lang=en_US HTTP/2.0" 200 11785 "-" "Mozilla/5.0 (Macintosh; Intel Mac OS X 10_15_7) AppleWebKit/605.1.15 (KHTML, like Gecko) Version/18.0 Safari/605.1.15"
104.207.40.107 - - [15/Jun/2026:21:38:14 +0200] "GET /wp-login.php?wp_lang=en_US HTTP/2.0" 200 2450 "-" "Mozilla/5.0 (Windows NT 10.0; Win64; x64) AppleWebKit/537.36 (KHTML, like Gecko) Chrome/124.0.0.0 Safari/537.36"
104.207.40.107 - - [15/Jun/2026:21:38:15 +0200] "POST /wp-login.php?wp_lang=en_US HTTP/2.0" 200 2571 "https://reggio-emilia.elettroservicegroup.it/wp-login.php?wp_lang=en_US" "Mozilla/5.0 (Windows NT 10.0; Win64; x64) AppleWebKit/537.36 (KHTML, like Gecko) Chrome/124.0.0.0 Safari/537.36"
216.26.243.4 - - [15/Jun/2026:21:38:16 +0200] "GET /wp-login.php?wp_lang=en_US HTTP/2.0" 200 2450 "-" "Mozilla/5.0 (Windows NT 10.0; Win64; x64) AppleWebKit/537.36 (KHTML, like Gecko) Chrome/124.0.0.0 Safari/537.36"
216.26.243.4 - - [15/Jun/2026:21:38:17 +0200] "POST /wp-login.php?wp_lang=en_US HTTP/2.0" 200 2571 "https://reggio-emilia.elettroservicegroup.it/wp-login.php?wp_lang=en_US" "Mozilla/5.0 (Windows NT 10.0; Win64; x64) AppleWebKit/537.36 (KHTML, like Gecko) Chrome/124.0.0.0 Safari/537.36"
47.128.23.251 - - [15/Jun/2026:21:42:32 +0200] "GET /greenluck-pramienprogramm-verstehen-und-von-extras-profitieren/ HTTP/2.0" 200 11835 "-" "Mozilla/5.0 (Linux; Android 5.0) AppleWebKit/537.36 (KHTML, like Gecko) Mobile Safari/537.36 (compatible; Bytespider; spider-feedback@bytedance.com)"