74.125.151.200 - - [15/Jun/2026:14:05:11 +0200] "GET /assistenza-frigoriferi-reggio-emilia/ HTTP/1.1" 200 20921 "-" "Mozilla/5.0 (Linux; Android 6.0.1; Nexus 5X Build/MMB29P) AppleWebKit/537.36 (KHTML, like Gecko) Chrome/148.0.7778.96 Mobile Safari/537.36 (compatible; AdsBot-Google-Mobile; +http://www.google.com/mobile/adsbot.html)"
65.108.235.243 - - [15/Jun/2026:14:05:16 +0200] "POST /wp-cron.php?doing_wp_cron=1781525115.8545589447021484375000 HTTP/1.1" 200 1 "-" "WordPress/7.0; https://reggio-emilia.elettroservicegroup.it"
74.125.151.199 - - [15/Jun/2026:14:05:28 +0200] "GET /assistenza-lavastoviglie-rubiera/ HTTP/1.1" 200 23509 "-" "Mozilla/5.0 (Linux; Android 6.0.1; Nexus 5X Build/MMB29P) AppleWebKit/537.36 (KHTML, like Gecko) Chrome/148.0.7778.96 Mobile Safari/537.36 (compatible; AdsBot-Google-Mobile; +http://www.google.com/mobile/adsbot.html)"
74.125.151.199 - - [15/Jun/2026:14:05:36 +0200] "GET /assistenza-condizionatori-reggio-emilia/ HTTP/1.1" 200 20231 "-" "Mozilla/5.0 (Linux; Android 6.0.1; Nexus 5X Build/MMB29P) AppleWebKit/537.36 (KHTML, like Gecko) Chrome/148.0.7778.96 Mobile Safari/537.36 (compatible; AdsBot-Google-Mobile; +http://www.google.com/mobile/adsbot.html)"
74.125.151.201 - - [15/Jun/2026:14:14:33 +0200] "GET /wp-content/themes/generatepress/assets/css/main.min.css?ver=3.6.1 HTTP/1.1" 200 4410 "https://reggio-emilia.elettroservicegroup.it/assistenza-rex-electrolux-guastalla/" "AdsBot-Google (+http://www.google.com/adsbot.html)"
74.125.151.201 - - [15/Jun/2026:14:14:33 +0200] "GET /wp-content/uploads/elementor/css/post-14146.css?ver=1781410186 HTTP/1.1" 200 428 "https://reggio-emilia.elettroservicegroup.it/assistenza-rex-electrolux-guastalla/" "AdsBot-Google (+http://www.google.com/adsbot.html)"
74.125.151.201 - - [15/Jun/2026:14:14:33 +0200] "GET /wp-content/plugins/complianz-gdpr-premium/assets/css/cookieblocker.min.css?ver=1780326507 HTTP/1.1" 200 615 "https://reggio-emilia.elettroservicegroup.it/assistenza-rex-electrolux-guastalla/" "AdsBot-Google (+http://www.google.com/adsbot.html)"
74.125.151.200 - - [15/Jun/2026:14:14:34 +0200] "GET /wp-content/uploads/elementor/css/post-17824.css?ver=1781433695 HTTP/1.1" 200 2174 "https://reggio-emilia.elettroservicegroup.it/assistenza-rex-electrolux-guastalla/" "AdsBot-Google (+http://www.google.com/adsbot.html)"
74.125.151.199 - - [15/Jun/2026:14:14:34 +0200] "GET /wp-content/plugins/elementor/assets/lib/font-awesome/js/v4-shims.min.js?ver=4.1.3 HTTP/1.1" 200 4043 "https://reggio-emilia.elettroservicegroup.it/assistenza-rex-electrolux-guastalla/" "AdsBot-Google (+http://www.google.com/adsbot.html)"
74.125.151.199 - - [15/Jun/2026:14:14:34 +0200] "GET /wp-includes/js/jquery/jquery.min.js?ver=3.7.1 HTTP/1.1" 200 29769 "https://reggio-emilia.elettroservicegroup.it/assistenza-rex-electrolux-guastalla/" "AdsBot-Google (+http://www.google.com/adsbot.html)"
74.125.151.201 - - [15/Jun/2026:14:14:35 +0200] "GET /wp-content/plugins/gp-premium/menu-plus/functions/js/sticky.min.js?ver=2.5.5 HTTP/1.1" 200 2670 "https://reggio-emilia.elettroservicegroup.it/assistenza-rex-electrolux-guastalla/" "AdsBot-Google (+http://www.google.com/adsbot.html)"
74.125.151.200 - - [15/Jun/2026:14:14:36 +0200] "GET /wp-includes/js/jquery/jquery-migrate.min.js?ver=3.4.1 HTTP/1.1" 200 4685 "https://reggio-emilia.elettroservicegroup.it/assistenza-rex-electrolux-guastalla/" "AdsBot-Google (+http://www.google.com/adsbot.html)"
74.125.151.199 - - [15/Jun/2026:14:14:36 +0200] "GET /wp-content/plugins/elementor/assets/css/widget-heading.min.css?ver=4.1.3 HTTP/1.1" 200 127 "https://reggio-emilia.elettroservicegroup.it/assistenza-rex-electrolux-guastalla/" "AdsBot-Google (+http://www.google.com/adsbot.html)"
74.125.151.200 - - [15/Jun/2026:14:14:37 +0200] "GET /wp-content/plugins/elementor/assets/css/widget-spacer.min.css?ver=4.1.3 HTTP/1.1" 200 287 "https://reggio-emilia.elettroservicegroup.it/assistenza-rex-electrolux-guastalla/" "AdsBot-Google (+http://www.google.com/adsbot.html)"
74.125.151.199 - - [15/Jun/2026:14:14:37 +0200] "GET /wp-content/plugins/elementor/assets/lib/font-awesome/css/brands.css?ver=5.15.3 HTTP/1.1" 200 298 "https://reggio-emilia.elettroservicegroup.it/assistenza-rex-electrolux-guastalla/" "AdsBot-Google (+http://www.google.com/adsbot.html)"
74.125.151.200 - - [15/Jun/2026:14:14:38 +0200] "GET /wp-content/plugins/elementor/assets/lib/font-awesome/css/fontawesome.css?ver=5.15.3 HTTP/1.1" 200 12535 "https://reggio-emilia.elettroservicegroup.it/assistenza-rex-electrolux-guastalla/" "AdsBot-Google (+http://www.google.com/adsbot.html)"
74.125.151.200 - - [15/Jun/2026:14:14:38 +0200] "GET /wp-content/uploads/elementor/google-fonts/css/roboto.css?ver=1742255001 HTTP/1.1" 200 1890 "https://reggio-emilia.elettroservicegroup.it/assistenza-rex-electrolux-guastalla/" "AdsBot-Google (+http://www.google.com/adsbot.html)"
74.125.151.200 - - [15/Jun/2026:14:14:39 +0200] "GET /wp-content/plugins/elementor/assets/css/widget-social-icons.min.css?ver=3.24.0 HTTP/1.1" 200 1039 "https://reggio-emilia.elettroservicegroup.it/assistenza-rex-electrolux-guastalla/" "AdsBot-Google (+http://www.google.com/adsbot.html)"
74.125.151.199 - - [15/Jun/2026:14:14:40 +0200] "GET /wp-content/plugins/header-footer-elementor/assets/css/header-footer-elementor.css?ver=2.8.8 HTTP/1.1" 200 260 "https://reggio-emilia.elettroservicegroup.it/assistenza-rex-electrolux-guastalla/" "AdsBot-Google (+http://www.google.com/adsbot.html)"
74.125.151.199 - - [15/Jun/2026:14:14:40 +0200] "GET /wp-content/plugins/elementor/assets/js/webpack.runtime.min.js?ver=4.1.3 HTTP/1.1" 200 2340 "https://reggio-emilia.elettroservicegroup.it/assistenza-rex-electrolux-guastalla/" "AdsBot-Google (+http://www.google.com/adsbot.html)"
74.125.151.200 - - [15/Jun/2026:14:14:41 +0200] "GET /wp-content/plugins/elementor/assets/lib/animations/styles/bounceIn.min.css?ver=4.1.3 HTTP/1.1" 200 186 "https://reggio-emilia.elettroservicegroup.it/assistenza-rex-electrolux-guastalla/" "AdsBot-Google (+http://www.google.com/adsbot.html)"
74.125.151.199 - - [15/Jun/2026:14:14:41 +0200] "GET /wp-content/uploads/elementor/css/post-14366.css?ver=1781410188 HTTP/1.1" 200 302 "https://reggio-emilia.elettroservicegroup.it/assistenza-rex-electrolux-guastalla/" "AdsBot-Google (+http://www.google.com/adsbot.html)"
74.125.151.199 - - [15/Jun/2026:14:14:42 +0200] "GET /wp-content/plugins/all-in-one-seo-pack/dist/Lite/assets/css/table-of-contents/global.e90f6d47.css?ver=4.9.8 HTTP/1.1" 200 420 "https://reggio-emilia.elettroservicegroup.it/assistenza-rex-electrolux-guastalla/" "AdsBot-Google (+http://www.google.com/adsbot.html)"
74.125.151.199 - - [15/Jun/2026:14:14:42 +0200] "GET /wp-content/plugins/elementor/assets/lib/font-awesome/css/solid.css?ver=5.15.3 HTTP/1.1" 200 299 "https://reggio-emilia.elettroservicegroup.it/assistenza-rex-electrolux-guastalla/" "AdsBot-Google (+http://www.google.com/adsbot.html)"
74.125.151.199 - - [15/Jun/2026:14:14:43 +0200] "GET /wp-content/plugins/elementor/assets/lib/font-awesome/css/all.min.css?ver=4.1.3 HTTP/1.1" 200 12402 "https://reggio-emilia.elettroservicegroup.it/assistenza-rex-electrolux-guastalla/" "AdsBot-Google (+http://www.google.com/adsbot.html)"
74.125.151.199 - - [15/Jun/2026:14:14:43 +0200] "GET /wp-content/plugins/elementor/assets/lib/eicons/css/elementor-icons.min.css?ver=5.34.0 HTTP/1.1" 200 4115 "https://reggio-emilia.elettroservicegroup.it/assistenza-rex-electrolux-guastalla/" "AdsBot-Google (+http://www.google.com/adsbot.html)"
74.125.151.199 - - [15/Jun/2026:14:14:44 +0200] "GET /wp-content/plugins/elementor/assets/lib/animations/styles/zoomIn.min.css?ver=4.1.3 HTTP/1.1" 200 87 "https://reggio-emilia.elettroservicegroup.it/assistenza-rex-electrolux-guastalla/" "AdsBot-Google (+http://www.google.com/adsbot.html)"
74.125.151.199 - - [15/Jun/2026:14:14:44 +0200] "GET /wp-content/plugins/elementor/assets/lib/font-awesome/css/v4-shims.min.css?ver=4.1.3 HTTP/1.1" 200 3986 "https://reggio-emilia.elettroservicegroup.it/assistenza-rex-electrolux-guastalla/" "AdsBot-Google (+http://www.google.com/adsbot.html)"
74.125.151.199 - - [15/Jun/2026:14:14:45 +0200] "GET /wp-content/plugins/elementor/assets/css/widget-image.min.css?ver=4.1.3 HTTP/1.1" 200 96 "https://reggio-emilia.elettroservicegroup.it/assistenza-rex-electrolux-guastalla/" "AdsBot-Google (+http://www.google.com/adsbot.html)"
74.125.151.199 - - [15/Jun/2026:14:14:45 +0200] "GET /wp-content/plugins/elementor/assets/css/widget-icon-list.min.css?ver=3.24.3 HTTP/1.1" 200 928 "https://reggio-emilia.elettroservicegroup.it/assistenza-rex-electrolux-guastalla/" "AdsBot-Google (+http://www.google.com/adsbot.html)"
74.125.151.199 - - [15/Jun/2026:14:14:46 +0200] "GET /wp-content/plugins/gp-premium/menu-plus/functions/css/navigation-branding-flex.min.css?ver=2.5.5 HTTP/1.1" 200 542 "https://reggio-emilia.elettroservicegroup.it/assistenza-rex-electrolux-guastalla/" "AdsBot-Google (+http://www.google.com/adsbot.html)"
74.125.151.199 - - [15/Jun/2026:14:14:47 +0200] "GET /wp-content/plugins/elementor/assets/css/frontend.min.css?ver=4.1.3 HTTP/1.1" 200 6618 "https://reggio-emilia.elettroservicegroup.it/assistenza-rex-electrolux-guastalla/" "AdsBot-Google (+http://www.google.com/adsbot.html)"
74.125.151.199 - - [15/Jun/2026:14:14:47 +0200] "GET /wp-content/plugins/header-footer-elementor/inc/widgets-css/frontend.css?ver=2.8.8 HTTP/1.1" 200 8711 "https://reggio-emilia.elettroservicegroup.it/assistenza-rex-electrolux-guastalla/" "AdsBot-Google (+http://www.google.com/adsbot.html)"
74.125.151.199 - - [15/Jun/2026:14:14:48 +0200] "GET /wp-content/uploads/elementor/google-fonts/css/robotoslab.css?ver=1742255003 HTTP/1.1" 200 721 "https://reggio-emilia.elettroservicegroup.it/assistenza-rex-electrolux-guastalla/" "AdsBot-Google (+http://www.google.com/adsbot.html)"
74.125.151.199 - - [15/Jun/2026:14:14:48 +0200] "GET /wp-content/plugins/elementor/assets/js/frontend-modules.min.js?ver=4.1.3 HTTP/1.1" 200 15454 "https://reggio-emilia.elettroservicegroup.it/assistenza-rex-electrolux-guastalla/" "AdsBot-Google (+http://www.google.com/adsbot.html)"
74.125.151.199 - - [15/Jun/2026:14:14:49 +0200] "GET /wp-includes/js/jquery/ui/core.min.js?ver=1.13.3 HTTP/1.1" 200 6820 "https://reggio-emilia.elettroservicegroup.it/assistenza-rex-electrolux-guastalla/" "AdsBot-Google (+http://www.google.com/adsbot.html)"
74.125.151.199 - - [15/Jun/2026:14:14:49 +0200] "GET /wp-content/plugins/complianz-gdpr-premium/cookiebanner/js/complianz.min.js?ver=1780326507 HTTP/1.1" 200 10708 "https://reggio-emilia.elettroservicegroup.it/assistenza-rex-electrolux-guastalla/" "AdsBot-Google (+http://www.google.com/adsbot.html)"
74.125.151.199 - - [15/Jun/2026:14:14:50 +0200] "GET /wp-content/themes/generatepress/assets/js/menu.min.js?ver=3.6.1 HTTP/1.1" 200 1688 "https://reggio-emilia.elettroservicegroup.it/assistenza-rex-electrolux-guastalla/" "AdsBot-Google (+http://www.google.com/adsbot.html)"
74.125.151.199 - - [15/Jun/2026:14:14:50 +0200] "GET /wp-content/themes/generatepress/assets/js/back-to-top.min.js?ver=3.6.1 HTTP/1.1" 200 336 "https://reggio-emilia.elettroservicegroup.it/assistenza-rex-electrolux-guastalla/" "AdsBot-Google (+http://www.google.com/adsbot.html)"
74.125.151.199 - - [15/Jun/2026:14:14:51 +0200] "GET /wp-content/plugins/elementor/assets/js/frontend.min.js?ver=4.1.3 HTTP/1.1" 200 10140 "https://reggio-emilia.elettroservicegroup.it/assistenza-rex-electrolux-guastalla/" "AdsBot-Google (+http://www.google.com/adsbot.html)"
74.125.151.199 - - [15/Jun/2026:14:14:51 +0200] "GET /wp-content/uploads/elementor/google-fonts/fonts/roboto-kfo7cnqeu92fr1me7ksn66agldtyluama3yuba.woff2 HTTP/1.1" 200 40132 "https://reggio-emilia.elettroservicegroup.it/wp-content/uploads/elementor/google-fonts/css/roboto.css?ver=1742255001" "AdsBot-Google (+http://www.google.com/adsbot.html)"
65.108.235.243 - - [15/Jun/2026:14:14:53 +0200] "POST /wp-cron.php?doing_wp_cron=1781525693.8769369125366210937500 HTTP/1.1" 200 1 "-" "WordPress/7.0; https://reggio-emilia.elettroservicegroup.it"
74.125.151.199 - - [15/Jun/2026:14:14:52 +0200] "GET /wp-json/complianz/v1/banner?lang=it&locale=it_IT&token=lcps HTTP/1.1" 200 84 "https://reggio-emilia.elettroservicegroup.it/assistenza-rex-electrolux-guastalla/" "AdsBot-Google (+http://www.google.com/adsbot.html)"
74.125.151.199 - - [15/Jun/2026:14:14:54 +0200] "GET /wp-json/complianz/v1/cookie_data HTTP/1.1" 200 82 "https://reggio-emilia.elettroservicegroup.it/assistenza-rex-electrolux-guastalla/" "AdsBot-Google (+http://www.google.com/adsbot.html)"
74.125.151.199 - - [15/Jun/2026:14:14:54 +0200] "GET /wp-content/uploads/complianz/css/banner-1-optin.css?v=511 HTTP/1.1" 200 2622 "https://reggio-emilia.elettroservicegroup.it/assistenza-rex-electrolux-guastalla/" "AdsBot-Google (+http://www.google.com/adsbot.html)"
74.125.151.199 - - [15/Jun/2026:14:14:54 +0200] "GET /wp-content/plugins/elementor/assets/js/shared-frontend-handlers.03caa53373b56d3bab67.bundle.min.js HTTP/1.1" 200 2515 "https://reggio-emilia.elettroservicegroup.it/assistenza-rex-electrolux-guastalla/" "AdsBot-Google (+http://www.google.com/adsbot.html)"
74.125.151.199 - - [15/Jun/2026:14:14:55 +0200] "GET /wp-content/plugins/elementor/assets/js/text-editor.45609661e409413f1cef.bundle.min.js HTTP/1.1" 200 592 "https://reggio-emilia.elettroservicegroup.it/assistenza-rex-electrolux-guastalla/" "AdsBot-Google (+http://www.google.com/adsbot.html)"
74.125.151.199 - - [15/Jun/2026:14:14:55 +0200] "GET /wp-content/plugins/elementor/assets/js/section-frontend-handlers.d85ab872da118940910d.bundle.min.js HTTP/1.1" 200 230 "https://reggio-emilia.elettroservicegroup.it/assistenza-rex-electrolux-guastalla/" "AdsBot-Google (+http://www.google.com/adsbot.html)"
65.108.235.243 - - [15/Jun/2026:14:14:54 +0200] "GET /assistenza-indesit-scandiano/ HTTP/1.1" 200 22838 "-" "WP Fastest Cache Preload Bot"
65.108.235.243 - - [15/Jun/2026:14:14:55 +0200] "GET /assistenza-lavastoviglie-scandiano/ HTTP/1.1" 200 23332 "-" "WP Fastest Cache Preload Bot"
65.108.235.243 - - [15/Jun/2026:14:14:56 +0200] "GET /assistenza-lavastoviglie-santilario-denza/ HTTP/1.1" 200 23404 "-" "WP Fastest Cache Preload Bot"
65.108.235.243 - - [15/Jun/2026:14:14:57 +0200] "GET /assistenza-indesit-santilario-denza/ HTTP/1.1" 200 22895 "-" "WP Fastest Cache Preload Bot"
74.125.151.201 - - [15/Jun/2026:14:20:02 +0200] "GET /wp-content/plugins/all-in-one-seo-pack/dist/Lite/assets/css/table-of-contents/global.e90f6d47.css?ver=4.9.8 HTTP/1.1" 200 420 "https://reggio-emilia.elettroservicegroup.it/" "AdsBot-Google (+http://www.google.com/adsbot.html)"
74.125.151.199 - - [15/Jun/2026:14:20:02 +0200] "GET /wp-content/uploads/elementor/css/post-14227.css?ver=1781410187 HTTP/1.1" 200 2362 "https://reggio-emilia.elettroservicegroup.it/" "AdsBot-Google (+http://www.google.com/adsbot.html)"
74.125.151.199 - - [15/Jun/2026:14:20:02 +0200] "GET /wp-content/plugins/elementor/assets/lib/font-awesome/css/fontawesome.css?ver=5.15.3 HTTP/1.1" 200 12535 "https://reggio-emilia.elettroservicegroup.it/" "AdsBot-Google (+http://www.google.com/adsbot.html)"
74.125.151.199 - - [15/Jun/2026:14:20:02 +0200] "GET /wp-content/uploads/elementor/css/post-14366.css?ver=1781410188 HTTP/1.1" 200 302 "https://reggio-emilia.elettroservicegroup.it/" "AdsBot-Google (+http://www.google.com/adsbot.html)"
74.125.151.201 - - [15/Jun/2026:14:20:02 +0200] "GET /wp-content/uploads/elementor/css/post-14146.css?ver=1781410186 HTTP/1.1" 200 428 "https://reggio-emilia.elettroservicegroup.it/" "AdsBot-Google (+http://www.google.com/adsbot.html)"
74.125.151.199 - - [15/Jun/2026:14:20:03 +0200] "GET /wp-includes/js/jquery/jquery-migrate.min.js?ver=3.4.1 HTTP/1.1" 200 4685 "https://reggio-emilia.elettroservicegroup.it/" "AdsBot-Google (+http://www.google.com/adsbot.html)"
74.125.151.200 - - [15/Jun/2026:14:20:04 +0200] "GET /wp-content/uploads/elementor/google-fonts/css/robotoslab.css?ver=1742255003 HTTP/1.1" 200 721 "https://reggio-emilia.elettroservicegroup.it/" "AdsBot-Google (+http://www.google.com/adsbot.html)"
74.125.151.200 - - [15/Jun/2026:14:20:04 +0200] "GET /wp-content/plugins/elementor/assets/lib/eicons/css/elementor-icons.min.css?ver=5.34.0 HTTP/1.1" 200 4115 "https://reggio-emilia.elettroservicegroup.it/" "AdsBot-Google (+http://www.google.com/adsbot.html)"
74.125.151.201 - - [15/Jun/2026:14:20:04 +0200] "GET /wp-content/plugins/elementor/assets/css/widget-heading.min.css?ver=4.1.3 HTTP/1.1" 200 127 "https://reggio-emilia.elettroservicegroup.it/" "AdsBot-Google (+http://www.google.com/adsbot.html)"
74.125.151.199 - - [15/Jun/2026:14:20:05 +0200] "GET /wp-content/plugins/complianz-gdpr-premium/assets/css/cookieblocker.min.css?ver=1780326507 HTTP/1.1" 200 615 "https://reggio-emilia.elettroservicegroup.it/" "AdsBot-Google (+http://www.google.com/adsbot.html)"
74.125.151.200 - - [15/Jun/2026:14:20:05 +0200] "GET /wp-content/plugins/elementor/assets/js/webpack.runtime.min.js?ver=4.1.3 HTTP/1.1" 200 2340 "https://reggio-emilia.elettroservicegroup.it/" "AdsBot-Google (+http://www.google.com/adsbot.html)"
74.125.151.200 - - [15/Jun/2026:14:20:06 +0200] "GET /wp-content/plugins/gp-premium/menu-plus/functions/js/sticky.min.js?ver=2.5.5 HTTP/1.1" 200 2670 "https://reggio-emilia.elettroservicegroup.it/" "AdsBot-Google (+http://www.google.com/adsbot.html)"
74.125.151.199 - - [15/Jun/2026:14:20:06 +0200] "GET /wp-content/plugins/elementor/assets/lib/animations/styles/zoomIn.min.css?ver=4.1.3 HTTP/1.1" 200 87 "https://reggio-emilia.elettroservicegroup.it/" "AdsBot-Google (+http://www.google.com/adsbot.html)"
74.125.151.200 - - [15/Jun/2026:14:20:07 +0200] "GET /wp-content/plugins/elementor/assets/lib/font-awesome/css/brands.css?ver=5.15.3 HTTP/1.1" 200 298 "https://reggio-emilia.elettroservicegroup.it/" "AdsBot-Google (+http://www.google.com/adsbot.html)"
74.125.151.200 - - [15/Jun/2026:14:20:07 +0200] "GET /wp-content/plugins/gp-premium/menu-plus/functions/css/navigation-branding-flex.min.css?ver=2.5.5 HTTP/1.1" 200 542 "https://reggio-emilia.elettroservicegroup.it/" "AdsBot-Google (+http://www.google.com/adsbot.html)"
74.125.151.199 - - [15/Jun/2026:14:20:08 +0200] "GET /wp-content/plugins/elementor/assets/css/widget-spacer.min.css?ver=4.1.3 HTTP/1.1" 200 287 "https://reggio-emilia.elettroservicegroup.it/" "AdsBot-Google (+http://www.google.com/adsbot.html)"
74.125.151.199 - - [15/Jun/2026:14:20:08 +0200] "GET /wp-content/uploads/elementor/google-fonts/css/roboto.css?ver=1742255001 HTTP/1.1" 200 1890 "https://reggio-emilia.elettroservicegroup.it/" "AdsBot-Google (+http://www.google.com/adsbot.html)"
74.125.151.199 - - [15/Jun/2026:14:20:09 +0200] "GET /wp-content/themes/generatepress/assets/css/main.min.css?ver=3.6.1 HTTP/1.1" 200 4410 "https://reggio-emilia.elettroservicegroup.it/" "AdsBot-Google (+http://www.google.com/adsbot.html)"
74.125.151.200 - - [15/Jun/2026:14:20:09 +0200] "GET /wp-content/plugins/elementor/assets/lib/font-awesome/css/solid.css?ver=5.15.3 HTTP/1.1" 200 299 "https://reggio-emilia.elettroservicegroup.it/" "AdsBot-Google (+http://www.google.com/adsbot.html)"
74.125.151.199 - - [15/Jun/2026:14:20:10 +0200] "GET /wp-content/plugins/elementor/assets/css/widget-image.min.css?ver=4.1.3 HTTP/1.1" 200 96 "https://reggio-emilia.elettroservicegroup.it/" "AdsBot-Google (+http://www.google.com/adsbot.html)"
74.125.151.199 - - [15/Jun/2026:14:20:10 +0200] "GET /wp-content/plugins/header-footer-elementor/assets/css/header-footer-elementor.css?ver=2.8.8 HTTP/1.1" 200 260 "https://reggio-emilia.elettroservicegroup.it/" "AdsBot-Google (+http://www.google.com/adsbot.html)"
74.125.151.199 - - [15/Jun/2026:14:20:10 +0200] "GET /wp-content/plugins/elementor/assets/lib/font-awesome/js/v4-shims.min.js?ver=4.1.3 HTTP/1.1" 200 4043 "https://reggio-emilia.elettroservicegroup.it/" "AdsBot-Google (+http://www.google.com/adsbot.html)"
74.125.151.199 - - [15/Jun/2026:14:20:11 +0200] "GET /wp-content/plugins/elementor/assets/css/widget-icon-list.min.css?ver=3.24.3 HTTP/1.1" 200 928 "https://reggio-emilia.elettroservicegroup.it/" "AdsBot-Google (+http://www.google.com/adsbot.html)"
74.125.151.199 - - [15/Jun/2026:14:20:11 +0200] "GET /wp-content/plugins/elementor/assets/lib/font-awesome/css/v4-shims.min.css?ver=4.1.3 HTTP/1.1" 200 3986 "https://reggio-emilia.elettroservicegroup.it/" "AdsBot-Google (+http://www.google.com/adsbot.html)"
74.125.151.199 - - [15/Jun/2026:14:20:12 +0200] "GET /wp-includes/js/jquery/jquery.min.js?ver=3.7.1 HTTP/1.1" 200 29769 "https://reggio-emilia.elettroservicegroup.it/" "AdsBot-Google (+http://www.google.com/adsbot.html)"
74.125.151.199 - - [15/Jun/2026:14:20:12 +0200] "GET /wp-content/plugins/elementor/assets/css/frontend.min.css?ver=4.1.3 HTTP/1.1" 200 6618 "https://reggio-emilia.elettroservicegroup.it/" "AdsBot-Google (+http://www.google.com/adsbot.html)"
74.125.151.199 - - [15/Jun/2026:14:20:13 +0200] "GET /wp-content/plugins/elementor/assets/css/widget-social-icons.min.css?ver=3.24.0 HTTP/1.1" 200 1039 "https://reggio-emilia.elettroservicegroup.it/" "AdsBot-Google (+http://www.google.com/adsbot.html)"
74.125.151.199 - - [15/Jun/2026:14:20:13 +0200] "GET /wp-content/plugins/header-footer-elementor/inc/widgets-css/frontend.css?ver=2.8.8 HTTP/1.1" 200 8711 "https://reggio-emilia.elettroservicegroup.it/" "AdsBot-Google (+http://www.google.com/adsbot.html)"
74.125.151.199 - - [15/Jun/2026:14:20:13 +0200] "GET /wp-content/plugins/elementor/assets/lib/animations/styles/bounceIn.min.css?ver=4.1.3 HTTP/1.1" 200 186 "https://reggio-emilia.elettroservicegroup.it/" "AdsBot-Google (+http://www.google.com/adsbot.html)"
74.125.151.199 - - [15/Jun/2026:14:20:14 +0200] "GET /wp-content/plugins/elementor/assets/lib/font-awesome/css/all.min.css?ver=4.1.3 HTTP/1.1" 200 12402 "https://reggio-emilia.elettroservicegroup.it/" "AdsBot-Google (+http://www.google.com/adsbot.html)"
74.125.151.199 - - [15/Jun/2026:14:20:14 +0200] "GET /wp-content/plugins/elementor/assets/js/frontend-modules.min.js?ver=4.1.3 HTTP/1.1" 200 15454 "https://reggio-emilia.elettroservicegroup.it/" "AdsBot-Google (+http://www.google.com/adsbot.html)"
74.125.151.199 - - [15/Jun/2026:14:20:15 +0200] "GET /wp-includes/js/jquery/ui/core.min.js?ver=1.13.3 HTTP/1.1" 200 6820 "https://reggio-emilia.elettroservicegroup.it/" "AdsBot-Google (+http://www.google.com/adsbot.html)"
74.125.151.199 - - [15/Jun/2026:14:20:16 +0200] "GET /wp-content/plugins/all-in-one-seo-pack/dist/Lite/assets/css/table-of-contents/global.e90f6d47.css?ver=4.9.8 HTTP/1.1" 200 420 "https://reggio-emilia.elettroservicegroup.it/assistenza-siemens-correggio/" "AdsBot-Google (+http://www.google.com/adsbot.html)"
74.125.151.199 - - [15/Jun/2026:14:20:16 +0200] "GET /wp-content/plugins/elementor/assets/lib/font-awesome/css/fontawesome.css?ver=5.15.3 HTTP/1.1" 200 12535 "https://reggio-emilia.elettroservicegroup.it/assistenza-siemens-correggio/" "AdsBot-Google (+http://www.google.com/adsbot.html)"
74.125.151.199 - - [15/Jun/2026:14:20:17 +0200] "GET /wp-content/uploads/elementor/css/post-17829.css?ver=1781433164 HTTP/1.1" 200 2178 "https://reggio-emilia.elettroservicegroup.it/assistenza-siemens-correggio/" "AdsBot-Google (+http://www.google.com/adsbot.html)"
74.125.151.199 - - [15/Jun/2026:14:20:17 +0200] "GET /wp-content/uploads/elementor/css/post-14146.css?ver=1781410186 HTTP/1.1" 200 428 "https://reggio-emilia.elettroservicegroup.it/assistenza-siemens-correggio/" "AdsBot-Google (+http://www.google.com/adsbot.html)"
74.125.151.199 - - [15/Jun/2026:14:20:18 +0200] "GET /wp-content/plugins/elementor/assets/css/widget-heading.min.css?ver=4.1.3 HTTP/1.1" 200 127 "https://reggio-emilia.elettroservicegroup.it/assistenza-siemens-correggio/" "AdsBot-Google (+http://www.google.com/adsbot.html)"
74.125.151.199 - - [15/Jun/2026:14:20:18 +0200] "GET /wp-content/plugins/header-footer-elementor/inc/widgets-css/frontend.css?ver=2.8.8 HTTP/1.1" 200 8711 "https://reggio-emilia.elettroservicegroup.it/assistenza-siemens-correggio/" "AdsBot-Google (+http://www.google.com/adsbot.html)"
74.125.151.199 - - [15/Jun/2026:14:20:18 +0200] "GET /wp-includes/js/jquery/jquery.min.js?ver=3.7.1 HTTP/1.1" 200 29769 "https://reggio-emilia.elettroservicegroup.it/assistenza-siemens-correggio/" "AdsBot-Google (+http://www.google.com/adsbot.html)"
74.125.151.199 - - [15/Jun/2026:14:20:19 +0200] "GET /wp-content/plugins/elementor/assets/css/widget-icon-list.min.css?ver=3.24.3 HTTP/1.1" 200 928 "https://reggio-emilia.elettroservicegroup.it/assistenza-siemens-correggio/" "AdsBot-Google (+http://www.google.com/adsbot.html)"
74.125.151.199 - - [15/Jun/2026:14:20:19 +0200] "GET /wp-content/plugins/elementor/assets/lib/animations/styles/bounceIn.min.css?ver=4.1.3 HTTP/1.1" 200 186 "https://reggio-emilia.elettroservicegroup.it/assistenza-siemens-correggio/" "AdsBot-Google (+http://www.google.com/adsbot.html)"
74.125.151.199 - - [15/Jun/2026:14:20:19 +0200] "GET /wp-includes/js/jquery/jquery-migrate.min.js?ver=3.4.1 HTTP/1.1" 200 4685 "https://reggio-emilia.elettroservicegroup.it/assistenza-siemens-correggio/" "AdsBot-Google (+http://www.google.com/adsbot.html)"
74.125.151.199 - - [15/Jun/2026:14:20:20 +0200] "GET /wp-content/plugins/elementor/assets/lib/font-awesome/css/solid.css?ver=5.15.3 HTTP/1.1" 200 299 "https://reggio-emilia.elettroservicegroup.it/assistenza-siemens-correggio/" "AdsBot-Google (+http://www.google.com/adsbot.html)"
74.125.151.199 - - [15/Jun/2026:14:20:20 +0200] "GET /wp-content/uploads/elementor/css/post-14366.css?ver=1781410188 HTTP/1.1" 200 302 "https://reggio-emilia.elettroservicegroup.it/assistenza-siemens-correggio/" "AdsBot-Google (+http://www.google.com/adsbot.html)"
74.125.151.199 - - [15/Jun/2026:14:20:21 +0200] "GET /wp-content/plugins/elementor/assets/css/widget-spacer.min.css?ver=4.1.3 HTTP/1.1" 200 287 "https://reggio-emilia.elettroservicegroup.it/assistenza-siemens-correggio/" "AdsBot-Google (+http://www.google.com/adsbot.html)"
74.125.151.199 - - [15/Jun/2026:14:20:21 +0200] "GET /wp-content/uploads/elementor/google-fonts/css/roboto.css?ver=1742255001 HTTP/1.1" 200 1890 "https://reggio-emilia.elettroservicegroup.it/assistenza-siemens-correggio/" "AdsBot-Google (+http://www.google.com/adsbot.html)"
74.125.151.199 - - [15/Jun/2026:14:20:21 +0200] "GET /wp-content/plugins/gp-premium/menu-plus/functions/js/sticky.min.js?ver=2.5.5 HTTP/1.1" 200 2670 "https://reggio-emilia.elettroservicegroup.it/assistenza-siemens-correggio/" "AdsBot-Google (+http://www.google.com/adsbot.html)"
74.125.151.199 - - [15/Jun/2026:14:20:22 +0200] "GET /wp-content/plugins/header-footer-elementor/assets/css/header-footer-elementor.css?ver=2.8.8 HTTP/1.1" 200 260 "https://reggio-emilia.elettroservicegroup.it/assistenza-siemens-correggio/" "AdsBot-Google (+http://www.google.com/adsbot.html)"
74.125.151.201 - - [15/Jun/2026:14:20:22 +0200] "GET /wp-content/plugins/elementor/assets/lib/font-awesome/css/brands.css?ver=5.15.3 HTTP/1.1" 200 298 "https://reggio-emilia.elettroservicegroup.it/assistenza-siemens-correggio/" "AdsBot-Google (+http://www.google.com/adsbot.html)"
74.125.151.199 - - [15/Jun/2026:14:20:23 +0200] "GET /wp-content/plugins/complianz-gdpr-premium/assets/css/cookieblocker.min.css?ver=1780326507 HTTP/1.1" 200 615 "https://reggio-emilia.elettroservicegroup.it/assistenza-siemens-correggio/" "AdsBot-Google (+http://www.google.com/adsbot.html)"
74.125.151.200 - - [15/Jun/2026:14:20:23 +0200] "GET /wp-content/plugins/elementor/assets/lib/eicons/css/elementor-icons.min.css?ver=5.34.0 HTTP/1.1" 200 4115 "https://reggio-emilia.elettroservicegroup.it/assistenza-siemens-correggio/" "AdsBot-Google (+http://www.google.com/adsbot.html)"
74.125.151.201 - - [15/Jun/2026:14:20:25 +0200] "GET /wp-content/plugins/elementor/assets/lib/font-awesome/css/v4-shims.min.css?ver=4.1.3 HTTP/1.1" 200 3986 "https://reggio-emilia.elettroservicegroup.it/assistenza-siemens-correggio/" "AdsBot-Google (+http://www.google.com/adsbot.html)"
74.125.151.199 - - [15/Jun/2026:14:20:25 +0200] "GET /wp-content/plugins/elementor/assets/lib/animations/styles/zoomIn.min.css?ver=4.1.3 HTTP/1.1" 200 87 "https://reggio-emilia.elettroservicegroup.it/assistenza-siemens-correggio/" "AdsBot-Google (+http://www.google.com/adsbot.html)"
74.125.151.199 - - [15/Jun/2026:14:20:26 +0200] "GET /wp-content/plugins/elementor/assets/css/widget-social-icons.min.css?ver=3.24.0 HTTP/1.1" 200 1039 "https://reggio-emilia.elettroservicegroup.it/assistenza-siemens-correggio/" "AdsBot-Google (+http://www.google.com/adsbot.html)"
74.125.151.201 - - [15/Jun/2026:14:20:26 +0200] "GET /wp-content/plugins/elementor/assets/js/webpack.runtime.min.js?ver=4.1.3 HTTP/1.1" 200 2340 "https://reggio-emilia.elettroservicegroup.it/assistenza-siemens-correggio/" "AdsBot-Google (+http://www.google.com/adsbot.html)"
74.125.151.201 - - [15/Jun/2026:14:20:26 +0200] "GET /wp-content/plugins/elementor/assets/css/frontend.min.css?ver=4.1.3 HTTP/1.1" 200 6618 "https://reggio-emilia.elettroservicegroup.it/assistenza-siemens-correggio/" "AdsBot-Google (+http://www.google.com/adsbot.html)"
74.125.151.200 - - [15/Jun/2026:14:20:26 +0200] "GET /wp-content/plugins/elementor/assets/lib/font-awesome/css/all.min.css?ver=4.1.3 HTTP/1.1" 200 12402 "https://reggio-emilia.elettroservicegroup.it/assistenza-siemens-correggio/" "AdsBot-Google (+http://www.google.com/adsbot.html)"
74.125.151.200 - - [15/Jun/2026:14:20:27 +0200] "GET /wp-content/plugins/elementor/assets/css/widget-image.min.css?ver=4.1.3 HTTP/1.1" 200 96 "https://reggio-emilia.elettroservicegroup.it/assistenza-siemens-correggio/" "AdsBot-Google (+http://www.google.com/adsbot.html)"
74.125.151.199 - - [15/Jun/2026:14:20:27 +0200] "GET /wp-content/uploads/elementor/google-fonts/css/robotoslab.css?ver=1742255003 HTTP/1.1" 200 721 "https://reggio-emilia.elettroservicegroup.it/assistenza-siemens-correggio/" "AdsBot-Google (+http://www.google.com/adsbot.html)"
74.125.151.200 - - [15/Jun/2026:14:20:27 +0200] "GET /wp-content/plugins/elementor/assets/lib/font-awesome/js/v4-shims.min.js?ver=4.1.3 HTTP/1.1" 200 4043 "https://reggio-emilia.elettroservicegroup.it/assistenza-siemens-correggio/" "AdsBot-Google (+http://www.google.com/adsbot.html)"
74.125.151.200 - - [15/Jun/2026:14:20:27 +0200] "GET /wp-content/plugins/gp-premium/menu-plus/functions/css/navigation-branding-flex.min.css?ver=2.5.5 HTTP/1.1" 200 542 "https://reggio-emilia.elettroservicegroup.it/assistenza-siemens-correggio/" "AdsBot-Google (+http://www.google.com/adsbot.html)"
74.125.151.200 - - [15/Jun/2026:14:20:28 +0200] "GET /wp-content/themes/generatepress/assets/css/main.min.css?ver=3.6.1 HTTP/1.1" 200 4410 "https://reggio-emilia.elettroservicegroup.it/assistenza-siemens-correggio/" "AdsBot-Google (+http://www.google.com/adsbot.html)"
74.125.151.200 - - [15/Jun/2026:14:20:28 +0200] "GET /wp-content/plugins/elementor/assets/js/frontend.min.js?ver=4.1.3 HTTP/1.1" 200 10140 "https://reggio-emilia.elettroservicegroup.it/" "AdsBot-Google (+http://www.google.com/adsbot.html)"
74.125.151.200 - - [15/Jun/2026:14:20:28 +0200] "GET /wp-content/plugins/complianz-gdpr-premium/cookiebanner/js/complianz.min.js?ver=1780326507 HTTP/1.1" 200 10708 "https://reggio-emilia.elettroservicegroup.it/" "AdsBot-Google (+http://www.google.com/adsbot.html)"
74.125.151.201 - - [15/Jun/2026:14:20:29 +0200] "GET /wp-content/themes/generatepress/assets/js/menu.min.js?ver=3.6.1 HTTP/1.1" 200 1688 "https://reggio-emilia.elettroservicegroup.it/" "AdsBot-Google (+http://www.google.com/adsbot.html)"
74.125.151.199 - - [15/Jun/2026:14:20:29 +0200] "GET /wp-content/themes/generatepress/assets/js/back-to-top.min.js?ver=3.6.1 HTTP/1.1" 200 336 "https://reggio-emilia.elettroservicegroup.it/" "AdsBot-Google (+http://www.google.com/adsbot.html)"
74.125.151.199 - - [15/Jun/2026:14:20:29 +0200] "GET /wp-content/plugins/elementor/assets/js/frontend-modules.min.js?ver=4.1.3 HTTP/1.1" 200 15454 "https://reggio-emilia.elettroservicegroup.it/assistenza-siemens-correggio/" "AdsBot-Google (+http://www.google.com/adsbot.html)"
74.125.151.201 - - [15/Jun/2026:14:20:30 +0200] "GET /wp-includes/js/jquery/ui/core.min.js?ver=1.13.3 HTTP/1.1" 200 6820 "https://reggio-emilia.elettroservicegroup.it/assistenza-siemens-correggio/" "AdsBot-Google (+http://www.google.com/adsbot.html)"
74.125.151.201 - - [15/Jun/2026:14:20:30 +0200] "GET /wp-content/themes/generatepress/assets/js/menu.min.js?ver=3.6.1 HTTP/1.1" 200 1688 "https://reggio-emilia.elettroservicegroup.it/assistenza-siemens-correggio/" "AdsBot-Google (+http://www.google.com/adsbot.html)"
74.125.151.201 - - [15/Jun/2026:14:20:30 +0200] "GET /wp-content/themes/generatepress/assets/js/back-to-top.min.js?ver=3.6.1 HTTP/1.1" 200 336 "https://reggio-emilia.elettroservicegroup.it/assistenza-siemens-correggio/" "AdsBot-Google (+http://www.google.com/adsbot.html)"
74.125.151.200 - - [15/Jun/2026:14:20:31 +0200] "GET /wp-content/plugins/complianz-gdpr-premium/cookiebanner/js/complianz.min.js?ver=1780326507 HTTP/1.1" 200 10708 "https://reggio-emilia.elettroservicegroup.it/assistenza-siemens-correggio/" "AdsBot-Google (+http://www.google.com/adsbot.html)"
74.125.151.201 - - [15/Jun/2026:14:20:31 +0200] "GET /wp-content/plugins/elementor/assets/js/frontend.min.js?ver=4.1.3 HTTP/1.1" 200 10140 "https://reggio-emilia.elettroservicegroup.it/assistenza-siemens-correggio/" "AdsBot-Google (+http://www.google.com/adsbot.html)"
74.125.151.201 - - [15/Jun/2026:14:20:35 +0200] "GET /wp-content/uploads/elementor/google-fonts/fonts/roboto-kfo7cnqeu92fr1me7ksn66agldtyluama3yuba.woff2 HTTP/1.1" 304 - "https://reggio-emilia.elettroservicegroup.it/wp-content/uploads/elementor/google-fonts/css/roboto.css?ver=1742255001" "AdsBot-Google (+http://www.google.com/adsbot.html)"
74.125.151.201 - - [15/Jun/2026:14:20:40 +0200] "GET /wp-json/complianz/v1/banner?lang=it&locale=it_IT&token=lcps HTTP/1.1" 200 84 "https://reggio-emilia.elettroservicegroup.it/assistenza-siemens-correggio/" "AdsBot-Google (+http://www.google.com/adsbot.html)"
65.108.235.243 - - [15/Jun/2026:14:20:41 +0200] "POST /wp-cron.php?doing_wp_cron=1781526041.1984150409698486328125 HTTP/1.1" 200 1 "-" "WordPress/7.0; https://reggio-emilia.elettroservicegroup.it"
74.125.151.200 - - [15/Jun/2026:14:20:34 +0200] "GET /wp-json/complianz/v1/banner?lang=it&locale=it_IT&token=kofaq HTTP/1.1" 200 84 "https://reggio-emilia.elettroservicegroup.it/" "AdsBot-Google (+http://www.google.com/adsbot.html)"
74.125.151.201 - - [15/Jun/2026:14:20:41 +0200] "GET /wp-content/uploads/complianz/css/banner-1-optin.css?v=511 HTTP/1.1" 200 2622 "https://reggio-emilia.elettroservicegroup.it/assistenza-siemens-correggio/" "AdsBot-Google (+http://www.google.com/adsbot.html)"
74.125.151.200 - - [15/Jun/2026:14:20:41 +0200] "GET /wp-content/uploads/elementor/google-fonts/fonts/roboto-kfo7cnqeu92fr1me7ksn66agldtyluama3yuba.woff2 HTTP/1.1" 304 - "https://reggio-emilia.elettroservicegroup.it/wp-content/uploads/elementor/google-fonts/css/roboto.css?ver=1742255001" "AdsBot-Google (+http://www.google.com/adsbot.html)"
65.108.235.243 - - [15/Jun/2026:14:20:41 +0200] "GET /assistenza-lavastoviglie-guastalla/ HTTP/1.1" 200 23332 "-" "WP Fastest Cache Preload Bot"
74.125.151.200 - - [15/Jun/2026:14:20:41 +0200] "GET /wp-json/complianz/v1/cookie_data HTTP/1.1" 200 82 "https://reggio-emilia.elettroservicegroup.it/assistenza-siemens-correggio/" "AdsBot-Google (+http://www.google.com/adsbot.html)"
74.125.151.200 - - [15/Jun/2026:14:20:42 +0200] "GET /wp-json/complianz/v1/cookie_data HTTP/1.1" 200 82 "https://reggio-emilia.elettroservicegroup.it/" "AdsBot-Google (+http://www.google.com/adsbot.html)"
65.108.235.243 - - [15/Jun/2026:14:20:41 +0200] "GET /assistenza-lavastoviglie-correggio/ HTTP/1.1" 200 23331 "-" "WP Fastest Cache Preload Bot"
74.125.151.199 - - [15/Jun/2026:14:20:42 +0200] "GET /wp-content/uploads/complianz/css/banner-1-optin.css?v=511 HTTP/1.1" 200 2622 "https://reggio-emilia.elettroservicegroup.it/" "AdsBot-Google (+http://www.google.com/adsbot.html)"
65.108.235.243 - - [15/Jun/2026:14:20:42 +0200] "GET /assistenza-indesit-guastalla/ HTTP/1.1" 200 22837 "-" "WP Fastest Cache Preload Bot"
65.108.235.243 - - [15/Jun/2026:14:20:42 +0200] "GET /assistenza-lavastoviglie-reggio-emilia/ HTTP/1.1" 200 23269 "-" "WP Fastest Cache Preload Bot"
74.125.151.200 - - [15/Jun/2026:14:21:01 +0200] "GET /wp-content/plugins/elementor/assets/js/section-frontend-handlers.d85ab872da118940910d.bundle.min.js HTTP/1.1" 200 230 "https://reggio-emilia.elettroservicegroup.it/" "AdsBot-Google (+http://www.google.com/adsbot.html)"
74.125.151.201 - - [15/Jun/2026:14:21:01 +0200] "GET /wp-content/plugins/elementor/assets/js/shared-frontend-handlers.03caa53373b56d3bab67.bundle.min.js HTTP/1.1" 200 2515 "https://reggio-emilia.elettroservicegroup.it/" "AdsBot-Google (+http://www.google.com/adsbot.html)"
74.125.151.200 - - [15/Jun/2026:14:21:01 +0200] "GET /wp-content/plugins/elementor/assets/js/text-editor.45609661e409413f1cef.bundle.min.js HTTP/1.1" 200 592 "https://reggio-emilia.elettroservicegroup.it/" "AdsBot-Google (+http://www.google.com/adsbot.html)"
74.125.151.199 - - [15/Jun/2026:14:21:09 +0200] "GET /wp-content/plugins/elementor/assets/js/text-editor.45609661e409413f1cef.bundle.min.js HTTP/1.1" 200 592 "https://reggio-emilia.elettroservicegroup.it/assistenza-siemens-correggio/" "AdsBot-Google (+http://www.google.com/adsbot.html)"
74.125.151.200 - - [15/Jun/2026:14:21:09 +0200] "GET /wp-content/plugins/elementor/assets/js/shared-frontend-handlers.03caa53373b56d3bab67.bundle.min.js HTTP/1.1" 200 2515 "https://reggio-emilia.elettroservicegroup.it/assistenza-siemens-correggio/" "AdsBot-Google (+http://www.google.com/adsbot.html)"
74.125.151.200 - - [15/Jun/2026:14:21:09 +0200] "GET /wp-content/plugins/elementor/assets/js/section-frontend-handlers.d85ab872da118940910d.bundle.min.js HTTP/1.1" 200 230 "https://reggio-emilia.elettroservicegroup.it/assistenza-siemens-correggio/" "AdsBot-Google (+http://www.google.com/adsbot.html)"
74.125.151.200 - - [15/Jun/2026:14:24:31 +0200] "GET /wp-content/uploads/elementor/css/post-17756.css?ver=1781462066 HTTP/1.1" 200 2067 "https://reggio-emilia.elettroservicegroup.it/assistenza-lavastoviglie-smeg-reggio-emilia/" "AdsBot-Google (+http://www.google.com/adsbot.html)"
74.125.151.199 - - [15/Jun/2026:14:24:49 +0200] "GET /wp-content/uploads/elementor/css/post-15289.css?ver=1781421249 HTTP/1.1" 200 1794 "https://reggio-emilia.elettroservicegroup.it/assistenza-condizionatori-reggio-emilia/" "AdsBot-Google (+http://www.google.com/adsbot.html)"
65.108.235.243 - - [15/Jun/2026:14:24:52 +0200] "POST /wp-cron.php?doing_wp_cron=1781526292.3973169326782226562500 HTTP/1.1" 200 1 "-" "WordPress/7.0; https://reggio-emilia.elettroservicegroup.it"
74.125.151.200 - - [15/Jun/2026:14:24:49 +0200] "GET /wp-json/complianz/v1/banner?lang=it&locale=it_IT&token=lcps HTTP/1.1" 200 84 "https://reggio-emilia.elettroservicegroup.it/assistenza-condizionatori-reggio-emilia/" "AdsBot-Google (+http://www.google.com/adsbot.html)"
65.108.235.243 - - [15/Jun/2026:14:24:53 +0200] "GET /assistenza-indesit-correggio/ HTTP/1.1" 200 22837 "-" "WP Fastest Cache Preload Bot"
65.108.235.243 - - [15/Jun/2026:14:24:55 +0200] "GET /assistenza-indesit-reggio-emilia/ HTTP/1.1" 200 22827 "-" "WP Fastest Cache Preload Bot"
65.108.235.243 - - [15/Jun/2026:14:24:55 +0200] "GET /assistenza-candy-rubiera/ HTTP/1.1" 200 22845 "-" "WP Fastest Cache Preload Bot"
65.108.235.243 - - [15/Jun/2026:14:24:55 +0200] "GET /assistenza-candy-scandiano/ HTTP/1.1" 200 22858 "-" "WP Fastest Cache Preload Bot"
74.125.151.200 - - [15/Jun/2026:14:25:49 +0200] "GET /wp-content/plugins/elementor/assets/lib/font-awesome/css/fontawesome.css?ver=5.15.3 HTTP/1.1" 200 12535 "https://reggio-emilia.elettroservicegroup.it/assistenza-lavastoviglie-rubiera/" "AdsBot-Google (+http://www.google.com/adsbot.html)"
74.125.151.200 - - [15/Jun/2026:14:25:49 +0200] "GET /wp-content/plugins/all-in-one-seo-pack/dist/Lite/assets/css/table-of-contents/global.e90f6d47.css?ver=4.9.8 HTTP/1.1" 200 420 "https://reggio-emilia.elettroservicegroup.it/assistenza-lavastoviglie-rubiera/" "AdsBot-Google (+http://www.google.com/adsbot.html)"
74.125.151.201 - - [15/Jun/2026:14:25:50 +0200] "GET /wp-content/plugins/elementor/assets/css/widget-spacer.min.css?ver=4.1.3 HTTP/1.1" 200 287 "https://reggio-emilia.elettroservicegroup.it/assistenza-lavastoviglie-rubiera/" "AdsBot-Google (+http://www.google.com/adsbot.html)"
74.125.151.199 - - [15/Jun/2026:14:25:50 +0200] "GET /wp-content/plugins/elementor/assets/lib/font-awesome/css/v4-shims.min.css?ver=4.1.3 HTTP/1.1" 200 3986 "https://reggio-emilia.elettroservicegroup.it/assistenza-lavastoviglie-rubiera/" "AdsBot-Google (+http://www.google.com/adsbot.html)"
74.125.151.200 - - [15/Jun/2026:14:25:50 +0200] "GET /wp-content/plugins/elementor/assets/lib/font-awesome/css/all.min.css?ver=4.1.3 HTTP/1.1" 200 12402 "https://reggio-emilia.elettroservicegroup.it/assistenza-lavastoviglie-rubiera/" "AdsBot-Google (+http://www.google.com/adsbot.html)"
74.125.151.201 - - [15/Jun/2026:14:25:50 +0200] "GET /wp-includes/js/jquery/jquery-migrate.min.js?ver=3.4.1 HTTP/1.1" 200 4685 "https://reggio-emilia.elettroservicegroup.it/assistenza-lavastoviglie-rubiera/" "AdsBot-Google (+http://www.google.com/adsbot.html)"
74.125.151.199 - - [15/Jun/2026:14:25:50 +0200] "GET /wp-content/plugins/elementor/assets/css/widget-icon-list.min.css?ver=3.24.3 HTTP/1.1" 200 928 "https://reggio-emilia.elettroservicegroup.it/assistenza-lavastoviglie-rubiera/" "AdsBot-Google (+http://www.google.com/adsbot.html)"
74.125.151.200 - - [15/Jun/2026:14:25:51 +0200] "GET /wp-content/plugins/elementor/assets/lib/font-awesome/css/brands.css?ver=5.15.3 HTTP/1.1" 200 298 "https://reggio-emilia.elettroservicegroup.it/assistenza-lavastoviglie-rubiera/" "AdsBot-Google (+http://www.google.com/adsbot.html)"
74.125.151.199 - - [15/Jun/2026:14:25:51 +0200] "GET /wp-content/plugins/elementor/assets/css/widget-heading.min.css?ver=4.1.3 HTTP/1.1" 200 127 "https://reggio-emilia.elettroservicegroup.it/assistenza-lavastoviglie-rubiera/" "AdsBot-Google (+http://www.google.com/adsbot.html)"
74.125.151.201 - - [15/Jun/2026:14:25:51 +0200] "GET /wp-content/uploads/elementor/google-fonts/css/roboto.css?ver=1742255001 HTTP/1.1" 200 1890 "https://reggio-emilia.elettroservicegroup.it/assistenza-lavastoviglie-rubiera/" "AdsBot-Google (+http://www.google.com/adsbot.html)"
74.125.151.200 - - [15/Jun/2026:14:25:51 +0200] "GET /wp-content/plugins/elementor/assets/js/webpack.runtime.min.js?ver=4.1.3 HTTP/1.1" 200 2340 "https://reggio-emilia.elettroservicegroup.it/assistenza-lavastoviglie-rubiera/" "AdsBot-Google (+http://www.google.com/adsbot.html)"
74.125.151.200 - - [15/Jun/2026:14:25:52 +0200] "GET /wp-content/uploads/elementor/google-fonts/css/robotoslab.css?ver=1742255003 HTTP/1.1" 200 721 "https://reggio-emilia.elettroservicegroup.it/assistenza-lavastoviglie-rubiera/" "AdsBot-Google (+http://www.google.com/adsbot.html)"
74.125.151.201 - - [15/Jun/2026:14:25:52 +0200] "GET /wp-content/plugins/header-footer-elementor/inc/widgets-css/frontend.css?ver=2.8.8 HTTP/1.1" 200 8711 "https://reggio-emilia.elettroservicegroup.it/assistenza-lavastoviglie-rubiera/" "AdsBot-Google (+http://www.google.com/adsbot.html)"
74.125.151.199 - - [15/Jun/2026:14:25:52 +0200] "GET /wp-content/plugins/complianz-gdpr-premium/assets/css/cookieblocker.min.css?ver=1780326507 HTTP/1.1" 200 615 "https://reggio-emilia.elettroservicegroup.it/assistenza-lavastoviglie-rubiera/" "AdsBot-Google (+http://www.google.com/adsbot.html)"
74.125.151.201 - - [15/Jun/2026:14:25:53 +0200] "GET /wp-content/themes/generatepress/assets/css/main.min.css?ver=3.6.1 HTTP/1.1" 200 4410 "https://reggio-emilia.elettroservicegroup.it/assistenza-lavastoviglie-rubiera/" "AdsBot-Google (+http://www.google.com/adsbot.html)"
74.125.151.200 - - [15/Jun/2026:14:25:53 +0200] "GET /wp-content/plugins/elementor/assets/css/frontend.min.css?ver=4.1.3 HTTP/1.1" 200 6618 "https://reggio-emilia.elettroservicegroup.it/assistenza-lavastoviglie-rubiera/" "AdsBot-Google (+http://www.google.com/adsbot.html)"
74.125.151.199 - - [15/Jun/2026:14:25:53 +0200] "GET /wp-content/plugins/elementor/assets/lib/font-awesome/css/solid.css?ver=5.15.3 HTTP/1.1" 200 299 "https://reggio-emilia.elettroservicegroup.it/assistenza-lavastoviglie-rubiera/" "AdsBot-Google (+http://www.google.com/adsbot.html)"
74.125.151.199 - - [15/Jun/2026:14:25:54 +0200] "GET /wp-content/plugins/gp-premium/menu-plus/functions/js/sticky.min.js?ver=2.5.5 HTTP/1.1" 200 2670 "https://reggio-emilia.elettroservicegroup.it/assistenza-lavastoviglie-rubiera/" "AdsBot-Google (+http://www.google.com/adsbot.html)"
74.125.151.199 - - [15/Jun/2026:14:25:54 +0200] "GET /wp-content/plugins/elementor/assets/lib/font-awesome/js/v4-shims.min.js?ver=4.1.3 HTTP/1.1" 200 4043 "https://reggio-emilia.elettroservicegroup.it/assistenza-lavastoviglie-rubiera/" "AdsBot-Google (+http://www.google.com/adsbot.html)"
74.125.151.199 - - [15/Jun/2026:14:25:54 +0200] "GET /wp-content/plugins/elementor/assets/lib/animations/styles/zoomIn.min.css?ver=4.1.3 HTTP/1.1" 200 87 "https://reggio-emilia.elettroservicegroup.it/assistenza-lavastoviglie-rubiera/" "AdsBot-Google (+http://www.google.com/adsbot.html)"
74.125.151.200 - - [15/Jun/2026:14:25:54 +0200] "GET /wp-content/plugins/elementor/assets/css/widget-image.min.css?ver=4.1.3 HTTP/1.1" 200 96 "https://reggio-emilia.elettroservicegroup.it/assistenza-lavastoviglie-rubiera/" "AdsBot-Google (+http://www.google.com/adsbot.html)"
74.125.151.199 - - [15/Jun/2026:14:25:55 +0200] "GET /wp-content/uploads/elementor/css/post-14366.css?ver=1781410188 HTTP/1.1" 200 302 "https://reggio-emilia.elettroservicegroup.it/assistenza-lavastoviglie-rubiera/" "AdsBot-Google (+http://www.google.com/adsbot.html)"
74.125.151.200 - - [15/Jun/2026:14:25:55 +0200] "GET /wp-content/plugins/elementor/assets/lib/animations/styles/bounceIn.min.css?ver=4.1.3 HTTP/1.1" 200 186 "https://reggio-emilia.elettroservicegroup.it/assistenza-lavastoviglie-rubiera/" "AdsBot-Google (+http://www.google.com/adsbot.html)"
74.125.151.199 - - [15/Jun/2026:14:25:55 +0200] "GET /wp-content/plugins/gp-premium/menu-plus/functions/css/navigation-branding-flex.min.css?ver=2.5.5 HTTP/1.1" 200 542 "https://reggio-emilia.elettroservicegroup.it/assistenza-lavastoviglie-rubiera/" "AdsBot-Google (+http://www.google.com/adsbot.html)"
74.125.151.200 - - [15/Jun/2026:14:25:56 +0200] "GET /wp-content/plugins/elementor/assets/css/widget-social-icons.min.css?ver=3.24.0 HTTP/1.1" 200 1039 "https://reggio-emilia.elettroservicegroup.it/assistenza-lavastoviglie-rubiera/" "AdsBot-Google (+http://www.google.com/adsbot.html)"
74.125.151.199 - - [15/Jun/2026:14:25:56 +0200] "GET /wp-content/uploads/elementor/css/post-17724.css?ver=1781480613 HTTP/1.1" 200 2164 "https://reggio-emilia.elettroservicegroup.it/assistenza-lavastoviglie-rubiera/" "AdsBot-Google (+http://www.google.com/adsbot.html)"
74.125.151.199 - - [15/Jun/2026:14:25:56 +0200] "GET /wp-content/plugins/header-footer-elementor/assets/css/header-footer-elementor.css?ver=2.8.8 HTTP/1.1" 200 260 "https://reggio-emilia.elettroservicegroup.it/assistenza-lavastoviglie-rubiera/" "AdsBot-Google (+http://www.google.com/adsbot.html)"
74.125.151.200 - - [15/Jun/2026:14:25:56 +0200] "GET /wp-includes/js/jquery/jquery.min.js?ver=3.7.1 HTTP/1.1" 200 29769 "https://reggio-emilia.elettroservicegroup.it/assistenza-lavastoviglie-rubiera/" "AdsBot-Google (+http://www.google.com/adsbot.html)"
74.125.151.200 - - [15/Jun/2026:14:25:57 +0200] "GET /wp-content/uploads/elementor/css/post-14146.css?ver=1781410186 HTTP/1.1" 200 428 "https://reggio-emilia.elettroservicegroup.it/assistenza-lavastoviglie-rubiera/" "AdsBot-Google (+http://www.google.com/adsbot.html)"
74.125.151.199 - - [15/Jun/2026:14:25:57 +0200] "GET /wp-content/plugins/elementor/assets/lib/eicons/css/elementor-icons.min.css?ver=5.34.0 HTTP/1.1" 200 4115 "https://reggio-emilia.elettroservicegroup.it/assistenza-lavastoviglie-rubiera/" "AdsBot-Google (+http://www.google.com/adsbot.html)"
74.125.151.199 - - [15/Jun/2026:14:25:57 +0200] "GET /wp-content/plugins/elementor/assets/js/frontend-modules.min.js?ver=4.1.3 HTTP/1.1" 200 15454 "https://reggio-emilia.elettroservicegroup.it/assistenza-lavastoviglie-rubiera/" "AdsBot-Google (+http://www.google.com/adsbot.html)"
74.125.151.199 - - [15/Jun/2026:14:25:57 +0200] "GET /wp-includes/js/jquery/ui/core.min.js?ver=1.13.3 HTTP/1.1" 200 6820 "https://reggio-emilia.elettroservicegroup.it/assistenza-lavastoviglie-rubiera/" "AdsBot-Google (+http://www.google.com/adsbot.html)"
74.125.151.199 - - [15/Jun/2026:14:25:58 +0200] "GET /wp-content/themes/generatepress/assets/js/menu.min.js?ver=3.6.1 HTTP/1.1" 200 1688 "https://reggio-emilia.elettroservicegroup.it/assistenza-lavastoviglie-rubiera/" "AdsBot-Google (+http://www.google.com/adsbot.html)"
74.125.151.199 - - [15/Jun/2026:14:25:58 +0200] "GET /wp-content/plugins/complianz-gdpr-premium/cookiebanner/js/complianz.min.js?ver=1780326507 HTTP/1.1" 200 10708 "https://reggio-emilia.elettroservicegroup.it/assistenza-lavastoviglie-rubiera/" "AdsBot-Google (+http://www.google.com/adsbot.html)"
74.125.151.199 - - [15/Jun/2026:14:25:58 +0200] "GET /wp-content/plugins/elementor/assets/js/frontend.min.js?ver=4.1.3 HTTP/1.1" 200 10140 "https://reggio-emilia.elettroservicegroup.it/assistenza-lavastoviglie-rubiera/" "AdsBot-Google (+http://www.google.com/adsbot.html)"
74.125.151.199 - - [15/Jun/2026:14:25:59 +0200] "GET /wp-content/themes/generatepress/assets/js/back-to-top.min.js?ver=3.6.1 HTTP/1.1" 200 336 "https://reggio-emilia.elettroservicegroup.it/assistenza-lavastoviglie-rubiera/" "AdsBot-Google (+http://www.google.com/adsbot.html)"
74.125.151.199 - - [15/Jun/2026:14:25:59 +0200] "GET /wp-content/uploads/elementor/css/post-17696.css?ver=1781413812 HTTP/1.1" 200 2167 "https://reggio-emilia.elettroservicegroup.it/assistenza-ariston-reggio-emilia/" "AdsBot-Google (+http://www.google.com/adsbot.html)"
