74.7.244.51 - - [15/Jun/2026:18:38:41 +0200] "GET /robots.txt HTTP/2.0" 200 110 "-" "Mozilla/5.0 (Macintosh; Intel Mac OS X 10_15_7) AppleWebKit/537.36 (KHTML, like Gecko) Chrome/131.0.0.0 Safari/537.36; compatible; OAI-SearchBot/1.4; robots.txt; +https://openai.com/searchbot"
65.108.235.243 - - [15/Jun/2026:18:38:46 +0200] "GET /assistenza-whirlpool-santilario-denza/ HTTP/1.1" 200 23081 "-" "WP Fastest Cache Preload Bot"
65.108.235.243 - - [15/Jun/2026:18:38:47 +0200] "GET /assistenza-whirlpool-guastalla/ HTTP/1.1" 200 23047 "-" "WP Fastest Cache Preload Bot"
65.108.235.243 - - [15/Jun/2026:18:38:48 +0200] "GET /assistenza-whirlpool-correggio/ HTTP/1.1" 200 23075 "-" "WP Fastest Cache Preload Bot"
65.108.235.243 - - [15/Jun/2026:18:38:50 +0200] "GET /assistenza-whirlpool-reggio-emilia/ HTTP/1.1" 200 23033 "-" "WP Fastest Cache Preload Bot"
65.108.235.243 - - [15/Jun/2026:18:38:52 +0200] "POST /wp-json/complianz/v1/wsc-scan HTTP/1.1" 400 88 "-" "WordPress/7.0; https://reggio-emilia.elettroservicegroup.it"
65.108.235.243 - - [15/Jun/2026:18:42:47 +0200] "POST /wp-cron.php?doing_wp_cron=1781541767.1887550354003906250000 HTTP/1.1" 200 1 "-" "WordPress/7.0; https://reggio-emilia.elettroservicegroup.it"
74.7.227.19 - - [15/Jun/2026:18:42:44 +0200] "GET /sitemap.rss HTTP/2.0" 200 1465 "-" "Mozilla/5.0 AppleWebKit/537.36 (KHTML, like Gecko; compatible; GPTBot/1.4; +https://openai.com/gptbot)"
65.108.235.243 - - [15/Jun/2026:18:42:47 +0200] "GET /assistenza-smeg-rubiera/ HTTP/1.1" 200 22989 "-" "WP Fastest Cache Preload Bot"
65.108.235.243 - - [15/Jun/2026:18:42:48 +0200] "GET /assistenza-smeg-scandiano/ HTTP/1.1" 200 22994 "-" "WP Fastest Cache Preload Bot"
65.108.235.243 - - [15/Jun/2026:18:42:49 +0200] "GET /assistenza-smeg-santilario-denza/ HTTP/1.1" 200 23034 "-" "WP Fastest Cache Preload Bot"
65.108.235.243 - - [15/Jun/2026:18:42:49 +0200] "GET /assistenza-smeg-guastalla/ HTTP/1.1" 200 22992 "-" "WP Fastest Cache Preload Bot"
65.108.235.243 - - [15/Jun/2026:18:50:30 +0200] "POST /wp-cron.php?doing_wp_cron=1781542230.3509960174560546875000 HTTP/1.1" 200 1 "-" "WordPress/7.0; https://reggio-emilia.elettroservicegroup.it"
104.210.140.141 - - [15/Jun/2026:18:50:28 +0200] "GET /robots.txt HTTP/2.0" 200 110 "-" "Mozilla/5.0 (Macintosh; Intel Mac OS X 10_15_7) AppleWebKit/537.36 (KHTML, like Gecko) Chrome/131.0.0.0 Safari/537.36; compatible; OAI-SearchBot/1.0; +https://openai.com/searchbot"
65.108.235.243 - - [15/Jun/2026:18:50:31 +0200] "GET /assistenza-smeg-correggio/ HTTP/1.1" 200 22984 "-" "WP Fastest Cache Preload Bot"
65.108.235.243 - - [15/Jun/2026:18:50:33 +0200] "GET /assistenza-smeg-reggio-emilia/ HTTP/1.1" 200 22984 "-" "WP Fastest Cache Preload Bot"
65.108.235.243 - - [15/Jun/2026:18:50:34 +0200] "GET /assistenza-siemens-rubiera/ HTTP/1.1" 200 22908 "-" "WP Fastest Cache Preload Bot"
65.108.235.243 - - [15/Jun/2026:18:50:35 +0200] "GET /assistenza-siemens-scandiano/ HTTP/1.1" 200 22897 "-" "WP Fastest Cache Preload Bot"
65.108.235.243 - - [15/Jun/2026:18:59:22 +0200] "POST /wp-cron.php?doing_wp_cron=1781542762.1641089916229248046875 HTTP/1.1" 200 1 "-" "WordPress/7.0; https://reggio-emilia.elettroservicegroup.it"
134.19.179.171 - - [15/Jun/2026:18:59:20 +0200] "POST /xmlrpc.php HTTP/1.1" 404 79659 "https://reggio-emilia.elettroservicegroup.it" "Mozilla/5.0 (Windows NT 10.0; WOW64; rv:77.0) Gecko/20100101 Firefox/77.0"
65.111.12.126 - - [15/Jun/2026:18:59:23 +0200] "POST /xmlrpc.php HTTP/1.1" 403 52 "https://reggio-emilia.elettroservicegroup.it" "Mozilla/5.0 (Windows NT 10.0; rv:78.0) Gecko/20100101 Firefox/78.0"
65.108.235.243 - - [15/Jun/2026:18:59:22 +0200] "GET /assistenza-siemens-santilario-denza/ HTTP/1.1" 200 22966 "-" "WP Fastest Cache Preload Bot"
65.108.235.243 - - [15/Jun/2026:18:59:24 +0200] "GET /assistenza-siemens-guastalla/ HTTP/1.1" 200 22897 "-" "WP Fastest Cache Preload Bot"
65.111.12.126 - - [15/Jun/2026:18:59:24 +0200] "GET /wp-login.php HTTP/1.1" 200 11833 "https://reggio-emilia.elettroservicegroup.it" "Mozilla/5.0 (Windows NT 6.1; Win64; x64) AppleWebKit/537.36 (KHTML, like Gecko) Chrome/95.0.4638.69 Safari/537.36"
65.108.235.243 - - [15/Jun/2026:18:59:24 +0200] "GET /assistenza-siemens-correggio/ HTTP/1.1" 200 22897 "-" "WP Fastest Cache Preload Bot"
65.111.12.126 - - [15/Jun/2026:18:59:28 +0200] "POST /wp-login.php?wpe-login=true&hide_my_wp=1&hmwp_do=login&login=1 HTTP/1.1" 200 12266 "https://reggio-emilia.elettroservicegroup.it" "Mozilla/5.0 (Windows NT 6.1; Win64; x64) AppleWebKit/537.36 (KHTML, like Gecko) Chrome/95.0.4638.69 Safari/537.36"
65.108.235.243 - - [15/Jun/2026:18:59:27 +0200] "GET /assistenza-siemens-reggio-emilia/ HTTP/1.1" 200 22892 "-" "WP Fastest Cache Preload Bot"
57.131.13.108 - - [15/Jun/2026:19:06:30 +0200] "GET / HTTP/2.0" 200 11792 "-" "Mozilla/5.0 (Macintosh; Intel Mac OS X 10_15_7) AppleWebKit/537.36 (KHTML, like Gecko) Chrome/137.0.0.0 Safari/537.36"
65.108.235.243 - - [15/Jun/2026:19:06:37 +0200] "POST /wp-cron.php?doing_wp_cron=1781543196.9659640789031982421875 HTTP/1.1" 200 1 "-" "WordPress/7.0; https://reggio-emilia.elettroservicegroup.it"
57.131.13.153 - - [15/Jun/2026:19:06:30 +0200] "GET / HTTP/2.0" 301 1 "-" "Mozilla/5.0 (Macintosh; Intel Mac OS X 10_15_7) AppleWebKit/537.36 (KHTML, like Gecko) Chrome/131.0.0.0 Safari/537.36"
57.131.13.153 - - [15/Jun/2026:19:06:39 +0200] "GET / HTTP/2.0" 200 23322 "https://www.reggio-emilia.elettroservicegroup.it/" "Mozilla/5.0 (Macintosh; Intel Mac OS X 10_15_7) AppleWebKit/537.36 (KHTML, like Gecko) Chrome/131.0.0.0 Safari/537.36"
65.108.235.243 - - [15/Jun/2026:19:06:39 +0200] "GET /assistenza-rex-electrolux-rubiera/ HTTP/1.1" 200 23002 "-" "WP Fastest Cache Preload Bot"
65.108.235.243 - - [15/Jun/2026:19:06:40 +0200] "GET /assistenza-rex-electrolux-scandiano/ HTTP/1.1" 200 23000 "-" "WP Fastest Cache Preload Bot"
65.108.235.243 - - [15/Jun/2026:19:06:41 +0200] "GET /assistenza-rex-electrolux-santilario-denza/ HTTP/1.1" 200 23062 "-" "WP Fastest Cache Preload Bot"
65.108.235.243 - - [15/Jun/2026:19:06:43 +0200] "GET /assistenza-rex-electrolux-guastalla/ HTTP/1.1" 200 23003 "-" "WP Fastest Cache Preload Bot"
65.108.235.243 - - [15/Jun/2026:19:08:24 +0200] "POST /wp-cron.php?doing_wp_cron=1781543304.3817400932312011718750 HTTP/1.1" 200 1 "-" "WordPress/7.0; https://reggio-emilia.elettroservicegroup.it"
57.131.13.153 - - [15/Jun/2026:19:08:15 +0200] "GET /favicon.ico HTTP/2.0" 302 1 "-" "Mozilla/5.0 (Macintosh; Intel Mac OS X 10_15_7) AppleWebKit/537.36 (KHTML, like Gecko) Chrome/131.0.0.0 Safari/537.36"
57.131.13.153 - - [15/Jun/2026:19:08:27 +0200] "GET /wp-content/uploads/2021/10/cropped-cropped-cropped-cropped-logo_white_background-32x32.png HTTP/2.0" 200 1181 "https://www.reggio-emilia.elettroservicegroup.it/favicon.ico" "Mozilla/5.0 (Macintosh; Intel Mac OS X 10_15_7) AppleWebKit/537.36 (KHTML, like Gecko) Chrome/131.0.0.0 Safari/537.36"
57.131.13.108 - - [15/Jun/2026:19:13:41 +0200] "GET / HTTP/2.0" 200 11777 "-" "Mozilla/5.0 (Macintosh; Intel Mac OS X 10_15_7) AppleWebKit/537.36 (KHTML, like Gecko) Chrome/137.0.0.0 Safari/537.36"
57.131.13.108 - - [15/Jun/2026:19:13:42 +0200] "GET /z0f76a1d14fd21a8fb5fd0d03e0fdc3d3cedae52f?wsidchk=6909593&pdata=https%253A%252F%252Fwww.reggio-emilia.elettroservicegroup.it&id=7fa3b767c460b54a2be4d49030b349c7&ts=1781543621 HTTP/2.0" 302 272 "https://www.reggio-emilia.elettroservicegroup.it/" "Mozilla/5.0 (Macintosh; Intel Mac OS X 10_15_7) AppleWebKit/537.36 (KHTML, like Gecko) Chrome/137.0.0.0 Safari/537.36"
65.108.235.243 - - [15/Jun/2026:19:13:44 +0200] "POST /wp-cron.php?doing_wp_cron=1781543624.1354880332946777343750 HTTP/1.1" 200 1 "-" "WordPress/7.0; https://reggio-emilia.elettroservicegroup.it"
57.131.13.108 - - [15/Jun/2026:19:13:42 +0200] "GET / HTTP/2.0" 301 1 "https://www.reggio-emilia.elettroservicegroup.it/" "Mozilla/5.0 (Macintosh; Intel Mac OS X 10_15_7) AppleWebKit/537.36 (KHTML, like Gecko) Chrome/137.0.0.0 Safari/537.36"
65.108.235.243 - - [15/Jun/2026:19:13:44 +0200] "GET /assistenza-rex-electrolux-correggio/ HTTP/1.1" 200 23002 "-" "WP Fastest Cache Preload Bot"
65.108.235.243 - - [15/Jun/2026:19:13:45 +0200] "GET /assistenza-rex-electrolux-reggio-emilia/ HTTP/1.1" 200 23001 "-" "WP Fastest Cache Preload Bot"
57.131.13.108 - - [15/Jun/2026:19:13:46 +0200] "GET / HTTP/2.0" 301 1 "https://www.reggio-emilia.elettroservicegroup.it/" "Mozilla/5.0 (Macintosh; Intel Mac OS X 10_15_7) AppleWebKit/537.36 (KHTML, like Gecko) Chrome/137.0.0.0 Safari/537.36"
65.108.235.243 - - [15/Jun/2026:19:13:45 +0200] "GET /assistenza-miele-rubiera/ HTTP/1.1" 200 22923 "-" "WP Fastest Cache Preload Bot"
65.108.235.243 - - [15/Jun/2026:19:13:47 +0200] "GET /assistenza-miele-scandiano/ HTTP/1.1" 200 22914 "-" "WP Fastest Cache Preload Bot"
57.131.13.108 - - [15/Jun/2026:19:13:48 +0200] "GET / HTTP/2.0" 200 11869 "https://www.reggio-emilia.elettroservicegroup.it/" "Mozilla/5.0 (Macintosh; Intel Mac OS X 10_15_7) AppleWebKit/537.36 (KHTML, like Gecko) Chrome/137.0.0.0 Safari/537.36"
57.131.13.108 - - [15/Jun/2026:19:13:49 +0200] "GET /z0f76a1d14fd21a8fb5fd0d03e0fdc3d3cedae52f?wsidchk=10183579&pdata=https%253A%252F%252Freggio-emilia.elettroservicegroup.it&id=7fa3b767c460b54a2be4d49030b349c7&ts=1781543628 HTTP/2.0" 302 268 "https://reggio-emilia.elettroservicegroup.it/" "Mozilla/5.0 (Macintosh; Intel Mac OS X 10_15_7) AppleWebKit/537.36 (KHTML, like Gecko) Chrome/137.0.0.0 Safari/537.36"
57.131.13.108 - - [15/Jun/2026:19:13:50 +0200] "GET / HTTP/2.0" 200 23322 "https://reggio-emilia.elettroservicegroup.it/" "Mozilla/5.0 (Macintosh; Intel Mac OS X 10_15_7) AppleWebKit/537.36 (KHTML, like Gecko) Chrome/137.0.0.0 Safari/537.36"
57.131.13.108 - - [15/Jun/2026:19:13:50 +0200] "GET /wp-content/uploads/elementor/css/post-14366.css?ver=1781536291 HTTP/2.0" 200 302 "https://reggio-emilia.elettroservicegroup.it/" "Mozilla/5.0 (Macintosh; Intel Mac OS X 10_15_7) AppleWebKit/537.36 (KHTML, like Gecko) Chrome/137.0.0.0 Safari/537.36"
57.131.13.108 - - [15/Jun/2026:19:13:50 +0200] "GET /wp-content/cache/wpfc-minified/ky0w1tys/2roae.css HTTP/2.0" 200 418 "https://reggio-emilia.elettroservicegroup.it/" "Mozilla/5.0 (Macintosh; Intel Mac OS X 10_15_7) AppleWebKit/537.36 (KHTML, like Gecko) Chrome/137.0.0.0 Safari/537.36"
57.131.13.108 - - [15/Jun/2026:19:13:50 +0200] "GET /wp-content/uploads/elementor/css/post-14146.css?ver=1781536291 HTTP/2.0" 200 428 "https://reggio-emilia.elettroservicegroup.it/" "Mozilla/5.0 (Macintosh; Intel Mac OS X 10_15_7) AppleWebKit/537.36 (KHTML, like Gecko) Chrome/137.0.0.0 Safari/537.36"
57.131.13.108 - - [15/Jun/2026:19:13:50 +0200] "GET /wp-content/uploads/elementor/css/post-14227.css?ver=1781536291 HTTP/2.0" 200 2362 "https://reggio-emilia.elettroservicegroup.it/" "Mozilla/5.0 (Macintosh; Intel Mac OS X 10_15_7) AppleWebKit/537.36 (KHTML, like Gecko) Chrome/137.0.0.0 Safari/537.36"
57.131.13.108 - - [15/Jun/2026:19:13:50 +0200] "GET /wp-content/cache/wpfc-minified/m8ydgnxm/2roae.css HTTP/2.0" 200 4410 "https://reggio-emilia.elettroservicegroup.it/" "Mozilla/5.0 (Macintosh; Intel Mac OS X 10_15_7) AppleWebKit/537.36 (KHTML, like Gecko) Chrome/137.0.0.0 Safari/537.36"
57.131.13.108 - - [15/Jun/2026:19:13:50 +0200] "GET /wp-content/cache/wpfc-minified/8tnr6p1l/2roae.css HTTP/2.0" 200 2043 "https://reggio-emilia.elettroservicegroup.it/" "Mozilla/5.0 (Macintosh; Intel Mac OS X 10_15_7) AppleWebKit/537.36 (KHTML, like Gecko) Chrome/137.0.0.0 Safari/537.36"
57.131.13.108 - - [15/Jun/2026:19:13:50 +0200] "GET /wp-content/cache/wpfc-minified/kwp9n0f5/2roag.css HTTP/2.0" 200 7263 "https://reggio-emilia.elettroservicegroup.it/" "Mozilla/5.0 (Macintosh; Intel Mac OS X 10_15_7) AppleWebKit/537.36 (KHTML, like Gecko) Chrome/137.0.0.0 Safari/537.36"
57.131.13.108 - - [15/Jun/2026:19:13:50 +0200] "GET /wp-content/cache/wpfc-minified/l9m140dq/2roae.css HTTP/2.0" 200 7521 "https://reggio-emilia.elettroservicegroup.it/" "Mozilla/5.0 (Macintosh; Intel Mac OS X 10_15_7) AppleWebKit/537.36 (KHTML, like Gecko) Chrome/137.0.0.0 Safari/537.36"
57.131.13.108 - - [15/Jun/2026:19:13:50 +0200] "GET /wp-content/cache/wpfc-minified/kqcp3zx3/2roah.css HTTP/2.0" 200 16443 "https://reggio-emilia.elettroservicegroup.it/" "Mozilla/5.0 (Macintosh; Intel Mac OS X 10_15_7) AppleWebKit/537.36 (KHTML, like Gecko) Chrome/137.0.0.0 Safari/537.36"
57.131.13.108 - - [15/Jun/2026:19:13:50 +0200] "GET /wp-content/cache/wpfc-minified/g52dp1tu/2roae.css HTTP/2.0" 200 19034 "https://reggio-emilia.elettroservicegroup.it/" "Mozilla/5.0 (Macintosh; Intel Mac OS X 10_15_7) AppleWebKit/537.36 (KHTML, like Gecko) Chrome/137.0.0.0 Safari/537.36"
57.131.13.108 - - [15/Jun/2026:19:13:50 +0200] "GET /wp-content/uploads/2021/10/cropped-cropped-cropped-logo_white_background.png HTTP/2.0" 200 26788 "https://reggio-emilia.elettroservicegroup.it/" "Mozilla/5.0 (Macintosh; Intel Mac OS X 10_15_7) AppleWebKit/537.36 (KHTML, like Gecko) Chrome/137.0.0.0 Safari/537.36"
57.131.13.108 - - [15/Jun/2026:19:13:50 +0200] "GET /wp-content/uploads/2021/10/cropped-logo_white_background.png HTTP/2.0" 200 15855 "https://reggio-emilia.elettroservicegroup.it/" "Mozilla/5.0 (Macintosh; Intel Mac OS X 10_15_7) AppleWebKit/537.36 (KHTML, like Gecko) Chrome/137.0.0.0 Safari/537.36"
57.131.13.108 - - [15/Jun/2026:19:13:50 +0200] "GET /wp-content/plugins/gp-premium/menu-plus/functions/js/sticky.min.js?ver=2.5.5 HTTP/2.0" 200 2670 "https://reggio-emilia.elettroservicegroup.it/" "Mozilla/5.0 (Macintosh; Intel Mac OS X 10_15_7) AppleWebKit/537.36 (KHTML, like Gecko) Chrome/137.0.0.0 Safari/537.36"
57.131.13.108 - - [15/Jun/2026:19:13:50 +0200] "GET /wp-content/cache/wpfc-minified/6jxfx2dx/43zik.js HTTP/2.0" 200 37598 "https://reggio-emilia.elettroservicegroup.it/" "Mozilla/5.0 (Macintosh; Intel Mac OS X 10_15_7) AppleWebKit/537.36 (KHTML, like Gecko) Chrome/137.0.0.0 Safari/537.36"
57.131.13.108 - - [15/Jun/2026:19:13:50 +0200] "GET /wp-content/plugins/elementor/assets/js/webpack.runtime.min.js?ver=4.1.3 HTTP/2.0" 200 2340 "https://reggio-emilia.elettroservicegroup.it/" "Mozilla/5.0 (Macintosh; Intel Mac OS X 10_15_7) AppleWebKit/537.36 (KHTML, like Gecko) Chrome/137.0.0.0 Safari/537.36"
57.131.13.108 - - [15/Jun/2026:19:13:50 +0200] "GET /wp-content/plugins/elementor/assets/js/frontend-modules.min.js?ver=4.1.3 HTTP/2.0" 200 15454 "https://reggio-emilia.elettroservicegroup.it/" "Mozilla/5.0 (Macintosh; Intel Mac OS X 10_15_7) AppleWebKit/537.36 (KHTML, like Gecko) Chrome/137.0.0.0 Safari/537.36"
57.131.13.108 - - [15/Jun/2026:19:13:50 +0200] "GET /wp-includes/js/jquery/ui/core.min.js?ver=1.13.3 HTTP/2.0" 200 6820 "https://reggio-emilia.elettroservicegroup.it/" "Mozilla/5.0 (Macintosh; Intel Mac OS X 10_15_7) AppleWebKit/537.36 (KHTML, like Gecko) Chrome/137.0.0.0 Safari/537.36"
57.131.13.108 - - [15/Jun/2026:19:13:50 +0200] "GET /wp-content/plugins/elementor/assets/js/frontend.min.js?ver=4.1.3 HTTP/2.0" 200 10140 "https://reggio-emilia.elettroservicegroup.it/" "Mozilla/5.0 (Macintosh; Intel Mac OS X 10_15_7) AppleWebKit/537.36 (KHTML, like Gecko) Chrome/137.0.0.0 Safari/537.36"
57.131.13.108 - - [15/Jun/2026:19:13:50 +0200] "GET /wp-content/themes/generatepress/assets/js/menu.min.js?ver=3.6.1 HTTP/2.0" 200 1688 "https://reggio-emilia.elettroservicegroup.it/" "Mozilla/5.0 (Macintosh; Intel Mac OS X 10_15_7) AppleWebKit/537.36 (KHTML, like Gecko) Chrome/137.0.0.0 Safari/537.36"
57.131.13.108 - - [15/Jun/2026:19:13:50 +0200] "GET /wp-content/themes/generatepress/assets/js/back-to-top.min.js?ver=3.6.1 HTTP/2.0" 200 336 "https://reggio-emilia.elettroservicegroup.it/" "Mozilla/5.0 (Macintosh; Intel Mac OS X 10_15_7) AppleWebKit/537.36 (KHTML, like Gecko) Chrome/137.0.0.0 Safari/537.36"
57.131.13.108 - - [15/Jun/2026:19:13:50 +0200] "GET /wp-content/plugins/complianz-gdpr-premium/cookiebanner/js/complianz.min.js?ver=1781536286 HTTP/2.0" 200 10762 "https://reggio-emilia.elettroservicegroup.it/" "Mozilla/5.0 (Macintosh; Intel Mac OS X 10_15_7) AppleWebKit/537.36 (KHTML, like Gecko) Chrome/137.0.0.0 Safari/537.36"
57.131.13.108 - - [15/Jun/2026:19:13:52 +0200] "GET /wp-content/uploads/2021/10/HOME-COPERTINA.jpg HTTP/2.0" 200 63550 "https://reggio-emilia.elettroservicegroup.it/wp-content/uploads/elementor/css/post-14227.css?ver=1781536291" "Mozilla/5.0 (Macintosh; Intel Mac OS X 10_15_7) AppleWebKit/537.36 (KHTML, like Gecko) Chrome/137.0.0.0 Safari/537.36"
57.131.13.108 - - [15/Jun/2026:19:13:52 +0200] "GET /wp-content/uploads/2022/01/TECNICO-ELETTRODOMESTICI-1.jpg HTTP/2.0" 200 23089 "https://reggio-emilia.elettroservicegroup.it/" "Mozilla/5.0 (Macintosh; Intel Mac OS X 10_15_7) AppleWebKit/537.36 (KHTML, like Gecko) Chrome/137.0.0.0 Safari/537.36"
57.131.13.108 - - [15/Jun/2026:19:13:52 +0200] "GET /wp-content/uploads/2022/01/TECNICO-ELETTRODOMESTICI.jpg HTTP/2.0" 200 73506 "https://reggio-emilia.elettroservicegroup.it/wp-content/uploads/elementor/css/post-14227.css?ver=1781536291" "Mozilla/5.0 (Macintosh; Intel Mac OS X 10_15_7) AppleWebKit/537.36 (KHTML, like Gecko) Chrome/137.0.0.0 Safari/537.36"
57.131.13.108 - - [15/Jun/2026:19:13:52 +0200] "GET /wp-content/uploads/2022/01/copertina-Riparazione_Lavastoviglie-.jpg HTTP/2.0" 200 35425 "https://reggio-emilia.elettroservicegroup.it/" "Mozilla/5.0 (Macintosh; Intel Mac OS X 10_15_7) AppleWebKit/537.36 (KHTML, like Gecko) Chrome/137.0.0.0 Safari/537.36"
57.131.13.108 - - [15/Jun/2026:19:13:52 +0200] "GET /wp-content/uploads/2021/10/condizionatore-bonus-1024x683.jpg HTTP/2.0" 200 52525 "https://reggio-emilia.elettroservicegroup.it/" "Mozilla/5.0 (Macintosh; Intel Mac OS X 10_15_7) AppleWebKit/537.36 (KHTML, like Gecko) Chrome/137.0.0.0 Safari/537.36"
57.131.13.108 - - [15/Jun/2026:19:13:52 +0200] "GET /wp-content/uploads/2021/10/asko-e1634463631713-1024x675.jpg HTTP/2.0" 200 80013 "https://reggio-emilia.elettroservicegroup.it/" "Mozilla/5.0 (Macintosh; Intel Mac OS X 10_15_7) AppleWebKit/537.36 (KHTML, like Gecko) Chrome/137.0.0.0 Safari/537.36"
57.131.13.108 - - [15/Jun/2026:19:13:52 +0200] "GET /wp-content/uploads/elementor/google-fonts/fonts/roboto-kfo7cnqeu92fr1me7ksn66agldtyluama3yuba.woff2 HTTP/2.0" 200 40132 "https://reggio-emilia.elettroservicegroup.it/wp-content/cache/wpfc-minified/8tnr6p1l/2roae.css" "Mozilla/5.0 (Macintosh; Intel Mac OS X 10_15_7) AppleWebKit/537.36 (KHTML, like Gecko) Chrome/137.0.0.0 Safari/537.36"
57.131.13.108 - - [15/Jun/2026:19:13:52 +0200] "GET /wp-content/uploads/2022/01/LAVATRICE-2.webp HTTP/2.0" 200 48056 "https://reggio-emilia.elettroservicegroup.it/" "Mozilla/5.0 (Macintosh; Intel Mac OS X 10_15_7) AppleWebKit/537.36 (KHTML, like Gecko) Chrome/137.0.0.0 Safari/537.36"
57.131.13.108 - - [15/Jun/2026:19:13:52 +0200] "GET /wp-content/uploads/2021/10/Frigorifero-combinato-e1634459015932.jpg HTTP/2.0" 200 79096 "https://reggio-emilia.elettroservicegroup.it/" "Mozilla/5.0 (Macintosh; Intel Mac OS X 10_15_7) AppleWebKit/537.36 (KHTML, like Gecko) Chrome/137.0.0.0 Safari/537.36"
57.131.13.108 - - [15/Jun/2026:19:13:52 +0200] "GET /wp-content/uploads/2021/10/forno-c-1024x682.jpg HTTP/2.0" 200 77272 "https://reggio-emilia.elettroservicegroup.it/" "Mozilla/5.0 (Macintosh; Intel Mac OS X 10_15_7) AppleWebKit/537.36 (KHTML, like Gecko) Chrome/137.0.0.0 Safari/537.36"
57.131.13.108 - - [15/Jun/2026:19:13:52 +0200] "GET /wp-content/plugins/elementor/assets/js/section-frontend-handlers.d85ab872da118940910d.bundle.min.js HTTP/2.0" 200 230 "https://reggio-emilia.elettroservicegroup.it/" "Mozilla/5.0 (Macintosh; Intel Mac OS X 10_15_7) AppleWebKit/537.36 (KHTML, like Gecko) Chrome/137.0.0.0 Safari/537.36"
57.131.13.108 - - [15/Jun/2026:19:13:52 +0200] "GET /wp-content/plugins/elementor/assets/js/text-editor.45609661e409413f1cef.bundle.min.js HTTP/2.0" 200 592 "https://reggio-emilia.elettroservicegroup.it/" "Mozilla/5.0 (Macintosh; Intel Mac OS X 10_15_7) AppleWebKit/537.36 (KHTML, like Gecko) Chrome/137.0.0.0 Safari/537.36"
57.131.13.108 - - [15/Jun/2026:19:13:52 +0200] "GET /wp-content/plugins/elementor/assets/js/shared-frontend-handlers.03caa53373b56d3bab67.bundle.min.js HTTP/2.0" 200 2515 "https://reggio-emilia.elettroservicegroup.it/" "Mozilla/5.0 (Macintosh; Intel Mac OS X 10_15_7) AppleWebKit/537.36 (KHTML, like Gecko) Chrome/137.0.0.0 Safari/537.36"
57.131.13.108 - - [15/Jun/2026:19:13:52 +0200] "GET /wp-json/complianz/v1/banner?lang=it&locale=it_IT&token=nvjxi HTTP/2.0" 200 82 "https://reggio-emilia.elettroservicegroup.it/" "Mozilla/5.0 (Macintosh; Intel Mac OS X 10_15_7) AppleWebKit/537.36 (KHTML, like Gecko) Chrome/137.0.0.0 Safari/537.36"
57.131.13.108 - - [15/Jun/2026:19:13:53 +0200] "GET /wp-content/uploads/complianz/css/banner-1-optin.css?v=511 HTTP/2.0" 200 2862 "https://reggio-emilia.elettroservicegroup.it/" "Mozilla/5.0 (Macintosh; Intel Mac OS X 10_15_7) AppleWebKit/537.36 (KHTML, like Gecko) Chrome/137.0.0.0 Safari/537.36"
57.131.13.108 - - [15/Jun/2026:19:13:53 +0200] "GET /wp-json/complianz/v1/cookie_data HTTP/2.0" 200 82 "https://reggio-emilia.elettroservicegroup.it/" "Mozilla/5.0 (Macintosh; Intel Mac OS X 10_15_7) AppleWebKit/537.36 (KHTML, like Gecko) Chrome/137.0.0.0 Safari/537.36"
57.131.13.108 - - [15/Jun/2026:19:13:55 +0200] "GET /wp-content/uploads/2021/10/cropped-cropped-cropped-cropped-logo_white_background-32x32.png HTTP/2.0" 200 1181 "https://reggio-emilia.elettroservicegroup.it/" "Mozilla/5.0 (Macintosh; Intel Mac OS X 10_15_7) AppleWebKit/537.36 (KHTML, like Gecko) Chrome/137.0.0.0 Safari/537.36"
57.131.13.108 - - [15/Jun/2026:19:14:00 +0200] "POST /wp-json/complianz/v1/track HTTP/2.0" 200 - "https://reggio-emilia.elettroservicegroup.it/" "Mozilla/5.0 (Macintosh; Intel Mac OS X 10_15_7) AppleWebKit/537.36 (KHTML, like Gecko) Chrome/137.0.0.0 Safari/537.36"
65.108.235.243 - - [15/Jun/2026:19:23:03 +0200] "POST /wp-cron.php?doing_wp_cron=1781544183.3917748928070068359375 HTTP/1.1" 200 1 "-" "WordPress/7.0; https://reggio-emilia.elettroservicegroup.it"
101.57.112.149 - - [15/Jun/2026:19:23:00 +0200] "GET /assistenza-whirlpool-reggio-emilia/ HTTP/2.0" 200 23077 "https://www.google.com/" "Mozilla/5.0 (Linux; Android 10; K) AppleWebKit/537.36 (KHTML, like Gecko) Chrome/149.0.0.0 Mobile Safari/537.36"
101.57.112.149 - - [15/Jun/2026:19:23:03 +0200] "GET /wp-content/plugins/header-footer-elementor/assets/css/header-footer-elementor.css?ver=2.8.8 HTTP/2.0" 200 260 "https://reggio-emilia.elettroservicegroup.it/assistenza-whirlpool-reggio-emilia/" "Mozilla/5.0 (Linux; Android 10; K) AppleWebKit/537.36 (KHTML, like Gecko) Chrome/149.0.0.0 Mobile Safari/537.36"
101.57.112.149 - - [15/Jun/2026:19:23:03 +0200] "GET /wp-content/uploads/elementor/css/post-14146.css?ver=1781536291 HTTP/2.0" 200 428 "https://reggio-emilia.elettroservicegroup.it/assistenza-whirlpool-reggio-emilia/" "Mozilla/5.0 (Linux; Android 10; K) AppleWebKit/537.36 (KHTML, like Gecko) Chrome/149.0.0.0 Mobile Safari/537.36"
101.57.112.149 - - [15/Jun/2026:19:23:03 +0200] "GET /wp-content/plugins/elementor/assets/css/widget-spacer.min.css?ver=4.1.3 HTTP/2.0" 200 287 "https://reggio-emilia.elettroservicegroup.it/assistenza-whirlpool-reggio-emilia/" "Mozilla/5.0 (Linux; Android 10; K) AppleWebKit/537.36 (KHTML, like Gecko) Chrome/149.0.0.0 Mobile Safari/537.36"
101.57.112.149 - - [15/Jun/2026:19:23:03 +0200] "GET /wp-content/plugins/elementor/assets/css/widget-heading.min.css?ver=4.1.3 HTTP/2.0" 200 127 "https://reggio-emilia.elettroservicegroup.it/assistenza-whirlpool-reggio-emilia/" "Mozilla/5.0 (Linux; Android 10; K) AppleWebKit/537.36 (KHTML, like Gecko) Chrome/149.0.0.0 Mobile Safari/537.36"
101.57.112.149 - - [15/Jun/2026:19:23:03 +0200] "GET /wp-content/plugins/all-in-one-seo-pack/dist/Lite/assets/css/table-of-contents/global.e90f6d47.css?ver=4.9.8 HTTP/2.0" 200 420 "https://reggio-emilia.elettroservicegroup.it/assistenza-whirlpool-reggio-emilia/" "Mozilla/5.0 (Linux; Android 10; K) AppleWebKit/537.36 (KHTML, like Gecko) Chrome/149.0.0.0 Mobile Safari/537.36"
101.57.112.149 - - [15/Jun/2026:19:23:03 +0200] "GET /wp-content/plugins/complianz-gdpr-premium/assets/css/cookieblocker.min.css?ver=1781536286 HTTP/2.0" 200 615 "https://reggio-emilia.elettroservicegroup.it/assistenza-whirlpool-reggio-emilia/" "Mozilla/5.0 (Linux; Android 10; K) AppleWebKit/537.36 (KHTML, like Gecko) Chrome/149.0.0.0 Mobile Safari/537.36"
101.57.112.149 - - [15/Jun/2026:19:23:03 +0200] "GET /wp-content/plugins/elementor/assets/lib/font-awesome/css/v4-shims.min.css?ver=4.1.3 HTTP/2.0" 200 3986 "https://reggio-emilia.elettroservicegroup.it/assistenza-whirlpool-reggio-emilia/" "Mozilla/5.0 (Linux; Android 10; K) AppleWebKit/537.36 (KHTML, like Gecko) Chrome/149.0.0.0 Mobile Safari/537.36"
101.57.112.149 - - [15/Jun/2026:19:23:03 +0200] "GET /wp-content/plugins/elementor/assets/css/frontend.min.css?ver=4.1.3 HTTP/2.0" 200 6618 "https://reggio-emilia.elettroservicegroup.it/assistenza-whirlpool-reggio-emilia/" "Mozilla/5.0 (Linux; Android 10; K) AppleWebKit/537.36 (KHTML, like Gecko) Chrome/149.0.0.0 Mobile Safari/537.36"
101.57.112.149 - - [15/Jun/2026:19:23:03 +0200] "GET /wp-content/plugins/header-footer-elementor/inc/widgets-css/frontend.css?ver=2.8.8 HTTP/2.0" 200 8711 "https://reggio-emilia.elettroservicegroup.it/assistenza-whirlpool-reggio-emilia/" "Mozilla/5.0 (Linux; Android 10; K) AppleWebKit/537.36 (KHTML, like Gecko) Chrome/149.0.0.0 Mobile Safari/537.36"
101.57.112.149 - - [15/Jun/2026:19:23:03 +0200] "GET /wp-content/plugins/elementor/assets/lib/font-awesome/css/all.min.css?ver=4.1.3 HTTP/2.0" 200 12402 "https://reggio-emilia.elettroservicegroup.it/assistenza-whirlpool-reggio-emilia/" "Mozilla/5.0 (Linux; Android 10; K) AppleWebKit/537.36 (KHTML, like Gecko) Chrome/149.0.0.0 Mobile Safari/537.36"
101.57.112.149 - - [15/Jun/2026:19:23:03 +0200] "GET /wp-content/plugins/elementor/assets/lib/animations/styles/zoomIn.min.css?ver=4.1.3 HTTP/2.0" 200 87 "https://reggio-emilia.elettroservicegroup.it/assistenza-whirlpool-reggio-emilia/" "Mozilla/5.0 (Linux; Android 10; K) AppleWebKit/537.36 (KHTML, like Gecko) Chrome/149.0.0.0 Mobile Safari/537.36"
101.57.112.149 - - [15/Jun/2026:19:23:03 +0200] "GET /wp-content/plugins/elementor/assets/lib/animations/styles/bounceIn.min.css?ver=4.1.3 HTTP/2.0" 200 186 "https://reggio-emilia.elettroservicegroup.it/assistenza-whirlpool-reggio-emilia/" "Mozilla/5.0 (Linux; Android 10; K) AppleWebKit/537.36 (KHTML, like Gecko) Chrome/149.0.0.0 Mobile Safari/537.36"
101.57.112.149 - - [15/Jun/2026:19:23:03 +0200] "GET /wp-content/plugins/elementor/assets/css/widget-image.min.css?ver=4.1.3 HTTP/2.0" 200 96 "https://reggio-emilia.elettroservicegroup.it/assistenza-whirlpool-reggio-emilia/" "Mozilla/5.0 (Linux; Android 10; K) AppleWebKit/537.36 (KHTML, like Gecko) Chrome/149.0.0.0 Mobile Safari/537.36"
101.57.112.149 - - [15/Jun/2026:19:23:03 +0200] "GET /wp-content/uploads/elementor/css/post-14366.css?ver=1781536291 HTTP/2.0" 200 302 "https://reggio-emilia.elettroservicegroup.it/assistenza-whirlpool-reggio-emilia/" "Mozilla/5.0 (Linux; Android 10; K) AppleWebKit/537.36 (KHTML, like Gecko) Chrome/149.0.0.0 Mobile Safari/537.36"
101.57.112.149 - - [15/Jun/2026:19:23:03 +0200] "GET /wp-content/plugins/elementor/assets/css/widget-icon-list.min.css?ver=3.24.3 HTTP/2.0" 200 928 "https://reggio-emilia.elettroservicegroup.it/assistenza-whirlpool-reggio-emilia/" "Mozilla/5.0 (Linux; Android 10; K) AppleWebKit/537.36 (KHTML, like Gecko) Chrome/149.0.0.0 Mobile Safari/537.36"
101.57.112.149 - - [15/Jun/2026:19:23:03 +0200] "GET /wp-content/plugins/elementor/assets/css/widget-social-icons.min.css?ver=3.24.0 HTTP/2.0" 200 1039 "https://reggio-emilia.elettroservicegroup.it/assistenza-whirlpool-reggio-emilia/" "Mozilla/5.0 (Linux; Android 10; K) AppleWebKit/537.36 (KHTML, like Gecko) Chrome/149.0.0.0 Mobile Safari/537.36"
101.57.112.149 - - [15/Jun/2026:19:23:03 +0200] "GET /wp-content/uploads/elementor/css/post-17840.css?ver=1781541531 HTTP/2.0" 200 2168 "https://reggio-emilia.elettroservicegroup.it/assistenza-whirlpool-reggio-emilia/" "Mozilla/5.0 (Linux; Android 10; K) AppleWebKit/537.36 (KHTML, like Gecko) Chrome/149.0.0.0 Mobile Safari/537.36"
101.57.112.149 - - [15/Jun/2026:19:23:03 +0200] "GET /wp-content/plugins/elementor/assets/lib/eicons/css/elementor-icons.min.css?ver=5.34.0 HTTP/2.0" 200 4115 "https://reggio-emilia.elettroservicegroup.it/assistenza-whirlpool-reggio-emilia/" "Mozilla/5.0 (Linux; Android 10; K) AppleWebKit/537.36 (KHTML, like Gecko) Chrome/149.0.0.0 Mobile Safari/537.36"
101.57.112.149 - - [15/Jun/2026:19:23:03 +0200] "GET /wp-content/themes/generatepress/assets/css/main.min.css?ver=3.6.1 HTTP/2.0" 200 4410 "https://reggio-emilia.elettroservicegroup.it/assistenza-whirlpool-reggio-emilia/" "Mozilla/5.0 (Linux; Android 10; K) AppleWebKit/537.36 (KHTML, like Gecko) Chrome/149.0.0.0 Mobile Safari/537.36"
101.57.112.149 - - [15/Jun/2026:19:23:03 +0200] "GET /wp-content/plugins/elementor/assets/lib/font-awesome/css/brands.css?ver=5.15.3 HTTP/2.0" 200 298 "https://reggio-emilia.elettroservicegroup.it/assistenza-whirlpool-reggio-emilia/" "Mozilla/5.0 (Linux; Android 10; K) AppleWebKit/537.36 (KHTML, like Gecko) Chrome/149.0.0.0 Mobile Safari/537.36"
101.57.112.149 - - [15/Jun/2026:19:23:03 +0200] "GET /wp-content/plugins/elementor/assets/lib/font-awesome/css/solid.css?ver=5.15.3 HTTP/2.0" 200 299 "https://reggio-emilia.elettroservicegroup.it/assistenza-whirlpool-reggio-emilia/" "Mozilla/5.0 (Linux; Android 10; K) AppleWebKit/537.36 (KHTML, like Gecko) Chrome/149.0.0.0 Mobile Safari/537.36"
101.57.112.149 - - [15/Jun/2026:19:23:03 +0200] "GET /wp-content/plugins/gp-premium/menu-plus/functions/css/navigation-branding-flex.min.css?ver=2.5.5 HTTP/2.0" 200 542 "https://reggio-emilia.elettroservicegroup.it/assistenza-whirlpool-reggio-emilia/" "Mozilla/5.0 (Linux; Android 10; K) AppleWebKit/537.36 (KHTML, like Gecko) Chrome/149.0.0.0 Mobile Safari/537.36"
101.57.112.149 - - [15/Jun/2026:19:23:03 +0200] "GET /wp-content/plugins/elementor/assets/lib/font-awesome/js/v4-shims.min.js?ver=4.1.3 HTTP/2.0" 200 4043 "https://reggio-emilia.elettroservicegroup.it/assistenza-whirlpool-reggio-emilia/" "Mozilla/5.0 (Linux; Android 10; K) AppleWebKit/537.36 (KHTML, like Gecko) Chrome/149.0.0.0 Mobile Safari/537.36"
101.57.112.149 - - [15/Jun/2026:19:23:03 +0200] "GET /wp-content/uploads/elementor/google-fonts/css/roboto.css?ver=1742255001 HTTP/2.0" 200 1890 "https://reggio-emilia.elettroservicegroup.it/assistenza-whirlpool-reggio-emilia/" "Mozilla/5.0 (Linux; Android 10; K) AppleWebKit/537.36 (KHTML, like Gecko) Chrome/149.0.0.0 Mobile Safari/537.36"
101.57.112.149 - - [15/Jun/2026:19:23:03 +0200] "GET /wp-content/uploads/elementor/google-fonts/css/robotoslab.css?ver=1742255003 HTTP/2.0" 200 721 "https://reggio-emilia.elettroservicegroup.it/assistenza-whirlpool-reggio-emilia/" "Mozilla/5.0 (Linux; Android 10; K) AppleWebKit/537.36 (KHTML, like Gecko) Chrome/149.0.0.0 Mobile Safari/537.36"
101.57.112.149 - - [15/Jun/2026:19:23:03 +0200] "GET /wp-content/uploads/2021/10/cropped-cropped-cropped-logo_white_background.png HTTP/2.0" 200 26788 "https://reggio-emilia.elettroservicegroup.it/assistenza-whirlpool-reggio-emilia/" "Mozilla/5.0 (Linux; Android 10; K) AppleWebKit/537.36 (KHTML, like Gecko) Chrome/149.0.0.0 Mobile Safari/537.36"
101.57.112.149 - - [15/Jun/2026:19:23:03 +0200] "GET /wp-content/uploads/2021/10/cropped-logo_white_background.png HTTP/2.0" 200 15855 "https://reggio-emilia.elettroservicegroup.it/assistenza-whirlpool-reggio-emilia/" "Mozilla/5.0 (Linux; Android 10; K) AppleWebKit/537.36 (KHTML, like Gecko) Chrome/149.0.0.0 Mobile Safari/537.36"
101.57.112.149 - - [15/Jun/2026:19:23:03 +0200] "GET /wp-content/plugins/gp-premium/menu-plus/functions/js/sticky.min.js?ver=2.5.5 HTTP/2.0" 200 2670 "https://reggio-emilia.elettroservicegroup.it/assistenza-whirlpool-reggio-emilia/" "Mozilla/5.0 (Linux; Android 10; K) AppleWebKit/537.36 (KHTML, like Gecko) Chrome/149.0.0.0 Mobile Safari/537.36"
101.57.112.149 - - [15/Jun/2026:19:23:03 +0200] "GET /wp-includes/js/jquery/jquery-migrate.min.js?ver=3.4.1 HTTP/2.0" 200 4685 "https://reggio-emilia.elettroservicegroup.it/assistenza-whirlpool-reggio-emilia/" "Mozilla/5.0 (Linux; Android 10; K) AppleWebKit/537.36 (KHTML, like Gecko) Chrome/149.0.0.0 Mobile Safari/537.36"
101.57.112.149 - - [15/Jun/2026:19:23:03 +0200] "GET /wp-content/plugins/elementor/assets/lib/font-awesome/css/fontawesome.css?ver=5.15.3 HTTP/2.0" 200 12535 "https://reggio-emilia.elettroservicegroup.it/assistenza-whirlpool-reggio-emilia/" "Mozilla/5.0 (Linux; Android 10; K) AppleWebKit/537.36 (KHTML, like Gecko) Chrome/149.0.0.0 Mobile Safari/537.36"
101.57.112.149 - - [15/Jun/2026:19:23:03 +0200] "GET /wp-includes/js/jquery/jquery.min.js?ver=3.7.1 HTTP/2.0" 200 29769 "https://reggio-emilia.elettroservicegroup.it/assistenza-whirlpool-reggio-emilia/" "Mozilla/5.0 (Linux; Android 10; K) AppleWebKit/537.36 (KHTML, like Gecko) Chrome/149.0.0.0 Mobile Safari/537.36"
101.57.112.149 - - [15/Jun/2026:19:23:04 +0200] "GET /wp-content/plugins/elementor/assets/js/webpack.runtime.min.js?ver=4.1.3 HTTP/2.0" 200 2340 "https://reggio-emilia.elettroservicegroup.it/assistenza-whirlpool-reggio-emilia/" "Mozilla/5.0 (Linux; Android 10; K) AppleWebKit/537.36 (KHTML, like Gecko) Chrome/149.0.0.0 Mobile Safari/537.36"
101.57.112.149 - - [15/Jun/2026:19:23:04 +0200] "GET /wp-content/plugins/elementor/assets/js/frontend-modules.min.js?ver=4.1.3 HTTP/2.0" 200 15454 "https://reggio-emilia.elettroservicegroup.it/assistenza-whirlpool-reggio-emilia/" "Mozilla/5.0 (Linux; Android 10; K) AppleWebKit/537.36 (KHTML, like Gecko) Chrome/149.0.0.0 Mobile Safari/537.36"
101.57.112.149 - - [15/Jun/2026:19:23:04 +0200] "GET /wp-includes/js/jquery/ui/core.min.js?ver=1.13.3 HTTP/2.0" 200 6820 "https://reggio-emilia.elettroservicegroup.it/assistenza-whirlpool-reggio-emilia/" "Mozilla/5.0 (Linux; Android 10; K) AppleWebKit/537.36 (KHTML, like Gecko) Chrome/149.0.0.0 Mobile Safari/537.36"
101.57.112.149 - - [15/Jun/2026:19:23:04 +0200] "GET /wp-content/plugins/elementor/assets/js/frontend.min.js?ver=4.1.3 HTTP/2.0" 200 10140 "https://reggio-emilia.elettroservicegroup.it/assistenza-whirlpool-reggio-emilia/" "Mozilla/5.0 (Linux; Android 10; K) AppleWebKit/537.36 (KHTML, like Gecko) Chrome/149.0.0.0 Mobile Safari/537.36"
65.108.235.243 - - [15/Jun/2026:19:23:03 +0200] "GET /assistenza-miele-santilario-denza/ HTTP/1.1" 200 22981 "-" "WP Fastest Cache Preload Bot"
101.57.112.149 - - [15/Jun/2026:19:23:04 +0200] "GET /wp-content/themes/generatepress/assets/js/back-to-top.min.js?ver=3.6.1 HTTP/2.0" 200 336 "https://reggio-emilia.elettroservicegroup.it/assistenza-whirlpool-reggio-emilia/" "Mozilla/5.0 (Linux; Android 10; K) AppleWebKit/537.36 (KHTML, like Gecko) Chrome/149.0.0.0 Mobile Safari/537.36"
101.57.112.149 - - [15/Jun/2026:19:23:04 +0200] "GET /wp-content/themes/generatepress/assets/js/menu.min.js?ver=3.6.1 HTTP/2.0" 200 1688 "https://reggio-emilia.elettroservicegroup.it/assistenza-whirlpool-reggio-emilia/" "Mozilla/5.0 (Linux; Android 10; K) AppleWebKit/537.36 (KHTML, like Gecko) Chrome/149.0.0.0 Mobile Safari/537.36"
101.57.112.149 - - [15/Jun/2026:19:23:04 +0200] "GET /wp-content/plugins/complianz-gdpr-premium/cookiebanner/js/complianz.min.js?ver=1781536286 HTTP/2.0" 200 10762 "https://reggio-emilia.elettroservicegroup.it/assistenza-whirlpool-reggio-emilia/" "Mozilla/5.0 (Linux; Android 10; K) AppleWebKit/537.36 (KHTML, like Gecko) Chrome/149.0.0.0 Mobile Safari/537.36"
101.57.112.149 - - [15/Jun/2026:19:23:04 +0200] "GET /wp-content/uploads/elementor/google-fonts/fonts/roboto-kfo7cnqeu92fr1me7ksn66agldtyluama3yuba.woff2 HTTP/2.0" 200 40132 "https://reggio-emilia.elettroservicegroup.it/wp-content/uploads/elementor/google-fonts/css/roboto.css?ver=1742255001" "Mozilla/5.0 (Linux; Android 10; K) AppleWebKit/537.36 (KHTML, like Gecko) Chrome/149.0.0.0 Mobile Safari/537.36"
101.57.112.149 - - [15/Jun/2026:19:23:04 +0200] "GET /wp-content/uploads/2022/01/elettrodomestici.jpg HTTP/2.0" 200 10123 "https://reggio-emilia.elettroservicegroup.it/assistenza-whirlpool-reggio-emilia/" "Mozilla/5.0 (Linux; Android 10; K) AppleWebKit/537.36 (KHTML, like Gecko) Chrome/149.0.0.0 Mobile Safari/537.36"
101.57.112.149 - - [15/Jun/2026:19:23:04 +0200] "GET /wp-content/uploads/2021/10/TECNICO-ELETTRODOMESTICI-10.jpg HTTP/2.0" 200 23089 "https://reggio-emilia.elettroservicegroup.it/assistenza-whirlpool-reggio-emilia/" "Mozilla/5.0 (Linux; Android 10; K) AppleWebKit/537.36 (KHTML, like Gecko) Chrome/149.0.0.0 Mobile Safari/537.36"
65.108.235.243 - - [15/Jun/2026:19:23:04 +0200] "GET /assistenza-miele-guastalla/ HTTP/1.1" 200 22911 "-" "WP Fastest Cache Preload Bot"
101.57.112.149 - - [15/Jun/2026:19:23:05 +0200] "GET /wp-content/plugins/elementor/assets/js/section-frontend-handlers.d85ab872da118940910d.bundle.min.js HTTP/2.0" 200 230 "https://reggio-emilia.elettroservicegroup.it/assistenza-whirlpool-reggio-emilia/" "Mozilla/5.0 (Linux; Android 10; K) AppleWebKit/537.36 (KHTML, like Gecko) Chrome/149.0.0.0 Mobile Safari/537.36"
101.57.112.149 - - [15/Jun/2026:19:23:05 +0200] "GET /wp-content/plugins/elementor/assets/js/shared-frontend-handlers.03caa53373b56d3bab67.bundle.min.js HTTP/2.0" 200 2515 "https://reggio-emilia.elettroservicegroup.it/assistenza-whirlpool-reggio-emilia/" "Mozilla/5.0 (Linux; Android 10; K) AppleWebKit/537.36 (KHTML, like Gecko) Chrome/149.0.0.0 Mobile Safari/537.36"
101.57.112.149 - - [15/Jun/2026:19:23:05 +0200] "GET /wp-content/plugins/elementor/assets/js/text-editor.45609661e409413f1cef.bundle.min.js HTTP/2.0" 200 592 "https://reggio-emilia.elettroservicegroup.it/assistenza-whirlpool-reggio-emilia/" "Mozilla/5.0 (Linux; Android 10; K) AppleWebKit/537.36 (KHTML, like Gecko) Chrome/149.0.0.0 Mobile Safari/537.36"
101.57.112.149 - - [15/Jun/2026:19:23:05 +0200] "GET /wp-json/complianz/v1/banner?lang=it&locale=it_IT&token=gaqyy HTTP/2.0" 200 82 "https://reggio-emilia.elettroservicegroup.it/assistenza-whirlpool-reggio-emilia/" "Mozilla/5.0 (Linux; Android 10; K) AppleWebKit/537.36 (KHTML, like Gecko) Chrome/149.0.0.0 Mobile Safari/537.36"
101.57.112.149 - - [15/Jun/2026:19:23:05 +0200] "GET /wp-content/uploads/complianz/css/banner-1-optin.css?v=511 HTTP/2.0" 200 2862 "https://reggio-emilia.elettroservicegroup.it/assistenza-whirlpool-reggio-emilia/" "Mozilla/5.0 (Linux; Android 10; K) AppleWebKit/537.36 (KHTML, like Gecko) Chrome/149.0.0.0 Mobile Safari/537.36"
101.57.112.149 - - [15/Jun/2026:19:23:05 +0200] "GET /wp-json/complianz/v1/cookie_data HTTP/2.0" 200 82 "https://reggio-emilia.elettroservicegroup.it/assistenza-whirlpool-reggio-emilia/" "Mozilla/5.0 (Linux; Android 10; K) AppleWebKit/537.36 (KHTML, like Gecko) Chrome/149.0.0.0 Mobile Safari/537.36"
101.57.112.149 - - [15/Jun/2026:19:23:06 +0200] "GET /wp-content/uploads/2021/10/cropped-cropped-cropped-cropped-logo_white_background-192x192.png HTTP/2.0" 200 15729 "https://reggio-emilia.elettroservicegroup.it/assistenza-whirlpool-reggio-emilia/" "Mozilla/5.0 (Linux; Android 10; K) AppleWebKit/537.36 (KHTML, like Gecko) Chrome/149.0.0.0 Mobile Safari/537.36"
101.57.112.149 - - [15/Jun/2026:19:23:06 +0200] "GET /wp-content/uploads/2021/10/cropped-cropped-cropped-cropped-logo_white_background-180x180.png HTTP/2.0" 200 16527 "https://reggio-emilia.elettroservicegroup.it/assistenza-whirlpool-reggio-emilia/" "Mozilla/5.0 (Linux; Android 10; K) AppleWebKit/537.36 (KHTML, like Gecko) Chrome/149.0.0.0 Mobile Safari/537.36"
65.108.235.243 - - [15/Jun/2026:19:23:05 +0200] "GET /assistenza-miele-correggio/ HTTP/1.1" 200 22916 "-" "WP Fastest Cache Preload Bot"
65.108.235.243 - - [15/Jun/2026:19:23:06 +0200] "GET /assistenza-miele-reggio-emilia/ HTTP/1.1" 200 22912 "-" "WP Fastest Cache Preload Bot"
101.57.112.149 - - [15/Jun/2026:19:23:08 +0200] "POST /wp-json/complianz/v1/track HTTP/2.0" 200 20 "https://reggio-emilia.elettroservicegroup.it/assistenza-whirlpool-reggio-emilia/" "Mozilla/5.0 (Linux; Android 10; K) AppleWebKit/537.36 (KHTML, like Gecko) Chrome/149.0.0.0 Mobile Safari/537.36"
101.57.112.149 - - [15/Jun/2026:19:23:14 +0200] "GET /wp-content/uploads/2022/01/elettro7-300x120.jpg HTTP/2.0" 200 7731 "https://reggio-emilia.elettroservicegroup.it/assistenza-whirlpool-reggio-emilia/" "Mozilla/5.0 (Linux; Android 10; K) AppleWebKit/537.36 (KHTML, like Gecko) Chrome/149.0.0.0 Mobile Safari/537.36"
101.57.112.149 - - [15/Jun/2026:19:23:19 +0200] "GET /wp-content/uploads/2026/05/logo.png HTTP/2.0" 200 48185 "https://reggio-emilia.elettroservicegroup.it/assistenza-whirlpool-reggio-emilia/" "Mozilla/5.0 (Linux; Android 10; K) AppleWebKit/537.36 (KHTML, like Gecko) Chrome/149.0.0.0 Mobile Safari/537.36"
101.57.112.149 - - [15/Jun/2026:19:23:24 +0200] "GET /wp-content/uploads/2022/01/tecnico-elettro.jpg HTTP/2.0" 200 59916 "https://reggio-emilia.elettroservicegroup.it/assistenza-whirlpool-reggio-emilia/" "Mozilla/5.0 (Linux; Android 10; K) AppleWebKit/537.36 (KHTML, like Gecko) Chrome/149.0.0.0 Mobile Safari/537.36"
57.141.20.49 - - [15/Jun/2026:19:23:32 +0200] "GET /robots.txt HTTP/2.0" 200 205 "-" "facebookexternalhit/1.1 (+http://www.facebook.com/externalhit_uatext.php)"
101.57.112.149 - - [15/Jun/2026:19:23:39 +0200] "GET /wp-content/plugins/complianz-gdpr-premium/assets/images/placeholders/google-maps-minimal-1280x920.jpg HTTP/2.0" 200 55264 "https://reggio-emilia.elettroservicegroup.it/assistenza-whirlpool-reggio-emilia/" "Mozilla/5.0 (Linux; Android 10; K) AppleWebKit/537.36 (KHTML, like Gecko) Chrome/149.0.0.0 Mobile Safari/537.36"
65.108.235.243 - - [15/Jun/2026:19:23:51 +0200] "POST /wp-cron.php?doing_wp_cron=1781544231.0606870651245117187500 HTTP/1.1" 200 1 "-" "WordPress/7.0; https://reggio-emilia.elettroservicegroup.it"
101.57.112.149 - - [15/Jun/2026:19:23:50 +0200] "POST /wp-json/complianz/v1/track HTTP/2.0" 200 20 "https://reggio-emilia.elettroservicegroup.it/assistenza-whirlpool-reggio-emilia/" "Mozilla/5.0 (Linux; Android 10; K) AppleWebKit/537.36 (KHTML, like Gecko) Chrome/149.0.0.0 Mobile Safari/537.36"
57.131.13.153 - - [15/Jun/2026:19:26:18 +0200] "GET /wp-content/uploads/2021/10/cropped-cropped-cropped-cropped-logo_white_background-192x192.png HTTP/2.0" 200 15729 "-" "Mozilla/5.0 (Macintosh; Intel Mac OS X 10_15_7) AppleWebKit/537.36 (KHTML, like Gecko) Chrome/131.0.0.0 Safari/537.36"
57.131.13.153 - - [15/Jun/2026:19:26:19 +0200] "GET /wp-content/uploads/2021/10/cropped-logo_white_background.png HTTP/2.0" 200 15855 "-" "Mozilla/5.0 (Macintosh; Intel Mac OS X 10_15_7) AppleWebKit/537.36 (KHTML, like Gecko) Chrome/131.0.0.0 Safari/537.36"
65.108.235.243 - - [15/Jun/2026:19:26:20 +0200] "POST /wp-cron.php?doing_wp_cron=1781544380.0426309108734130859375 HTTP/1.1" 200 1 "-" "WordPress/7.0; https://reggio-emilia.elettroservicegroup.it"
57.131.13.108 - - [15/Jun/2026:19:26:18 +0200] "GET /z0f76a1d14fd21a8fb5fd0d03e0fdc3d3cedae52f?wsidchk=6909593&pdata=https%253A%252F%252Fwww.reggio-emilia.elettroservicegroup.it&id=7fa3b767c460b54a2be4d49030b349c7&ts=1781543621 HTTP/2.0" 301 1 "https://www.reggio-emilia.elettroservicegroup.it/" "Mozilla/5.0 (iPhone; CPU iPhone OS 13_0 like Mac OS X) AppleWebKit/605.1.15 (KHTML, like Gecko) Version/13.0 Mobile/15E148 Safari/604.1"
57.131.13.153 - - [15/Jun/2026:19:26:20 +0200] "GET /wp-content/uploads/2021/10/cropped-cropped-cropped-logo_white_background.png HTTP/2.0" 200 26788 "-" "Mozilla/5.0 (Macintosh; Intel Mac OS X 10_15_7) AppleWebKit/537.36 (KHTML, like Gecko) Chrome/131.0.0.0 Safari/537.36"
65.108.235.243 - - [15/Jun/2026:19:26:20 +0200] "GET /assistenza-lavatrici-rex-electrolux-rubiera/ HTTP/1.1" 200 22959 "-" "WP Fastest Cache Preload Bot"
65.108.235.243 - - [15/Jun/2026:19:26:20 +0200] "GET /assistenza-lavatrici-whirlpool-rubiera/ HTTP/1.1" 200 23093 "-" "WP Fastest Cache Preload Bot"
65.108.235.243 - - [15/Jun/2026:19:26:21 +0200] "GET /assistenza-lavatrici-whirlpool-scandiano/ HTTP/1.1" 200 23105 "-" "WP Fastest Cache Preload Bot"
65.108.235.243 - - [15/Jun/2026:19:26:22 +0200] "GET /assistenza-lavatrici-whirlpool-santilario-denza/ HTTP/1.1" 200 23170 "-" "WP Fastest Cache Preload Bot"
57.131.13.153 - - [15/Jun/2026:19:26:22 +0200] "GET /wp-content/uploads/2021/10/cropped-cropped-cropped-cropped-logo_white_background-180x180.png HTTP/2.0" 200 16527 "-" "Mozilla/5.0 (Macintosh; Intel Mac OS X 10_15_7) AppleWebKit/537.36 (KHTML, like Gecko) Chrome/131.0.0.0 Safari/537.36"
57.131.13.153 - - [15/Jun/2026:19:26:22 +0200] "GET /wp-content/uploads/2021/10/cropped-cropped-cropped-cropped-logo_white_background-32x32.png HTTP/2.0" 200 1181 "-" "Mozilla/5.0 (Macintosh; Intel Mac OS X 10_15_7) AppleWebKit/537.36 (KHTML, like Gecko) Chrome/131.0.0.0 Safari/537.36"
57.131.13.108 - - [15/Jun/2026:19:26:22 +0200] "GET /z0f76a1d14fd21a8fb5fd0d03e0fdc3d3cedae52f?wsidchk=6909593&pdata=https%253A%252F%252Fwww.reggio-emilia.elettroservicegroup.it&id=7fa3b767c460b54a2be4d49030b349c7&ts=1781543621 HTTP/2.0" 404 15857 "https://www.reggio-emilia.elettroservicegroup.it/z0f76a1d14fd21a8fb5fd0d03e0fdc3d3cedae52f?wsidchk=6909593&pdata=https%253A%252F%252Fwww.reggio-emilia.elettroservicegroup.it&id=7fa3b767c460b54a2be4d49030b349c7&ts=1781543621" "Mozilla/5.0 (iPhone; CPU iPhone OS 13_0 like Mac OS X) AppleWebKit/605.1.15 (KHTML, like Gecko) Version/13.0 Mobile/15E148 Safari/604.1"
65.108.235.243 - - [15/Jun/2026:19:29:23 +0200] "POST /wp-cron.php?doing_wp_cron=1781544563.2517828941345214843750 HTTP/1.1" 200 1 "-" "WordPress/7.0; https://reggio-emilia.elettroservicegroup.it"
57.131.13.153 - - [15/Jun/2026:19:29:21 +0200] "GET /favicon.ico HTTP/2.0" 302 1 "-" "Mozilla/5.0 (Macintosh; Intel Mac OS X 10_15_7) AppleWebKit/537.36 (KHTML, like Gecko) Chrome/131.0.0.0 Safari/537.36"
57.131.13.153 - - [15/Jun/2026:19:29:25 +0200] "GET /wp-content/uploads/2021/10/cropped-cropped-cropped-cropped-logo_white_background-32x32.png HTTP/2.0" 200 1181 "https://reggio-emilia.elettroservicegroup.it/favicon.ico" "Mozilla/5.0 (Macintosh; Intel Mac OS X 10_15_7) AppleWebKit/537.36 (KHTML, like Gecko) Chrome/131.0.0.0 Safari/537.36"
57.131.13.153 - - [15/Jun/2026:19:32:05 +0200] "GET / HTTP/2.0" 200 23322 "-" "Mozilla/5.0 (Macintosh; Intel Mac OS X 10_15_7) AppleWebKit/537.36 (KHTML, like Gecko) Chrome/131.0.0.0 Safari/537.36"
57.131.13.153 - - [15/Jun/2026:19:32:05 +0200] "GET /wp-content/cache/wpfc-minified/ky0w1tys/2roae.css HTTP/2.0" 200 418 "https://reggio-emilia.elettroservicegroup.it/" "Mozilla/5.0 (Macintosh; Intel Mac OS X 10_15_7) AppleWebKit/537.36 (KHTML, like Gecko) Chrome/131.0.0.0 Safari/537.36"
57.131.13.153 - - [15/Jun/2026:19:32:05 +0200] "GET /wp-content/uploads/elementor/css/post-14146.css?ver=1781536291 HTTP/2.0" 200 428 "https://reggio-emilia.elettroservicegroup.it/" "Mozilla/5.0 (Macintosh; Intel Mac OS X 10_15_7) AppleWebKit/537.36 (KHTML, like Gecko) Chrome/131.0.0.0 Safari/537.36"
57.131.13.153 - - [15/Jun/2026:19:32:05 +0200] "GET /wp-content/uploads/elementor/css/post-14227.css?ver=1781536291 HTTP/2.0" 200 2362 "https://reggio-emilia.elettroservicegroup.it/" "Mozilla/5.0 (Macintosh; Intel Mac OS X 10_15_7) AppleWebKit/537.36 (KHTML, like Gecko) Chrome/131.0.0.0 Safari/537.36"
57.131.13.153 - - [15/Jun/2026:19:32:05 +0200] "GET /wp-content/cache/wpfc-minified/l9m140dq/2roae.css HTTP/2.0" 200 7521 "https://reggio-emilia.elettroservicegroup.it/" "Mozilla/5.0 (Macintosh; Intel Mac OS X 10_15_7) AppleWebKit/537.36 (KHTML, like Gecko) Chrome/131.0.0.0 Safari/537.36"
57.131.13.153 - - [15/Jun/2026:19:32:05 +0200] "GET /wp-content/cache/wpfc-minified/kwp9n0f5/2roag.css HTTP/2.0" 200 7263 "https://reggio-emilia.elettroservicegroup.it/" "Mozilla/5.0 (Macintosh; Intel Mac OS X 10_15_7) AppleWebKit/537.36 (KHTML, like Gecko) Chrome/131.0.0.0 Safari/537.36"
57.131.13.153 - - [15/Jun/2026:19:32:05 +0200] "GET /wp-content/uploads/2021/10/cropped-cropped-cropped-logo_white_background.png HTTP/2.0" 200 26788 "https://reggio-emilia.elettroservicegroup.it/" "Mozilla/5.0 (Macintosh; Intel Mac OS X 10_15_7) AppleWebKit/537.36 (KHTML, like Gecko) Chrome/131.0.0.0 Safari/537.36"
57.131.13.153 - - [15/Jun/2026:19:32:05 +0200] "GET /wp-content/uploads/elementor/css/post-14366.css?ver=1781536291 HTTP/2.0" 200 302 "https://reggio-emilia.elettroservicegroup.it/" "Mozilla/5.0 (Macintosh; Intel Mac OS X 10_15_7) AppleWebKit/537.36 (KHTML, like Gecko) Chrome/131.0.0.0 Safari/537.36"
57.131.13.153 - - [15/Jun/2026:19:32:05 +0200] "GET /wp-content/cache/wpfc-minified/m8ydgnxm/2roae.css HTTP/2.0" 200 4410 "https://reggio-emilia.elettroservicegroup.it/" "Mozilla/5.0 (Macintosh; Intel Mac OS X 10_15_7) AppleWebKit/537.36 (KHTML, like Gecko) Chrome/131.0.0.0 Safari/537.36"
57.131.13.153 - - [15/Jun/2026:19:32:05 +0200] "GET /wp-content/cache/wpfc-minified/kqcp3zx3/2roah.css HTTP/2.0" 200 16443 "https://reggio-emilia.elettroservicegroup.it/" "Mozilla/5.0 (Macintosh; Intel Mac OS X 10_15_7) AppleWebKit/537.36 (KHTML, like Gecko) Chrome/131.0.0.0 Safari/537.36"
57.131.13.153 - - [15/Jun/2026:19:32:05 +0200] "GET /wp-content/cache/wpfc-minified/8tnr6p1l/2roae.css HTTP/2.0" 200 2043 "https://reggio-emilia.elettroservicegroup.it/" "Mozilla/5.0 (Macintosh; Intel Mac OS X 10_15_7) AppleWebKit/537.36 (KHTML, like Gecko) Chrome/131.0.0.0 Safari/537.36"
57.131.13.153 - - [15/Jun/2026:19:32:05 +0200] "GET /wp-content/cache/wpfc-minified/g52dp1tu/2roae.css HTTP/2.0" 200 19034 "https://reggio-emilia.elettroservicegroup.it/" "Mozilla/5.0 (Macintosh; Intel Mac OS X 10_15_7) AppleWebKit/537.36 (KHTML, like Gecko) Chrome/131.0.0.0 Safari/537.36"
57.131.13.153 - - [15/Jun/2026:19:32:05 +0200] "GET /wp-content/cache/wpfc-minified/6jxfx2dx/43zik.js HTTP/2.0" 200 37598 "https://reggio-emilia.elettroservicegroup.it/" "Mozilla/5.0 (Macintosh; Intel Mac OS X 10_15_7) AppleWebKit/537.36 (KHTML, like Gecko) Chrome/131.0.0.0 Safari/537.36"
57.131.13.153 - - [15/Jun/2026:19:32:05 +0200] "GET /wp-content/plugins/gp-premium/menu-plus/functions/js/sticky.min.js?ver=2.5.5 HTTP/2.0" 200 2670 "https://reggio-emilia.elettroservicegroup.it/" "Mozilla/5.0 (Macintosh; Intel Mac OS X 10_15_7) AppleWebKit/537.36 (KHTML, like Gecko) Chrome/131.0.0.0 Safari/537.36"
