140.245.125.67 - - [07/Jun/2026:14:54:12 +0200] "GET /wp-login.php HTTP/1.1" 200 11826 "-" "Mozilla/5.0 (X11; Linux x86_64) AppleWebKit/537.36 (KHTML, like Gecko) Chrome/90.0.4430.212 Safari/537.36"
140.245.125.67 - - [07/Jun/2026:14:54:12 +0200] "GET /wp-admin/ HTTP/1.1" 200 11875 "-" "Mozilla/5.0 (X11; Linux x86_64) AppleWebKit/537.36 (KHTML, like Gecko) Chrome/91.0.4472.124 Safari/537.36"
140.245.125.67 - - [07/Jun/2026:14:54:13 +0200] "GET / HTTP/1.1" 200 11916 "-" "Mozilla/5.0 (Windows NT 6.1; Win64; x64) AppleWebKit/537.36 (KHTML, like Gecko) Chrome/94.0.4606.71 Safari/537.36"
140.245.125.67 - - [07/Jun/2026:14:54:13 +0200] "GET /wp-admin/admin-ajax.php HTTP/1.1" 200 11808 "-" "Mozilla/5.0 (X11; Linux x86_64) AppleWebKit/537.36 (KHTML, like Gecko) Chrome/92.0.4515.131 Safari/537.36"
140.245.125.67 - - [07/Jun/2026:14:54:14 +0200] "POST /wp-login.php HTTP/1.1" 200 11815 "https://www.brescia.elettroservicegroup.it/wp-login.php" "Mozilla/5.0 (X11; Linux x86_64) AppleWebKit/537.36 (KHTML, like Gecko) Chrome/90.0.4430.212 Safari/537.36"
140.245.125.67 - - [07/Jun/2026:14:54:14 +0200] "GET /wp-admin/index.php HTTP/1.1" 200 11838 "https://www.brescia.elettroservicegroup.it/wp-login.php" "Mozilla/5.0 (Macintosh; Intel Mac OS X 10_15_7) AppleWebKit/605.1.15 (KHTML, like Gecko) Version/14.1 Safari/605.1.15"
140.245.125.67 - - [07/Jun/2026:14:54:15 +0200] "POST /wp-login.php HTTP/1.1" 200 11871 "https://www.brescia.elettroservicegroup.it/wp-login.php" "Mozilla/5.0 (Windows NT 6.1; Win64; x64) AppleWebKit/537.36 (KHTML, like Gecko) Chrome/90.0.4430.212 Safari/537.36"
140.245.125.67 - - [07/Jun/2026:14:54:15 +0200] "GET /wp-admin/index.php HTTP/1.1" 200 11829 "https://www.brescia.elettroservicegroup.it/wp-login.php" "Mozilla/5.0 (X11; Linux x86_64) AppleWebKit/537.36 (KHTML, like Gecko) Chrome/91.0.4472.124 Safari/537.36"
140.245.125.67 - - [07/Jun/2026:14:54:16 +0200] "POST /wp-login.php HTTP/1.1" 200 11794 "https://www.brescia.elettroservicegroup.it/wp-login.php" "Mozilla/5.0 (Macintosh; Intel Mac OS X 10_15_7) AppleWebKit/605.1.15 (KHTML, like Gecko) Version/14.1 Safari/605.1.15"
140.245.125.67 - - [07/Jun/2026:14:54:17 +0200] "GET /wp-admin/index.php HTTP/1.1" 200 11807 "https://www.brescia.elettroservicegroup.it/wp-login.php" "Mozilla/5.0 (X11; Linux x86_64) AppleWebKit/537.36 (KHTML, like Gecko) Chrome/90.0.4430.212 Safari/537.36"
140.245.125.67 - - [07/Jun/2026:14:54:17 +0200] "POST /wp-login.php HTTP/1.1" 200 11799 "https://www.brescia.elettroservicegroup.it/wp-login.php" "Mozilla/5.0 (Macintosh; Intel Mac OS X 10_15_7) AppleWebKit/605.1.15 (KHTML, like Gecko) Version/14.1.1 Safari/605.1.15"
140.245.125.67 - - [07/Jun/2026:14:54:18 +0200] "GET /wp-admin/index.php HTTP/1.1" 200 11849 "https://www.brescia.elettroservicegroup.it/wp-login.php" "Mozilla/5.0 (Windows NT 10.0; Win64; x64) AppleWebKit/605.1.15 (KHTML, like Gecko) Version/14.1.2 Safari/605.1.15"
140.245.125.67 - - [07/Jun/2026:14:54:18 +0200] "POST /wp-login.php HTTP/1.1" 200 11796 "https://www.brescia.elettroservicegroup.it/wp-login.php" "Mozilla/5.0 (Macintosh; Intel Mac OS X 10_15_7) AppleWebKit/537.36 (KHTML, like Gecko) Chrome/91.0.4472.124 Safari/537.36"
140.245.125.67 - - [07/Jun/2026:14:54:19 +0200] "GET /wp-admin/index.php HTTP/1.1" 200 11748 "https://www.brescia.elettroservicegroup.it/wp-login.php" "Mozilla/5.0 (Macintosh; Intel Mac OS X 10_15_7) AppleWebKit/537.36 (KHTML, like Gecko) Chrome/91.0.4472.124 Safari/537.36"
140.245.125.67 - - [07/Jun/2026:14:54:19 +0200] "POST /wp-login.php HTTP/1.1" 200 11696 "https://www.brescia.elettroservicegroup.it/wp-login.php" "Mozilla/5.0 (Windows NT 10.0; Win64; x64) AppleWebKit/537.36 (KHTML, like Gecko) Chrome/93.0.4577.63 Safari/537.36"
140.245.125.67 - - [07/Jun/2026:14:54:20 +0200] "GET /wp-admin/index.php HTTP/1.1" 200 11872 "https://www.brescia.elettroservicegroup.it/wp-login.php" "Mozilla/5.0 (Macintosh; Intel Mac OS X 10_15_7; rv:92.0) Gecko/20100101 Firefox/92.0"
140.245.125.67 - - [07/Jun/2026:14:54:20 +0200] "POST /wp-login.php HTTP/1.1" 200 11825 "https://www.brescia.elettroservicegroup.it/wp-login.php" "Mozilla/5.0 (Windows NT 6.1; Win64; x64) AppleWebKit/537.36 (KHTML, like Gecko) Chrome/92.0.4515.131 Safari/537.36"
140.245.125.67 - - [07/Jun/2026:14:54:21 +0200] "GET /wp-admin/index.php HTTP/1.1" 200 11763 "https://www.brescia.elettroservicegroup.it/wp-login.php" "Mozilla/5.0 (Macintosh; Intel Mac OS X 10_15_7) AppleWebKit/537.36 (KHTML, like Gecko) Chrome/91.0.4472.124 Safari/537.36"
140.245.125.67 - - [07/Jun/2026:14:54:22 +0200] "POST /wp-login.php HTTP/1.1" 200 11708 "https://www.brescia.elettroservicegroup.it/wp-login.php" "Mozilla/5.0 (X11; Linux x86_64; rv:92.0) Gecko/20100101 Firefox/92.0"
140.245.125.67 - - [07/Jun/2026:14:54:22 +0200] "GET /wp-admin/index.php HTTP/1.1" 200 11808 "https://www.brescia.elettroservicegroup.it/wp-login.php" "Mozilla/5.0 (X11; Linux x86_64; rv:90.0) Gecko/20100101 Firefox/90.0.1"
140.245.125.67 - - [07/Jun/2026:14:54:23 +0200] "POST /wp-login.php HTTP/1.1" 200 11791 "https://www.brescia.elettroservicegroup.it/wp-login.php" "Mozilla/5.0 (X11; Linux x86_64) AppleWebKit/537.36 (KHTML, like Gecko) Chrome/91.0.4472.124 Safari/537.36"
140.245.125.67 - - [07/Jun/2026:14:54:23 +0200] "GET /wp-admin/index.php HTTP/1.1" 200 11844 "https://www.brescia.elettroservicegroup.it/wp-login.php" "Mozilla/5.0 (Windows NT 6.1; Win64; x64; rv:89.0) Gecko/20100101 Firefox/89.0.2"
140.245.125.67 - - [07/Jun/2026:14:54:24 +0200] "POST /wp-login.php HTTP/1.1" 200 11840 "https://www.brescia.elettroservicegroup.it/wp-login.php" "Mozilla/5.0 (Windows NT 10.0; Win64; x64) AppleWebKit/605.1.15 (KHTML, like Gecko) Version/14.1.2 Safari/605.1.15"
140.245.125.67 - - [07/Jun/2026:14:54:24 +0200] "GET /wp-admin/index.php HTTP/1.1" 200 11823 "https://www.brescia.elettroservicegroup.it/wp-login.php" "Mozilla/5.0 (Macintosh; Intel Mac OS X 10_15_7) AppleWebKit/605.1.15 (KHTML, like Gecko) Version/14.0.3 Safari/605.1.15"
140.245.125.67 - - [07/Jun/2026:14:54:25 +0200] "POST /wp-login.php HTTP/1.1" 200 11755 "https://www.brescia.elettroservicegroup.it/wp-login.php" "Mozilla/5.0 (Windows NT 6.1; Win64; x64; rv:89.0) Gecko/20100101 Firefox/89.0.2"
140.245.125.67 - - [07/Jun/2026:14:54:26 +0200] "GET /wp-admin/index.php HTTP/1.1" 200 11844 "https://www.brescia.elettroservicegroup.it/wp-login.php" "Mozilla/5.0 (Macintosh; Intel Mac OS X 10_15_7) AppleWebKit/605.1.15 (KHTML, like Gecko) Version/15.0 Safari/605.1.15"
140.245.125.67 - - [07/Jun/2026:14:54:26 +0200] "POST /wp-login.php HTTP/1.1" 200 11865 "https://www.brescia.elettroservicegroup.it/wp-login.php" "Mozilla/5.0 (Macintosh; Intel Mac OS X 10_15_7) AppleWebKit/537.36 (KHTML, like Gecko) Chrome/93.0.4577.63 Safari/537.36"
140.245.125.67 - - [07/Jun/2026:14:54:27 +0200] "GET /wp-admin/index.php HTTP/1.1" 200 11807 "https://www.brescia.elettroservicegroup.it/wp-login.php" "Mozilla/5.0 (X11; Linux x86_64) AppleWebKit/537.36 (KHTML, like Gecko) Chrome/90.0.4430.212 Safari/537.36"
140.245.125.67 - - [07/Jun/2026:14:54:27 +0200] "POST /wp-login.php HTTP/1.1" 200 11761 "https://www.brescia.elettroservicegroup.it/wp-login.php" "Mozilla/5.0 (Windows NT 10.0; Win64; x64) AppleWebKit/537.36 (KHTML, like Gecko) Chrome/90.0.4430.212 Safari/537.36"
140.245.125.67 - - [07/Jun/2026:14:54:28 +0200] "GET /wp-admin/index.php HTTP/1.1" 200 11739 "https://www.brescia.elettroservicegroup.it/wp-login.php" "Mozilla/5.0 (Windows NT 6.1; Win64; x64) AppleWebKit/537.36 (KHTML, like Gecko) Chrome/94.0.4606.71 Safari/537.36"
140.245.125.67 - - [07/Jun/2026:14:54:28 +0200] "POST /wp-login.php HTTP/1.1" 200 11742 "https://www.brescia.elettroservicegroup.it/wp-login.php" "Mozilla/5.0 (X11; Linux x86_64) AppleWebKit/537.36 (KHTML, like Gecko) Chrome/93.0.4577.63 Safari/537.36"
140.245.125.67 - - [07/Jun/2026:14:54:29 +0200] "GET /wp-admin/index.php HTTP/1.1" 200 11801 "https://www.brescia.elettroservicegroup.it/wp-login.php" "Mozilla/5.0 (Macintosh; Intel Mac OS X 10_15_7; rv:93.0) Gecko/20100101 Firefox/93.0"
140.245.125.67 - - [07/Jun/2026:14:54:29 +0200] "POST /wp-login.php HTTP/1.1" 200 11840 "https://www.brescia.elettroservicegroup.it/wp-login.php" "Mozilla/5.0 (Windows NT 10.0; Win64; x64) AppleWebKit/605.1.15 (KHTML, like Gecko) Version/14.1.1 Safari/605.1.15"
140.245.125.67 - - [07/Jun/2026:14:54:30 +0200] "GET /wp-admin/index.php HTTP/1.1" 200 11771 "https://www.brescia.elettroservicegroup.it/wp-login.php" "Mozilla/5.0 (Windows NT 10.0; Win64; x64) AppleWebKit/605.1.15 (KHTML, like Gecko) Version/14.1.1 Safari/605.1.15"
140.245.125.67 - - [07/Jun/2026:14:54:31 +0200] "POST /wp-login.php HTTP/1.1" 200 11846 "https://www.brescia.elettroservicegroup.it/wp-login.php" "Mozilla/5.0 (Windows NT 6.1; Win64; x64) AppleWebKit/537.36 (KHTML, like Gecko) Chrome/94.0.4606.71 Safari/537.36"
140.245.125.67 - - [07/Jun/2026:14:54:31 +0200] "GET /wp-admin/index.php HTTP/1.1" 200 11799 "https://www.brescia.elettroservicegroup.it/wp-login.php" "Mozilla/5.0 (Windows NT 6.1; Win64; x64) AppleWebKit/537.36 (KHTML, like Gecko) Chrome/92.0.4515.131 Safari/537.36"
140.245.125.67 - - [07/Jun/2026:14:54:32 +0200] "POST /wp-login.php HTTP/1.1" 200 11791 "https://www.brescia.elettroservicegroup.it/wp-login.php" "Mozilla/5.0 (X11; Linux x86_64) AppleWebKit/537.36 (KHTML, like Gecko) Chrome/90.0.4430.212 Safari/537.36"
140.245.125.67 - - [07/Jun/2026:14:54:32 +0200] "GET /wp-admin/index.php HTTP/1.1" 200 11792 "https://www.brescia.elettroservicegroup.it/wp-login.php" "Mozilla/5.0 (Windows NT 10.0; Win64; x64) AppleWebKit/537.36 (KHTML, like Gecko) Chrome/91.0.4472.124 Safari/537.36"
140.245.125.67 - - [07/Jun/2026:14:54:33 +0200] "POST /wp-login.php HTTP/1.1" 200 11846 "https://www.brescia.elettroservicegroup.it/wp-login.php" "Mozilla/5.0 (X11; Linux x86_64) AppleWebKit/537.36 (KHTML, like Gecko) Chrome/92.0.4515.131 Safari/537.36"
140.245.125.67 - - [07/Jun/2026:14:54:33 +0200] "GET /wp-admin/index.php HTTP/1.1" 200 11828 "https://www.brescia.elettroservicegroup.it/wp-login.php" "Mozilla/5.0 (Windows NT 10.0; Win64; x64) AppleWebKit/605.1.15 (KHTML, like Gecko) Version/14.0.3 Safari/605.1.15"
140.245.125.67 - - [07/Jun/2026:14:54:34 +0200] "POST /wp-login.php HTTP/1.1" 200 11803 "https://www.brescia.elettroservicegroup.it/wp-login.php" "Mozilla/5.0 (Windows NT 10.0; Win64; x64) AppleWebKit/537.36 (KHTML, like Gecko) Chrome/91.0.4472.124 Safari/537.36"
140.245.125.67 - - [07/Jun/2026:14:54:34 +0200] "GET /wp-admin/index.php HTTP/1.1" 200 11789 "https://www.brescia.elettroservicegroup.it/wp-login.php" "Mozilla/5.0 (Windows NT 6.1; Win64; x64) AppleWebKit/537.36 (KHTML, like Gecko) Chrome/94.0.4606.71 Safari/537.36"
140.245.125.67 - - [07/Jun/2026:14:54:35 +0200] "POST /wp-login.php HTTP/1.1" 200 11836 "https://www.brescia.elettroservicegroup.it/wp-login.php" "Mozilla/5.0 (Windows NT 10.0; Win64; x64; rv:89.0) Gecko/20100101 Firefox/89.0.2"
140.245.125.67 - - [07/Jun/2026:14:54:36 +0200] "GET /wp-admin/index.php HTTP/1.1" 200 11758 "https://www.brescia.elettroservicegroup.it/wp-login.php" "Mozilla/5.0 (Windows NT 10.0; Win64; x64) AppleWebKit/537.36 (KHTML, like Gecko) Chrome/94.0.4606.71 Safari/537.36"
140.245.125.67 - - [07/Jun/2026:14:54:36 +0200] "POST /wp-login.php HTTP/1.1" 200 11801 "https://www.brescia.elettroservicegroup.it/wp-login.php" "Mozilla/5.0 (Windows NT 10.0; Win64; x64) AppleWebKit/605.1.15 (KHTML, like Gecko) Version/14.1.2 Safari/605.1.15"
140.245.125.67 - - [07/Jun/2026:14:54:37 +0200] "GET /wp-admin/index.php HTTP/1.1" 200 11739 "https://www.brescia.elettroservicegroup.it/wp-login.php" "Mozilla/5.0 (Windows NT 10.0; Win64; x64; rv:93.0) Gecko/20100101 Firefox/93.0"
140.245.125.67 - - [07/Jun/2026:14:54:37 +0200] "POST /wp-login.php HTTP/1.1" 200 11839 "https://www.brescia.elettroservicegroup.it/wp-login.php" "Mozilla/5.0 (X11; Linux x86_64) AppleWebKit/537.36 (KHTML, like Gecko) Chrome/93.0.4577.63 Safari/537.36"
140.245.125.67 - - [07/Jun/2026:14:54:38 +0200] "GET /wp-admin/index.php HTTP/1.1" 200 11864 "https://www.brescia.elettroservicegroup.it/wp-login.php" "Mozilla/5.0 (Macintosh; Intel Mac OS X 10_15_7) AppleWebKit/537.36 (KHTML, like Gecko) Chrome/90.0.4430.212 Safari/537.36"
140.245.125.67 - - [07/Jun/2026:14:54:38 +0200] "POST /wp-login.php HTTP/1.1" 200 11764 "https://www.brescia.elettroservicegroup.it/wp-login.php" "Mozilla/5.0 (X11; Linux x86_64) AppleWebKit/537.36 (KHTML, like Gecko) Chrome/93.0.4577.63 Safari/537.36"
140.245.125.67 - - [07/Jun/2026:14:54:39 +0200] "GET /wp-admin/index.php HTTP/1.1" 200 11803 "https://www.brescia.elettroservicegroup.it/wp-login.php" "Mozilla/5.0 (X11; Linux x86_64) AppleWebKit/537.36 (KHTML, like Gecko) Chrome/93.0.4577.63 Safari/537.36"
140.245.125.67 - - [07/Jun/2026:14:54:39 +0200] "POST /wp-login.php HTTP/1.1" 200 11690 "https://www.brescia.elettroservicegroup.it/wp-login.php" "Mozilla/5.0 (Macintosh; Intel Mac OS X 10_15_7) AppleWebKit/605.1.15 (KHTML, like Gecko) Version/14.0.3 Safari/605.1.15"
140.245.125.67 - - [07/Jun/2026:14:54:40 +0200] "GET /wp-admin/index.php HTTP/1.1" 200 11783 "https://www.brescia.elettroservicegroup.it/wp-login.php" "Mozilla/5.0 (Macintosh; Intel Mac OS X 10_15_7) AppleWebKit/605.1.15 (KHTML, like Gecko) Version/14.1.2 Safari/605.1.15"
140.245.125.67 - - [07/Jun/2026:14:54:41 +0200] "POST /wp-login.php HTTP/1.1" 200 11826 "https://www.brescia.elettroservicegroup.it/wp-login.php" "Mozilla/5.0 (Windows NT 10.0; Win64; x64) AppleWebKit/537.36 (KHTML, like Gecko) Chrome/94.0.4606.71 Safari/537.36"
140.245.125.67 - - [07/Jun/2026:14:54:41 +0200] "GET /wp-admin/index.php HTTP/1.1" 200 11838 "https://www.brescia.elettroservicegroup.it/wp-login.php" "Mozilla/5.0 (Macintosh; Intel Mac OS X 10_15_7) AppleWebKit/537.36 (KHTML, like Gecko) Chrome/93.0.4577.63 Safari/537.36"
140.245.125.67 - - [07/Jun/2026:14:54:42 +0200] "POST /wp-login.php HTTP/1.1" 200 11834 "https://www.brescia.elettroservicegroup.it/wp-login.php" "Mozilla/5.0 (Windows NT 10.0; Win64; x64) AppleWebKit/537.36 (KHTML, like Gecko) Chrome/90.0.4430.212 Safari/537.36"
140.245.125.67 - - [07/Jun/2026:14:54:42 +0200] "GET /wp-admin/index.php HTTP/1.1" 200 11843 "https://www.brescia.elettroservicegroup.it/wp-login.php" "Mozilla/5.0 (Windows NT 10.0; Win64; x64) AppleWebKit/537.36 (KHTML, like Gecko) Chrome/91.0.4472.124 Safari/537.36"
140.245.125.67 - - [07/Jun/2026:14:54:43 +0200] "POST /wp-login.php HTTP/1.1" 200 11790 "https://www.brescia.elettroservicegroup.it/wp-login.php" "Mozilla/5.0 (Macintosh; Intel Mac OS X 10_15_7) AppleWebKit/605.1.15 (KHTML, like Gecko) Version/14.1 Safari/605.1.15"
140.245.125.67 - - [07/Jun/2026:14:54:43 +0200] "GET /wp-admin/index.php HTTP/1.1" 200 11843 "https://www.brescia.elettroservicegroup.it/wp-login.php" "Mozilla/5.0 (Windows NT 6.1; Win64; x64) AppleWebKit/537.36 (KHTML, like Gecko) Chrome/93.0.4577.63 Safari/537.36"
140.245.125.67 - - [07/Jun/2026:14:54:44 +0200] "POST /wp-login.php HTTP/1.1" 200 11861 "https://www.brescia.elettroservicegroup.it/wp-login.php" "Mozilla/5.0 (Windows NT 6.1; Win64; x64; rv:91.0) Gecko/20100101 Firefox/91.0"
140.245.125.67 - - [07/Jun/2026:14:54:44 +0200] "GET /wp-admin/index.php HTTP/1.1" 200 11773 "https://www.brescia.elettroservicegroup.it/wp-login.php" "Mozilla/5.0 (Windows NT 6.1; Win64; x64; rv:93.0) Gecko/20100101 Firefox/93.0"
140.245.125.67 - - [07/Jun/2026:14:54:45 +0200] "POST /wp-login.php HTTP/1.1" 200 11766 "https://www.brescia.elettroservicegroup.it/wp-login.php" "Mozilla/5.0 (Macintosh; Intel Mac OS X 10_15_7) AppleWebKit/537.36 (KHTML, like Gecko) Chrome/90.0.4430.212 Safari/537.36"
140.245.125.67 - - [07/Jun/2026:14:54:46 +0200] "GET /wp-admin/index.php HTTP/1.1" 200 11813 "https://www.brescia.elettroservicegroup.it/wp-login.php" "Mozilla/5.0 (Macintosh; Intel Mac OS X 10_15_7) AppleWebKit/605.1.15 (KHTML, like Gecko) Version/14.0.3 Safari/605.1.15"
140.245.125.67 - - [07/Jun/2026:14:54:46 +0200] "POST /wp-login.php HTTP/1.1" 200 11816 "https://www.brescia.elettroservicegroup.it/wp-login.php" "Mozilla/5.0 (Macintosh; Intel Mac OS X 10_15_7) AppleWebKit/605.1.15 (KHTML, like Gecko) Version/14.1.1 Safari/605.1.15"
140.245.125.67 - - [07/Jun/2026:14:54:47 +0200] "GET /wp-admin/index.php HTTP/1.1" 200 11879 "https://www.brescia.elettroservicegroup.it/wp-login.php" "Mozilla/5.0 (Macintosh; Intel Mac OS X 10_15_7) AppleWebKit/537.36 (KHTML, like Gecko) Chrome/92.0.4515.131 Safari/537.36"
40.87.20.23 - - [07/Jun/2026:16:11:14 +0200] "POST / HTTP/1.1" 200 11836 "https://www.brescia.elettroservicegroup.it/" "Mozilla/5.0 (Windows NT 10.0; Win64; x64) AppleWebKit/537.36 (KHTML, like Gecko) Chrome/146.0.0.0 Safari/537.36"
65.108.235.243 - - [07/Jun/2026:17:51:07 +0200] "POST /wp-cron.php?doing_wp_cron=1780847467.1969230175018310546875 HTTP/1.1" 200 1 "-" "WordPress/7.0; https://brescia.elettroservicegroup.it"
104.210.140.134 - - [07/Jun/2026:17:51:05 +0200] "GET /robots.txt HTTP/2.0" 200 106 "-" "Mozilla/5.0 (Macintosh; Intel Mac OS X 10_15_7) AppleWebKit/537.36 (KHTML, like Gecko) Chrome/131.0.0.0 Safari/537.36; compatible; OAI-SearchBot/1.0; +https://openai.com/searchbot"
103.30.1.46 - - [07/Jun/2026:18:10:39 +0200] "GET / HTTP/1.1" 200 11816 "-" "Mozilla/5.0 (Fedora; Linux i686) AppleWebKit/537.36 (KHTML, like Gecko) Chrome/130.0.0.0 Safari/537.36"
47.128.23.192 - - [07/Jun/2026:18:22:38 +0200] "GET /robots.txt HTTP/1.1" 200 11825 "-" "Mozilla/5.0 (Linux; Android 5.0) AppleWebKit/537.36 (KHTML, like Gecko) Mobile Safari/537.36 (compatible; Bytespider; spider-feedback@bytedance.com)"
65.108.235.243 - - [07/Jun/2026:19:13:14 +0200] "POST /wp-cron.php?doing_wp_cron=1780852394.3913710117340087890625 HTTP/1.1" 200 1 "-" "WordPress/7.0; https://brescia.elettroservicegroup.it"
65.108.235.243 - - [07/Jun/2026:19:13:14 +0200] "POST /wp-cron.php?doing_wp_cron=1780852394.3913719654083251953125 HTTP/1.1" 200 1 "-" "WordPress/7.0; https://brescia.elettroservicegroup.it"
173.252.95.32 - - [07/Jun/2026:19:13:12 +0200] "GET /robots.txt HTTP/2.0" 200 - "-" "facebookexternalhit/1.1 (+http://www.facebook.com/externalhit_uatext.php)"
173.252.95.12 - - [07/Jun/2026:19:13:13 +0200] "GET /robots.txt HTTP/2.0" 200 193 "-" "facebookexternalhit/1.1 (+http://www.facebook.com/externalhit_uatext.php)"
83.142.55.156 - - [07/Jun/2026:19:15:05 +0200] "POST /xmlrpc.php HTTP/1.1" 403 52 "-" "curl/8.6.0"
83.142.55.156 - - [07/Jun/2026:19:15:06 +0200] "POST /xmlrpc.php HTTP/1.1" 403 52 "-" "curl/7.88.1"
83.142.55.156 - - [07/Jun/2026:19:15:06 +0200] "POST /xmlrpc.php HTTP/1.1" 403 52 "-" "Wget/1.21.4"
65.108.235.243 - - [07/Jun/2026:19:15:08 +0200] "POST /wp-cron.php?doing_wp_cron=1780852508.2895181179046630859375 HTTP/1.1" 200 1 "-" "WordPress/7.0; https://brescia.elettroservicegroup.it"
83.142.55.156 - - [07/Jun/2026:19:15:02 +0200] "HEAD / HTTP/1.1" 200 - "-" "curl/8.6.0"
83.142.55.156 - - [07/Jun/2026:19:15:07 +0200] "GET /wp-login.php HTTP/1.1" 200 9036 "-" "Wget/1.21.4"
83.142.55.156 - - [07/Jun/2026:19:15:10 +0200] "POST /wp-login.php HTTP/1.1" 200 9467 "https://brescia.elettroservicegroup.it/wp-login.php" "curl/7.88.1"
65.108.235.243 - - [07/Jun/2026:19:38:48 +0200] "POST /wp-cron.php?doing_wp_cron=1780853928.0841689109802246093750 HTTP/1.1" 200 1 "-" "WordPress/7.0; https://brescia.elettroservicegroup.it"
65.111.24.247 - - [07/Jun/2026:19:38:46 +0200] "GET /wp-login.php HTTP/1.1" 200 9036 "-" "Mozilla/5.0 (Windows NT 10.0; Win64; x64) AppleWebKit/537.36 (KHTML, like Gecko) Chrome/143.0.0.0 Safari/537.36"
65.111.24.247 - - [07/Jun/2026:19:38:48 +0200] "POST /wp-login.php HTTP/1.1" 200 9485 "https://brescia.elettroservicegroup.it/wp-login.php" "Mozilla/5.0 (Windows NT 10.0; Win64; x64) AppleWebKit/537.36 (KHTML, like Gecko) Chrome/143.0.0.0 Safari/537.36"
216.26.249.87 - - [07/Jun/2026:19:38:48 +0200] "GET /wp-login.php HTTP/1.1" 200 9036 "-" "Mozilla/5.0 (Windows NT 10.0; Win64; x64) AppleWebKit/537.36 (KHTML, like Gecko) Chrome/143.0.0.0 Safari/537.36"
216.26.249.87 - - [07/Jun/2026:19:38:48 +0200] "POST /wp-login.php HTTP/1.1" 200 9485 "https://brescia.elettroservicegroup.it/wp-login.php" "Mozilla/5.0 (Windows NT 10.0; Win64; x64) AppleWebKit/537.36 (KHTML, like Gecko) Chrome/143.0.0.0 Safari/537.36"
65.111.2.201 - - [07/Jun/2026:19:38:50 +0200] "GET /wp-login.php HTTP/1.1" 200 9036 "-" "Mozilla/5.0 (Windows NT 10.0; Win64; x64) AppleWebKit/537.36 (KHTML, like Gecko) Chrome/143.0.0.0 Safari/537.36"
65.111.2.201 - - [07/Jun/2026:19:38:50 +0200] "POST /wp-login.php HTTP/1.1" 200 9485 "https://brescia.elettroservicegroup.it/wp-login.php" "Mozilla/5.0 (Windows NT 10.0; Win64; x64) AppleWebKit/537.36 (KHTML, like Gecko) Chrome/143.0.0.0 Safari/537.36"
104.207.37.46 - - [07/Jun/2026:19:38:51 +0200] "GET /wp-login.php HTTP/1.1" 200 9036 "-" "Mozilla/5.0 (Windows NT 10.0; Win64; x64) AppleWebKit/537.36 (KHTML, like Gecko) Chrome/143.0.0.0 Safari/537.36"
104.207.37.46 - - [07/Jun/2026:19:38:52 +0200] "POST /wp-login.php HTTP/1.1" 200 9485 "https://brescia.elettroservicegroup.it/wp-login.php" "Mozilla/5.0 (Windows NT 10.0; Win64; x64) AppleWebKit/537.36 (KHTML, like Gecko) Chrome/143.0.0.0 Safari/537.36"
104.207.46.62 - - [07/Jun/2026:19:38:53 +0200] "GET /wp-login.php HTTP/1.1" 200 9036 "-" "Mozilla/5.0 (Windows NT 10.0; Win64; x64) AppleWebKit/537.36 (KHTML, like Gecko) Chrome/143.0.0.0 Safari/537.36"
104.207.46.62 - - [07/Jun/2026:19:38:54 +0200] "POST /wp-login.php HTTP/1.1" 200 9485 "https://brescia.elettroservicegroup.it/wp-login.php" "Mozilla/5.0 (Windows NT 10.0; Win64; x64) AppleWebKit/537.36 (KHTML, like Gecko) Chrome/143.0.0.0 Safari/537.36"
114.119.154.200 - - [07/Jun/2026:20:08:08 +0200] "GET /robots.txt HTTP/1.1" 200 11855 "-" "Mozilla/5.0 (compatible;PetalBot;+https://webmaster.petalsearch.com/site/petalbot)"
65.108.235.243 - - [07/Jun/2026:20:23:12 +0200] "POST /wp-cron.php?doing_wp_cron=1780856592.6908280849456787109375 HTTP/1.1" 200 1 "-" "WordPress/7.0; https://brescia.elettroservicegroup.it"
114.119.135.199 - - [07/Jun/2026:20:23:09 +0200] "GET /robots.txt HTTP/1.1" 200 193 "-" "Mozilla/5.0 (compatible;PetalBot;+https://webmaster.petalsearch.com/site/petalbot)"
65.108.235.243 - - [07/Jun/2026:20:32:07 +0200] "POST /wp-cron.php?doing_wp_cron=1780857127.0006079673767089843750 HTTP/1.1" 200 1 "-" "WordPress/7.0; https://brescia.elettroservicegroup.it"
114.119.154.9 - - [07/Jun/2026:20:32:02 +0200] "GET /robots.txt HTTP/1.1" 200 193 "-" "Mozilla/5.0 (compatible;PetalBot;+https://webmaster.petalsearch.com/site/petalbot)"
65.108.235.243 - - [07/Jun/2026:21:05:11 +0200] "POST /wp-cron.php?doing_wp_cron=1780859111.1865379810333251953125 HTTP/1.1" 200 1 "-" "WordPress/7.0; https://brescia.elettroservicegroup.it"
54.223.252.138 - - [07/Jun/2026:21:05:06 +0200] "GET / HTTP/2.0" 200 19893 "-" "Mozilla/5.0 (Linux; Android 8.0; Pixel 2 Build/OPD3.170816.012) AppleWebKit/537.36 (KHTML, like Gecko) Chrome/53.0.6699.1289 Mobile Safari/537.36"
54.223.252.138 - - [07/Jun/2026:21:05:12 +0200] "GET /wp-json/complianz/v1/banner?lang=it&locale=it_IT&token=abbma HTTP/2.0" 200 83 "https://brescia.elettroservicegroup.it/" "Mozilla/5.0 (Linux; Android 8.0; Pixel 2 Build/OPD3.170816.012) AppleWebKit/537.36 (KHTML, like Gecko) Chrome/53.0.6699.1289 Mobile Safari/537.36"
65.108.235.243 - - [07/Jun/2026:23:00:56 +0200] "POST /wp-cron.php?doing_wp_cron=1780866055.7860100269317626953125 HTTP/1.1" 200 1 "-" "WordPress/7.0; https://brescia.elettroservicegroup.it"
20.169.73.33 - - [07/Jun/2026:23:00:31 +0200] "GET / HTTP/2.0" 200 - "-" "Mozilla/5.0 AppleWebKit/537.36 (KHTML, like Gecko); compatible; ChatGPT-User/1.0; +https://openai.com/bot"
74.7.228.37 - - [07/Jun/2026:23:01:03 +0200] "GET /robots.txt HTTP/2.0" 200 106 "-" "Mozilla/5.0 (Macintosh; Intel Mac OS X 10_15_7) AppleWebKit/537.36 (KHTML, like Gecko) Chrome/131.0.0.0 Safari/537.36; compatible; OAI-SearchBot/1.4; robots.txt; +https://openai.com/searchbot"
74.7.229.100 - - [07/Jun/2026:23:01:04 +0200] "GET / HTTP/2.0" 415 19893 "-" "Mozilla/5.0 (Macintosh; Intel Mac OS X 10_15_7) AppleWebKit/537.36 (KHTML, like Gecko) Chrome/131.0.0.0 Safari/537.36; compatible; OAI-SearchBot/1.4; +https://openai.com/searchbot"
65.108.235.243 - - [07/Jun/2026:23:02:34 +0200] "POST /wp-cron.php?doing_wp_cron=1780866153.7833600044250488281250 HTTP/1.1" 200 1 "-" "WordPress/7.0; https://brescia.elettroservicegroup.it"
74.7.243.222 - - [07/Jun/2026:23:02:22 +0200] "GET /sitemap.xml HTTP/2.0" 415 340 "-" "Mozilla/5.0 AppleWebKit/537.36 (KHTML, like Gecko; compatible; GPTBot/1.4; +https://openai.com/gptbot)"
65.108.235.243 - - [07/Jun/2026:23:03:43 +0200] "POST /wp-cron.php?doing_wp_cron=1780866223.3767080307006835937500 HTTP/1.1" 200 1 "-" "WordPress/7.0; https://brescia.elettroservicegroup.it"
94.103.84.74 - - [07/Jun/2026:23:03:30 +0200] "GET /wp-login.php HTTP/2.0" 200 2696 "-" "Mozilla/5.0 (Windows NT 10.0; Win64; x64; rv:133.0) Gecko/20100101 Firefox/133.0"
94.103.84.74 - - [07/Jun/2026:23:03:44 +0200] "POST /xmlrpc.php HTTP/2.0" 403 52 "-" "Mozilla/5.0 (Macintosh; Intel Mac OS X 10_15_7) AppleWebKit/605.1.15 (KHTML, like Gecko) Version/18.0 Safari/605.1.15"
38.75.196.151 - - [07/Jun/2026:23:03:48 +0200] "POST /xmlrpc.php HTTP/2.0" 403 52 "-" "Mozilla/5.0 (Macintosh; Intel Mac OS X 10_15_7) AppleWebKit/605.1.15 (KHTML, like Gecko) Version/18.0 Safari/605.1.15"
104.233.16.21 - - [07/Jun/2026:23:03:49 +0200] "POST /xmlrpc.php HTTP/2.0" 403 52 "-" "Mozilla/5.0 (Macintosh; Intel Mac OS X 10_15_7) AppleWebKit/605.1.15 (KHTML, like Gecko) Version/18.0 Safari/605.1.15"
130.117.139.136 - - [07/Jun/2026:23:03:51 +0200] "POST /xmlrpc.php HTTP/2.0" 403 52 "-" "Mozilla/5.0 (Macintosh; Intel Mac OS X 10_15_7) AppleWebKit/605.1.15 (KHTML, like Gecko) Version/18.0 Safari/605.1.15"
185.230.14.163 - - [07/Jun/2026:23:03:51 +0200] "POST /xmlrpc.php HTTP/2.0" 403 52 "-" "Mozilla/5.0 (Macintosh; Intel Mac OS X 10_15_7) AppleWebKit/605.1.15 (KHTML, like Gecko) Version/18.0 Safari/605.1.15"
185.230.14.227 - - [07/Jun/2026:23:03:56 +0200] "POST /xmlrpc.php HTTP/2.0" 403 52 "-" "Mozilla/5.0 (Windows NT 10.0; Win64; x64; rv:133.0) Gecko/20100101 Firefox/133.0"
185.230.14.159 - - [07/Jun/2026:23:03:58 +0200] "POST /xmlrpc.php HTTP/2.0" 403 52 "-" "Mozilla/5.0 (Windows NT 10.0; Win64; x64; rv:133.0) Gecko/20100101 Firefox/133.0"
130.117.139.193 - - [07/Jun/2026:23:03:58 +0200] "POST /xmlrpc.php HTTP/2.0" 403 52 "-" "Mozilla/5.0 (Windows NT 10.0; Win64; x64; rv:133.0) Gecko/20100101 Firefox/133.0"
204.77.128.100 - - [07/Jun/2026:23:04:02 +0200] "POST /xmlrpc.php HTTP/2.0" 403 52 "-" "Mozilla/5.0 (Macintosh; Intel Mac OS X 10_15_7) AppleWebKit/605.1.15 (KHTML, like Gecko) Version/18.0 Safari/605.1.15"
107.158.19.140 - - [07/Jun/2026:23:04:11 +0200] "POST /xmlrpc.php HTTP/2.0" 403 52 "-" "Mozilla/5.0 (Windows NT 10.0; Win64; x64; rv:133.0) Gecko/20100101 Firefox/133.0"
77.90.154.207 - - [07/Jun/2026:23:04:13 +0200] "POST /xmlrpc.php HTTP/2.0" 403 52 "-" "Mozilla/5.0 (Windows NT 10.0; Win64; x64) AppleWebKit/537.36 (KHTML, like Gecko) Chrome/124.0.0.0 Safari/537.36"
65.108.235.243 - - [07/Jun/2026:23:04:30 +0200] "POST /wp-cron.php?doing_wp_cron=1780866269.8811941146850585937500 HTTP/1.1" 200 1 "-" "WordPress/7.0; https://brescia.elettroservicegroup.it"
94.103.84.74 - - [07/Jun/2026:23:04:20 +0200] "GET /wp-login.php HTTP/2.0" 200 2696 "-" "Mozilla/5.0 (Macintosh; Intel Mac OS X 10_15_7) AppleWebKit/605.1.15 (KHTML, like Gecko) Version/18.0 Safari/605.1.15"
94.103.84.74 - - [07/Jun/2026:23:04:31 +0200] "POST /wp-login.php HTTP/2.0" 200 2812 "https://brescia.elettroservicegroup.it/wp-login.php" "Mozilla/5.0 (Macintosh; Intel Mac OS X 10_15_7) AppleWebKit/605.1.15 (KHTML, like Gecko) Version/18.0 Safari/605.1.15"
74.7.243.222 - - [07/Jun/2026:23:04:33 +0200] "GET /sitemap.rss HTTP/2.0" 404 383 "-" "Mozilla/5.0 AppleWebKit/537.36 (KHTML, like Gecko; compatible; GPTBot/1.4; +https://openai.com/gptbot)"
65.108.235.243 - - [07/Jun/2026:23:31:54 +0200] "POST /wp-cron.php?doing_wp_cron=1780867914.0085690021514892578125 HTTP/1.1" 200 1 "-" "WordPress/7.0; https://brescia.elettroservicegroup.it"
195.178.110.31 - - [07/Jun/2026:23:31:52 +0200] "GET / HTTP/2.0" 301 - "-" "Mozilla/5.0 (Windows NT 10.0; Win64; x64) AppleWebKit/537.36"
65.108.235.243 - - [08/Jun/2026:00:05:26 +0200] "POST /wp-cron.php?doing_wp_cron=1780869926.1140630245208740234375 HTTP/1.1" 200 1 "-" "WordPress/7.0; https://brescia.elettroservicegroup.it"
17.246.19.61 - - [08/Jun/2026:00:05:24 +0200] "GET /robots.txt HTTP/2.0" 200 193 "-" "Mozilla/5.0 (Macintosh; Intel Mac OS X 10_15_7) AppleWebKit/605.1.15 (KHTML, like Gecko) Version/17.4 Safari/605.1.15 (Applebot/0.1; +http://www.apple.com/go/applebot)"
17.246.19.61 - - [08/Jun/2026:00:05:26 +0200] "GET /feed/?attachment_id=108 HTTP/2.0" 200 814 "-" "Mozilla/5.0 (Macintosh; Intel Mac OS X 10_15_7) AppleWebKit/605.1.15 (KHTML, like Gecko) Version/17.4 Safari/605.1.15 (Applebot/0.1; +http://www.apple.com/go/applebot)"
174.138.0.43 - - [08/Jun/2026:00:46:00 +0200] "GET / HTTP/1.1" 301 - "-" "Mozilla/5.0 (Windows NT 10.0; Win64; x64; rv:149.0) Gecko/20100101 Firefox/149.0"
165.232.118.23 - - [08/Jun/2026:00:58:11 +0200] "GET / HTTP/1.1" 301 - "-" "Mozilla/5.0 (Windows NT 10.0; Win64; x64; rv:149.0) Gecko/20100101 Firefox/149.0"
65.108.235.243 - - [08/Jun/2026:05:03:32 +0200] "POST /wp-cron.php?doing_wp_cron=1780887812.6073410511016845703125 HTTP/1.1" 200 1 "-" "WordPress/7.0; https://brescia.elettroservicegroup.it"
66.249.70.1 - - [08/Jun/2026:05:03:28 +0200] "GET /hotpoint-ariston-jpg/ HTTP/1.1" 200 18626 "-" "Mozilla/5.0 (Linux; Android 6.0.1; Nexus 5X Build/MMB29P) AppleWebKit/537.36 (KHTML, like Gecko) Chrome/148.0.7778.96 Mobile Safari/537.36 (compatible; Googlebot/2.1; +http://www.google.com/bot.html)"
65.108.235.243 - - [08/Jun/2026:05:07:42 +0200] "POST /wp-cron.php?doing_wp_cron=1780888062.9310719966888427734375 HTTP/1.1" 200 1 "-" "WordPress/7.0; https://brescia.elettroservicegroup.it"
17.246.19.175 - - [08/Jun/2026:05:07:41 +0200] "GET /feed/?attachment_id=14438 HTTP/2.0" 200 810 "-" "Mozilla/5.0 (Macintosh; Intel Mac OS X 10_15_7) AppleWebKit/605.1.15 (KHTML, like Gecko) Version/17.4 Safari/605.1.15 (Applebot/0.1; +http://www.apple.com/go/applebot)"
66.249.70.2 - - [08/Jun/2026:05:16:23 +0200] "GET /wp-content/plugins/gp-premium/menu-plus/functions/js/sticky.min.js?ver=2.5.5 HTTP/1.1" 200 2670 "https://brescia.elettroservicegroup.it/hotpoint-ariston-jpg/" "Mozilla/5.0 (Linux; Android 6.0.1; Nexus 5X Build/MMB29P) AppleWebKit/537.36 (KHTML, like Gecko) Chrome/148.0.7778.96 Mobile Safari/537.36 (compatible; Googlebot/2.1; +http://www.google.com/bot.html)"
66.249.70.2 - - [08/Jun/2026:05:16:23 +0200] "GET /wp-content/plugins/complianz-gdpr-premium/assets/css/cookieblocker.min.css?ver=1780326839 HTTP/1.1" 200 615 "https://brescia.elettroservicegroup.it/hotpoint-ariston-jpg/" "Mozilla/5.0 (Linux; Android 6.0.1; Nexus 5X Build/MMB29P) AppleWebKit/537.36 (KHTML, like Gecko) Chrome/148.0.7778.96 Mobile Safari/537.36 (compatible; Googlebot/2.1; +http://www.google.com/bot.html)"
66.249.70.2 - - [08/Jun/2026:05:16:23 +0200] "GET /wp-content/plugins/elementor/assets/lib/font-awesome/css/fontawesome.css?ver=5.15.3 HTTP/1.1" 200 12535 "https://brescia.elettroservicegroup.it/hotpoint-ariston-jpg/" "Mozilla/5.0 (Linux; Android 6.0.1; Nexus 5X Build/MMB29P) AppleWebKit/537.36 (KHTML, like Gecko) Chrome/148.0.7778.96 Mobile Safari/537.36 (compatible; Googlebot/2.1; +http://www.google.com/bot.html)"
66.249.70.1 - - [08/Jun/2026:05:16:24 +0200] "GET /wp-includes/js/jquery/jquery.min.js?ver=3.7.1 HTTP/1.1" 200 29769 "https://brescia.elettroservicegroup.it/hotpoint-ariston-jpg/" "Mozilla/5.0 (Linux; Android 6.0.1; Nexus 5X Build/MMB29P) AppleWebKit/537.36 (KHTML, like Gecko) Chrome/148.0.7778.96 Mobile Safari/537.36 (compatible; Googlebot/2.1; +http://www.google.com/bot.html)"
66.249.70.2 - - [08/Jun/2026:05:16:24 +0200] "GET /wp-content/themes/generatepress/assets/css/components/comments.min.css?ver=3.6.1 HTTP/1.1" 200 488 "https://brescia.elettroservicegroup.it/hotpoint-ariston-jpg/" "Mozilla/5.0 (Linux; Android 6.0.1; Nexus 5X Build/MMB29P) AppleWebKit/537.36 (KHTML, like Gecko) Chrome/148.0.7778.96 Mobile Safari/537.36 (compatible; Googlebot/2.1; +http://www.google.com/bot.html)"
66.249.70.1 - - [08/Jun/2026:05:16:24 +0200] "GET /wp-content/uploads/elementor/css/post-14366.css?ver=1780585110 HTTP/1.1" 200 297 "https://brescia.elettroservicegroup.it/hotpoint-ariston-jpg/" "Mozilla/5.0 (Linux; Android 6.0.1; Nexus 5X Build/MMB29P) AppleWebKit/537.36 (KHTML, like Gecko) Chrome/148.0.7778.96 Mobile Safari/537.36 (compatible; Googlebot/2.1; +http://www.google.com/bot.html)"
66.249.70.1 - - [08/Jun/2026:05:16:25 +0200] "GET /wp-content/uploads/elementor/css/post-14146.css?ver=1780585110 HTTP/1.1" 200 428 "https://brescia.elettroservicegroup.it/hotpoint-ariston-jpg/" "Mozilla/5.0 (Linux; Android 6.0.1; Nexus 5X Build/MMB29P) AppleWebKit/537.36 (KHTML, like Gecko) Chrome/148.0.7778.96 Mobile Safari/537.36 (compatible; Googlebot/2.1; +http://www.google.com/bot.html)"
66.249.70.1 - - [08/Jun/2026:05:16:25 +0200] "GET /wp-content/themes/generatepress/assets/js/menu.min.js?ver=3.6.1 HTTP/1.1" 200 1688 "https://brescia.elettroservicegroup.it/hotpoint-ariston-jpg/" "Mozilla/5.0 (Linux; Android 6.0.1; Nexus 5X Build/MMB29P) AppleWebKit/537.36 (KHTML, like Gecko) Chrome/148.0.7778.96 Mobile Safari/537.36 (compatible; Googlebot/2.1; +http://www.google.com/bot.html)"
66.249.70.1 - - [08/Jun/2026:05:16:29 +0200] "GET /wp-content/themes/generatepress/assets/js/back-to-top.min.js?ver=3.6.1 HTTP/1.1" 200 336 "https://brescia.elettroservicegroup.it/hotpoint-ariston-jpg/" "Mozilla/5.0 (Linux; Android 6.0.1; Nexus 5X Build/MMB29P) AppleWebKit/537.36 (KHTML, like Gecko) Chrome/148.0.7778.96 Mobile Safari/537.36 (compatible; Googlebot/2.1; +http://www.google.com/bot.html)"
66.249.70.1 - - [08/Jun/2026:05:16:29 +0200] "GET /wp-content/plugins/essential-addons-for-elementor-lite/assets/front-end/js/view/general.min.js?ver=6.6.5 HTTP/1.1" 200 3900 "https://brescia.elettroservicegroup.it/hotpoint-ariston-jpg/" "Mozilla/5.0 (Linux; Android 6.0.1; Nexus 5X Build/MMB29P) AppleWebKit/537.36 (KHTML, like Gecko) Chrome/148.0.7778.96 Mobile Safari/537.36 (compatible; Googlebot/2.1; +http://www.google.com/bot.html)"
66.249.70.1 - - [08/Jun/2026:05:16:30 +0200] "GET /wp-content/plugins/complianz-gdpr-premium/cookiebanner/js/complianz.min.js?ver=1780326839 HTTP/1.1" 200 10708 "https://brescia.elettroservicegroup.it/hotpoint-ariston-jpg/" "Mozilla/5.0 (Linux; Android 6.0.1; Nexus 5X Build/MMB29P) AppleWebKit/537.36 (KHTML, like Gecko) Chrome/148.0.7778.96 Mobile Safari/537.36 (compatible; Googlebot/2.1; +http://www.google.com/bot.html)"
66.249.70.1 - - [08/Jun/2026:05:16:30 +0200] "GET /wp-includes/js/jquery/ui/core.min.js?ver=1.13.3 HTTP/1.1" 200 6820 "https://brescia.elettroservicegroup.it/hotpoint-ariston-jpg/" "Mozilla/5.0 (Linux; Android 6.0.1; Nexus 5X Build/MMB29P) AppleWebKit/537.36 (KHTML, like Gecko) Chrome/148.0.7778.96 Mobile Safari/537.36 (compatible; Googlebot/2.1; +http://www.google.com/bot.html)"
65.108.235.243 - - [08/Jun/2026:05:16:36 +0200] "POST /wp-cron.php?doing_wp_cron=1780888596.3845009803771972656250 HTTP/1.1" 200 1 "-" "WordPress/7.0; https://brescia.elettroservicegroup.it"
66.249.70.8 - - [08/Jun/2026:05:16:31 +0200] "GET /wp-json/complianz/v1/banner?lang=it&locale=it_IT&token=elxap HTTP/1.1" 200 83 "https://brescia.elettroservicegroup.it/hotpoint-ariston-jpg/" "Mozilla/5.0 (Linux; Android 6.0.1; Nexus 5X Build/MMB29P) AppleWebKit/537.36 (KHTML, like Gecko) Chrome/148.0.7778.96 Mobile Safari/537.36 (compatible; Googlebot/2.1; +http://www.google.com/bot.html)"
66.249.70.8 - - [08/Jun/2026:05:16:36 +0200] "GET /wp-content/plugins/elementor/assets/lib/dialog/dialog.min.js?ver=4.9.3 HTTP/1.1" 200 3595 "https://brescia.elettroservicegroup.it/hotpoint-ariston-jpg/" "Mozilla/5.0 (Linux; Android 6.0.1; Nexus 5X Build/MMB29P) AppleWebKit/537.36 (KHTML, like Gecko) Chrome/148.0.7778.96 Mobile Safari/537.36 (compatible; Googlebot/2.1; +http://www.google.com/bot.html)"
66.249.70.8 - - [08/Jun/2026:05:16:37 +0200] "GET /wp-content/plugins/elementor/assets/css/conditionals/dialog.min.css?ver=4.1.1 HTTP/1.1" 200 1428 "https://brescia.elettroservicegroup.it/hotpoint-ariston-jpg/" "Mozilla/5.0 (Linux; Android 6.0.1; Nexus 5X Build/MMB29P) AppleWebKit/537.36 (KHTML, like Gecko) Chrome/148.0.7778.96 Mobile Safari/537.36 (compatible; Googlebot/2.1; +http://www.google.com/bot.html)"
66.249.70.8 - - [08/Jun/2026:05:16:37 +0200] "GET /wp-content/plugins/elementor/assets/js/397f2d183c19202777d6.bundle.min.js HTTP/1.1" 200 8477 "https://brescia.elettroservicegroup.it/hotpoint-ariston-jpg/" "Mozilla/5.0 (Linux; Android 6.0.1; Nexus 5X Build/MMB29P) AppleWebKit/537.36 (KHTML, like Gecko) Chrome/148.0.7778.96 Mobile Safari/537.36 (compatible; Googlebot/2.1; +http://www.google.com/bot.html)"
66.249.70.8 - - [08/Jun/2026:05:16:37 +0200] "GET /wp-content/plugins/elementor/assets/lib/share-link/share-link.min.js?ver=4.1.1 HTTP/1.1" 200 1077 "https://brescia.elettroservicegroup.it/hotpoint-ariston-jpg/" "Mozilla/5.0 (Linux; Android 6.0.1; Nexus 5X Build/MMB29P) AppleWebKit/537.36 (KHTML, like Gecko) Chrome/148.0.7778.96 Mobile Safari/537.36 (compatible; Googlebot/2.1; +http://www.google.com/bot.html)"
66.249.70.8 - - [08/Jun/2026:05:16:37 +0200] "GET /wp-content/plugins/elementor/assets/lib/swiper/v8/css/swiper.min.css?ver=8.4.5 HTTP/1.1" 200 4251 "https://brescia.elettroservicegroup.it/hotpoint-ariston-jpg/" "Mozilla/5.0 (Linux; Android 6.0.1; Nexus 5X Build/MMB29P) AppleWebKit/537.36 (KHTML, like Gecko) Chrome/148.0.7778.96 Mobile Safari/537.36 (compatible; Googlebot/2.1; +http://www.google.com/bot.html)"
66.249.70.8 - - [08/Jun/2026:05:16:38 +0200] "GET /wp-content/plugins/elementor/assets/js/lightbox.570c05c5a283cfb6b223.bundle.min.js HTTP/1.1" 200 9102 "https://brescia.elettroservicegroup.it/hotpoint-ariston-jpg/" "Mozilla/5.0 (Linux; Android 6.0.1; Nexus 5X Build/MMB29P) AppleWebKit/537.36 (KHTML, like Gecko) Chrome/148.0.7778.96 Mobile Safari/537.36 (compatible; Googlebot/2.1; +http://www.google.com/bot.html)"
66.249.70.8 - - [08/Jun/2026:05:16:38 +0200] "GET /wp-content/plugins/elementor/assets/css/conditionals/lightbox.min.css?ver=4.1.1 HTTP/1.1" 200 1760 "https://brescia.elettroservicegroup.it/hotpoint-ariston-jpg/" "Mozilla/5.0 (Linux; Android 6.0.1; Nexus 5X Build/MMB29P) AppleWebKit/537.36 (KHTML, like Gecko) Chrome/148.0.7778.96 Mobile Safari/537.36 (compatible; Googlebot/2.1; +http://www.google.com/bot.html)"
65.108.235.243 - - [08/Jun/2026:05:33:31 +0200] "POST /wp-cron.php?doing_wp_cron=1780889611.5905759334564208984375 HTTP/1.1" 200 1 "-" "WordPress/7.0; https://brescia.elettroservicegroup.it"
66.249.70.8 - - [08/Jun/2026:05:33:30 +0200] "GET /sitemap1.xml HTTP/1.1" 302 1 "-" "Mozilla/5.0 (compatible; Googlebot/2.1; +http://www.google.com/bot.html)"
66.249.70.1 - - [08/Jun/2026:05:33:31 +0200] "GET /sitemap.xml HTTP/1.1" 200 338 "-" "Mozilla/5.0 (compatible; Googlebot/2.1; +http://www.google.com/bot.html)"
186.39.65.78 - - [08/Jun/2026:06:03:16 +0200] "POST /xmlrpc.php HTTP/1.1" 403 52 "-" "Mozilla/5.0 (Windows NT 10.0; Win64; x64) AppleWebKit/537.36"
185.75.226.195 - - [08/Jun/2026:06:03:18 +0200] "GET / HTTP/1.1" 200 11816 "-" "Mozilla/5.0 (Windows NT 10.0; Win64; x64) AppleWebKit/537.36 (KHTML, like Gecko) Chrome/120.0.0.0 Safari/537.36"
185.75.226.195 - - [08/Jun/2026:06:03:19 +0200] "GET /wp-login.php HTTP/1.1" 200 11890 "-" "Mozilla/5.0 (Windows NT 10.0; Win64; x64) AppleWebKit/537.36 (KHTML, like Gecko) Chrome/120.0.0.0 Safari/537.36"
185.75.226.195 - - [08/Jun/2026:06:03:20 +0200] "GET /wp-login.php?wp_lang=en_US HTTP/1.1" 200 11763 "-" "Mozilla/5.0 (Windows NT 10.0; Win64; x64) AppleWebKit/537.36 (KHTML, like Gecko) Chrome/120.0.0.0 Safari/537.36"
185.75.226.195 - - [08/Jun/2026:06:03:21 +0200] "POST /wp-login.php HTTP/1.1" 200 11770 "https://brescia.elettroservicegroup.it" "Mozilla/5.0 (Windows NT 10.0; Win64; x64) AppleWebKit/537.36 (KHTML, like Gecko) Chrome/120.0.0.0 Safari/537.36"
185.75.226.195 - - [08/Jun/2026:06:03:22 +0200] "GET / HTTP/1.1" 200 11811 "-" "Mozilla/5.0 (Windows NT 10.0; Win64; x64) AppleWebKit/537.36 (KHTML, like Gecko) Chrome/120.0.0.0 Safari/537.36"
185.75.226.195 - - [08/Jun/2026:06:03:23 +0200] "GET /wp-login.php HTTP/1.1" 200 11777 "-" "Mozilla/5.0 (Windows NT 10.0; Win64; x64) AppleWebKit/537.36 (KHTML, like Gecko) Chrome/120.0.0.0 Safari/537.36"
185.75.226.195 - - [08/Jun/2026:06:03:23 +0200] "GET /wp-login.php?wp_lang=en_US HTTP/1.1" 200 11795 "-" "Mozilla/5.0 (Windows NT 10.0; Win64; x64) AppleWebKit/537.36 (KHTML, like Gecko) Chrome/120.0.0.0 Safari/537.36"
185.75.226.195 - - [08/Jun/2026:06:03:24 +0200] "POST /wp-login.php HTTP/1.1" 200 11806 "https://brescia.elettroservicegroup.it" "Mozilla/5.0 (Windows NT 10.0; Win64; x64) AppleWebKit/537.36 (KHTML, like Gecko) Chrome/120.0.0.0 Safari/537.36"
65.108.235.243 - - [08/Jun/2026:06:03:38 +0200] "POST /wp-cron.php?doing_wp_cron=1780891417.9643950462341308593750 HTTP/1.1" 200 1 "-" "WordPress/7.0; https://brescia.elettroservicegroup.it"
79.116.208.232 - - [08/Jun/2026:06:03:25 +0200] "GET / HTTP/1.1" 200 102080 "-" "Mozilla/5.0 (Windows NT 10.0; Win64; x64) AppleWebKit/537.36 (KHTML, like Gecko) Chrome/120.0.0.0 Safari/537.36"
79.116.208.232 - - [08/Jun/2026:06:03:38 +0200] "GET /wp-login.php HTTP/1.1" 200 9036 "-" "Mozilla/5.0 (Windows NT 10.0; Win64; x64) AppleWebKit/537.36 (KHTML, like Gecko) Chrome/120.0.0.0 Safari/537.36"
79.116.208.232 - - [08/Jun/2026:06:03:41 +0200] "GET /wp-login.php?wp_lang=en_US HTTP/1.1" 200 6299 "-" "Mozilla/5.0 (Windows NT 10.0; Win64; x64) AppleWebKit/537.36 (KHTML, like Gecko) Chrome/120.0.0.0 Safari/537.36"
79.116.208.232 - - [08/Jun/2026:06:03:42 +0200] "POST /wp-login.php HTTP/1.1" 200 6699 "https://brescia.elettroservicegroup.it" "Mozilla/5.0 (Windows NT 10.0; Win64; x64) AppleWebKit/537.36 (KHTML, like Gecko) Chrome/120.0.0.0 Safari/537.36"
65.108.235.243 - - [08/Jun/2026:06:51:01 +0200] "POST /wp-cron.php?doing_wp_cron=1780894261.1896500587463378906250 HTTP/1.1" 200 1 "-" "WordPress/7.0; https://brescia.elettroservicegroup.it"
35.233.64.243 - - [08/Jun/2026:06:50:59 +0200] "GET /.git/config HTTP/1.1" 301 - "-" "Mozilla/5.0 (Android 6.0.1; Mobile; rv:48.0) Gecko/48.0 Firefox/48.0"
65.108.235.243 - - [08/Jun/2026:07:09:30 +0200] "POST /wp-cron.php?doing_wp_cron=1780895370.5836000442504882812500 HTTP/1.1" 200 1 "-" "WordPress/7.0; https://brescia.elettroservicegroup.it"
52.81.12.160 - - [08/Jun/2026:07:09:23 +0200] "GET / HTTP/2.0" 200 19893 "-" "Mozilla/5.0 (Linux; Android 8.0; Pixel 2 Build/OPD3.170816.012) AppleWebKit/537.36 (KHTML, like Gecko) Chrome/42.0.9352.1774 Mobile Safari/537.36"
52.81.12.160 - - [08/Jun/2026:07:09:31 +0200] "GET /wp-content/plugins/complianz-gdpr-premium/assets/css/cookieblocker.min.css?ver=1780326839 HTTP/2.0" 200 615 "https://brescia.elettroservicegroup.it/" "Mozilla/5.0 (Linux; Android 8.0; Pixel 2 Build/OPD3.170816.012) AppleWebKit/537.36 (KHTML, like Gecko) Chrome/42.0.9352.1774 Mobile Safari/537.36"
52.81.12.160 - - [08/Jun/2026:07:09:31 +0200] "GET /wp-content/plugins/header-footer-elementor/assets/css/header-footer-elementor.css?ver=2.8.8 HTTP/2.0" 200 260 "https://brescia.elettroservicegroup.it/" "Mozilla/5.0 (Linux; Android 8.0; Pixel 2 Build/OPD3.170816.012) AppleWebKit/537.36 (KHTML, like Gecko) Chrome/42.0.9352.1774 Mobile Safari/537.36"
52.81.12.160 - - [08/Jun/2026:07:09:31 +0200] "GET /wp-content/plugins/wpfront-notification-bar/css/wpfront-notification-bar.min.css?ver=3.5.1.05102 HTTP/2.0" 200 665 "https://brescia.elettroservicegroup.it/" "Mozilla/5.0 (Linux; Android 8.0; Pixel 2 Build/OPD3.170816.012) AppleWebKit/537.36 (KHTML, like Gecko) Chrome/42.0.9352.1774 Mobile Safari/537.36"
52.81.12.160 - - [08/Jun/2026:07:09:31 +0200] "GET /wp-content/plugins/all-in-one-seo-pack/dist/Lite/assets/css/table-of-contents/global.e90f6d47.css?ver=4.9.7.2 HTTP/2.0" 200 420 "https://brescia.elettroservicegroup.it/" "Mozilla/5.0 (Linux; Android 8.0; Pixel 2 Build/OPD3.170816.012) AppleWebKit/537.36 (KHTML, like Gecko) Chrome/42.0.9352.1774 Mobile Safari/537.36"
52.81.12.160 - - [08/Jun/2026:07:09:31 +0200] "GET /wp-content/uploads/elementor/css/post-14146.css?ver=1780585110 HTTP/2.0" 200 428 "https://brescia.elettroservicegroup.it/" "Mozilla/5.0 (Linux; Android 8.0; Pixel 2 Build/OPD3.170816.012) AppleWebKit/537.36 (KHTML, like Gecko) Chrome/42.0.9352.1774 Mobile Safari/537.36"
52.81.12.160 - - [08/Jun/2026:07:09:31 +0200] "GET /wp-content/plugins/elementor/assets/css/widget-social-icons.min.css?ver=3.24.0 HTTP/2.0" 200 1039 "https://brescia.elettroservicegroup.it/" "Mozilla/5.0 (Linux; Android 8.0; Pixel 2 Build/OPD3.170816.012) AppleWebKit/537.36 (KHTML, like Gecko) Chrome/42.0.9352.1774 Mobile Safari/537.36"
52.81.12.160 - - [08/Jun/2026:07:09:31 +0200] "GET /wp-content/plugins/gp-premium/blog/functions/css/style.min.css?ver=2.5.5 HTTP/2.0" 200 1018 "https://brescia.elettroservicegroup.it/" "Mozilla/5.0 (Linux; Android 8.0; Pixel 2 Build/OPD3.170816.012) AppleWebKit/537.36 (KHTML, like Gecko) Chrome/42.0.9352.1774 Mobile Safari/537.36"
52.81.12.160 - - [08/Jun/2026:07:09:31 +0200] "GET /wp-content/plugins/essential-addons-for-elementor-lite/assets/front-end/css/view/general.min.css?ver=6.6.5 HTTP/2.0" 200 1422 "https://brescia.elettroservicegroup.it/" "Mozilla/5.0 (Linux; Android 8.0; Pixel 2 Build/OPD3.170816.012) AppleWebKit/537.36 (KHTML, like Gecko) Chrome/42.0.9352.1774 Mobile Safari/537.36"
52.81.12.160 - - [08/Jun/2026:07:09:31 +0200] "GET /wp-content/plugins/elementor/assets/css/frontend.min.css?ver=4.1.1 HTTP/2.0" 200 6618 "https://brescia.elettroservicegroup.it/" "Mozilla/5.0 (Linux; Android 8.0; Pixel 2 Build/OPD3.170816.012) AppleWebKit/537.36 (KHTML, like Gecko) Chrome/42.0.9352.1774 Mobile Safari/537.36"
52.81.12.160 - - [08/Jun/2026:07:09:31 +0200] "GET /wp-content/uploads/elementor/google-fonts/css/robotoslab.css?ver=1742275294 HTTP/2.0" 200 717 "https://brescia.elettroservicegroup.it/" "Mozilla/5.0 (Linux; Android 8.0; Pixel 2 Build/OPD3.170816.012) AppleWebKit/537.36 (KHTML, like Gecko) Chrome/42.0.9352.1774 Mobile Safari/537.36"
52.81.12.160 - - [08/Jun/2026:07:09:31 +0200] "GET /wp-content/plugins/header-footer-elementor/inc/widgets-css/frontend.css?ver=2.8.8 HTTP/2.0" 200 8711 "https://brescia.elettroservicegroup.it/" "Mozilla/5.0 (Linux; Android 8.0; Pixel 2 Build/OPD3.170816.012) AppleWebKit/537.36 (KHTML, like Gecko) Chrome/42.0.9352.1774 Mobile Safari/537.36"
52.81.12.160 - - [08/Jun/2026:07:09:31 +0200] "GET /wp-content/plugins/elementor/assets/lib/font-awesome/css/all.min.css?ver=4.1.1 HTTP/2.0" 200 12402 "https://brescia.elettroservicegroup.it/" "Mozilla/5.0 (Linux; Android 8.0; Pixel 2 Build/OPD3.170816.012) AppleWebKit/537.36 (KHTML, like Gecko) Chrome/42.0.9352.1774 Mobile Safari/537.36"
52.81.12.160 - - [08/Jun/2026:07:09:31 +0200] "GET /wp-content/uploads/2021/10/cropped-cropped-cropped-logo_white_background.png HTTP/2.0" 206 500 "https://brescia.elettroservicegroup.it/" "Mozilla/5.0 (Linux; Android 8.0; Pixel 2 Build/OPD3.170816.012) AppleWebKit/537.36 (KHTML, like Gecko) Chrome/42.0.9352.1774 Mobile Safari/537.36"
52.81.12.160 - - [08/Jun/2026:07:09:31 +0200] "GET /wp-content/uploads/2018/02/post-9-150x150.jpg HTTP/2.0" 206 500 "https://brescia.elettroservicegroup.it/" "Mozilla/5.0 (Linux; Android 8.0; Pixel 2 Build/OPD3.170816.012) AppleWebKit/537.36 (KHTML, like Gecko) Chrome/42.0.9352.1774 Mobile Safari/537.36"
52.81.12.160 - - [08/Jun/2026:07:09:31 +0200] "GET /wp-content/plugins/wpfront-notification-bar/js/wpfront-notification-bar.min.js?ver=3.5.1.05102 HTTP/2.0" 200 1497 "https://brescia.elettroservicegroup.it/" "Mozilla/5.0 (Linux; Android 8.0; Pixel 2 Build/OPD3.170816.012) AppleWebKit/537.36 (KHTML, like Gecko) Chrome/42.0.9352.1774 Mobile Safari/537.36"
52.81.12.160 - - [08/Jun/2026:07:09:31 +0200] "GET /wp-content/uploads/2018/02/post-8-150x150.jpg HTTP/2.0" 206 500 "https://brescia.elettroservicegroup.it/" "Mozilla/5.0 (Linux; Android 8.0; Pixel 2 Build/OPD3.170816.012) AppleWebKit/537.36 (KHTML, like Gecko) Chrome/42.0.9352.1774 Mobile Safari/537.36"
52.81.12.160 - - [08/Jun/2026:07:09:31 +0200] "GET /wp-content/plugins/elementor/assets/lib/font-awesome/js/v4-shims.min.js?ver=4.1.1 HTTP/2.0" 200 4043 "https://brescia.elettroservicegroup.it/" "Mozilla/5.0 (Linux; Android 8.0; Pixel 2 Build/OPD3.170816.012) AppleWebKit/537.36 (KHTML, like Gecko) Chrome/42.0.9352.1774 Mobile Safari/537.36"
52.81.12.160 - - [08/Jun/2026:07:09:31 +0200] "GET /wp-includes/js/jquery/jquery.min.js?ver=3.7.1 HTTP/2.0" 200 29769 "https://brescia.elettroservicegroup.it/" "Mozilla/5.0 (Linux; Android 8.0; Pixel 2 Build/OPD3.170816.012) AppleWebKit/537.36 (KHTML, like Gecko) Chrome/42.0.9352.1774 Mobile Safari/537.36"
52.81.12.160 - - [08/Jun/2026:07:09:32 +0200] "GET /wp-content/plugins/gp-premium/menu-plus/functions/js/sticky.min.js?ver=2.5.5 HTTP/2.0" 200 2670 "https://brescia.elettroservicegroup.it/" "Mozilla/5.0 (Linux; Android 8.0; Pixel 2 Build/OPD3.170816.012) AppleWebKit/537.36 (KHTML, like Gecko) Chrome/42.0.9352.1774 Mobile Safari/537.36"
52.81.12.160 - - [08/Jun/2026:07:09:32 +0200] "GET /wp-content/themes/generatepress/assets/js/menu.min.js?ver=3.6.1 HTTP/2.0" 200 1688 "https://brescia.elettroservicegroup.it/" "Mozilla/5.0 (Linux; Android 8.0; Pixel 2 Build/OPD3.170816.012) AppleWebKit/537.36 (KHTML, like Gecko) Chrome/42.0.9352.1774 Mobile Safari/537.36"
52.81.12.160 - - [08/Jun/2026:07:09:33 +0200] "GET /wp-content/plugins/essential-addons-for-elementor-lite/assets/front-end/js/view/general.min.js?ver=6.6.5 HTTP/2.0" 200 3900 "https://brescia.elettroservicegroup.it/" "Mozilla/5.0 (Linux; Android 8.0; Pixel 2 Build/OPD3.170816.012) AppleWebKit/537.36 (KHTML, like Gecko) Chrome/42.0.9352.1774 Mobile Safari/537.36"
