81.174.56.118 - - [11/Jun/2026:16:19:26 +0200] "GET /wp-content/uploads/2026/05/logo.png HTTP/2.0" 200 48185 "https://parma.elettroservicegroup.it/assistenza-candy-parma/?gad_source=1&gad_campaignid=23795906066&gbraid=0AAAABDgs-LT0WkAOIMDNE7uM01Q16UtVf&gclid=CjwKCAjwuanRBhBSEiwAY5y6V6E1aPFaPVc4qBNPI6jkkDJ1kW_xxp_sLwn0DvDD8xRbvDC3j6KGIxoCiUoQAvD_BwE" "Mozilla/5.0 (Windows NT 10.0; Win64; x64) AppleWebKit/537.36 (KHTML, like Gecko) Chrome/148.0.0.0 Safari/537.36"
81.174.56.118 - - [11/Jun/2026:16:19:44 +0200] "POST /wp-content/plugins/burst-statistics/endpoint.php HTTP/2.0" 200 1 "https://parma.elettroservicegroup.it/assistenza-candy-parma/?gad_source=1&gad_campaignid=23795906066&gbraid=0AAAABDgs-LT0WkAOIMDNE7uM01Q16UtVf&gclid=CjwKCAjwuanRBhBSEiwAY5y6V6E1aPFaPVc4qBNPI6jkkDJ1kW_xxp_sLwn0DvDD8xRbvDC3j6KGIxoCiUoQAvD_BwE" "Mozilla/5.0 (Windows NT 10.0; Win64; x64) AppleWebKit/537.36 (KHTML, like Gecko) Chrome/148.0.0.0 Safari/537.36"
68.183.137.244 - - [11/Jun/2026:16:34:01 +0200] "GET / HTTP/1.1" 200 161076 "-" "Mozilla/5.0 (X11; Linux x86_64) AppleWebKit/537.36 (KHTML, like Gecko) Chrome/142.0.0.0 Safari/537.36"
68.183.137.244 - - [11/Jun/2026:16:34:05 +0200] "GET /wp-content/uploads/2021/10/cropped-cropped-cropped-cropped-logo_white_background-32x32.png HTTP/1.1" 200 1525 "https://parma.elettroservicegroup.it/" "Mozilla/5.0 (X11; Linux x86_64) AppleWebKit/537.36 (KHTML, like Gecko) Chrome/142.0.0.0 Safari/537.36"
65.108.235.243 - - [11/Jun/2026:17:14:30 +0200] "POST /wp-cron.php?doing_wp_cron=1781190870.6249289512634277343750 HTTP/1.1" 200 1 "-" "WordPress/7.0; https://parma.elettroservicegroup.it"
142.250.32.100 - - [11/Jun/2026:17:14:28 +0200] "GET /.well-known/traffic-advice HTTP/1.1" 404 16879 "-" "Chrome Privacy Preserving Prefetch Proxy"
162.120.187.143 - - [11/Jun/2026:17:14:29 +0200] "GET /assistenza-rex-electrolux-parma/?gad_source=1&gad_campaignid=23795906066&gbraid=0AAAABDgs-LT0WkAOIMDNE7uM01Q16UtVf&gclid=EAIaIQobChMIyML7hr3_lAMVTqWDBx1EoAH_EAAYASAAEgLQwPD_BwE HTTP/2.0" 200 22736 "https://www.google.com/" "Mozilla/5.0 (Windows NT 10.0; Win64; x64) AppleWebKit/537.36 (KHTML, like Gecko) Chrome/149.0.0.0 Safari/537.36"
65.108.235.243 - - [11/Jun/2026:17:14:46 +0200] "POST /wp-admin/admin-ajax.php?action=elementor_1_elementor_updater&nonce=74a04e4a6a HTTP/1.1" 503 582 "-" "WordPress/7.0; https://parma.elettroservicegroup.it"
65.108.235.243 - - [11/Jun/2026:17:14:46 +0200] "GET /?wp_scrape_key=30001910d0c657923f22269bfb4d86bc&wp_scrape_nonce=1781190884 HTTP/1.1" 200 22465 "-" "WordPress/7.0; https://parma.elettroservicegroup.it"
65.108.235.243 - - [11/Jun/2026:17:14:58 +0200] "POST /wp-cron.php?doing_wp_cron=1781190898.1295990943908691406250 HTTP/1.1" 200 1 "-" "WordPress/7.0; https://parma.elettroservicegroup.it"
72.14.201.22 - - [11/Jun/2026:17:14:57 +0200] "GET /assistenza-rex-electrolux-parma/ HTTP/2.0" 200 22637 "https://www.google.com/" "Mozilla/5.0 (Windows NT 10.0; Win64; x64) AppleWebKit/537.36 (KHTML, like Gecko) Chrome/149.0.0.0 Safari/537.36"
93.54.78.88 - - [11/Jun/2026:17:14:58 +0200] "GET /wp-content/cache/wpfc-minified/f4mpgdct/2riv0.css HTTP/2.0" 200 7521 "https://parma.elettroservicegroup.it/assistenza-rex-electrolux-parma/" "Mozilla/5.0 (Windows NT 10.0; Win64; x64) AppleWebKit/537.36 (KHTML, like Gecko) Chrome/149.0.0.0 Safari/537.36"
93.54.78.88 - - [11/Jun/2026:17:14:58 +0200] "GET /wp-content/cache/wpfc-minified/9aoba38s/2riv0.css HTTP/2.0" 200 418 "https://parma.elettroservicegroup.it/assistenza-rex-electrolux-parma/" "Mozilla/5.0 (Windows NT 10.0; Win64; x64) AppleWebKit/537.36 (KHTML, like Gecko) Chrome/149.0.0.0 Safari/537.36"
93.54.78.88 - - [11/Jun/2026:17:14:58 +0200] "GET /wp-content/cache/wpfc-minified/mbb024jo/2riv0.css HTTP/2.0" 200 11331 "https://parma.elettroservicegroup.it/assistenza-rex-electrolux-parma/" "Mozilla/5.0 (Windows NT 10.0; Win64; x64) AppleWebKit/537.36 (KHTML, like Gecko) Chrome/149.0.0.0 Safari/537.36"
93.54.78.88 - - [11/Jun/2026:17:14:58 +0200] "GET /wp-content/cache/wpfc-minified/7aujoglc/2riv0.css HTTP/2.0" 200 16439 "https://parma.elettroservicegroup.it/assistenza-rex-electrolux-parma/" "Mozilla/5.0 (Windows NT 10.0; Win64; x64) AppleWebKit/537.36 (KHTML, like Gecko) Chrome/149.0.0.0 Safari/537.36"
93.54.78.88 - - [11/Jun/2026:17:14:58 +0200] "GET /wp-content/cache/wpfc-minified/eqzpooq2/2riv0.css HTTP/2.0" 200 4410 "https://parma.elettroservicegroup.it/assistenza-rex-electrolux-parma/" "Mozilla/5.0 (Windows NT 10.0; Win64; x64) AppleWebKit/537.36 (KHTML, like Gecko) Chrome/149.0.0.0 Safari/537.36"
93.54.78.88 - - [11/Jun/2026:17:14:58 +0200] "GET /wp-content/cache/wpfc-minified/bwue548/2riv0.css HTTP/2.0" 200 19030 "https://parma.elettroservicegroup.it/assistenza-rex-electrolux-parma/" "Mozilla/5.0 (Windows NT 10.0; Win64; x64) AppleWebKit/537.36 (KHTML, like Gecko) Chrome/149.0.0.0 Safari/537.36"
93.54.78.88 - - [11/Jun/2026:17:14:58 +0200] "GET /wp-content/cache/wpfc-minified/fpvwzn7j/2riv0.css HTTP/2.0" 200 14485 "https://parma.elettroservicegroup.it/assistenza-rex-electrolux-parma/" "Mozilla/5.0 (Windows NT 10.0; Win64; x64) AppleWebKit/537.36 (KHTML, like Gecko) Chrome/149.0.0.0 Safari/537.36"
93.54.78.88 - - [11/Jun/2026:17:14:58 +0200] "GET /wp-content/uploads/2021/10/cropped-cropped-cropped-logo_white_background.png HTTP/2.0" 200 38971 "https://parma.elettroservicegroup.it/assistenza-rex-electrolux-parma/" "Mozilla/5.0 (Windows NT 10.0; Win64; x64) AppleWebKit/537.36 (KHTML, like Gecko) Chrome/149.0.0.0 Safari/537.36"
93.54.78.88 - - [11/Jun/2026:17:14:58 +0200] "GET /wp-content/cache/wpfc-minified/1yrs8cf2/2riv0.js HTTP/2.0" 200 42415 "https://parma.elettroservicegroup.it/assistenza-rex-electrolux-parma/" "Mozilla/5.0 (Windows NT 10.0; Win64; x64) AppleWebKit/537.36 (KHTML, like Gecko) Chrome/149.0.0.0 Safari/537.36"
93.54.78.88 - - [11/Jun/2026:17:14:58 +0200] "GET /wp-content/plugins/gp-premium/menu-plus/functions/js/sticky.min.js?ver=2.5.5 HTTP/2.0" 200 2670 "https://parma.elettroservicegroup.it/assistenza-rex-electrolux-parma/" "Mozilla/5.0 (Windows NT 10.0; Win64; x64) AppleWebKit/537.36 (KHTML, like Gecko) Chrome/149.0.0.0 Safari/537.36"
93.54.78.88 - - [11/Jun/2026:17:14:58 +0200] "GET /wp-content/uploads/2021/10/cropped-logo_white_background.png HTTP/2.0" 200 16623 "https://parma.elettroservicegroup.it/assistenza-rex-electrolux-parma/" "Mozilla/5.0 (Windows NT 10.0; Win64; x64) AppleWebKit/537.36 (KHTML, like Gecko) Chrome/149.0.0.0 Safari/537.36"
93.54.78.88 - - [11/Jun/2026:17:14:59 +0200] "GET /wp-content/plugins/elementor/assets/js/webpack.runtime.min.js?ver=4.1.3 HTTP/2.0" 200 2340 "https://parma.elettroservicegroup.it/assistenza-rex-electrolux-parma/" "Mozilla/5.0 (Windows NT 10.0; Win64; x64) AppleWebKit/537.36 (KHTML, like Gecko) Chrome/149.0.0.0 Safari/537.36"
93.54.78.88 - - [11/Jun/2026:17:14:59 +0200] "GET /wp-content/plugins/elementor/assets/js/frontend-modules.min.js?ver=4.1.3 HTTP/2.0" 200 15454 "https://parma.elettroservicegroup.it/assistenza-rex-electrolux-parma/" "Mozilla/5.0 (Windows NT 10.0; Win64; x64) AppleWebKit/537.36 (KHTML, like Gecko) Chrome/149.0.0.0 Safari/537.36"
93.54.78.88 - - [11/Jun/2026:17:14:58 +0200] "GET /wp-content/uploads/elementor/css/post-14366.css?ver=1781190897 HTTP/2.0" 404 18138 "https://parma.elettroservicegroup.it/assistenza-rex-electrolux-parma/" "Mozilla/5.0 (Windows NT 10.0; Win64; x64) AppleWebKit/537.36 (KHTML, like Gecko) Chrome/149.0.0.0 Safari/537.36"
93.54.78.88 - - [11/Jun/2026:17:14:58 +0200] "GET /wp-content/uploads/elementor/css/post-17354.css?ver=1781190897 HTTP/2.0" 404 18144 "https://parma.elettroservicegroup.it/assistenza-rex-electrolux-parma/" "Mozilla/5.0 (Windows NT 10.0; Win64; x64) AppleWebKit/537.36 (KHTML, like Gecko) Chrome/149.0.0.0 Safari/537.36"
93.54.78.88 - - [11/Jun/2026:17:14:58 +0200] "GET /wp-content/uploads/elementor/css/post-14146.css?ver=1781190897 HTTP/2.0" 404 18111 "https://parma.elettroservicegroup.it/assistenza-rex-electrolux-parma/" "Mozilla/5.0 (Windows NT 10.0; Win64; x64) AppleWebKit/537.36 (KHTML, like Gecko) Chrome/149.0.0.0 Safari/537.36"
93.54.78.88 - - [11/Jun/2026:17:14:59 +0200] "GET /wp-includes/js/jquery/ui/core.min.js?ver=1.13.3 HTTP/2.0" 200 6820 "https://parma.elettroservicegroup.it/assistenza-rex-electrolux-parma/" "Mozilla/5.0 (Windows NT 10.0; Win64; x64) AppleWebKit/537.36 (KHTML, like Gecko) Chrome/149.0.0.0 Safari/537.36"
93.54.78.88 - - [11/Jun/2026:17:14:59 +0200] "GET /wp-content/plugins/elementor/assets/js/frontend.min.js?ver=4.1.3 HTTP/2.0" 200 10140 "https://parma.elettroservicegroup.it/assistenza-rex-electrolux-parma/" "Mozilla/5.0 (Windows NT 10.0; Win64; x64) AppleWebKit/537.36 (KHTML, like Gecko) Chrome/149.0.0.0 Safari/537.36"
93.54.78.88 - - [11/Jun/2026:17:14:59 +0200] "GET /wp-content/themes/generatepress/assets/js/menu.min.js?ver=3.6.1 HTTP/2.0" 200 1688 "https://parma.elettroservicegroup.it/assistenza-rex-electrolux-parma/" "Mozilla/5.0 (Windows NT 10.0; Win64; x64) AppleWebKit/537.36 (KHTML, like Gecko) Chrome/149.0.0.0 Safari/537.36"
93.54.78.88 - - [11/Jun/2026:17:14:59 +0200] "GET /wp-content/themes/generatepress/assets/js/back-to-top.min.js?ver=3.6.1 HTTP/2.0" 200 336 "https://parma.elettroservicegroup.it/assistenza-rex-electrolux-parma/" "Mozilla/5.0 (Windows NT 10.0; Win64; x64) AppleWebKit/537.36 (KHTML, like Gecko) Chrome/149.0.0.0 Safari/537.36"
93.54.78.88 - - [11/Jun/2026:17:14:59 +0200] "GET /wp-content/plugins/complianz-gdpr-premium/cookiebanner/js/complianz.min.js?ver=1780326315 HTTP/2.0" 200 10708 "https://parma.elettroservicegroup.it/assistenza-rex-electrolux-parma/" "Mozilla/5.0 (Windows NT 10.0; Win64; x64) AppleWebKit/537.36 (KHTML, like Gecko) Chrome/149.0.0.0 Safari/537.36"
93.54.78.88 - - [11/Jun/2026:17:14:59 +0200] "GET /wp-content/uploads/2022/01/elett5-2.jpg HTTP/2.0" 200 11223 "https://parma.elettroservicegroup.it/assistenza-rex-electrolux-parma/" "Mozilla/5.0 (Windows NT 10.0; Win64; x64) AppleWebKit/537.36 (KHTML, like Gecko) Chrome/149.0.0.0 Safari/537.36"
93.54.78.88 - - [11/Jun/2026:17:14:59 +0200] "GET /wp-content/uploads/elementor/google-fonts/fonts/robotoslab-bngmuxzytxpivibgjjsb6ufn5qu.woff2 HTTP/2.0" 200 34328 "https://parma.elettroservicegroup.it/wp-content/cache/wpfc-minified/fpvwzn7j/2riv0.css" "Mozilla/5.0 (Windows NT 10.0; Win64; x64) AppleWebKit/537.36 (KHTML, like Gecko) Chrome/149.0.0.0 Safari/537.36"
93.54.78.88 - - [11/Jun/2026:17:14:59 +0200] "GET /wp-content/uploads/2022/01/tecnico-elettro-2.jpg HTTP/2.0" 200 59916 "https://parma.elettroservicegroup.it/assistenza-rex-electrolux-parma/" "Mozilla/5.0 (Windows NT 10.0; Win64; x64) AppleWebKit/537.36 (KHTML, like Gecko) Chrome/149.0.0.0 Safari/537.36"
93.54.78.88 - - [11/Jun/2026:17:14:59 +0200] "GET /wp-content/uploads/2022/01/elettro3.jpg HTTP/2.0" 200 6766 "https://parma.elettroservicegroup.it/assistenza-rex-electrolux-parma/" "Mozilla/5.0 (Windows NT 10.0; Win64; x64) AppleWebKit/537.36 (KHTML, like Gecko) Chrome/149.0.0.0 Safari/537.36"
93.54.78.88 - - [11/Jun/2026:17:14:59 +0200] "GET /wp-content/plugins/elementor/assets/lib/font-awesome/webfonts/fa-solid-900.woff2 HTTP/2.0" 200 78201 "https://parma.elettroservicegroup.it/wp-content/cache/wpfc-minified/7aujoglc/2riv0.css" "Mozilla/5.0 (Windows NT 10.0; Win64; x64) AppleWebKit/537.36 (KHTML, like Gecko) Chrome/149.0.0.0 Safari/537.36"
93.54.78.88 - - [11/Jun/2026:17:14:59 +0200] "GET /wp-content/uploads/elementor/google-fonts/fonts/roboto-kfo7cnqeu92fr1me7ksn66agldtyluama3yuba.woff2 HTTP/2.0" 200 40132 "https://parma.elettroservicegroup.it/wp-content/cache/wpfc-minified/fpvwzn7j/2riv0.css" "Mozilla/5.0 (Windows NT 10.0; Win64; x64) AppleWebKit/537.36 (KHTML, like Gecko) Chrome/149.0.0.0 Safari/537.36"
93.54.78.88 - - [11/Jun/2026:17:14:59 +0200] "GET /wp-content/plugins/elementor/assets/lib/font-awesome/webfonts/fa-regular-400.woff2 HTTP/2.0" 200 13277 "https://parma.elettroservicegroup.it/wp-content/cache/wpfc-minified/7aujoglc/2riv0.css" "Mozilla/5.0 (Windows NT 10.0; Win64; x64) AppleWebKit/537.36 (KHTML, like Gecko) Chrome/149.0.0.0 Safari/537.36"
93.54.78.88 - - [11/Jun/2026:17:14:59 +0200] "GET /wp-content/uploads/2026/05/logo-300x177.png HTTP/2.0" 200 35152 "https://parma.elettroservicegroup.it/assistenza-rex-electrolux-parma/" "Mozilla/5.0 (Windows NT 10.0; Win64; x64) AppleWebKit/537.36 (KHTML, like Gecko) Chrome/149.0.0.0 Safari/537.36"
93.54.78.88 - - [11/Jun/2026:17:15:00 +0200] "POST /wp-content/plugins/burst-statistics/endpoint.php HTTP/2.0" 200 1 "https://parma.elettroservicegroup.it/assistenza-rex-electrolux-parma/" "Mozilla/5.0 (Windows NT 10.0; Win64; x64) AppleWebKit/537.36 (KHTML, like Gecko) Chrome/149.0.0.0 Safari/537.36"
93.54.78.88 - - [11/Jun/2026:17:15:00 +0200] "GET /wp-content/plugins/elementor/assets/js/section-frontend-handlers.d85ab872da118940910d.bundle.min.js HTTP/2.0" 200 230 "https://parma.elettroservicegroup.it/assistenza-rex-electrolux-parma/" "Mozilla/5.0 (Windows NT 10.0; Win64; x64) AppleWebKit/537.36 (KHTML, like Gecko) Chrome/149.0.0.0 Safari/537.36"
93.54.78.88 - - [11/Jun/2026:17:15:00 +0200] "GET /wp-content/plugins/elementor/assets/js/shared-frontend-handlers.03caa53373b56d3bab67.bundle.min.js HTTP/2.0" 200 2515 "https://parma.elettroservicegroup.it/assistenza-rex-electrolux-parma/" "Mozilla/5.0 (Windows NT 10.0; Win64; x64) AppleWebKit/537.36 (KHTML, like Gecko) Chrome/149.0.0.0 Safari/537.36"
93.54.78.88 - - [11/Jun/2026:17:15:00 +0200] "GET /wp-content/plugins/elementor/assets/js/text-editor.45609661e409413f1cef.bundle.min.js HTTP/2.0" 200 592 "https://parma.elettroservicegroup.it/assistenza-rex-electrolux-parma/" "Mozilla/5.0 (Windows NT 10.0; Win64; x64) AppleWebKit/537.36 (KHTML, like Gecko) Chrome/149.0.0.0 Safari/537.36"
93.54.78.88 - - [11/Jun/2026:17:15:00 +0200] "GET /wp-json/complianz/v1/banner?lang=it&locale=it_IT&token=tcamb HTTP/2.0" 200 84 "https://parma.elettroservicegroup.it/assistenza-rex-electrolux-parma/" "Mozilla/5.0 (Windows NT 10.0; Win64; x64) AppleWebKit/537.36 (KHTML, like Gecko) Chrome/149.0.0.0 Safari/537.36"
93.54.78.88 - - [11/Jun/2026:17:15:00 +0200] "GET /wp-content/uploads/complianz/css/banner-1-optin.css?v=46 HTTP/2.0" 200 2617 "https://parma.elettroservicegroup.it/assistenza-rex-electrolux-parma/" "Mozilla/5.0 (Windows NT 10.0; Win64; x64) AppleWebKit/537.36 (KHTML, like Gecko) Chrome/149.0.0.0 Safari/537.36"
93.54.78.88 - - [11/Jun/2026:17:15:00 +0200] "GET /wp-json/complianz/v1/cookie_data HTTP/2.0" 200 81 "https://parma.elettroservicegroup.it/assistenza-rex-electrolux-parma/" "Mozilla/5.0 (Windows NT 10.0; Win64; x64) AppleWebKit/537.36 (KHTML, like Gecko) Chrome/149.0.0.0 Safari/537.36"
93.54.78.88 - - [11/Jun/2026:17:15:01 +0200] "GET /wp-content/uploads/2021/10/cropped-cropped-cropped-cropped-logo_white_background-32x32.png HTTP/2.0" 200 1525 "https://parma.elettroservicegroup.it/assistenza-rex-electrolux-parma/" "Mozilla/5.0 (Windows NT 10.0; Win64; x64) AppleWebKit/537.36 (KHTML, like Gecko) Chrome/149.0.0.0 Safari/537.36"
93.54.78.88 - - [11/Jun/2026:17:15:02 +0200] "POST /wp-content/plugins/burst-statistics/endpoint.php HTTP/2.0" 200 1 "https://parma.elettroservicegroup.it/assistenza-rex-electrolux-parma/" "Mozilla/5.0 (Windows NT 10.0; Win64; x64) AppleWebKit/537.36 (KHTML, like Gecko) Chrome/149.0.0.0 Safari/537.36"
93.54.78.88 - - [11/Jun/2026:17:15:02 +0200] "POST /wp-content/plugins/burst-statistics/endpoint.php HTTP/2.0" 200 1 "https://parma.elettroservicegroup.it/assistenza-rex-electrolux-parma/" "Mozilla/5.0 (Windows NT 10.0; Win64; x64) AppleWebKit/537.36 (KHTML, like Gecko) Chrome/149.0.0.0 Safari/537.36"
93.54.78.88 - - [11/Jun/2026:17:15:02 +0200] "POST /wp-content/plugins/burst-statistics/endpoint.php HTTP/2.0" 200 1 "https://parma.elettroservicegroup.it/assistenza-rex-electrolux-parma/" "Mozilla/5.0 (Windows NT 10.0; Win64; x64) AppleWebKit/537.36 (KHTML, like Gecko) Chrome/149.0.0.0 Safari/537.36"
93.54.78.88 - - [11/Jun/2026:17:15:02 +0200] "POST /wp-json/complianz/v1/track HTTP/2.0" 200 20 "https://parma.elettroservicegroup.it/assistenza-rex-electrolux-parma/" "Mozilla/5.0 (Windows NT 10.0; Win64; x64) AppleWebKit/537.36 (KHTML, like Gecko) Chrome/149.0.0.0 Safari/537.36"
93.54.78.88 - - [11/Jun/2026:17:15:03 +0200] "GET /wp-content/uploads/2022/01/elett2.jpg HTTP/2.0" 200 28330 "https://parma.elettroservicegroup.it/assistenza-rex-electrolux-parma/" "Mozilla/5.0 (Windows NT 10.0; Win64; x64) AppleWebKit/537.36 (KHTML, like Gecko) Chrome/149.0.0.0 Safari/537.36"
93.54.78.88 - - [11/Jun/2026:17:16:02 +0200] "POST /wp-content/plugins/burst-statistics/endpoint.php HTTP/2.0" 200 1 "https://parma.elettroservicegroup.it/assistenza-rex-electrolux-parma/" "Mozilla/5.0 (Windows NT 10.0; Win64; x64) AppleWebKit/537.36 (KHTML, like Gecko) Chrome/149.0.0.0 Safari/537.36"
65.108.235.243 - - [11/Jun/2026:17:19:56 +0200] "POST /wp-cron.php?doing_wp_cron=1781191196.3624989986419677734375 HTTP/1.1" 200 1 "-" "WordPress/7.0; https://parma.elettroservicegroup.it"
40.77.167.158 - - [11/Jun/2026:17:19:54 +0200] "GET /total-casino-est-il-compatible-avec-les-appareils-apple-et-android/ HTTP/2.0" 404 16914 "-" "Mozilla/5.0 AppleWebKit/537.36 (KHTML, like Gecko; compatible; bingbot/2.0; +http://www.bing.com/bingbot.htm) Chrome/116.0.1938.76 Safari/537.36"
65.108.235.243 - - [11/Jun/2026:17:26:36 +0200] "POST /wp-cron.php?doing_wp_cron=1781191596.6470959186553955078125 HTTP/1.1" 200 1 "-" "WordPress/7.0; https://parma.elettroservicegroup.it"
52.167.144.220 - - [11/Jun/2026:17:26:27 +0200] "GET /wp-content/uploads/2022/01/whirlpool-logo-e1641294219701-1024x402-1-768x302.png HTTP/2.0" 404 16904 "-" "Mozilla/5.0 AppleWebKit/537.36 (KHTML, like Gecko; compatible; bingbot/2.0; +http://www.bing.com/bingbot.htm) Chrome/116.0.1938.76 Safari/537.36"
65.108.235.243 - - [11/Jun/2026:17:32:23 +0200] "POST /wp-cron.php?doing_wp_cron=1781191943.4492790699005126953125 HTTP/1.1" 200 1 "-" "WordPress/7.0; https://parma.elettroservicegroup.it"
216.73.217.89 - - [11/Jun/2026:17:32:17 +0200] "GET /robots.txt HTTP/2.0" 200 104 "-" "Mozilla/5.0 AppleWebKit/537.36 (KHTML, like Gecko; compatible; ClaudeBot/1.0; +claudebot@anthropic.com)"
190.163.110.132 - - [11/Jun/2026:17:35:40 +0200] "GET / HTTP/2.0" 200 11806 "-" "Mozilla/5.0 (Macintosh; Intel Mac OS X 10_15_7) AppleWebKit/537.36 (KHTML, like Gecko) Chrome/146.0.0.0 Safari/537.36"
65.108.235.243 - - [11/Jun/2026:17:35:45 +0200] "POST /wp-cron.php?doing_wp_cron=1781192144.9408659934997558593750 HTTP/1.1" 200 1 "-" "WordPress/7.0; https://parma.elettroservicegroup.it"
190.163.110.132 - - [11/Jun/2026:17:35:28 +0200] "GET / HTTP/1.1" 415 161115 "-" "Mozilla/5.0 (Windows NT 10.0; Win64; x64) AppleWebKit/537.36 (KHTML, like Gecko) Chrome/124.0 Safari/537.36"
20.191.45.212 - - [11/Jun/2026:17:54:32 +0200] "GET / HTTP/1.1" 200 161085 "http://parma.elettroservicegroup.it" "DuckDuckBot/1.1; (+http://duckduckgo.com/duckduckbot.html)"
20.191.45.212 - - [11/Jun/2026:17:54:33 +0200] "GET /wp-content/uploads/2021/10/cropped-cropped-cropped-cropped-logo_white_background-32x32.png HTTP/1.1" 200 1525 "-" "DuckDuckBot/1.1; (+http://duckduckgo.com/duckduckbot.html)"
20.191.45.212 - - [11/Jun/2026:17:54:56 +0200] "GET / HTTP/1.1" 200 161085 "http://parma.elettroservicegroup.it" "DuckDuckBot/1.1; (+http://duckduckgo.com/duckduckbot.html)"
20.191.45.212 - - [11/Jun/2026:17:54:57 +0200] "GET /wp-content/uploads/2021/10/cropped-cropped-cropped-cropped-logo_white_background-32x32.png HTTP/1.1" 200 1525 "-" "DuckDuckBot/1.1; (+http://duckduckgo.com/duckduckbot.html)"
43.167.232.38 - - [11/Jun/2026:18:02:30 +0200] "GET / HTTP/1.1" 200 165231 "http://parma.elettroservicegroup.it" "Mozilla/5.0 (iPhone; CPU iPhone OS 13_2_3 like Mac OS X) AppleWebKit/605.1.15 (KHTML, like Gecko) Version/13.0.3 Mobile/15E148 Safari/604.1"
65.108.235.243 - - [11/Jun/2026:18:17:10 +0200] "POST /wp-cron.php?doing_wp_cron=1781194629.9374580383300781250000 HTTP/1.1" 200 1 "-" "WordPress/7.0; https://parma.elettroservicegroup.it"
43.134.114.37 - - [11/Jun/2026:18:17:00 +0200] "GET /feed/ HTTP/1.1" 200 1215 "-" "Mozilla/5.0 (iPhone; CPU iPhone OS 13_2_3 like Mac OS X) AppleWebKit/605.1.15 (KHTML, like Gecko) Version/13.0.3 Mobile/15E148 Safari/604.1"
65.108.235.243 - - [11/Jun/2026:18:25:18 +0200] "POST /wp-cron.php?doing_wp_cron=1781195118.7844479084014892578125 HTTP/1.1" 200 1 "-" "WordPress/7.0; https://parma.elettroservicegroup.it"
52.167.144.177 - - [11/Jun/2026:18:25:15 +0200] "GET /assistenza-indesit-collecchio/ HTTP/2.0" 200 22552 "-" "Mozilla/5.0 AppleWebKit/537.36 (KHTML, like Gecko; compatible; bingbot/2.0; +http://www.bing.com/bingbot.htm) Chrome/116.0.1938.76 Safari/537.36"
65.108.235.243 - - [11/Jun/2026:18:29:54 +0200] "POST /wp-cron.php?doing_wp_cron=1781195394.3094570636749267578125 HTTP/1.1" 200 1 "-" "WordPress/7.0; https://parma.elettroservicegroup.it"
52.167.144.177 - - [11/Jun/2026:18:29:52 +0200] "GET /assistenza-condizionatori/ HTTP/2.0" 404 16871 "-" "Mozilla/5.0 AppleWebKit/537.36 (KHTML, like Gecko; compatible; bingbot/2.0; +http://www.bing.com/bingbot.htm) Chrome/116.0.1938.76 Safari/537.36"
65.108.235.243 - - [11/Jun/2026:18:36:33 +0200] "POST /wp-cron.php?doing_wp_cron=1781195793.5431709289550781250000 HTTP/1.1" 200 1 "-" "WordPress/7.0; https://parma.elettroservicegroup.it"
213.180.203.230 - - [11/Jun/2026:18:36:27 +0200] "GET /robots.txt HTTP/1.1" 200 189 "-" "Mozilla/5.0 (compatible; YandexBot/3.0; +http://yandex.com/bots)"
95.108.213.93 - - [11/Jun/2026:18:36:34 +0200] "GET /assistenza-lavastoviglie-whirlpool-fidenza/ HTTP/2.0" 200 144596 "-" "Mozilla/5.0 (compatible; YandexBot/3.0; +http://yandex.com/bots)"
65.108.235.243 - - [11/Jun/2026:18:37:04 +0200] "POST /wp-cron.php?doing_wp_cron=1781195823.9533920288085937500000 HTTP/1.1" 200 1 "-" "WordPress/7.0; https://parma.elettroservicegroup.it"
213.180.203.230 - - [11/Jun/2026:18:37:02 +0200] "GET /sitemap.rss HTTP/2.0" 200 17215 "-" "Mozilla/5.0 (compatible; YandexBot/3.0; +http://yandex.com/bots)"
43.157.95.131 - - [11/Jun/2026:18:37:09 +0200] "GET /assistenza-aeg-parma/ HTTP/1.1" 200 151837 "-" "Mozilla/5.0 (iPhone; CPU iPhone OS 13_2_3 like Mac OS X) AppleWebKit/605.1.15 (KHTML, like Gecko) Version/13.0.3 Mobile/15E148 Safari/604.1"
65.108.235.243 - - [11/Jun/2026:18:56:32 +0200] "POST /wp-cron.php?doing_wp_cron=1781196992.7654590606689453125000 HTTP/1.1" 200 1 "-" "WordPress/7.0; https://parma.elettroservicegroup.it"
43.165.195.234 - - [11/Jun/2026:18:56:22 +0200] "GET /assistenza-bosch-parma/ HTTP/1.1" 200 150486 "-" "Mozilla/5.0 (iPhone; CPU iPhone OS 13_2_3 like Mac OS X) AppleWebKit/605.1.15 (KHTML, like Gecko) Version/13.0.3 Mobile/15E148 Safari/604.1"
65.108.235.243 - - [11/Jun/2026:19:06:41 +0200] "POST /wp-cron.php?doing_wp_cron=1781197601.4442229270935058593750 HTTP/1.1" 200 1 "-" "WordPress/7.0; https://parma.elettroservicegroup.it"
49.51.72.236 - - [11/Jun/2026:19:06:32 +0200] "GET / HTTP/1.1" 200 165231 "-" "Mozilla/5.0 (iPhone; CPU iPhone OS 13_2_3 like Mac OS X) AppleWebKit/605.1.15 (KHTML, like Gecko) Version/13.0.3 Mobile/15E148 Safari/604.1"
65.108.235.243 - - [11/Jun/2026:19:10:11 +0200] "POST /wp-cron.php?doing_wp_cron=1781197811.0628070831298828125000 HTTP/1.1" 200 1 "-" "WordPress/7.0; https://parma.elettroservicegroup.it"
52.167.144.173 - - [11/Jun/2026:19:10:06 +0200] "GET /wp-content/uploads/elementor/css/post-15287.css?ver=1780301654 HTTP/2.0" 404 18144 "https://parma.elettroservicegroup.it/assistenza-frigoriferi" "Mozilla/5.0 AppleWebKit/537.36 (KHTML, like Gecko; compatible; bingbot/2.0; +http://www.bing.com/bingbot.htm) Chrome/136.0.0.0 Safari/537.36 AppleWebKit/537.36 (KHTML, like Gecko; compatible; bingbot/2.0; +http://www.bing.com/bingbot.htm) Chrome/116.0.1938.76 Safari/537.36"
65.108.235.243 - - [11/Jun/2026:19:17:11 +0200] "POST /wp-cron.php?doing_wp_cron=1781198230.9586050510406494140625 HTTP/1.1" 200 1 "-" "WordPress/7.0; https://parma.elettroservicegroup.it"
49.51.36.179 - - [11/Jun/2026:19:17:06 +0200] "GET /?p=17266 HTTP/1.1" 301 - "-" "Mozilla/5.0 (iPhone; CPU iPhone OS 13_2_3 like Mac OS X) AppleWebKit/605.1.15 (KHTML, like Gecko) Version/13.0.3 Mobile/15E148 Safari/604.1"
65.108.235.243 - - [11/Jun/2026:19:17:19 +0200] "POST /wp-cron.php?doing_wp_cron=1781198239.8471889495849609375000 HTTP/1.1" 200 1 "-" "WordPress/7.0; https://parma.elettroservicegroup.it"
49.51.36.179 - - [11/Jun/2026:19:17:18 +0200] "GET /assistenza-aeg-parma/ HTTP/1.1" 200 151837 "https://parma.elettroservicegroup.it/?p=17266" "Mozilla/5.0 (iPhone; CPU iPhone OS 13_2_3 like Mac OS X) AppleWebKit/605.1.15 (KHTML, like Gecko) Version/13.0.3 Mobile/15E148 Safari/604.1"
65.108.235.243 - - [11/Jun/2026:19:27:03 +0200] "POST /wp-cron.php?doing_wp_cron=1781198823.3494250774383544921875 HTTP/1.1" 200 1 "-" "WordPress/7.0; https://parma.elettroservicegroup.it"
43.164.194.198 - - [11/Jun/2026:19:26:57 +0200] "GET /wp-json/oembed/1.0/embed?url=https%3A%2F%2Fparma.elettroservicegroup.it%2Fassistenza-aeg-parma%2F&format=xml HTTP/1.1" 200 2344 "-" "Mozilla/5.0 (iPhone; CPU iPhone OS 13_2_3 like Mac OS X) AppleWebKit/605.1.15 (KHTML, like Gecko) Version/13.0.3 Mobile/15E148 Safari/604.1"
65.108.235.243 - - [11/Jun/2026:19:41:11 +0200] "POST /wp-cron.php?doing_wp_cron=1781199671.0553350448608398437500 HTTP/1.1" 200 1 "-" "WordPress/7.0; https://parma.elettroservicegroup.it"
43.153.36.110 - - [11/Jun/2026:19:41:08 +0200] "GET /wp-json/oembed/1.0/embed?url=https%3A%2F%2Fparma.elettroservicegroup.it%2Fassistenza-aeg-parma%2F HTTP/1.1" 200 2206 "-" "Mozilla/5.0 (iPhone; CPU iPhone OS 13_2_3 like Mac OS X) AppleWebKit/605.1.15 (KHTML, like Gecko) Version/13.0.3 Mobile/15E148 Safari/604.1"
65.108.235.243 - - [11/Jun/2026:19:46:19 +0200] "POST /wp-cron.php?doing_wp_cron=1781199979.9762709140777587890625 HTTP/1.1" 200 1 "-" "WordPress/7.0; https://parma.elettroservicegroup.it"
66.249.64.70 - - [11/Jun/2026:19:46:15 +0200] "GET /robots.txt HTTP/1.1" 200 104 "-" "Mozilla/5.0 (compatible; Googlebot/2.1; +http://www.google.com/bot.html)"
66.249.89.134 - - [11/Jun/2026:19:46:20 +0200] "GET / HTTP/1.1" 200 22414 "-" "Mozilla/5.0 (Linux; Android 6.0.1; Nexus 5X Build/MMB29P) AppleWebKit/537.36 (KHTML, like Gecko) Chrome/148.0.7778.96 Mobile Safari/537.36 (compatible; AdsBot-Google-Mobile; +http://www.google.com/mobile/adsbot.html)"
66.249.89.133 - - [11/Jun/2026:19:46:20 +0200] "GET /assistenza-aeg-parma/ HTTP/1.1" 200 23013 "-" "Mozilla/5.0 (Linux; Android 6.0.1; Nexus 5X Build/MMB29P) AppleWebKit/537.36 (KHTML, like Gecko) Chrome/148.0.7778.96 Mobile Safari/537.36 (compatible; AdsBot-Google-Mobile; +http://www.google.com/mobile/adsbot.html)"
66.249.89.133 - - [11/Jun/2026:19:46:42 +0200] "GET /wp-content/plugins/elementor/assets/lib/animations/styles/bounceIn.min.css?ver=4.1.3 HTTP/1.1" 200 186 "https://parma.elettroservicegroup.it/" "AdsBot-Google (+http://www.google.com/adsbot.html)"
66.249.89.133 - - [11/Jun/2026:19:46:42 +0200] "GET /wp-content/plugins/elementor/assets/lib/font-awesome/css/all.min.css?ver=4.1.3 HTTP/1.1" 200 12402 "https://parma.elettroservicegroup.it/" "AdsBot-Google (+http://www.google.com/adsbot.html)"
66.249.89.133 - - [11/Jun/2026:19:46:42 +0200] "GET /wp-content/plugins/elementor/assets/lib/animations/styles/zoomIn.min.css?ver=4.1.3 HTTP/1.1" 200 87 "https://parma.elettroservicegroup.it/" "AdsBot-Google (+http://www.google.com/adsbot.html)"
66.249.89.133 - - [11/Jun/2026:19:46:42 +0200] "GET /wp-content/uploads/elementor/css/post-14146.css?ver=1781190898 HTTP/1.1" 200 428 "https://parma.elettroservicegroup.it/" "AdsBot-Google (+http://www.google.com/adsbot.html)"
66.249.89.133 - - [11/Jun/2026:19:46:42 +0200] "GET /wp-content/plugins/elementor/assets/css/widget-spacer.min.css?ver=4.1.3 HTTP/1.1" 200 287 "https://parma.elettroservicegroup.it/" "AdsBot-Google (+http://www.google.com/adsbot.html)"
66.249.89.133 - - [11/Jun/2026:19:46:43 +0200] "GET /wp-content/plugins/elementor/assets/css/frontend.min.css?ver=4.1.3 HTTP/1.1" 200 6618 "https://parma.elettroservicegroup.it/" "AdsBot-Google (+http://www.google.com/adsbot.html)"
66.249.89.133 - - [11/Jun/2026:19:46:43 +0200] "GET /wp-content/uploads/elementor/css/post-14227.css?ver=1781192142 HTTP/1.1" 200 2305 "https://parma.elettroservicegroup.it/" "AdsBot-Google (+http://www.google.com/adsbot.html)"
66.249.89.133 - - [11/Jun/2026:19:46:43 +0200] "GET /wp-content/plugins/header-footer-elementor/assets/css/header-footer-elementor.css?ver=2.8.8 HTTP/1.1" 200 260 "https://parma.elettroservicegroup.it/" "AdsBot-Google (+http://www.google.com/adsbot.html)"
66.249.89.133 - - [11/Jun/2026:19:46:44 +0200] "GET /wp-content/plugins/elementor/assets/lib/font-awesome/js/v4-shims.min.js?ver=4.1.3 HTTP/1.1" 200 4043 "https://parma.elettroservicegroup.it/" "AdsBot-Google (+http://www.google.com/adsbot.html)"
66.249.89.133 - - [11/Jun/2026:19:46:44 +0200] "GET /wp-content/plugins/elementor/assets/css/widget-image.min.css?ver=4.1.3 HTTP/1.1" 200 96 "https://parma.elettroservicegroup.it/" "AdsBot-Google (+http://www.google.com/adsbot.html)"
66.249.89.133 - - [11/Jun/2026:19:46:44 +0200] "GET /wp-content/plugins/elementor/assets/lib/font-awesome/css/v4-shims.min.css?ver=4.1.3 HTTP/1.1" 200 3986 "https://parma.elettroservicegroup.it/" "AdsBot-Google (+http://www.google.com/adsbot.html)"
66.249.89.133 - - [11/Jun/2026:19:46:45 +0200] "GET /wp-content/plugins/elementor/assets/css/widget-icon-list.min.css?ver=3.24.3 HTTP/1.1" 200 928 "https://parma.elettroservicegroup.it/" "AdsBot-Google (+http://www.google.com/adsbot.html)"
66.249.89.133 - - [11/Jun/2026:19:46:45 +0200] "GET /wp-content/plugins/elementor/assets/lib/eicons/css/elementor-icons.min.css?ver=5.49.0 HTTP/1.1" 200 4115 "https://parma.elettroservicegroup.it/" "AdsBot-Google (+http://www.google.com/adsbot.html)"
66.249.89.133 - - [11/Jun/2026:19:46:45 +0200] "GET /wp-content/plugins/elementor/assets/lib/font-awesome/css/fontawesome.min.css?ver=5.15.3 HTTP/1.1" 200 12179 "https://parma.elettroservicegroup.it/" "AdsBot-Google (+http://www.google.com/adsbot.html)"
66.249.89.133 - - [11/Jun/2026:19:46:45 +0200] "GET /wp-content/uploads/elementor/css/post-14366.css?ver=1781190898 HTTP/1.1" 200 302 "https://parma.elettroservicegroup.it/" "AdsBot-Google (+http://www.google.com/adsbot.html)"
66.249.89.133 - - [11/Jun/2026:19:46:46 +0200] "GET /wp-content/plugins/elementor/assets/lib/font-awesome/css/fontawesome.css?ver=5.15.3 HTTP/1.1" 200 12535 "https://parma.elettroservicegroup.it/" "AdsBot-Google (+http://www.google.com/adsbot.html)"
66.249.89.133 - - [11/Jun/2026:19:46:46 +0200] "GET /wp-content/plugins/elementor/assets/css/widget-heading.min.css?ver=4.1.3 HTTP/1.1" 200 127 "https://parma.elettroservicegroup.it/" "AdsBot-Google (+http://www.google.com/adsbot.html)"
66.249.89.133 - - [11/Jun/2026:19:46:46 +0200] "GET /wp-content/plugins/elementor/assets/js/webpack.runtime.min.js?ver=4.1.3 HTTP/1.1" 200 2340 "https://parma.elettroservicegroup.it/" "AdsBot-Google (+http://www.google.com/adsbot.html)"
66.249.89.133 - - [11/Jun/2026:19:46:46 +0200] "GET /wp-content/plugins/elementor/assets/lib/font-awesome/css/solid.min.css?ver=5.15.3 HTTP/1.1" 200 286 "https://parma.elettroservicegroup.it/" "AdsBot-Google (+http://www.google.com/adsbot.html)"
66.249.89.133 - - [11/Jun/2026:19:46:47 +0200] "GET /wp-content/plugins/gp-premium/menu-plus/functions/css/navigation-branding-flex.min.css?ver=2.5.5 HTTP/1.1" 200 542 "https://parma.elettroservicegroup.it/" "AdsBot-Google (+http://www.google.com/adsbot.html)"
66.249.89.133 - - [11/Jun/2026:19:46:47 +0200] "GET /wp-content/plugins/elementor/assets/lib/font-awesome/css/brands.css?ver=5.15.3 HTTP/1.1" 200 298 "https://parma.elettroservicegroup.it/" "AdsBot-Google (+http://www.google.com/adsbot.html)"
66.249.89.133 - - [11/Jun/2026:19:46:47 +0200] "GET /wp-content/themes/generatepress/assets/css/main.min.css?ver=3.6.1 HTTP/1.1" 200 4410 "https://parma.elettroservicegroup.it/" "AdsBot-Google (+http://www.google.com/adsbot.html)"
66.249.89.133 - - [11/Jun/2026:19:46:48 +0200] "GET /wp-content/plugins/elementor/assets/lib/eicons/css/elementor-icons.min.css?ver=5.34.0 HTTP/1.1" 200 4115 "https://parma.elettroservicegroup.it/" "AdsBot-Google (+http://www.google.com/adsbot.html)"
66.249.89.133 - - [11/Jun/2026:19:46:48 +0200] "GET /wp-content/uploads/elementor/google-fonts/css/robotoslab.css?ver=1742280362 HTTP/1.1" 200 715 "https://parma.elettroservicegroup.it/" "AdsBot-Google (+http://www.google.com/adsbot.html)"
66.249.89.133 - - [11/Jun/2026:19:46:48 +0200] "GET /wp-content/plugins/complianz-gdpr-premium/assets/css/cookieblocker.min.css?ver=1780326315 HTTP/1.1" 200 615 "https://parma.elettroservicegroup.it/" "AdsBot-Google (+http://www.google.com/adsbot.html)"
66.249.89.133 - - [11/Jun/2026:19:46:49 +0200] "GET /wp-content/plugins/all-in-one-seo-pack/dist/Lite/assets/css/table-of-contents/global.e90f6d47.css?ver=4.9.7.2 HTTP/1.1" 200 420 "https://parma.elettroservicegroup.it/" "AdsBot-Google (+http://www.google.com/adsbot.html)"
66.249.89.133 - - [11/Jun/2026:19:46:49 +0200] "GET /wp-includes/js/jquery/jquery-migrate.min.js?ver=3.4.1 HTTP/1.1" 200 4685 "https://parma.elettroservicegroup.it/" "AdsBot-Google (+http://www.google.com/adsbot.html)"
66.249.89.133 - - [11/Jun/2026:19:46:50 +0200] "GET /wp-content/plugins/gp-premium/menu-plus/functions/js/sticky.min.js?ver=2.5.5 HTTP/1.1" 200 2670 "https://parma.elettroservicegroup.it/" "AdsBot-Google (+http://www.google.com/adsbot.html)"
66.249.89.133 - - [11/Jun/2026:19:46:50 +0200] "GET /wp-content/uploads/elementor/google-fonts/css/roboto.css?ver=1742280360 HTTP/1.1" 200 1880 "https://parma.elettroservicegroup.it/" "AdsBot-Google (+http://www.google.com/adsbot.html)"
66.249.89.133 - - [11/Jun/2026:19:46:51 +0200] "GET /wp-content/plugins/elementor/assets/lib/font-awesome/css/solid.css?ver=5.15.3 HTTP/1.1" 200 299 "https://parma.elettroservicegroup.it/" "AdsBot-Google (+http://www.google.com/adsbot.html)"
66.249.89.133 - - [11/Jun/2026:19:46:51 +0200] "GET /wp-content/plugins/elementor/assets/css/widget-social-icons.min.css?ver=3.24.0 HTTP/1.1" 200 1039 "https://parma.elettroservicegroup.it/" "AdsBot-Google (+http://www.google.com/adsbot.html)"
66.249.89.133 - - [11/Jun/2026:19:46:51 +0200] "GET /wp-includes/js/jquery/jquery.min.js?ver=3.7.1 HTTP/1.1" 200 29769 "https://parma.elettroservicegroup.it/" "AdsBot-Google (+http://www.google.com/adsbot.html)"
66.249.89.133 - - [11/Jun/2026:19:46:51 +0200] "GET /wp-content/plugins/elementor/assets/lib/font-awesome/css/regular.min.css?ver=5.15.3 HTTP/1.1" 200 282 "https://parma.elettroservicegroup.it/" "AdsBot-Google (+http://www.google.com/adsbot.html)"
66.249.89.133 - - [11/Jun/2026:19:46:52 +0200] "GET /wp-content/plugins/header-footer-elementor/inc/widgets-css/frontend.css?ver=2.8.8 HTTP/1.1" 200 8711 "https://parma.elettroservicegroup.it/" "AdsBot-Google (+http://www.google.com/adsbot.html)"
66.249.89.133 - - [11/Jun/2026:19:46:52 +0200] "GET /wp-content/plugins/elementor/assets/css/widget-image.min.css?ver=4.1.3 HTTP/1.1" 200 96 "https://parma.elettroservicegroup.it/assistenza-aeg-parma/" "AdsBot-Google (+http://www.google.com/adsbot.html)"
66.249.89.133 - - [11/Jun/2026:19:46:52 +0200] "GET /wp-content/plugins/elementor/assets/css/frontend.min.css?ver=4.1.3 HTTP/1.1" 200 6618 "https://parma.elettroservicegroup.it/assistenza-aeg-parma/" "AdsBot-Google (+http://www.google.com/adsbot.html)"
66.249.89.133 - - [11/Jun/2026:19:46:53 +0200] "GET /wp-content/plugins/elementor/assets/css/widget-spacer.min.css?ver=4.1.3 HTTP/1.1" 200 287 "https://parma.elettroservicegroup.it/assistenza-aeg-parma/" "AdsBot-Google (+http://www.google.com/adsbot.html)"
66.249.89.133 - - [11/Jun/2026:19:46:53 +0200] "GET /wp-content/plugins/elementor/assets/css/widget-heading.min.css?ver=4.1.3 HTTP/1.1" 200 127 "https://parma.elettroservicegroup.it/assistenza-aeg-parma/" "AdsBot-Google (+http://www.google.com/adsbot.html)"
66.249.89.133 - - [11/Jun/2026:19:46:53 +0200] "GET /wp-content/plugins/elementor/assets/lib/font-awesome/css/v4-shims.min.css?ver=4.1.3 HTTP/1.1" 200 3986 "https://parma.elettroservicegroup.it/assistenza-aeg-parma/" "AdsBot-Google (+http://www.google.com/adsbot.html)"
66.249.89.133 - - [11/Jun/2026:19:46:54 +0200] "GET /wp-content/uploads/elementor/css/post-14146.css?ver=1781190898 HTTP/1.1" 200 428 "https://parma.elettroservicegroup.it/assistenza-aeg-parma/" "AdsBot-Google (+http://www.google.com/adsbot.html)"
66.249.89.133 - - [11/Jun/2026:19:46:54 +0200] "GET /wp-content/plugins/elementor/assets/lib/font-awesome/css/all.min.css?ver=4.1.3 HTTP/1.1" 200 12402 "https://parma.elettroservicegroup.it/assistenza-aeg-parma/" "AdsBot-Google (+http://www.google.com/adsbot.html)"
66.249.89.133 - - [11/Jun/2026:19:46:55 +0200] "GET /wp-content/plugins/elementor/assets/css/widget-icon-list.min.css?ver=3.24.3 HTTP/1.1" 200 928 "https://parma.elettroservicegroup.it/assistenza-aeg-parma/" "AdsBot-Google (+http://www.google.com/adsbot.html)"
66.249.89.133 - - [11/Jun/2026:19:46:55 +0200] "GET /wp-content/plugins/elementor/assets/lib/animations/styles/bounceIn.min.css?ver=4.1.3 HTTP/1.1" 200 186 "https://parma.elettroservicegroup.it/assistenza-aeg-parma/" "AdsBot-Google (+http://www.google.com/adsbot.html)"
66.249.89.133 - - [11/Jun/2026:19:46:55 +0200] "GET /wp-content/uploads/elementor/css/post-14366.css?ver=1781190898 HTTP/1.1" 200 302 "https://parma.elettroservicegroup.it/assistenza-aeg-parma/" "AdsBot-Google (+http://www.google.com/adsbot.html)"
66.249.89.133 - - [11/Jun/2026:19:46:56 +0200] "GET /wp-content/uploads/elementor/css/post-17266.css?ver=1781195832 HTTP/1.1" 200 2169 "https://parma.elettroservicegroup.it/assistenza-aeg-parma/" "AdsBot-Google (+http://www.google.com/adsbot.html)"
66.249.89.133 - - [11/Jun/2026:19:46:56 +0200] "GET /wp-content/plugins/all-in-one-seo-pack/dist/Lite/assets/css/table-of-contents/global.e90f6d47.css?ver=4.9.7.2 HTTP/1.1" 200 420 "https://parma.elettroservicegroup.it/assistenza-aeg-parma/" "AdsBot-Google (+http://www.google.com/adsbot.html)"
66.249.89.133 - - [11/Jun/2026:19:46:56 +0200] "GET /wp-content/plugins/header-footer-elementor/inc/widgets-css/frontend.css?ver=2.8.8 HTTP/1.1" 200 8711 "https://parma.elettroservicegroup.it/assistenza-aeg-parma/" "AdsBot-Google (+http://www.google.com/adsbot.html)"
66.249.89.133 - - [11/Jun/2026:19:46:57 +0200] "GET /wp-content/plugins/elementor/assets/lib/font-awesome/css/brands.css?ver=5.15.3 HTTP/1.1" 200 298 "https://parma.elettroservicegroup.it/assistenza-aeg-parma/" "AdsBot-Google (+http://www.google.com/adsbot.html)"
66.249.89.133 - - [11/Jun/2026:19:46:57 +0200] "GET /wp-includes/js/jquery/jquery.min.js?ver=3.7.1 HTTP/1.1" 200 29769 "https://parma.elettroservicegroup.it/assistenza-aeg-parma/" "AdsBot-Google (+http://www.google.com/adsbot.html)"
66.249.89.133 - - [11/Jun/2026:19:46:57 +0200] "GET /wp-content/plugins/elementor/assets/lib/font-awesome/css/solid.css?ver=5.15.3 HTTP/1.1" 200 299 "https://parma.elettroservicegroup.it/assistenza-aeg-parma/" "AdsBot-Google (+http://www.google.com/adsbot.html)"
66.249.89.133 - - [11/Jun/2026:19:46:58 +0200] "GET /wp-content/plugins/elementor/assets/lib/eicons/css/elementor-icons.min.css?ver=5.49.0 HTTP/1.1" 200 4115 "https://parma.elettroservicegroup.it/assistenza-aeg-parma/" "AdsBot-Google (+http://www.google.com/adsbot.html)"
66.249.89.133 - - [11/Jun/2026:19:46:58 +0200] "GET /wp-content/uploads/elementor/google-fonts/css/roboto.css?ver=1742280360 HTTP/1.1" 200 1880 "https://parma.elettroservicegroup.it/assistenza-aeg-parma/" "AdsBot-Google (+http://www.google.com/adsbot.html)"
66.249.89.133 - - [11/Jun/2026:19:46:58 +0200] "GET /wp-content/plugins/elementor/assets/lib/animations/styles/zoomIn.min.css?ver=4.1.3 HTTP/1.1" 200 87 "https://parma.elettroservicegroup.it/assistenza-aeg-parma/" "AdsBot-Google (+http://www.google.com/adsbot.html)"
66.249.89.133 - - [11/Jun/2026:19:46:59 +0200] "GET /wp-content/plugins/elementor/assets/lib/font-awesome/css/regular.min.css?ver=5.15.3 HTTP/1.1" 200 282 "https://parma.elettroservicegroup.it/assistenza-aeg-parma/" "AdsBot-Google (+http://www.google.com/adsbot.html)"
66.249.89.134 - - [11/Jun/2026:19:46:59 +0200] "GET /wp-content/plugins/gp-premium/menu-plus/functions/js/sticky.min.js?ver=2.5.5 HTTP/1.1" 200 2670 "https://parma.elettroservicegroup.it/assistenza-aeg-parma/" "AdsBot-Google (+http://www.google.com/adsbot.html)"
66.249.89.133 - - [11/Jun/2026:19:47:00 +0200] "GET /wp-content/plugins/complianz-gdpr-premium/assets/css/cookieblocker.min.css?ver=1780326315 HTTP/1.1" 200 615 "https://parma.elettroservicegroup.it/assistenza-aeg-parma/" "AdsBot-Google (+http://www.google.com/adsbot.html)"
66.249.89.133 - - [11/Jun/2026:19:47:00 +0200] "GET /wp-includes/js/jquery/jquery-migrate.min.js?ver=3.4.1 HTTP/1.1" 200 4685 "https://parma.elettroservicegroup.it/assistenza-aeg-parma/" "AdsBot-Google (+http://www.google.com/adsbot.html)"
66.249.89.134 - - [11/Jun/2026:19:47:01 +0200] "GET /wp-content/plugins/header-footer-elementor/assets/css/header-footer-elementor.css?ver=2.8.8 HTTP/1.1" 200 260 "https://parma.elettroservicegroup.it/assistenza-aeg-parma/" "AdsBot-Google (+http://www.google.com/adsbot.html)"
66.249.89.134 - - [11/Jun/2026:19:47:01 +0200] "GET /wp-content/plugins/gp-premium/menu-plus/functions/css/navigation-branding-flex.min.css?ver=2.5.5 HTTP/1.1" 200 542 "https://parma.elettroservicegroup.it/assistenza-aeg-parma/" "AdsBot-Google (+http://www.google.com/adsbot.html)"
66.249.89.133 - - [11/Jun/2026:19:47:14 +0200] "GET /wp-content/plugins/elementor/assets/js/frontend-modules.min.js?ver=4.1.3 HTTP/1.1" 200 15454 "https://parma.elettroservicegroup.it/" "AdsBot-Google (+http://www.google.com/adsbot.html)"
66.249.89.133 - - [11/Jun/2026:19:47:15 +0200] "GET /wp-includes/js/jquery/ui/core.min.js?ver=1.13.3 HTTP/1.1" 200 6820 "https://parma.elettroservicegroup.it/" "AdsBot-Google (+http://www.google.com/adsbot.html)"
66.249.89.133 - - [11/Jun/2026:19:47:18 +0200] "GET /wp-content/plugins/elementor/assets/js/frontend.min.js?ver=4.1.3 HTTP/1.1" 200 10140 "https://parma.elettroservicegroup.it/" "AdsBot-Google (+http://www.google.com/adsbot.html)"
66.249.89.133 - - [11/Jun/2026:19:47:18 +0200] "GET /wp-content/uploads/burst/js/burst.min.js?ver=1781171615 HTTP/1.1" 200 3381 "https://parma.elettroservicegroup.it/" "AdsBot-Google (+http://www.google.com/adsbot.html)"
66.249.89.133 - - [11/Jun/2026:19:47:19 +0200] "GET /wp-content/themes/generatepress/assets/js/back-to-top.min.js?ver=3.6.1 HTTP/1.1" 200 336 "https://parma.elettroservicegroup.it/" "AdsBot-Google (+http://www.google.com/adsbot.html)"
66.249.89.133 - - [11/Jun/2026:19:47:19 +0200] "GET /wp-content/themes/generatepress/assets/js/menu.min.js?ver=3.6.1 HTTP/1.1" 200 1688 "https://parma.elettroservicegroup.it/" "AdsBot-Google (+http://www.google.com/adsbot.html)"
66.249.89.133 - - [11/Jun/2026:19:47:21 +0200] "GET /wp-content/plugins/burst-statistics/assets/js/timeme/timeme.min.js?ver=1780499187 HTTP/1.1" 200 1835 "https://parma.elettroservicegroup.it/" "AdsBot-Google (+http://www.google.com/adsbot.html)"
66.249.89.133 - - [11/Jun/2026:19:47:22 +0200] "GET /wp-content/plugins/complianz-gdpr-premium/cookiebanner/js/complianz.min.js?ver=1780326315 HTTP/1.1" 200 10708 "https://parma.elettroservicegroup.it/" "AdsBot-Google (+http://www.google.com/adsbot.html)"
66.249.89.133 - - [11/Jun/2026:19:47:22 +0200] "GET /wp-content/plugins/elementor/assets/js/frontend-modules.min.js?ver=4.1.3 HTTP/1.1" 200 15454 "https://parma.elettroservicegroup.it/assistenza-aeg-parma/" "AdsBot-Google (+http://www.google.com/adsbot.html)"
66.249.89.133 - - [11/Jun/2026:19:47:22 +0200] "GET /wp-includes/js/jquery/ui/core.min.js?ver=1.13.3 HTTP/1.1" 200 6820 "https://parma.elettroservicegroup.it/assistenza-aeg-parma/" "AdsBot-Google (+http://www.google.com/adsbot.html)"
66.249.89.133 - - [11/Jun/2026:19:47:26 +0200] "GET /wp-content/uploads/elementor/google-fonts/fonts/roboto-kfo7cnqeu92fr1me7ksn66agldtyluama3yuba.woff2 HTTP/1.1" 200 40132 "https://parma.elettroservicegroup.it/wp-content/uploads/elementor/google-fonts/css/roboto.css?ver=1742280360" "AdsBot-Google (+http://www.google.com/adsbot.html)"
66.249.89.133 - - [11/Jun/2026:19:47:26 +0200] "GET /wp-content/plugins/elementor/assets/lib/font-awesome/webfonts/fa-regular-400.woff2 HTTP/1.1" 200 13277 "https://parma.elettroservicegroup.it/wp-content/plugins/elementor/assets/lib/font-awesome/css/all.min.css?ver=4.1.3" "AdsBot-Google (+http://www.google.com/adsbot.html)"
66.249.89.133 - - [11/Jun/2026:19:47:26 +0200] "GET /wp-content/plugins/elementor/assets/lib/font-awesome/webfonts/fa-solid-900.woff2 HTTP/1.1" 200 78201 "https://parma.elettroservicegroup.it/wp-content/plugins/elementor/assets/lib/font-awesome/css/all.min.css?ver=4.1.3" "AdsBot-Google (+http://www.google.com/adsbot.html)"
66.249.89.133 - - [11/Jun/2026:19:47:26 +0200] "GET /wp-content/plugins/elementor/assets/js/frontend.min.js?ver=4.1.3 HTTP/1.1" 200 10140 "https://parma.elettroservicegroup.it/assistenza-aeg-parma/" "AdsBot-Google (+http://www.google.com/adsbot.html)"
66.249.89.133 - - [11/Jun/2026:19:47:27 +0200] "GET /wp-content/themes/generatepress/assets/js/menu.min.js?ver=3.6.1 HTTP/1.1" 200 1688 "https://parma.elettroservicegroup.it/assistenza-aeg-parma/" "AdsBot-Google (+http://www.google.com/adsbot.html)"
66.249.89.133 - - [11/Jun/2026:19:47:29 +0200] "GET /wp-content/themes/generatepress/assets/js/back-to-top.min.js?ver=3.6.1 HTTP/1.1" 200 336 "https://parma.elettroservicegroup.it/assistenza-aeg-parma/" "AdsBot-Google (+http://www.google.com/adsbot.html)"
66.249.89.133 - - [11/Jun/2026:19:47:29 +0200] "GET /wp-content/plugins/burst-statistics/assets/js/timeme/timeme.min.js?ver=1780499187 HTTP/1.1" 200 1835 "https://parma.elettroservicegroup.it/assistenza-aeg-parma/" "AdsBot-Google (+http://www.google.com/adsbot.html)"
66.249.89.133 - - [11/Jun/2026:19:47:30 +0200] "GET /wp-content/uploads/burst/js/burst.min.js?ver=1781171615 HTTP/1.1" 200 3381 "https://parma.elettroservicegroup.it/assistenza-aeg-parma/" "AdsBot-Google (+http://www.google.com/adsbot.html)"
66.249.89.133 - - [11/Jun/2026:19:47:30 +0200] "GET /wp-content/plugins/complianz-gdpr-premium/cookiebanner/js/complianz.min.js?ver=1780326315 HTTP/1.1" 200 10708 "https://parma.elettroservicegroup.it/assistenza-aeg-parma/" "AdsBot-Google (+http://www.google.com/adsbot.html)"
66.249.89.133 - - [11/Jun/2026:19:47:32 +0200] "GET /wp-content/uploads/elementor/google-fonts/fonts/roboto-kfo7cnqeu92fr1me7ksn66agldtyluama3yuba.woff2 HTTP/1.1" 304 - "https://parma.elettroservicegroup.it/wp-content/uploads/elementor/google-fonts/css/roboto.css?ver=1742280360" "AdsBot-Google (+http://www.google.com/adsbot.html)"
66.249.89.133 - - [11/Jun/2026:19:47:32 +0200] "GET /wp-content/plugins/elementor/assets/lib/font-awesome/webfonts/fa-solid-900.woff2 HTTP/1.1" 304 - "https://parma.elettroservicegroup.it/wp-content/plugins/elementor/assets/lib/font-awesome/css/all.min.css?ver=4.1.3" "AdsBot-Google (+http://www.google.com/adsbot.html)"
66.249.89.133 - - [11/Jun/2026:19:47:33 +0200] "GET /wp-content/plugins/elementor/assets/lib/font-awesome/webfonts/fa-regular-400.woff2 HTTP/1.1" 304 - "https://parma.elettroservicegroup.it/wp-content/plugins/elementor/assets/lib/font-awesome/css/all.min.css?ver=4.1.3" "AdsBot-Google (+http://www.google.com/adsbot.html)"
65.108.235.243 - - [11/Jun/2026:19:47:34 +0200] "POST /wp-cron.php?doing_wp_cron=1781200054.4448568820953369140625 HTTP/1.1" 200 1 "-" "WordPress/7.0; https://parma.elettroservicegroup.it"
66.249.89.133 - - [11/Jun/2026:19:47:32 +0200] "GET /wp-json/complianz/v1/banner?lang=it&locale=it_IT&token=lcps HTTP/1.1" 200 84 "https://parma.elettroservicegroup.it/assistenza-aeg-parma/" "AdsBot-Google (+http://www.google.com/adsbot.html)"
66.249.89.133 - - [11/Jun/2026:19:47:35 +0200] "GET /wp-content/uploads/complianz/css/banner-1-optin.css?v=46 HTTP/1.1" 200 2617 "https://parma.elettroservicegroup.it/assistenza-aeg-parma/" "AdsBot-Google (+http://www.google.com/adsbot.html)"
66.249.89.133 - - [11/Jun/2026:19:47:35 +0200] "GET /wp-json/complianz/v1/cookie_data HTTP/1.1" 200 81 "https://parma.elettroservicegroup.it/assistenza-aeg-parma/" "AdsBot-Google (+http://www.google.com/adsbot.html)"
66.249.89.133 - - [11/Jun/2026:19:47:39 +0200] "GET /wp-content/plugins/elementor/assets/js/shared-frontend-handlers.03caa53373b56d3bab67.bundle.min.js HTTP/1.1" 200 2515 "https://parma.elettroservicegroup.it/" "AdsBot-Google (+http://www.google.com/adsbot.html)"
66.249.89.133 - - [11/Jun/2026:19:47:40 +0200] "GET /wp-content/plugins/elementor/assets/js/text-editor.45609661e409413f1cef.bundle.min.js HTTP/1.1" 200 592 "https://parma.elettroservicegroup.it/" "AdsBot-Google (+http://www.google.com/adsbot.html)"
66.249.89.133 - - [11/Jun/2026:19:47:40 +0200] "GET /wp-content/plugins/elementor/assets/js/section-frontend-handlers.d85ab872da118940910d.bundle.min.js HTTP/1.1" 200 230 "https://parma.elettroservicegroup.it/" "AdsBot-Google (+http://www.google.com/adsbot.html)"
66.249.64.69 - - [11/Jun/2026:19:48:06 +0200] "GET /wp-content/uploads/2021/11/asko-e1634463631713-1024x675.jpg HTTP/1.1" 304 - "-" "Googlebot-Image/1.0"
65.108.235.243 - - [11/Jun/2026:19:48:25 +0200] "POST /wp-cron.php?doing_wp_cron=1781200105.8475859165191650390625 HTTP/1.1" 200 1 "-" "WordPress/7.0; https://parma.elettroservicegroup.it"
43.130.14.245 - - [11/Jun/2026:19:48:16 +0200] "GET /assistenza-bosch-parma/ HTTP/1.1" 200 150486 "-" "Mozilla/5.0 (iPhone; CPU iPhone OS 13_2_3 like Mac OS X) AppleWebKit/605.1.15 (KHTML, like Gecko) Version/13.0.3 Mobile/15E148 Safari/604.1"
65.108.235.243 - - [11/Jun/2026:19:49:52 +0200] "POST /wp-cron.php?doing_wp_cron=1781200192.1511549949645996093750 HTTP/1.1" 200 1 "-" "WordPress/7.0; https://parma.elettroservicegroup.it"
52.167.144.156 - - [11/Jun/2026:19:49:49 +0200] "GET /peut-on-jouer-gratuitement-aux-machines-sur-casino-770/ HTTP/2.0" 404 16905 "-" "Mozilla/5.0 AppleWebKit/537.36 (KHTML, like Gecko; compatible; bingbot/2.0; +http://www.bing.com/bingbot.htm) Chrome/116.0.1938.76 Safari/537.36"
