65.108.235.243 - - [11/Jun/2026:19:57:51 +0200] "POST /wp-cron.php?doing_wp_cron=1781200671.2621860504150390625000 HTTP/1.1" 200 1 "-" "WordPress/7.0; https://parma.elettroservicegroup.it"
49.51.203.164 - - [11/Jun/2026:19:57:47 +0200] "GET /wp-json/oembed/1.0/embed?url=https%3A%2F%2Fparma.elettroservicegroup.it%2Fassistenza-bosch-parma%2F&format=xml HTTP/1.1" 200 2354 "-" "Mozilla/5.0 (iPhone; CPU iPhone OS 13_2_3 like Mac OS X) AppleWebKit/605.1.15 (KHTML, like Gecko) Version/13.0.3 Mobile/15E148 Safari/604.1"
65.108.235.243 - - [11/Jun/2026:20:05:45 +0200] "POST /wp-cron.php?doing_wp_cron=1781201145.0391590595245361328125 HTTP/1.1" 200 1 "-" "WordPress/7.0; https://parma.elettroservicegroup.it"
43.157.179.227 - - [11/Jun/2026:20:05:38 +0200] "GET / HTTP/1.1" 200 165231 "-" "Mozilla/5.0 (iPhone; CPU iPhone OS 13_2_3 like Mac OS X) AppleWebKit/605.1.15 (KHTML, like Gecko) Version/13.0.3 Mobile/15E148 Safari/604.1"
65.108.235.243 - - [11/Jun/2026:20:08:28 +0200] "POST /wp-cron.php?doing_wp_cron=1781201308.0950429439544677734375 HTTP/1.1" 200 1 "-" "WordPress/7.0; https://parma.elettroservicegroup.it"
79.45.60.160 - - [11/Jun/2026:20:08:24 +0200] "GET /assistenza-siemens-parma/ HTTP/2.0" 200 22808 "-" "Mozilla/5.0 (Linux; Android 10; K) AppleWebKit/537.36 (KHTML, like Gecko) SamsungBrowser/30.0 Chrome/143.0.0.0 Mobile Safari/537.36"
79.45.60.160 - - [11/Jun/2026:20:08:28 +0200] "GET /wp-content/plugins/header-footer-elementor/assets/css/header-footer-elementor.css?ver=2.8.8 HTTP/2.0" 200 260 "https://parma.elettroservicegroup.it/assistenza-siemens-parma/" "Mozilla/5.0 (Linux; Android 10; K) AppleWebKit/537.36 (KHTML, like Gecko) SamsungBrowser/30.0 Chrome/143.0.0.0 Mobile Safari/537.36"
79.45.60.160 - - [11/Jun/2026:20:08:28 +0200] "GET /wp-content/plugins/all-in-one-seo-pack/dist/Lite/assets/css/table-of-contents/global.e90f6d47.css?ver=4.9.7.2 HTTP/2.0" 200 420 "https://parma.elettroservicegroup.it/assistenza-siemens-parma/" "Mozilla/5.0 (Linux; Android 10; K) AppleWebKit/537.36 (KHTML, like Gecko) SamsungBrowser/30.0 Chrome/143.0.0.0 Mobile Safari/537.36"
79.45.60.160 - - [11/Jun/2026:20:08:28 +0200] "GET /wp-content/plugins/complianz-gdpr-premium/assets/css/cookieblocker.min.css?ver=1780326315 HTTP/2.0" 200 615 "https://parma.elettroservicegroup.it/assistenza-siemens-parma/" "Mozilla/5.0 (Linux; Android 10; K) AppleWebKit/537.36 (KHTML, like Gecko) SamsungBrowser/30.0 Chrome/143.0.0.0 Mobile Safari/537.36"
79.45.60.160 - - [11/Jun/2026:20:08:28 +0200] "GET /wp-content/uploads/elementor/css/post-14146.css?ver=1781190898 HTTP/2.0" 200 428 "https://parma.elettroservicegroup.it/assistenza-siemens-parma/" "Mozilla/5.0 (Linux; Android 10; K) AppleWebKit/537.36 (KHTML, like Gecko) SamsungBrowser/30.0 Chrome/143.0.0.0 Mobile Safari/537.36"
79.45.60.160 - - [11/Jun/2026:20:08:28 +0200] "GET /wp-content/plugins/elementor/assets/css/widget-spacer.min.css?ver=4.1.3 HTTP/2.0" 200 287 "https://parma.elettroservicegroup.it/assistenza-siemens-parma/" "Mozilla/5.0 (Linux; Android 10; K) AppleWebKit/537.36 (KHTML, like Gecko) SamsungBrowser/30.0 Chrome/143.0.0.0 Mobile Safari/537.36"
79.45.60.160 - - [11/Jun/2026:20:08:28 +0200] "GET /wp-content/plugins/elementor/assets/lib/animations/styles/bounceIn.min.css?ver=4.1.3 HTTP/2.0" 200 186 "https://parma.elettroservicegroup.it/assistenza-siemens-parma/" "Mozilla/5.0 (Linux; Android 10; K) AppleWebKit/537.36 (KHTML, like Gecko) SamsungBrowser/30.0 Chrome/143.0.0.0 Mobile Safari/537.36"
79.45.60.160 - - [11/Jun/2026:20:08:28 +0200] "GET /wp-content/plugins/elementor/assets/lib/eicons/css/elementor-icons.min.css?ver=5.49.0 HTTP/2.0" 200 4115 "https://parma.elettroservicegroup.it/assistenza-siemens-parma/" "Mozilla/5.0 (Linux; Android 10; K) AppleWebKit/537.36 (KHTML, like Gecko) SamsungBrowser/30.0 Chrome/143.0.0.0 Mobile Safari/537.36"
79.45.60.160 - - [11/Jun/2026:20:08:28 +0200] "GET /wp-content/plugins/elementor/assets/css/widget-heading.min.css?ver=4.1.3 HTTP/2.0" 200 127 "https://parma.elettroservicegroup.it/assistenza-siemens-parma/" "Mozilla/5.0 (Linux; Android 10; K) AppleWebKit/537.36 (KHTML, like Gecko) SamsungBrowser/30.0 Chrome/143.0.0.0 Mobile Safari/537.36"
79.45.60.160 - - [11/Jun/2026:20:08:28 +0200] "GET /wp-content/plugins/elementor/assets/lib/font-awesome/css/v4-shims.min.css?ver=4.1.3 HTTP/2.0" 200 3986 "https://parma.elettroservicegroup.it/assistenza-siemens-parma/" "Mozilla/5.0 (Linux; Android 10; K) AppleWebKit/537.36 (KHTML, like Gecko) SamsungBrowser/30.0 Chrome/143.0.0.0 Mobile Safari/537.36"
79.45.60.160 - - [11/Jun/2026:20:08:28 +0200] "GET /wp-content/plugins/elementor/assets/css/frontend.min.css?ver=4.1.3 HTTP/2.0" 200 6618 "https://parma.elettroservicegroup.it/assistenza-siemens-parma/" "Mozilla/5.0 (Linux; Android 10; K) AppleWebKit/537.36 (KHTML, like Gecko) SamsungBrowser/30.0 Chrome/143.0.0.0 Mobile Safari/537.36"
79.45.60.160 - - [11/Jun/2026:20:08:28 +0200] "GET /wp-content/plugins/elementor/assets/css/widget-image.min.css?ver=4.1.3 HTTP/2.0" 200 96 "https://parma.elettroservicegroup.it/assistenza-siemens-parma/" "Mozilla/5.0 (Linux; Android 10; K) AppleWebKit/537.36 (KHTML, like Gecko) SamsungBrowser/30.0 Chrome/143.0.0.0 Mobile Safari/537.36"
79.45.60.160 - - [11/Jun/2026:20:08:28 +0200] "GET /wp-content/plugins/header-footer-elementor/inc/widgets-css/frontend.css?ver=2.8.8 HTTP/2.0" 200 8711 "https://parma.elettroservicegroup.it/assistenza-siemens-parma/" "Mozilla/5.0 (Linux; Android 10; K) AppleWebKit/537.36 (KHTML, like Gecko) SamsungBrowser/30.0 Chrome/143.0.0.0 Mobile Safari/537.36"
79.45.60.160 - - [11/Jun/2026:20:08:28 +0200] "GET /wp-content/plugins/elementor/assets/lib/font-awesome/css/all.min.css?ver=4.1.3 HTTP/2.0" 200 12402 "https://parma.elettroservicegroup.it/assistenza-siemens-parma/" "Mozilla/5.0 (Linux; Android 10; K) AppleWebKit/537.36 (KHTML, like Gecko) SamsungBrowser/30.0 Chrome/143.0.0.0 Mobile Safari/537.36"
79.45.60.160 - - [11/Jun/2026:20:08:28 +0200] "GET /wp-content/plugins/elementor/assets/lib/animations/styles/zoomIn.min.css?ver=4.1.3 HTTP/2.0" 200 87 "https://parma.elettroservicegroup.it/assistenza-siemens-parma/" "Mozilla/5.0 (Linux; Android 10; K) AppleWebKit/537.36 (KHTML, like Gecko) SamsungBrowser/30.0 Chrome/143.0.0.0 Mobile Safari/537.36"
79.45.60.160 - - [11/Jun/2026:20:08:28 +0200] "GET /wp-content/uploads/elementor/css/post-14366.css?ver=1781190898 HTTP/2.0" 200 302 "https://parma.elettroservicegroup.it/assistenza-siemens-parma/" "Mozilla/5.0 (Linux; Android 10; K) AppleWebKit/537.36 (KHTML, like Gecko) SamsungBrowser/30.0 Chrome/143.0.0.0 Mobile Safari/537.36"
79.45.60.160 - - [11/Jun/2026:20:08:28 +0200] "GET /wp-content/uploads/elementor/css/post-17357.css?ver=1781201307 HTTP/2.0" 200 2169 "https://parma.elettroservicegroup.it/assistenza-siemens-parma/" "Mozilla/5.0 (Linux; Android 10; K) AppleWebKit/537.36 (KHTML, like Gecko) SamsungBrowser/30.0 Chrome/143.0.0.0 Mobile Safari/537.36"
79.45.60.160 - - [11/Jun/2026:20:08:28 +0200] "GET /wp-content/themes/generatepress/assets/css/main.min.css?ver=3.6.1 HTTP/2.0" 200 4410 "https://parma.elettroservicegroup.it/assistenza-siemens-parma/" "Mozilla/5.0 (Linux; Android 10; K) AppleWebKit/537.36 (KHTML, like Gecko) SamsungBrowser/30.0 Chrome/143.0.0.0 Mobile Safari/537.36"
79.45.60.160 - - [11/Jun/2026:20:08:28 +0200] "GET /wp-content/plugins/elementor/assets/lib/eicons/css/elementor-icons.min.css?ver=5.34.0 HTTP/2.0" 200 4115 "https://parma.elettroservicegroup.it/assistenza-siemens-parma/" "Mozilla/5.0 (Linux; Android 10; K) AppleWebKit/537.36 (KHTML, like Gecko) SamsungBrowser/30.0 Chrome/143.0.0.0 Mobile Safari/537.36"
79.45.60.160 - - [11/Jun/2026:20:08:28 +0200] "GET /wp-content/uploads/2021/10/cropped-logo_white_background.png HTTP/2.0" 200 16623 "https://parma.elettroservicegroup.it/assistenza-siemens-parma/" "Mozilla/5.0 (Linux; Android 10; K) AppleWebKit/537.36 (KHTML, like Gecko) SamsungBrowser/30.0 Chrome/143.0.0.0 Mobile Safari/537.36"
79.45.60.160 - - [11/Jun/2026:20:08:28 +0200] "GET /wp-content/plugins/elementor/assets/lib/font-awesome/css/brands.css?ver=5.15.3 HTTP/2.0" 200 298 "https://parma.elettroservicegroup.it/assistenza-siemens-parma/" "Mozilla/5.0 (Linux; Android 10; K) AppleWebKit/537.36 (KHTML, like Gecko) SamsungBrowser/30.0 Chrome/143.0.0.0 Mobile Safari/537.36"
79.45.60.160 - - [11/Jun/2026:20:08:28 +0200] "GET /wp-content/plugins/elementor/assets/lib/font-awesome/css/solid.css?ver=5.15.3 HTTP/2.0" 200 299 "https://parma.elettroservicegroup.it/assistenza-siemens-parma/" "Mozilla/5.0 (Linux; Android 10; K) AppleWebKit/537.36 (KHTML, like Gecko) SamsungBrowser/30.0 Chrome/143.0.0.0 Mobile Safari/537.36"
79.45.60.160 - - [11/Jun/2026:20:08:28 +0200] "GET /wp-content/plugins/elementor/assets/lib/font-awesome/css/solid.min.css?ver=5.15.3 HTTP/2.0" 200 286 "https://parma.elettroservicegroup.it/assistenza-siemens-parma/" "Mozilla/5.0 (Linux; Android 10; K) AppleWebKit/537.36 (KHTML, like Gecko) SamsungBrowser/30.0 Chrome/143.0.0.0 Mobile Safari/537.36"
79.45.60.160 - - [11/Jun/2026:20:08:28 +0200] "GET /wp-content/plugins/elementor/assets/lib/font-awesome/css/regular.min.css?ver=5.15.3 HTTP/2.0" 200 282 "https://parma.elettroservicegroup.it/assistenza-siemens-parma/" "Mozilla/5.0 (Linux; Android 10; K) AppleWebKit/537.36 (KHTML, like Gecko) SamsungBrowser/30.0 Chrome/143.0.0.0 Mobile Safari/537.36"
79.45.60.160 - - [11/Jun/2026:20:08:28 +0200] "GET /wp-content/uploads/2021/10/cropped-cropped-cropped-logo_white_background.png HTTP/2.0" 200 38971 "https://parma.elettroservicegroup.it/assistenza-siemens-parma/" "Mozilla/5.0 (Linux; Android 10; K) AppleWebKit/537.36 (KHTML, like Gecko) SamsungBrowser/30.0 Chrome/143.0.0.0 Mobile Safari/537.36"
79.45.60.160 - - [11/Jun/2026:20:08:28 +0200] "GET /wp-content/plugins/elementor/assets/css/widget-icon-list.min.css?ver=3.24.3 HTTP/2.0" 200 928 "https://parma.elettroservicegroup.it/assistenza-siemens-parma/" "Mozilla/5.0 (Linux; Android 10; K) AppleWebKit/537.36 (KHTML, like Gecko) SamsungBrowser/30.0 Chrome/143.0.0.0 Mobile Safari/537.36"
79.45.60.160 - - [11/Jun/2026:20:08:28 +0200] "GET /wp-content/plugins/elementor/assets/css/widget-social-icons.min.css?ver=3.24.0 HTTP/2.0" 200 1039 "https://parma.elettroservicegroup.it/assistenza-siemens-parma/" "Mozilla/5.0 (Linux; Android 10; K) AppleWebKit/537.36 (KHTML, like Gecko) SamsungBrowser/30.0 Chrome/143.0.0.0 Mobile Safari/537.36"
79.45.60.160 - - [11/Jun/2026:20:08:28 +0200] "GET /wp-content/plugins/elementor/assets/lib/font-awesome/css/fontawesome.css?ver=5.15.3 HTTP/2.0" 200 12535 "https://parma.elettroservicegroup.it/assistenza-siemens-parma/" "Mozilla/5.0 (Linux; Android 10; K) AppleWebKit/537.36 (KHTML, like Gecko) SamsungBrowser/30.0 Chrome/143.0.0.0 Mobile Safari/537.36"
79.45.60.160 - - [11/Jun/2026:20:08:28 +0200] "GET /wp-content/plugins/gp-premium/menu-plus/functions/css/navigation-branding-flex.min.css?ver=2.5.5 HTTP/2.0" 200 542 "https://parma.elettroservicegroup.it/assistenza-siemens-parma/" "Mozilla/5.0 (Linux; Android 10; K) AppleWebKit/537.36 (KHTML, like Gecko) SamsungBrowser/30.0 Chrome/143.0.0.0 Mobile Safari/537.36"
79.45.60.160 - - [11/Jun/2026:20:08:28 +0200] "GET /wp-content/uploads/elementor/google-fonts/css/roboto.css?ver=1742280360 HTTP/2.0" 200 1880 "https://parma.elettroservicegroup.it/assistenza-siemens-parma/" "Mozilla/5.0 (Linux; Android 10; K) AppleWebKit/537.36 (KHTML, like Gecko) SamsungBrowser/30.0 Chrome/143.0.0.0 Mobile Safari/537.36"
79.45.60.160 - - [11/Jun/2026:20:08:28 +0200] "GET /wp-content/uploads/elementor/google-fonts/css/robotoslab.css?ver=1742280362 HTTP/2.0" 200 715 "https://parma.elettroservicegroup.it/assistenza-siemens-parma/" "Mozilla/5.0 (Linux; Android 10; K) AppleWebKit/537.36 (KHTML, like Gecko) SamsungBrowser/30.0 Chrome/143.0.0.0 Mobile Safari/537.36"
79.45.60.160 - - [11/Jun/2026:20:08:28 +0200] "GET /wp-content/plugins/elementor/assets/lib/font-awesome/css/fontawesome.min.css?ver=5.15.3 HTTP/2.0" 200 12179 "https://parma.elettroservicegroup.it/assistenza-siemens-parma/" "Mozilla/5.0 (Linux; Android 10; K) AppleWebKit/537.36 (KHTML, like Gecko) SamsungBrowser/30.0 Chrome/143.0.0.0 Mobile Safari/537.36"
79.45.60.160 - - [11/Jun/2026:20:08:28 +0200] "GET /wp-includes/js/jquery/jquery.min.js?ver=3.7.1 HTTP/2.0" 200 29769 "https://parma.elettroservicegroup.it/assistenza-siemens-parma/" "Mozilla/5.0 (Linux; Android 10; K) AppleWebKit/537.36 (KHTML, like Gecko) SamsungBrowser/30.0 Chrome/143.0.0.0 Mobile Safari/537.36"
79.45.60.160 - - [11/Jun/2026:20:08:28 +0200] "GET /wp-content/plugins/elementor/assets/lib/font-awesome/js/v4-shims.min.js?ver=4.1.3 HTTP/2.0" 200 4043 "https://parma.elettroservicegroup.it/assistenza-siemens-parma/" "Mozilla/5.0 (Linux; Android 10; K) AppleWebKit/537.36 (KHTML, like Gecko) SamsungBrowser/30.0 Chrome/143.0.0.0 Mobile Safari/537.36"
79.45.60.160 - - [11/Jun/2026:20:08:28 +0200] "GET /wp-includes/js/jquery/jquery-migrate.min.js?ver=3.4.1 HTTP/2.0" 200 4685 "https://parma.elettroservicegroup.it/assistenza-siemens-parma/" "Mozilla/5.0 (Linux; Android 10; K) AppleWebKit/537.36 (KHTML, like Gecko) SamsungBrowser/30.0 Chrome/143.0.0.0 Mobile Safari/537.36"
79.45.60.160 - - [11/Jun/2026:20:08:28 +0200] "GET /wp-content/plugins/gp-premium/menu-plus/functions/js/sticky.min.js?ver=2.5.5 HTTP/2.0" 200 2670 "https://parma.elettroservicegroup.it/assistenza-siemens-parma/" "Mozilla/5.0 (Linux; Android 10; K) AppleWebKit/537.36 (KHTML, like Gecko) SamsungBrowser/30.0 Chrome/143.0.0.0 Mobile Safari/537.36"
79.45.60.160 - - [11/Jun/2026:20:08:28 +0200] "GET /wp-content/plugins/elementor/assets/js/webpack.runtime.min.js?ver=4.1.3 HTTP/2.0" 200 2340 "https://parma.elettroservicegroup.it/assistenza-siemens-parma/" "Mozilla/5.0 (Linux; Android 10; K) AppleWebKit/537.36 (KHTML, like Gecko) SamsungBrowser/30.0 Chrome/143.0.0.0 Mobile Safari/537.36"
79.45.60.160 - - [11/Jun/2026:20:08:28 +0200] "GET /wp-includes/js/jquery/ui/core.min.js?ver=1.13.3 HTTP/2.0" 200 6820 "https://parma.elettroservicegroup.it/assistenza-siemens-parma/" "Mozilla/5.0 (Linux; Android 10; K) AppleWebKit/537.36 (KHTML, like Gecko) SamsungBrowser/30.0 Chrome/143.0.0.0 Mobile Safari/537.36"
79.45.60.160 - - [11/Jun/2026:20:08:28 +0200] "GET /wp-content/plugins/elementor/assets/js/frontend-modules.min.js?ver=4.1.3 HTTP/2.0" 200 15454 "https://parma.elettroservicegroup.it/assistenza-siemens-parma/" "Mozilla/5.0 (Linux; Android 10; K) AppleWebKit/537.36 (KHTML, like Gecko) SamsungBrowser/30.0 Chrome/143.0.0.0 Mobile Safari/537.36"
79.45.60.160 - - [11/Jun/2026:20:08:28 +0200] "GET /wp-content/themes/generatepress/assets/js/back-to-top.min.js?ver=3.6.1 HTTP/2.0" 200 336 "https://parma.elettroservicegroup.it/assistenza-siemens-parma/" "Mozilla/5.0 (Linux; Android 10; K) AppleWebKit/537.36 (KHTML, like Gecko) SamsungBrowser/30.0 Chrome/143.0.0.0 Mobile Safari/537.36"
79.45.60.160 - - [11/Jun/2026:20:08:28 +0200] "GET /wp-content/themes/generatepress/assets/js/menu.min.js?ver=3.6.1 HTTP/2.0" 200 1688 "https://parma.elettroservicegroup.it/assistenza-siemens-parma/" "Mozilla/5.0 (Linux; Android 10; K) AppleWebKit/537.36 (KHTML, like Gecko) SamsungBrowser/30.0 Chrome/143.0.0.0 Mobile Safari/537.36"
79.45.60.160 - - [11/Jun/2026:20:08:28 +0200] "GET /wp-content/plugins/elementor/assets/js/frontend.min.js?ver=4.1.3 HTTP/2.0" 200 10140 "https://parma.elettroservicegroup.it/assistenza-siemens-parma/" "Mozilla/5.0 (Linux; Android 10; K) AppleWebKit/537.36 (KHTML, like Gecko) SamsungBrowser/30.0 Chrome/143.0.0.0 Mobile Safari/537.36"
79.45.60.160 - - [11/Jun/2026:20:08:28 +0200] "GET /wp-content/uploads/burst/js/burst.min.js?ver=1781171615 HTTP/2.0" 200 3381 "https://parma.elettroservicegroup.it/assistenza-siemens-parma/" "Mozilla/5.0 (Linux; Android 10; K) AppleWebKit/537.36 (KHTML, like Gecko) SamsungBrowser/30.0 Chrome/143.0.0.0 Mobile Safari/537.36"
79.45.60.160 - - [11/Jun/2026:20:08:28 +0200] "GET /wp-content/plugins/burst-statistics/assets/js/timeme/timeme.min.js?ver=1780499187 HTTP/2.0" 200 1835 "https://parma.elettroservicegroup.it/assistenza-siemens-parma/" "Mozilla/5.0 (Linux; Android 10; K) AppleWebKit/537.36 (KHTML, like Gecko) SamsungBrowser/30.0 Chrome/143.0.0.0 Mobile Safari/537.36"
79.45.60.160 - - [11/Jun/2026:20:08:28 +0200] "GET /wp-content/plugins/complianz-gdpr-premium/cookiebanner/js/complianz.min.js?ver=1780326315 HTTP/2.0" 200 10708 "https://parma.elettroservicegroup.it/assistenza-siemens-parma/" "Mozilla/5.0 (Linux; Android 10; K) AppleWebKit/537.36 (KHTML, like Gecko) SamsungBrowser/30.0 Chrome/143.0.0.0 Mobile Safari/537.36"
79.45.60.160 - - [11/Jun/2026:20:08:28 +0200] "GET /wp-content/plugins/elementor/assets/lib/font-awesome/webfonts/fa-regular-400.woff2 HTTP/2.0" 200 13277 "https://parma.elettroservicegroup.it/wp-content/plugins/elementor/assets/lib/font-awesome/css/all.min.css?ver=4.1.3" "Mozilla/5.0 (Linux; Android 10; K) AppleWebKit/537.36 (KHTML, like Gecko) SamsungBrowser/30.0 Chrome/143.0.0.0 Mobile Safari/537.36"
79.45.60.160 - - [11/Jun/2026:20:08:28 +0200] "GET /wp-content/uploads/elementor/google-fonts/fonts/roboto-kfo7cnqeu92fr1me7ksn66agldtyluama3yuba.woff2 HTTP/2.0" 200 40132 "https://parma.elettroservicegroup.it/wp-content/uploads/elementor/google-fonts/css/roboto.css?ver=1742280360" "Mozilla/5.0 (Linux; Android 10; K) AppleWebKit/537.36 (KHTML, like Gecko) SamsungBrowser/30.0 Chrome/143.0.0.0 Mobile Safari/537.36"
79.45.60.160 - - [11/Jun/2026:20:08:28 +0200] "GET /wp-content/plugins/elementor/assets/lib/font-awesome/webfonts/fa-solid-900.woff2 HTTP/2.0" 200 78201 "https://parma.elettroservicegroup.it/wp-content/plugins/elementor/assets/lib/font-awesome/css/all.min.css?ver=4.1.3" "Mozilla/5.0 (Linux; Android 10; K) AppleWebKit/537.36 (KHTML, like Gecko) SamsungBrowser/30.0 Chrome/143.0.0.0 Mobile Safari/537.36"
79.45.60.160 - - [11/Jun/2026:20:08:28 +0200] "GET /wp-content/uploads/2021/11/TECNIC-LAVATRICE-300x169.jpg HTTP/2.0" 200 12560 "https://parma.elettroservicegroup.it/assistenza-siemens-parma/" "Mozilla/5.0 (Linux; Android 10; K) AppleWebKit/537.36 (KHTML, like Gecko) SamsungBrowser/30.0 Chrome/143.0.0.0 Mobile Safari/537.36"
79.45.60.160 - - [11/Jun/2026:20:08:28 +0200] "GET /wp-content/uploads/2022/08/copertina-Riparazione_Lavastoviglie-1-2.jpg HTTP/2.0" 200 35425 "https://parma.elettroservicegroup.it/assistenza-siemens-parma/" "Mozilla/5.0 (Linux; Android 10; K) AppleWebKit/537.36 (KHTML, like Gecko) SamsungBrowser/30.0 Chrome/143.0.0.0 Mobile Safari/537.36"
79.45.60.160 - - [11/Jun/2026:20:08:28 +0200] "GET /wp-content/plugins/elementor/assets/js/section-frontend-handlers.d85ab872da118940910d.bundle.min.js HTTP/2.0" 200 230 "https://parma.elettroservicegroup.it/assistenza-siemens-parma/" "Mozilla/5.0 (Linux; Android 10; K) AppleWebKit/537.36 (KHTML, like Gecko) SamsungBrowser/30.0 Chrome/143.0.0.0 Mobile Safari/537.36"
79.45.60.160 - - [11/Jun/2026:20:08:28 +0200] "GET /wp-content/plugins/elementor/assets/js/text-editor.45609661e409413f1cef.bundle.min.js HTTP/2.0" 200 592 "https://parma.elettroservicegroup.it/assistenza-siemens-parma/" "Mozilla/5.0 (Linux; Android 10; K) AppleWebKit/537.36 (KHTML, like Gecko) SamsungBrowser/30.0 Chrome/143.0.0.0 Mobile Safari/537.36"
79.45.60.160 - - [11/Jun/2026:20:08:28 +0200] "GET /wp-content/plugins/elementor/assets/js/shared-frontend-handlers.03caa53373b56d3bab67.bundle.min.js HTTP/2.0" 200 2515 "https://parma.elettroservicegroup.it/assistenza-siemens-parma/" "Mozilla/5.0 (Linux; Android 10; K) AppleWebKit/537.36 (KHTML, like Gecko) SamsungBrowser/30.0 Chrome/143.0.0.0 Mobile Safari/537.36"
79.45.60.160 - - [11/Jun/2026:20:08:28 +0200] "POST /wp-content/plugins/burst-statistics/endpoint.php HTTP/2.0" 200 1 "https://parma.elettroservicegroup.it/assistenza-siemens-parma/" "Mozilla/5.0 (Linux; Android 10; K) AppleWebKit/537.36 (KHTML, like Gecko) SamsungBrowser/30.0 Chrome/143.0.0.0 Mobile Safari/537.36"
79.45.60.160 - - [11/Jun/2026:20:08:29 +0200] "GET /wp-content/uploads/2021/10/cropped-cropped-cropped-cropped-logo_white_background-192x192.png HTTP/2.0" 200 19089 "https://parma.elettroservicegroup.it/assistenza-siemens-parma/" "Mozilla/5.0 (Linux; Android 10; K) AppleWebKit/537.36 (KHTML, like Gecko) SamsungBrowser/30.0 Chrome/143.0.0.0 Mobile Safari/537.36"
79.45.60.160 - - [11/Jun/2026:20:08:29 +0200] "GET /wp-content/uploads/2021/10/cropped-cropped-cropped-cropped-logo_white_background-180x180.png HTTP/2.0" 200 21353 "https://parma.elettroservicegroup.it/assistenza-siemens-parma/" "Mozilla/5.0 (Linux; Android 10; K) AppleWebKit/537.36 (KHTML, like Gecko) SamsungBrowser/30.0 Chrome/143.0.0.0 Mobile Safari/537.36"
79.45.60.160 - - [11/Jun/2026:20:08:28 +0200] "GET /wp-json/complianz/v1/banner?lang=it&locale=it_IT&token=wqpxi HTTP/2.0" 200 84 "https://parma.elettroservicegroup.it/assistenza-siemens-parma/" "Mozilla/5.0 (Linux; Android 10; K) AppleWebKit/537.36 (KHTML, like Gecko) SamsungBrowser/30.0 Chrome/143.0.0.0 Mobile Safari/537.36"
79.45.60.160 - - [11/Jun/2026:20:08:30 +0200] "GET /wp-content/uploads/complianz/css/banner-1-optin.css?v=46 HTTP/2.0" 200 2617 "https://parma.elettroservicegroup.it/assistenza-siemens-parma/" "Mozilla/5.0 (Linux; Android 10; K) AppleWebKit/537.36 (KHTML, like Gecko) SamsungBrowser/30.0 Chrome/143.0.0.0 Mobile Safari/537.36"
79.45.60.160 - - [11/Jun/2026:20:08:30 +0200] "GET /wp-json/complianz/v1/cookie_data HTTP/2.0" 200 81 "https://parma.elettroservicegroup.it/assistenza-siemens-parma/" "Mozilla/5.0 (Linux; Android 10; K) AppleWebKit/537.36 (KHTML, like Gecko) SamsungBrowser/30.0 Chrome/143.0.0.0 Mobile Safari/537.36"
79.45.60.160 - - [11/Jun/2026:20:08:31 +0200] "POST /wp-content/plugins/burst-statistics/endpoint.php HTTP/2.0" 200 1 "https://parma.elettroservicegroup.it/assistenza-siemens-parma/" "Mozilla/5.0 (Linux; Android 10; K) AppleWebKit/537.36 (KHTML, like Gecko) SamsungBrowser/30.0 Chrome/143.0.0.0 Mobile Safari/537.36"
79.45.60.160 - - [11/Jun/2026:20:08:31 +0200] "POST /wp-content/plugins/burst-statistics/endpoint.php HTTP/2.0" 200 1 "https://parma.elettroservicegroup.it/assistenza-siemens-parma/" "Mozilla/5.0 (Linux; Android 10; K) AppleWebKit/537.36 (KHTML, like Gecko) SamsungBrowser/30.0 Chrome/143.0.0.0 Mobile Safari/537.36"
79.45.60.160 - - [11/Jun/2026:20:08:31 +0200] "POST /wp-content/plugins/burst-statistics/endpoint.php HTTP/2.0" 200 1 "https://parma.elettroservicegroup.it/assistenza-siemens-parma/" "Mozilla/5.0 (Linux; Android 10; K) AppleWebKit/537.36 (KHTML, like Gecko) SamsungBrowser/30.0 Chrome/143.0.0.0 Mobile Safari/537.36"
79.45.60.160 - - [11/Jun/2026:20:08:31 +0200] "GET /wp-json/complianz/v1/cookie_data HTTP/2.0" 200 81 "https://parma.elettroservicegroup.it/assistenza-siemens-parma/" "Mozilla/5.0 (Linux; Android 10; K) AppleWebKit/537.36 (KHTML, like Gecko) SamsungBrowser/30.0 Chrome/143.0.0.0 Mobile Safari/537.36"
79.45.60.160 - - [11/Jun/2026:20:08:31 +0200] "POST /wp-json/complianz/v1/track HTTP/2.0" 200 20 "https://parma.elettroservicegroup.it/assistenza-siemens-parma/" "Mozilla/5.0 (Linux; Android 10; K) AppleWebKit/537.36 (KHTML, like Gecko) SamsungBrowser/30.0 Chrome/143.0.0.0 Mobile Safari/537.36"
79.45.60.160 - - [11/Jun/2026:20:08:34 +0200] "POST /wp-content/plugins/burst-statistics/endpoint.php HTTP/2.0" 200 1 "https://parma.elettroservicegroup.it/assistenza-siemens-parma/" "Mozilla/5.0 (Linux; Android 10; K) AppleWebKit/537.36 (KHTML, like Gecko) SamsungBrowser/30.0 Chrome/143.0.0.0 Mobile Safari/537.36"
79.45.60.160 - - [11/Jun/2026:20:08:35 +0200] "GET /wp-content/uploads/2026/05/logo.png HTTP/2.0" 200 48185 "https://parma.elettroservicegroup.it/assistenza-siemens-parma/" "Mozilla/5.0 (Linux; Android 10; K) AppleWebKit/537.36 (KHTML, like Gecko) SamsungBrowser/30.0 Chrome/143.0.0.0 Mobile Safari/537.36"
79.45.60.160 - - [11/Jun/2026:20:09:00 +0200] "GET /wp-content/uploads/2022/08/COPERTINA-2.png HTTP/2.0" 200 238875 "https://parma.elettroservicegroup.it/assistenza-siemens-parma/" "Mozilla/5.0 (Linux; Android 10; K) AppleWebKit/537.36 (KHTML, like Gecko) SamsungBrowser/30.0 Chrome/143.0.0.0 Mobile Safari/537.36"
79.45.60.160 - - [11/Jun/2026:20:09:44 +0200] "POST /wp-content/plugins/burst-statistics/endpoint.php HTTP/2.0" 200 1 "https://parma.elettroservicegroup.it/assistenza-siemens-parma/" "Mozilla/5.0 (Linux; Android 10; K) AppleWebKit/537.36 (KHTML, like Gecko) SamsungBrowser/30.0 Chrome/143.0.0.0 Mobile Safari/537.36"
79.45.60.160 - - [11/Jun/2026:20:12:32 +0200] "POST /wp-content/plugins/burst-statistics/endpoint.php HTTP/2.0" 200 1 "https://parma.elettroservicegroup.it/assistenza-siemens-parma/" "Mozilla/5.0 (Linux; Android 10; K) AppleWebKit/537.36 (KHTML, like Gecko) SamsungBrowser/30.0 Chrome/143.0.0.0 Mobile Safari/537.36"
79.45.60.160 - - [11/Jun/2026:20:14:01 +0200] "POST /wp-content/plugins/burst-statistics/endpoint.php HTTP/2.0" 200 1 "https://parma.elettroservicegroup.it/assistenza-siemens-parma/" "Mozilla/5.0 (Linux; Android 10; K) AppleWebKit/537.36 (KHTML, like Gecko) SamsungBrowser/30.0 Chrome/143.0.0.0 Mobile Safari/537.36"
65.108.235.243 - - [11/Jun/2026:20:16:34 +0200] "POST /wp-cron.php?doing_wp_cron=1781201794.5234880447387695312500 HTTP/1.1" 200 1 "-" "WordPress/7.0; https://parma.elettroservicegroup.it"
49.51.132.100 - - [11/Jun/2026:20:16:32 +0200] "GET /wp-json/wp/v2/pages/17266 HTTP/1.1" 200 70719 "-" "Mozilla/5.0 (iPhone; CPU iPhone OS 13_2_3 like Mac OS X) AppleWebKit/605.1.15 (KHTML, like Gecko) Version/13.0.3 Mobile/15E148 Safari/604.1"
65.108.235.243 - - [11/Jun/2026:20:18:33 +0200] "POST /wp-cron.php?doing_wp_cron=1781201913.3383529186248779296875 HTTP/1.1" 200 1 "-" "WordPress/7.0; https://parma.elettroservicegroup.it"
45.140.206.151 - - [11/Jun/2026:20:18:22 +0200] "GET /wp-login.php HTTP/2.0" 200 3299 "-" "Mozilla/5.0 (Macintosh; Intel Mac OS X 10_15_7) AppleWebKit/605.1.15 (KHTML, like Gecko) Version/18.0 Safari/605.1.15"
45.140.206.151 - - [11/Jun/2026:20:18:41 +0200] "GET /wp-login.php?wp_lang=en_US HTTP/2.0" 200 2530 "-" "Mozilla/5.0 (Windows NT 10.0; Win64; x64) AppleWebKit/537.36 (KHTML, like Gecko) Chrome/124.0.0.0 Safari/537.36"
45.140.206.151 - - [11/Jun/2026:20:18:43 +0200] "POST /wp-login.php?wp_lang=en_US HTTP/2.0" 200 2651 "https://parma.elettroservicegroup.it/wp-login.php?wp_lang=en_US" "Mozilla/5.0 (Windows NT 10.0; Win64; x64) AppleWebKit/537.36 (KHTML, like Gecko) Chrome/124.0.0.0 Safari/537.36"
184.178.172.18 - - [11/Jun/2026:20:18:50 +0200] "GET /wp-login.php?wp_lang=en_US HTTP/1.1" 421 362 "-" "Mozilla/5.0 (Windows NT 10.0; Win64; x64) AppleWebKit/537.36 (KHTML, like Gecko) Chrome/124.0.0.0 Safari/537.36"
65.108.235.243 - - [11/Jun/2026:20:19:01 +0200] "POST /wp-cron.php?doing_wp_cron=1781201941.6893808841705322265625 HTTP/1.1" 200 1 "-" "WordPress/7.0; https://parma.elettroservicegroup.it"
45.88.13.48 - - [11/Jun/2026:20:19:01 +0200] "GET /wp-login.php?wp_lang=en_US HTTP/2.0" 200 2530 "-" "Mozilla/5.0 (Windows NT 10.0; Win64; x64) AppleWebKit/537.36 (KHTML, like Gecko) Chrome/124.0.0.0 Safari/537.36"
45.88.13.48 - - [11/Jun/2026:20:19:01 +0200] "POST /wp-login.php?wp_lang=en_US HTTP/2.0" 200 2651 "https://parma.elettroservicegroup.it/wp-login.php?wp_lang=en_US" "Mozilla/5.0 (Windows NT 10.0; Win64; x64) AppleWebKit/537.36 (KHTML, like Gecko) Chrome/124.0.0.0 Safari/537.36"
130.49.114.110 - - [11/Jun/2026:20:19:03 +0200] "GET /wp-login.php?wp_lang=en_US HTTP/2.0" 200 2530 "-" "Mozilla/5.0 (Macintosh; Intel Mac OS X 10_15_7) AppleWebKit/605.1.15 (KHTML, like Gecko) Version/18.0 Safari/605.1.15"
130.49.114.110 - - [11/Jun/2026:20:19:03 +0200] "POST /wp-login.php?wp_lang=en_US HTTP/2.0" 200 2651 "https://parma.elettroservicegroup.it/wp-login.php?wp_lang=en_US" "Mozilla/5.0 (Macintosh; Intel Mac OS X 10_15_7) AppleWebKit/605.1.15 (KHTML, like Gecko) Version/18.0 Safari/605.1.15"
130.49.76.212 - - [11/Jun/2026:20:19:04 +0200] "GET /wp-login.php?wp_lang=en_US HTTP/2.0" 200 2530 "-" "Mozilla/5.0 (Windows NT 10.0; Win64; x64; rv:133.0) Gecko/20100101 Firefox/133.0"
130.49.76.212 - - [11/Jun/2026:20:19:05 +0200] "POST /wp-login.php?wp_lang=en_US HTTP/2.0" 200 2651 "https://parma.elettroservicegroup.it/wp-login.php?wp_lang=en_US" "Mozilla/5.0 (Windows NT 10.0; Win64; x64; rv:133.0) Gecko/20100101 Firefox/133.0"
130.49.76.179 - - [11/Jun/2026:20:19:06 +0200] "GET /wp-login.php?wp_lang=en_US HTTP/2.0" 200 2530 "-" "Mozilla/5.0 (Macintosh; Intel Mac OS X 10_15_7) AppleWebKit/605.1.15 (KHTML, like Gecko) Version/18.0 Safari/605.1.15"
130.49.76.179 - - [11/Jun/2026:20:19:06 +0200] "POST /wp-login.php?wp_lang=en_US HTTP/2.0" 200 2651 "https://parma.elettroservicegroup.it/wp-login.php?wp_lang=en_US" "Mozilla/5.0 (Macintosh; Intel Mac OS X 10_15_7) AppleWebKit/605.1.15 (KHTML, like Gecko) Version/18.0 Safari/605.1.15"
194.104.11.170 - - [11/Jun/2026:20:19:08 +0200] "GET /wp-login.php?wp_lang=en_US HTTP/2.0" 200 11897 "-" "Mozilla/5.0 (Windows NT 10.0; Win64; x64) AppleWebKit/537.36 (KHTML, like Gecko) Chrome/124.0.0.0 Safari/537.36"
130.49.114.235 - - [11/Jun/2026:20:19:08 +0200] "GET /wp-login.php?wp_lang=en_US HTTP/2.0" 200 2530 "-" "Mozilla/5.0 (Macintosh; Intel Mac OS X 10_15_7) AppleWebKit/605.1.15 (KHTML, like Gecko) Version/18.0 Safari/605.1.15"
130.49.114.235 - - [11/Jun/2026:20:19:09 +0200] "POST /wp-login.php?wp_lang=en_US HTTP/2.0" 200 2651 "https://parma.elettroservicegroup.it/wp-login.php?wp_lang=en_US" "Mozilla/5.0 (Macintosh; Intel Mac OS X 10_15_7) AppleWebKit/605.1.15 (KHTML, like Gecko) Version/18.0 Safari/605.1.15"
65.108.235.243 - - [11/Jun/2026:20:20:06 +0200] "POST /wp-cron.php?doing_wp_cron=1781202006.7498691082000732421875 HTTP/1.1" 200 1 "-" "WordPress/7.0; https://parma.elettroservicegroup.it"
77.220.194.65 - - [11/Jun/2026:20:20:03 +0200] "GET /wp-login.php?wp_lang=en_US HTTP/2.0" 200 2530 "-" "Mozilla/5.0 (Windows NT 10.0; Win64; x64; rv:133.0) Gecko/20100101 Firefox/133.0"
77.220.194.65 - - [11/Jun/2026:20:20:07 +0200] "POST /wp-login.php?wp_lang=en_US HTTP/2.0" 200 2651 "https://parma.elettroservicegroup.it/wp-login.php?wp_lang=en_US" "Mozilla/5.0 (Windows NT 10.0; Win64; x64; rv:133.0) Gecko/20100101 Firefox/133.0"
45.140.206.24 - - [11/Jun/2026:20:20:09 +0200] "GET /wp-login.php?wp_lang=en_US HTTP/2.0" 200 2530 "-" "Mozilla/5.0 (Windows NT 10.0; Win64; x64; rv:133.0) Gecko/20100101 Firefox/133.0"
45.140.206.24 - - [11/Jun/2026:20:20:10 +0200] "POST /wp-login.php?wp_lang=en_US HTTP/2.0" 200 2651 "https://parma.elettroservicegroup.it/wp-login.php?wp_lang=en_US" "Mozilla/5.0 (Windows NT 10.0; Win64; x64; rv:133.0) Gecko/20100101 Firefox/133.0"
65.108.235.243 - - [11/Jun/2026:20:20:26 +0200] "POST /wp-cron.php?doing_wp_cron=1781202026.6475939750671386718750 HTTP/1.1" 200 1 "-" "WordPress/7.0; https://parma.elettroservicegroup.it"
45.148.232.156 - - [11/Jun/2026:20:20:24 +0200] "GET /wp-login.php?wp_lang=en_US HTTP/2.0" 200 2530 "-" "Mozilla/5.0 (Windows NT 10.0; Win64; x64; rv:133.0) Gecko/20100101 Firefox/133.0"
45.148.232.156 - - [11/Jun/2026:20:20:27 +0200] "POST /wp-login.php?wp_lang=en_US HTTP/2.0" 200 2651 "https://parma.elettroservicegroup.it/wp-login.php?wp_lang=en_US" "Mozilla/5.0 (Windows NT 10.0; Win64; x64; rv:133.0) Gecko/20100101 Firefox/133.0"
170.168.96.244 - - [11/Jun/2026:20:20:30 +0200] "GET /wp-login.php?wp_lang=en_US HTTP/2.0" 200 2530 "-" "Mozilla/5.0 (Macintosh; Intel Mac OS X 10_15_7) AppleWebKit/605.1.15 (KHTML, like Gecko) Version/18.0 Safari/605.1.15"
170.168.96.244 - - [11/Jun/2026:20:20:31 +0200] "POST /wp-login.php?wp_lang=en_US HTTP/2.0" 503 6753 "https://parma.elettroservicegroup.it/wp-login.php?wp_lang=en_US" "Mozilla/5.0 (Macintosh; Intel Mac OS X 10_15_7) AppleWebKit/605.1.15 (KHTML, like Gecko) Version/18.0 Safari/605.1.15"
193.203.8.94 - - [11/Jun/2026:20:20:45 +0200] "GET /wp-login.php?wp_lang=en_US HTTP/2.0" 200 11846 "-" "Mozilla/5.0 (Macintosh; Intel Mac OS X 10_15_7) AppleWebKit/605.1.15 (KHTML, like Gecko) Version/18.0 Safari/605.1.15"
65.108.235.243 - - [11/Jun/2026:20:20:49 +0200] "POST /wp-cron.php?doing_wp_cron=1781202049.2463960647583007812500 HTTP/1.1" 200 1 "-" "WordPress/7.0; https://parma.elettroservicegroup.it"
185.61.223.54 - - [11/Jun/2026:20:20:47 +0200] "GET /wp-login.php?wp_lang=en_US HTTP/2.0" 200 2530 "-" "Mozilla/5.0 (Windows NT 10.0; Win64; x64; rv:133.0) Gecko/20100101 Firefox/133.0"
185.61.223.54 - - [11/Jun/2026:20:20:49 +0200] "POST /wp-login.php?wp_lang=en_US HTTP/2.0" 200 2651 "https://parma.elettroservicegroup.it/wp-login.php?wp_lang=en_US" "Mozilla/5.0 (Windows NT 10.0; Win64; x64; rv:133.0) Gecko/20100101 Firefox/133.0"
185.88.100.239 - - [11/Jun/2026:20:21:01 +0200] "GET /wp-login.php?wp_lang=en_US HTTP/2.0" 200 2530 "-" "Mozilla/5.0 (Windows NT 10.0; Win64; x64) AppleWebKit/537.36 (KHTML, like Gecko) Chrome/124.0.0.0 Safari/537.36"
185.88.100.239 - - [11/Jun/2026:20:21:02 +0200] "POST /wp-login.php?wp_lang=en_US HTTP/2.0" 200 2651 "https://parma.elettroservicegroup.it/wp-login.php?wp_lang=en_US" "Mozilla/5.0 (Windows NT 10.0; Win64; x64) AppleWebKit/537.36 (KHTML, like Gecko) Chrome/124.0.0.0 Safari/537.36"
65.108.235.243 - - [11/Jun/2026:20:21:08 +0200] "POST /wp-cron.php?doing_wp_cron=1781202068.4438989162445068359375 HTTP/1.1" 200 1 "-" "WordPress/7.0; https://parma.elettroservicegroup.it"
68.1.210.163 - - [11/Jun/2026:20:21:06 +0200] "GET /wp-login.php?wp_lang=en_US HTTP/1.1" 200 10089 "-" "Mozilla/5.0 (Macintosh; Intel Mac OS X 10_15_7) AppleWebKit/605.1.15 (KHTML, like Gecko) Version/18.0 Safari/605.1.15"
68.1.210.163 - - [11/Jun/2026:20:21:09 +0200] "POST /wp-login.php?wp_lang=en_US HTTP/1.1" 200 10517 "https://parma.elettroservicegroup.it/wp-login.php?wp_lang=en_US" "Mozilla/5.0 (Macintosh; Intel Mac OS X 10_15_7) AppleWebKit/605.1.15 (KHTML, like Gecko) Version/18.0 Safari/605.1.15"
193.203.9.251 - - [11/Jun/2026:20:21:28 +0200] "GET /wp-login.php?wp_lang=en_US HTTP/2.0" 200 11846 "-" "Mozilla/5.0 (Windows NT 10.0; Win64; x64) AppleWebKit/537.36 (KHTML, like Gecko) Chrome/124.0.0.0 Safari/537.36"
65.108.235.243 - - [11/Jun/2026:20:21:29 +0200] "POST /wp-cron.php?doing_wp_cron=1781202089.5666940212249755859375 HTTP/1.1" 200 1 "-" "WordPress/7.0; https://parma.elettroservicegroup.it"
130.49.113.78 - - [11/Jun/2026:20:21:29 +0200] "GET /wp-login.php?wp_lang=en_US HTTP/2.0" 200 2530 "-" "Mozilla/5.0 (Windows NT 10.0; Win64; x64; rv:133.0) Gecko/20100101 Firefox/133.0"
130.49.113.78 - - [11/Jun/2026:20:21:29 +0200] "POST /wp-login.php?wp_lang=en_US HTTP/2.0" 200 2651 "https://parma.elettroservicegroup.it/wp-login.php?wp_lang=en_US" "Mozilla/5.0 (Windows NT 10.0; Win64; x64; rv:133.0) Gecko/20100101 Firefox/133.0"
130.49.113.130 - - [11/Jun/2026:20:21:31 +0200] "GET /wp-login.php?wp_lang=en_US HTTP/2.0" 200 2530 "-" "Mozilla/5.0 (Windows NT 10.0; Win64; x64; rv:133.0) Gecko/20100101 Firefox/133.0"
130.49.113.130 - - [11/Jun/2026:20:21:32 +0200] "POST /wp-login.php?wp_lang=en_US HTTP/2.0" 200 2651 "https://parma.elettroservicegroup.it/wp-login.php?wp_lang=en_US" "Mozilla/5.0 (Windows NT 10.0; Win64; x64; rv:133.0) Gecko/20100101 Firefox/133.0"
130.49.79.233 - - [11/Jun/2026:20:21:34 +0200] "GET /wp-login.php?wp_lang=en_US HTTP/2.0" 200 11707 "-" "Mozilla/5.0 (Windows NT 10.0; Win64; x64) AppleWebKit/537.36 (KHTML, like Gecko) Chrome/124.0.0.0 Safari/537.36"
83.97.117.16 - - [11/Jun/2026:20:21:35 +0200] "GET /wp-login.php?wp_lang=en_US HTTP/2.0" 200 2530 "-" "Mozilla/5.0 (Macintosh; Intel Mac OS X 10_15_7) AppleWebKit/605.1.15 (KHTML, like Gecko) Version/18.0 Safari/605.1.15"
83.97.117.16 - - [11/Jun/2026:20:21:35 +0200] "POST /wp-login.php?wp_lang=en_US HTTP/2.0" 200 2651 "https://parma.elettroservicegroup.it/wp-login.php?wp_lang=en_US" "Mozilla/5.0 (Macintosh; Intel Mac OS X 10_15_7) AppleWebKit/605.1.15 (KHTML, like Gecko) Version/18.0 Safari/605.1.15"
45.148.233.245 - - [11/Jun/2026:20:21:37 +0200] "GET /wp-login.php?wp_lang=en_US HTTP/2.0" 200 11786 "-" "Mozilla/5.0 (Windows NT 10.0; Win64; x64; rv:133.0) Gecko/20100101 Firefox/133.0"
45.148.235.56 - - [11/Jun/2026:20:22:10 +0200] "GET /wp-login.php?wp_lang=en_US HTTP/2.0" 200 11928 "-" "Mozilla/5.0 (Windows NT 10.0; Win64; x64; rv:133.0) Gecko/20100101 Firefox/133.0"
65.108.235.243 - - [11/Jun/2026:20:22:18 +0200] "POST /wp-cron.php?doing_wp_cron=1781202138.3396658897399902343750 HTTP/1.1" 200 1 "-" "WordPress/7.0; https://parma.elettroservicegroup.it"
184.178.172.23 - - [11/Jun/2026:20:22:12 +0200] "GET /wp-login.php?wp_lang=en_US HTTP/1.1" 200 10089 "-" "Mozilla/5.0 (Macintosh; Intel Mac OS X 10_15_7) AppleWebKit/605.1.15 (KHTML, like Gecko) Version/18.0 Safari/605.1.15"
184.178.172.23 - - [11/Jun/2026:20:22:19 +0200] "POST /wp-login.php?wp_lang=en_US HTTP/1.1" 200 10517 "https://parma.elettroservicegroup.it/wp-login.php?wp_lang=en_US" "Mozilla/5.0 (Macintosh; Intel Mac OS X 10_15_7) AppleWebKit/605.1.15 (KHTML, like Gecko) Version/18.0 Safari/605.1.15"
184.178.172.17 - - [11/Jun/2026:20:22:29 +0200] "GET /wp-login.php?wp_lang=en_US HTTP/1.1" 200 11853 "-" "Mozilla/5.0 (Windows NT 10.0; Win64; x64; rv:133.0) Gecko/20100101 Firefox/133.0"
212.119.46.79 - - [11/Jun/2026:20:22:30 +0200] "GET /wp-login.php?wp_lang=en_US HTTP/2.0" 200 2530 "-" "Mozilla/5.0 (Macintosh; Intel Mac OS X 10_15_7) AppleWebKit/605.1.15 (KHTML, like Gecko) Version/18.0 Safari/605.1.15"
212.119.46.79 - - [11/Jun/2026:20:22:31 +0200] "POST /wp-login.php?wp_lang=en_US HTTP/2.0" 200 2651 "https://parma.elettroservicegroup.it/wp-login.php?wp_lang=en_US" "Mozilla/5.0 (Macintosh; Intel Mac OS X 10_15_7) AppleWebKit/605.1.15 (KHTML, like Gecko) Version/18.0 Safari/605.1.15"
45.132.184.103 - - [11/Jun/2026:20:22:34 +0200] "GET /wp-login.php?wp_lang=en_US HTTP/2.0" 200 11808 "-" "Mozilla/5.0 (Windows NT 10.0; Win64; x64; rv:133.0) Gecko/20100101 Firefox/133.0"
184.170.245.148 - - [11/Jun/2026:20:22:36 +0200] "GET /wp-login.php?wp_lang=en_US HTTP/1.1" 200 11797 "-" "Mozilla/5.0 (Macintosh; Intel Mac OS X 10_15_7) AppleWebKit/605.1.15 (KHTML, like Gecko) Version/18.0 Safari/605.1.15"
45.140.207.52 - - [11/Jun/2026:20:22:37 +0200] "GET /wp-login.php?wp_lang=en_US HTTP/2.0" 200 11812 "-" "Mozilla/5.0 (Macintosh; Intel Mac OS X 10_15_7) AppleWebKit/605.1.15 (KHTML, like Gecko) Version/18.0 Safari/605.1.15"
45.159.21.92 - - [11/Jun/2026:20:22:46 +0200] "GET /wp-login.php?wp_lang=en_US HTTP/2.0" 200 2530 "-" "Mozilla/5.0 (Macintosh; Intel Mac OS X 10_15_7) AppleWebKit/605.1.15 (KHTML, like Gecko) Version/18.0 Safari/605.1.15"
45.159.21.92 - - [11/Jun/2026:20:22:47 +0200] "POST /wp-login.php?wp_lang=en_US HTTP/2.0" 200 2651 "https://parma.elettroservicegroup.it/wp-login.php?wp_lang=en_US" "Mozilla/5.0 (Macintosh; Intel Mac OS X 10_15_7) AppleWebKit/605.1.15 (KHTML, like Gecko) Version/18.0 Safari/605.1.15"
65.108.235.243 - - [11/Jun/2026:20:22:56 +0200] "POST /wp-cron.php?doing_wp_cron=1781202176.7596879005432128906250 HTTP/1.1" 200 1 "-" "WordPress/7.0; https://parma.elettroservicegroup.it"
8.209.255.13 - - [11/Jun/2026:20:22:56 +0200] "GET /wp-login.php?wp_lang=en_US HTTP/1.1" 200 2530 "-" "Mozilla/5.0 (Macintosh; Intel Mac OS X 10_15_7) AppleWebKit/605.1.15 (KHTML, like Gecko) Version/18.0 Safari/605.1.15"
65.108.235.243 - - [11/Jun/2026:20:23:39 +0200] "POST /wp-cron.php?doing_wp_cron=1781202219.2487969398498535156250 HTTP/1.1" 200 1 "-" "WordPress/7.0; https://parma.elettroservicegroup.it"
47.91.65.23 - - [11/Jun/2026:20:23:34 +0200] "GET /wp-login.php?wp_lang=en_US HTTP/1.1" 200 2530 "-" "Mozilla/5.0 (Windows NT 10.0; Win64; x64; rv:133.0) Gecko/20100101 Firefox/133.0"
130.49.10.139 - - [11/Jun/2026:20:23:40 +0200] "GET /wp-login.php?wp_lang=en_US HTTP/2.0" 200 2530 "-" "Mozilla/5.0 (Windows NT 10.0; Win64; x64) AppleWebKit/537.36 (KHTML, like Gecko) Chrome/124.0.0.0 Safari/537.36"
47.91.65.23 - - [11/Jun/2026:20:23:39 +0200] "POST /wp-login.php?wp_lang=en_US HTTP/1.1" 404 16847 "https://parma.elettroservicegroup.it/wp-login.php?wp_lang=en_US" "Mozilla/5.0 (Windows NT 10.0; Win64; x64; rv:133.0) Gecko/20100101 Firefox/133.0"
130.49.10.139 - - [11/Jun/2026:20:23:41 +0200] "POST /wp-login.php?wp_lang=en_US HTTP/2.0" 200 2651 "https://parma.elettroservicegroup.it/wp-login.php?wp_lang=en_US" "Mozilla/5.0 (Windows NT 10.0; Win64; x64) AppleWebKit/537.36 (KHTML, like Gecko) Chrome/124.0.0.0 Safari/537.36"
65.108.235.243 - - [11/Jun/2026:20:28:09 +0200] "POST /wp-cron.php?doing_wp_cron=1781202489.2650229930877685546875 HTTP/1.1" 200 1 "-" "WordPress/7.0; https://parma.elettroservicegroup.it"
43.166.7.113 - - [11/Jun/2026:20:28:06 +0200] "GET /assistenza-aeg-parma/embed/ HTTP/1.1" 200 20760 "-" "Mozilla/5.0 (iPhone; CPU iPhone OS 13_2_3 like Mac OS X) AppleWebKit/605.1.15 (KHTML, like Gecko) Version/13.0.3 Mobile/15E148 Safari/604.1"
79.45.60.160 - - [11/Jun/2026:20:38:37 +0200] "POST /wp-content/plugins/burst-statistics/endpoint.php HTTP/2.0" 200 1 "https://parma.elettroservicegroup.it/assistenza-siemens-parma/" "Mozilla/5.0 (Linux; Android 10; K) AppleWebKit/537.36 (KHTML, like Gecko) SamsungBrowser/30.0 Chrome/143.0.0.0 Mobile Safari/537.36"
65.108.235.243 - - [11/Jun/2026:20:38:37 +0200] "POST /wp-cron.php?doing_wp_cron=1781203117.8711531162261962890625 HTTP/1.1" 200 1 "-" "WordPress/7.0; https://parma.elettroservicegroup.it"
43.130.116.87 - - [11/Jun/2026:20:38:36 +0200] "GET /wp-json/oembed/1.0/embed?url=https%3A%2F%2Fparma.elettroservicegroup.it%2Fassistenza-bosch-parma%2F HTTP/1.1" 200 2216 "-" "Mozilla/5.0 (iPhone; CPU iPhone OS 13_2_3 like Mac OS X) AppleWebKit/605.1.15 (KHTML, like Gecko) Version/13.0.3 Mobile/15E148 Safari/604.1"
193.24.211.48 - - [11/Jun/2026:20:42:31 +0200] "GET /wp-login.php HTTP/2.0" 200 11779 "-" "Mozilla/5.0 (Macintosh; Intel Mac OS X 10_15_7) AppleWebKit/605.1.15 (KHTML, like Gecko) Version/18.0 Safari/605.1.15"
193.24.211.48 - - [11/Jun/2026:20:42:32 +0200] "POST /xmlrpc.php HTTP/2.0" 200 11708 "-" "Mozilla/5.0 (Macintosh; Intel Mac OS X 10_15_7) AppleWebKit/605.1.15 (KHTML, like Gecko) Version/18.0 Safari/605.1.15"
216.26.227.65 - - [11/Jun/2026:20:42:33 +0200] "POST /xmlrpc.php HTTP/2.0" 403 52 "-" "Mozilla/5.0 (Windows NT 10.0; Win64; x64; rv:133.0) Gecko/20100101 Firefox/133.0"
216.26.247.250 - - [11/Jun/2026:20:42:34 +0200] "POST /xmlrpc.php HTTP/2.0" 403 52 "-" "Mozilla/5.0 (Macintosh; Intel Mac OS X 10_15_7) AppleWebKit/605.1.15 (KHTML, like Gecko) Version/18.0 Safari/605.1.15"
45.3.35.157 - - [11/Jun/2026:20:42:35 +0200] "POST /xmlrpc.php HTTP/2.0" 403 52 "-" "Mozilla/5.0 (Windows NT 10.0; Win64; x64; rv:133.0) Gecko/20100101 Firefox/133.0"
45.3.32.98 - - [11/Jun/2026:20:42:36 +0200] "POST /xmlrpc.php HTTP/2.0" 200 11792 "-" "Mozilla/5.0 (Windows NT 10.0; Win64; x64) AppleWebKit/537.36 (KHTML, like Gecko) Chrome/124.0.0.0 Safari/537.36"
45.3.50.43 - - [11/Jun/2026:20:42:37 +0200] "POST /xmlrpc.php HTTP/2.0" 403 52 "-" "Mozilla/5.0 (Windows NT 10.0; Win64; x64; rv:133.0) Gecko/20100101 Firefox/133.0"
193.56.28.103 - - [11/Jun/2026:20:42:39 +0200] "POST /xmlrpc.php HTTP/2.0" 403 52 "-" "Mozilla/5.0 (Windows NT 10.0; Win64; x64; rv:133.0) Gecko/20100101 Firefox/133.0"
209.50.189.52 - - [11/Jun/2026:20:42:40 +0200] "POST /xmlrpc.php HTTP/2.0" 403 52 "-" "Mozilla/5.0 (Windows NT 10.0; Win64; x64; rv:133.0) Gecko/20100101 Firefox/133.0"
45.3.43.155 - - [11/Jun/2026:20:42:41 +0200] "POST /xmlrpc.php HTTP/2.0" 200 11742 "-" "Mozilla/5.0 (Macintosh; Intel Mac OS X 10_15_7) AppleWebKit/605.1.15 (KHTML, like Gecko) Version/18.0 Safari/605.1.15"
65.111.23.194 - - [11/Jun/2026:20:42:42 +0200] "POST /xmlrpc.php HTTP/2.0" 403 52 "-" "Mozilla/5.0 (Windows NT 10.0; Win64; x64; rv:133.0) Gecko/20100101 Firefox/133.0"
45.3.62.235 - - [11/Jun/2026:20:42:43 +0200] "POST /xmlrpc.php HTTP/2.0" 200 11838 "-" "Mozilla/5.0 (Windows NT 10.0; Win64; x64) AppleWebKit/537.36 (KHTML, like Gecko) Chrome/124.0.0.0 Safari/537.36"
193.24.211.48 - - [11/Jun/2026:20:42:44 +0200] "GET /wp-login.php HTTP/2.0" 200 11819 "-" "Mozilla/5.0 (Windows NT 10.0; Win64; x64) AppleWebKit/537.36 (KHTML, like Gecko) Chrome/124.0.0.0 Safari/537.36"
193.24.211.48 - - [11/Jun/2026:20:42:45 +0200] "GET /wp-login.php HTTP/2.0" 200 11814 "-" "Mozilla/5.0 (Windows NT 10.0; Win64; x64) AppleWebKit/537.36 (KHTML, like Gecko) Chrome/124.0.0.0 Safari/537.36"
193.24.211.48 - - [11/Jun/2026:20:42:46 +0200] "GET /wp-login.php HTTP/2.0" 200 11755 "-" "Mozilla/5.0 (Windows NT 10.0; Win64; x64) AppleWebKit/537.36 (KHTML, like Gecko) Chrome/124.0.0.0 Safari/537.36"
193.24.211.48 - - [11/Jun/2026:20:42:46 +0200] "GET /wp-login.php HTTP/2.0" 200 11860 "-" "Mozilla/5.0 (Macintosh; Intel Mac OS X 10_15_7) AppleWebKit/605.1.15 (KHTML, like Gecko) Version/18.0 Safari/605.1.15"
193.24.211.48 - - [11/Jun/2026:20:42:47 +0200] "GET /wp-login.php HTTP/2.0" 200 11905 "-" "Mozilla/5.0 (Windows NT 10.0; Win64; x64) AppleWebKit/537.36 (KHTML, like Gecko) Chrome/124.0.0.0 Safari/537.36"
65.108.235.243 - - [11/Jun/2026:20:42:53 +0200] "POST /wp-cron.php?doing_wp_cron=1781203373.8543369770050048828125 HTTP/1.1" 200 1 "-" "WordPress/7.0; https://parma.elettroservicegroup.it"
45.3.38.18 - - [11/Jun/2026:20:42:48 +0200] "GET /wp-login.php HTTP/2.0" 200 3299 "-" "Mozilla/5.0 (Windows NT 10.0; Win64; x64) AppleWebKit/537.36 (KHTML, like Gecko) Chrome/124.0.0.0 Safari/537.36"
45.3.38.18 - - [11/Jun/2026:20:42:54 +0200] "POST /wp-login.php HTTP/2.0" 200 3416 "https://parma.elettroservicegroup.it/wp-login.php" "Mozilla/5.0 (Windows NT 10.0; Win64; x64) AppleWebKit/537.36 (KHTML, like Gecko) Chrome/124.0.0.0 Safari/537.36"
65.108.235.243 - - [11/Jun/2026:20:42:59 +0200] "POST /wp-cron.php?doing_wp_cron=1781203379.3497118949890136718750 HTTP/1.1" 200 1 "-" "WordPress/7.0; https://parma.elettroservicegroup.it"
216.26.251.136 - - [11/Jun/2026:20:42:58 +0200] "GET /wp-login.php HTTP/2.0" 200 3299 "-" "Mozilla/5.0 (Windows NT 10.0; Win64; x64) AppleWebKit/537.36 (KHTML, like Gecko) Chrome/124.0.0.0 Safari/537.36"
216.26.251.136 - - [11/Jun/2026:20:43:00 +0200] "POST /wp-login.php HTTP/2.0" 200 3416 "https://parma.elettroservicegroup.it/wp-login.php" "Mozilla/5.0 (Windows NT 10.0; Win64; x64) AppleWebKit/537.36 (KHTML, like Gecko) Chrome/124.0.0.0 Safari/537.36"
45.3.48.168 - - [11/Jun/2026:20:43:03 +0200] "GET /wp-login.php HTTP/2.0" 200 3299 "-" "Mozilla/5.0 (Windows NT 10.0; Win64; x64) AppleWebKit/537.36 (KHTML, like Gecko) Chrome/124.0.0.0 Safari/537.36"
45.3.48.168 - - [11/Jun/2026:20:43:05 +0200] "POST /wp-login.php HTTP/2.0" 200 3416 "https://parma.elettroservicegroup.it/wp-login.php" "Mozilla/5.0 (Windows NT 10.0; Win64; x64) AppleWebKit/537.36 (KHTML, like Gecko) Chrome/124.0.0.0 Safari/537.36"
104.207.34.44 - - [11/Jun/2026:20:43:09 +0200] "GET /wp-login.php HTTP/2.0" 200 3299 "-" "Mozilla/5.0 (Windows NT 10.0; Win64; x64) AppleWebKit/537.36 (KHTML, like Gecko) Chrome/124.0.0.0 Safari/537.36"
65.108.235.243 - - [11/Jun/2026:20:43:14 +0200] "POST /wp-cron.php?doing_wp_cron=1781203394.3531420230865478515625 HTTP/1.1" 200 1 "-" "WordPress/7.0; https://parma.elettroservicegroup.it"
104.207.34.44 - - [11/Jun/2026:20:43:11 +0200] "POST /wp-login.php HTTP/2.0" 200 3416 "https://parma.elettroservicegroup.it/wp-login.php" "Mozilla/5.0 (Windows NT 10.0; Win64; x64) AppleWebKit/537.36 (KHTML, like Gecko) Chrome/124.0.0.0 Safari/537.36"
45.3.54.42 - - [11/Jun/2026:20:43:16 +0200] "GET /wp-login.php HTTP/2.0" 200 11754 "-" "Mozilla/5.0 (Windows NT 10.0; Win64; x64) AppleWebKit/537.36 (KHTML, like Gecko) Chrome/124.0.0.0 Safari/537.36"
65.111.22.150 - - [11/Jun/2026:20:43:16 +0200] "GET /wp-login.php HTTP/2.0" 200 3299 "-" "Mozilla/5.0 (Windows NT 10.0; Win64; x64) AppleWebKit/537.36 (KHTML, like Gecko) Chrome/124.0.0.0 Safari/537.36"
65.111.22.150 - - [11/Jun/2026:20:43:18 +0200] "POST /wp-login.php HTTP/2.0" 200 3416 "https://parma.elettroservicegroup.it/wp-login.php" "Mozilla/5.0 (Windows NT 10.0; Win64; x64) AppleWebKit/537.36 (KHTML, like Gecko) Chrome/124.0.0.0 Safari/537.36"
209.50.165.213 - - [11/Jun/2026:20:43:23 +0200] "GET /wp-login.php HTTP/2.0" 200 3299 "-" "Mozilla/5.0 (Windows NT 10.0; Win64; x64) AppleWebKit/537.36 (KHTML, like Gecko) Chrome/124.0.0.0 Safari/537.36"
65.108.235.243 - - [11/Jun/2026:20:43:27 +0200] "POST /wp-cron.php?doing_wp_cron=1781203407.0540230274200439453125 HTTP/1.1" 200 1 "-" "WordPress/7.0; https://parma.elettroservicegroup.it"
209.50.165.213 - - [11/Jun/2026:20:43:25 +0200] "POST /wp-login.php HTTP/2.0" 200 3416 "https://parma.elettroservicegroup.it/wp-login.php" "Mozilla/5.0 (Windows NT 10.0; Win64; x64) AppleWebKit/537.36 (KHTML, like Gecko) Chrome/124.0.0.0 Safari/537.36"
65.111.30.103 - - [11/Jun/2026:20:43:28 +0200] "GET /wp-login.php HTTP/2.0" 200 3299 "-" "Mozilla/5.0 (Windows NT 10.0; Win64; x64) AppleWebKit/537.36 (KHTML, like Gecko) Chrome/124.0.0.0 Safari/537.36"
65.111.30.103 - - [11/Jun/2026:20:43:30 +0200] "POST /wp-login.php HTTP/2.0" 200 3416 "https://parma.elettroservicegroup.it/wp-login.php" "Mozilla/5.0 (Windows NT 10.0; Win64; x64) AppleWebKit/537.36 (KHTML, like Gecko) Chrome/124.0.0.0 Safari/537.36"
104.207.51.174 - - [11/Jun/2026:20:43:34 +0200] "GET /wp-login.php HTTP/2.0" 200 3299 "-" "Mozilla/5.0 (Windows NT 10.0; Win64; x64) AppleWebKit/537.36 (KHTML, like Gecko) Chrome/124.0.0.0 Safari/537.36"
104.207.51.174 - - [11/Jun/2026:20:43:37 +0200] "POST /wp-login.php HTTP/2.0" 200 3416 "https://parma.elettroservicegroup.it/wp-login.php" "Mozilla/5.0 (Windows NT 10.0; Win64; x64) AppleWebKit/537.36 (KHTML, like Gecko) Chrome/124.0.0.0 Safari/537.36"
104.207.35.52 - - [11/Jun/2026:20:43:41 +0200] "GET /wp-login.php HTTP/2.0" 200 3299 "-" "Mozilla/5.0 (Windows NT 10.0; Win64; x64) AppleWebKit/537.36 (KHTML, like Gecko) Chrome/124.0.0.0 Safari/537.36"
104.207.35.52 - - [11/Jun/2026:20:43:43 +0200] "POST /wp-login.php HTTP/2.0" 200 3416 "https://parma.elettroservicegroup.it/wp-login.php" "Mozilla/5.0 (Windows NT 10.0; Win64; x64) AppleWebKit/537.36 (KHTML, like Gecko) Chrome/124.0.0.0 Safari/537.36"
65.111.28.255 - - [11/Jun/2026:20:43:47 +0200] "GET /wp-login.php HTTP/2.0" 200 3299 "-" "Mozilla/5.0 (Windows NT 10.0; Win64; x64) AppleWebKit/537.36 (KHTML, like Gecko) Chrome/124.0.0.0 Safari/537.36"
