65.108.235.243 - - [04/Jul/2026:14:26:31 +0200] "POST /wp-cron.php?doing_wp_cron=1783167991.2698869705200195312500 HTTP/1.1" 200 1 "-" "WordPress/7.0; https://reggio-emilia.elettroservicegroup.it"
192.178.16.135 - - [04/Jul/2026:14:26:27 +0200] "GET /assistenza-lavastoviglie-reggio-emilia/ HTTP/1.1" 200 25525 "-" "Mozilla/5.0 (Linux; Android 6.0.1; Nexus 5X Build/MMB29P) AppleWebKit/537.36 (KHTML, like Gecko) Chrome/150.0.7871.46 Mobile Safari/537.36 (compatible; AdsBot-Google-Mobile; +http://www.google.com/mobile/adsbot.html)"
192.178.16.135 - - [04/Jul/2026:14:26:33 +0200] "GET /wp-content/plugins/elementor/assets/css/frontend.min.css?ver=4.1.4 HTTP/1.1" 200 6618 "https://reggio-emilia.elettroservicegroup.it/assistenza-lavastoviglie-reggio-emilia/" "AdsBot-Google (+http://www.google.com/adsbot.html)"
65.108.235.243 - - [04/Jul/2026:14:26:31 +0200] "POST /wp-json/complianz/v1/wsc-scan HTTP/1.1" 400 88 "-" "WordPress/7.0; https://reggio-emilia.elettroservicegroup.it"
192.178.16.135 - - [04/Jul/2026:14:26:33 +0200] "GET /wp-content/plugins/elementor/assets/css/widget-spacer.min.css?ver=4.1.4 HTTP/1.1" 200 287 "https://reggio-emilia.elettroservicegroup.it/assistenza-lavastoviglie-reggio-emilia/" "AdsBot-Google (+http://www.google.com/adsbot.html)"
192.178.16.135 - - [04/Jul/2026:14:26:33 +0200] "GET /wp-content/plugins/elementor/assets/css/widget-heading.min.css?ver=4.1.4 HTTP/1.1" 200 127 "https://reggio-emilia.elettroservicegroup.it/assistenza-lavastoviglie-reggio-emilia/" "AdsBot-Google (+http://www.google.com/adsbot.html)"
192.178.16.136 - - [04/Jul/2026:14:26:33 +0200] "GET /wp-content/themes/generatepress/assets/css/main.min.css?ver=3.6.1 HTTP/1.1" 200 4410 "https://reggio-emilia.elettroservicegroup.it/assistenza-lavastoviglie-reggio-emilia/" "AdsBot-Google (+http://www.google.com/adsbot.html)"
192.178.16.135 - - [04/Jul/2026:14:26:34 +0200] "GET /wp-content/plugins/all-in-one-seo-pack/dist/Lite/assets/css/table-of-contents/global.e90f6d47.css?ver=4.9.9 HTTP/1.1" 200 420 "https://reggio-emilia.elettroservicegroup.it/assistenza-lavastoviglie-reggio-emilia/" "AdsBot-Google (+http://www.google.com/adsbot.html)"
192.178.16.136 - - [04/Jul/2026:14:26:35 +0200] "GET /wp-content/plugins/elementor/assets/css/widget-social-icons.min.css?ver=3.24.0 HTTP/1.1" 200 1039 "https://reggio-emilia.elettroservicegroup.it/assistenza-lavastoviglie-reggio-emilia/" "AdsBot-Google (+http://www.google.com/adsbot.html)"
192.178.16.136 - - [04/Jul/2026:14:26:35 +0200] "GET /wp-content/plugins/elementor/assets/css/widget-icon-list.min.css?ver=3.24.3 HTTP/1.1" 200 928 "https://reggio-emilia.elettroservicegroup.it/assistenza-lavastoviglie-reggio-emilia/" "AdsBot-Google (+http://www.google.com/adsbot.html)"
192.178.16.136 - - [04/Jul/2026:14:26:35 +0200] "GET /wp-content/uploads/elementor/google-fonts/css/roboto.css?ver=1742255001 HTTP/1.1" 200 1890 "https://reggio-emilia.elettroservicegroup.it/assistenza-lavastoviglie-reggio-emilia/" "AdsBot-Google (+http://www.google.com/adsbot.html)"
192.178.16.135 - - [04/Jul/2026:14:26:35 +0200] "GET /wp-content/plugins/elementor/assets/lib/font-awesome/js/v4-shims.min.js?ver=4.1.4 HTTP/1.1" 200 4043 "https://reggio-emilia.elettroservicegroup.it/assistenza-lavastoviglie-reggio-emilia/" "AdsBot-Google (+http://www.google.com/adsbot.html)"
65.108.235.243 - - [04/Jul/2026:14:26:33 +0200] "GET /assistenza-whirlpool-santilario-denza/ HTTP/1.1" 200 25048 "-" "WP Fastest Cache Preload Bot"
192.178.16.136 - - [04/Jul/2026:14:26:36 +0200] "GET /wp-content/uploads/elementor/css/post-17716.css?ver=1783151173 HTTP/1.1" 200 2155 "https://reggio-emilia.elettroservicegroup.it/assistenza-lavastoviglie-reggio-emilia/" "AdsBot-Google (+http://www.google.com/adsbot.html)"
192.178.16.136 - - [04/Jul/2026:14:26:36 +0200] "GET /wp-content/uploads/elementor/google-fonts/css/robotoslab.css?ver=1742255003 HTTP/1.1" 200 721 "https://reggio-emilia.elettroservicegroup.it/assistenza-lavastoviglie-reggio-emilia/" "AdsBot-Google (+http://www.google.com/adsbot.html)"
192.178.16.135 - - [04/Jul/2026:14:26:36 +0200] "GET /wp-content/plugins/elementor/assets/css/widget-image.min.css?ver=4.1.4 HTTP/1.1" 200 96 "https://reggio-emilia.elettroservicegroup.it/assistenza-lavastoviglie-reggio-emilia/" "AdsBot-Google (+http://www.google.com/adsbot.html)"
192.178.16.136 - - [04/Jul/2026:14:26:37 +0200] "GET /wp-content/plugins/elementor/assets/lib/animations/styles/zoomIn.min.css?ver=4.1.4 HTTP/1.1" 200 87 "https://reggio-emilia.elettroservicegroup.it/assistenza-lavastoviglie-reggio-emilia/" "AdsBot-Google (+http://www.google.com/adsbot.html)"
192.178.16.135 - - [04/Jul/2026:14:26:37 +0200] "GET /wp-content/plugins/elementor/assets/lib/animations/styles/bounceIn.min.css?ver=4.1.4 HTTP/1.1" 200 186 "https://reggio-emilia.elettroservicegroup.it/assistenza-lavastoviglie-reggio-emilia/" "AdsBot-Google (+http://www.google.com/adsbot.html)"
192.178.16.135 - - [04/Jul/2026:14:26:37 +0200] "GET /wp-content/plugins/header-footer-elementor/assets/css/header-footer-elementor.css?ver=2.9.0 HTTP/1.1" 200 260 "https://reggio-emilia.elettroservicegroup.it/assistenza-lavastoviglie-reggio-emilia/" "AdsBot-Google (+http://www.google.com/adsbot.html)"
192.178.16.135 - - [04/Jul/2026:14:26:38 +0200] "GET /wp-content/plugins/gp-premium/menu-plus/functions/css/navigation-branding-flex.min.css?ver=2.5.5 HTTP/1.1" 200 542 "https://reggio-emilia.elettroservicegroup.it/assistenza-lavastoviglie-reggio-emilia/" "AdsBot-Google (+http://www.google.com/adsbot.html)"
65.108.235.243 - - [04/Jul/2026:14:26:36 +0200] "GET /assistenza-whirlpool-guastalla/ HTTP/1.1" 200 24999 "-" "WP Fastest Cache Preload Bot"
192.178.16.135 - - [04/Jul/2026:14:26:38 +0200] "GET /wp-content/plugins/elementor/assets/js/webpack.runtime.min.js?ver=4.1.4 HTTP/1.1" 200 2340 "https://reggio-emilia.elettroservicegroup.it/assistenza-lavastoviglie-reggio-emilia/" "AdsBot-Google (+http://www.google.com/adsbot.html)"
192.178.16.135 - - [04/Jul/2026:14:26:38 +0200] "GET /wp-includes/js/jquery/jquery-migrate.min.js?ver=3.4.1 HTTP/1.1" 200 4685 "https://reggio-emilia.elettroservicegroup.it/assistenza-lavastoviglie-reggio-emilia/" "AdsBot-Google (+http://www.google.com/adsbot.html)"
192.178.16.135 - - [04/Jul/2026:14:26:39 +0200] "GET /wp-content/plugins/elementor/assets/lib/font-awesome/css/brands.css?ver=5.15.3 HTTP/1.1" 200 298 "https://reggio-emilia.elettroservicegroup.it/assistenza-lavastoviglie-reggio-emilia/" "AdsBot-Google (+http://www.google.com/adsbot.html)"
192.178.16.135 - - [04/Jul/2026:14:26:39 +0200] "GET /wp-content/plugins/header-footer-elementor/inc/widgets-css/frontend.css?ver=2.9.0 HTTP/1.1" 200 8711 "https://reggio-emilia.elettroservicegroup.it/assistenza-lavastoviglie-reggio-emilia/" "AdsBot-Google (+http://www.google.com/adsbot.html)"
192.178.16.135 - - [04/Jul/2026:14:26:39 +0200] "GET /wp-content/plugins/elementor/assets/lib/font-awesome/css/fontawesome.css?ver=5.15.3 HTTP/1.1" 200 12535 "https://reggio-emilia.elettroservicegroup.it/assistenza-lavastoviglie-reggio-emilia/" "AdsBot-Google (+http://www.google.com/adsbot.html)"
192.178.16.135 - - [04/Jul/2026:14:26:40 +0200] "GET /wp-includes/js/jquery/jquery.min.js?ver=3.7.1 HTTP/1.1" 200 29769 "https://reggio-emilia.elettroservicegroup.it/assistenza-lavastoviglie-reggio-emilia/" "AdsBot-Google (+http://www.google.com/adsbot.html)"
65.108.235.243 - - [04/Jul/2026:14:26:38 +0200] "GET /assistenza-whirlpool-correggio/ HTTP/1.1" 200 25024 "-" "WP Fastest Cache Preload Bot"
192.178.16.135 - - [04/Jul/2026:14:26:40 +0200] "GET /wp-content/plugins/gp-premium/menu-plus/functions/js/sticky.min.js?ver=2.5.5 HTTP/1.1" 200 2670 "https://reggio-emilia.elettroservicegroup.it/assistenza-lavastoviglie-reggio-emilia/" "AdsBot-Google (+http://www.google.com/adsbot.html)"
192.178.16.135 - - [04/Jul/2026:14:26:40 +0200] "GET /wp-content/plugins/elementor/assets/lib/font-awesome/css/all.min.css?ver=4.1.4 HTTP/1.1" 200 12402 "https://reggio-emilia.elettroservicegroup.it/assistenza-lavastoviglie-reggio-emilia/" "AdsBot-Google (+http://www.google.com/adsbot.html)"
192.178.16.135 - - [04/Jul/2026:14:26:41 +0200] "GET /wp-content/plugins/elementor/assets/lib/eicons/css/elementor-icons.min.css?ver=5.34.0 HTTP/1.1" 200 4125 "https://reggio-emilia.elettroservicegroup.it/assistenza-lavastoviglie-reggio-emilia/" "AdsBot-Google (+http://www.google.com/adsbot.html)"
192.178.16.135 - - [04/Jul/2026:14:26:41 +0200] "GET /wp-content/plugins/elementor/assets/lib/font-awesome/css/solid.css?ver=5.15.3 HTTP/1.1" 200 299 "https://reggio-emilia.elettroservicegroup.it/assistenza-lavastoviglie-reggio-emilia/" "AdsBot-Google (+http://www.google.com/adsbot.html)"
192.178.16.135 - - [04/Jul/2026:14:26:41 +0200] "GET /wp-content/plugins/elementor/assets/js/frontend-modules.min.js?ver=4.1.4 HTTP/1.1" 200 15454 "https://reggio-emilia.elettroservicegroup.it/assistenza-lavastoviglie-reggio-emilia/" "AdsBot-Google (+http://www.google.com/adsbot.html)"
192.178.16.135 - - [04/Jul/2026:14:26:42 +0200] "GET /wp-includes/js/jquery/ui/core.min.js?ver=1.13.3 HTTP/1.1" 200 6820 "https://reggio-emilia.elettroservicegroup.it/assistenza-lavastoviglie-reggio-emilia/" "AdsBot-Google (+http://www.google.com/adsbot.html)"
192.178.16.135 - - [04/Jul/2026:14:26:42 +0200] "GET /wp-content/themes/generatepress/assets/js/back-to-top.min.js?ver=3.6.1 HTTP/1.1" 200 336 "https://reggio-emilia.elettroservicegroup.it/assistenza-lavastoviglie-reggio-emilia/" "AdsBot-Google (+http://www.google.com/adsbot.html)"
192.178.16.135 - - [04/Jul/2026:14:26:42 +0200] "GET /wp-content/plugins/elementor/assets/js/frontend.min.js?ver=4.1.4 HTTP/1.1" 200 10140 "https://reggio-emilia.elettroservicegroup.it/assistenza-lavastoviglie-reggio-emilia/" "AdsBot-Google (+http://www.google.com/adsbot.html)"
192.178.16.135 - - [04/Jul/2026:14:26:43 +0200] "GET /wp-content/themes/generatepress/assets/js/menu.min.js?ver=3.6.1 HTTP/1.1" 200 1688 "https://reggio-emilia.elettroservicegroup.it/assistenza-lavastoviglie-reggio-emilia/" "AdsBot-Google (+http://www.google.com/adsbot.html)"
65.108.235.243 - - [04/Jul/2026:14:26:40 +0200] "GET /assistenza-whirlpool-reggio-emilia/ HTTP/1.1" 200 24982 "-" "WP Fastest Cache Preload Bot"
192.178.16.135 - - [04/Jul/2026:14:26:43 +0200] "GET /wp-json/complianz/v1/cookie_data HTTP/1.1" 200 82 "https://reggio-emilia.elettroservicegroup.it/assistenza-lavastoviglie-reggio-emilia/" "AdsBot-Google (+http://www.google.com/adsbot.html)"
192.178.16.135 - - [04/Jul/2026:14:26:44 +0200] "GET /wp-content/plugins/elementor/assets/js/section-frontend-handlers.d85ab872da118940910d.bundle.min.js HTTP/1.1" 200 230 "https://reggio-emilia.elettroservicegroup.it/assistenza-lavastoviglie-reggio-emilia/" "AdsBot-Google (+http://www.google.com/adsbot.html)"
192.178.16.135 - - [04/Jul/2026:14:26:45 +0200] "GET /wp-content/plugins/elementor/assets/js/shared-frontend-handlers.03caa53373b56d3bab67.bundle.min.js HTTP/1.1" 200 2515 "https://reggio-emilia.elettroservicegroup.it/assistenza-lavastoviglie-reggio-emilia/" "AdsBot-Google (+http://www.google.com/adsbot.html)"
192.178.16.135 - - [04/Jul/2026:14:26:45 +0200] "GET /wp-content/plugins/elementor/assets/js/text-editor.45609661e409413f1cef.bundle.min.js HTTP/1.1" 200 592 "https://reggio-emilia.elettroservicegroup.it/assistenza-lavastoviglie-reggio-emilia/" "AdsBot-Google (+http://www.google.com/adsbot.html)"
65.108.235.243 - - [04/Jul/2026:14:35:25 +0200] "POST /wp-cron.php?doing_wp_cron=1783168525.2112689018249511718750 HTTP/1.1" 200 1 "-" "WordPress/7.0; https://reggio-emilia.elettroservicegroup.it"
5.90.51.52 - - [04/Jul/2026:14:35:15 +0200] "GET / HTTP/2.0" 200 - "-" "Mozilla/5.0 (iPhone; CPU iPhone OS 18_7 like Mac OS X) AppleWebKit/605.1.15 (KHTML, like Gecko) Version/26.5 Mobile/15E148 Safari/604.1"
65.108.235.243 - - [04/Jul/2026:14:35:27 +0200] "GET /assistenza-smeg-rubiera/ HTTP/1.1" 200 24922 "-" "WP Fastest Cache Preload Bot"
65.108.235.243 - - [04/Jul/2026:14:35:31 +0200] "GET /assistenza-smeg-scandiano/ HTTP/1.1" 200 24923 "-" "WP Fastest Cache Preload Bot"
65.108.235.243 - - [04/Jul/2026:14:35:34 +0200] "GET /assistenza-smeg-santilario-denza/ HTTP/1.1" 200 24981 "-" "WP Fastest Cache Preload Bot"
65.108.235.243 - - [04/Jul/2026:14:35:36 +0200] "GET /assistenza-smeg-guastalla/ HTTP/1.1" 200 24928 "-" "WP Fastest Cache Preload Bot"
34.60.131.171 - - [04/Jul/2026:14:37:38 +0200] "HEAD /assistenza-bosch-reggio-emilia HTTP/2.0" 200 11810 "-" "Mozilla/5.0 AppleWebKit/537.36 (KHTML, like Gecko); compatible; ShapBot/0.1.0"
34.60.131.171 - - [04/Jul/2026:14:37:38 +0200] "GET /assistenza-bosch-reggio-emilia HTTP/2.0" 200 11810 "-" "Mozilla/5.0 AppleWebKit/537.36 (KHTML, like Gecko); compatible; ShapBot/0.1.0"
65.108.235.243 - - [04/Jul/2026:14:46:41 +0200] "POST /wp-cron.php?doing_wp_cron=1783169201.3135221004486083984375 HTTP/1.1" 200 1 "-" "WordPress/7.0; https://reggio-emilia.elettroservicegroup.it"
192.178.16.136 - - [04/Jul/2026:14:46:33 +0200] "GET /assistenza-asciugatrici-reggio-emilia/ HTTP/1.1" 200 23182 "-" "Mozilla/5.0 (Linux; Android 6.0.1; Nexus 5X Build/MMB29P) AppleWebKit/537.36 (KHTML, like Gecko) Chrome/150.0.7871.46 Mobile Safari/537.36 (compatible; AdsBot-Google-Mobile; +http://www.google.com/mobile/adsbot.html)"
192.178.16.136 - - [04/Jul/2026:14:46:43 +0200] "GET /wp-content/uploads/elementor/css/post-15285.css?ver=1783161509 HTTP/1.1" 200 1967 "https://reggio-emilia.elettroservicegroup.it/assistenza-asciugatrici-reggio-emilia/" "AdsBot-Google (+http://www.google.com/adsbot.html)"
192.178.16.136 - - [04/Jul/2026:14:46:43 +0200] "GET /wp-content/plugins/gp-premium/menu-plus/functions/css/navigation-branding-flex.min.css?ver=2.5.5 HTTP/1.1" 200 542 "https://reggio-emilia.elettroservicegroup.it/assistenza-asciugatrici-reggio-emilia/" "AdsBot-Google (+http://www.google.com/adsbot.html)"
192.178.16.135 - - [04/Jul/2026:14:46:43 +0200] "GET /wp-content/plugins/header-footer-elementor/inc/widgets-css/frontend.css?ver=2.9.0 HTTP/1.1" 200 8711 "https://reggio-emilia.elettroservicegroup.it/assistenza-asciugatrici-reggio-emilia/" "AdsBot-Google (+http://www.google.com/adsbot.html)"
192.178.16.136 - - [04/Jul/2026:14:46:43 +0200] "GET /wp-content/plugins/elementor/assets/lib/font-awesome/css/solid.css?ver=5.15.3 HTTP/1.1" 200 299 "https://reggio-emilia.elettroservicegroup.it/assistenza-asciugatrici-reggio-emilia/" "AdsBot-Google (+http://www.google.com/adsbot.html)"
192.178.16.135 - - [04/Jul/2026:14:46:43 +0200] "GET /wp-content/plugins/elementor/assets/lib/font-awesome/css/all.min.css?ver=4.1.4 HTTP/1.1" 200 12402 "https://reggio-emilia.elettroservicegroup.it/assistenza-asciugatrici-reggio-emilia/" "AdsBot-Google (+http://www.google.com/adsbot.html)"
192.178.16.136 - - [04/Jul/2026:14:46:43 +0200] "GET /wp-content/plugins/elementor/assets/lib/eicons/css/elementor-icons.min.css?ver=5.34.0 HTTP/1.1" 200 4125 "https://reggio-emilia.elettroservicegroup.it/assistenza-asciugatrici-reggio-emilia/" "AdsBot-Google (+http://www.google.com/adsbot.html)"
192.178.16.135 - - [04/Jul/2026:14:46:44 +0200] "GET /wp-includes/js/jquery/jquery-migrate.min.js?ver=3.4.1 HTTP/1.1" 200 4685 "https://reggio-emilia.elettroservicegroup.it/assistenza-asciugatrici-reggio-emilia/" "AdsBot-Google (+http://www.google.com/adsbot.html)"
65.108.235.243 - - [04/Jul/2026:14:46:43 +0200] "GET /assistenza-smeg-correggio/ HTTP/1.1" 200 24925 "-" "WP Fastest Cache Preload Bot"
192.178.16.135 - - [04/Jul/2026:14:46:44 +0200] "GET /wp-json/complianz/v1/banner?lang=it&locale=it_IT&token=lcps HTTP/1.1" 200 82 "https://reggio-emilia.elettroservicegroup.it/assistenza-asciugatrici-reggio-emilia/" "AdsBot-Google (+http://www.google.com/adsbot.html)"
192.178.16.136 - - [04/Jul/2026:14:46:46 +0200] "GET /wp-content/plugins/elementor/assets/js/shared-frontend-handlers.03caa53373b56d3bab67.bundle.min.js HTTP/1.1" 200 2515 "https://reggio-emilia.elettroservicegroup.it/assistenza-asciugatrici-reggio-emilia/" "AdsBot-Google (+http://www.google.com/adsbot.html)"
192.178.16.136 - - [04/Jul/2026:14:46:46 +0200] "GET /wp-content/plugins/elementor/assets/js/text-editor.45609661e409413f1cef.bundle.min.js HTTP/1.1" 200 592 "https://reggio-emilia.elettroservicegroup.it/assistenza-asciugatrici-reggio-emilia/" "AdsBot-Google (+http://www.google.com/adsbot.html)"
192.178.16.135 - - [04/Jul/2026:14:46:46 +0200] "GET /wp-content/plugins/elementor/assets/js/section-frontend-handlers.d85ab872da118940910d.bundle.min.js HTTP/1.1" 200 230 "https://reggio-emilia.elettroservicegroup.it/assistenza-asciugatrici-reggio-emilia/" "AdsBot-Google (+http://www.google.com/adsbot.html)"
65.108.235.243 - - [04/Jul/2026:14:46:45 +0200] "GET /assistenza-smeg-reggio-emilia/ HTTP/1.1" 200 24924 "-" "WP Fastest Cache Preload Bot"
65.108.235.243 - - [04/Jul/2026:14:46:47 +0200] "GET /assistenza-siemens-rubiera/ HTTP/1.1" 200 24846 "-" "WP Fastest Cache Preload Bot"
65.108.235.243 - - [04/Jul/2026:14:46:50 +0200] "GET /assistenza-siemens-scandiano/ HTTP/1.1" 200 24839 "-" "WP Fastest Cache Preload Bot"
89.167.46.168 - - [04/Jul/2026:14:55:12 +0200] "GET / HTTP/2.0" 200 27427 "http://reggio-emilia.elettroservicegroup.it/" "Go-http-client/2.0"
65.108.235.243 - - [04/Jul/2026:14:55:14 +0200] "GET /assistenza-siemens-santilario-denza/ HTTP/1.1" 200 24908 "-" "WP Fastest Cache Preload Bot"
65.108.235.243 - - [04/Jul/2026:14:55:16 +0200] "GET /assistenza-siemens-guastalla/ HTTP/1.1" 200 24838 "-" "WP Fastest Cache Preload Bot"
65.108.235.243 - - [04/Jul/2026:14:55:19 +0200] "GET /assistenza-siemens-correggio/ HTTP/1.1" 200 24837 "-" "WP Fastest Cache Preload Bot"
65.108.235.243 - - [04/Jul/2026:14:55:21 +0200] "GET /assistenza-siemens-reggio-emilia/ HTTP/1.1" 200 24834 "-" "WP Fastest Cache Preload Bot"
65.108.235.243 - - [04/Jul/2026:15:13:30 +0200] "POST /wp-cron.php?doing_wp_cron=1783170810.4822669029235839843750 HTTP/1.1" 200 1 "-" "WordPress/7.0; https://reggio-emilia.elettroservicegroup.it"
216.73.216.158 - - [04/Jul/2026:15:13:28 +0200] "GET /robots.txt HTTP/2.0" 200 110 "-" "Mozilla/5.0 AppleWebKit/537.36 (KHTML, like Gecko; compatible; ClaudeBot/1.0; +claudebot@anthropic.com)"
216.73.216.158 - - [04/Jul/2026:15:13:30 +0200] "GET /sitemap.xml HTTP/2.0" 200 334 "-" "Mozilla/5.0 AppleWebKit/537.36 (KHTML, like Gecko; compatible; ClaudeBot/1.0; +claudebot@anthropic.com)"
65.108.235.243 - - [04/Jul/2026:15:13:31 +0200] "GET /assistenza-rex-electrolux-rubiera/ HTTP/1.1" 200 24890 "-" "WP Fastest Cache Preload Bot"
65.108.235.243 - - [04/Jul/2026:15:13:31 +0200] "GET /assistenza-rex-electrolux-scandiano/ HTTP/1.1" 200 24894 "-" "WP Fastest Cache Preload Bot"
65.108.235.243 - - [04/Jul/2026:15:13:31 +0200] "GET /assistenza-rex-electrolux-santilario-denza/ HTTP/1.1" 200 24965 "-" "WP Fastest Cache Preload Bot"
65.108.235.243 - - [04/Jul/2026:15:13:32 +0200] "GET /assistenza-rex-electrolux-guastalla/ HTTP/1.1" 200 24894 "-" "WP Fastest Cache Preload Bot"
65.108.235.243 - - [04/Jul/2026:15:22:53 +0200] "POST /wp-cron.php?doing_wp_cron=1783171373.7049829959869384765625 HTTP/1.1" 200 1 "-" "WordPress/7.0; https://reggio-emilia.elettroservicegroup.it"
192.178.4.135 - - [04/Jul/2026:15:22:46 +0200] "GET /robots.txt HTTP/1.1" 200 110 "-" "Mozilla/5.0 (compatible; Googlebot/2.1; +http://www.google.com/bot.html)"
192.178.16.137 - - [04/Jul/2026:15:22:46 +0200] "GET /assistenza-lavatrici-aeg-correggio/ HTTP/1.1" 200 25095 "-" "Mozilla/5.0 (Linux; Android 6.0.1; Nexus 5X Build/MMB29P) AppleWebKit/537.36 (KHTML, like Gecko) Chrome/150.0.7871.46 Mobile Safari/537.36 (compatible; AdsBot-Google-Mobile; +http://www.google.com/mobile/adsbot.html)"
65.108.235.243 - - [04/Jul/2026:15:22:56 +0200] "GET /assistenza-rex-electrolux-correggio/ HTTP/1.1" 200 24893 "-" "WP Fastest Cache Preload Bot"
192.178.16.136 - - [04/Jul/2026:15:22:59 +0200] "GET /wp-content/uploads/elementor/css/post-17774.css?ver=1783116005 HTTP/1.1" 200 2080 "https://reggio-emilia.elettroservicegroup.it/assistenza-lavatrici-aeg-correggio/" "AdsBot-Google (+http://www.google.com/adsbot.html)"
192.178.16.136 - - [04/Jul/2026:15:22:59 +0200] "GET /wp-content/plugins/elementor/assets/lib/font-awesome/css/v4-shims.min.css?ver=4.1.4 HTTP/1.1" 200 3986 "https://reggio-emilia.elettroservicegroup.it/assistenza-lavatrici-aeg-correggio/" "AdsBot-Google (+http://www.google.com/adsbot.html)"
65.108.235.243 - - [04/Jul/2026:15:22:59 +0200] "GET /assistenza-rex-electrolux-reggio-emilia/ HTTP/1.1" 200 24886 "-" "WP Fastest Cache Preload Bot"
192.178.16.135 - - [04/Jul/2026:15:23:00 +0200] "GET /wp-json/complianz/v1/banner?lang=it&locale=it_IT&token=lcps HTTP/1.1" 200 82 "https://reggio-emilia.elettroservicegroup.it/assistenza-lavatrici-aeg-correggio/" "AdsBot-Google (+http://www.google.com/adsbot.html)"
65.108.235.243 - - [04/Jul/2026:15:23:01 +0200] "GET /assistenza-miele-rubiera/ HTTP/1.1" 200 24808 "-" "WP Fastest Cache Preload Bot"
65.108.235.243 - - [04/Jul/2026:15:23:05 +0200] "GET /assistenza-miele-scandiano/ HTTP/1.1" 200 24819 "-" "WP Fastest Cache Preload Bot"
47.128.23.197 - - [04/Jul/2026:15:23:52 +0200] "GET /robots.txt HTTP/1.1" 200 11821 "-" "Mozilla/5.0 (Linux; Android 5.0) AppleWebKit/537.36 (KHTML, like Gecko) Mobile Safari/537.36 (compatible; Bytespider; spider-feedback@bytedance.com)"
65.111.6.63 - - [04/Jul/2026:15:29:59 +0200] "GET / HTTP/1.1" 301 - "-" "Goosee-Audit/1.0 (+internal-security-audit)"
52.167.144.191 - - [04/Jul/2026:15:30:06 +0200] "GET /sitemap.xml HTTP/2.0" 200 334 "-" "Mozilla/5.0 AppleWebKit/537.36 (KHTML, like Gecko; compatible; bingbot/2.0; +http://www.bing.com/bingbot.htm) Chrome/116.0.1938.76 Safari/537.36"
104.207.45.230 - - [04/Jul/2026:15:30:12 +0200] "GET / HTTP/1.1" 200 27427 "http://www.reggio-emilia.elettroservicegroup.it" "Goosee-Audit/1.0 (+internal-security-audit)"
216.26.238.48 - - [04/Jul/2026:15:30:13 +0200] "GET /wp-json/ HTTP/1.1" 200 357250 "-" "Goosee-Audit/1.0 (+internal-security-audit)"
65.108.235.243 - - [04/Jul/2026:15:30:15 +0200] "POST /wp-json/complianz/v1/wsc-scan HTTP/1.1" 400 88 "-" "WordPress/7.0; https://reggio-emilia.elettroservicegroup.it"
65.108.235.243 - - [04/Jul/2026:15:30:16 +0200] "GET /assistenza-miele-santilario-denza/ HTTP/1.1" 200 24876 "-" "WP Fastest Cache Preload Bot"
65.108.235.243 - - [04/Jul/2026:15:30:19 +0200] "GET /assistenza-miele-guastalla/ HTTP/1.1" 200 24816 "-" "WP Fastest Cache Preload Bot"
65.108.235.243 - - [04/Jul/2026:15:30:22 +0200] "GET /assistenza-miele-correggio/ HTTP/1.1" 200 24819 "-" "WP Fastest Cache Preload Bot"
65.108.235.243 - - [04/Jul/2026:15:30:25 +0200] "GET /assistenza-miele-reggio-emilia/ HTTP/1.1" 200 24801 "-" "WP Fastest Cache Preload Bot"
65.108.235.243 - - [04/Jul/2026:15:33:00 +0200] "POST /wp-cron.php?doing_wp_cron=1783171980.5929319858551025390625 HTTP/1.1" 200 1 "-" "WordPress/7.0; https://reggio-emilia.elettroservicegroup.it"
192.178.4.137 - - [04/Jul/2026:15:32:54 +0200] "GET /robots.txt HTTP/1.1" 200 110 "-" "Mozilla/5.0 (compatible; Googlebot/2.1; +http://www.google.com/bot.html)"
192.178.16.137 - - [04/Jul/2026:15:32:54 +0200] "GET /assistenza-forni-elettrici-reggio-emilia/ HTTP/1.1" 200 23260 "-" "Mozilla/5.0 (Linux; Android 6.0.1; Nexus 5X Build/MMB29P) AppleWebKit/537.36 (KHTML, like Gecko) Chrome/150.0.7871.46 Mobile Safari/537.36 (compatible; AdsBot-Google-Mobile; +http://www.google.com/mobile/adsbot.html)"
192.178.16.135 - - [04/Jul/2026:15:33:04 +0200] "GET /wp-content/plugins/header-footer-elementor/assets/css/header-footer-elementor.css?ver=2.9.0 HTTP/1.1" 200 260 "https://reggio-emilia.elettroservicegroup.it/assistenza-forni-elettrici-reggio-emilia/" "AdsBot-Google (+http://www.google.com/adsbot.html)"
192.178.16.136 - - [04/Jul/2026:15:33:04 +0200] "GET /wp-content/uploads/elementor/css/post-15288.css?ver=1783160668 HTTP/1.1" 200 1947 "https://reggio-emilia.elettroservicegroup.it/assistenza-forni-elettrici-reggio-emilia/" "AdsBot-Google (+http://www.google.com/adsbot.html)"
65.108.235.243 - - [04/Jul/2026:15:33:02 +0200] "GET /assistenza-lavatrici-rex-electrolux-rubiera/ HTTP/1.1" 200 24847 "-" "WP Fastest Cache Preload Bot"
65.108.235.243 - - [04/Jul/2026:15:33:04 +0200] "GET /assistenza-lavatrici-whirlpool-rubiera/ HTTP/1.1" 200 25005 "-" "WP Fastest Cache Preload Bot"
65.108.235.243 - - [04/Jul/2026:15:33:06 +0200] "GET /assistenza-lavatrici-whirlpool-scandiano/ HTTP/1.1" 200 25006 "-" "WP Fastest Cache Preload Bot"
65.108.235.243 - - [04/Jul/2026:15:33:08 +0200] "GET /assistenza-lavatrici-whirlpool-santilario-denza/ HTTP/1.1" 200 25077 "-" "WP Fastest Cache Preload Bot"
65.108.235.243 - - [04/Jul/2026:16:17:41 +0200] "GET /assistenza-lavatrici-rex-electrolux-scandiano/ HTTP/1.1" 200 24859 "-" "WP Fastest Cache Preload Bot"
65.108.235.243 - - [04/Jul/2026:16:17:45 +0200] "GET /assistenza-lavatrici-whirlpool-guastalla/ HTTP/1.1" 200 25005 "-" "WP Fastest Cache Preload Bot"
65.108.235.243 - - [04/Jul/2026:16:17:47 +0200] "GET /assistenza-lavatrici-whirlpool-correggio/ HTTP/1.1" 200 25003 "-" "WP Fastest Cache Preload Bot"
65.108.235.243 - - [04/Jul/2026:16:17:50 +0200] "GET /assistenza-lavatrici-whirlpool-reggio-emilia/ HTTP/1.1" 200 25001 "-" "WP Fastest Cache Preload Bot"
40.77.167.77 - - [04/Jul/2026:16:18:21 +0200] "GET /assistenza-lavatrici-indesit-correggio/ HTTP/2.0" 200 24734 "-" "Mozilla/5.0 AppleWebKit/537.36 (KHTML, like Gecko; compatible; bingbot/2.0; +http://www.bing.com/bingbot.htm) Chrome/116.0.1938.76 Safari/537.36"
65.108.235.243 - - [04/Jul/2026:16:26:07 +0200] "GET /assistenza-lavatrici-rex-electrolux-santilario-denza/ HTTP/1.1" 200 24928 "-" "WP Fastest Cache Preload Bot"
65.108.235.243 - - [04/Jul/2026:16:26:09 +0200] "GET /assistenza-lavatrici-smeg-rubiera/ HTTP/1.1" 200 24837 "-" "WP Fastest Cache Preload Bot"
65.108.235.243 - - [04/Jul/2026:16:26:11 +0200] "GET /assistenza-lavatrici-smeg-scandiano/ HTTP/1.1" 200 24838 "-" "WP Fastest Cache Preload Bot"
65.108.235.243 - - [04/Jul/2026:16:26:14 +0200] "GET /assistenza-lavatrici-rex-electrolux-guastalla/ HTTP/1.1" 200 24858 "-" "WP Fastest Cache Preload Bot"
65.108.235.243 - - [04/Jul/2026:16:29:05 +0200] "POST /wp-cron.php?doing_wp_cron=1783175345.3016428947448730468750 HTTP/1.1" 200 1 "-" "WordPress/7.0; https://reggio-emilia.elettroservicegroup.it"
216.73.216.158 - - [04/Jul/2026:16:28:58 +0200] "GET /robots.txt HTTP/2.0" 200 110 "-" "Mozilla/5.0 AppleWebKit/537.36 (KHTML, like Gecko; compatible; ClaudeBot/1.0; +claudebot@anthropic.com)"
192.178.16.137 - - [04/Jul/2026:16:29:02 +0200] "GET /assistenza-lavastoviglie-bosch-correggio/ HTTP/1.1" 200 24980 "-" "Mozilla/5.0 (Linux; Android 6.0.1; Nexus 5X Build/MMB29P) AppleWebKit/537.36 (KHTML, like Gecko) Chrome/150.0.7871.46 Mobile Safari/537.36 (compatible; AdsBot-Google-Mobile; +http://www.google.com/mobile/adsbot.html)"
192.178.16.136 - - [04/Jul/2026:16:29:08 +0200] "GET /wp-content/uploads/elementor/css/post-14366.css?ver=1783099226 HTTP/1.1" 200 302 "https://reggio-emilia.elettroservicegroup.it/assistenza-lavastoviglie-bosch-correggio/" "AdsBot-Google (+http://www.google.com/adsbot.html)"
192.178.16.135 - - [04/Jul/2026:16:29:08 +0200] "GET /wp-content/plugins/complianz-gdpr-premium/assets/css/cookieblocker.min.css?ver=1783097850 HTTP/1.1" 200 615 "https://reggio-emilia.elettroservicegroup.it/assistenza-lavastoviglie-bosch-correggio/" "AdsBot-Google (+http://www.google.com/adsbot.html)"
192.178.16.136 - - [04/Jul/2026:16:29:08 +0200] "GET /wp-content/uploads/elementor/css/post-17739.css?ver=1783133696 HTTP/1.1" 200 2046 "https://reggio-emilia.elettroservicegroup.it/assistenza-lavastoviglie-bosch-correggio/" "AdsBot-Google (+http://www.google.com/adsbot.html)"
192.178.16.135 - - [04/Jul/2026:16:29:08 +0200] "GET /wp-content/plugins/gp-premium/menu-plus/functions/css/navigation-branding-flex.min.css?ver=2.5.5 HTTP/1.1" 200 542 "https://reggio-emilia.elettroservicegroup.it/assistenza-lavastoviglie-bosch-correggio/" "AdsBot-Google (+http://www.google.com/adsbot.html)"
192.178.16.135 - - [04/Jul/2026:16:29:08 +0200] "GET /wp-content/plugins/elementor/assets/lib/font-awesome/js/v4-shims.min.js?ver=4.1.4 HTTP/1.1" 200 4043 "https://reggio-emilia.elettroservicegroup.it/assistenza-lavastoviglie-bosch-correggio/" "AdsBot-Google (+http://www.google.com/adsbot.html)"
192.178.16.135 - - [04/Jul/2026:16:29:09 +0200] "GET /wp-content/uploads/elementor/google-fonts/css/robotoslab.css?ver=1742255003 HTTP/1.1" 200 721 "https://reggio-emilia.elettroservicegroup.it/assistenza-lavastoviglie-bosch-correggio/" "AdsBot-Google (+http://www.google.com/adsbot.html)"
216.73.216.158 - - [04/Jul/2026:16:29:09 +0200] "GET /wp-content/cache/wpfc-minified/2prpcwuc/wfbj.css HTTP/2.0" 200 9723 "-" "Mozilla/5.0 AppleWebKit/537.36 (KHTML, like Gecko; compatible; ClaudeBot/1.0; +claudebot@anthropic.com)"
192.178.16.135 - - [04/Jul/2026:16:29:09 +0200] "GET /wp-content/uploads/elementor/css/post-14146.css?ver=1783099225 HTTP/1.1" 200 428 "https://reggio-emilia.elettroservicegroup.it/assistenza-lavastoviglie-bosch-correggio/" "AdsBot-Google (+http://www.google.com/adsbot.html)"
192.178.16.136 - - [04/Jul/2026:16:29:09 +0200] "GET /wp-content/plugins/elementor/assets/lib/animations/styles/zoomIn.min.css?ver=4.1.4 HTTP/1.1" 200 87 "https://reggio-emilia.elettroservicegroup.it/assistenza-lavastoviglie-bosch-correggio/" "AdsBot-Google (+http://www.google.com/adsbot.html)"
192.178.16.135 - - [04/Jul/2026:16:29:09 +0200] "GET /wp-content/plugins/elementor/assets/css/widget-heading.min.css?ver=4.1.4 HTTP/1.1" 200 127 "https://reggio-emilia.elettroservicegroup.it/assistenza-lavastoviglie-bosch-correggio/" "AdsBot-Google (+http://www.google.com/adsbot.html)"
192.178.16.136 - - [04/Jul/2026:16:29:09 +0200] "GET /wp-content/plugins/elementor/assets/lib/font-awesome/css/v4-shims.min.css?ver=4.1.4 HTTP/1.1" 200 3986 "https://reggio-emilia.elettroservicegroup.it/assistenza-lavastoviglie-bosch-correggio/" "AdsBot-Google (+http://www.google.com/adsbot.html)"
192.178.16.135 - - [04/Jul/2026:16:29:10 +0200] "GET /wp-content/plugins/elementor/assets/js/webpack.runtime.min.js?ver=4.1.4 HTTP/1.1" 200 2340 "https://reggio-emilia.elettroservicegroup.it/assistenza-lavastoviglie-bosch-correggio/" "AdsBot-Google (+http://www.google.com/adsbot.html)"
192.178.16.136 - - [04/Jul/2026:16:29:10 +0200] "GET /wp-content/uploads/elementor/google-fonts/css/roboto.css?ver=1742255001 HTTP/1.1" 200 1890 "https://reggio-emilia.elettroservicegroup.it/assistenza-lavastoviglie-bosch-correggio/" "AdsBot-Google (+http://www.google.com/adsbot.html)"
192.178.16.136 - - [04/Jul/2026:16:29:10 +0200] "GET /wp-content/themes/generatepress/assets/css/main.min.css?ver=3.6.1 HTTP/1.1" 200 4410 "https://reggio-emilia.elettroservicegroup.it/assistenza-lavastoviglie-bosch-correggio/" "AdsBot-Google (+http://www.google.com/adsbot.html)"
192.178.16.136 - - [04/Jul/2026:16:29:11 +0200] "GET /wp-includes/js/jquery/jquery.min.js?ver=3.7.1 HTTP/1.1" 200 29769 "https://reggio-emilia.elettroservicegroup.it/assistenza-lavastoviglie-bosch-correggio/" "AdsBot-Google (+http://www.google.com/adsbot.html)"
192.178.16.136 - - [04/Jul/2026:16:29:11 +0200] "GET /wp-content/plugins/all-in-one-seo-pack/dist/Lite/assets/css/table-of-contents/global.e90f6d47.css?ver=4.9.9 HTTP/1.1" 200 420 "https://reggio-emilia.elettroservicegroup.it/assistenza-lavastoviglie-bosch-correggio/" "AdsBot-Google (+http://www.google.com/adsbot.html)"
192.178.16.135 - - [04/Jul/2026:16:29:11 +0200] "GET /wp-content/plugins/header-footer-elementor/assets/css/header-footer-elementor.css?ver=2.9.0 HTTP/1.1" 200 260 "https://reggio-emilia.elettroservicegroup.it/assistenza-lavastoviglie-bosch-correggio/" "AdsBot-Google (+http://www.google.com/adsbot.html)"
192.178.16.135 - - [04/Jul/2026:16:29:12 +0200] "GET /wp-content/plugins/elementor/assets/lib/font-awesome/css/brands.css?ver=5.15.3 HTTP/1.1" 200 298 "https://reggio-emilia.elettroservicegroup.it/assistenza-lavastoviglie-bosch-correggio/" "AdsBot-Google (+http://www.google.com/adsbot.html)"
192.178.16.135 - - [04/Jul/2026:16:29:12 +0200] "GET /wp-content/plugins/elementor/assets/css/widget-icon-list.min.css?ver=3.24.3 HTTP/1.1" 200 928 "https://reggio-emilia.elettroservicegroup.it/assistenza-lavastoviglie-bosch-correggio/" "AdsBot-Google (+http://www.google.com/adsbot.html)"
192.178.16.135 - - [04/Jul/2026:16:29:12 +0200] "GET /wp-content/plugins/gp-premium/menu-plus/functions/js/sticky.min.js?ver=2.5.5 HTTP/1.1" 200 2670 "https://reggio-emilia.elettroservicegroup.it/assistenza-lavastoviglie-bosch-correggio/" "AdsBot-Google (+http://www.google.com/adsbot.html)"
192.178.16.135 - - [04/Jul/2026:16:29:13 +0200] "GET /wp-content/plugins/elementor/assets/css/widget-image.min.css?ver=4.1.4 HTTP/1.1" 200 96 "https://reggio-emilia.elettroservicegroup.it/assistenza-lavastoviglie-bosch-correggio/" "AdsBot-Google (+http://www.google.com/adsbot.html)"
192.178.16.135 - - [04/Jul/2026:16:29:13 +0200] "GET /wp-includes/js/jquery/jquery-migrate.min.js?ver=3.4.1 HTTP/1.1" 200 4685 "https://reggio-emilia.elettroservicegroup.it/assistenza-lavastoviglie-bosch-correggio/" "AdsBot-Google (+http://www.google.com/adsbot.html)"
192.178.16.135 - - [04/Jul/2026:16:29:13 +0200] "GET /wp-content/plugins/elementor/assets/lib/font-awesome/css/solid.css?ver=5.15.3 HTTP/1.1" 200 299 "https://reggio-emilia.elettroservicegroup.it/assistenza-lavastoviglie-bosch-correggio/" "AdsBot-Google (+http://www.google.com/adsbot.html)"
192.178.16.135 - - [04/Jul/2026:16:29:14 +0200] "GET /wp-content/plugins/elementor/assets/lib/font-awesome/css/all.min.css?ver=4.1.4 HTTP/1.1" 200 12402 "https://reggio-emilia.elettroservicegroup.it/assistenza-lavastoviglie-bosch-correggio/" "AdsBot-Google (+http://www.google.com/adsbot.html)"
192.178.16.135 - - [04/Jul/2026:16:29:14 +0200] "GET /wp-content/plugins/elementor/assets/lib/eicons/css/elementor-icons.min.css?ver=5.34.0 HTTP/1.1" 200 4125 "https://reggio-emilia.elettroservicegroup.it/assistenza-lavastoviglie-bosch-correggio/" "AdsBot-Google (+http://www.google.com/adsbot.html)"
192.178.16.135 - - [04/Jul/2026:16:29:14 +0200] "GET /wp-content/plugins/elementor/assets/css/frontend.min.css?ver=4.1.4 HTTP/1.1" 200 6618 "https://reggio-emilia.elettroservicegroup.it/assistenza-lavastoviglie-bosch-correggio/" "AdsBot-Google (+http://www.google.com/adsbot.html)"
192.178.16.135 - - [04/Jul/2026:16:29:15 +0200] "GET /wp-content/plugins/elementor/assets/lib/font-awesome/css/fontawesome.css?ver=5.15.3 HTTP/1.1" 200 12535 "https://reggio-emilia.elettroservicegroup.it/assistenza-lavastoviglie-bosch-correggio/" "AdsBot-Google (+http://www.google.com/adsbot.html)"
192.178.16.135 - - [04/Jul/2026:16:29:15 +0200] "GET /wp-content/plugins/elementor/assets/css/widget-social-icons.min.css?ver=3.24.0 HTTP/1.1" 200 1039 "https://reggio-emilia.elettroservicegroup.it/assistenza-lavastoviglie-bosch-correggio/" "AdsBot-Google (+http://www.google.com/adsbot.html)"
192.178.16.135 - - [04/Jul/2026:16:29:15 +0200] "GET /wp-content/plugins/elementor/assets/css/widget-spacer.min.css?ver=4.1.4 HTTP/1.1" 200 287 "https://reggio-emilia.elettroservicegroup.it/assistenza-lavastoviglie-bosch-correggio/" "AdsBot-Google (+http://www.google.com/adsbot.html)"
192.178.16.135 - - [04/Jul/2026:16:29:15 +0200] "GET /wp-content/plugins/header-footer-elementor/inc/widgets-css/frontend.css?ver=2.9.0 HTTP/1.1" 200 8711 "https://reggio-emilia.elettroservicegroup.it/assistenza-lavastoviglie-bosch-correggio/" "AdsBot-Google (+http://www.google.com/adsbot.html)"
192.178.16.135 - - [04/Jul/2026:16:29:16 +0200] "GET /wp-content/plugins/elementor/assets/lib/animations/styles/bounceIn.min.css?ver=4.1.4 HTTP/1.1" 200 186 "https://reggio-emilia.elettroservicegroup.it/assistenza-lavastoviglie-bosch-correggio/" "AdsBot-Google (+http://www.google.com/adsbot.html)"
192.178.16.135 - - [04/Jul/2026:16:29:16 +0200] "GET /wp-content/plugins/elementor/assets/js/frontend-modules.min.js?ver=4.1.4 HTTP/1.1" 200 15454 "https://reggio-emilia.elettroservicegroup.it/assistenza-lavastoviglie-bosch-correggio/" "AdsBot-Google (+http://www.google.com/adsbot.html)"
192.178.16.135 - - [04/Jul/2026:16:29:16 +0200] "GET /wp-includes/js/jquery/ui/core.min.js?ver=1.13.3 HTTP/1.1" 200 6820 "https://reggio-emilia.elettroservicegroup.it/assistenza-lavastoviglie-bosch-correggio/" "AdsBot-Google (+http://www.google.com/adsbot.html)"
192.178.16.135 - - [04/Jul/2026:16:29:16 +0200] "GET /wp-content/plugins/google-analytics-for-wordpress/assets/js/frontend-gtag.min.js?ver=10.2.2 HTTP/1.1" 200 3075 "https://reggio-emilia.elettroservicegroup.it/assistenza-lavastoviglie-bosch-correggio/" "AdsBot-Google (+http://www.google.com/adsbot.html)"
192.178.16.135 - - [04/Jul/2026:16:29:17 +0200] "GET /wp-content/plugins/complianz-gdpr-premium/cookiebanner/js/complianz.min.js?ver=1783097850 HTTP/1.1" 200 10762 "https://reggio-emilia.elettroservicegroup.it/assistenza-lavastoviglie-bosch-correggio/" "AdsBot-Google (+http://www.google.com/adsbot.html)"
192.178.16.135 - - [04/Jul/2026:16:29:17 +0200] "GET /wp-content/themes/generatepress/assets/js/menu.min.js?ver=3.6.1 HTTP/1.1" 200 1688 "https://reggio-emilia.elettroservicegroup.it/assistenza-lavastoviglie-bosch-correggio/" "AdsBot-Google (+http://www.google.com/adsbot.html)"
192.178.16.135 - - [04/Jul/2026:16:29:17 +0200] "GET /wp-content/themes/generatepress/assets/js/back-to-top.min.js?ver=3.6.1 HTTP/1.1" 200 336 "https://reggio-emilia.elettroservicegroup.it/assistenza-lavastoviglie-bosch-correggio/" "AdsBot-Google (+http://www.google.com/adsbot.html)"
192.178.16.135 - - [04/Jul/2026:16:29:18 +0200] "GET /wp-content/plugins/elementor/assets/js/frontend.min.js?ver=4.1.4 HTTP/1.1" 200 10140 "https://reggio-emilia.elettroservicegroup.it/assistenza-lavastoviglie-bosch-correggio/" "AdsBot-Google (+http://www.google.com/adsbot.html)"
192.178.16.135 - - [04/Jul/2026:16:29:37 +0200] "GET /wp-content/uploads/elementor/google-fonts/fonts/roboto-kfo7cnqeu92fr1me7ksn66agldtyluama3yuba.woff2 HTTP/1.1" 200 40132 "https://reggio-emilia.elettroservicegroup.it/wp-content/uploads/elementor/google-fonts/css/roboto.css?ver=1742255001" "AdsBot-Google (+http://www.google.com/adsbot.html)"
65.108.235.243 - - [04/Jul/2026:16:29:39 +0200] "POST /wp-cron.php?doing_wp_cron=1783175379.2941200733184814453125 HTTP/1.1" 200 1 "-" "WordPress/7.0; https://reggio-emilia.elettroservicegroup.it"
192.178.16.135 - - [04/Jul/2026:16:29:37 +0200] "GET /wp-json/complianz/v1/banner?lang=it&locale=it_IT&token=lcps HTTP/1.1" 200 82 "https://reggio-emilia.elettroservicegroup.it/assistenza-lavastoviglie-bosch-correggio/" "AdsBot-Google (+http://www.google.com/adsbot.html)"
192.178.16.135 - - [04/Jul/2026:16:29:39 +0200] "GET /wp-content/uploads/complianz/css/banner-1-optin.css?v=511 HTTP/1.1" 200 2862 "https://reggio-emilia.elettroservicegroup.it/assistenza-lavastoviglie-bosch-correggio/" "AdsBot-Google (+http://www.google.com/adsbot.html)"
192.178.16.135 - - [04/Jul/2026:16:29:39 +0200] "GET /wp-json/complianz/v1/cookie_data HTTP/1.1" 200 82 "https://reggio-emilia.elettroservicegroup.it/assistenza-lavastoviglie-bosch-correggio/" "AdsBot-Google (+http://www.google.com/adsbot.html)"
192.178.16.135 - - [04/Jul/2026:16:29:41 +0200] "GET /wp-content/plugins/elementor/assets/js/shared-frontend-handlers.03caa53373b56d3bab67.bundle.min.js HTTP/1.1" 200 2515 "https://reggio-emilia.elettroservicegroup.it/assistenza-lavastoviglie-bosch-correggio/" "AdsBot-Google (+http://www.google.com/adsbot.html)"
192.178.16.135 - - [04/Jul/2026:16:29:41 +0200] "GET /wp-content/plugins/elementor/assets/js/text-editor.45609661e409413f1cef.bundle.min.js HTTP/1.1" 200 592 "https://reggio-emilia.elettroservicegroup.it/assistenza-lavastoviglie-bosch-correggio/" "AdsBot-Google (+http://www.google.com/adsbot.html)"
192.178.16.135 - - [04/Jul/2026:16:29:41 +0200] "GET /wp-content/plugins/elementor/assets/js/section-frontend-handlers.d85ab872da118940910d.bundle.min.js HTTP/1.1" 200 230 "https://reggio-emilia.elettroservicegroup.it/assistenza-lavastoviglie-bosch-correggio/" "AdsBot-Google (+http://www.google.com/adsbot.html)"
35.192.232.168 - - [04/Jul/2026:16:35:36 +0200] "POST / HTTP/1.1" 200 11737 "https://reggio-emilia.elettroservicegroup.it/" "Mozilla/5.0 (Windows NT 10.0; Win64; x64) AppleWebKit/537.36 (KHTML, like Gecko) Chrome/145.0.0.0 Safari/537.36"
192.178.16.135 - - [04/Jul/2026:16:44:59 +0200] "GET /wp-content/uploads/elementor/css/post-17739.css?ver=1783133696 HTTP/1.1" 304 - "https://reggio-emilia.elettroservicegroup.it/assistenza-lavastoviglie-bosch-correggio/" "AdsBot-Google (+http://www.google.com/adsbot.html)"
209.99.184.28 - - [04/Jul/2026:16:54:37 +0200] "GET /wp-login.php HTTP/2.0" 200 11692 "-" "Mozilla/5.0 (Windows NT 10.0; WOW64; rv:87.0) Gecko/20100101 Firefox/87.0"
209.99.184.28 - - [04/Jul/2026:16:54:37 +0200] "POST /wp-login.php HTTP/2.0" 200 11692 "-" "Mozilla/5.0 (Windows NT 10.0; WOW64; rv:87.0) Gecko/20100101 Firefox/87.0"
65.108.235.243 - - [04/Jul/2026:17:21:19 +0200] "POST /wp-cron.php?doing_wp_cron=1783178479.4054129123687744140625 HTTP/1.1" 200 1 "-" "WordPress/7.0; https://reggio-emilia.elettroservicegroup.it"
192.178.16.136 - - [04/Jul/2026:17:21:09 +0200] "GET / HTTP/1.1" 200 25561 "-" "Mozilla/5.0 (Linux; Android 6.0.1; Nexus 5X Build/MMB29P) AppleWebKit/537.36 (KHTML, like Gecko) Chrome/150.0.7871.46 Mobile Safari/537.36 (compatible; AdsBot-Google-Mobile; +http://www.google.com/mobile/adsbot.html)"
192.178.16.135 - - [04/Jul/2026:17:21:22 +0200] "GET /wp-content/uploads/elementor/css/post-14227.css?ver=1783099244 HTTP/1.1" 200 2362 "https://reggio-emilia.elettroservicegroup.it/" "AdsBot-Google (+http://www.google.com/adsbot.html)"
65.108.235.243 - - [04/Jul/2026:17:21:22 +0200] "POST /wp-json/complianz/v1/wsc-scan HTTP/1.1" 400 88 "-" "WordPress/7.0; https://reggio-emilia.elettroservicegroup.it"
65.108.235.243 - - [04/Jul/2026:17:21:23 +0200] "GET /assistenza-lavatrici-smeg-santilario-denza/ HTTP/1.1" 200 24983 "-" "WP Fastest Cache Preload Bot"
65.108.235.243 - - [04/Jul/2026:17:21:25 +0200] "GET /assistenza-lavatrici-smeg-guastalla/ HTTP/1.1" 200 24895 "-" "WP Fastest Cache Preload Bot"
65.108.235.243 - - [04/Jul/2026:17:21:27 +0200] "GET /assistenza-lavatrici-smeg-correggio/ HTTP/1.1" 200 24895 "-" "WP Fastest Cache Preload Bot"
65.108.235.243 - - [04/Jul/2026:17:21:29 +0200] "GET /assistenza-lavatrici-smeg-reggio-emilia/ HTTP/1.1" 200 24902 "-" "WP Fastest Cache Preload Bot"
65.108.235.243 - - [04/Jul/2026:17:28:42 +0200] "POST /wp-cron.php?doing_wp_cron=1783178922.0019080638885498046875 HTTP/1.1" 200 1 "-" "WordPress/7.0; https://reggio-emilia.elettroservicegroup.it"
104.207.34.206 - - [04/Jul/2026:17:28:31 +0200] "GET / HTTP/1.1" 301 - "-" "Mozilla/5.0 (Windows NT 10.0; Win64; x64) AppleWebKit/537.36 (KHTML, like Gecko) Chrome/130.0.0.0 Safari/537.36 Edg/130.0.0.0"
104.207.34.206 - - [04/Jul/2026:17:28:42 +0200] "GET / HTTP/1.1" 200 27427 "http://www.reggio-emilia.elettroservicegroup.it/" "Mozilla/5.0 (Macintosh; Intel Mac OS X 10_15_7) AppleWebKit/537.36 (KHTML, like Gecko) Chrome/131.0.0.0 Safari/537.36"
209.50.190.77 - - [04/Jul/2026:17:28:43 +0200] "GET /wp-content/plugins/ HTTP/1.1" 200 11753 "-" "Mozilla/5.0 (Windows NT 10.0; Win64; x64) AppleWebKit/537.36 (KHTML, like Gecko) Chrome/130.0.0.0 Safari/537.36 Edg/130.0.0.0"
104.207.56.50 - - [04/Jul/2026:17:28:43 +0200] "GET /wp-content/themes/ HTTP/1.1" 200 - "-" "Mozilla/5.0 (Windows NT 10.0; Win64; x64) AppleWebKit/537.36 (KHTML, like Gecko) Chrome/131.0.0.0 Safari/537.36"
209.50.170.15 - - [04/Jul/2026:17:28:43 +0200] "GET /graphql HTTP/1.1" 200 11797 "-" "Mozilla/5.0 (Windows NT 10.0; Win64; x64) AppleWebKit/537.36 (KHTML, like Gecko) Chrome/129.0.0.0 Safari/537.36"
216.26.254.143 - - [04/Jul/2026:17:28:43 +0200] "GET /wp-sitemap.xml HTTP/1.1" 302 - "-" "Mozilla/5.0 (Windows NT 10.0; Win64; x64; rv:133.0) Gecko/20100101 Firefox/133.0"
216.26.245.175 - - [04/Jul/2026:17:28:43 +0200] "GET /wp-content/mu-plugins/ HTTP/1.1" 301 - "-" "Mozilla/5.0 (Macintosh; Intel Mac OS X 10_15_7) AppleWebKit/605.1.15 (KHTML, like Gecko) Version/18.2 Safari/605.1.15"
65.111.22.164 - - [04/Jul/2026:17:28:43 +0200] "GET /wp-json/oembed/1.0/embed?url=https%3A%2F%2Fwww.reggio-emilia.elettroservicegroup.it HTTP/1.1" 200 2273 "-" "Mozilla/5.0 (Windows NT 10.0; Win64; x64; rv:133.0) Gecko/20100101 Firefox/133.0"
104.207.56.204 - - [04/Jul/2026:17:28:43 +0200] "GET /wp-json/ HTTP/1.1" 200 357250 "-" "Mozilla/5.0 (Windows NT 10.0; Win64; x64) AppleWebKit/537.36 (KHTML, like Gecko) Chrome/131.0.0.0 Safari/537.36"
216.26.254.143 - - [04/Jul/2026:17:28:46 +0200] "GET /sitemap.xml HTTP/1.1" 200 396 "https://www.reggio-emilia.elettroservicegroup.it/wp-sitemap.xml" "Mozilla/5.0 (Windows NT 10.0; Win64; x64; rv:133.0) Gecko/20100101 Firefox/133.0"
209.50.178.253 - - [04/Jul/2026:17:28:47 +0200] "GET /wp-json/wp/v2/types HTTP/1.1" 200 7730 "-" "Mozilla/5.0 (Windows NT 10.0; Win64; x64) AppleWebKit/537.36 (KHTML, like Gecko) Chrome/130.0.0.0 Safari/537.36 Edg/130.0.0.0"
216.26.245.175 - - [04/Jul/2026:17:28:46 +0200] "GET /wp-content/mu-plugins/ HTTP/1.1" 404 88790 "https://www.reggio-emilia.elettroservicegroup.it/wp-content/mu-plugins/" "Mozilla/5.0 (Macintosh; Intel Mac OS X 10_15_7) AppleWebKit/605.1.15 (KHTML, like Gecko) Version/18.2 Safari/605.1.15"
65.108.235.243 - - [04/Jul/2026:17:28:45 +0200] "GET /assistenza-lavatrici-rex-electrolux-correggio/ HTTP/1.1" 200 24899 "-" "WP Fastest Cache Preload Bot"
104.207.61.175 - - [04/Jul/2026:17:28:51 +0200] "GET /wp-json/wp/v2/taxonomies HTTP/1.1" 200 1834 "-" "Mozilla/5.0 (Windows NT 10.0; Win64; x64) AppleWebKit/537.36 (KHTML, like Gecko) Chrome/129.0.0.0 Safari/537.36"
104.207.49.13 - - [04/Jul/2026:17:28:57 +0200] "HEAD /wp-content/plugins/notificationx/readme.txt HTTP/1.1" 507 - "-" "Mozilla/5.0 (Macintosh; Intel Mac OS X 10_15_7) AppleWebKit/605.1.15 (KHTML, like Gecko) Version/18.2 Safari/605.1.15"
104.207.49.13 - - [04/Jul/2026:17:28:57 +0200] "HEAD /wp-content/plugins/really-simple-ssl/readme.txt HTTP/1.1" 507 - "-" "Mozilla/5.0 (Macintosh; Intel Mac OS X 10_15_7) AppleWebKit/605.1.15 (KHTML, like Gecko) Version/18.2 Safari/605.1.15"
104.207.49.13 - - [04/Jul/2026:17:28:58 +0200] "HEAD /wp-content/plugins/buddyboss-platform/readme.txt HTTP/1.1" 507 - "-" "Mozilla/5.0 (Macintosh; Intel Mac OS X 10_15_7) AppleWebKit/605.1.15 (KHTML, like Gecko) Version/18.2 Safari/605.1.15"
104.207.49.13 - - [04/Jul/2026:17:28:58 +0200] "HEAD /wp-content/plugins/wpml-string-translation/readme.txt HTTP/1.1" 507 - "-" "Mozilla/5.0 (Macintosh; Intel Mac OS X 10_15_7) AppleWebKit/605.1.15 (KHTML, like Gecko) Version/18.2 Safari/605.1.15"
104.207.49.13 - - [04/Jul/2026:17:28:58 +0200] "HEAD /wp-content/plugins/brizy/readme.txt HTTP/1.1" 507 - "-" "Mozilla/5.0 (Macintosh; Intel Mac OS X 10_15_7) AppleWebKit/605.1.15 (KHTML, like Gecko) Version/18.2 Safari/605.1.15"
65.108.235.243 - - [04/Jul/2026:17:29:01 +0200] "POST /?wordfence_syncAttackData=1783178940.8987 HTTP/1.1" 507 - "-" "WordPress/7.0; https://reggio-emilia.elettroservicegroup.it"
65.108.235.243 - - [04/Jul/2026:17:29:01 +0200] "POST /?wordfence_syncAttackData=1783178940.6929 HTTP/1.1" 507 - "-" "WordPress/7.0; https://reggio-emilia.elettroservicegroup.it"
65.108.235.243 - - [04/Jul/2026:17:29:01 +0200] "POST /?wordfence_syncAttackData=1783178940.4958 HTTP/1.1" 507 - "-" "WordPress/7.0; https://reggio-emilia.elettroservicegroup.it"
65.108.235.243 - - [04/Jul/2026:17:29:01 +0200] "POST /?wordfence_syncAttackData=1783178941.1956 HTTP/1.1" 507 - "-" "WordPress/7.0; https://reggio-emilia.elettroservicegroup.it"
65.108.235.243 - - [04/Jul/2026:17:29:01 +0200] "POST /?wordfence_syncAttackData=1783178940.8955 HTTP/1.1" 507 - "-" "WordPress/7.0; https://reggio-emilia.elettroservicegroup.it"
65.108.235.243 - - [04/Jul/2026:17:29:01 +0200] "POST /?wordfence_syncAttackData=1783178941.096 HTTP/1.1" 507 - "-" "WordPress/7.0; https://reggio-emilia.elettroservicegroup.it"
65.108.235.243 - - [04/Jul/2026:17:29:01 +0200] "POST /?wordfence_syncAttackData=1783178941.2934 HTTP/1.1" 507 - "-" "WordPress/7.0; https://reggio-emilia.elettroservicegroup.it"
65.108.235.243 - - [04/Jul/2026:17:29:01 +0200] "GET /assistenza-lavatrici-indesit-rubiera/ HTTP/1.1" 507 559 "-" "WP Fastest Cache Preload Bot"
65.108.235.243 - - [04/Jul/2026:17:29:01 +0200] "POST /?wordfence_syncAttackData=1783178941.3961 HTTP/1.1" 507 - "-" "WordPress/7.0; https://reggio-emilia.elettroservicegroup.it"
65.108.235.243 - - [04/Jul/2026:17:29:01 +0200] "POST /?wordfence_syncAttackData=1783178941.4986 HTTP/1.1" 507 - "-" "WordPress/7.0; https://reggio-emilia.elettroservicegroup.it"
65.108.235.243 - - [04/Jul/2026:17:29:01 +0200] "GET /assistenza-lavatrici-indesit-scandiano/ HTTP/1.1" 507 559 "-" "WP Fastest Cache Preload Bot"
65.108.235.243 - - [04/Jul/2026:17:29:02 +0200] "POST /?wordfence_syncAttackData=1783178941.5969 HTTP/1.1" 507 - "-" "WordPress/7.0; https://reggio-emilia.elettroservicegroup.it"
65.108.235.243 - - [04/Jul/2026:17:29:02 +0200] "POST /?wordfence_syncAttackData=1783178941.6029 HTTP/1.1" 507 - "-" "WordPress/7.0; https://reggio-emilia.elettroservicegroup.it"
65.108.235.243 - - [04/Jul/2026:17:29:02 +0200] "POST /?wordfence_syncAttackData=1783178941.7032 HTTP/1.1" 507 - "-" "WordPress/7.0; https://reggio-emilia.elettroservicegroup.it"
65.108.235.243 - - [04/Jul/2026:17:28:51 +0200] "GET /assistenza-lavatrici-rex-electrolux-reggio-emilia/ HTTP/1.1" 200 24898 "-" "WP Fastest Cache Preload Bot"
104.207.49.13 - - [04/Jul/2026:17:28:57 +0200] "HEAD /wp-content/plugins/essential-addons-for-elementor-lite/readme.txt HTTP/1.1" 301 - "-" "Mozilla/5.0 (Macintosh; Intel Mac OS X 10_15_7) AppleWebKit/605.1.15 (KHTML, like Gecko) Version/18.2 Safari/605.1.15"
104.207.49.13 - - [04/Jul/2026:17:28:57 +0200] "HEAD /wp-content/plugins/wp-automatic/readme.txt HTTP/1.1" 301 - "-" "Mozilla/5.0 (Macintosh; Intel Mac OS X 10_15_7) AppleWebKit/605.1.15 (KHTML, like Gecko) Version/18.2 Safari/605.1.15"
