176.65.148.30 - - [02/Jul/2026:15:01:14 +0200] "GET / HTTP/1.1" 301 - "-" "Mozilla/5.0 (compatible; CT-WP-Scanner/1.0; +https://example.com/bot)"
65.108.235.243 - - [02/Jul/2026:15:01:24 +0200] "POST /wp-cron.php?doing_wp_cron=1782997284.5918478965759277343750 HTTP/1.1" 200 1 "-" "WordPress/7.0; https://brescia.elettroservicegroup.it"
176.65.148.30 - - [02/Jul/2026:15:01:17 +0200] "GET / HTTP/1.1" 301 - "-" "Mozilla/5.0 (compatible; CT-WP-Scanner/1.0; +https://example.com/bot)"
65.108.235.243 - - [02/Jul/2026:15:01:27 +0200] "POST /wp-json/complianz/v1/wsc-scan HTTP/1.1" 400 88 "-" "WordPress/7.0; https://brescia.elettroservicegroup.it"
65.108.235.243 - - [02/Jul/2026:15:03:23 +0200] "POST /wp-cron.php?doing_wp_cron=1782997403.5930709838867187500000 HTTP/1.1" 200 1 "-" "WordPress/7.0; https://brescia.elettroservicegroup.it"
66.245.217.19 - - [02/Jul/2026:15:03:14 +0200] "GET / HTTP/1.1" 301 - "https://www.brescia.elettroservicegroup.it/" "Mozilla/5.0 (iPhone; CPU iPhone OS 17_5 like Mac OS X) AppleWebKit/605.1.15 (KHTML, like Gecko) Version/17.5 Mobile/15E148 Safari/604.1"
66.245.217.19 - - [02/Jul/2026:15:03:22 +0200] "GET / HTTP/1.1" 301 - "https://www.brescia.elettroservicegroup.it/" "Mozilla/5.0 (iPhone; CPU iPhone OS 17_5 like Mac OS X) AppleWebKit/605.1.15 (KHTML, like Gecko) Version/17.5 Mobile/15E148 Safari/604.1"
65.108.235.243 - - [02/Jul/2026:15:04:12 +0200] "POST /wp-cron.php?doing_wp_cron=1782997452.3922820091247558593750 HTTP/1.1" 200 1 "-" "WordPress/7.0; https://brescia.elettroservicegroup.it"
65.21.124.77 - - [02/Jul/2026:15:04:05 +0200] "GET / HTTP/1.1" 301 - "-" "Mozilla/5.0 (Windows NT 10.0; Win64; x64) AppleWebKit/537.36 (KHTML, like Gecko) Chrome/124.0.0.0 Safari/537.36"
157.245.113.227 - - [02/Jul/2026:15:10:20 +0200] "GET / HTTP/1.1" 200 11736 "-" "Mozilla/5.0 (l9scan/2.0.334323e2533323e2830313e25363; +https://leakix.net)"
157.245.113.227 - - [02/Jul/2026:15:10:21 +0200] "GET /console/ HTTP/1.1" 200 11774 "-" "Mozilla/5.0 (l9scan/2.0.334323e2533323e2830313e25363; +https://leakix.net)"
157.245.113.227 - - [02/Jul/2026:15:10:22 +0200] "GET /server HTTP/1.1" 200 11830 "-" "Mozilla/5.0 (l9scan/2.0.334323e2533323e2830313e25363; +https://leakix.net)"
157.245.113.227 - - [02/Jul/2026:15:10:23 +0200] "GET /server-status HTTP/1.1" 200 11822 "-" "Mozilla/5.0 (l9scan/2.0.334323e2533323e2830313e25363; +https://leakix.net)"
157.245.113.227 - - [02/Jul/2026:15:10:25 +0200] "GET /about HTTP/1.1" 200 11723 "-" "Mozilla/5.0 (l9scan/2.0.334323e2533323e2830313e25363; +https://leakix.net)"
157.245.113.227 - - [02/Jul/2026:15:10:25 +0200] "GET /login.action HTTP/1.1" 200 11730 "-" "Mozilla/5.0 (l9scan/2.0.334323e2533323e2830313e25363; +https://leakix.net)"
157.245.113.227 - - [02/Jul/2026:15:10:27 +0200] "GET / HTTP/1.1" 200 11846 "-" "Mozilla/5.0 (l9scan/2.0.334323e2533323e2830313e25363; +https://leakix.net)"
157.245.113.227 - - [02/Jul/2026:15:10:27 +0200] "GET /___proxy_subdomain_whm/login HTTP/1.1" 200 11879 "-" "Mozilla/5.0 (l9scan/2.0.334323e2533323e2830313e25363; +https://leakix.net)"
157.245.113.227 - - [02/Jul/2026:15:10:29 +0200] "GET /___proxy_subdomain_cpanel HTTP/1.1" 200 11778 "-" "Mozilla/5.0 (l9scan/2.0.334323e2533323e2830313e25363; +https://leakix.net)"
157.245.113.227 - - [02/Jul/2026:15:10:31 +0200] "GET /v2/_catalog HTTP/1.1" 200 107 "-" "Mozilla/5.0 (l9scan/2.0.334323e2533323e2830313e25363; +https://leakix.net)"
157.245.113.227 - - [02/Jul/2026:15:10:32 +0200] "GET /.DS_Store HTTP/1.1" 200 11772 "-" "Mozilla/5.0 (l9scan/2.0.334323e2533323e2830313e25363; +https://leakix.net)"
157.245.113.227 - - [02/Jul/2026:15:10:37 +0200] "GET /ecp/Current/exporttool/microsoft.exchange.ediscovery.exporttool.application HTTP/1.1" 200 11814 "-" "Mozilla/5.0 (l9scan/2.0.334323e2533323e2830313e25363; +https://leakix.net)"
157.245.113.227 - - [02/Jul/2026:15:10:39 +0200] "GET /.git/config HTTP/1.1" 301 - "-" "Mozilla/5.0 (l9scan/2.0.334323e2533323e2830313e25363; +https://leakix.net)"
157.245.113.227 - - [02/Jul/2026:15:10:33 +0200] "GET /.env HTTP/1.1" 301 - "-" "Mozilla/5.0 (l9scan/2.0.334323e2533323e2830313e25363; +https://leakix.net)"
65.108.235.243 - - [02/Jul/2026:15:10:41 +0200] "POST /wp-cron.php?doing_wp_cron=1782997841.6905879974365234375000 HTTP/1.1" 200 1 "-" "WordPress/7.0; https://brescia.elettroservicegroup.it"
34.245.34.56 - - [02/Jul/2026:15:10:35 +0200] "GET / HTTP/1.1" 301 - "-" "Mozilla/5.0 (X11; Linux x86_64) AppleWebKit/537.36 Chrome/120 Safari/537.36"
157.245.113.227 - - [02/Jul/2026:15:10:42 +0200] "POST /graphql HTTP/1.1" 200 107 "-" "Mozilla/5.0 (l9scan/2.0.334323e2533323e2830313e25363; +https://leakix.net)"
157.245.113.227 - - [02/Jul/2026:15:10:42 +0200] "POST /api HTTP/1.1" 200 107 "-" "Mozilla/5.0 (l9scan/2.0.334323e2533323e2830313e25363; +https://leakix.net)"
157.245.113.227 - - [02/Jul/2026:15:10:43 +0200] "POST /api/graphql HTTP/1.1" 200 107 "-" "Mozilla/5.0 (l9scan/2.0.334323e2533323e2830313e25363; +https://leakix.net)"
157.245.113.227 - - [02/Jul/2026:15:10:43 +0200] "POST /graphql/api HTTP/1.1" 200 107 "-" "Mozilla/5.0 (l9scan/2.0.334323e2533323e2830313e25363; +https://leakix.net)"
157.245.113.227 - - [02/Jul/2026:15:10:44 +0200] "POST /api/gql HTTP/1.1" 200 107 "-" "Mozilla/5.0 (l9scan/2.0.334323e2533323e2830313e25363; +https://leakix.net)"
157.245.113.227 - - [02/Jul/2026:15:10:44 +0200] "GET /s/334323e2533323e2830313e25363/_/;/META-INF/maven/com.atlassian.jira/jira-webapp-dist/pom.properties HTTP/1.1" 200 11836 "-" "Mozilla/5.0 (l9scan/2.0.334323e2533323e2830313e25363; +https://leakix.net)"
157.245.113.227 - - [02/Jul/2026:15:10:45 +0200] "GET /config.json HTTP/1.1" 200 11789 "-" "Mozilla/5.0 (l9scan/2.0.334323e2533323e2830313e25363; +https://leakix.net)"
157.245.113.227 - - [02/Jul/2026:15:10:47 +0200] "GET /telescope/requests HTTP/1.1" 200 11769 "-" "Mozilla/5.0 (l9scan/2.0.334323e2533323e2830313e25363; +https://leakix.net)"
34.245.34.56 - - [02/Jul/2026:15:10:42 +0200] "GET / HTTP/1.1" 200 103162 "-" "Mozilla/5.0 (X11; Linux x86_64) AppleWebKit/537.36 Chrome/120 Safari/537.36"
157.245.113.227 - - [02/Jul/2026:15:10:48 +0200] "GET /info.php HTTP/1.1" 200 11752 "-" "Mozilla/5.0 (l9scan/2.0.334323e2533323e2830313e25363; +https://leakix.net)"
157.245.113.227 - - [02/Jul/2026:15:10:49 +0200] "GET /.well-known/security.txt HTTP/1.1" 200 11794 "-" "Mozilla/5.0 (l9scan/2.0.334323e2533323e2830313e25363; +https://leakix.net)"
157.245.113.227 - - [02/Jul/2026:15:10:50 +0200] "GET /actuator/env HTTP/1.1" 200 11818 "-" "Mozilla/5.0 (l9scan/2.0.334323e2533323e2830313e25363; +https://leakix.net)"
157.245.113.227 - - [02/Jul/2026:15:10:51 +0200] "GET /trace.axd HTTP/1.1" 200 11757 "-" "Mozilla/5.0 (l9scan/2.0.334323e2533323e2830313e25363; +https://leakix.net)"
157.245.113.227 - - [02/Jul/2026:15:10:52 +0200] "GET /@vite/env HTTP/1.1" 200 11719 "-" "Mozilla/5.0 (l9scan/2.0.334323e2533323e2830313e25363; +https://leakix.net)"
157.245.113.227 - - [02/Jul/2026:15:10:53 +0200] "GET /.vscode/sftp.json HTTP/1.1" 200 11737 "-" "Mozilla/5.0 (l9scan/2.0.334323e2533323e2830313e25363; +https://leakix.net)"
157.245.113.227 - - [02/Jul/2026:15:10:54 +0200] "OPTIONS / HTTP/1.1" 200 11756 "-" "Mozilla/5.0 (l9scan/2.0.334323e2533323e2830313e25363; +https://leakix.net)"
157.245.113.227 - - [02/Jul/2026:15:10:55 +0200] "GET /?rest_route=/wp/v2/users/ HTTP/1.1" 200 11773 "-" "Mozilla/5.0 (l9scan/2.0.334323e2533323e2830313e25363; +https://leakix.net)"
157.245.113.227 - - [02/Jul/2026:15:10:56 +0200] "GET /debug/default/view?panel=config HTTP/1.1" 200 11848 "-" "Mozilla/5.0 (l9scan/2.0.334323e2533323e2830313e25363; +https://leakix.net)"
65.108.235.243 - - [02/Jul/2026:15:13:29 +0200] "POST /wp-cron.php?doing_wp_cron=1782998008.9952590465545654296875 HTTP/1.1" 200 1 "-" "WordPress/7.0; https://brescia.elettroservicegroup.it"
66.249.64.229 - - [02/Jul/2026:15:13:21 +0200] "GET /?p=16402 HTTP/1.1" 404 17907 "-" "Mozilla/5.0 (Linux; Android 6.0.1; Nexus 5X Build/MMB29P) AppleWebKit/537.36 (KHTML, like Gecko) Chrome/149.0.7827.200 Mobile Safari/537.36 (compatible; Googlebot/2.1; +http://www.google.com/bot.html)"
65.108.235.243 - - [02/Jul/2026:15:36:32 +0200] "POST /wp-cron.php?doing_wp_cron=1782999392.3918230533599853515625 HTTP/1.1" 200 1 "-" "WordPress/7.0; https://brescia.elettroservicegroup.it"
91.231.89.126 - - [02/Jul/2026:15:36:27 +0200] "GET / HTTP/1.1" 301 - "-" "Mozilla/5.0 (X11; Ubuntu; Linux x86_64; rv:134.0) Gecko/20100101 Firefox/134.0"
65.108.235.243 - - [02/Jul/2026:16:01:25 +0200] "POST /wp-cron.php?doing_wp_cron=1783000885.6912460327148437500000 HTTP/1.1" 200 1 "-" "WordPress/7.0; https://brescia.elettroservicegroup.it"
168.100.11.184 - - [02/Jul/2026:16:01:21 +0200] "GET / HTTP/1.1" 301 1 "-" "Mozilla/5.0 (Windows NT 10.0; Win64; x64) AppleWebKit/537.36 (KHTML, like Gecko) Chrome/122.0.0.0 Safari/537.36"
65.108.235.243 - - [02/Jul/2026:16:01:30 +0200] "POST /wp-cron.php?doing_wp_cron=1783000890.6051518917083740234375 HTTP/1.1" 200 1 "-" "WordPress/7.0; https://brescia.elettroservicegroup.it"
168.100.11.184 - - [02/Jul/2026:16:01:28 +0200] "GET / HTTP/1.1" 200 20012 "-" "Mozilla/5.0 (Windows NT 10.0; Win64; x64) AppleWebKit/537.36 (KHTML, like Gecko) Chrome/122.0.0.0 Safari/537.36"
149.102.232.93 - - [02/Jul/2026:16:04:50 +0200] "GET / HTTP/1.1" 421 362 "-" "Mozilla/5.0 (X11; Linux x86_64) AppleWebKit/537.36 (KHTML, like Gecko) Chrome/137.0.0.0 Safari/537.36"
154.47.30.21 - - [02/Jul/2026:16:04:51 +0200] "GET /favicon.ico HTTP/1.1" 421 362 "-" "Mozilla/5.0 (X11; Linux x86_64) AppleWebKit/537.36 (KHTML, like Gecko) Chrome/136.0.0.0 Safari/537.36"
65.108.235.243 - - [02/Jul/2026:16:13:54 +0200] "POST /wp-cron.php?doing_wp_cron=1783001634.2928040027618408203125 HTTP/1.1" 200 1 "-" "WordPress/7.0; https://brescia.elettroservicegroup.it"
116.76.196.216 - - [02/Jul/2026:16:13:49 +0200] "GET /robots.txt HTTP/1.1" 200 193 "-" "Mozilla/5.0 (Windows NT 10.0; WOW64) AppleWebKit/537.36 (KHTML, like Gecko) Chrome/56.0.4488.48 Safari/537.36 Core/1.70.3722.400 QQBrowser/10.5.3739.400"
65.108.235.243 - - [02/Jul/2026:16:13:55 +0200] "POST /wp-json/complianz/v1/wsc-scan HTTP/1.1" 400 88 "-" "WordPress/7.0; https://brescia.elettroservicegroup.it"
65.108.235.243 - - [02/Jul/2026:16:31:32 +0200] "POST /wp-cron.php?doing_wp_cron=1783002692.5013160705566406250000 HTTP/1.1" 200 1 "-" "WordPress/7.0; https://brescia.elettroservicegroup.it"
199.217.98.209 - - [02/Jul/2026:16:31:29 +0200] "GET / HTTP/1.1" 301 1 "-" "Mozilla/5.0 (Windows NT 10.0; Win64; x64) AppleWebKit/537.36 (KHTML, like Gecko) Chrome/122.0.0.0 Safari/537.36"
199.217.98.209 - - [02/Jul/2026:16:31:33 +0200] "GET / HTTP/1.1" 200 20012 "-" "Mozilla/5.0 (Windows NT 10.0; Win64; x64) AppleWebKit/537.36 (KHTML, like Gecko) Chrome/122.0.0.0 Safari/537.36"
65.108.235.243 - - [02/Jul/2026:17:06:24 +0200] "POST /wp-cron.php?doing_wp_cron=1783004783.9974861145019531250000 HTTP/1.1" 200 1 "-" "WordPress/7.0; https://brescia.elettroservicegroup.it"
74.7.175.180 - - [02/Jul/2026:17:06:18 +0200] "GET /robots.txt HTTP/2.0" 301 1 "-" "Mozilla/5.0 (Macintosh; Intel Mac OS X 10_15_7) AppleWebKit/537.36 (KHTML, like Gecko) Chrome/131.0.0.0 Safari/537.36; compatible; OAI-SearchBot/1.4; robots.txt; +https://openai.com/searchbot"
74.7.241.167 - - [02/Jul/2026:17:06:24 +0200] "GET /robots.txt HTTP/2.0" 200 106 "-" "Mozilla/5.0 (Macintosh; Intel Mac OS X 10_15_7) AppleWebKit/537.36 (KHTML, like Gecko) Chrome/131.0.0.0 Safari/537.36; compatible; OAI-SearchBot/1.4; robots.txt; +https://openai.com/searchbot"
74.7.175.180 - - [02/Jul/2026:17:06:24 +0200] "GET /robots.txt HTTP/2.0" 200 106 "https://www.brescia.elettroservicegroup.it/robots.txt" "Mozilla/5.0 (Macintosh; Intel Mac OS X 10_15_7) AppleWebKit/537.36 (KHTML, like Gecko) Chrome/131.0.0.0 Safari/537.36; compatible; OAI-SearchBot/1.4; robots.txt; +https://openai.com/searchbot"
74.7.243.228 - - [02/Jul/2026:17:06:18 +0200] "GET / HTTP/2.0" 301 1 "-" "Mozilla/5.0 AppleWebKit/537.36 (KHTML, like Gecko; compatible; GPTBot/1.4; +https://openai.com/gptbot)"
74.7.227.17 - - [02/Jul/2026:17:06:24 +0200] "GET / HTTP/2.0" 415 20012 "https://www.brescia.elettroservicegroup.it" "Mozilla/5.0 AppleWebKit/537.36 (KHTML, like Gecko; compatible; GPTBot/1.4; +https://openai.com/gptbot)"
65.108.235.243 - - [02/Jul/2026:17:11:06 +0200] "POST /wp-cron.php?doing_wp_cron=1783005066.3987460136413574218750 HTTP/1.1" 200 1 "-" "WordPress/7.0; https://brescia.elettroservicegroup.it"
114.119.137.153 - - [02/Jul/2026:17:11:03 +0200] "GET /robots.txt HTTP/1.1" 200 106 "https://brescia.elettroservicegroup.it/robots.txt" "Mozilla/5.0 (Windows NT 10.0; Win64; x64) AppleWebKit/537.36 (KHTML, like Gecko) Chrome/148.0.0.0 Safari/537.36"
209.99.184.28 - - [02/Jul/2026:17:14:40 +0200] "GET /wp-login.php HTTP/2.0" 200 11712 "-" "Mozilla/5.0 (Windows NT 10.0; WOW64; rv:87.0) Gecko/20100101 Firefox/87.0"
209.99.184.28 - - [02/Jul/2026:17:14:40 +0200] "POST /wp-login.php HTTP/2.0" 200 11712 "-" "Mozilla/5.0 (Windows NT 10.0; WOW64; rv:87.0) Gecko/20100101 Firefox/87.0"
65.108.235.243 - - [02/Jul/2026:17:31:56 +0200] "POST /wp-cron.php?doing_wp_cron=1783006316.3065071105957031250000 HTTP/1.1" 200 1 "-" "WordPress/7.0; https://brescia.elettroservicegroup.it"
66.249.64.230 - - [02/Jul/2026:17:31:54 +0200] "GET /robots.txt HTTP/1.1" 200 106 "-" "Mozilla/5.0 (compatible; Googlebot/2.1; +http://www.google.com/bot.html)"
65.108.235.243 - - [02/Jul/2026:17:31:56 +0200] "POST /wp-json/complianz/v1/wsc-scan HTTP/1.1" 400 88 "-" "WordPress/7.0; https://brescia.elettroservicegroup.it"
66.249.64.229 - - [02/Jul/2026:17:32:13 +0200] "GET /repairman-refrigerator-repairing-examining-installing/ HTTP/1.1" 200 18851 "-" "Mozilla/5.0 (Linux; Android 6.0.1; Nexus 5X Build/MMB29P) AppleWebKit/537.36 (KHTML, like Gecko) Chrome/149.0.7827.200 Mobile Safari/537.36 (compatible; GoogleOther)"
66.249.64.230 - - [02/Jul/2026:17:44:57 +0200] "GET /wp-content/plugins/header-footer-elementor/inc/widgets-css/frontend.css?ver=2.9.0 HTTP/1.1" 200 8711 "https://brescia.elettroservicegroup.it/repairman-refrigerator-repairing-examining-installing/" "Mozilla/5.0 (Linux; Android 6.0.1; Nexus 5X Build/MMB29P) AppleWebKit/537.36 (KHTML, like Gecko) Chrome/149.0.7827.200 Mobile Safari/537.36 (compatible; GoogleOther)"
66.249.64.229 - - [02/Jul/2026:17:44:58 +0200] "GET /wp-content/plugins/elementor/assets/lib/font-awesome/css/fontawesome.css?ver=5.15.3 HTTP/1.1" 200 12535 "https://brescia.elettroservicegroup.it/repairman-refrigerator-repairing-examining-installing/" "Mozilla/5.0 (Linux; Android 6.0.1; Nexus 5X Build/MMB29P) AppleWebKit/537.36 (KHTML, like Gecko) Chrome/149.0.7827.200 Mobile Safari/537.36 (compatible; GoogleOther)"
66.249.64.231 - - [02/Jul/2026:17:44:59 +0200] "GET /wp-content/plugins/all-in-one-seo-pack/dist/Lite/assets/css/table-of-contents/global.e90f6d47.css?ver=4.9.9 HTTP/1.1" 200 420 "https://brescia.elettroservicegroup.it/repairman-refrigerator-repairing-examining-installing/" "Mozilla/5.0 (Linux; Android 6.0.1; Nexus 5X Build/MMB29P) AppleWebKit/537.36 (KHTML, like Gecko) Chrome/149.0.7827.200 Mobile Safari/537.36 (compatible; GoogleOther)"
66.249.64.230 - - [02/Jul/2026:17:44:59 +0200] "GET /wp-content/uploads/elementor/css/post-14366.css?ver=1780704000 HTTP/1.1" 200 297 "https://brescia.elettroservicegroup.it/repairman-refrigerator-repairing-examining-installing/" "Mozilla/5.0 (Linux; Android 6.0.1; Nexus 5X Build/MMB29P) AppleWebKit/537.36 (KHTML, like Gecko) Chrome/149.0.7827.200 Mobile Safari/537.36 (compatible; GoogleOther)"
66.249.64.230 - - [02/Jul/2026:17:45:00 +0200] "GET /wp-content/plugins/elementor/assets/lib/font-awesome/css/v4-shims.min.css?ver=4.1.4 HTTP/1.1" 200 3986 "https://brescia.elettroservicegroup.it/repairman-refrigerator-repairing-examining-installing/" "Mozilla/5.0 (Linux; Android 6.0.1; Nexus 5X Build/MMB29P) AppleWebKit/537.36 (KHTML, like Gecko) Chrome/149.0.7827.200 Mobile Safari/537.36 (compatible; GoogleOther)"
66.249.64.229 - - [02/Jul/2026:17:45:00 +0200] "GET /wp-content/plugins/elementor/assets/lib/eicons/css/elementor-icons.min.css?ver=5.50.0 HTTP/1.1" 200 4125 "https://brescia.elettroservicegroup.it/repairman-refrigerator-repairing-examining-installing/" "Mozilla/5.0 (Linux; Android 6.0.1; Nexus 5X Build/MMB29P) AppleWebKit/537.36 (KHTML, like Gecko) Chrome/149.0.7827.200 Mobile Safari/537.36 (compatible; GoogleOther)"
66.249.64.229 - - [02/Jul/2026:17:45:01 +0200] "GET /wp-content/themes/generatepress/assets/js/menu.min.js?ver=3.6.1 HTTP/1.1" 200 1688 "https://brescia.elettroservicegroup.it/repairman-refrigerator-repairing-examining-installing/" "Mozilla/5.0 (Linux; Android 6.0.1; Nexus 5X Build/MMB29P) AppleWebKit/537.36 (KHTML, like Gecko) Chrome/149.0.7827.200 Mobile Safari/537.36 (compatible; GoogleOther)"
66.249.64.229 - - [02/Jul/2026:17:45:02 +0200] "GET /wp-content/plugins/header-footer-elementor/assets/css/header-footer-elementor.css?ver=2.9.0 HTTP/1.1" 200 260 "https://brescia.elettroservicegroup.it/repairman-refrigerator-repairing-examining-installing/" "Mozilla/5.0 (Linux; Android 6.0.1; Nexus 5X Build/MMB29P) AppleWebKit/537.36 (KHTML, like Gecko) Chrome/149.0.7827.200 Mobile Safari/537.36 (compatible; GoogleOther)"
66.249.64.229 - - [02/Jul/2026:17:45:02 +0200] "GET /wp-content/plugins/gp-premium/menu-plus/functions/js/sticky.min.js?ver=2.5.5 HTTP/1.1" 200 2670 "https://brescia.elettroservicegroup.it/repairman-refrigerator-repairing-examining-installing/" "Mozilla/5.0 (Linux; Android 6.0.1; Nexus 5X Build/MMB29P) AppleWebKit/537.36 (KHTML, like Gecko) Chrome/149.0.7827.200 Mobile Safari/537.36 (compatible; GoogleOther)"
66.249.64.230 - - [02/Jul/2026:17:45:03 +0200] "GET /wp-content/plugins/elementor/assets/lib/font-awesome/css/brands.css?ver=5.15.3 HTTP/1.1" 200 298 "https://brescia.elettroservicegroup.it/repairman-refrigerator-repairing-examining-installing/" "Mozilla/5.0 (Linux; Android 6.0.1; Nexus 5X Build/MMB29P) AppleWebKit/537.36 (KHTML, like Gecko) Chrome/149.0.7827.200 Mobile Safari/537.36 (compatible; GoogleOther)"
66.249.64.229 - - [02/Jul/2026:17:45:04 +0200] "GET /wp-content/plugins/elementor/assets/lib/eicons/css/elementor-icons.min.css?ver=5.34.0 HTTP/1.1" 200 4125 "https://brescia.elettroservicegroup.it/repairman-refrigerator-repairing-examining-installing/" "Mozilla/5.0 (Linux; Android 6.0.1; Nexus 5X Build/MMB29P) AppleWebKit/537.36 (KHTML, like Gecko) Chrome/149.0.7827.200 Mobile Safari/537.36 (compatible; GoogleOther)"
66.249.64.229 - - [02/Jul/2026:17:45:04 +0200] "GET /wp-content/themes/generatepress/assets/css/components/comments.min.css?ver=3.6.1 HTTP/1.1" 200 488 "https://brescia.elettroservicegroup.it/repairman-refrigerator-repairing-examining-installing/" "Mozilla/5.0 (Linux; Android 6.0.1; Nexus 5X Build/MMB29P) AppleWebKit/537.36 (KHTML, like Gecko) Chrome/149.0.7827.200 Mobile Safari/537.36 (compatible; GoogleOther)"
66.249.64.229 - - [02/Jul/2026:17:45:05 +0200] "GET /wp-content/plugins/wpfront-notification-bar/js/wpfront-notification-bar.min.js?ver=3.5.1.05102 HTTP/1.1" 200 1497 "https://brescia.elettroservicegroup.it/repairman-refrigerator-repairing-examining-installing/" "Mozilla/5.0 (Linux; Android 6.0.1; Nexus 5X Build/MMB29P) AppleWebKit/537.36 (KHTML, like Gecko) Chrome/149.0.7827.200 Mobile Safari/537.36 (compatible; GoogleOther)"
66.249.64.229 - - [02/Jul/2026:17:45:05 +0200] "GET /wp-content/plugins/elementor/assets/lib/font-awesome/css/solid.css?ver=5.15.3 HTTP/1.1" 200 299 "https://brescia.elettroservicegroup.it/repairman-refrigerator-repairing-examining-installing/" "Mozilla/5.0 (Linux; Android 6.0.1; Nexus 5X Build/MMB29P) AppleWebKit/537.36 (KHTML, like Gecko) Chrome/149.0.7827.200 Mobile Safari/537.36 (compatible; GoogleOther)"
66.249.64.229 - - [02/Jul/2026:17:45:06 +0200] "GET /wp-includes/js/jquery/jquery-migrate.min.js?ver=3.4.1 HTTP/1.1" 200 4685 "https://brescia.elettroservicegroup.it/repairman-refrigerator-repairing-examining-installing/" "Mozilla/5.0 (Linux; Android 6.0.1; Nexus 5X Build/MMB29P) AppleWebKit/537.36 (KHTML, like Gecko) Chrome/149.0.7827.200 Mobile Safari/537.36 (compatible; GoogleOther)"
66.249.64.229 - - [02/Jul/2026:17:45:06 +0200] "GET /wp-content/plugins/essential-addons-for-elementor-lite/assets/front-end/css/view/general.min.css?ver=6.6.9 HTTP/1.1" 200 1422 "https://brescia.elettroservicegroup.it/repairman-refrigerator-repairing-examining-installing/" "Mozilla/5.0 (Linux; Android 6.0.1; Nexus 5X Build/MMB29P) AppleWebKit/537.36 (KHTML, like Gecko) Chrome/149.0.7827.200 Mobile Safari/537.36 (compatible; GoogleOther)"
66.249.64.229 - - [02/Jul/2026:17:45:07 +0200] "GET /wp-content/plugins/elementor/assets/css/widget-icon-list.min.css?ver=3.24.3 HTTP/1.1" 200 928 "https://brescia.elettroservicegroup.it/repairman-refrigerator-repairing-examining-installing/" "Mozilla/5.0 (Linux; Android 6.0.1; Nexus 5X Build/MMB29P) AppleWebKit/537.36 (KHTML, like Gecko) Chrome/149.0.7827.200 Mobile Safari/537.36 (compatible; GoogleOther)"
66.249.64.229 - - [02/Jul/2026:17:45:07 +0200] "GET /wp-content/themes/generatepress/assets/css/main.min.css?ver=3.6.1 HTTP/1.1" 200 4410 "https://brescia.elettroservicegroup.it/repairman-refrigerator-repairing-examining-installing/" "Mozilla/5.0 (Linux; Android 6.0.1; Nexus 5X Build/MMB29P) AppleWebKit/537.36 (KHTML, like Gecko) Chrome/149.0.7827.200 Mobile Safari/537.36 (compatible; GoogleOther)"
66.249.64.229 - - [02/Jul/2026:17:45:08 +0200] "GET /wp-content/plugins/wpfront-notification-bar/css/wpfront-notification-bar.min.css?ver=3.5.1.05102 HTTP/1.1" 200 665 "https://brescia.elettroservicegroup.it/repairman-refrigerator-repairing-examining-installing/" "Mozilla/5.0 (Linux; Android 6.0.1; Nexus 5X Build/MMB29P) AppleWebKit/537.36 (KHTML, like Gecko) Chrome/149.0.7827.200 Mobile Safari/537.36 (compatible; GoogleOther)"
66.249.64.229 - - [02/Jul/2026:17:45:08 +0200] "GET /wp-content/plugins/elementor/assets/css/widget-social-icons.min.css?ver=3.24.0 HTTP/1.1" 200 1039 "https://brescia.elettroservicegroup.it/repairman-refrigerator-repairing-examining-installing/" "Mozilla/5.0 (Linux; Android 6.0.1; Nexus 5X Build/MMB29P) AppleWebKit/537.36 (KHTML, like Gecko) Chrome/149.0.7827.200 Mobile Safari/537.36 (compatible; GoogleOther)"
66.249.64.229 - - [02/Jul/2026:17:45:09 +0200] "GET /wp-content/plugins/elementor/assets/css/frontend.min.css?ver=4.1.4 HTTP/1.1" 200 6618 "https://brescia.elettroservicegroup.it/repairman-refrigerator-repairing-examining-installing/" "Mozilla/5.0 (Linux; Android 6.0.1; Nexus 5X Build/MMB29P) AppleWebKit/537.36 (KHTML, like Gecko) Chrome/149.0.7827.200 Mobile Safari/537.36 (compatible; GoogleOther)"
66.249.64.229 - - [02/Jul/2026:17:45:10 +0200] "GET /wp-content/themes/generatepress/assets/js/back-to-top.min.js?ver=3.6.1 HTTP/1.1" 200 336 "https://brescia.elettroservicegroup.it/repairman-refrigerator-repairing-examining-installing/" "Mozilla/5.0 (Linux; Android 6.0.1; Nexus 5X Build/MMB29P) AppleWebKit/537.36 (KHTML, like Gecko) Chrome/149.0.7827.200 Mobile Safari/537.36 (compatible; GoogleOther)"
66.249.64.229 - - [02/Jul/2026:17:45:10 +0200] "GET /wp-content/plugins/essential-addons-for-elementor-lite/assets/front-end/js/view/general.min.js?ver=6.6.9 HTTP/1.1" 200 3900 "https://brescia.elettroservicegroup.it/repairman-refrigerator-repairing-examining-installing/" "Mozilla/5.0 (Linux; Android 6.0.1; Nexus 5X Build/MMB29P) AppleWebKit/537.36 (KHTML, like Gecko) Chrome/149.0.7827.200 Mobile Safari/537.36 (compatible; GoogleOther)"
66.249.64.229 - - [02/Jul/2026:17:45:11 +0200] "GET /wp-content/plugins/elementor/assets/js/webpack.runtime.min.js?ver=4.1.4 HTTP/1.1" 200 2340 "https://brescia.elettroservicegroup.it/repairman-refrigerator-repairing-examining-installing/" "Mozilla/5.0 (Linux; Android 6.0.1; Nexus 5X Build/MMB29P) AppleWebKit/537.36 (KHTML, like Gecko) Chrome/149.0.7827.200 Mobile Safari/537.36 (compatible; GoogleOther)"
66.249.64.229 - - [02/Jul/2026:17:45:11 +0200] "GET /wp-content/plugins/complianz-gdpr-premium/cookiebanner/js/complianz.min.js?ver=1780704000 HTTP/1.1" 200 10762 "https://brescia.elettroservicegroup.it/repairman-refrigerator-repairing-examining-installing/" "Mozilla/5.0 (Linux; Android 6.0.1; Nexus 5X Build/MMB29P) AppleWebKit/537.36 (KHTML, like Gecko) Chrome/149.0.7827.200 Mobile Safari/537.36 (compatible; GoogleOther)"
66.249.64.229 - - [02/Jul/2026:17:45:12 +0200] "GET /wp-content/plugins/elementor/assets/js/frontend-modules.min.js?ver=4.1.4 HTTP/1.1" 200 15454 "https://brescia.elettroservicegroup.it/repairman-refrigerator-repairing-examining-installing/" "Mozilla/5.0 (Linux; Android 6.0.1; Nexus 5X Build/MMB29P) AppleWebKit/537.36 (KHTML, like Gecko) Chrome/149.0.7827.200 Mobile Safari/537.36 (compatible; GoogleOther)"
66.249.64.229 - - [02/Jul/2026:17:45:12 +0200] "GET /wp-includes/js/jquery/ui/core.min.js?ver=1.13.3 HTTP/1.1" 200 6820 "https://brescia.elettroservicegroup.it/repairman-refrigerator-repairing-examining-installing/" "Mozilla/5.0 (Linux; Android 6.0.1; Nexus 5X Build/MMB29P) AppleWebKit/537.36 (KHTML, like Gecko) Chrome/149.0.7827.200 Mobile Safari/537.36 (compatible; GoogleOther)"
66.249.64.229 - - [02/Jul/2026:17:45:13 +0200] "GET /wp-content/plugins/elementor/assets/js/frontend.min.js?ver=4.1.4 HTTP/1.1" 200 10140 "https://brescia.elettroservicegroup.it/repairman-refrigerator-repairing-examining-installing/" "Mozilla/5.0 (Linux; Android 6.0.1; Nexus 5X Build/MMB29P) AppleWebKit/537.36 (KHTML, like Gecko) Chrome/149.0.7827.200 Mobile Safari/537.36 (compatible; GoogleOther)"
65.108.235.243 - - [02/Jul/2026:17:45:18 +0200] "POST /wp-cron.php?doing_wp_cron=1783007118.8907749652862548828125 HTTP/1.1" 200 1 "-" "WordPress/7.0; https://brescia.elettroservicegroup.it"
66.249.64.229 - - [02/Jul/2026:17:45:14 +0200] "GET /wp-json/complianz/v1/banner?lang=it&locale=it_IT&token=lcps HTTP/1.1" 200 81 "https://brescia.elettroservicegroup.it/repairman-refrigerator-repairing-examining-installing/" "Mozilla/5.0 (Linux; Android 6.0.1; Nexus 5X Build/MMB29P) AppleWebKit/537.36 (KHTML, like Gecko) Chrome/149.0.7827.200 Mobile Safari/537.36 (compatible; GoogleOther)"
66.249.64.229 - - [02/Jul/2026:17:45:21 +0200] "GET /wp-content/uploads/complianz/css/banner-1-optin.css?v=22 HTTP/1.1" 200 2848 "https://brescia.elettroservicegroup.it/repairman-refrigerator-repairing-examining-installing/" "Mozilla/5.0 (Linux; Android 6.0.1; Nexus 5X Build/MMB29P) AppleWebKit/537.36 (KHTML, like Gecko) Chrome/149.0.7827.200 Mobile Safari/537.36 (compatible; GoogleOther)"