65.108.235.243 - - [03/Jul/2026:14:14:43 +0200] "POST /wp-cron.php?doing_wp_cron=1783080883.2035510540008544921875 HTTP/1.1" 200 1 "-" "WordPress/7.0; https://reggio-emilia.elettroservicegroup.it"
192.178.16.137 - - [03/Jul/2026:14:14:36 +0200] "GET /assistenza-rex-electrolux-reggio-emilia/ HTTP/1.1" 200 23065 "-" "Mozilla/5.0 (Linux; Android 6.0.1; Nexus 5X Build/MMB29P) AppleWebKit/537.36 (KHTML, like Gecko) Chrome/150.0.7871.46 Mobile Safari/537.36 (compatible; AdsBot-Google-Mobile; +http://www.google.com/mobile/adsbot.html)"
192.178.16.135 - - [03/Jul/2026:14:14:45 +0200] "GET /wp-content/uploads/elementor/css/post-17822.css?ver=1782986046 HTTP/1.1" 200 2174 "https://reggio-emilia.elettroservicegroup.it/assistenza-rex-electrolux-reggio-emilia/" "AdsBot-Google (+http://www.google.com/adsbot.html)"
65.108.235.243 - - [03/Jul/2026:14:14:44 +0200] "GET / HTTP/1.1" 200 23356 "-" "WP Fastest Cache Preload Bot"
65.108.235.243 - - [03/Jul/2026:14:16:50 +0200] "POST /wp-cron.php?doing_wp_cron=1783081010.7168350219726562500000 HTTP/1.1" 200 1 "-" "WordPress/7.0; https://reggio-emilia.elettroservicegroup.it"
192.178.16.137 - - [03/Jul/2026:14:16:41 +0200] "GET / HTTP/1.1" 200 23436 "-" "Mozilla/5.0 (Linux; Android 6.0.1; Nexus 5X Build/MMB29P) AppleWebKit/537.36 (KHTML, like Gecko) Chrome/150.0.7871.46 Mobile Safari/537.36 (compatible; AdsBot-Google-Mobile; +http://www.google.com/mobile/adsbot.html)"
192.178.16.135 - - [03/Jul/2026:14:16:54 +0200] "GET /wp-content/uploads/elementor/css/post-14227.css?ver=1782918328 HTTP/1.1" 200 2362 "https://reggio-emilia.elettroservicegroup.it/" "AdsBot-Google (+http://www.google.com/adsbot.html)"
65.108.235.243 - - [03/Jul/2026:14:17:14 +0200] "POST /wp-cron.php?doing_wp_cron=1783081034.3103799819946289062500 HTTP/1.1" 200 1 "-" "WordPress/7.0; https://reggio-emilia.elettroservicegroup.it"
192.178.16.135 - - [03/Jul/2026:14:17:12 +0200] "GET /wp-json/complianz/v1/banner?lang=it&locale=it_IT&token=xnzib HTTP/1.1" 200 83 "https://reggio-emilia.elettroservicegroup.it/" "AdsBot-Google (+http://www.google.com/adsbot.html)"
136.65.95.2 - - [03/Jul/2026:14:17:43 +0200] "GET / HTTP/2.0" 200 23334 "-" "Mozilla/5.0 (Macintosh; Apple M1; macOS 13_5) AppleWebKit/537.36 (KHTML, like Gecko) Chrome/136.0.0.0 Safari/537.36"
136.65.95.2 - - [03/Jul/2026:14:17:43 +0200] "GET /imprint/ HTTP/2.0" 200 16718 "-" "Mozilla/5.0 (Macintosh; Apple M3 Max; macOS 14_3) AppleWebKit/537.36 (KHTML, like Gecko) Chrome/136.0.0.0 Safari/537.36"
136.65.95.2 - - [03/Jul/2026:14:17:43 +0200] "GET /cookie-policy-ue/ HTTP/2.0" 200 18686 "-" "Mozilla/5.0 (Macintosh; Apple M1 Ultra; macOS 13_5) AppleWebKit/537.36 (KHTML, like Gecko) Chrome/136.0.7103.55 Safari/537.36"
136.65.95.2 - - [03/Jul/2026:14:17:43 +0200] "GET /dichiarazione-sulla-privacy-ue/ HTTP/2.0" 200 19208 "-" "Mozilla/5.0 (Macintosh; Apple M1; macOS 12_5) AppleWebKit/537.36 (KHTML, like Gecko) Chrome/136.0.7103.53 Safari/537.36"
136.65.95.2 - - [03/Jul/2026:14:17:44 +0200] "GET / HTTP/2.0" 200 23334 "-" "Mozilla/5.0 (Macintosh; Intel Mac OS X 10_15) AppleWebKit/537.36 (KHTML, like Gecko) Chrome/136.0.0.0 Safari/537.36"
136.65.95.2 - - [03/Jul/2026:14:17:43 +0200] "GET /assistenza-lavastoviglie-reggio-emilia HTTP/2.0" 301 1 "-" "Mozilla/5.0 (Macintosh; Apple M1; macOS 12_7_1) AppleWebKit/537.36 (KHTML, like Gecko) Chrome/136.0.8900.41 Safari/537.36"
136.65.95.2 - - [03/Jul/2026:14:17:43 +0200] "GET /assistenza-condizionatori/ HTTP/2.0" 301 1 "-" "Mozilla/5.0 (Macintosh; Apple M1; macOS 12_7_1) AppleWebKit/537.36 (KHTML, like Gecko) Chrome/136.0.8900.41 Safari/537.36"
136.65.95.2 - - [03/Jul/2026:14:17:43 +0200] "GET /assistenza-frigoriferi/ HTTP/2.0" 301 1 "-" "Mozilla/5.0 (Macintosh; Apple M2; macOS 13_0) AppleWebKit/537.36 (KHTML, like Gecko) Chrome/136.0.0.0 Safari/537.36"
136.65.95.2 - - [03/Jul/2026:14:17:47 +0200] "GET /assistenza-lavastoviglie-reggio-emilia/ HTTP/2.0" 200 23355 "-" "Mozilla/5.0 (Macintosh; Apple M1; macOS 12_7_1) AppleWebKit/537.36 (KHTML, like Gecko) Chrome/136.0.8900.41 Safari/537.36"
136.65.95.2 - - [03/Jul/2026:14:17:47 +0200] "GET /assistenza-condizionatori-reggio-emilia/ HTTP/2.0" 200 20260 "-" "Mozilla/5.0 (Macintosh; Apple M1; macOS 12_7_1) AppleWebKit/537.36 (KHTML, like Gecko) Chrome/136.0.8900.41 Safari/537.36"
136.65.95.2 - - [03/Jul/2026:14:17:47 +0200] "GET /assistenza-frigoriferi-reggio-emilia/ HTTP/2.0" 200 20975 "-" "Mozilla/5.0 (Macintosh; Apple M2; macOS 13_0) AppleWebKit/537.36 (KHTML, like Gecko) Chrome/136.0.0.0 Safari/537.36"
136.65.95.2 - - [03/Jul/2026:14:17:43 +0200] "GET /assistenza-lavatrici-reggio-emilia HTTP/2.0" 301 1 "-" "Mozilla/5.0 (Macintosh; Intel Mac OS X 10_13_5) AppleWebKit/537.36 (KHTML, like Gecko) Chrome/136.0.7103.61 Safari/537.36"
136.65.95.2 - - [03/Jul/2026:14:17:43 +0200] "GET /assistenza-forni-elettrici HTTP/2.0" 301 1 "-" "Mozilla/5.0 (Macintosh; Apple M1; macOS 13_0_1) AppleWebKit/537.36 (KHTML, like Gecko) Chrome/136.0.0.0 Safari/537.36"
136.65.95.2 - - [03/Jul/2026:14:17:47 +0200] "GET /assistenza-lavatrici-reggio-emilia/ HTTP/2.0" 200 23814 "-" "Mozilla/5.0 (Macintosh; Intel Mac OS X 10_13_5) AppleWebKit/537.36 (KHTML, like Gecko) Chrome/136.0.7103.61 Safari/537.36"
136.65.95.2 - - [03/Jul/2026:14:17:43 +0200] "GET /termini-e-condizioni HTTP/2.0" 301 1 "-" "Mozilla/5.0 (Macintosh; Apple M1; macOS 12_6) AppleWebKit/537.36 (KHTML, like Gecko) Chrome/136.0.0.0 Safari/537.36"
136.65.95.2 - - [03/Jul/2026:14:17:43 +0200] "GET /assistenza-asciugatrici/ HTTP/2.0" 301 1 "-" "Mozilla/5.0 (Macintosh; Apple M1; macOS 13_5) AppleWebKit/537.36 (KHTML, like Gecko) Chrome/136.0.0.0 Safari/537.36"
136.65.95.2 - - [03/Jul/2026:14:17:47 +0200] "GET /assistenza-forni-elettrici-reggio-emilia/ HTTP/2.0" 200 21154 "-" "Mozilla/5.0 (Macintosh; Apple M1; macOS 13_0_1) AppleWebKit/537.36 (KHTML, like Gecko) Chrome/136.0.0.0 Safari/537.36"
136.65.95.2 - - [03/Jul/2026:14:17:43 +0200] "GET /assistenza-frigoriferi HTTP/2.0" 301 1 "-" "Mozilla/5.0 (Macintosh; Apple M2 Ultra; macOS 14_0_1) AppleWebKit/537.36 (KHTML, like Gecko) Chrome/136.0.7103.56 Safari/537.36"
136.65.95.2 - - [03/Jul/2026:14:17:47 +0200] "GET /termini-e-condizioni/ HTTP/2.0" 200 17203 "-" "Mozilla/5.0 (Macintosh; Apple M1; macOS 12_6) AppleWebKit/537.36 (KHTML, like Gecko) Chrome/136.0.0.0 Safari/537.36"
136.65.95.2 - - [03/Jul/2026:14:17:47 +0200] "GET /assistenza-asciugatrici-reggio-emilia/ HTTP/2.0" 200 20967 "-" "Mozilla/5.0 (Macintosh; Apple M1; macOS 13_5) AppleWebKit/537.36 (KHTML, like Gecko) Chrome/136.0.0.0 Safari/537.36"
136.65.95.2 - - [03/Jul/2026:14:17:47 +0200] "GET /assistenza-condizionatori-reggio-emilia/ HTTP/2.0" 200 20260 "-" "Mozilla/5.0 (Macintosh; Intel Mac OS X 10_15_7) AppleWebKit/537.36 (KHTML, like Gecko) Chrome/136.0.7103.59 Safari/537.36"
136.65.95.2 - - [03/Jul/2026:14:17:47 +0200] "GET /assistenza-lavastoviglie-reggio-emilia/ HTTP/2.0" 200 23355 "-" "Mozilla/5.0 (Macintosh; Apple M1 Ultra; macOS 13_5) AppleWebKit/537.36 (KHTML, like Gecko) Chrome/136.0.7103.55 Safari/537.36"
136.65.95.2 - - [03/Jul/2026:14:17:43 +0200] "GET /assistenza-condizionatori HTTP/2.0" 301 1 "-" "Mozilla/5.0 (Macintosh; Apple M3; macOS 14_5) AppleWebKit/537.36 (KHTML, like Gecko) Chrome/136.0.8900.41 Safari/537.36"
136.65.95.2 - - [03/Jul/2026:14:17:48 +0200] "GET /assistenza-frigoriferi-reggio-emilia/ HTTP/2.0" 200 20975 "-" "Mozilla/5.0 (Macintosh; Apple M2 Ultra; macOS 14_0_1) AppleWebKit/537.36 (KHTML, like Gecko) Chrome/136.0.7103.56 Safari/537.36"
136.65.95.2 - - [03/Jul/2026:14:17:48 +0200] "GET /assistenza-frigoriferi-reggio-emilia/ HTTP/2.0" 200 20975 "-" "Mozilla/5.0 (Macintosh; Apple M3; macOS 14_0) AppleWebKit/537.36 (KHTML, like Gecko) Chrome/136.0.7103.99 Safari/537.36"
136.65.95.2 - - [03/Jul/2026:14:17:43 +0200] "GET /assistenza-asciugatrici HTTP/2.0" 301 1 "-" "Mozilla/5.0 (Macintosh; Intel Mac OS X 10_12_6) AppleWebKit/537.36 (KHTML, like Gecko) Chrome/136.0.0.0 Safari/537.36"
136.114.5.201 - - [03/Jul/2026:14:17:48 +0200] "GET /assistenza-lavastoviglie-reggio-emilia/ HTTP/2.0" 200 23355 "-" "Mozilla/5.0 (Macintosh; Apple M1 Pro; macOS 14_2) AppleWebKit/537.36 (KHTML, like Gecko) Chrome/136.0.7103.50 Safari/537.36"
136.65.95.2 - - [03/Jul/2026:14:17:48 +0200] "GET /assistenza-condizionatori-reggio-emilia/ HTTP/2.0" 200 20260 "-" "Mozilla/5.0 (Macintosh; Apple M3; macOS 14_5) AppleWebKit/537.36 (KHTML, like Gecko) Chrome/136.0.8900.41 Safari/537.36"
65.108.235.243 - - [03/Jul/2026:14:17:47 +0200] "POST /wp-cron.php?doing_wp_cron=1783081067.0102109909057617187500 HTTP/1.1" 200 1 "-" "WordPress/7.0; https://reggio-emilia.elettroservicegroup.it"
136.65.95.2 - - [03/Jul/2026:14:17:48 +0200] "GET /assistenza-asciugatrici-reggio-emilia/ HTTP/2.0" 200 20967 "-" "Mozilla/5.0 (Macintosh; Intel Mac OS X 10_12_6) AppleWebKit/537.36 (KHTML, like Gecko) Chrome/136.0.0.0 Safari/537.36"
136.65.95.2 - - [03/Jul/2026:14:17:48 +0200] "GET /assistenza-lavatrici-reggio-emilia/ HTTP/2.0" 200 23814 "-" "Mozilla/5.0 (Macintosh; Apple M3; macOS 14_5) AppleWebKit/537.36 (KHTML, like Gecko) Chrome/136.0.0.0 Safari/537.36"
136.65.95.2 - - [03/Jul/2026:14:17:48 +0200] "GET /assistenza-forni-elettrici-reggio-emilia/ HTTP/2.0" 200 21154 "-" "Mozilla/5.0 (Macintosh; Intel Mac OS X 10_14_6) AppleWebKit/537.36 (KHTML, like Gecko) Chrome/136.0.7103.85 Safari/537.36"
136.65.95.2 - - [03/Jul/2026:14:17:43 +0200] "GET /assistenza-forni-elettrici- HTTP/2.0" 301 1 "-" "Mozilla/5.0 (Macintosh; Apple M2 Pro; macOS 13_5_2) AppleWebKit/537.36 (KHTML, like Gecko) Chrome/136.0.0.0 Safari/537.36"
136.65.95.2 - - [03/Jul/2026:14:17:48 +0200] "GET /termini-e-condizioni/ HTTP/2.0" 200 17203 "-" "Mozilla/5.0 (Macintosh; Apple M1; macOS 11_7) AppleWebKit/537.36 (KHTML, like Gecko) Chrome/136.0.7103.58 Safari/537.36"
136.65.95.2 - - [03/Jul/2026:14:17:48 +0200] "GET /assistenza-asciugatrici-reggio-emilia/ HTTP/2.0" 200 20967 "-" "Mozilla/5.0 (Macintosh; Apple M3 Pro; macOS 14_4_1) AppleWebKit/537.36 (KHTML, like Gecko) Chrome/136.0.0.0 Safari/537.36"
136.65.95.2 - - [03/Jul/2026:14:17:48 +0200] "GET /assistenza-forni-elettrici-reggio-emilia/ HTTP/2.0" 200 21154 "-" "Mozilla/5.0 (Macintosh; Apple M2 Pro; macOS 13_5_2) AppleWebKit/537.36 (KHTML, like Gecko) Chrome/136.0.0.0 Safari/537.36"
136.65.95.2 - - [03/Jul/2026:14:17:43 +0200] "GET /reggio-emiliaelettroservicegroupit/titolo/ HTTP/2.0" 404 15869 "-" "Mozilla/5.0 (Macintosh; Apple M3 Pro; macOS 14_4_1) AppleWebKit/537.36 (KHTML, like Gecko) Chrome/136.0.0.0 Safari/537.36"
35.255.45.211 - - [03/Jul/2026:14:17:50 +0200] "GET /assistenza-forni-elettrici-reggio-emilia/ HTTP/2.0" 200 21154 "-" "Mozilla/5.0 (Macintosh; Intel Mac OS X 10_15_7) AppleWebKit/537.36 (KHTML, like Gecko) Chrome/136.0.7103.97 Safari/537.36"
34.59.156.38 - - [03/Jul/2026:14:17:50 +0200] "GET /assistenza-asciugatrici-reggio-emilia/ HTTP/2.0" 200 20967 "-" "Mozilla/5.0 (Macintosh; Apple M3; macOS 14_5) AppleWebKit/537.36 (KHTML, like Gecko) Chrome/136.0.8900.41 Safari/537.36"
34.60.103.171 - - [03/Jul/2026:14:17:50 +0200] "GET /assistenza-frigoriferi-reggio-emilia/ HTTP/2.0" 200 20975 "-" "Mozilla/5.0 (Macintosh; Apple M1 Pro; macOS 13_5_2) AppleWebKit/537.36 (KHTML, like Gecko) Chrome/136.0.0.0 Safari/537.36"
35.222.131.213 - - [03/Jul/2026:14:17:50 +0200] "GET /assistenza-condizionatori-reggio-emilia/ HTTP/2.0" 200 20260 "-" "Mozilla/5.0 (Macintosh; Intel Mac OS X 10_14_6) AppleWebKit/537.36 (KHTML, like Gecko) Chrome/136.0.7103.85 Safari/537.36"
136.115.108.212 - - [03/Jul/2026:14:17:50 +0200] "GET /termini-e-condizioni/ HTTP/2.0" 200 17203 "-" "Mozilla/5.0 (Macintosh; Intel Mac OS X 10_14_6) AppleWebKit/537.36 (KHTML, like Gecko) Chrome/136.0.0.0 Safari/537.36"
35.238.85.85 - - [03/Jul/2026:14:17:50 +0200] "GET /assistenza-lavatrici-reggio-emilia/ HTTP/2.0" 200 23814 "-" "Mozilla/5.0 (Macintosh; Intel Mac OS X 10_14_6) AppleWebKit/537.36 (KHTML, like Gecko) Chrome/136.0.0.0 Safari/537.36"
34.10.200.117 - - [03/Jul/2026:14:18:50 +0200] "GET / HTTP/2.0" 200 23334 "-" "Mozilla/5.0 (Macintosh; Apple M3; macOS 14_5) AppleWebKit/537.36 (KHTML, like Gecko) Chrome/136.0.0.0 Safari/537.36"
34.10.200.117 - - [03/Jul/2026:14:18:51 +0200] "GET /cookie-policy-ue/ HTTP/2.0" 200 18686 "-" "Mozilla/5.0 (Macintosh; Apple M3; macOS 14_5) AppleWebKit/537.36 (KHTML, like Gecko) Chrome/136.0.0.0 Safari/537.36"
34.10.200.117 - - [03/Jul/2026:14:18:51 +0200] "GET /imprint/ HTTP/2.0" 200 16718 "-" "Mozilla/5.0 (Macintosh; Apple M2; macOS 13_3) AppleWebKit/537.36 (KHTML, like Gecko) Chrome/136.0.7103.54 Safari/537.36"
34.10.200.117 - - [03/Jul/2026:14:18:51 +0200] "GET /dichiarazione-sulla-privacy-ue/ HTTP/2.0" 200 19208 "-" "Mozilla/5.0 (Macintosh; Intel Mac OS X 10_15_7) AppleWebKit/537.36 (KHTML, like Gecko) Chrome/136.0.0.0 Safari/537.36"
34.10.200.117 - - [03/Jul/2026:14:18:51 +0200] "GET / HTTP/2.0" 200 23334 "-" "Mozilla/5.0 (Macintosh; Apple M3; macOS 14_0) AppleWebKit/537.36 (KHTML, like Gecko) Chrome/136.0.7103.99 Safari/537.36"
34.10.200.117 - - [03/Jul/2026:14:18:51 +0200] "GET /assistenza-forni-elettrici HTTP/2.0" 301 - "-" "Mozilla/5.0 (Macintosh; Intel Mac OS X 10_15_7) AppleWebKit/537.36 (KHTML, like Gecko) Chrome/136.0.7103.81 Safari/537.36"
34.10.200.117 - - [03/Jul/2026:14:18:51 +0200] "GET /assistenza-asciugatrici/ HTTP/2.0" 301 - "-" "Mozilla/5.0 (Macintosh; Intel Mac OS X 10_13) AppleWebKit/537.36 (KHTML, like Gecko) Chrome/136.0.0.0 Safari/537.36"
34.10.200.117 - - [03/Jul/2026:14:18:51 +0200] "GET /assistenza-lavastoviglie-reggio-emilia HTTP/2.0" 301 - "-" "Mozilla/5.0 (Macintosh; Intel Mac OS X 10_15_7) AppleWebKit/537.36 (KHTML, like Gecko) Chrome/136.0.7103.59 Safari/537.36"
34.10.200.117 - - [03/Jul/2026:14:18:51 +0200] "GET /assistenza-asciugatrici HTTP/2.0" 301 - "-" "Mozilla/5.0 (Macintosh; Apple M1 Ultra; macOS 13_5) AppleWebKit/537.36 (KHTML, like Gecko) Chrome/136.0.7103.55 Safari/537.36"
34.10.200.117 - - [03/Jul/2026:14:18:51 +0200] "GET /assistenza-forni-elettrici- HTTP/2.0" 301 - "-" "Mozilla/5.0 (Macintosh; Intel Mac OS X 10_8_5) AppleWebKit/537.36 (KHTML, like Gecko) Chrome/136.0.7103.66 Safari/537.36"
34.10.200.117 - - [03/Jul/2026:14:18:51 +0200] "GET /assistenza-frigoriferi HTTP/2.0" 301 - "-" "Mozilla/5.0 (Macintosh; Apple M1; macOS 11_6) AppleWebKit/537.36 (KHTML, like Gecko) Chrome/136.0.0.0 Safari/537.36"
34.10.200.117 - - [03/Jul/2026:14:18:51 +0200] "GET /assistenza-frigoriferi/ HTTP/2.0" 301 - "-" "Mozilla/5.0 (Macintosh; Intel Mac OS X 10_15_7) AppleWebKit/537.36 (KHTML, like Gecko) Chrome/136.0.7103.97 Safari/537.36"
34.10.200.117 - - [03/Jul/2026:14:18:51 +0200] "GET /assistenza-condizionatori/ HTTP/2.0" 301 - "-" "Mozilla/5.0 (Macintosh; Intel Mac OS X 10_13) AppleWebKit/537.36 (KHTML, like Gecko) Chrome/136.0.0.0 Safari/537.36"
34.10.200.117 - - [03/Jul/2026:14:18:51 +0200] "GET /assistenza-condizionatori HTTP/2.0" 301 - "-" "Mozilla/5.0 (Macintosh; Apple M1 Ultra; macOS 13_5) AppleWebKit/537.36 (KHTML, like Gecko) Chrome/136.0.7103.55 Safari/537.36"
34.10.200.117 - - [03/Jul/2026:14:18:51 +0200] "GET /assistenza-lavatrici-reggio-emilia HTTP/2.0" 301 - "-" "Mozilla/5.0 (Macintosh; Apple M1 Max; macOS 13_5_2) AppleWebKit/537.36 (KHTML, like Gecko) Chrome/136.0.0.0 Safari/537.36"
65.108.235.243 - - [03/Jul/2026:14:19:05 +0200] "POST /wp-cron.php?doing_wp_cron=1783081144.8049430847167968750000 HTTP/1.1" 200 1 "-" "WordPress/7.0; https://reggio-emilia.elettroservicegroup.it"
34.10.200.117 - - [03/Jul/2026:14:18:51 +0200] "GET /termini-e-condizioni HTTP/2.0" 301 - "-" "Mozilla/5.0 (Macintosh; Intel Mac OS X 10_8_5) AppleWebKit/537.36 (KHTML, like Gecko) Chrome/136.0.7103.66 Safari/537.36"
34.10.200.117 - - [03/Jul/2026:14:18:51 +0200] "GET /reggio-emiliaelettroservicegroupit/titolo/ HTTP/2.0" 404 - "-" "Mozilla/5.0 (Macintosh; Apple M1 Ultra; macOS 13_5) AppleWebKit/537.36 (KHTML, like Gecko) Chrome/136.0.7103.55 Safari/537.36"