66.249.64.230 - - [04/Jul/2026:23:40:39 +0200] "GET /wp-content/uploads/2021/10/cropped-cropped-cropped-cropped-logo_white_background-32x32.png HTTP/1.1" 200 1525 "-" "Googlebot-Image/1.0"
65.108.235.243 - - [04/Jul/2026:23:49:07 +0200] "POST /wp-cron.php?doing_wp_cron=1783201747.1970789432525634765625 HTTP/1.1" 200 1 "-" "WordPress/7.0; https://brescia.elettroservicegroup.it"
139.180.209.5 - - [04/Jul/2026:23:48:59 +0200] "POST /?wpd_ping=233a196051d8 HTTP/2.0" 200 103162 "-" "WPDefender-Controller/1.0"
65.108.235.243 - - [04/Jul/2026:23:49:08 +0200] "POST /wp-json/complianz/v1/wsc-scan HTTP/1.1" 400 88 "-" "WordPress/7.0; https://brescia.elettroservicegroup.it"
139.180.209.5 - - [04/Jul/2026:23:49:07 +0200] "POST /?wpd_ping=233a196051d8 HTTP/2.0" 200 103162 "-" "WPDefender-Controller/1.0"
139.180.209.5 - - [04/Jul/2026:23:49:07 +0200] "POST /wp-content/db.php?wpd_ping=233a196051d8 HTTP/2.0" 404 92087 "-" "WPDefender-Controller/1.0"
139.180.209.5 - - [04/Jul/2026:23:49:07 +0200] "POST /wp-includes/class-wp-db-session.php?wpd_ping=233a196051d8 HTTP/2.0" 404 92195 "-" "WPDefender-Controller/1.0"
65.108.235.243 - - [05/Jul/2026:00:03:51 +0200] "POST /wp-cron.php?doing_wp_cron=1783202631.6975240707397460937500 HTTP/1.1" 200 1 "-" "WordPress/7.0; https://brescia.elettroservicegroup.it"
139.180.209.5 - - [05/Jul/2026:00:03:49 +0200] "POST /?wpd_ping=233a196051d8 HTTP/2.0" 200 103162 "-" "WPDefender-Controller/1.0"
139.180.209.5 - - [05/Jul/2026:00:03:52 +0200] "POST /wp-content/db.php?wpd_ping=233a196051d8 HTTP/2.0" 404 92087 "-" "WPDefender-Controller/1.0"
139.180.209.5 - - [05/Jul/2026:00:03:52 +0200] "POST /?wpd_ping=233a196051d8 HTTP/2.0" 200 103162 "-" "WPDefender-Controller/1.0"
139.180.209.5 - - [05/Jul/2026:00:03:52 +0200] "POST /wp-includes/class-wp-db-session.php?wpd_ping=233a196051d8 HTTP/2.0" 404 92195 "-" "WPDefender-Controller/1.0"
74.7.227.17 - - [05/Jul/2026:00:09:51 +0200] "GET /sitemap.xml HTTP/2.0" 415 339 "-" "Mozilla/5.0 AppleWebKit/537.36 (KHTML, like Gecko; compatible; GPTBot/1.4; +https://openai.com/gptbot)"
65.108.235.243 - - [05/Jul/2026:00:09:57 +0200] "POST /wp-cron.php?doing_wp_cron=1783202997.4016220569610595703125 HTTP/1.1" 200 1 "-" "WordPress/7.0; https://brescia.elettroservicegroup.it"
74.7.241.167 - - [05/Jul/2026:00:09:52 +0200] "GET /robots.txt HTTP/2.0" 200 106 "-" "Mozilla/5.0 (Macintosh; Intel Mac OS X 10_15_7) AppleWebKit/537.36 (KHTML, like Gecko) Chrome/131.0.0.0 Safari/537.36; compatible; OAI-SearchBot/1.4; robots.txt; +https://openai.com/searchbot"
47.128.23.197 - - [05/Jul/2026:00:09:57 +0200] "GET /robots.txt HTTP/1.1" 200 11765 "-" "Mozilla/5.0 (Linux; Android 5.0) AppleWebKit/537.36 (KHTML, like Gecko) Mobile Safari/537.36 (compatible; Bytespider; spider-feedback@bytedance.com)"
65.108.235.243 - - [05/Jul/2026:00:18:28 +0200] "POST /wp-cron.php?doing_wp_cron=1783203508.5137948989868164062500 HTTP/1.1" 200 1 "-" "WordPress/7.0; https://brescia.elettroservicegroup.it"
139.180.209.5 - - [05/Jul/2026:00:18:21 +0200] "POST /?wpd_ping=233a196051d8 HTTP/2.0" 200 103162 "-" "WPDefender-Controller/1.0"
139.180.209.5 - - [05/Jul/2026:00:18:29 +0200] "POST /wp-includes/class-wp-db-session.php?wpd_ping=233a196051d8 HTTP/2.0" 404 92195 "-" "WPDefender-Controller/1.0"
139.180.209.5 - - [05/Jul/2026:00:18:29 +0200] "POST /?wpd_ping=233a196051d8 HTTP/2.0" 200 103162 "-" "WPDefender-Controller/1.0"
139.180.209.5 - - [05/Jul/2026:00:18:29 +0200] "POST /wp-content/db.php?wpd_ping=233a196051d8 HTTP/2.0" 404 92087 "-" "WPDefender-Controller/1.0"
65.108.235.243 - - [05/Jul/2026:00:21:05 +0200] "POST /wp-cron.php?doing_wp_cron=1783203665.5307850837707519531250 HTTP/1.1" 200 1 "-" "WordPress/7.0; https://brescia.elettroservicegroup.it"
74.7.227.17 - - [05/Jul/2026:00:21:03 +0200] "GET /sitemap.rss HTTP/2.0" 404 381 "-" "Mozilla/5.0 AppleWebKit/537.36 (KHTML, like Gecko; compatible; GPTBot/1.4; +https://openai.com/gptbot)"
17.246.15.189 - - [05/Jul/2026:00:21:10 +0200] "GET /robots.txt HTTP/2.0" 200 193 "-" "Mozilla/5.0 (Macintosh; Intel Mac OS X 10_15_7) AppleWebKit/605.1.15 (KHTML, like Gecko) Version/17.4 Safari/605.1.15 (Applebot/0.1; +http://www.apple.com/go/applebot)"
17.246.15.189 - - [05/Jul/2026:00:21:10 +0200] "GET /marchi-uniti/ HTTP/2.0" 200 96336 "-" "Mozilla/5.0 (Macintosh; Intel Mac OS X 10_15_7) AppleWebKit/605.1.15 (KHTML, like Gecko) Version/17.4 Safari/605.1.15 (Applebot/0.1; +http://www.apple.com/go/applebot)"
17.246.23.198 - - [05/Jul/2026:00:23:42 +0200] "GET /wp-includes/css/dist/block-library/style.min.css?ver=7.0 HTTP/2.0" 200 15998 "https://brescia.elettroservicegroup.it/marchi-uniti/" "Mozilla/5.0 (Macintosh; Intel Mac OS X 10_15_7) AppleWebKit/605.1.15 (KHTML, like Gecko) Version/17.4 Safari/605.1.15 (Applebot/0.1; +http://www.apple.com/go/applebot)"
17.246.23.198 - - [05/Jul/2026:00:23:43 +0200] "GET /wp-content/plugins/all-in-one-seo-pack/dist/Lite/assets/css/table-of-contents/global.e90f6d47.css?ver=4.9.9 HTTP/2.0" 200 420 "https://brescia.elettroservicegroup.it/marchi-uniti/" "Mozilla/5.0 (Macintosh; Intel Mac OS X 10_15_7) AppleWebKit/605.1.15 (KHTML, like Gecko) Version/17.4 Safari/605.1.15 (Applebot/0.1; +http://www.apple.com/go/applebot)"
17.246.23.198 - - [05/Jul/2026:00:23:44 +0200] "GET /wp-content/plugins/header-footer-elementor/assets/css/header-footer-elementor.css?ver=2.9.0 HTTP/2.0" 200 260 "https://brescia.elettroservicegroup.it/marchi-uniti/" "Mozilla/5.0 (Macintosh; Intel Mac OS X 10_15_7) AppleWebKit/605.1.15 (KHTML, like Gecko) Version/17.4 Safari/605.1.15 (Applebot/0.1; +http://www.apple.com/go/applebot)"
17.246.23.198 - - [05/Jul/2026:00:23:46 +0200] "GET /wp-content/plugins/elementor/assets/lib/eicons/css/elementor-icons.min.css?ver=5.50.0 HTTP/2.0" 200 4125 "https://brescia.elettroservicegroup.it/marchi-uniti/" "Mozilla/5.0 (Macintosh; Intel Mac OS X 10_15_7) AppleWebKit/605.1.15 (KHTML, like Gecko) Version/17.4 Safari/605.1.15 (Applebot/0.1; +http://www.apple.com/go/applebot)"
17.246.23.198 - - [05/Jul/2026:00:23:47 +0200] "GET /wp-content/plugins/header-footer-elementor/inc/widgets-css/frontend.css?ver=2.9.0 HTTP/2.0" 200 8711 "https://brescia.elettroservicegroup.it/marchi-uniti/" "Mozilla/5.0 (Macintosh; Intel Mac OS X 10_15_7) AppleWebKit/605.1.15 (KHTML, like Gecko) Version/17.4 Safari/605.1.15 (Applebot/0.1; +http://www.apple.com/go/applebot)"
17.246.23.198 - - [05/Jul/2026:00:23:49 +0200] "GET /wp-content/plugins/complianz-gdpr-premium/assets/css/cookieblocker.min.css?ver=1783097345 HTTP/2.0" 200 615 "https://brescia.elettroservicegroup.it/marchi-uniti/" "Mozilla/5.0 (Macintosh; Intel Mac OS X 10_15_7) AppleWebKit/605.1.15 (KHTML, like Gecko) Version/17.4 Safari/605.1.15 (Applebot/0.1; +http://www.apple.com/go/applebot)"
17.246.23.198 - - [05/Jul/2026:00:23:50 +0200] "GET /wp-content/plugins/elementor/assets/css/frontend.min.css?ver=4.1.4 HTTP/2.0" 200 6618 "https://brescia.elettroservicegroup.it/marchi-uniti/" "Mozilla/5.0 (Macintosh; Intel Mac OS X 10_15_7) AppleWebKit/605.1.15 (KHTML, like Gecko) Version/17.4 Safari/605.1.15 (Applebot/0.1; +http://www.apple.com/go/applebot)"
17.246.23.198 - - [05/Jul/2026:00:23:52 +0200] "GET /wp-content/uploads/elementor/css/post-14146.css?ver=1783097828 HTTP/2.0" 200 428 "https://brescia.elettroservicegroup.it/marchi-uniti/" "Mozilla/5.0 (Macintosh; Intel Mac OS X 10_15_7) AppleWebKit/605.1.15 (KHTML, like Gecko) Version/17.4 Safari/605.1.15 (Applebot/0.1; +http://www.apple.com/go/applebot)"
17.246.23.198 - - [05/Jul/2026:00:23:53 +0200] "GET /wp-content/plugins/elementor/assets/lib/font-awesome/css/all.min.css?ver=4.1.4 HTTP/2.0" 200 12402 "https://brescia.elettroservicegroup.it/marchi-uniti/" "Mozilla/5.0 (Macintosh; Intel Mac OS X 10_15_7) AppleWebKit/605.1.15 (KHTML, like Gecko) Version/17.4 Safari/605.1.15 (Applebot/0.1; +http://www.apple.com/go/applebot)"
17.246.23.198 - - [05/Jul/2026:00:23:55 +0200] "GET /wp-content/plugins/elementor/assets/lib/font-awesome/css/v4-shims.min.css?ver=4.1.4 HTTP/2.0" 200 3986 "https://brescia.elettroservicegroup.it/marchi-uniti/" "Mozilla/5.0 (Macintosh; Intel Mac OS X 10_15_7) AppleWebKit/605.1.15 (KHTML, like Gecko) Version/17.4 Safari/605.1.15 (Applebot/0.1; +http://www.apple.com/go/applebot)"
17.246.23.198 - - [05/Jul/2026:00:23:56 +0200] "GET /wp-content/uploads/elementor/css/post-14366.css?ver=1783097828 HTTP/2.0" 200 297 "https://brescia.elettroservicegroup.it/marchi-uniti/" "Mozilla/5.0 (Macintosh; Intel Mac OS X 10_15_7) AppleWebKit/605.1.15 (KHTML, like Gecko) Version/17.4 Safari/605.1.15 (Applebot/0.1; +http://www.apple.com/go/applebot)"
17.246.23.198 - - [05/Jul/2026:00:23:58 +0200] "GET /wp-content/plugins/wpfront-notification-bar/css/wpfront-notification-bar.min.css?ver=3.5.1.05102 HTTP/2.0" 200 665 "https://brescia.elettroservicegroup.it/marchi-uniti/" "Mozilla/5.0 (Macintosh; Intel Mac OS X 10_15_7) AppleWebKit/605.1.15 (KHTML, like Gecko) Version/17.4 Safari/605.1.15 (Applebot/0.1; +http://www.apple.com/go/applebot)"
17.246.23.198 - - [05/Jul/2026:00:23:59 +0200] "GET /wp-content/themes/generatepress/assets/css/components/comments.min.css?ver=3.6.1 HTTP/2.0" 200 488 "https://brescia.elettroservicegroup.it/marchi-uniti/" "Mozilla/5.0 (Macintosh; Intel Mac OS X 10_15_7) AppleWebKit/605.1.15 (KHTML, like Gecko) Version/17.4 Safari/605.1.15 (Applebot/0.1; +http://www.apple.com/go/applebot)"
17.246.23.198 - - [05/Jul/2026:00:24:01 +0200] "GET /wp-content/themes/generatepress/assets/css/main.min.css?ver=3.6.1 HTTP/2.0" 200 4410 "https://brescia.elettroservicegroup.it/marchi-uniti/" "Mozilla/5.0 (Macintosh; Intel Mac OS X 10_15_7) AppleWebKit/605.1.15 (KHTML, like Gecko) Version/17.4 Safari/605.1.15 (Applebot/0.1; +http://www.apple.com/go/applebot)"
17.246.23.198 - - [05/Jul/2026:00:24:02 +0200] "GET /wp-content/plugins/elementor/assets/lib/eicons/css/elementor-icons.min.css?ver=5.34.0 HTTP/2.0" 200 4125 "https://brescia.elettroservicegroup.it/marchi-uniti/" "Mozilla/5.0 (Macintosh; Intel Mac OS X 10_15_7) AppleWebKit/605.1.15 (KHTML, like Gecko) Version/17.4 Safari/605.1.15 (Applebot/0.1; +http://www.apple.com/go/applebot)"
17.246.23.198 - - [05/Jul/2026:00:24:04 +0200] "GET /wp-content/plugins/elementor/assets/css/widget-icon-list.min.css?ver=3.24.3 HTTP/2.0" 200 928 "https://brescia.elettroservicegroup.it/marchi-uniti/" "Mozilla/5.0 (Macintosh; Intel Mac OS X 10_15_7) AppleWebKit/605.1.15 (KHTML, like Gecko) Version/17.4 Safari/605.1.15 (Applebot/0.1; +http://www.apple.com/go/applebot)"
17.246.23.198 - - [05/Jul/2026:00:24:05 +0200] "GET /wp-content/plugins/elementor/assets/css/widget-social-icons.min.css?ver=3.24.0 HTTP/2.0" 200 1039 "https://brescia.elettroservicegroup.it/marchi-uniti/" "Mozilla/5.0 (Macintosh; Intel Mac OS X 10_15_7) AppleWebKit/605.1.15 (KHTML, like Gecko) Version/17.4 Safari/605.1.15 (Applebot/0.1; +http://www.apple.com/go/applebot)"
17.246.23.198 - - [05/Jul/2026:00:24:07 +0200] "GET /wp-content/plugins/elementor/assets/lib/font-awesome/css/brands.css?ver=5.15.3 HTTP/2.0" 200 298 "https://brescia.elettroservicegroup.it/marchi-uniti/" "Mozilla/5.0 (Macintosh; Intel Mac OS X 10_15_7) AppleWebKit/605.1.15 (KHTML, like Gecko) Version/17.4 Safari/605.1.15 (Applebot/0.1; +http://www.apple.com/go/applebot)"
17.246.23.198 - - [05/Jul/2026:00:24:08 +0200] "GET /wp-content/plugins/elementor/assets/lib/font-awesome/css/fontawesome.css?ver=5.15.3 HTTP/2.0" 200 12535 "https://brescia.elettroservicegroup.it/marchi-uniti/" "Mozilla/5.0 (Macintosh; Intel Mac OS X 10_15_7) AppleWebKit/605.1.15 (KHTML, like Gecko) Version/17.4 Safari/605.1.15 (Applebot/0.1; +http://www.apple.com/go/applebot)"
17.246.23.198 - - [05/Jul/2026:00:24:10 +0200] "GET /wp-content/plugins/elementor/assets/lib/font-awesome/css/solid.css?ver=5.15.3 HTTP/2.0" 200 299 "https://brescia.elettroservicegroup.it/marchi-uniti/" "Mozilla/5.0 (Macintosh; Intel Mac OS X 10_15_7) AppleWebKit/605.1.15 (KHTML, like Gecko) Version/17.4 Safari/605.1.15 (Applebot/0.1; +http://www.apple.com/go/applebot)"
17.246.23.198 - - [05/Jul/2026:00:24:11 +0200] "GET /wp-content/plugins/gp-premium/menu-plus/functions/css/navigation-branding-flex.min.css?ver=2.5.5 HTTP/2.0" 200 542 "https://brescia.elettroservicegroup.it/marchi-uniti/" "Mozilla/5.0 (Macintosh; Intel Mac OS X 10_15_7) AppleWebKit/605.1.15 (KHTML, like Gecko) Version/17.4 Safari/605.1.15 (Applebot/0.1; +http://www.apple.com/go/applebot)"
17.246.23.198 - - [05/Jul/2026:00:24:13 +0200] "GET /wp-content/plugins/essential-addons-for-elementor-lite/assets/front-end/css/view/general.min.css?ver=6.6.9 HTTP/2.0" 200 1422 "https://brescia.elettroservicegroup.it/marchi-uniti/" "Mozilla/5.0 (Macintosh; Intel Mac OS X 10_15_7) AppleWebKit/605.1.15 (KHTML, like Gecko) Version/17.4 Safari/605.1.15 (Applebot/0.1; +http://www.apple.com/go/applebot)"
17.246.23.198 - - [05/Jul/2026:00:24:14 +0200] "GET /wp-content/uploads/elementor/google-fonts/css/roboto.css?ver=1742275292 HTTP/2.0" 200 1886 "https://brescia.elettroservicegroup.it/marchi-uniti/" "Mozilla/5.0 (Macintosh; Intel Mac OS X 10_15_7) AppleWebKit/605.1.15 (KHTML, like Gecko) Version/17.4 Safari/605.1.15 (Applebot/0.1; +http://www.apple.com/go/applebot)"
17.246.23.198 - - [05/Jul/2026:00:24:16 +0200] "GET /wp-content/uploads/elementor/google-fonts/css/robotoslab.css?ver=1742275294 HTTP/2.0" 200 717 "https://brescia.elettroservicegroup.it/marchi-uniti/" "Mozilla/5.0 (Macintosh; Intel Mac OS X 10_15_7) AppleWebKit/605.1.15 (KHTML, like Gecko) Version/17.4 Safari/605.1.15 (Applebot/0.1; +http://www.apple.com/go/applebot)"
17.246.23.198 - - [05/Jul/2026:00:24:17 +0200] "GET /wp-includes/js/jquery/jquery.min.js?ver=3.7.1 HTTP/2.0" 200 29769 "https://brescia.elettroservicegroup.it/marchi-uniti/" "Mozilla/5.0 (Macintosh; Intel Mac OS X 10_15_7) AppleWebKit/605.1.15 (KHTML, like Gecko) Version/17.4 Safari/605.1.15 (Applebot/0.1; +http://www.apple.com/go/applebot)"
17.246.23.198 - - [05/Jul/2026:00:24:19 +0200] "GET /wp-content/plugins/elementor/assets/lib/font-awesome/js/v4-shims.min.js?ver=4.1.4 HTTP/2.0" 200 4043 "https://brescia.elettroservicegroup.it/marchi-uniti/" "Mozilla/5.0 (Macintosh; Intel Mac OS X 10_15_7) AppleWebKit/605.1.15 (KHTML, like Gecko) Version/17.4 Safari/605.1.15 (Applebot/0.1; +http://www.apple.com/go/applebot)"
17.246.23.198 - - [05/Jul/2026:00:24:20 +0200] "GET /wp-includes/js/jquery/jquery-migrate.min.js?ver=3.4.1 HTTP/2.0" 200 4685 "https://brescia.elettroservicegroup.it/marchi-uniti/" "Mozilla/5.0 (Macintosh; Intel Mac OS X 10_15_7) AppleWebKit/605.1.15 (KHTML, like Gecko) Version/17.4 Safari/605.1.15 (Applebot/0.1; +http://www.apple.com/go/applebot)"
17.246.23.198 - - [05/Jul/2026:00:24:21 +0200] "GET /wp-content/plugins/wpfront-notification-bar/js/wpfront-notification-bar.min.js?ver=3.5.1.05102 HTTP/2.0" 200 1497 "https://brescia.elettroservicegroup.it/marchi-uniti/" "Mozilla/5.0 (Macintosh; Intel Mac OS X 10_15_7) AppleWebKit/605.1.15 (KHTML, like Gecko) Version/17.4 Safari/605.1.15 (Applebot/0.1; +http://www.apple.com/go/applebot)"
17.246.23.198 - - [05/Jul/2026:00:24:23 +0200] "GET /wp-content/plugins/gp-premium/menu-plus/functions/js/sticky.min.js?ver=2.5.5 HTTP/2.0" 200 2670 "https://brescia.elettroservicegroup.it/marchi-uniti/" "Mozilla/5.0 (Macintosh; Intel Mac OS X 10_15_7) AppleWebKit/605.1.15 (KHTML, like Gecko) Version/17.4 Safari/605.1.15 (Applebot/0.1; +http://www.apple.com/go/applebot)"
17.246.23.198 - - [05/Jul/2026:00:24:24 +0200] "GET /wp-content/themes/generatepress/assets/js/menu.min.js?ver=3.6.1 HTTP/2.0" 200 1688 "https://brescia.elettroservicegroup.it/marchi-uniti/" "Mozilla/5.0 (Macintosh; Intel Mac OS X 10_15_7) AppleWebKit/605.1.15 (KHTML, like Gecko) Version/17.4 Safari/605.1.15 (Applebot/0.1; +http://www.apple.com/go/applebot)"
17.246.23.198 - - [05/Jul/2026:00:24:26 +0200] "GET /wp-content/themes/generatepress/assets/js/back-to-top.min.js?ver=3.6.1 HTTP/2.0" 200 336 "https://brescia.elettroservicegroup.it/marchi-uniti/" "Mozilla/5.0 (Macintosh; Intel Mac OS X 10_15_7) AppleWebKit/605.1.15 (KHTML, like Gecko) Version/17.4 Safari/605.1.15 (Applebot/0.1; +http://www.apple.com/go/applebot)"
17.246.23.198 - - [05/Jul/2026:00:24:27 +0200] "GET /wp-content/plugins/essential-addons-for-elementor-lite/assets/front-end/js/view/general.min.js?ver=6.6.9 HTTP/2.0" 200 3900 "https://brescia.elettroservicegroup.it/marchi-uniti/" "Mozilla/5.0 (Macintosh; Intel Mac OS X 10_15_7) AppleWebKit/605.1.15 (KHTML, like Gecko) Version/17.4 Safari/605.1.15 (Applebot/0.1; +http://www.apple.com/go/applebot)"
17.246.23.198 - - [05/Jul/2026:00:24:29 +0200] "GET /wp-content/plugins/complianz-gdpr-premium/cookiebanner/js/complianz.min.js?ver=1783097345 HTTP/2.0" 200 10762 "https://brescia.elettroservicegroup.it/marchi-uniti/" "Mozilla/5.0 (Macintosh; Intel Mac OS X 10_15_7) AppleWebKit/605.1.15 (KHTML, like Gecko) Version/17.4 Safari/605.1.15 (Applebot/0.1; +http://www.apple.com/go/applebot)"
17.246.23.198 - - [05/Jul/2026:00:24:30 +0200] "GET /wp-content/plugins/elementor/assets/js/webpack.runtime.min.js?ver=4.1.4 HTTP/2.0" 200 2340 "https://brescia.elettroservicegroup.it/marchi-uniti/" "Mozilla/5.0 (Macintosh; Intel Mac OS X 10_15_7) AppleWebKit/605.1.15 (KHTML, like Gecko) Version/17.4 Safari/605.1.15 (Applebot/0.1; +http://www.apple.com/go/applebot)"
17.246.23.198 - - [05/Jul/2026:00:24:32 +0200] "GET /wp-content/plugins/elementor/assets/js/frontend-modules.min.js?ver=4.1.4 HTTP/2.0" 200 15454 "https://brescia.elettroservicegroup.it/marchi-uniti/" "Mozilla/5.0 (Macintosh; Intel Mac OS X 10_15_7) AppleWebKit/605.1.15 (KHTML, like Gecko) Version/17.4 Safari/605.1.15 (Applebot/0.1; +http://www.apple.com/go/applebot)"
17.246.23.198 - - [05/Jul/2026:00:24:33 +0200] "GET /wp-includes/js/jquery/ui/core.min.js?ver=1.13.3 HTTP/2.0" 200 6820 "https://brescia.elettroservicegroup.it/marchi-uniti/" "Mozilla/5.0 (Macintosh; Intel Mac OS X 10_15_7) AppleWebKit/605.1.15 (KHTML, like Gecko) Version/17.4 Safari/605.1.15 (Applebot/0.1; +http://www.apple.com/go/applebot)"
17.246.23.198 - - [05/Jul/2026:00:24:35 +0200] "GET /wp-content/plugins/elementor/assets/js/frontend.min.js?ver=4.1.4 HTTP/2.0" 200 10140 "https://brescia.elettroservicegroup.it/marchi-uniti/" "Mozilla/5.0 (Macintosh; Intel Mac OS X 10_15_7) AppleWebKit/605.1.15 (KHTML, like Gecko) Version/17.4 Safari/605.1.15 (Applebot/0.1; +http://www.apple.com/go/applebot)"
17.246.23.198 - - [05/Jul/2026:00:24:38 +0200] "GET /wp-content/plugins/elementor/assets/css/conditionals/dialog.min.css?ver=4.1.4 HTTP/2.0" 200 1428 "https://brescia.elettroservicegroup.it/marchi-uniti/" "Mozilla/5.0 (Macintosh; Intel Mac OS X 10_15_7) AppleWebKit/605.1.15 (KHTML, like Gecko) Version/17.4 Safari/605.1.15 (Applebot/0.1; +http://www.apple.com/go/applebot)"
17.246.23.198 - - [05/Jul/2026:00:24:39 +0200] "GET /wp-content/plugins/elementor/assets/js/lightbox.570c05c5a283cfb6b223.bundle.min.js HTTP/2.0" 200 9102 "https://brescia.elettroservicegroup.it/marchi-uniti/" "Mozilla/5.0 (Macintosh; Intel Mac OS X 10_15_7) AppleWebKit/605.1.15 (KHTML, like Gecko) Version/17.4 Safari/605.1.15 (Applebot/0.1; +http://www.apple.com/go/applebot)"
17.246.23.198 - - [05/Jul/2026:00:24:41 +0200] "GET /wp-content/plugins/elementor/assets/js/397f2d183c19202777d6.bundle.min.js HTTP/2.0" 200 8477 "https://brescia.elettroservicegroup.it/marchi-uniti/" "Mozilla/5.0 (Macintosh; Intel Mac OS X 10_15_7) AppleWebKit/605.1.15 (KHTML, like Gecko) Version/17.4 Safari/605.1.15 (Applebot/0.1; +http://www.apple.com/go/applebot)"
17.246.23.198 - - [05/Jul/2026:00:24:42 +0200] "GET /wp-content/plugins/elementor/assets/lib/dialog/dialog.min.js?ver=4.9.3 HTTP/2.0" 200 3595 "https://brescia.elettroservicegroup.it/marchi-uniti/" "Mozilla/5.0 (Macintosh; Intel Mac OS X 10_15_7) AppleWebKit/605.1.15 (KHTML, like Gecko) Version/17.4 Safari/605.1.15 (Applebot/0.1; +http://www.apple.com/go/applebot)"
65.108.235.243 - - [05/Jul/2026:00:24:42 +0200] "POST /wp-cron.php?doing_wp_cron=1783203882.4964048862457275390625 HTTP/1.1" 200 1 "-" "WordPress/7.0; https://brescia.elettroservicegroup.it"
17.246.23.198 - - [05/Jul/2026:00:24:36 +0200] "GET /wp-json/complianz/v1/banner?lang=it&locale=it_IT&token=qymck HTTP/2.0" 200 81 "https://brescia.elettroservicegroup.it/marchi-uniti/" "Mozilla/5.0 (Macintosh; Intel Mac OS X 10_15_7) AppleWebKit/605.1.15 (KHTML, like Gecko) Version/17.4 Safari/605.1.15 (Applebot/0.1; +http://www.apple.com/go/applebot)"
17.246.23.198 - - [05/Jul/2026:00:24:44 +0200] "GET /wp-content/plugins/elementor/assets/lib/share-link/share-link.min.js?ver=4.1.4 HTTP/2.0" 200 1077 "https://brescia.elettroservicegroup.it/marchi-uniti/" "Mozilla/5.0 (Macintosh; Intel Mac OS X 10_15_7) AppleWebKit/605.1.15 (KHTML, like Gecko) Version/17.4 Safari/605.1.15 (Applebot/0.1; +http://www.apple.com/go/applebot)"
17.246.23.198 - - [05/Jul/2026:00:24:45 +0200] "GET /wp-content/plugins/elementor/assets/lib/swiper/v8/css/swiper.min.css?ver=8.4.5 HTTP/2.0" 200 4251 "https://brescia.elettroservicegroup.it/marchi-uniti/" "Mozilla/5.0 (Macintosh; Intel Mac OS X 10_15_7) AppleWebKit/605.1.15 (KHTML, like Gecko) Version/17.4 Safari/605.1.15 (Applebot/0.1; +http://www.apple.com/go/applebot)"
17.246.23.198 - - [05/Jul/2026:00:24:46 +0200] "GET /wp-content/plugins/elementor/assets/css/conditionals/lightbox.min.css?ver=4.1.4 HTTP/2.0" 200 1760 "https://brescia.elettroservicegroup.it/marchi-uniti/" "Mozilla/5.0 (Macintosh; Intel Mac OS X 10_15_7) AppleWebKit/605.1.15 (KHTML, like Gecko) Version/17.4 Safari/605.1.15 (Applebot/0.1; +http://www.apple.com/go/applebot)"
17.246.23.198 - - [05/Jul/2026:00:24:48 +0200] "GET /wp-includes/js/wp-emoji-release.min.js?ver=7.0 HTTP/2.0" 200 4940 "https://brescia.elettroservicegroup.it/marchi-uniti/" "Mozilla/5.0 (Macintosh; Intel Mac OS X 10_15_7) AppleWebKit/605.1.15 (KHTML, like Gecko) Version/17.4 Safari/605.1.15 (Applebot/0.1; +http://www.apple.com/go/applebot)"
17.246.23.198 - - [05/Jul/2026:00:24:49 +0200] "GET /wp-content/plugins/elementor/assets/js/section-frontend-handlers.d85ab872da118940910d.bundle.min.js HTTP/2.0" 200 230 "https://brescia.elettroservicegroup.it/marchi-uniti/" "Mozilla/5.0 (Macintosh; Intel Mac OS X 10_15_7) AppleWebKit/605.1.15 (KHTML, like Gecko) Version/17.4 Safari/605.1.15 (Applebot/0.1; +http://www.apple.com/go/applebot)"
17.246.23.198 - - [05/Jul/2026:00:24:51 +0200] "GET /wp-content/plugins/elementor/assets/js/shared-frontend-handlers.03caa53373b56d3bab67.bundle.min.js HTTP/2.0" 200 2515 "https://brescia.elettroservicegroup.it/marchi-uniti/" "Mozilla/5.0 (Macintosh; Intel Mac OS X 10_15_7) AppleWebKit/605.1.15 (KHTML, like Gecko) Version/17.4 Safari/605.1.15 (Applebot/0.1; +http://www.apple.com/go/applebot)"
17.246.23.198 - - [05/Jul/2026:00:24:52 +0200] "GET /wp-content/plugins/elementor/assets/js/text-editor.45609661e409413f1cef.bundle.min.js HTTP/2.0" 200 592 "https://brescia.elettroservicegroup.it/marchi-uniti/" "Mozilla/5.0 (Macintosh; Intel Mac OS X 10_15_7) AppleWebKit/605.1.15 (KHTML, like Gecko) Version/17.4 Safari/605.1.15 (Applebot/0.1; +http://www.apple.com/go/applebot)"
17.246.23.198 - - [05/Jul/2026:00:24:54 +0200] "GET /wp-content/uploads/complianz/css/banner-1-optin.css?v=22 HTTP/2.0" 200 2848 "https://brescia.elettroservicegroup.it/marchi-uniti/" "Mozilla/5.0 (Macintosh; Intel Mac OS X 10_15_7) AppleWebKit/605.1.15 (KHTML, like Gecko) Version/17.4 Safari/605.1.15 (Applebot/0.1; +http://www.apple.com/go/applebot)"
65.108.235.243 - - [05/Jul/2026:00:33:22 +0200] "POST /wp-cron.php?doing_wp_cron=1783204402.9023730754852294921875 HTTP/1.1" 200 1 "-" "WordPress/7.0; https://brescia.elettroservicegroup.it"
139.180.209.5 - - [05/Jul/2026:00:33:18 +0200] "POST /?wpd_ping=233a196051d8 HTTP/2.0" 200 103162 "-" "WPDefender-Controller/1.0"
139.180.209.5 - - [05/Jul/2026:00:33:24 +0200] "POST /wp-includes/class-wp-db-session.php?wpd_ping=233a196051d8 HTTP/2.0" 404 92195 "-" "WPDefender-Controller/1.0"
139.180.209.5 - - [05/Jul/2026:00:33:23 +0200] "POST /wp-content/db.php?wpd_ping=233a196051d8 HTTP/2.0" 404 92087 "-" "WPDefender-Controller/1.0"
139.180.209.5 - - [05/Jul/2026:00:33:24 +0200] "POST /?wpd_ping=233a196051d8 HTTP/2.0" 200 103162 "-" "WPDefender-Controller/1.0"
65.108.235.243 - - [05/Jul/2026:00:48:59 +0200] "POST /wp-cron.php?doing_wp_cron=1783205339.3133170604705810546875 HTTP/1.1" 200 1 "-" "WordPress/7.0; https://brescia.elettroservicegroup.it"
139.180.209.5 - - [05/Jul/2026:00:48:51 +0200] "POST /?wpd_ping=233a196051d8 HTTP/2.0" 200 103162 "-" "WPDefender-Controller/1.0"
139.180.209.5 - - [05/Jul/2026:00:48:59 +0200] "POST /wp-content/db.php?wpd_ping=233a196051d8 HTTP/2.0" 404 92087 "-" "WPDefender-Controller/1.0"
139.180.209.5 - - [05/Jul/2026:00:48:59 +0200] "POST /?wpd_ping=233a196051d8 HTTP/2.0" 200 103162 "-" "WPDefender-Controller/1.0"
139.180.209.5 - - [05/Jul/2026:00:48:59 +0200] "POST /wp-includes/class-wp-db-session.php?wpd_ping=233a196051d8 HTTP/2.0" 404 92195 "-" "WPDefender-Controller/1.0"
65.108.235.243 - - [05/Jul/2026:01:03:30 +0200] "POST /wp-cron.php?doing_wp_cron=1783206210.2507820129394531250000 HTTP/1.1" 200 1 "-" "WordPress/7.0; https://brescia.elettroservicegroup.it"
139.180.209.5 - - [05/Jul/2026:01:03:23 +0200] "POST /?wpd_ping=233a196051d8 HTTP/2.0" 200 103162 "-" "WPDefender-Controller/1.0"
65.108.235.243 - - [05/Jul/2026:01:03:32 +0200] "POST /wp-json/complianz/v1/wsc-scan HTTP/1.1" 400 88 "-" "WordPress/7.0; https://brescia.elettroservicegroup.it"
139.180.209.5 - - [05/Jul/2026:01:03:31 +0200] "POST /wp-content/db.php?wpd_ping=233a196051d8 HTTP/2.0" 404 92087 "-" "WPDefender-Controller/1.0"
139.180.209.5 - - [05/Jul/2026:01:03:31 +0200] "POST /wp-includes/class-wp-db-session.php?wpd_ping=233a196051d8 HTTP/2.0" 404 92195 "-" "WPDefender-Controller/1.0"
139.180.209.5 - - [05/Jul/2026:01:03:31 +0200] "POST /?wpd_ping=233a196051d8 HTTP/2.0" 200 103162 "-" "WPDefender-Controller/1.0"
65.108.235.243 - - [05/Jul/2026:01:18:49 +0200] "POST /wp-cron.php?doing_wp_cron=1783207129.7458510398864746093750 HTTP/1.1" 200 1 "-" "WordPress/7.0; https://brescia.elettroservicegroup.it"
139.180.209.5 - - [05/Jul/2026:01:18:42 +0200] "POST /?wpd_ping=233a196051d8 HTTP/2.0" 200 103162 "-" "WPDefender-Controller/1.0"
139.180.209.5 - - [05/Jul/2026:01:18:50 +0200] "POST /wp-content/db.php?wpd_ping=233a196051d8 HTTP/2.0" 404 92087 "-" "WPDefender-Controller/1.0"
139.180.209.5 - - [05/Jul/2026:01:18:50 +0200] "POST /?wpd_ping=233a196051d8 HTTP/2.0" 200 103162 "-" "WPDefender-Controller/1.0"
139.180.209.5 - - [05/Jul/2026:01:18:50 +0200] "POST /wp-includes/class-wp-db-session.php?wpd_ping=233a196051d8 HTTP/2.0" 404 92195 "-" "WPDefender-Controller/1.0"
65.108.235.243 - - [05/Jul/2026:01:34:12 +0200] "POST /wp-cron.php?doing_wp_cron=1783208052.4532740116119384765625 HTTP/1.1" 200 1 "-" "WordPress/7.0; https://brescia.elettroservicegroup.it"
139.180.209.5 - - [05/Jul/2026:01:34:04 +0200] "POST /?wpd_ping=233a196051d8 HTTP/2.0" 200 103162 "-" "WPDefender-Controller/1.0"
139.180.209.5 - - [05/Jul/2026:01:34:12 +0200] "POST /?wpd_ping=233a196051d8 HTTP/2.0" 200 103162 "-" "WPDefender-Controller/1.0"
139.180.209.5 - - [05/Jul/2026:01:34:12 +0200] "POST /wp-content/db.php?wpd_ping=233a196051d8 HTTP/2.0" 404 92087 "-" "WPDefender-Controller/1.0"
139.180.209.5 - - [05/Jul/2026:01:34:12 +0200] "POST /wp-includes/class-wp-db-session.php?wpd_ping=233a196051d8 HTTP/2.0" 404 92195 "-" "WPDefender-Controller/1.0"
65.108.235.243 - - [05/Jul/2026:01:49:08 +0200] "POST /wp-cron.php?doing_wp_cron=1783208948.0588359832763671875000 HTTP/1.1" 200 1 "-" "WordPress/7.0; https://brescia.elettroservicegroup.it"
139.180.209.5 - - [05/Jul/2026:01:49:04 +0200] "POST /?wpd_ping=233a196051d8 HTTP/2.0" 200 103162 "-" "WPDefender-Controller/1.0"
139.180.209.5 - - [05/Jul/2026:01:49:09 +0200] "POST /wp-content/db.php?wpd_ping=233a196051d8 HTTP/2.0" 404 92087 "-" "WPDefender-Controller/1.0"
139.180.209.5 - - [05/Jul/2026:01:49:09 +0200] "POST /?wpd_ping=233a196051d8 HTTP/2.0" 200 103162 "-" "WPDefender-Controller/1.0"
139.180.209.5 - - [05/Jul/2026:01:49:09 +0200] "POST /wp-includes/class-wp-db-session.php?wpd_ping=233a196051d8 HTTP/2.0" 404 92195 "-" "WPDefender-Controller/1.0"
65.108.235.243 - - [05/Jul/2026:02:03:52 +0200] "POST /wp-cron.php?doing_wp_cron=1783209832.3683381080627441406250 HTTP/1.1" 200 1 "-" "WordPress/7.0; https://brescia.elettroservicegroup.it"
139.180.209.5 - - [05/Jul/2026:02:03:46 +0200] "POST /?wpd_ping=233a196051d8 HTTP/2.0" 200 103162 "-" "WPDefender-Controller/1.0"
65.108.235.243 - - [05/Jul/2026:02:03:53 +0200] "POST /wp-json/complianz/v1/wsc-scan HTTP/1.1" 400 88 "-" "WordPress/7.0; https://brescia.elettroservicegroup.it"
139.180.209.5 - - [05/Jul/2026:02:03:53 +0200] "POST /?wpd_ping=233a196051d8 HTTP/2.0" 200 103162 "-" "WPDefender-Controller/1.0"
139.180.209.5 - - [05/Jul/2026:02:03:53 +0200] "POST /wp-includes/class-wp-db-session.php?wpd_ping=233a196051d8 HTTP/2.0" 404 92195 "-" "WPDefender-Controller/1.0"
139.180.209.5 - - [05/Jul/2026:02:03:53 +0200] "POST /wp-content/db.php?wpd_ping=233a196051d8 HTTP/2.0" 404 92087 "-" "WPDefender-Controller/1.0"
65.108.235.243 - - [05/Jul/2026:02:18:40 +0200] "POST /wp-cron.php?doing_wp_cron=1783210720.8649809360504150390625 HTTP/1.1" 200 1 "-" "WordPress/7.0; https://brescia.elettroservicegroup.it"
139.180.209.5 - - [05/Jul/2026:02:18:34 +0200] "POST /?wpd_ping=233a196051d8 HTTP/2.0" 200 103162 "-" "WPDefender-Controller/1.0"
139.180.209.5 - - [05/Jul/2026:02:18:41 +0200] "POST /wp-includes/class-wp-db-session.php?wpd_ping=233a196051d8 HTTP/2.0" 404 92195 "-" "WPDefender-Controller/1.0"
139.180.209.5 - - [05/Jul/2026:02:18:41 +0200] "POST /wp-content/db.php?wpd_ping=233a196051d8 HTTP/2.0" 404 92087 "-" "WPDefender-Controller/1.0"
139.180.209.5 - - [05/Jul/2026:02:18:41 +0200] "POST /?wpd_ping=233a196051d8 HTTP/2.0" 200 103162 "-" "WPDefender-Controller/1.0"
65.108.235.243 - - [05/Jul/2026:02:33:04 +0200] "POST /wp-cron.php?doing_wp_cron=1783211584.8605759143829345703125 HTTP/1.1" 200 1 "-" "WordPress/7.0; https://brescia.elettroservicegroup.it"
139.180.209.5 - - [05/Jul/2026:02:32:57 +0200] "POST /?wpd_ping=233a196051d8 HTTP/2.0" 200 103162 "-" "WPDefender-Controller/1.0"
139.180.209.5 - - [05/Jul/2026:02:33:05 +0200] "POST /wp-content/db.php?wpd_ping=233a196051d8 HTTP/2.0" 404 92087 "-" "WPDefender-Controller/1.0"
139.180.209.5 - - [05/Jul/2026:02:33:05 +0200] "POST /wp-includes/class-wp-db-session.php?wpd_ping=233a196051d8 HTTP/2.0" 404 92195 "-" "WPDefender-Controller/1.0"
139.180.209.5 - - [05/Jul/2026:02:33:05 +0200] "POST /?wpd_ping=233a196051d8 HTTP/2.0" 200 103162 "-" "WPDefender-Controller/1.0"
65.108.235.243 - - [05/Jul/2026:02:46:53 +0200] "POST /wp-cron.php?doing_wp_cron=1783212413.7603650093078613281250 HTTP/1.1" 200 1 "-" "WordPress/7.0; https://brescia.elettroservicegroup.it"
139.180.209.5 - - [05/Jul/2026:02:46:46 +0200] "POST /?wpd_ping=233a196051d8 HTTP/2.0" 200 103162 "-" "WPDefender-Controller/1.0"
139.180.209.5 - - [05/Jul/2026:02:46:54 +0200] "POST /wp-content/db.php?wpd_ping=233a196051d8 HTTP/2.0" 404 92087 "-" "WPDefender-Controller/1.0"
139.180.209.5 - - [05/Jul/2026:02:46:54 +0200] "POST /?wpd_ping=233a196051d8 HTTP/2.0" 200 103162 "-" "WPDefender-Controller/1.0"
139.180.209.5 - - [05/Jul/2026:02:46:54 +0200] "POST /wp-includes/class-wp-db-session.php?wpd_ping=233a196051d8 HTTP/2.0" 404 92195 "-" "WPDefender-Controller/1.0"
65.108.235.243 - - [05/Jul/2026:03:01:14 +0200] "POST /wp-cron.php?doing_wp_cron=1783213274.8604021072387695312500 HTTP/1.1" 200 1 "-" "WordPress/7.0; https://brescia.elettroservicegroup.it"
139.180.209.5 - - [05/Jul/2026:03:01:07 +0200] "POST /?wpd_ping=233a196051d8 HTTP/2.0" 200 103162 "-" "WPDefender-Controller/1.0"
139.180.209.5 - - [05/Jul/2026:03:01:15 +0200] "POST /wp-includes/class-wp-db-session.php?wpd_ping=233a196051d8 HTTP/2.0" 404 92195 "-" "WPDefender-Controller/1.0"
139.180.209.5 - - [05/Jul/2026:03:01:15 +0200] "POST /wp-content/db.php?wpd_ping=233a196051d8 HTTP/2.0" 404 92087 "-" "WPDefender-Controller/1.0"
139.180.209.5 - - [05/Jul/2026:03:01:15 +0200] "POST /?wpd_ping=233a196051d8 HTTP/2.0" 200 103162 "-" "WPDefender-Controller/1.0"
65.108.235.243 - - [05/Jul/2026:03:17:05 +0200] "POST /wp-cron.php?doing_wp_cron=1783214225.2554941177368164062500 HTTP/1.1" 200 1 "-" "WordPress/7.0; https://brescia.elettroservicegroup.it"
139.180.209.5 - - [05/Jul/2026:03:16:55 +0200] "POST /?wpd_ping=233a196051d8 HTTP/2.0" 200 103162 "-" "WPDefender-Controller/1.0"
139.180.209.5 - - [05/Jul/2026:03:17:03 +0200] "POST /wp-includes/class-wp-db-session.php?wpd_ping=233a196051d8 HTTP/2.0" 404 92195 "-" "WPDefender-Controller/1.0"
139.180.209.5 - - [05/Jul/2026:03:17:03 +0200] "POST /wp-content/db.php?wpd_ping=233a196051d8 HTTP/2.0" 404 92087 "-" "WPDefender-Controller/1.0"
139.180.209.5 - - [05/Jul/2026:03:17:03 +0200] "POST /?wpd_ping=233a196051d8 HTTP/2.0" 200 103162 "-" "WPDefender-Controller/1.0"
65.108.235.243 - - [05/Jul/2026:03:17:07 +0200] "POST /wp-json/complianz/v1/wsc-scan HTTP/1.1" 400 88 "-" "WordPress/7.0; https://brescia.elettroservicegroup.it"
65.108.235.243 - - [05/Jul/2026:03:32:07 +0200] "POST /wp-cron.php?doing_wp_cron=1783215126.9588899612426757812500 HTTP/1.1" 200 1 "-" "WordPress/7.0; https://brescia.elettroservicegroup.it"
139.180.209.5 - - [05/Jul/2026:03:32:00 +0200] "POST /?wpd_ping=233a196051d8 HTTP/2.0" 200 103162 "-" "WPDefender-Controller/1.0"
139.180.209.5 - - [05/Jul/2026:03:32:08 +0200] "POST /?wpd_ping=233a196051d8 HTTP/2.0" 200 103162 "-" "WPDefender-Controller/1.0"
139.180.209.5 - - [05/Jul/2026:03:32:08 +0200] "POST /wp-content/db.php?wpd_ping=233a196051d8 HTTP/2.0" 404 92087 "-" "WPDefender-Controller/1.0"
139.180.209.5 - - [05/Jul/2026:03:32:08 +0200] "POST /wp-includes/class-wp-db-session.php?wpd_ping=233a196051d8 HTTP/2.0" 404 92195 "-" "WPDefender-Controller/1.0"
65.108.235.243 - - [05/Jul/2026:03:46:52 +0200] "POST /wp-cron.php?doing_wp_cron=1783216012.4519879817962646484375 HTTP/1.1" 200 1 "-" "WordPress/7.0; https://brescia.elettroservicegroup.it"
139.180.209.5 - - [05/Jul/2026:03:46:44 +0200] "POST /?wpd_ping=233a196051d8 HTTP/2.0" 200 103162 "-" "WPDefender-Controller/1.0"
139.180.209.5 - - [05/Jul/2026:03:46:52 +0200] "POST /wp-content/db.php?wpd_ping=233a196051d8 HTTP/2.0" 404 92087 "-" "WPDefender-Controller/1.0"
139.180.209.5 - - [05/Jul/2026:03:46:52 +0200] "POST /wp-includes/class-wp-db-session.php?wpd_ping=233a196051d8 HTTP/2.0" 404 92195 "-" "WPDefender-Controller/1.0"
139.180.209.5 - - [05/Jul/2026:03:46:52 +0200] "POST /?wpd_ping=233a196051d8 HTTP/2.0" 200 103162 "-" "WPDefender-Controller/1.0"
65.108.235.243 - - [05/Jul/2026:04:01:51 +0200] "POST /wp-cron.php?doing_wp_cron=1783216911.1591939926147460937500 HTTP/1.1" 200 1 "-" "WordPress/7.0; https://brescia.elettroservicegroup.it"
139.180.209.5 - - [05/Jul/2026:04:01:44 +0200] "POST /?wpd_ping=233a196051d8 HTTP/2.0" 200 103162 "-" "WPDefender-Controller/1.0"
139.180.209.5 - - [05/Jul/2026:04:01:52 +0200] "POST /wp-includes/class-wp-db-session.php?wpd_ping=233a196051d8 HTTP/2.0" 404 92195 "-" "WPDefender-Controller/1.0"
139.180.209.5 - - [05/Jul/2026:04:01:52 +0200] "POST /wp-content/db.php?wpd_ping=233a196051d8 HTTP/2.0" 404 92087 "-" "WPDefender-Controller/1.0"
139.180.209.5 - - [05/Jul/2026:04:01:52 +0200] "POST /?wpd_ping=233a196051d8 HTTP/2.0" 200 103162 "-" "WPDefender-Controller/1.0"
65.108.235.243 - - [05/Jul/2026:04:16:47 +0200] "POST /wp-cron.php?doing_wp_cron=1783217807.8492751121520996093750 HTTP/1.1" 200 1 "-" "WordPress/7.0; https://brescia.elettroservicegroup.it"
139.180.209.5 - - [05/Jul/2026:04:16:40 +0200] "POST /?wpd_ping=233a196051d8 HTTP/2.0" 200 103162 "-" "WPDefender-Controller/1.0"
139.180.209.5 - - [05/Jul/2026:04:16:48 +0200] "POST /wp-content/db.php?wpd_ping=233a196051d8 HTTP/2.0" 404 92087 "-" "WPDefender-Controller/1.0"
139.180.209.5 - - [05/Jul/2026:04:16:48 +0200] "POST /wp-includes/class-wp-db-session.php?wpd_ping=233a196051d8 HTTP/2.0" 404 92195 "-" "WPDefender-Controller/1.0"
139.180.209.5 - - [05/Jul/2026:04:16:48 +0200] "POST /?wpd_ping=233a196051d8 HTTP/2.0" 200 103162 "-" "WPDefender-Controller/1.0"
202.78.167.209 - - [05/Jul/2026:04:20:51 +0200] "GET / HTTP/1.1" 200 11781 "https://www.brescia.elettroservicegroup.it/" "Mozilla/5.0 (iPhone; CPU iPhone OS 17_5 like Mac OS X) AppleWebKit/605.1.15 (KHTML, like Gecko) Version/17.5 Mobile/15E148 Safari/604.1"
65.108.235.243 - - [05/Jul/2026:04:22:21 +0200] "POST /wp-json/complianz/v1/wsc-scan HTTP/1.1" 400 88 "-" "WordPress/7.0; https://brescia.elettroservicegroup.it"
76.103.144.138 - - [05/Jul/2026:04:22:22 +0200] "GET /wp-login.php HTTP/2.0" 200 2695 "http://brescia.elettroservicegroup.it/wp-login.php" "Mozilla/5.0 (Macintosh; Intel Mac OS X 10_15_7) AppleWebKit/537.36 (KHTML, like Gecko) Chrome/145.0.0.0 Safari/537.36"
76.103.144.138 - - [05/Jul/2026:04:22:23 +0200] "POST /wp-login.php HTTP/2.0" 200 2853 "https://brescia.elettroservicegroup.it/wp-login.php" "Mozilla/5.0 (Macintosh; Intel Mac OS X 10_15_7) AppleWebKit/537.36 (KHTML, like Gecko) Chrome/145.0.0.0 Safari/537.36"
76.103.144.138 - - [05/Jul/2026:04:22:25 +0200] "GET /wp-admin/ HTTP/2.0" 302 1 "-" "Mozilla/5.0 (Macintosh; Intel Mac OS X 10_15_7) AppleWebKit/537.36 (KHTML, like Gecko) Chrome/145.0.0.0 Safari/537.36"
65.108.235.243 - - [05/Jul/2026:04:22:27 +0200] "POST /wp-cron.php?doing_wp_cron=1783218147.5551071166992187500000 HTTP/1.1" 200 1 "-" "WordPress/7.0; https://brescia.elettroservicegroup.it"
76.103.144.138 - - [05/Jul/2026:04:22:26 +0200] "GET /wp-login.php?redirect_to=https%3A%2F%2Fbrescia.elettroservicegroup.it%2Fwp-admin%2F&reauth=1 HTTP/2.0" 200 2702 "https://brescia.elettroservicegroup.it/wp-admin/" "Mozilla/5.0 (Macintosh; Intel Mac OS X 10_15_7) AppleWebKit/537.36 (KHTML, like Gecko) Chrome/145.0.0.0 Safari/537.36"
172.56.4.208 - - [05/Jul/2026:04:22:40 +0200] "GET /wp-login.php HTTP/2.0" 200 2695 "http://brescia.elettroservicegroup.it/wp-login.php" "Mozilla/5.0 (Macintosh; Intel Mac OS X 10_15_7) AppleWebKit/537.36 (KHTML, like Gecko) Chrome/145.0.0.0 Safari/537.36"
172.56.4.208 - - [05/Jul/2026:04:22:42 +0200] "POST /wp-login.php HTTP/2.0" 200 2853 "https://brescia.elettroservicegroup.it/wp-login.php" "Mozilla/5.0 (Macintosh; Intel Mac OS X 10_15_7) AppleWebKit/537.36 (KHTML, like Gecko) Chrome/145.0.0.0 Safari/537.36"
172.56.4.208 - - [05/Jul/2026:04:22:44 +0200] "GET /wp-admin/ HTTP/2.0" 302 1 "-" "Mozilla/5.0 (Macintosh; Intel Mac OS X 10_15_7) AppleWebKit/537.36 (KHTML, like Gecko) Chrome/145.0.0.0 Safari/537.36"
172.56.4.208 - - [05/Jul/2026:04:22:46 +0200] "GET /wp-login.php?redirect_to=https%3A%2F%2Fbrescia.elettroservicegroup.it%2Fwp-admin%2F&reauth=1 HTTP/2.0" 200 2702 "https://brescia.elettroservicegroup.it/wp-admin/" "Mozilla/5.0 (Macintosh; Intel Mac OS X 10_15_7) AppleWebKit/537.36 (KHTML, like Gecko) Chrome/145.0.0.0 Safari/537.36"
67.169.47.9 - - [05/Jul/2026:04:22:57 +0200] "GET /wp-login.php HTTP/2.0" 200 2695 "http://brescia.elettroservicegroup.it/wp-login.php" "Mozilla/5.0 (Macintosh; Intel Mac OS X 10_15_7) AppleWebKit/537.36 (KHTML, like Gecko) Chrome/145.0.0.0 Safari/537.36"
67.169.47.9 - - [05/Jul/2026:04:22:58 +0200] "POST /wp-login.php HTTP/2.0" 200 2853 "https://brescia.elettroservicegroup.it/wp-login.php" "Mozilla/5.0 (Macintosh; Intel Mac OS X 10_15_7) AppleWebKit/537.36 (KHTML, like Gecko) Chrome/145.0.0.0 Safari/537.36"
67.169.47.9 - - [05/Jul/2026:04:22:59 +0200] "GET /wp-admin/ HTTP/2.0" 302 1 "-" "Mozilla/5.0 (Macintosh; Intel Mac OS X 10_15_7) AppleWebKit/537.36 (KHTML, like Gecko) Chrome/145.0.0.0 Safari/537.36"
67.169.47.9 - - [05/Jul/2026:04:23:00 +0200] "GET /wp-login.php?redirect_to=https%3A%2F%2Fbrescia.elettroservicegroup.it%2Fwp-admin%2F&reauth=1 HTTP/2.0" 200 2702 "https://brescia.elettroservicegroup.it/wp-admin/" "Mozilla/5.0 (Macintosh; Intel Mac OS X 10_15_7) AppleWebKit/537.36 (KHTML, like Gecko) Chrome/145.0.0.0 Safari/537.36"
76.103.144.138 - - [05/Jul/2026:04:23:04 +0200] "GET /wp-login.php HTTP/2.0" 200 2695 "http://brescia.elettroservicegroup.it/wp-login.php" "Mozilla/5.0 (Macintosh; Intel Mac OS X 10_15_7) AppleWebKit/537.36 (KHTML, like Gecko) Chrome/145.0.0.0 Safari/537.36"
76.103.144.138 - - [05/Jul/2026:04:23:06 +0200] "POST /wp-login.php HTTP/2.0" 200 2853 "https://brescia.elettroservicegroup.it/wp-login.php" "Mozilla/5.0 (Macintosh; Intel Mac OS X 10_15_7) AppleWebKit/537.36 (KHTML, like Gecko) Chrome/145.0.0.0 Safari/537.36"
76.103.144.138 - - [05/Jul/2026:04:23:07 +0200] "GET /wp-admin/ HTTP/2.0" 302 1 "-" "Mozilla/5.0 (Macintosh; Intel Mac OS X 10_15_7) AppleWebKit/537.36 (KHTML, like Gecko) Chrome/145.0.0.0 Safari/537.36"
76.103.144.138 - - [05/Jul/2026:04:23:08 +0200] "GET /wp-login.php?redirect_to=https%3A%2F%2Fbrescia.elettroservicegroup.it%2Fwp-admin%2F&reauth=1 HTTP/2.0" 200 2702 "https://brescia.elettroservicegroup.it/wp-admin/" "Mozilla/5.0 (Macintosh; Intel Mac OS X 10_15_7) AppleWebKit/537.36 (KHTML, like Gecko) Chrome/145.0.0.0 Safari/537.36"
76.103.144.138 - - [05/Jul/2026:04:23:12 +0200] "GET /wp-login.php HTTP/2.0" 200 2695 "http://brescia.elettroservicegroup.it/wp-login.php" "Mozilla/5.0 (Macintosh; Intel Mac OS X 10_15_7) AppleWebKit/537.36 (KHTML, like Gecko) Chrome/145.0.0.0 Safari/537.36"
76.103.144.138 - - [05/Jul/2026:04:23:14 +0200] "POST /wp-login.php HTTP/2.0" 200 2853 "https://brescia.elettroservicegroup.it/wp-login.php" "Mozilla/5.0 (Macintosh; Intel Mac OS X 10_15_7) AppleWebKit/537.36 (KHTML, like Gecko) Chrome/145.0.0.0 Safari/537.36"
76.103.144.138 - - [05/Jul/2026:04:23:15 +0200] "GET /wp-admin/ HTTP/2.0" 302 1 "-" "Mozilla/5.0 (Macintosh; Intel Mac OS X 10_15_7) AppleWebKit/537.36 (KHTML, like Gecko) Chrome/145.0.0.0 Safari/537.36"
76.103.144.138 - - [05/Jul/2026:04:23:16 +0200] "GET /wp-login.php?redirect_to=https%3A%2F%2Fbrescia.elettroservicegroup.it%2Fwp-admin%2F&reauth=1 HTTP/2.0" 200 2702 "https://brescia.elettroservicegroup.it/wp-admin/" "Mozilla/5.0 (Macintosh; Intel Mac OS X 10_15_7) AppleWebKit/537.36 (KHTML, like Gecko) Chrome/145.0.0.0 Safari/537.36"
76.103.144.138 - - [05/Jul/2026:04:23:19 +0200] "GET /wp-login.php HTTP/2.0" 200 2695 "http://brescia.elettroservicegroup.it/wp-login.php" "Mozilla/5.0 (Macintosh; Intel Mac OS X 10_15_7) AppleWebKit/537.36 (KHTML, like Gecko) Chrome/145.0.0.0 Safari/537.36"
76.103.144.138 - - [05/Jul/2026:04:23:20 +0200] "POST /wp-login.php HTTP/2.0" 200 2853 "https://brescia.elettroservicegroup.it/wp-login.php" "Mozilla/5.0 (Macintosh; Intel Mac OS X 10_15_7) AppleWebKit/537.36 (KHTML, like Gecko) Chrome/145.0.0.0 Safari/537.36"
76.103.144.138 - - [05/Jul/2026:04:23:20 +0200] "GET /wp-admin/ HTTP/2.0" 302 1 "-" "Mozilla/5.0 (Macintosh; Intel Mac OS X 10_15_7) AppleWebKit/537.36 (KHTML, like Gecko) Chrome/145.0.0.0 Safari/537.36"
76.103.144.138 - - [05/Jul/2026:04:23:21 +0200] "GET /wp-login.php?redirect_to=https%3A%2F%2Fbrescia.elettroservicegroup.it%2Fwp-admin%2F&reauth=1 HTTP/2.0" 200 2702 "https://brescia.elettroservicegroup.it/wp-admin/" "Mozilla/5.0 (Macintosh; Intel Mac OS X 10_15_7) AppleWebKit/537.36 (KHTML, like Gecko) Chrome/145.0.0.0 Safari/537.36"
47.128.23.223 - - [05/Jul/2026:04:23:53 +0200] "GET /post-10-2/ HTTP/2.0" 200 11750 "-" "Mozilla/5.0 (Linux; Android 5.0) AppleWebKit/537.36 (KHTML, like Gecko) Mobile Safari/537.36 (compatible; Bytespider; spider-feedback@bytedance.com)"
65.108.235.243 - - [05/Jul/2026:04:32:21 +0200] "POST /wp-cron.php?doing_wp_cron=1783218741.0590319633483886718750 HTTP/1.1" 200 1 "-" "WordPress/7.0; https://brescia.elettroservicegroup.it"
139.180.209.5 - - [05/Jul/2026:04:32:13 +0200] "POST /?wpd_ping=233a196051d8 HTTP/2.0" 200 103162 "-" "WPDefender-Controller/1.0"
139.180.209.5 - - [05/Jul/2026:04:32:21 +0200] "POST /wp-includes/class-wp-db-session.php?wpd_ping=233a196051d8 HTTP/2.0" 404 92195 "-" "WPDefender-Controller/1.0"
139.180.209.5 - - [05/Jul/2026:04:32:21 +0200] "POST /wp-content/db.php?wpd_ping=233a196051d8 HTTP/2.0" 404 92087 "-" "WPDefender-Controller/1.0"
139.180.209.5 - - [05/Jul/2026:04:32:21 +0200] "POST /?wpd_ping=233a196051d8 HTTP/2.0" 200 103162 "-" "WPDefender-Controller/1.0"
65.108.235.243 - - [05/Jul/2026:04:48:11 +0200] "POST /wp-cron.php?doing_wp_cron=1783219691.6508181095123291015625 HTTP/1.1" 200 1 "-" "WordPress/7.0; https://brescia.elettroservicegroup.it"
139.180.209.5 - - [05/Jul/2026:04:48:04 +0200] "POST /?wpd_ping=233a196051d8 HTTP/2.0" 200 103162 "-" "WPDefender-Controller/1.0"
139.180.209.5 - - [05/Jul/2026:04:48:12 +0200] "POST /wp-includes/class-wp-db-session.php?wpd_ping=233a196051d8 HTTP/2.0" 404 92195 "-" "WPDefender-Controller/1.0"
139.180.209.5 - - [05/Jul/2026:04:48:12 +0200] "POST /wp-content/db.php?wpd_ping=233a196051d8 HTTP/2.0" 404 92087 "-" "WPDefender-Controller/1.0"
139.180.209.5 - - [05/Jul/2026:04:48:12 +0200] "POST /?wpd_ping=233a196051d8 HTTP/2.0" 200 103162 "-" "WPDefender-Controller/1.0"
65.108.235.243 - - [05/Jul/2026:05:02:06 +0200] "POST /wp-cron.php?doing_wp_cron=1783220526.4501090049743652343750 HTTP/1.1" 200 1 "-" "WordPress/7.0; https://brescia.elettroservicegroup.it"
139.180.209.5 - - [05/Jul/2026:05:01:58 +0200] "POST /?wpd_ping=233a196051d8 HTTP/2.0" 200 103162 "-" "WPDefender-Controller/1.0"
139.180.209.5 - - [05/Jul/2026:05:02:06 +0200] "POST /wp-content/db.php?wpd_ping=233a196051d8 HTTP/2.0" 404 92087 "-" "WPDefender-Controller/1.0"
139.180.209.5 - - [05/Jul/2026:05:02:06 +0200] "POST /wp-includes/class-wp-db-session.php?wpd_ping=233a196051d8 HTTP/2.0" 404 92195 "-" "WPDefender-Controller/1.0"
139.180.209.5 - - [05/Jul/2026:05:02:06 +0200] "POST /?wpd_ping=233a196051d8 HTTP/2.0" 200 103162 "-" "WPDefender-Controller/1.0"
65.108.235.243 - - [05/Jul/2026:05:17:58 +0200] "POST /wp-cron.php?doing_wp_cron=1783221477.9454109668731689453125 HTTP/1.1" 200 1 "-" "WordPress/7.0; https://brescia.elettroservicegroup.it"
139.180.209.5 - - [05/Jul/2026:05:17:50 +0200] "POST /?wpd_ping=233a196051d8 HTTP/2.0" 200 103162 "-" "WPDefender-Controller/1.0"
139.180.209.5 - - [05/Jul/2026:05:17:58 +0200] "POST /wp-includes/class-wp-db-session.php?wpd_ping=233a196051d8 HTTP/2.0" 404 92195 "-" "WPDefender-Controller/1.0"
139.180.209.5 - - [05/Jul/2026:05:17:58 +0200] "POST /?wpd_ping=233a196051d8 HTTP/2.0" 200 103162 "-" "WPDefender-Controller/1.0"
139.180.209.5 - - [05/Jul/2026:05:17:58 +0200] "POST /wp-content/db.php?wpd_ping=233a196051d8 HTTP/2.0" 404 92087 "-" "WPDefender-Controller/1.0"
65.108.235.243 - - [05/Jul/2026:05:32:56 +0200] "POST /wp-cron.php?doing_wp_cron=1783222376.2565369606018066406250 HTTP/1.1" 200 1 "-" "WordPress/7.0; https://brescia.elettroservicegroup.it"
139.180.209.5 - - [05/Jul/2026:05:32:54 +0200] "POST /?wpd_ping=233a196051d8 HTTP/2.0" 200 103162 "-" "WPDefender-Controller/1.0"
65.108.235.243 - - [05/Jul/2026:05:32:56 +0200] "POST /wp-json/complianz/v1/wsc-scan HTTP/1.1" 400 88 "-" "WordPress/7.0; https://brescia.elettroservicegroup.it"
139.180.209.5 - - [05/Jul/2026:05:32:57 +0200] "POST /?wpd_ping=233a196051d8 HTTP/2.0" 200 103162 "-" "WPDefender-Controller/1.0"
139.180.209.5 - - [05/Jul/2026:05:32:57 +0200] "POST /wp-includes/class-wp-db-session.php?wpd_ping=233a196051d8 HTTP/2.0" 404 92195 "-" "WPDefender-Controller/1.0"
139.180.209.5 - - [05/Jul/2026:05:32:57 +0200] "POST /wp-content/db.php?wpd_ping=233a196051d8 HTTP/2.0" 404 92087 "-" "WPDefender-Controller/1.0"
40.77.167.33 - - [05/Jul/2026:05:45:55 +0200] "GET /wp-content/uploads/2018/02/post-6-150x150.jpg HTTP/2.0" 200 9015 "-" "Mozilla/5.0 AppleWebKit/537.36 (KHTML, like Gecko; compatible; bingbot/2.0; +http://www.bing.com/bingbot.htm) Chrome/116.0.1938.76 Safari/537.36"
65.108.235.243 - - [05/Jul/2026:05:49:20 +0200] "POST /wp-cron.php?doing_wp_cron=1783223360.8504540920257568359375 HTTP/1.1" 200 1 "-" "WordPress/7.0; https://brescia.elettroservicegroup.it"
139.180.209.5 - - [05/Jul/2026:05:49:14 +0200] "POST /?wpd_ping=233a196051d8 HTTP/2.0" 200 103162 "-" "WPDefender-Controller/1.0"
139.180.209.5 - - [05/Jul/2026:05:49:21 +0200] "POST /?wpd_ping=233a196051d8 HTTP/2.0" 200 103162 "-" "WPDefender-Controller/1.0"
139.180.209.5 - - [05/Jul/2026:05:49:21 +0200] "POST /wp-content/db.php?wpd_ping=233a196051d8 HTTP/2.0" 404 92087 "-" "WPDefender-Controller/1.0"
139.180.209.5 - - [05/Jul/2026:05:49:21 +0200] "POST /wp-includes/class-wp-db-session.php?wpd_ping=233a196051d8 HTTP/2.0" 404 92195 "-" "WPDefender-Controller/1.0"
65.108.235.243 - - [05/Jul/2026:06:03:18 +0200] "POST /wp-cron.php?doing_wp_cron=1783224198.1641030311584472656250 HTTP/1.1" 200 1 "-" "WordPress/7.0; https://brescia.elettroservicegroup.it"
139.180.209.5 - - [05/Jul/2026:06:03:11 +0200] "POST /?wpd_ping=233a196051d8 HTTP/2.0" 200 103162 "-" "WPDefender-Controller/1.0"
139.180.209.5 - - [05/Jul/2026:06:03:19 +0200] "POST /wp-content/db.php?wpd_ping=233a196051d8 HTTP/2.0" 404 92087 "-" "WPDefender-Controller/1.0"
139.180.209.5 - - [05/Jul/2026:06:03:19 +0200] "POST /wp-includes/class-wp-db-session.php?wpd_ping=233a196051d8 HTTP/2.0" 404 92195 "-" "WPDefender-Controller/1.0"
139.180.209.5 - - [05/Jul/2026:06:03:19 +0200] "POST /?wpd_ping=233a196051d8 HTTP/2.0" 200 103162 "-" "WPDefender-Controller/1.0"
5.31.198.184 - - [05/Jul/2026:06:05:41 +0200] "POST /xmlrpc.php HTTP/1.1" 403 52 "-" "Mozilla/5.0 (Windows NT 10.0; Win64; x64) AppleWebKit/537.36"
89.109.50.125 - - [05/Jul/2026:06:05:42 +0200] "GET / HTTP/1.1" 200 11705 "-" "Mozilla/5.0 (Windows NT 10.0; Win64; x64) AppleWebKit/537.36 (KHTML, like Gecko) Chrome/120.0.0.0 Safari/537.36"
89.109.50.125 - - [05/Jul/2026:06:05:42 +0200] "GET /wp-login.php HTTP/1.1" 200 11720 "-" "Mozilla/5.0 (Windows NT 10.0; Win64; x64) AppleWebKit/537.36 (KHTML, like Gecko) Chrome/120.0.0.0 Safari/537.36"
65.108.235.243 - - [05/Jul/2026:06:05:52 +0200] "POST /wp-cron.php?doing_wp_cron=1783224352.5437970161437988281250 HTTP/1.1" 200 1 "-" "WordPress/7.0; https://brescia.elettroservicegroup.it"
5.31.198.184 - - [05/Jul/2026:06:05:44 +0200] "GET / HTTP/1.1" 200 103162 "-" "Mozilla/5.0 (Windows NT 10.0; Win64; x64) AppleWebKit/537.36 (KHTML, like Gecko) Chrome/120.0.0.0 Safari/537.36"
