65.108.235.243 - - [04/Jul/2026:14:18:03 +0200] "POST /wp-cron.php?doing_wp_cron=1783167483.4096229076385498046875 HTTP/1.1" 200 1 "-" "WordPress/7.0; https://brescia.elettroservicegroup.it"
139.180.209.5 - - [04/Jul/2026:14:18:01 +0200] "POST /?wpd_ping=233a196051d8 HTTP/2.0" 200 103162 "-" "WPDefender-Controller/1.0"
139.180.209.5 - - [04/Jul/2026:14:18:04 +0200] "POST /wp-content/db.php?wpd_ping=233a196051d8 HTTP/2.0" 404 92087 "-" "WPDefender-Controller/1.0"
139.180.209.5 - - [04/Jul/2026:14:18:04 +0200] "POST /?wpd_ping=233a196051d8 HTTP/2.0" 200 103162 "-" "WPDefender-Controller/1.0"
139.180.209.5 - - [04/Jul/2026:14:18:04 +0200] "POST /wp-includes/class-wp-db-session.php?wpd_ping=233a196051d8 HTTP/2.0" 404 92195 "-" "WPDefender-Controller/1.0"
65.108.235.243 - - [04/Jul/2026:14:32:21 +0200] "POST /wp-cron.php?doing_wp_cron=1783168341.2971351146697998046875 HTTP/1.1" 200 1 "-" "WordPress/7.0; https://brescia.elettroservicegroup.it"
139.180.209.5 - - [04/Jul/2026:14:32:14 +0200] "POST /?wpd_ping=233a196051d8 HTTP/2.0" 200 103162 "-" "WPDefender-Controller/1.0"
139.180.209.5 - - [04/Jul/2026:14:32:22 +0200] "POST /wp-content/db.php?wpd_ping=233a196051d8 HTTP/2.0" 404 92087 "-" "WPDefender-Controller/1.0"
139.180.209.5 - - [04/Jul/2026:14:32:22 +0200] "POST /wp-includes/class-wp-db-session.php?wpd_ping=233a196051d8 HTTP/2.0" 404 92195 "-" "WPDefender-Controller/1.0"
139.180.209.5 - - [04/Jul/2026:14:32:22 +0200] "POST /?wpd_ping=233a196051d8 HTTP/2.0" 200 103162 "-" "WPDefender-Controller/1.0"
40.77.167.151 - - [04/Jul/2026:14:39:01 +0200] "GET /wp-content/uploads/2018/02/post-3-150x150.jpg HTTP/2.0" 200 7222 "-" "Mozilla/5.0 AppleWebKit/537.36 (KHTML, like Gecko; compatible; bingbot/2.0; +http://www.bing.com/bingbot.htm) Chrome/116.0.1938.76 Safari/537.36"
65.108.235.243 - - [04/Jul/2026:14:48:17 +0200] "POST /wp-cron.php?doing_wp_cron=1783169297.1058371067047119140625 HTTP/1.1" 200 1 "-" "WordPress/7.0; https://brescia.elettroservicegroup.it"
139.180.209.5 - - [04/Jul/2026:14:48:11 +0200] "POST /?wpd_ping=233a196051d8 HTTP/2.0" 200 103162 "-" "WPDefender-Controller/1.0"
139.180.209.5 - - [04/Jul/2026:14:48:18 +0200] "POST /wp-content/db.php?wpd_ping=233a196051d8 HTTP/2.0" 404 92087 "-" "WPDefender-Controller/1.0"
139.180.209.5 - - [04/Jul/2026:14:48:18 +0200] "POST /wp-includes/class-wp-db-session.php?wpd_ping=233a196051d8 HTTP/2.0" 404 92195 "-" "WPDefender-Controller/1.0"
139.180.209.5 - - [04/Jul/2026:14:48:18 +0200] "POST /?wpd_ping=233a196051d8 HTTP/2.0" 200 103162 "-" "WPDefender-Controller/1.0"
65.108.235.243 - - [04/Jul/2026:15:02:10 +0200] "POST /wp-cron.php?doing_wp_cron=1783170130.7362790107727050781250 HTTP/1.1" 200 1 "-" "WordPress/7.0; https://brescia.elettroservicegroup.it"
139.180.209.5 - - [04/Jul/2026:15:02:09 +0200] "POST /?wpd_ping=233a196051d8 HTTP/2.0" 200 103162 "-" "WPDefender-Controller/1.0"
65.108.235.243 - - [04/Jul/2026:15:02:11 +0200] "POST /wp-json/complianz/v1/wsc-scan HTTP/1.1" 400 88 "-" "WordPress/7.0; https://brescia.elettroservicegroup.it"
139.180.209.5 - - [04/Jul/2026:15:02:11 +0200] "POST /wp-includes/class-wp-db-session.php?wpd_ping=233a196051d8 HTTP/2.0" 404 92195 "-" "WPDefender-Controller/1.0"
139.180.209.5 - - [04/Jul/2026:15:02:11 +0200] "POST /wp-content/db.php?wpd_ping=233a196051d8 HTTP/2.0" 404 92087 "-" "WPDefender-Controller/1.0"
139.180.209.5 - - [04/Jul/2026:15:02:11 +0200] "POST /?wpd_ping=233a196051d8 HTTP/2.0" 200 103162 "-" "WPDefender-Controller/1.0"
185.99.29.147 - - [04/Jul/2026:15:08:38 +0200] "GET /wp-content/uploads/2021/11/FORNO.jpg HTTP/2.0" 200 37948 "https://brescia.elettroservicegroup.it/assistenza-forni-elettrici/" "Mozilla/5.0 (Macintosh; Intel Mac OS X 10_15_7) AppleWebKit/537.36 (KHTML, like Gecko) Chrome/130.0.0.0 Safari/537.36"
52.167.144.184 - - [04/Jul/2026:15:16:25 +0200] "GET /wp-content/uploads/2018/02/post-8-150x150.jpg HTTP/2.0" 200 5869 "-" "Mozilla/5.0 AppleWebKit/537.36 (KHTML, like Gecko; compatible; bingbot/2.0; +http://www.bing.com/bingbot.htm) Chrome/116.0.1938.76 Safari/537.36"
65.108.235.243 - - [04/Jul/2026:15:16:41 +0200] "POST /wp-cron.php?doing_wp_cron=1783171000.9100360870361328125000 HTTP/1.1" 200 1 "-" "WordPress/7.0; https://brescia.elettroservicegroup.it"
139.180.209.5 - - [04/Jul/2026:15:16:33 +0200] "POST /?wpd_ping=233a196051d8 HTTP/2.0" 200 103162 "-" "WPDefender-Controller/1.0"
139.180.209.5 - - [04/Jul/2026:15:16:42 +0200] "POST /wp-content/db.php?wpd_ping=233a196051d8 HTTP/2.0" 404 92087 "-" "WPDefender-Controller/1.0"
139.180.209.5 - - [04/Jul/2026:15:16:42 +0200] "POST /wp-includes/class-wp-db-session.php?wpd_ping=233a196051d8 HTTP/2.0" 404 92195 "-" "WPDefender-Controller/1.0"
139.180.209.5 - - [04/Jul/2026:15:16:41 +0200] "POST /?wpd_ping=233a196051d8 HTTP/2.0" 200 103162 "-" "WPDefender-Controller/1.0"
65.108.235.243 - - [04/Jul/2026:15:30:09 +0200] "POST /wp-cron.php?doing_wp_cron=1783171809.0995559692382812500000 HTTP/1.1" 200 1 "-" "WordPress/7.0; https://brescia.elettroservicegroup.it"
216.26.233.24 - - [04/Jul/2026:15:29:59 +0200] "GET / HTTP/1.1" 301 - "-" "Goosee-Audit/1.0 (+internal-security-audit)"
65.108.235.243 - - [04/Jul/2026:15:33:19 +0200] "POST /wp-cron.php?doing_wp_cron=1783171999.6988921165466308593750 HTTP/1.1" 200 1 "-" "WordPress/7.0; https://brescia.elettroservicegroup.it"
139.180.209.5 - - [04/Jul/2026:15:33:11 +0200] "POST /?wpd_ping=233a196051d8 HTTP/2.0" 200 103162 "-" "WPDefender-Controller/1.0"
139.180.209.5 - - [04/Jul/2026:15:33:19 +0200] "POST /wp-includes/class-wp-db-session.php?wpd_ping=233a196051d8 HTTP/2.0" 404 92195 "-" "WPDefender-Controller/1.0"
139.180.209.5 - - [04/Jul/2026:15:33:19 +0200] "POST /wp-content/db.php?wpd_ping=233a196051d8 HTTP/2.0" 404 92087 "-" "WPDefender-Controller/1.0"
139.180.209.5 - - [04/Jul/2026:15:33:19 +0200] "POST /?wpd_ping=233a196051d8 HTTP/2.0" 200 103162 "-" "WPDefender-Controller/1.0"
65.108.235.243 - - [04/Jul/2026:15:50:04 +0200] "POST /wp-cron.php?doing_wp_cron=1783173004.4968039989471435546875 HTTP/1.1" 200 1 "-" "WordPress/7.0; https://brescia.elettroservicegroup.it"
139.180.209.5 - - [04/Jul/2026:15:49:53 +0200] "POST /?wpd_ping=233a196051d8 HTTP/2.0" 200 103162 "-" "WPDefender-Controller/1.0"
139.180.209.5 - - [04/Jul/2026:15:50:01 +0200] "POST /wp-content/db.php?wpd_ping=233a196051d8 HTTP/2.0" 404 91977 "-" "WPDefender-Controller/1.0"
139.180.209.5 - - [04/Jul/2026:15:50:01 +0200] "POST /wp-includes/class-wp-db-session.php?wpd_ping=233a196051d8 HTTP/2.0" 404 92085 "-" "WPDefender-Controller/1.0"
139.180.209.5 - - [04/Jul/2026:15:50:01 +0200] "POST /?wpd_ping=233a196051d8 HTTP/2.0" 200 103162 "-" "WPDefender-Controller/1.0"
65.108.235.243 - - [04/Jul/2026:16:03:41 +0200] "POST /wp-cron.php?doing_wp_cron=1783173821.8071680068969726562500 HTTP/1.1" 200 1 "-" "WordPress/7.0; https://brescia.elettroservicegroup.it"
139.180.209.5 - - [04/Jul/2026:16:03:37 +0200] "POST /?wpd_ping=233a196051d8 HTTP/2.0" 200 103162 "-" "WPDefender-Controller/1.0"
65.108.235.243 - - [04/Jul/2026:16:03:43 +0200] "POST /wp-json/complianz/v1/wsc-scan HTTP/1.1" 400 88 "-" "WordPress/7.0; https://brescia.elettroservicegroup.it"
139.180.209.5 - - [04/Jul/2026:16:03:42 +0200] "POST /wp-content/db.php?wpd_ping=233a196051d8 HTTP/2.0" 404 92087 "-" "WPDefender-Controller/1.0"
139.180.209.5 - - [04/Jul/2026:16:03:42 +0200] "POST /wp-includes/class-wp-db-session.php?wpd_ping=233a196051d8 HTTP/2.0" 404 92195 "-" "WPDefender-Controller/1.0"
139.180.209.5 - - [04/Jul/2026:16:03:42 +0200] "POST /?wpd_ping=233a196051d8 HTTP/2.0" 200 103162 "-" "WPDefender-Controller/1.0"
65.108.235.243 - - [04/Jul/2026:16:19:26 +0200] "POST /wp-cron.php?doing_wp_cron=1783174765.9994690418243408203125 HTTP/1.1" 200 1 "-" "WordPress/7.0; https://brescia.elettroservicegroup.it"
139.180.209.5 - - [04/Jul/2026:16:19:18 +0200] "POST /?wpd_ping=233a196051d8 HTTP/2.0" 200 103162 "-" "WPDefender-Controller/1.0"
139.180.209.5 - - [04/Jul/2026:16:19:26 +0200] "POST /wp-content/db.php?wpd_ping=233a196051d8 HTTP/2.0" 404 92087 "-" "WPDefender-Controller/1.0"
139.180.209.5 - - [04/Jul/2026:16:19:26 +0200] "POST /wp-includes/class-wp-db-session.php?wpd_ping=233a196051d8 HTTP/2.0" 404 92195 "-" "WPDefender-Controller/1.0"
139.180.209.5 - - [04/Jul/2026:16:19:26 +0200] "POST /?wpd_ping=233a196051d8 HTTP/2.0" 200 103162 "-" "WPDefender-Controller/1.0"
65.108.235.243 - - [04/Jul/2026:16:34:26 +0200] "POST /wp-cron.php?doing_wp_cron=1783175666.6920089721679687500000 HTTP/1.1" 200 1 "-" "WordPress/7.0; https://brescia.elettroservicegroup.it"
139.180.209.5 - - [04/Jul/2026:16:34:18 +0200] "POST /?wpd_ping=233a196051d8 HTTP/2.0" 200 103162 "-" "WPDefender-Controller/1.0"
139.180.209.5 - - [04/Jul/2026:16:34:26 +0200] "POST /wp-content/db.php?wpd_ping=233a196051d8 HTTP/2.0" 404 92087 "-" "WPDefender-Controller/1.0"
139.180.209.5 - - [04/Jul/2026:16:34:26 +0200] "POST /wp-includes/class-wp-db-session.php?wpd_ping=233a196051d8 HTTP/2.0" 404 92195 "-" "WPDefender-Controller/1.0"
139.180.209.5 - - [04/Jul/2026:16:34:26 +0200] "POST /?wpd_ping=233a196051d8 HTTP/2.0" 200 103162 "-" "WPDefender-Controller/1.0"
65.108.235.243 - - [04/Jul/2026:16:48:30 +0200] "POST /wp-cron.php?doing_wp_cron=1783176509.9044959545135498046875 HTTP/1.1" 200 1 "-" "WordPress/7.0; https://brescia.elettroservicegroup.it"
139.180.209.5 - - [04/Jul/2026:16:48:24 +0200] "POST /?wpd_ping=233a196051d8 HTTP/2.0" 200 103162 "-" "WPDefender-Controller/1.0"
139.180.209.5 - - [04/Jul/2026:16:48:31 +0200] "POST /wp-includes/class-wp-db-session.php?wpd_ping=233a196051d8 HTTP/2.0" 404 92195 "-" "WPDefender-Controller/1.0"
139.180.209.5 - - [04/Jul/2026:16:48:31 +0200] "POST /wp-content/db.php?wpd_ping=233a196051d8 HTTP/2.0" 404 92087 "-" "WPDefender-Controller/1.0"
139.180.209.5 - - [04/Jul/2026:16:48:31 +0200] "POST /?wpd_ping=233a196051d8 HTTP/2.0" 200 103162 "-" "WPDefender-Controller/1.0"
65.108.235.243 - - [04/Jul/2026:17:04:21 +0200] "POST /wp-cron.php?doing_wp_cron=1783177461.2084159851074218750000 HTTP/1.1" 200 1 "-" "WordPress/7.0; https://brescia.elettroservicegroup.it"
139.180.209.5 - - [04/Jul/2026:17:04:13 +0200] "POST /?wpd_ping=233a196051d8 HTTP/2.0" 200 103162 "-" "WPDefender-Controller/1.0"
139.180.209.5 - - [04/Jul/2026:17:04:21 +0200] "POST /wp-includes/class-wp-db-session.php?wpd_ping=233a196051d8 HTTP/2.0" 404 92195 "-" "WPDefender-Controller/1.0"
139.180.209.5 - - [04/Jul/2026:17:04:21 +0200] "POST /?wpd_ping=233a196051d8 HTTP/2.0" 200 103162 "-" "WPDefender-Controller/1.0"
139.180.209.5 - - [04/Jul/2026:17:04:21 +0200] "POST /wp-content/db.php?wpd_ping=233a196051d8 HTTP/2.0" 404 92087 "-" "WPDefender-Controller/1.0"
65.108.235.243 - - [04/Jul/2026:17:04:23 +0200] "POST /wp-json/complianz/v1/wsc-scan HTTP/1.1" 400 88 "-" "WordPress/7.0; https://brescia.elettroservicegroup.it"
65.108.235.243 - - [04/Jul/2026:17:15:23 +0200] "POST /wp-cron.php?doing_wp_cron=1783178123.6041209697723388671875 HTTP/1.1" 200 1 "-" "WordPress/7.0; https://brescia.elettroservicegroup.it"
66.249.64.231 - - [04/Jul/2026:17:15:15 +0200] "GET /?p=16402 HTTP/1.1" 404 17868 "-" "Mozilla/5.0 (Linux; Android 6.0.1; Nexus 5X Build/MMB29P) AppleWebKit/537.36 (KHTML, like Gecko) Chrome/150.0.7871.46 Mobile Safari/537.36 (compatible; Googlebot/2.1; +http://www.google.com/bot.html)"
65.108.235.243 - - [04/Jul/2026:17:18:01 +0200] "POST /wp-cron.php?doing_wp_cron=1783178281.2265179157257080078125 HTTP/1.1" 200 1 "-" "WordPress/7.0; https://brescia.elettroservicegroup.it"
17.241.219.252 - - [04/Jul/2026:17:17:57 +0200] "GET /robots.txt HTTP/2.0" 200 193 "-" "Mozilla/5.0 (Macintosh; Intel Mac OS X 10_15_7) AppleWebKit/605.1.15 (KHTML, like Gecko) Version/17.4 Safari/605.1.15 (Applebot/0.1; +http://www.apple.com/go/applebot)"
17.241.219.252 - - [04/Jul/2026:17:18:01 +0200] "GET /feed/?attachment_id=13539 HTTP/2.0" 200 806 "-" "Mozilla/5.0 (Macintosh; Intel Mac OS X 10_15_7) AppleWebKit/605.1.15 (KHTML, like Gecko) Version/17.4 Safari/605.1.15 (Applebot/0.1; +http://www.apple.com/go/applebot)"
65.108.235.243 - - [04/Jul/2026:17:19:12 +0200] "POST /wp-cron.php?doing_wp_cron=1783178352.0239319801330566406250 HTTP/1.1" 200 1 "-" "WordPress/7.0; https://brescia.elettroservicegroup.it"
139.180.209.5 - - [04/Jul/2026:17:19:04 +0200] "POST /?wpd_ping=233a196051d8 HTTP/2.0" 200 103052 "-" "WPDefender-Controller/1.0"
139.180.209.5 - - [04/Jul/2026:17:19:12 +0200] "POST /wp-content/db.php?wpd_ping=233a196051d8 HTTP/2.0" 404 91977 "-" "WPDefender-Controller/1.0"
139.180.209.5 - - [04/Jul/2026:17:19:12 +0200] "POST /wp-includes/class-wp-db-session.php?wpd_ping=233a196051d8 HTTP/2.0" 404 92085 "-" "WPDefender-Controller/1.0"
139.180.209.5 - - [04/Jul/2026:17:19:12 +0200] "POST /?wpd_ping=233a196051d8 HTTP/2.0" 200 103052 "-" "WPDefender-Controller/1.0"
52.167.144.19 - - [04/Jul/2026:17:26:11 +0200] "GET /wp-content/uploads/2018/02/post-9-150x150.jpg HTTP/2.0" 200 6240 "-" "Mozilla/5.0 AppleWebKit/537.36 (KHTML, like Gecko; compatible; bingbot/2.0; +http://www.bing.com/bingbot.htm) Chrome/116.0.1938.76 Safari/537.36"
65.108.235.243 - - [04/Jul/2026:17:28:41 +0200] "POST /wp-cron.php?doing_wp_cron=1783178920.9031889438629150390625 HTTP/1.1" 200 1 "-" "WordPress/7.0; https://brescia.elettroservicegroup.it"
209.50.186.252 - - [04/Jul/2026:17:28:32 +0200] "GET / HTTP/1.1" 301 - "-" "Mozilla/5.0 (Macintosh; Intel Mac OS X 10_15_7) AppleWebKit/605.1.15 (KHTML, like Gecko) Version/18.2 Safari/605.1.15"
45.3.44.151 - - [04/Jul/2026:17:28:48 +0200] "GET /wp-sitemap.xml HTTP/1.1" 200 11707 "-" "Mozilla/5.0 (Macintosh; Intel Mac OS X 10_15_7) AppleWebKit/605.1.15 (KHTML, like Gecko) Version/18.2 Safari/605.1.15"
104.207.36.245 - - [04/Jul/2026:17:28:49 +0200] "GET /wp-content/plugins/ HTTP/1.1" 200 - "-" "Mozilla/5.0 (X11; Linux x86_64) AppleWebKit/537.36 (KHTML, like Gecko) Chrome/131.0.0.0 Safari/537.36"
104.207.49.179 - - [04/Jul/2026:17:28:49 +0200] "GET /wp-content/themes/ HTTP/1.1" 200 - "-" "Mozilla/5.0 (Windows NT 10.0; Win64; x64; rv:133.0) Gecko/20100101 Firefox/133.0"
216.26.255.144 - - [04/Jul/2026:17:28:48 +0200] "GET /graphql HTTP/1.1" 301 - "-" "Mozilla/5.0 (Windows NT 10.0; Win64; x64) AppleWebKit/537.36 (KHTML, like Gecko) Chrome/129.0.0.0 Safari/537.36"
65.111.25.105 - - [04/Jul/2026:17:28:48 +0200] "GET /wp-json/oembed/1.0/embed?url=https%3A%2F%2Fwww.brescia.elettroservicegroup.it HTTP/1.1" 404 73 "-" "Mozilla/5.0 (Macintosh; Intel Mac OS X 10_15_7) AppleWebKit/605.1.15 (KHTML, like Gecko) Version/18.2 Safari/605.1.15"
216.26.243.233 - - [04/Jul/2026:17:28:48 +0200] "GET /wp-json/ HTTP/1.1" 200 308445 "-" "Mozilla/5.0 (X11; Ubuntu; Linux x86_64; rv:133.0) Gecko/20100101 Firefox/133.0"
104.207.48.202 - - [04/Jul/2026:17:28:49 +0200] "GET /wp-content/mu-plugins/ HTTP/1.1" 301 - "-" "Mozilla/5.0 (Macintosh; Intel Mac OS X 10_15_7) AppleWebKit/537.36 (KHTML, like Gecko) Chrome/131.0.0.0 Safari/537.36"
104.207.62.146 - - [04/Jul/2026:17:28:50 +0200] "GET /wp-json/wp/v2/types HTTP/1.1" 200 6979 "-" "Mozilla/5.0 (Windows NT 10.0; Win64; x64; rv:133.0) Gecko/20100101 Firefox/133.0"
216.26.255.144 - - [04/Jul/2026:17:28:50 +0200] "GET /graphql HTTP/1.1" 404 92021 "https://www.brescia.elettroservicegroup.it/graphql" "Mozilla/5.0 (Windows NT 10.0; Win64; x64) AppleWebKit/537.36 (KHTML, like Gecko) Chrome/129.0.0.0 Safari/537.36"
104.207.49.238 - - [04/Jul/2026:17:28:55 +0200] "GET /wp-json/wp/v2/taxonomies HTTP/1.1" 200 1786 "-" "Mozilla/5.0 (Macintosh; Intel Mac OS X 10_15_7) AppleWebKit/605.1.15 (KHTML, like Gecko) Version/18.2 Safari/605.1.15"
104.207.48.202 - - [04/Jul/2026:17:28:51 +0200] "GET /wp-content/mu-plugins/ HTTP/1.1" 404 92111 "https://www.brescia.elettroservicegroup.it/wp-content/mu-plugins/" "Mozilla/5.0 (Macintosh; Intel Mac OS X 10_15_7) AppleWebKit/537.36 (KHTML, like Gecko) Chrome/131.0.0.0 Safari/537.36"
104.207.53.50 - - [04/Jul/2026:17:29:09 +0200] "HEAD /wp-content/plugins/metform/readme.txt HTTP/1.1" 200 - "-" "Mozilla/5.0 (Windows NT 10.0; Win64; x64) AppleWebKit/537.36 (KHTML, like Gecko) Chrome/130.0.0.0 Safari/537.36 Edg/130.0.0.0"
104.207.53.50 - - [04/Jul/2026:17:29:09 +0200] "HEAD /wp-content/plugins/wp-automatic/readme.txt HTTP/1.1" 200 - "-" "Mozilla/5.0 (Windows NT 10.0; Win64; x64) AppleWebKit/537.36 (KHTML, like Gecko) Chrome/130.0.0.0 Safari/537.36 Edg/130.0.0.0"
104.207.53.50 - - [04/Jul/2026:17:29:09 +0200] "HEAD /wp-content/plugins/litespeed-cache/readme.txt HTTP/1.1" 200 - "-" "Mozilla/5.0 (Windows NT 10.0; Win64; x64) AppleWebKit/537.36 (KHTML, like Gecko) Chrome/130.0.0.0 Safari/537.36 Edg/130.0.0.0"
104.207.53.50 - - [04/Jul/2026:17:29:09 +0200] "HEAD /wp-content/plugins/elementskit/readme.txt HTTP/1.1" 200 - "-" "Mozilla/5.0 (Windows NT 10.0; Win64; x64) AppleWebKit/537.36 (KHTML, like Gecko) Chrome/130.0.0.0 Safari/537.36 Edg/130.0.0.0"
104.207.53.50 - - [04/Jul/2026:17:29:09 +0200] "HEAD /wp-content/plugins/wpml-string-translation/readme.txt HTTP/1.1" 200 - "-" "Mozilla/5.0 (Windows NT 10.0; Win64; x64) AppleWebKit/537.36 (KHTML, like Gecko) Chrome/130.0.0.0 Safari/537.36 Edg/130.0.0.0"
104.207.53.50 - - [04/Jul/2026:17:29:09 +0200] "HEAD /wp-content/plugins/really-simple-ssl/readme.txt HTTP/1.1" 200 - "-" "Mozilla/5.0 (Windows NT 10.0; Win64; x64) AppleWebKit/537.36 (KHTML, like Gecko) Chrome/130.0.0.0 Safari/537.36 Edg/130.0.0.0"
104.207.53.50 - - [04/Jul/2026:17:29:09 +0200] "HEAD /wp-content/plugins/really-simple-ssl-pro/readme.txt HTTP/1.1" 200 - "-" "Mozilla/5.0 (Windows NT 10.0; Win64; x64) AppleWebKit/537.36 (KHTML, like Gecko) Chrome/130.0.0.0 Safari/537.36 Edg/130.0.0.0"
104.207.53.50 - - [04/Jul/2026:17:29:09 +0200] "HEAD /wp-content/plugins/paid-memberships-pro/readme.txt HTTP/1.1" 200 - "-" "Mozilla/5.0 (Windows NT 10.0; Win64; x64) AppleWebKit/537.36 (KHTML, like Gecko) Chrome/130.0.0.0 Safari/537.36 Edg/130.0.0.0"
104.207.53.50 - - [04/Jul/2026:17:29:09 +0200] "HEAD /wp-content/plugins/notificationx/readme.txt HTTP/1.1" 200 - "-" "Mozilla/5.0 (Windows NT 10.0; Win64; x64) AppleWebKit/537.36 (KHTML, like Gecko) Chrome/130.0.0.0 Safari/537.36 Edg/130.0.0.0"
104.207.53.50 - - [04/Jul/2026:17:29:09 +0200] "HEAD /wp-content/plugins/brizy/readme.txt HTTP/1.1" 200 - "-" "Mozilla/5.0 (Windows NT 10.0; Win64; x64) AppleWebKit/537.36 (KHTML, like Gecko) Chrome/130.0.0.0 Safari/537.36 Edg/130.0.0.0"
104.207.53.50 - - [04/Jul/2026:17:29:09 +0200] "HEAD /wp-content/plugins/layerslider/readme.txt HTTP/1.1" 200 - "-" "Mozilla/5.0 (Windows NT 10.0; Win64; x64) AppleWebKit/537.36 (KHTML, like Gecko) Chrome/130.0.0.0 Safari/537.36 Edg/130.0.0.0"
104.207.53.50 - - [04/Jul/2026:17:29:09 +0200] "HEAD /wp-content/plugins/latepoint/readme.txt HTTP/1.1" 200 - "-" "Mozilla/5.0 (Windows NT 10.0; Win64; x64) AppleWebKit/537.36 (KHTML, like Gecko) Chrome/130.0.0.0 Safari/537.36 Edg/130.0.0.0"
104.207.53.50 - - [04/Jul/2026:17:29:09 +0200] "HEAD /wp-content/plugins/elementskit-lite/readme.txt HTTP/1.1" 200 - "-" "Mozilla/5.0 (Windows NT 10.0; Win64; x64) AppleWebKit/537.36 (KHTML, like Gecko) Chrome/130.0.0.0 Safari/537.36 Edg/130.0.0.0"
104.207.53.50 - - [04/Jul/2026:17:29:09 +0200] "HEAD /wp-content/plugins/sitepress-multilingual-cms/readme.txt HTTP/1.1" 200 - "-" "Mozilla/5.0 (Windows NT 10.0; Win64; x64) AppleWebKit/537.36 (KHTML, like Gecko) Chrome/130.0.0.0 Safari/537.36 Edg/130.0.0.0"
104.207.53.50 - - [04/Jul/2026:17:29:09 +0200] "HEAD /wp-content/plugins/buddyboss-platform/readme.txt HTTP/1.1" 200 - "-" "Mozilla/5.0 (Windows NT 10.0; Win64; x64) AppleWebKit/537.36 (KHTML, like Gecko) Chrome/130.0.0.0 Safari/537.36 Edg/130.0.0.0"
104.207.53.50 - - [04/Jul/2026:17:29:09 +0200] "HEAD /wp-content/plugins/wp-user-avatar/readme.txt HTTP/1.1" 200 - "-" "Mozilla/5.0 (Windows NT 10.0; Win64; x64) AppleWebKit/537.36 (KHTML, like Gecko) Chrome/130.0.0.0 Safari/537.36 Edg/130.0.0.0"
104.207.53.50 - - [04/Jul/2026:17:29:09 +0200] "HEAD /wp-content/plugins/learnpress/readme.txt HTTP/1.1" 200 - "-" "Mozilla/5.0 (Windows NT 10.0; Win64; x64) AppleWebKit/537.36 (KHTML, like Gecko) Chrome/130.0.0.0 Safari/537.36 Edg/130.0.0.0"
104.207.53.50 - - [04/Jul/2026:17:29:09 +0200] "HEAD /wp-content/plugins/woocommerce-payments/readme.txt HTTP/1.1" 200 - "-" "Mozilla/5.0 (Windows NT 10.0; Win64; x64) AppleWebKit/537.36 (KHTML, like Gecko) Chrome/130.0.0.0 Safari/537.36 Edg/130.0.0.0"
104.207.53.50 - - [04/Jul/2026:17:29:09 +0200] "HEAD /wp-content/plugins/gravityforms/readme.txt HTTP/1.1" 200 - "-" "Mozilla/5.0 (Windows NT 10.0; Win64; x64) AppleWebKit/537.36 (KHTML, like Gecko) Chrome/130.0.0.0 Safari/537.36 Edg/130.0.0.0"
104.207.53.50 - - [04/Jul/2026:17:29:09 +0200] "HEAD /wp-content/plugins/download-manager/readme.txt HTTP/1.1" 200 - "-" "Mozilla/5.0 (Windows NT 10.0; Win64; x64) AppleWebKit/537.36 (KHTML, like Gecko) Chrome/130.0.0.0 Safari/537.36 Edg/130.0.0.0"
104.207.53.50 - - [04/Jul/2026:17:29:09 +0200] "GET /wp-content/plugins/buddyboss-platform/readme.txt HTTP/1.1" 200 11745 "-" "Mozilla/5.0 (Windows NT 10.0; Win64; x64) AppleWebKit/537.36 (KHTML, like Gecko) Chrome/130.0.0.0 Safari/537.36 Edg/130.0.0.0"
104.207.53.50 - - [04/Jul/2026:17:29:09 +0200] "GET /wp-content/plugins/latepoint/readme.txt HTTP/1.1" 200 11736 "-" "Mozilla/5.0 (Windows NT 10.0; Win64; x64) AppleWebKit/537.36 (KHTML, like Gecko) Chrome/130.0.0.0 Safari/537.36 Edg/130.0.0.0"
104.207.53.50 - - [04/Jul/2026:17:29:09 +0200] "GET /wp-content/plugins/wp-user-avatar/readme.txt HTTP/1.1" 200 11741 "-" "Mozilla/5.0 (Windows NT 10.0; Win64; x64) AppleWebKit/537.36 (KHTML, like Gecko) Chrome/130.0.0.0 Safari/537.36 Edg/130.0.0.0"
104.207.53.50 - - [04/Jul/2026:17:29:09 +0200] "GET /wp-content/plugins/wp-automatic/readme.txt HTTP/1.1" 200 11739 "-" "Mozilla/5.0 (Windows NT 10.0; Win64; x64) AppleWebKit/537.36 (KHTML, like Gecko) Chrome/130.0.0.0 Safari/537.36 Edg/130.0.0.0"
104.207.53.50 - - [04/Jul/2026:17:29:09 +0200] "GET /wp-content/plugins/sitepress-multilingual-cms/readme.txt HTTP/1.1" 200 11753 "-" "Mozilla/5.0 (Windows NT 10.0; Win64; x64) AppleWebKit/537.36 (KHTML, like Gecko) Chrome/130.0.0.0 Safari/537.36 Edg/130.0.0.0"
104.207.53.50 - - [04/Jul/2026:17:29:09 +0200] "GET /wp-content/plugins/litespeed-cache/readme.txt HTTP/1.1" 200 11742 "-" "Mozilla/5.0 (Windows NT 10.0; Win64; x64) AppleWebKit/537.36 (KHTML, like Gecko) Chrome/130.0.0.0 Safari/537.36 Edg/130.0.0.0"
104.207.53.50 - - [04/Jul/2026:17:29:09 +0200] "GET /wp-content/plugins/elementskit-lite/readme.txt HTTP/1.1" 200 11743 "-" "Mozilla/5.0 (Windows NT 10.0; Win64; x64) AppleWebKit/537.36 (KHTML, like Gecko) Chrome/130.0.0.0 Safari/537.36 Edg/130.0.0.0"
104.207.53.50 - - [04/Jul/2026:17:29:09 +0200] "HEAD /wp-content/plugins/suretriggers/readme.txt HTTP/1.1" 200 - "-" "Mozilla/5.0 (Windows NT 10.0; Win64; x64) AppleWebKit/537.36 (KHTML, like Gecko) Chrome/130.0.0.0 Safari/537.36 Edg/130.0.0.0"
104.207.53.50 - - [04/Jul/2026:17:29:09 +0200] "GET /wp-content/plugins/brizy/readme.txt HTTP/1.1" 200 11732 "-" "Mozilla/5.0 (Windows NT 10.0; Win64; x64) AppleWebKit/537.36 (KHTML, like Gecko) Chrome/130.0.0.0 Safari/537.36 Edg/130.0.0.0"
104.207.53.50 - - [04/Jul/2026:17:29:09 +0200] "HEAD /wp-content/plugins/give/readme.txt HTTP/1.1" 200 - "-" "Mozilla/5.0 (Windows NT 10.0; Win64; x64) AppleWebKit/537.36 (KHTML, like Gecko) Chrome/130.0.0.0 Safari/537.36 Edg/130.0.0.0"
104.207.53.50 - - [04/Jul/2026:17:29:09 +0200] "GET /wp-content/plugins/wpml-string-translation/readme.txt HTTP/1.1" 200 11750 "-" "Mozilla/5.0 (Windows NT 10.0; Win64; x64) AppleWebKit/537.36 (KHTML, like Gecko) Chrome/130.0.0.0 Safari/537.36 Edg/130.0.0.0"
104.207.53.50 - - [04/Jul/2026:17:29:09 +0200] "GET /wp-content/plugins/download-manager/readme.txt HTTP/1.1" 200 11743 "-" "Mozilla/5.0 (Windows NT 10.0; Win64; x64) AppleWebKit/537.36 (KHTML, like Gecko) Chrome/130.0.0.0 Safari/537.36 Edg/130.0.0.0"
104.207.53.50 - - [04/Jul/2026:17:29:09 +0200] "GET /wp-content/plugins/layerslider/readme.txt HTTP/1.1" 200 11738 "-" "Mozilla/5.0 (Windows NT 10.0; Win64; x64) AppleWebKit/537.36 (KHTML, like Gecko) Chrome/130.0.0.0 Safari/537.36 Edg/130.0.0.0"
104.207.53.50 - - [04/Jul/2026:17:29:09 +0200] "GET /wp-content/plugins/really-simple-ssl-pro/readme.txt HTTP/1.1" 200 11748 "-" "Mozilla/5.0 (Windows NT 10.0; Win64; x64) AppleWebKit/537.36 (KHTML, like Gecko) Chrome/130.0.0.0 Safari/537.36 Edg/130.0.0.0"
104.207.53.50 - - [04/Jul/2026:17:29:09 +0200] "GET /wp-content/plugins/paid-memberships-pro/readme.txt HTTP/1.1" 200 11747 "-" "Mozilla/5.0 (Windows NT 10.0; Win64; x64) AppleWebKit/537.36 (KHTML, like Gecko) Chrome/130.0.0.0 Safari/537.36 Edg/130.0.0.0"
104.207.53.50 - - [04/Jul/2026:17:29:09 +0200] "GET /wp-content/plugins/really-simple-ssl/readme.txt HTTP/1.1" 200 11744 "-" "Mozilla/5.0 (Windows NT 10.0; Win64; x64) AppleWebKit/537.36 (KHTML, like Gecko) Chrome/130.0.0.0 Safari/537.36 Edg/130.0.0.0"
104.207.53.50 - - [04/Jul/2026:17:29:09 +0200] "GET /wp-content/plugins/woocommerce-payments/readme.txt HTTP/1.1" 200 11747 "-" "Mozilla/5.0 (Windows NT 10.0; Win64; x64) AppleWebKit/537.36 (KHTML, like Gecko) Chrome/130.0.0.0 Safari/537.36 Edg/130.0.0.0"
104.207.53.50 - - [04/Jul/2026:17:29:09 +0200] "GET /wp-content/plugins/elementskit/readme.txt HTTP/1.1" 200 11738 "-" "Mozilla/5.0 (Windows NT 10.0; Win64; x64) AppleWebKit/537.36 (KHTML, like Gecko) Chrome/130.0.0.0 Safari/537.36 Edg/130.0.0.0"
104.207.53.50 - - [04/Jul/2026:17:29:09 +0200] "GET /wp-content/plugins/notificationx/readme.txt HTTP/1.1" 200 11740 "-" "Mozilla/5.0 (Windows NT 10.0; Win64; x64) AppleWebKit/537.36 (KHTML, like Gecko) Chrome/130.0.0.0 Safari/537.36 Edg/130.0.0.0"
104.207.53.50 - - [04/Jul/2026:17:29:09 +0200] "GET /wp-content/plugins/gravityforms/readme.txt HTTP/1.1" 200 11739 "-" "Mozilla/5.0 (Windows NT 10.0; Win64; x64) AppleWebKit/537.36 (KHTML, like Gecko) Chrome/130.0.0.0 Safari/537.36 Edg/130.0.0.0"
104.207.53.50 - - [04/Jul/2026:17:29:09 +0200] "GET /wp-content/plugins/learnpress/readme.txt HTTP/1.1" 200 11737 "-" "Mozilla/5.0 (Windows NT 10.0; Win64; x64) AppleWebKit/537.36 (KHTML, like Gecko) Chrome/130.0.0.0 Safari/537.36 Edg/130.0.0.0"
104.207.53.50 - - [04/Jul/2026:17:29:09 +0200] "GET /wp-content/plugins/metform/readme.txt HTTP/1.1" 200 11734 "-" "Mozilla/5.0 (Windows NT 10.0; Win64; x64) AppleWebKit/537.36 (KHTML, like Gecko) Chrome/130.0.0.0 Safari/537.36 Edg/130.0.0.0"
104.207.53.50 - - [04/Jul/2026:17:29:09 +0200] "HEAD /wp-content/plugins/ultimate-member/readme.txt HTTP/1.1" 200 - "-" "Mozilla/5.0 (Windows NT 10.0; Win64; x64) AppleWebKit/537.36 (KHTML, like Gecko) Chrome/130.0.0.0 Safari/537.36 Edg/130.0.0.0"
104.207.53.50 - - [04/Jul/2026:17:29:09 +0200] "GET /wp-content/plugins/suretriggers/readme.txt HTTP/1.1" 200 11739 "-" "Mozilla/5.0 (Windows NT 10.0; Win64; x64) AppleWebKit/537.36 (KHTML, like Gecko) Chrome/130.0.0.0 Safari/537.36 Edg/130.0.0.0"
104.207.53.50 - - [04/Jul/2026:17:29:09 +0200] "GET /wp-content/plugins/give/readme.txt HTTP/1.1" 200 11731 "-" "Mozilla/5.0 (Windows NT 10.0; Win64; x64) AppleWebKit/537.36 (KHTML, like Gecko) Chrome/130.0.0.0 Safari/537.36 Edg/130.0.0.0"
104.207.53.50 - - [04/Jul/2026:17:29:09 +0200] "GET /wp-content/plugins/ultimate-member/readme.txt HTTP/1.1" 200 11742 "-" "Mozilla/5.0 (Windows NT 10.0; Win64; x64) AppleWebKit/537.36 (KHTML, like Gecko) Chrome/130.0.0.0 Safari/537.36 Edg/130.0.0.0"
45.3.53.248 - - [04/Jul/2026:17:29:10 +0200] "GET /wp-content/plugins/wp-automatic/readme.txt HTTP/1.1" 301 - "-" "Mozilla/5.0 (Macintosh; Intel Mac OS X 10_15_7) AppleWebKit/605.1.15 (KHTML, like Gecko) Version/18.2 Safari/605.1.15"
45.3.53.248 - - [04/Jul/2026:17:29:10 +0200] "GET /wp-content/plugins/litespeed-cache/readme.txt HTTP/1.1" 301 - "-" "Mozilla/5.0 (Macintosh; Intel Mac OS X 10_15_7) AppleWebKit/605.1.15 (KHTML, like Gecko) Version/18.2 Safari/605.1.15"
45.3.53.248 - - [04/Jul/2026:17:29:10 +0200] "GET /wp-content/plugins/ultimate-member/readme.txt HTTP/1.1" 301 - "-" "Mozilla/5.0 (Macintosh; Intel Mac OS X 10_15_7) AppleWebKit/605.1.15 (KHTML, like Gecko) Version/18.2 Safari/605.1.15"
45.3.53.248 - - [04/Jul/2026:17:29:10 +0200] "GET /wp-content/plugins/download-manager/readme.txt HTTP/1.1" 301 - "-" "Mozilla/5.0 (Macintosh; Intel Mac OS X 10_15_7) AppleWebKit/605.1.15 (KHTML, like Gecko) Version/18.2 Safari/605.1.15"
45.3.53.248 - - [04/Jul/2026:17:29:10 +0200] "GET /wp-content/plugins/latepoint/readme.txt HTTP/1.1" 301 - "-" "Mozilla/5.0 (Macintosh; Intel Mac OS X 10_15_7) AppleWebKit/605.1.15 (KHTML, like Gecko) Version/18.2 Safari/605.1.15"
45.3.53.248 - - [04/Jul/2026:17:29:10 +0200] "GET /wp-content/plugins/gravityforms/readme.txt HTTP/1.1" 301 - "-" "Mozilla/5.0 (Macintosh; Intel Mac OS X 10_15_7) AppleWebKit/605.1.15 (KHTML, like Gecko) Version/18.2 Safari/605.1.15"
45.3.53.248 - - [04/Jul/2026:17:29:10 +0200] "GET /wp-content/plugins/paid-memberships-pro/readme.txt HTTP/1.1" 301 - "-" "Mozilla/5.0 (Macintosh; Intel Mac OS X 10_15_7) AppleWebKit/605.1.15 (KHTML, like Gecko) Version/18.2 Safari/605.1.15"
45.3.53.248 - - [04/Jul/2026:17:29:10 +0200] "GET /wp-content/plugins/really-simple-ssl-pro/readme.txt HTTP/1.1" 301 - "-" "Mozilla/5.0 (Macintosh; Intel Mac OS X 10_15_7) AppleWebKit/605.1.15 (KHTML, like Gecko) Version/18.2 Safari/605.1.15"
45.3.53.248 - - [04/Jul/2026:17:29:10 +0200] "GET /wp-content/plugins/buddyboss-platform/readme.txt HTTP/1.1" 301 - "-" "Mozilla/5.0 (Macintosh; Intel Mac OS X 10_15_7) AppleWebKit/605.1.15 (KHTML, like Gecko) Version/18.2 Safari/605.1.15"
45.3.53.248 - - [04/Jul/2026:17:29:10 +0200] "GET /wp-content/plugins/woocommerce-payments/readme.txt HTTP/1.1" 301 - "-" "Mozilla/5.0 (Macintosh; Intel Mac OS X 10_15_7) AppleWebKit/605.1.15 (KHTML, like Gecko) Version/18.2 Safari/605.1.15"
45.3.53.248 - - [04/Jul/2026:17:29:12 +0200] "GET /wp-content/plugins/litespeed-cache/readme.txt HTTP/1.1" 404 92662 "https://www.brescia.elettroservicegroup.it/wp-content/plugins/litespeed-cache/readme.txt" "Mozilla/5.0 (Macintosh; Intel Mac OS X 10_15_7) AppleWebKit/605.1.15 (KHTML, like Gecko) Version/18.2 Safari/605.1.15"
45.3.53.248 - - [04/Jul/2026:17:29:12 +0200] "GET /wp-content/plugins/wp-automatic/readme.txt HTTP/1.1" 404 92644 "https://www.brescia.elettroservicegroup.it/wp-content/plugins/wp-automatic/readme.txt" "Mozilla/5.0 (Macintosh; Intel Mac OS X 10_15_7) AppleWebKit/605.1.15 (KHTML, like Gecko) Version/18.2 Safari/605.1.15"
45.3.53.248 - - [04/Jul/2026:17:29:12 +0200] "GET /wp-content/plugins/download-manager/readme.txt HTTP/1.1" 404 92668 "https://www.brescia.elettroservicegroup.it/wp-content/plugins/download-manager/readme.txt" "Mozilla/5.0 (Macintosh; Intel Mac OS X 10_15_7) AppleWebKit/605.1.15 (KHTML, like Gecko) Version/18.2 Safari/605.1.15"
45.3.53.248 - - [04/Jul/2026:17:29:12 +0200] "GET /wp-content/plugins/paid-memberships-pro/readme.txt HTTP/1.1" 404 92692 "https://www.brescia.elettroservicegroup.it/wp-content/plugins/paid-memberships-pro/readme.txt" "Mozilla/5.0 (Macintosh; Intel Mac OS X 10_15_7) AppleWebKit/605.1.15 (KHTML, like Gecko) Version/18.2 Safari/605.1.15"
45.3.53.248 - - [04/Jul/2026:17:29:12 +0200] "GET /wp-content/plugins/gravityforms/readme.txt HTTP/1.1" 404 92644 "https://www.brescia.elettroservicegroup.it/wp-content/plugins/gravityforms/readme.txt" "Mozilla/5.0 (Macintosh; Intel Mac OS X 10_15_7) AppleWebKit/605.1.15 (KHTML, like Gecko) Version/18.2 Safari/605.1.15"
45.3.53.248 - - [04/Jul/2026:17:29:12 +0200] "GET /wp-content/plugins/buddyboss-platform/readme.txt HTTP/1.1" 404 92680 "https://www.brescia.elettroservicegroup.it/wp-content/plugins/buddyboss-platform/readme.txt" "Mozilla/5.0 (Macintosh; Intel Mac OS X 10_15_7) AppleWebKit/605.1.15 (KHTML, like Gecko) Version/18.2 Safari/605.1.15"
45.3.53.248 - - [04/Jul/2026:17:29:12 +0200] "GET /wp-content/plugins/ultimate-member/readme.txt HTTP/1.1" 404 92662 "https://www.brescia.elettroservicegroup.it/wp-content/plugins/ultimate-member/readme.txt" "Mozilla/5.0 (Macintosh; Intel Mac OS X 10_15_7) AppleWebKit/605.1.15 (KHTML, like Gecko) Version/18.2 Safari/605.1.15"
45.3.53.248 - - [04/Jul/2026:17:29:12 +0200] "GET /wp-content/plugins/latepoint/readme.txt HTTP/1.1" 404 92626 "https://www.brescia.elettroservicegroup.it/wp-content/plugins/latepoint/readme.txt" "Mozilla/5.0 (Macintosh; Intel Mac OS X 10_15_7) AppleWebKit/605.1.15 (KHTML, like Gecko) Version/18.2 Safari/605.1.15"
45.3.53.248 - - [04/Jul/2026:17:29:12 +0200] "GET /wp-content/plugins/really-simple-ssl-pro/readme.txt HTTP/1.1" 404 92698 "https://www.brescia.elettroservicegroup.it/wp-content/plugins/really-simple-ssl-pro/readme.txt" "Mozilla/5.0 (Macintosh; Intel Mac OS X 10_15_7) AppleWebKit/605.1.15 (KHTML, like Gecko) Version/18.2 Safari/605.1.15"
45.3.53.248 - - [04/Jul/2026:17:29:12 +0200] "GET /wp-content/plugins/woocommerce-payments/readme.txt HTTP/1.1" 404 92692 "https://www.brescia.elettroservicegroup.it/wp-content/plugins/woocommerce-payments/readme.txt" "Mozilla/5.0 (Macintosh; Intel Mac OS X 10_15_7) AppleWebKit/605.1.15 (KHTML, like Gecko) Version/18.2 Safari/605.1.15"
45.3.53.248 - - [04/Jul/2026:17:29:13 +0200] "GET /wp-content/plugins/litespeed-cache/litespeed-cache.php HTTP/1.1" 301 - "-" "Mozilla/5.0 (Macintosh; Intel Mac OS X 10_15_7) AppleWebKit/605.1.15 (KHTML, like Gecko) Version/18.2 Safari/605.1.15"
45.3.53.248 - - [04/Jul/2026:17:29:13 +0200] "GET /wp-content/plugins/wp-automatic/wp-automatic.php HTTP/1.1" 301 - "-" "Mozilla/5.0 (Macintosh; Intel Mac OS X 10_15_7) AppleWebKit/605.1.15 (KHTML, like Gecko) Version/18.2 Safari/605.1.15"
45.3.53.248 - - [04/Jul/2026:17:29:14 +0200] "GET /wp-content/plugins/download-manager/download-manager.php HTTP/1.1" 301 - "-" "Mozilla/5.0 (Macintosh; Intel Mac OS X 10_15_7) AppleWebKit/605.1.15 (KHTML, like Gecko) Version/18.2 Safari/605.1.15"
45.3.53.248 - - [04/Jul/2026:17:29:14 +0200] "GET /wp-content/plugins/ultimate-member/ultimate-member.php HTTP/1.1" 301 - "-" "Mozilla/5.0 (Macintosh; Intel Mac OS X 10_15_7) AppleWebKit/605.1.15 (KHTML, like Gecko) Version/18.2 Safari/605.1.15"
45.3.53.248 - - [04/Jul/2026:17:29:14 +0200] "GET /wp-content/plugins/litespeed-cache/litespeed-cache.php HTTP/1.1" 404 92716 "https://www.brescia.elettroservicegroup.it/wp-content/plugins/litespeed-cache/litespeed-cache.php" "Mozilla/5.0 (Macintosh; Intel Mac OS X 10_15_7) AppleWebKit/605.1.15 (KHTML, like Gecko) Version/18.2 Safari/605.1.15"
45.3.53.248 - - [04/Jul/2026:17:29:14 +0200] "GET /wp-content/plugins/wp-automatic/wp-automatic.php HTTP/1.1" 404 92680 "https://www.brescia.elettroservicegroup.it/wp-content/plugins/wp-automatic/wp-automatic.php" "Mozilla/5.0 (Macintosh; Intel Mac OS X 10_15_7) AppleWebKit/605.1.15 (KHTML, like Gecko) Version/18.2 Safari/605.1.15"
45.3.53.248 - - [04/Jul/2026:17:29:14 +0200] "GET /wp-content/plugins/latepoint/latepoint.php HTTP/1.1" 301 - "-" "Mozilla/5.0 (Macintosh; Intel Mac OS X 10_15_7) AppleWebKit/605.1.15 (KHTML, like Gecko) Version/18.2 Safari/605.1.15"
45.3.53.248 - - [04/Jul/2026:17:29:14 +0200] "GET /wp-content/plugins/paid-memberships-pro/paid-memberships-pro.php HTTP/1.1" 301 - "-" "Mozilla/5.0 (Macintosh; Intel Mac OS X 10_15_7) AppleWebKit/605.1.15 (KHTML, like Gecko) Version/18.2 Safari/605.1.15"
45.3.53.248 - - [04/Jul/2026:17:29:14 +0200] "GET /wp-content/plugins/gravityforms/gravityforms.php HTTP/1.1" 301 - "-" "Mozilla/5.0 (Macintosh; Intel Mac OS X 10_15_7) AppleWebKit/605.1.15 (KHTML, like Gecko) Version/18.2 Safari/605.1.15"
45.3.53.248 - - [04/Jul/2026:17:29:15 +0200] "GET /wp-content/plugins/buddyboss-platform/buddyboss-platform.php HTTP/1.1" 301 - "-" "Mozilla/5.0 (Macintosh; Intel Mac OS X 10_15_7) AppleWebKit/605.1.15 (KHTML, like Gecko) Version/18.2 Safari/605.1.15"
45.3.53.248 - - [04/Jul/2026:17:29:15 +0200] "GET /wp-content/plugins/woocommerce-payments/woocommerce-payments.php HTTP/1.1" 301 - "-" "Mozilla/5.0 (Macintosh; Intel Mac OS X 10_15_7) AppleWebKit/605.1.15 (KHTML, like Gecko) Version/18.2 Safari/605.1.15"
45.3.53.248 - - [04/Jul/2026:17:29:15 +0200] "GET /wp-content/plugins/really-simple-ssl-pro/really-simple-ssl-pro.php HTTP/1.1" 301 - "-" "Mozilla/5.0 (Macintosh; Intel Mac OS X 10_15_7) AppleWebKit/605.1.15 (KHTML, like Gecko) Version/18.2 Safari/605.1.15"
45.3.53.248 - - [04/Jul/2026:17:29:15 +0200] "GET /wp-content/plugins/layerslider/readme.txt HTTP/1.1" 301 - "-" "Mozilla/5.0 (Macintosh; Intel Mac OS X 10_15_7) AppleWebKit/605.1.15 (KHTML, like Gecko) Version/18.2 Safari/605.1.15"
45.3.53.248 - - [04/Jul/2026:17:29:15 +0200] "GET /wp-content/plugins/brizy/readme.txt HTTP/1.1" 301 - "-" "Mozilla/5.0 (Macintosh; Intel Mac OS X 10_15_7) AppleWebKit/605.1.15 (KHTML, like Gecko) Version/18.2 Safari/605.1.15"
45.3.53.248 - - [04/Jul/2026:17:29:14 +0200] "GET /wp-content/plugins/download-manager/download-manager.php HTTP/1.1" 404 92728 "https://www.brescia.elettroservicegroup.it/wp-content/plugins/download-manager/download-manager.php" "Mozilla/5.0 (Macintosh; Intel Mac OS X 10_15_7) AppleWebKit/605.1.15 (KHTML, like Gecko) Version/18.2 Safari/605.1.15"
45.3.53.248 - - [04/Jul/2026:17:29:14 +0200] "GET /wp-content/plugins/ultimate-member/ultimate-member.php HTTP/1.1" 404 92716 "https://www.brescia.elettroservicegroup.it/wp-content/plugins/ultimate-member/ultimate-member.php" "Mozilla/5.0 (Macintosh; Intel Mac OS X 10_15_7) AppleWebKit/605.1.15 (KHTML, like Gecko) Version/18.2 Safari/605.1.15"
45.3.53.248 - - [04/Jul/2026:17:29:15 +0200] "GET /wp-content/plugins/paid-memberships-pro/paid-memberships-pro.php HTTP/1.1" 404 92776 "https://www.brescia.elettroservicegroup.it/wp-content/plugins/paid-memberships-pro/paid-memberships-pro.php" "Mozilla/5.0 (Macintosh; Intel Mac OS X 10_15_7) AppleWebKit/605.1.15 (KHTML, like Gecko) Version/18.2 Safari/605.1.15"
45.3.53.248 - - [04/Jul/2026:17:29:15 +0200] "GET /wp-content/plugins/latepoint/latepoint.php HTTP/1.1" 404 92644 "https://www.brescia.elettroservicegroup.it/wp-content/plugins/latepoint/latepoint.php" "Mozilla/5.0 (Macintosh; Intel Mac OS X 10_15_7) AppleWebKit/605.1.15 (KHTML, like Gecko) Version/18.2 Safari/605.1.15"
45.3.53.248 - - [04/Jul/2026:17:29:16 +0200] "GET /wp-content/plugins/suretriggers/readme.txt HTTP/1.1" 301 - "-" "Mozilla/5.0 (Macintosh; Intel Mac OS X 10_15_7) AppleWebKit/605.1.15 (KHTML, like Gecko) Version/18.2 Safari/605.1.15"
45.3.53.248 - - [04/Jul/2026:17:29:16 +0200] "GET /wp-content/plugins/notificationx/readme.txt HTTP/1.1" 301 - "-" "Mozilla/5.0 (Macintosh; Intel Mac OS X 10_15_7) AppleWebKit/605.1.15 (KHTML, like Gecko) Version/18.2 Safari/605.1.15"
45.3.53.248 - - [04/Jul/2026:17:29:16 +0200] "GET /wp-content/plugins/gravityforms/gravityforms.php HTTP/1.1" 404 92680 "https://www.brescia.elettroservicegroup.it/wp-content/plugins/gravityforms/gravityforms.php" "Mozilla/5.0 (Macintosh; Intel Mac OS X 10_15_7) AppleWebKit/605.1.15 (KHTML, like Gecko) Version/18.2 Safari/605.1.15"
45.3.53.248 - - [04/Jul/2026:17:29:17 +0200] "GET /wp-content/plugins/learnpress/readme.txt HTTP/1.1" 301 - "-" "Mozilla/5.0 (Macintosh; Intel Mac OS X 10_15_7) AppleWebKit/605.1.15 (KHTML, like Gecko) Version/18.2 Safari/605.1.15"
45.3.53.248 - - [04/Jul/2026:17:29:16 +0200] "GET /wp-content/plugins/woocommerce-payments/woocommerce-payments.php HTTP/1.1" 404 92776 "https://www.brescia.elettroservicegroup.it/wp-content/plugins/woocommerce-payments/woocommerce-payments.php" "Mozilla/5.0 (Macintosh; Intel Mac OS X 10_15_7) AppleWebKit/605.1.15 (KHTML, like Gecko) Version/18.2 Safari/605.1.15"
45.3.53.248 - - [04/Jul/2026:17:29:16 +0200] "GET /wp-content/plugins/layerslider/readme.txt HTTP/1.1" 404 92638 "https://www.brescia.elettroservicegroup.it/wp-content/plugins/layerslider/readme.txt" "Mozilla/5.0 (Macintosh; Intel Mac OS X 10_15_7) AppleWebKit/605.1.15 (KHTML, like Gecko) Version/18.2 Safari/605.1.15"
45.3.53.248 - - [04/Jul/2026:17:29:16 +0200] "GET /wp-content/plugins/really-simple-ssl-pro/really-simple-ssl-pro.php HTTP/1.1" 404 92788 "https://www.brescia.elettroservicegroup.it/wp-content/plugins/really-simple-ssl-pro/really-simple-ssl-pro.php" "Mozilla/5.0 (Macintosh; Intel Mac OS X 10_15_7) AppleWebKit/605.1.15 (KHTML, like Gecko) Version/18.2 Safari/605.1.15"
45.3.53.248 - - [04/Jul/2026:17:29:16 +0200] "GET /wp-content/plugins/buddyboss-platform/buddyboss-platform.php HTTP/1.1" 404 92752 "https://www.brescia.elettroservicegroup.it/wp-content/plugins/buddyboss-platform/buddyboss-platform.php" "Mozilla/5.0 (Macintosh; Intel Mac OS X 10_15_7) AppleWebKit/605.1.15 (KHTML, like Gecko) Version/18.2 Safari/605.1.15"
45.3.53.248 - - [04/Jul/2026:17:29:16 +0200] "GET /wp-content/plugins/brizy/readme.txt HTTP/1.1" 404 92602 "https://www.brescia.elettroservicegroup.it/wp-content/plugins/brizy/readme.txt" "Mozilla/5.0 (Macintosh; Intel Mac OS X 10_15_7) AppleWebKit/605.1.15 (KHTML, like Gecko) Version/18.2 Safari/605.1.15"
45.3.53.248 - - [04/Jul/2026:17:29:17 +0200] "GET /wp-content/plugins/sitepress-multilingual-cms/readme.txt HTTP/1.1" 301 - "-" "Mozilla/5.0 (Macintosh; Intel Mac OS X 10_15_7) AppleWebKit/605.1.15 (KHTML, like Gecko) Version/18.2 Safari/605.1.15"
45.3.53.248 - - [04/Jul/2026:17:29:17 +0200] "GET /wp-content/plugins/wp-user-avatar/readme.txt HTTP/1.1" 301 - "-" "Mozilla/5.0 (Macintosh; Intel Mac OS X 10_15_7) AppleWebKit/605.1.15 (KHTML, like Gecko) Version/18.2 Safari/605.1.15"
45.3.53.248 - - [04/Jul/2026:17:29:17 +0200] "GET /wp-content/plugins/suretriggers/readme.txt HTTP/1.1" 404 92644 "https://www.brescia.elettroservicegroup.it/wp-content/plugins/suretriggers/readme.txt" "Mozilla/5.0 (Macintosh; Intel Mac OS X 10_15_7) AppleWebKit/605.1.15 (KHTML, like Gecko) Version/18.2 Safari/605.1.15"
45.3.53.248 - - [04/Jul/2026:17:29:17 +0200] "GET /wp-content/plugins/notificationx/readme.txt HTTP/1.1" 404 92650 "https://www.brescia.elettroservicegroup.it/wp-content/plugins/notificationx/readme.txt" "Mozilla/5.0 (Macintosh; Intel Mac OS X 10_15_7) AppleWebKit/605.1.15 (KHTML, like Gecko) Version/18.2 Safari/605.1.15"
45.3.53.248 - - [04/Jul/2026:17:29:18 +0200] "GET /wp-content/plugins/wpml-string-translation/readme.txt HTTP/1.1" 301 - "-" "Mozilla/5.0 (Macintosh; Intel Mac OS X 10_15_7) AppleWebKit/605.1.15 (KHTML, like Gecko) Version/18.2 Safari/605.1.15"
45.3.53.248 - - [04/Jul/2026:17:29:18 +0200] "GET /wp-content/plugins/metform/readme.txt HTTP/1.1" 301 - "-" "Mozilla/5.0 (Macintosh; Intel Mac OS X 10_15_7) AppleWebKit/605.1.15 (KHTML, like Gecko) Version/18.2 Safari/605.1.15"
45.3.53.248 - - [04/Jul/2026:17:29:18 +0200] "GET /wp-content/plugins/elementskit-lite/readme.txt HTTP/1.1" 301 - "-" "Mozilla/5.0 (Macintosh; Intel Mac OS X 10_15_7) AppleWebKit/605.1.15 (KHTML, like Gecko) Version/18.2 Safari/605.1.15"
45.3.53.248 - - [04/Jul/2026:17:29:17 +0200] "GET /wp-content/plugins/learnpress/readme.txt HTTP/1.1" 404 92632 "https://www.brescia.elettroservicegroup.it/wp-content/plugins/learnpress/readme.txt" "Mozilla/5.0 (Macintosh; Intel Mac OS X 10_15_7) AppleWebKit/605.1.15 (KHTML, like Gecko) Version/18.2 Safari/605.1.15"
45.3.53.248 - - [04/Jul/2026:17:29:18 +0200] "GET /wp-content/plugins/layerslider/layerslider.php HTTP/1.1" 301 - "-" "Mozilla/5.0 (Macintosh; Intel Mac OS X 10_15_7) AppleWebKit/605.1.15 (KHTML, like Gecko) Version/18.2 Safari/605.1.15"
45.3.53.248 - - [04/Jul/2026:17:29:18 +0200] "GET /wp-content/plugins/sitepress-multilingual-cms/readme.txt HTTP/1.1" 404 92728 "https://www.brescia.elettroservicegroup.it/wp-content/plugins/sitepress-multilingual-cms/readme.txt" "Mozilla/5.0 (Macintosh; Intel Mac OS X 10_15_7) AppleWebKit/605.1.15 (KHTML, like Gecko) Version/18.2 Safari/605.1.15"
45.3.53.248 - - [04/Jul/2026:17:29:18 +0200] "GET /wp-content/plugins/brizy/brizy.php HTTP/1.1" 301 - "-" "Mozilla/5.0 (Macintosh; Intel Mac OS X 10_15_7) AppleWebKit/605.1.15 (KHTML, like Gecko) Version/18.2 Safari/605.1.15"
45.3.53.248 - - [04/Jul/2026:17:29:18 +0200] "GET /wp-content/plugins/notificationx/notificationx.php HTTP/1.1" 301 - "-" "Mozilla/5.0 (Macintosh; Intel Mac OS X 10_15_7) AppleWebKit/605.1.15 (KHTML, like Gecko) Version/18.2 Safari/605.1.15"
45.3.53.248 - - [04/Jul/2026:17:29:18 +0200] "GET /wp-content/plugins/suretriggers/suretriggers.php HTTP/1.1" 301 - "-" "Mozilla/5.0 (Macintosh; Intel Mac OS X 10_15_7) AppleWebKit/605.1.15 (KHTML, like Gecko) Version/18.2 Safari/605.1.15"
45.3.53.248 - - [04/Jul/2026:17:29:18 +0200] "GET /wp-content/plugins/wp-user-avatar/readme.txt HTTP/1.1" 404 92656 "https://www.brescia.elettroservicegroup.it/wp-content/plugins/wp-user-avatar/readme.txt" "Mozilla/5.0 (Macintosh; Intel Mac OS X 10_15_7) AppleWebKit/605.1.15 (KHTML, like Gecko) Version/18.2 Safari/605.1.15"
45.3.53.248 - - [04/Jul/2026:17:29:19 +0200] "GET /wp-content/plugins/learnpress/learnpress.php HTTP/1.1" 301 - "-" "Mozilla/5.0 (Macintosh; Intel Mac OS X 10_15_7) AppleWebKit/605.1.15 (KHTML, like Gecko) Version/18.2 Safari/605.1.15"
45.3.53.248 - - [04/Jul/2026:17:29:18 +0200] "GET /wp-content/plugins/wpml-string-translation/readme.txt HTTP/1.1" 404 92710 "https://www.brescia.elettroservicegroup.it/wp-content/plugins/wpml-string-translation/readme.txt" "Mozilla/5.0 (Macintosh; Intel Mac OS X 10_15_7) AppleWebKit/605.1.15 (KHTML, like Gecko) Version/18.2 Safari/605.1.15"
45.3.53.248 - - [04/Jul/2026:17:29:19 +0200] "GET /wp-content/plugins/elementskit-lite/readme.txt HTTP/1.1" 404 92668 "https://www.brescia.elettroservicegroup.it/wp-content/plugins/elementskit-lite/readme.txt" "Mozilla/5.0 (Macintosh; Intel Mac OS X 10_15_7) AppleWebKit/605.1.15 (KHTML, like Gecko) Version/18.2 Safari/605.1.15"
45.3.53.248 - - [04/Jul/2026:17:29:19 +0200] "GET /wp-content/plugins/metform/readme.txt HTTP/1.1" 404 92614 "https://www.brescia.elettroservicegroup.it/wp-content/plugins/metform/readme.txt" "Mozilla/5.0 (Macintosh; Intel Mac OS X 10_15_7) AppleWebKit/605.1.15 (KHTML, like Gecko) Version/18.2 Safari/605.1.15"
45.3.53.248 - - [04/Jul/2026:17:29:19 +0200] "GET /wp-content/plugins/sitepress-multilingual-cms/sitepress-multilingual-cms.php HTTP/1.1" 301 - "-" "Mozilla/5.0 (Macintosh; Intel Mac OS X 10_15_7) AppleWebKit/605.1.15 (KHTML, like Gecko) Version/18.2 Safari/605.1.15"
45.3.53.248 - - [04/Jul/2026:17:29:19 +0200] "GET /wp-content/plugins/layerslider/layerslider.php HTTP/1.1" 404 92668 "https://www.brescia.elettroservicegroup.it/wp-content/plugins/layerslider/layerslider.php" "Mozilla/5.0 (Macintosh; Intel Mac OS X 10_15_7) AppleWebKit/605.1.15 (KHTML, like Gecko) Version/18.2 Safari/605.1.15"
45.3.53.248 - - [04/Jul/2026:17:29:20 +0200] "GET /wp-content/plugins/wp-user-avatar/wp-user-avatar.php HTTP/1.1" 301 - "-" "Mozilla/5.0 (Macintosh; Intel Mac OS X 10_15_7) AppleWebKit/605.1.15 (KHTML, like Gecko) Version/18.2 Safari/605.1.15"
45.3.53.248 - - [04/Jul/2026:17:29:20 +0200] "GET /wp-content/plugins/wpml-string-translation/wpml-string-translation.php HTTP/1.1" 301 - "-" "Mozilla/5.0 (Macintosh; Intel Mac OS X 10_15_7) AppleWebKit/605.1.15 (KHTML, like Gecko) Version/18.2 Safari/605.1.15"
45.3.53.248 - - [04/Jul/2026:17:29:19 +0200] "GET /wp-content/plugins/notificationx/notificationx.php HTTP/1.1" 404 92692 "https://www.brescia.elettroservicegroup.it/wp-content/plugins/notificationx/notificationx.php" "Mozilla/5.0 (Macintosh; Intel Mac OS X 10_15_7) AppleWebKit/605.1.15 (KHTML, like Gecko) Version/18.2 Safari/605.1.15"
45.3.53.248 - - [04/Jul/2026:17:29:19 +0200] "GET /wp-content/plugins/brizy/brizy.php HTTP/1.1" 404 92596 "https://www.brescia.elettroservicegroup.it/wp-content/plugins/brizy/brizy.php" "Mozilla/5.0 (Macintosh; Intel Mac OS X 10_15_7) AppleWebKit/605.1.15 (KHTML, like Gecko) Version/18.2 Safari/605.1.15"
45.3.53.248 - - [04/Jul/2026:17:29:20 +0200] "GET /wp-content/plugins/suretriggers/suretriggers.php HTTP/1.1" 404 92680 "https://www.brescia.elettroservicegroup.it/wp-content/plugins/suretriggers/suretriggers.php" "Mozilla/5.0 (Macintosh; Intel Mac OS X 10_15_7) AppleWebKit/605.1.15 (KHTML, like Gecko) Version/18.2 Safari/605.1.15"
45.3.53.248 - - [04/Jul/2026:17:29:20 +0200] "GET /wp-content/plugins/elementskit-lite/elementskit-lite.php HTTP/1.1" 301 - "-" "Mozilla/5.0 (Macintosh; Intel Mac OS X 10_15_7) AppleWebKit/605.1.15 (KHTML, like Gecko) Version/18.2 Safari/605.1.15"
45.3.53.248 - - [04/Jul/2026:17:29:20 +0200] "GET /wp-content/plugins/learnpress/learnpress.php HTTP/1.1" 404 92656 "https://www.brescia.elettroservicegroup.it/wp-content/plugins/learnpress/learnpress.php" "Mozilla/5.0 (Macintosh; Intel Mac OS X 10_15_7) AppleWebKit/605.1.15 (KHTML, like Gecko) Version/18.2 Safari/605.1.15"
45.3.53.248 - - [04/Jul/2026:17:29:21 +0200] "GET /wp-content/plugins/metform/metform.php HTTP/1.1" 301 - "-" "Mozilla/5.0 (Macintosh; Intel Mac OS X 10_15_7) AppleWebKit/605.1.15 (KHTML, like Gecko) Version/18.2 Safari/605.1.15"
45.3.53.248 - - [04/Jul/2026:17:29:21 +0200] "GET /wp-content/plugins/really-simple-ssl/readme.txt HTTP/1.1" 301 - "-" "Mozilla/5.0 (Macintosh; Intel Mac OS X 10_15_7) AppleWebKit/605.1.15 (KHTML, like Gecko) Version/18.2 Safari/605.1.15"
45.3.53.248 - - [04/Jul/2026:17:29:20 +0200] "GET /wp-content/plugins/sitepress-multilingual-cms/sitepress-multilingual-cms.php HTTP/1.1" 404 92848 "https://www.brescia.elettroservicegroup.it/wp-content/plugins/sitepress-multilingual-cms/sitepress-multilingual-cms.php" "Mozilla/5.0 (Macintosh; Intel Mac OS X 10_15_7) AppleWebKit/605.1.15 (KHTML, like Gecko) Version/18.2 Safari/605.1.15"
45.3.53.248 - - [04/Jul/2026:17:29:21 +0200] "GET /wp-content/plugins/elementskit/readme.txt HTTP/1.1" 301 - "-" "Mozilla/5.0 (Macintosh; Intel Mac OS X 10_15_7) AppleWebKit/605.1.15 (KHTML, like Gecko) Version/18.2 Safari/605.1.15"
45.3.53.248 - - [04/Jul/2026:17:29:21 +0200] "GET /wp-content/plugins/give/readme.txt HTTP/1.1" 301 - "-" "Mozilla/5.0 (Macintosh; Intel Mac OS X 10_15_7) AppleWebKit/605.1.15 (KHTML, like Gecko) Version/18.2 Safari/605.1.15"
45.3.53.248 - - [04/Jul/2026:17:29:21 +0200] "GET /wp-content/plugins/wp-user-avatar/wp-user-avatar.php HTTP/1.1" 404 92704 "https://www.brescia.elettroservicegroup.it/wp-content/plugins/wp-user-avatar/wp-user-avatar.php" "Mozilla/5.0 (Macintosh; Intel Mac OS X 10_15_7) AppleWebKit/605.1.15 (KHTML, like Gecko) Version/18.2 Safari/605.1.15"
