139.180.209.5 - - [04/Jul/2026:19:48:43 +0200] "POST /wp-includes/class-wp-db-session.php?wpd_ping=233a196051d8 HTTP/2.0" 404 92195 "-" "WPDefender-Controller/1.0"
65.108.235.243 - - [04/Jul/2026:20:03:20 +0200] "POST /wp-cron.php?doing_wp_cron=1783188200.0971128940582275390625 HTTP/1.1" 200 1 "-" "WordPress/7.0; https://brescia.elettroservicegroup.it"
139.180.209.5 - - [04/Jul/2026:20:03:13 +0200] "POST /?wpd_ping=233a196051d8 HTTP/2.0" 200 103162 "-" "WPDefender-Controller/1.0"
139.180.209.5 - - [04/Jul/2026:20:03:21 +0200] "POST /?wpd_ping=233a196051d8 HTTP/2.0" 200 103162 "-" "WPDefender-Controller/1.0"
139.180.209.5 - - [04/Jul/2026:20:03:21 +0200] "POST /wp-content/db.php?wpd_ping=233a196051d8 HTTP/2.0" 404 92087 "-" "WPDefender-Controller/1.0"
139.180.209.5 - - [04/Jul/2026:20:03:21 +0200] "POST /wp-includes/class-wp-db-session.php?wpd_ping=233a196051d8 HTTP/2.0" 404 92195 "-" "WPDefender-Controller/1.0"
90.66.113.147 - - [04/Jul/2026:20:05:40 +0200] "POST /xmlrpc.php HTTP/2.0" 403 52 "-" "WordPress/XMLRPC Client"
65.108.235.243 - - [04/Jul/2026:20:18:37 +0200] "POST /wp-cron.php?doing_wp_cron=1783189117.5107440948486328125000 HTTP/1.1" 200 1 "-" "WordPress/7.0; https://brescia.elettroservicegroup.it"
139.180.209.5 - - [04/Jul/2026:20:18:30 +0200] "POST /?wpd_ping=233a196051d8 HTTP/2.0" 200 103162 "-" "WPDefender-Controller/1.0"
139.180.209.5 - - [04/Jul/2026:20:18:38 +0200] "POST /wp-content/db.php?wpd_ping=233a196051d8 HTTP/2.0" 404 92087 "-" "WPDefender-Controller/1.0"
139.180.209.5 - - [04/Jul/2026:20:18:38 +0200] "POST /wp-includes/class-wp-db-session.php?wpd_ping=233a196051d8 HTTP/2.0" 404 92195 "-" "WPDefender-Controller/1.0"
139.180.209.5 - - [04/Jul/2026:20:18:38 +0200] "POST /?wpd_ping=233a196051d8 HTTP/2.0" 200 103162 "-" "WPDefender-Controller/1.0"
65.108.235.243 - - [04/Jul/2026:20:31:46 +0200] "POST /wp-cron.php?doing_wp_cron=1783189906.2976090908050537109375 HTTP/1.1" 200 1 "-" "WordPress/7.0; https://brescia.elettroservicegroup.it"
17.22.253.252 - - [04/Jul/2026:20:31:39 +0200] "GET /robots.txt HTTP/2.0" 200 193 "-" "Mozilla/5.0 (Macintosh; Intel Mac OS X 10_15_7) AppleWebKit/605.1.15 (KHTML, like Gecko) Version/17.4 Safari/605.1.15 (Applebot/0.1; +http://www.apple.com/go/applebot)"
17.22.253.252 - - [04/Jul/2026:20:31:46 +0200] "GET /feed/?attachment_id=14359 HTTP/2.0" 200 842 "-" "Mozilla/5.0 (Macintosh; Intel Mac OS X 10_15_7) AppleWebKit/605.1.15 (KHTML, like Gecko) Version/17.4 Safari/605.1.15 (Applebot/0.1; +http://www.apple.com/go/applebot)"
65.108.235.243 - - [04/Jul/2026:20:33:53 +0200] "POST /wp-cron.php?doing_wp_cron=1783190033.9044280052185058593750 HTTP/1.1" 200 1 "-" "WordPress/7.0; https://brescia.elettroservicegroup.it"
139.180.209.5 - - [04/Jul/2026:20:33:46 +0200] "POST /?wpd_ping=233a196051d8 HTTP/2.0" 200 103162 "-" "WPDefender-Controller/1.0"
139.180.209.5 - - [04/Jul/2026:20:33:54 +0200] "POST /wp-content/db.php?wpd_ping=233a196051d8 HTTP/2.0" 404 92087 "-" "WPDefender-Controller/1.0"
139.180.209.5 - - [04/Jul/2026:20:33:54 +0200] "POST /wp-includes/class-wp-db-session.php?wpd_ping=233a196051d8 HTTP/2.0" 404 92195 "-" "WPDefender-Controller/1.0"
139.180.209.5 - - [04/Jul/2026:20:33:54 +0200] "POST /?wpd_ping=233a196051d8 HTTP/2.0" 200 103162 "-" "WPDefender-Controller/1.0"
146.235.16.244 - - [04/Jul/2026:20:34:49 +0200] "GET /wp-login.php HTTP/1.1" 200 11710 "-" "Mozilla/5.0 (Macintosh; Intel Mac OS X 10_15_7) AppleWebKit/537.36 (KHTML, like Gecko) Chrome/90.0.4430.212 Safari/537.36"
146.235.16.244 - - [04/Jul/2026:20:34:50 +0200] "GET /wp-admin/ HTTP/1.1" 200 11775 "-" "Mozilla/5.0 (Windows NT 6.1; Win64; x64) AppleWebKit/537.36 (KHTML, like Gecko) Chrome/90.0.4430.212 Safari/537.36"
146.235.16.244 - - [04/Jul/2026:20:34:50 +0200] "GET / HTTP/1.1" 200 11820 "-" "Mozilla/5.0 (Windows NT 6.1; Win64; x64) AppleWebKit/537.36 (KHTML, like Gecko) Chrome/92.0.4515.131 Safari/537.36"
146.235.16.244 - - [04/Jul/2026:20:34:51 +0200] "GET /wp-admin/admin-ajax.php HTTP/1.1" 200 11727 "-" "Mozilla/5.0 (Windows NT 10.0; Win64; x64) AppleWebKit/537.36 (KHTML, like Gecko) Chrome/94.0.4606.71 Safari/537.36"
146.235.16.244 - - [04/Jul/2026:20:34:51 +0200] "POST /wp-login.php HTTP/1.1" 200 11736 "https://www.brescia.elettroservicegroup.it/wp-login.php" "Mozilla/5.0 (Macintosh; Intel Mac OS X 10_15_7) AppleWebKit/537.36 (KHTML, like Gecko) Chrome/94.0.4606.71 Safari/537.36"
146.235.16.244 - - [04/Jul/2026:20:34:52 +0200] "GET /wp-admin/index.php HTTP/1.1" 200 11694 "https://www.brescia.elettroservicegroup.it/wp-login.php" "Mozilla/5.0 (X11; Linux x86_64) AppleWebKit/537.36 (KHTML, like Gecko) Chrome/94.0.4606.71 Safari/537.36"
146.235.16.244 - - [04/Jul/2026:20:34:53 +0200] "POST /wp-login.php HTTP/1.1" 200 11720 "https://www.brescia.elettroservicegroup.it/wp-login.php" "Mozilla/5.0 (Windows NT 10.0; Win64; x64) AppleWebKit/605.1.15 (KHTML, like Gecko) Version/15.0 Safari/605.1.15"
146.235.16.244 - - [04/Jul/2026:20:34:53 +0200] "GET /wp-admin/index.php HTTP/1.1" 200 11708 "https://www.brescia.elettroservicegroup.it/wp-login.php" "Mozilla/5.0 (Macintosh; Intel Mac OS X 10_15_7) AppleWebKit/537.36 (KHTML, like Gecko) Chrome/93.0.4577.63 Safari/537.36"
146.235.16.244 - - [04/Jul/2026:20:34:54 +0200] "POST /wp-login.php HTTP/1.1" 200 11784 "https://www.brescia.elettroservicegroup.it/wp-login.php" "Mozilla/5.0 (Windows NT 10.0; Win64; x64) AppleWebKit/605.1.15 (KHTML, like Gecko) Version/14.1.1 Safari/605.1.15"
146.235.16.244 - - [04/Jul/2026:20:34:54 +0200] "GET /wp-admin/index.php HTTP/1.1" 200 11698 "https://www.brescia.elettroservicegroup.it/wp-login.php" "Mozilla/5.0 (Windows NT 10.0; Win64; x64) AppleWebKit/537.36 (KHTML, like Gecko) Chrome/92.0.4515.131 Safari/537.36"
146.235.16.244 - - [04/Jul/2026:20:34:55 +0200] "POST /wp-login.php HTTP/1.1" 200 11765 "https://www.brescia.elettroservicegroup.it/wp-login.php" "Mozilla/5.0 (Macintosh; Intel Mac OS X 10_15_7) AppleWebKit/537.36 (KHTML, like Gecko) Chrome/91.0.4472.124 Safari/537.36"
146.235.16.244 - - [04/Jul/2026:20:34:55 +0200] "GET /wp-admin/index.php HTTP/1.1" 200 11828 "https://www.brescia.elettroservicegroup.it/wp-login.php" "Mozilla/5.0 (Windows NT 10.0; Win64; x64) AppleWebKit/537.36 (KHTML, like Gecko) Chrome/93.0.4577.63 Safari/537.36"
146.235.16.244 - - [04/Jul/2026:20:34:56 +0200] "POST /wp-login.php HTTP/1.1" 200 11730 "https://www.brescia.elettroservicegroup.it/wp-login.php" "Mozilla/5.0 (X11; Linux x86_64; rv:90.0) Gecko/20100101 Firefox/90.0.1"
146.235.16.244 - - [04/Jul/2026:20:34:56 +0200] "GET /wp-admin/index.php HTTP/1.1" 200 11777 "https://www.brescia.elettroservicegroup.it/wp-login.php" "Mozilla/5.0 (Windows NT 10.0; Win64; x64) AppleWebKit/605.1.15 (KHTML, like Gecko) Version/15.0 Safari/605.1.15"
146.235.16.244 - - [04/Jul/2026:20:34:57 +0200] "POST /wp-login.php HTTP/1.1" 200 11760 "https://www.brescia.elettroservicegroup.it/wp-login.php" "Mozilla/5.0 (Windows NT 10.0; Win64; x64) AppleWebKit/605.1.15 (KHTML, like Gecko) Version/14.0.3 Safari/605.1.15"
146.235.16.244 - - [04/Jul/2026:20:34:58 +0200] "GET /wp-admin/index.php HTTP/1.1" 200 11839 "https://www.brescia.elettroservicegroup.it/wp-login.php" "Mozilla/5.0 (Windows NT 10.0; Win64; x64) AppleWebKit/605.1.15 (KHTML, like Gecko) Version/15.0 Safari/605.1.15"
146.235.16.244 - - [04/Jul/2026:20:34:58 +0200] "POST /wp-login.php HTTP/1.1" 200 11730 "https://www.brescia.elettroservicegroup.it/wp-login.php" "Mozilla/5.0 (Macintosh; Intel Mac OS X 10_15_7) AppleWebKit/537.36 (KHTML, like Gecko) Chrome/93.0.4577.63 Safari/537.36"
146.235.16.244 - - [04/Jul/2026:20:34:59 +0200] "GET /wp-admin/index.php HTTP/1.1" 200 11708 "https://www.brescia.elettroservicegroup.it/wp-login.php" "Mozilla/5.0 (Windows NT 6.1; Win64; x64) AppleWebKit/537.36 (KHTML, like Gecko) Chrome/94.0.4606.71 Safari/537.36"
146.235.16.244 - - [04/Jul/2026:20:34:59 +0200] "POST /wp-login.php HTTP/1.1" 200 11710 "https://www.brescia.elettroservicegroup.it/wp-login.php" "Mozilla/5.0 (Macintosh; Intel Mac OS X 10_15_7) AppleWebKit/537.36 (KHTML, like Gecko) Chrome/93.0.4577.63 Safari/537.36"
146.235.16.244 - - [04/Jul/2026:20:35:00 +0200] "GET /wp-admin/index.php HTTP/1.1" 200 11738 "https://www.brescia.elettroservicegroup.it/wp-login.php" "Mozilla/5.0 (Macintosh; Intel Mac OS X 10_15_7) AppleWebKit/537.36 (KHTML, like Gecko) Chrome/92.0.4515.131 Safari/537.36"
146.235.16.244 - - [04/Jul/2026:20:35:00 +0200] "POST /wp-login.php HTTP/1.1" 200 11689 "https://www.brescia.elettroservicegroup.it/wp-login.php" "Mozilla/5.0 (Windows NT 10.0; Win64; x64) AppleWebKit/605.1.15 (KHTML, like Gecko) Version/14.1 Safari/605.1.15"
146.235.16.244 - - [04/Jul/2026:20:35:01 +0200] "GET /wp-admin/index.php HTTP/1.1" 200 11779 "https://www.brescia.elettroservicegroup.it/wp-login.php" "Mozilla/5.0 (Windows NT 10.0; Win64; x64) AppleWebKit/537.36 (KHTML, like Gecko) Chrome/91.0.4472.124 Safari/537.36"
146.235.16.244 - - [04/Jul/2026:20:35:02 +0200] "POST /wp-login.php HTTP/1.1" 200 11856 "https://www.brescia.elettroservicegroup.it/wp-login.php" "Mozilla/5.0 (Macintosh; Intel Mac OS X 10_15_7; rv:93.0) Gecko/20100101 Firefox/93.0"
146.235.16.244 - - [04/Jul/2026:20:35:02 +0200] "GET /wp-admin/index.php HTTP/1.1" 200 11753 "https://www.brescia.elettroservicegroup.it/wp-login.php" "Mozilla/5.0 (X11; Linux x86_64) AppleWebKit/537.36 (KHTML, like Gecko) Chrome/90.0.4430.212 Safari/537.36"
146.235.16.244 - - [04/Jul/2026:20:35:03 +0200] "POST /wp-login.php HTTP/1.1" 200 11781 "https://www.brescia.elettroservicegroup.it/wp-login.php" "Mozilla/5.0 (Macintosh; Intel Mac OS X 10_15_7) AppleWebKit/605.1.15 (KHTML, like Gecko) Version/15.0 Safari/605.1.15"
146.235.16.244 - - [04/Jul/2026:20:35:03 +0200] "GET /wp-admin/index.php HTTP/1.1" 200 11899 "https://www.brescia.elettroservicegroup.it/wp-login.php" "Mozilla/5.0 (Windows NT 6.1; Win64; x64; rv:90.0) Gecko/20100101 Firefox/90.0.1"
146.235.16.244 - - [04/Jul/2026:20:35:04 +0200] "POST /wp-login.php HTTP/1.1" 200 11795 "https://www.brescia.elettroservicegroup.it/wp-login.php" "Mozilla/5.0 (X11; Linux x86_64) AppleWebKit/537.36 (KHTML, like Gecko) Chrome/94.0.4606.71 Safari/537.36"
146.235.16.244 - - [04/Jul/2026:20:35:04 +0200] "GET /wp-admin/index.php HTTP/1.1" 200 11809 "https://www.brescia.elettroservicegroup.it/wp-login.php" "Mozilla/5.0 (Windows NT 10.0; Win64; x64) AppleWebKit/605.1.15 (KHTML, like Gecko) Version/14.1.2 Safari/605.1.15"
146.235.16.244 - - [04/Jul/2026:20:35:05 +0200] "POST /wp-login.php HTTP/1.1" 200 11734 "https://www.brescia.elettroservicegroup.it/wp-login.php" "Mozilla/5.0 (Windows NT 6.1; Win64; x64; rv:92.0) Gecko/20100101 Firefox/92.0"
146.235.16.244 - - [04/Jul/2026:20:35:05 +0200] "GET /wp-admin/index.php HTTP/1.1" 200 11703 "https://www.brescia.elettroservicegroup.it/wp-login.php" "Mozilla/5.0 (Macintosh; Intel Mac OS X 10_15_7) AppleWebKit/537.36 (KHTML, like Gecko) Chrome/90.0.4430.212 Safari/537.36"
146.235.16.244 - - [04/Jul/2026:20:35:06 +0200] "POST /wp-login.php HTTP/1.1" 200 11771 "https://www.brescia.elettroservicegroup.it/wp-login.php" "Mozilla/5.0 (Windows NT 10.0; Win64; x64) AppleWebKit/537.36 (KHTML, like Gecko) Chrome/92.0.4515.131 Safari/537.36"
146.235.16.244 - - [04/Jul/2026:20:35:06 +0200] "GET /wp-admin/index.php HTTP/1.1" 200 11758 "https://www.brescia.elettroservicegroup.it/wp-login.php" "Mozilla/5.0 (Windows NT 10.0; Win64; x64) AppleWebKit/537.36 (KHTML, like Gecko) Chrome/90.0.4430.212 Safari/537.36"
146.235.16.244 - - [04/Jul/2026:20:35:07 +0200] "POST /wp-login.php HTTP/1.1" 200 11821 "https://www.brescia.elettroservicegroup.it/wp-login.php" "Mozilla/5.0 (Macintosh; Intel Mac OS X 10_15_7) AppleWebKit/605.1.15 (KHTML, like Gecko) Version/15.0 Safari/605.1.15"
146.235.16.244 - - [04/Jul/2026:20:35:08 +0200] "GET /wp-admin/index.php HTTP/1.1" 200 11854 "https://www.brescia.elettroservicegroup.it/wp-login.php" "Mozilla/5.0 (Macintosh; Intel Mac OS X 10_15_7) AppleWebKit/605.1.15 (KHTML, like Gecko) Version/14.1 Safari/605.1.15"
146.235.16.244 - - [04/Jul/2026:20:35:08 +0200] "POST /wp-login.php HTTP/1.1" 200 11726 "https://www.brescia.elettroservicegroup.it/wp-login.php" "Mozilla/5.0 (Macintosh; Intel Mac OS X 10_15_7) AppleWebKit/537.36 (KHTML, like Gecko) Chrome/90.0.4430.212 Safari/537.36"
146.235.16.244 - - [04/Jul/2026:20:35:09 +0200] "GET /wp-admin/index.php HTTP/1.1" 200 11828 "https://www.brescia.elettroservicegroup.it/wp-login.php" "Mozilla/5.0 (Windows NT 10.0; Win64; x64) AppleWebKit/537.36 (KHTML, like Gecko) Chrome/93.0.4577.63 Safari/537.36"
146.235.16.244 - - [04/Jul/2026:20:35:09 +0200] "POST /wp-login.php HTTP/1.1" 200 11721 "https://www.brescia.elettroservicegroup.it/wp-login.php" "Mozilla/5.0 (Windows NT 10.0; Win64; x64) AppleWebKit/605.1.15 (KHTML, like Gecko) Version/14.1.2 Safari/605.1.15"
146.235.16.244 - - [04/Jul/2026:20:35:10 +0200] "GET /wp-admin/index.php HTTP/1.1" 200 11723 "https://www.brescia.elettroservicegroup.it/wp-login.php" "Mozilla/5.0 (Windows NT 10.0; Win64; x64; rv:91.0) Gecko/20100101 Firefox/91.0"
146.235.16.244 - - [04/Jul/2026:20:35:10 +0200] "POST /wp-login.php HTTP/1.1" 200 11729 "https://www.brescia.elettroservicegroup.it/wp-login.php" "Mozilla/5.0 (X11; Linux x86_64) AppleWebKit/537.36 (KHTML, like Gecko) Chrome/91.0.4472.124 Safari/537.36"
146.235.16.244 - - [04/Jul/2026:20:35:11 +0200] "GET /wp-admin/index.php HTTP/1.1" 200 11728 "https://www.brescia.elettroservicegroup.it/wp-login.php" "Mozilla/5.0 (Windows NT 10.0; Win64; x64) AppleWebKit/537.36 (KHTML, like Gecko) Chrome/92.0.4515.131 Safari/537.36"
146.235.16.244 - - [04/Jul/2026:20:35:11 +0200] "POST /wp-login.php HTTP/1.1" 200 11831 "https://www.brescia.elettroservicegroup.it/wp-login.php" "Mozilla/5.0 (Windows NT 6.1; Win64; x64) AppleWebKit/537.36 (KHTML, like Gecko) Chrome/91.0.4472.124 Safari/537.36"
146.235.16.244 - - [04/Jul/2026:20:35:12 +0200] "GET /wp-admin/index.php HTTP/1.1" 200 11738 "https://www.brescia.elettroservicegroup.it/wp-login.php" "Mozilla/5.0 (Windows NT 10.0; Win64; x64) AppleWebKit/537.36 (KHTML, like Gecko) Chrome/94.0.4606.71 Safari/537.36"
146.235.16.244 - - [04/Jul/2026:20:35:13 +0200] "POST /wp-login.php HTTP/1.1" 200 11810 "https://www.brescia.elettroservicegroup.it/wp-login.php" "Mozilla/5.0 (Macintosh; Intel Mac OS X 10_15_7) AppleWebKit/605.1.15 (KHTML, like Gecko) Version/14.1.1 Safari/605.1.15"
146.235.16.244 - - [04/Jul/2026:20:35:13 +0200] "GET /wp-admin/index.php HTTP/1.1" 200 11749 "https://www.brescia.elettroservicegroup.it/wp-login.php" "Mozilla/5.0 (X11; Linux x86_64; rv:93.0) Gecko/20100101 Firefox/93.0"
146.235.16.244 - - [04/Jul/2026:20:35:14 +0200] "POST /wp-login.php HTTP/1.1" 200 11714 "https://www.brescia.elettroservicegroup.it/wp-login.php" "Mozilla/5.0 (Macintosh; Intel Mac OS X 10_15_7; rv:93.0) Gecko/20100101 Firefox/93.0"
146.235.16.244 - - [04/Jul/2026:20:35:14 +0200] "GET /wp-admin/index.php HTTP/1.1" 200 11799 "https://www.brescia.elettroservicegroup.it/wp-login.php" "Mozilla/5.0 (Macintosh; Intel Mac OS X 10_15_7) AppleWebKit/605.1.15 (KHTML, like Gecko) Version/14.1.2 Safari/605.1.15"
146.235.16.244 - - [04/Jul/2026:20:35:15 +0200] "POST /wp-login.php HTTP/1.1" 200 11765 "https://www.brescia.elettroservicegroup.it/wp-login.php" "Mozilla/5.0 (X11; Linux x86_64; rv:91.0) Gecko/20100101 Firefox/91.0"
146.235.16.244 - - [04/Jul/2026:20:35:15 +0200] "GET /wp-admin/index.php HTTP/1.1" 200 11794 "https://www.brescia.elettroservicegroup.it/wp-login.php" "Mozilla/5.0 (Macintosh; Intel Mac OS X 10_15_7; rv:92.0) Gecko/20100101 Firefox/92.0"
146.235.16.244 - - [04/Jul/2026:20:35:16 +0200] "POST /wp-login.php HTTP/1.1" 200 11821 "https://www.brescia.elettroservicegroup.it/wp-login.php" "Mozilla/5.0 (Macintosh; Intel Mac OS X 10_15_7; rv:91.0) Gecko/20100101 Firefox/91.0"
146.235.16.244 - - [04/Jul/2026:20:35:16 +0200] "GET /wp-admin/index.php HTTP/1.1" 200 11799 "https://www.brescia.elettroservicegroup.it/wp-login.php" "Mozilla/5.0 (Windows NT 10.0; Win64; x64) AppleWebKit/537.36 (KHTML, like Gecko) Chrome/91.0.4472.124 Safari/537.36"
146.235.16.244 - - [04/Jul/2026:20:35:17 +0200] "POST /wp-login.php HTTP/1.1" 200 11649 "https://www.brescia.elettroservicegroup.it/wp-login.php" "Mozilla/5.0 (Macintosh; Intel Mac OS X 10_15_7) AppleWebKit/605.1.15 (KHTML, like Gecko) Version/14.1 Safari/605.1.15"
146.235.16.244 - - [04/Jul/2026:20:35:18 +0200] "GET /wp-admin/index.php HTTP/1.1" 200 11844 "https://www.brescia.elettroservicegroup.it/wp-login.php" "Mozilla/5.0 (Macintosh; Intel Mac OS X 10_15_7) AppleWebKit/537.36 (KHTML, like Gecko) Chrome/92.0.4515.131 Safari/537.36"
146.235.16.244 - - [04/Jul/2026:20:35:18 +0200] "POST /wp-login.php HTTP/1.1" 200 11736 "https://www.brescia.elettroservicegroup.it/wp-login.php" "Mozilla/5.0 (Windows NT 10.0; Win64; x64) AppleWebKit/605.1.15 (KHTML, like Gecko) Version/15.0 Safari/605.1.15"
146.235.16.244 - - [04/Jul/2026:20:35:19 +0200] "GET /wp-admin/index.php HTTP/1.1" 200 11783 "https://www.brescia.elettroservicegroup.it/wp-login.php" "Mozilla/5.0 (Macintosh; Intel Mac OS X 10_15_7; rv:91.0) Gecko/20100101 Firefox/91.0"
146.235.16.244 - - [04/Jul/2026:20:35:19 +0200] "POST /wp-login.php HTTP/1.1" 200 11831 "https://www.brescia.elettroservicegroup.it/wp-login.php" "Mozilla/5.0 (Macintosh; Intel Mac OS X 10_15_7) AppleWebKit/605.1.15 (KHTML, like Gecko) Version/15.0 Safari/605.1.15"
146.235.16.244 - - [04/Jul/2026:20:35:20 +0200] "GET /wp-admin/index.php HTTP/1.1" 200 11838 "https://www.brescia.elettroservicegroup.it/wp-login.php" "Mozilla/5.0 (Macintosh; Intel Mac OS X 10_15_7) AppleWebKit/605.1.15 (KHTML, like Gecko) Version/14.1.2 Safari/605.1.15"
146.235.16.244 - - [04/Jul/2026:20:35:20 +0200] "POST /wp-login.php HTTP/1.1" 200 11690 "https://www.brescia.elettroservicegroup.it/wp-login.php" "Mozilla/5.0 (Windows NT 6.1; Win64; x64; rv:91.0) Gecko/20100101 Firefox/91.0"
146.235.16.244 - - [04/Jul/2026:20:35:21 +0200] "GET /wp-admin/index.php HTTP/1.1" 200 11767 "https://www.brescia.elettroservicegroup.it/wp-login.php" "Mozilla/5.0 (X11; Linux x86_64; rv:93.0) Gecko/20100101 Firefox/93.0"
146.235.16.244 - - [04/Jul/2026:20:35:21 +0200] "POST /wp-login.php HTTP/1.1" 200 11676 "https://www.brescia.elettroservicegroup.it/wp-login.php" "Mozilla/5.0 (Windows NT 6.1; Win64; x64) AppleWebKit/537.36 (KHTML, like Gecko) Chrome/94.0.4606.71 Safari/537.36"
146.235.16.244 - - [04/Jul/2026:20:35:22 +0200] "GET /wp-admin/index.php HTTP/1.1" 200 11778 "https://www.brescia.elettroservicegroup.it/wp-login.php" "Mozilla/5.0 (X11; Linux x86_64) AppleWebKit/537.36 (KHTML, like Gecko) Chrome/93.0.4577.63 Safari/537.36"
146.235.16.244 - - [04/Jul/2026:20:35:23 +0200] "POST /wp-login.php HTTP/1.1" 200 11801 "https://www.brescia.elettroservicegroup.it/wp-login.php" "Mozilla/5.0 (Windows NT 10.0; Win64; x64) AppleWebKit/537.36 (KHTML, like Gecko) Chrome/91.0.4472.124 Safari/537.36"
146.235.16.244 - - [04/Jul/2026:20:35:23 +0200] "GET /wp-admin/index.php HTTP/1.1" 200 11713 "https://www.brescia.elettroservicegroup.it/wp-login.php" "Mozilla/5.0 (Macintosh; Intel Mac OS X 10_15_7) AppleWebKit/605.1.15 (KHTML, like Gecko) Version/15.0 Safari/605.1.15"
146.235.16.244 - - [04/Jul/2026:20:35:24 +0200] "POST /wp-login.php HTTP/1.1" 200 11820 "https://www.brescia.elettroservicegroup.it/wp-login.php" "Mozilla/5.0 (Macintosh; Intel Mac OS X 10_15_7) AppleWebKit/537.36 (KHTML, like Gecko) Chrome/90.0.4430.212 Safari/537.36"
146.235.16.244 - - [04/Jul/2026:20:35:24 +0200] "GET /wp-admin/index.php HTTP/1.1" 200 11746 "https://www.brescia.elettroservicegroup.it/wp-login.php" "Mozilla/5.0 (X11; Linux x86_64) AppleWebKit/537.36 (KHTML, like Gecko) Chrome/90.0.4430.212 Safari/537.36"
146.235.16.244 - - [04/Jul/2026:20:35:25 +0200] "POST /wp-login.php HTTP/1.1" 200 11760 "https://www.brescia.elettroservicegroup.it/wp-login.php" "Mozilla/5.0 (Macintosh; Intel Mac OS X 10_15_7) AppleWebKit/605.1.15 (KHTML, like Gecko) Version/14.1.2 Safari/605.1.15"
146.235.16.244 - - [04/Jul/2026:20:35:25 +0200] "GET /wp-admin/index.php HTTP/1.1" 200 11813 "https://www.brescia.elettroservicegroup.it/wp-login.php" "Mozilla/5.0 (Windows NT 6.1; Win64; x64) AppleWebKit/537.36 (KHTML, like Gecko) Chrome/94.0.4606.71 Safari/537.36"
146.235.16.244 - - [04/Jul/2026:20:35:26 +0200] "POST /wp-login.php HTTP/1.1" 200 11606 "https://www.brescia.elettroservicegroup.it/wp-login.php" "Mozilla/5.0 (X11; Linux x86_64; rv:89.0) Gecko/20100101 Firefox/89.0.2"
146.235.16.244 - - [04/Jul/2026:20:35:27 +0200] "GET /wp-admin/index.php HTTP/1.1" 200 11814 "https://www.brescia.elettroservicegroup.it/wp-login.php" "Mozilla/5.0 (Macintosh; Intel Mac OS X 10_15_7) AppleWebKit/605.1.15 (KHTML, like Gecko) Version/14.0.3 Safari/605.1.15"
146.235.16.244 - - [04/Jul/2026:20:35:27 +0200] "POST /wp-login.php HTTP/1.1" 200 11821 "https://www.brescia.elettroservicegroup.it/wp-login.php" "Mozilla/5.0 (X11; Linux x86_64) AppleWebKit/537.36 (KHTML, like Gecko) Chrome/92.0.4515.131 Safari/537.36"
146.235.16.244 - - [04/Jul/2026:20:35:28 +0200] "GET /wp-admin/index.php HTTP/1.1" 200 11773 "https://www.brescia.elettroservicegroup.it/wp-login.php" "Mozilla/5.0 (X11; Linux x86_64) AppleWebKit/537.36 (KHTML, like Gecko) Chrome/94.0.4606.71 Safari/537.36"
65.108.235.243 - - [04/Jul/2026:20:46:03 +0200] "POST /wp-cron.php?doing_wp_cron=1783190763.8941679000854492187500 HTTP/1.1" 200 1 "-" "WordPress/7.0; https://brescia.elettroservicegroup.it"
64.233.172.192 - - [04/Jul/2026:20:45:55 +0200] "GET /?gclid=327716495 HTTP/1.1" 200 20008 "-" "Mozilla/5.0 AppleWebKit/537.36 (KHTML, like Gecko; Mozilla/5.0, Google-AdWords-Express) Chrome/149.0.7827.200 Safari/537.36"
64.233.172.192 - - [04/Jul/2026:20:46:04 +0200] "GET /wp-content/uploads/elementor/css/post-14366.css?ver=1783097828 HTTP/1.1" 200 297 "https://brescia.elettroservicegroup.it/?gclid=327716495" "Mozilla/5.0 AppleWebKit/537.36 (KHTML, like Gecko; Mozilla/5.0, Google-AdWords-Express) Chrome/149.0.7827.200 Safari/537.36"
64.233.172.192 - - [04/Jul/2026:20:46:04 +0200] "GET /wp-content/plugins/gp-premium/menu-plus/functions/js/sticky.min.js?ver=2.5.5 HTTP/1.1" 200 2670 "https://brescia.elettroservicegroup.it/?gclid=327716495" "Mozilla/5.0 AppleWebKit/537.36 (KHTML, like Gecko; Mozilla/5.0, Google-AdWords-Express) Chrome/149.0.7827.200 Safari/537.36"
64.233.172.192 - - [04/Jul/2026:20:46:04 +0200] "GET /wp-content/plugins/wpfront-notification-bar/css/wpfront-notification-bar.min.css?ver=3.5.1.05102 HTTP/1.1" 200 665 "https://brescia.elettroservicegroup.it/?gclid=327716495" "Mozilla/5.0 AppleWebKit/537.36 (KHTML, like Gecko; Mozilla/5.0, Google-AdWords-Express) Chrome/149.0.7827.200 Safari/537.36"
64.233.172.194 - - [04/Jul/2026:20:46:04 +0200] "GET /wp-content/plugins/elementor/assets/lib/font-awesome/css/solid.css?ver=5.15.3 HTTP/1.1" 200 299 "https://brescia.elettroservicegroup.it/?gclid=327716495" "Mozilla/5.0 AppleWebKit/537.36 (KHTML, like Gecko; Mozilla/5.0, Google-AdWords-Express) Chrome/149.0.7827.200 Safari/537.36"
64.233.172.194 - - [04/Jul/2026:20:46:04 +0200] "GET /wp-content/uploads/elementor/css/post-14146.css?ver=1783097828 HTTP/1.1" 200 428 "https://brescia.elettroservicegroup.it/?gclid=327716495" "Mozilla/5.0 AppleWebKit/537.36 (KHTML, like Gecko; Mozilla/5.0, Google-AdWords-Express) Chrome/149.0.7827.200 Safari/537.36"
64.233.172.194 - - [04/Jul/2026:20:46:04 +0200] "GET /wp-content/plugins/header-footer-elementor/assets/css/header-footer-elementor.css?ver=2.9.0 HTTP/1.1" 200 260 "https://brescia.elettroservicegroup.it/?gclid=327716495" "Mozilla/5.0 AppleWebKit/537.36 (KHTML, like Gecko; Mozilla/5.0, Google-AdWords-Express) Chrome/149.0.7827.200 Safari/537.36"
64.233.172.193 - - [04/Jul/2026:20:46:04 +0200] "GET /wp-content/plugins/header-footer-elementor/inc/widgets-css/frontend.css?ver=2.9.0 HTTP/1.1" 200 8711 "https://brescia.elettroservicegroup.it/?gclid=327716495" "Mozilla/5.0 AppleWebKit/537.36 (KHTML, like Gecko; Mozilla/5.0, Google-AdWords-Express) Chrome/149.0.7827.200 Safari/537.36"
64.233.172.194 - - [04/Jul/2026:20:46:04 +0200] "GET /wp-content/plugins/complianz-gdpr-premium/assets/css/cookieblocker.min.css?ver=1783097345 HTTP/1.1" 200 615 "https://brescia.elettroservicegroup.it/?gclid=327716495" "Mozilla/5.0 AppleWebKit/537.36 (KHTML, like Gecko; Mozilla/5.0, Google-AdWords-Express) Chrome/149.0.7827.200 Safari/537.36"
64.233.172.192 - - [04/Jul/2026:20:46:04 +0200] "GET /wp-content/themes/generatepress/assets/js/menu.min.js?ver=3.6.1 HTTP/1.1" 200 1688 "https://brescia.elettroservicegroup.it/?gclid=327716495" "Mozilla/5.0 AppleWebKit/537.36 (KHTML, like Gecko; Mozilla/5.0, Google-AdWords-Express) Chrome/149.0.7827.200 Safari/537.36"
64.233.172.194 - - [04/Jul/2026:20:46:04 +0200] "GET /wp-includes/js/jquery/jquery-migrate.min.js?ver=3.4.1 HTTP/1.1" 200 4685 "https://brescia.elettroservicegroup.it/?gclid=327716495" "Mozilla/5.0 AppleWebKit/537.36 (KHTML, like Gecko; Mozilla/5.0, Google-AdWords-Express) Chrome/149.0.7827.200 Safari/537.36"
64.233.172.193 - - [04/Jul/2026:20:46:04 +0200] "GET /wp-content/plugins/gp-premium/menu-plus/functions/css/navigation-branding-flex.min.css?ver=2.5.5 HTTP/1.1" 200 542 "https://brescia.elettroservicegroup.it/?gclid=327716495" "Mozilla/5.0 AppleWebKit/537.36 (KHTML, like Gecko; Mozilla/5.0, Google-AdWords-Express) Chrome/149.0.7827.200 Safari/537.36"
64.233.172.194 - - [04/Jul/2026:20:46:04 +0200] "GET /wp-content/plugins/all-in-one-seo-pack/dist/Lite/assets/css/table-of-contents/global.e90f6d47.css?ver=4.9.9 HTTP/1.1" 200 420 "https://brescia.elettroservicegroup.it/?gclid=327716495" "Mozilla/5.0 AppleWebKit/537.36 (KHTML, like Gecko; Mozilla/5.0, Google-AdWords-Express) Chrome/149.0.7827.200 Safari/537.36"
64.233.172.194 - - [04/Jul/2026:20:46:04 +0200] "GET /wp-content/uploads/elementor/google-fonts/css/roboto.css?ver=1742275292 HTTP/1.1" 200 1886 "https://brescia.elettroservicegroup.it/?gclid=327716495" "Mozilla/5.0 AppleWebKit/537.36 (KHTML, like Gecko; Mozilla/5.0, Google-AdWords-Express) Chrome/149.0.7827.200 Safari/537.36"
64.233.172.192 - - [04/Jul/2026:20:46:04 +0200] "GET /wp-includes/js/jquery/jquery.min.js?ver=3.7.1 HTTP/1.1" 200 29769 "https://brescia.elettroservicegroup.it/?gclid=327716495" "Mozilla/5.0 AppleWebKit/537.36 (KHTML, like Gecko; Mozilla/5.0, Google-AdWords-Express) Chrome/149.0.7827.200 Safari/537.36"
64.233.172.194 - - [04/Jul/2026:20:46:04 +0200] "GET /wp-content/uploads/elementor/google-fonts/css/robotoslab.css?ver=1742275294 HTTP/1.1" 200 717 "https://brescia.elettroservicegroup.it/?gclid=327716495" "Mozilla/5.0 AppleWebKit/537.36 (KHTML, like Gecko; Mozilla/5.0, Google-AdWords-Express) Chrome/149.0.7827.200 Safari/537.36"
64.233.172.194 - - [04/Jul/2026:20:46:04 +0200] "GET /wp-content/themes/generatepress/assets/css/main.min.css?ver=3.6.1 HTTP/1.1" 200 4410 "https://brescia.elettroservicegroup.it/?gclid=327716495" "Mozilla/5.0 AppleWebKit/537.36 (KHTML, like Gecko; Mozilla/5.0, Google-AdWords-Express) Chrome/149.0.7827.200 Safari/537.36"
64.233.172.194 - - [04/Jul/2026:20:46:04 +0200] "GET /wp-content/plugins/elementor/assets/css/frontend.min.css?ver=4.1.4 HTTP/1.1" 200 6618 "https://brescia.elettroservicegroup.it/?gclid=327716495" "Mozilla/5.0 AppleWebKit/537.36 (KHTML, like Gecko; Mozilla/5.0, Google-AdWords-Express) Chrome/149.0.7827.200 Safari/537.36"
64.233.172.193 - - [04/Jul/2026:20:46:04 +0200] "GET /wp-content/plugins/elementor/assets/lib/font-awesome/css/brands.css?ver=5.15.3 HTTP/1.1" 200 298 "https://brescia.elettroservicegroup.it/?gclid=327716495" "Mozilla/5.0 AppleWebKit/537.36 (KHTML, like Gecko; Mozilla/5.0, Google-AdWords-Express) Chrome/149.0.7827.200 Safari/537.36"
64.233.172.193 - - [04/Jul/2026:20:46:04 +0200] "GET /wp-content/plugins/elementor/assets/lib/font-awesome/js/v4-shims.min.js?ver=4.1.4 HTTP/1.1" 200 4043 "https://brescia.elettroservicegroup.it/?gclid=327716495" "Mozilla/5.0 AppleWebKit/537.36 (KHTML, like Gecko; Mozilla/5.0, Google-AdWords-Express) Chrome/149.0.7827.200 Safari/537.36"
64.233.172.193 - - [04/Jul/2026:20:46:04 +0200] "GET /wp-content/plugins/elementor/assets/css/widget-social-icons.min.css?ver=3.24.0 HTTP/1.1" 200 1039 "https://brescia.elettroservicegroup.it/?gclid=327716495" "Mozilla/5.0 AppleWebKit/537.36 (KHTML, like Gecko; Mozilla/5.0, Google-AdWords-Express) Chrome/149.0.7827.200 Safari/537.36"
64.233.172.193 - - [04/Jul/2026:20:46:04 +0200] "GET /wp-content/plugins/wpfront-notification-bar/js/wpfront-notification-bar.min.js?ver=3.5.1.05102 HTTP/1.1" 200 1497 "https://brescia.elettroservicegroup.it/?gclid=327716495" "Mozilla/5.0 AppleWebKit/537.36 (KHTML, like Gecko; Mozilla/5.0, Google-AdWords-Express) Chrome/149.0.7827.200 Safari/537.36"
64.233.172.193 - - [04/Jul/2026:20:46:04 +0200] "GET /wp-content/plugins/elementor/assets/lib/eicons/css/elementor-icons.min.css?ver=5.50.0 HTTP/1.1" 200 4125 "https://brescia.elettroservicegroup.it/?gclid=327716495" "Mozilla/5.0 AppleWebKit/537.36 (KHTML, like Gecko; Mozilla/5.0, Google-AdWords-Express) Chrome/149.0.7827.200 Safari/537.36"
64.233.172.193 - - [04/Jul/2026:20:46:04 +0200] "GET /wp-content/plugins/elementor/assets/css/widget-icon-list.min.css?ver=3.24.3 HTTP/1.1" 200 928 "https://brescia.elettroservicegroup.it/?gclid=327716495" "Mozilla/5.0 AppleWebKit/537.36 (KHTML, like Gecko; Mozilla/5.0, Google-AdWords-Express) Chrome/149.0.7827.200 Safari/537.36"
64.233.172.192 - - [04/Jul/2026:20:46:04 +0200] "GET /wp-content/plugins/elementor/assets/lib/eicons/css/elementor-icons.min.css?ver=5.34.0 HTTP/1.1" 200 4125 "https://brescia.elettroservicegroup.it/?gclid=327716495" "Mozilla/5.0 AppleWebKit/537.36 (KHTML, like Gecko; Mozilla/5.0, Google-AdWords-Express) Chrome/149.0.7827.200 Safari/537.36"
64.233.172.193 - - [04/Jul/2026:20:46:04 +0200] "GET /wp-content/plugins/gp-premium/blog/functions/css/style.min.css?ver=2.5.5 HTTP/1.1" 200 1018 "https://brescia.elettroservicegroup.it/?gclid=327716495" "Mozilla/5.0 AppleWebKit/537.36 (KHTML, like Gecko; Mozilla/5.0, Google-AdWords-Express) Chrome/149.0.7827.200 Safari/537.36"
64.233.172.193 - - [04/Jul/2026:20:46:04 +0200] "GET /wp-content/plugins/essential-addons-for-elementor-lite/assets/front-end/js/view/general.min.js?ver=6.6.9 HTTP/1.1" 200 3900 "https://brescia.elettroservicegroup.it/?gclid=327716495" "Mozilla/5.0 AppleWebKit/537.36 (KHTML, like Gecko; Mozilla/5.0, Google-AdWords-Express) Chrome/149.0.7827.200 Safari/537.36"
64.233.172.192 - - [04/Jul/2026:20:46:04 +0200] "GET /wp-content/plugins/elementor/assets/lib/font-awesome/css/fontawesome.css?ver=5.15.3 HTTP/1.1" 200 12535 "https://brescia.elettroservicegroup.it/?gclid=327716495" "Mozilla/5.0 AppleWebKit/537.36 (KHTML, like Gecko; Mozilla/5.0, Google-AdWords-Express) Chrome/149.0.7827.200 Safari/537.36"
64.233.172.194 - - [04/Jul/2026:20:46:04 +0200] "GET /wp-content/plugins/elementor/assets/lib/font-awesome/css/all.min.css?ver=4.1.4 HTTP/1.1" 200 12402 "https://brescia.elettroservicegroup.it/?gclid=327716495" "Mozilla/5.0 AppleWebKit/537.36 (KHTML, like Gecko; Mozilla/5.0, Google-AdWords-Express) Chrome/149.0.7827.200 Safari/537.36"
64.233.172.194 - - [04/Jul/2026:20:46:04 +0200] "GET /wp-content/plugins/elementor/assets/lib/font-awesome/css/v4-shims.min.css?ver=4.1.4 HTTP/1.1" 200 3986 "https://brescia.elettroservicegroup.it/?gclid=327716495" "Mozilla/5.0 AppleWebKit/537.36 (KHTML, like Gecko; Mozilla/5.0, Google-AdWords-Express) Chrome/149.0.7827.200 Safari/537.36"
64.233.172.193 - - [04/Jul/2026:20:46:04 +0200] "GET /wp-content/plugins/essential-addons-for-elementor-lite/assets/front-end/css/view/general.min.css?ver=6.6.9 HTTP/1.1" 200 1422 "https://brescia.elettroservicegroup.it/?gclid=327716495" "Mozilla/5.0 AppleWebKit/537.36 (KHTML, like Gecko; Mozilla/5.0, Google-AdWords-Express) Chrome/149.0.7827.200 Safari/537.36"
64.233.172.194 - - [04/Jul/2026:20:46:04 +0200] "GET /wp-includes/css/dist/block-library/style.min.css?ver=7.0 HTTP/1.1" 200 15998 "https://brescia.elettroservicegroup.it/?gclid=327716495" "Mozilla/5.0 AppleWebKit/537.36 (KHTML, like Gecko; Mozilla/5.0, Google-AdWords-Express) Chrome/149.0.7827.200 Safari/537.36"
64.233.172.193 - - [04/Jul/2026:20:46:04 +0200] "GET /wp-content/themes/generatepress/assets/js/back-to-top.min.js?ver=3.6.1 HTTP/1.1" 200 336 "https://brescia.elettroservicegroup.it/?gclid=327716495" "Mozilla/5.0 AppleWebKit/537.36 (KHTML, like Gecko; Mozilla/5.0, Google-AdWords-Express) Chrome/149.0.7827.200 Safari/537.36"
64.233.172.194 - - [04/Jul/2026:20:46:04 +0200] "GET /wp-content/plugins/elementor/assets/js/webpack.runtime.min.js?ver=4.1.4 HTTP/1.1" 200 2340 "https://brescia.elettroservicegroup.it/?gclid=327716495" "Mozilla/5.0 AppleWebKit/537.36 (KHTML, like Gecko; Mozilla/5.0, Google-AdWords-Express) Chrome/149.0.7827.200 Safari/537.36"
64.233.172.193 - - [04/Jul/2026:20:46:05 +0200] "GET /wp-content/plugins/elementor/assets/js/frontend-modules.min.js?ver=4.1.4 HTTP/1.1" 200 15454 "https://brescia.elettroservicegroup.it/?gclid=327716495" "Mozilla/5.0 AppleWebKit/537.36 (KHTML, like Gecko; Mozilla/5.0, Google-AdWords-Express) Chrome/149.0.7827.200 Safari/537.36"
64.233.172.194 - - [04/Jul/2026:20:46:05 +0200] "GET /wp-includes/js/jquery/ui/core.min.js?ver=1.13.3 HTTP/1.1" 200 6820 "https://brescia.elettroservicegroup.it/?gclid=327716495" "Mozilla/5.0 AppleWebKit/537.36 (KHTML, like Gecko; Mozilla/5.0, Google-AdWords-Express) Chrome/149.0.7827.200 Safari/537.36"
64.233.172.194 - - [04/Jul/2026:20:46:05 +0200] "GET /wp-content/plugins/elementor/assets/js/frontend.min.js?ver=4.1.4 HTTP/1.1" 200 10140 "https://brescia.elettroservicegroup.it/?gclid=327716495" "Mozilla/5.0 AppleWebKit/537.36 (KHTML, like Gecko; Mozilla/5.0, Google-AdWords-Express) Chrome/149.0.7827.200 Safari/537.36"
64.233.172.194 - - [04/Jul/2026:20:46:05 +0200] "GET /wp-content/plugins/complianz-gdpr-premium/cookiebanner/js/complianz.min.js?ver=1783097345 HTTP/1.1" 200 10762 "https://brescia.elettroservicegroup.it/?gclid=327716495" "Mozilla/5.0 AppleWebKit/537.36 (KHTML, like Gecko; Mozilla/5.0, Google-AdWords-Express) Chrome/149.0.7827.200 Safari/537.36"
65.108.235.243 - - [04/Jul/2026:20:46:05 +0200] "POST /wp-json/complianz/v1/wsc-scan HTTP/1.1" 400 88 "-" "WordPress/7.0; https://brescia.elettroservicegroup.it"
64.233.172.193 - - [04/Jul/2026:20:46:05 +0200] "GET /wp-json/complianz/v1/banner?lang=it&locale=it_IT&token=uxg HTTP/1.1" 200 81 "https://brescia.elettroservicegroup.it/?gclid=327716495" "Mozilla/5.0 AppleWebKit/537.36 (KHTML, like Gecko; Mozilla/5.0, Google-AdWords-Express) Chrome/149.0.7827.200 Safari/537.36"
64.233.172.193 - - [04/Jul/2026:20:46:06 +0200] "GET /wp-content/uploads/complianz/css/banner-1-optin.css?v=22 HTTP/1.1" 200 2848 "https://brescia.elettroservicegroup.it/?gclid=327716495" "Mozilla/5.0 AppleWebKit/537.36 (KHTML, like Gecko; Mozilla/5.0, Google-AdWords-Express) Chrome/149.0.7827.200 Safari/537.36"
64.233.172.193 - - [04/Jul/2026:20:46:06 +0200] "GET /wp-content/plugins/elementor/assets/js/section-frontend-handlers.d85ab872da118940910d.bundle.min.js HTTP/1.1" 200 230 "https://brescia.elettroservicegroup.it/?gclid=327716495" "Mozilla/5.0 AppleWebKit/537.36 (KHTML, like Gecko; Mozilla/5.0, Google-AdWords-Express) Chrome/149.0.7827.200 Safari/537.36"
64.233.172.192 - - [04/Jul/2026:20:46:06 +0200] "GET /wp-content/plugins/elementor/assets/js/shared-frontend-handlers.03caa53373b56d3bab67.bundle.min.js HTTP/1.1" 200 2515 "https://brescia.elettroservicegroup.it/?gclid=327716495" "Mozilla/5.0 AppleWebKit/537.36 (KHTML, like Gecko; Mozilla/5.0, Google-AdWords-Express) Chrome/149.0.7827.200 Safari/537.36"
64.233.172.193 - - [04/Jul/2026:20:46:06 +0200] "GET /wp-content/plugins/elementor/assets/js/text-editor.45609661e409413f1cef.bundle.min.js HTTP/1.1" 200 592 "https://brescia.elettroservicegroup.it/?gclid=327716495" "Mozilla/5.0 AppleWebKit/537.36 (KHTML, like Gecko; Mozilla/5.0, Google-AdWords-Express) Chrome/149.0.7827.200 Safari/537.36"
65.108.235.243 - - [04/Jul/2026:20:48:33 +0200] "POST /wp-cron.php?doing_wp_cron=1783190913.2015678882598876953125 HTTP/1.1" 200 1 "-" "WordPress/7.0; https://brescia.elettroservicegroup.it"
139.180.209.5 - - [04/Jul/2026:20:48:24 +0200] "POST /?wpd_ping=233a196051d8 HTTP/2.0" 200 103162 "-" "WPDefender-Controller/1.0"
139.180.209.5 - - [04/Jul/2026:20:48:32 +0200] "POST /?wpd_ping=233a196051d8 HTTP/2.0" 200 103162 "-" "WPDefender-Controller/1.0"
139.180.209.5 - - [04/Jul/2026:20:48:32 +0200] "POST /wp-content/db.php?wpd_ping=233a196051d8 HTTP/2.0" 404 92087 "-" "WPDefender-Controller/1.0"
139.180.209.5 - - [04/Jul/2026:20:48:32 +0200] "POST /wp-includes/class-wp-db-session.php?wpd_ping=233a196051d8 HTTP/2.0" 404 92195 "-" "WPDefender-Controller/1.0"
65.108.235.243 - - [04/Jul/2026:21:03:55 +0200] "POST /wp-cron.php?doing_wp_cron=1783191835.6969509124755859375000 HTTP/1.1" 200 1 "-" "WordPress/7.0; https://brescia.elettroservicegroup.it"
139.180.209.5 - - [04/Jul/2026:21:03:48 +0200] "POST /?wpd_ping=233a196051d8 HTTP/2.0" 200 103162 "-" "WPDefender-Controller/1.0"
139.180.209.5 - - [04/Jul/2026:21:03:56 +0200] "POST /wp-includes/class-wp-db-session.php?wpd_ping=233a196051d8 HTTP/2.0" 404 92195 "-" "WPDefender-Controller/1.0"
139.180.209.5 - - [04/Jul/2026:21:03:56 +0200] "POST /wp-content/db.php?wpd_ping=233a196051d8 HTTP/2.0" 404 92087 "-" "WPDefender-Controller/1.0"
139.180.209.5 - - [04/Jul/2026:21:03:56 +0200] "POST /?wpd_ping=233a196051d8 HTTP/2.0" 200 103162 "-" "WPDefender-Controller/1.0"
52.167.144.169 - - [04/Jul/2026:21:13:59 +0200] "GET /wp-content/uploads/2018/02/post-10-150x150.jpg HTTP/2.0" 200 8023 "-" "Mozilla/5.0 AppleWebKit/537.36 (KHTML, like Gecko; compatible; bingbot/2.0; +http://www.bing.com/bingbot.htm) Chrome/116.0.1938.76 Safari/537.36"
65.108.235.243 - - [04/Jul/2026:21:18:24 +0200] "POST /wp-cron.php?doing_wp_cron=1783192704.1929380893707275390625 HTTP/1.1" 200 1 "-" "WordPress/7.0; https://brescia.elettroservicegroup.it"
139.180.209.5 - - [04/Jul/2026:21:18:16 +0200] "POST /?wpd_ping=233a196051d8 HTTP/2.0" 200 103162 "-" "WPDefender-Controller/1.0"
139.180.209.5 - - [04/Jul/2026:21:18:24 +0200] "POST /wp-includes/class-wp-db-session.php?wpd_ping=233a196051d8 HTTP/2.0" 404 92195 "-" "WPDefender-Controller/1.0"
139.180.209.5 - - [04/Jul/2026:21:18:24 +0200] "POST /wp-content/db.php?wpd_ping=233a196051d8 HTTP/2.0" 404 92087 "-" "WPDefender-Controller/1.0"
139.180.209.5 - - [04/Jul/2026:21:18:24 +0200] "POST /?wpd_ping=233a196051d8 HTTP/2.0" 200 103162 "-" "WPDefender-Controller/1.0"
46.242.62.54 - - [04/Jul/2026:21:24:51 +0200] "POST /xmlrpc.php HTTP/2.0" 403 52 "-" "WordPress/XMLRPC Client"
65.108.235.243 - - [04/Jul/2026:21:34:21 +0200] "POST /wp-cron.php?doing_wp_cron=1783193661.7037489414215087890625 HTTP/1.1" 200 1 "-" "WordPress/7.0; https://brescia.elettroservicegroup.it"
139.180.209.5 - - [04/Jul/2026:21:34:14 +0200] "POST /?wpd_ping=233a196051d8 HTTP/2.0" 200 103162 "-" "WPDefender-Controller/1.0"
139.180.209.5 - - [04/Jul/2026:21:34:22 +0200] "POST /wp-includes/class-wp-db-session.php?wpd_ping=233a196051d8 HTTP/2.0" 404 92195 "-" "WPDefender-Controller/1.0"
139.180.209.5 - - [04/Jul/2026:21:34:22 +0200] "POST /wp-content/db.php?wpd_ping=233a196051d8 HTTP/2.0" 404 92087 "-" "WPDefender-Controller/1.0"
139.180.209.5 - - [04/Jul/2026:21:34:22 +0200] "POST /?wpd_ping=233a196051d8 HTTP/2.0" 200 103162 "-" "WPDefender-Controller/1.0"
65.108.235.243 - - [04/Jul/2026:21:48:08 +0200] "POST /wp-cron.php?doing_wp_cron=1783194487.9153790473937988281250 HTTP/1.1" 200 1 "-" "WordPress/7.0; https://brescia.elettroservicegroup.it"
139.180.209.5 - - [04/Jul/2026:21:48:00 +0200] "POST /?wpd_ping=233a196051d8 HTTP/2.0" 200 103162 "-" "WPDefender-Controller/1.0"
65.108.235.243 - - [04/Jul/2026:21:48:10 +0200] "POST /wp-json/complianz/v1/wsc-scan HTTP/1.1" 400 88 "-" "WordPress/7.0; https://brescia.elettroservicegroup.it"
139.180.209.5 - - [04/Jul/2026:21:48:08 +0200] "POST /wp-content/db.php?wpd_ping=233a196051d8 HTTP/2.0" 404 92087 "-" "WPDefender-Controller/1.0"
139.180.209.5 - - [04/Jul/2026:21:48:08 +0200] "POST /?wpd_ping=233a196051d8 HTTP/2.0" 200 103162 "-" "WPDefender-Controller/1.0"
139.180.209.5 - - [04/Jul/2026:21:48:08 +0200] "POST /wp-includes/class-wp-db-session.php?wpd_ping=233a196051d8 HTTP/2.0" 404 92195 "-" "WPDefender-Controller/1.0"
65.108.235.243 - - [04/Jul/2026:22:03:52 +0200] "POST /wp-cron.php?doing_wp_cron=1783195432.0178248882293701171875 HTTP/1.1" 200 1 "-" "WordPress/7.0; https://brescia.elettroservicegroup.it"
139.180.209.5 - - [04/Jul/2026:22:03:45 +0200] "POST /?wpd_ping=233a196051d8 HTTP/2.0" 200 103162 "-" "WPDefender-Controller/1.0"
139.180.209.5 - - [04/Jul/2026:22:03:53 +0200] "POST /wp-includes/class-wp-db-session.php?wpd_ping=233a196051d8 HTTP/2.0" 404 92195 "-" "WPDefender-Controller/1.0"
139.180.209.5 - - [04/Jul/2026:22:03:53 +0200] "POST /wp-content/db.php?wpd_ping=233a196051d8 HTTP/2.0" 404 92087 "-" "WPDefender-Controller/1.0"
139.180.209.5 - - [04/Jul/2026:22:03:53 +0200] "POST /?wpd_ping=233a196051d8 HTTP/2.0" 200 103162 "-" "WPDefender-Controller/1.0"
65.108.235.243 - - [04/Jul/2026:22:18:21 +0200] "POST /wp-cron.php?doing_wp_cron=1783196301.6935429573059082031250 HTTP/1.1" 200 1 "-" "WordPress/7.0; https://brescia.elettroservicegroup.it"
139.180.209.5 - - [04/Jul/2026:22:18:13 +0200] "POST /?wpd_ping=233a196051d8 HTTP/2.0" 200 103162 "-" "WPDefender-Controller/1.0"
139.180.209.5 - - [04/Jul/2026:22:18:21 +0200] "POST /wp-includes/class-wp-db-session.php?wpd_ping=233a196051d8 HTTP/2.0" 404 92195 "-" "WPDefender-Controller/1.0"
139.180.209.5 - - [04/Jul/2026:22:18:21 +0200] "POST /wp-content/db.php?wpd_ping=233a196051d8 HTTP/2.0" 404 92087 "-" "WPDefender-Controller/1.0"
139.180.209.5 - - [04/Jul/2026:22:18:21 +0200] "POST /?wpd_ping=233a196051d8 HTTP/2.0" 200 103162 "-" "WPDefender-Controller/1.0"
65.108.235.243 - - [04/Jul/2026:22:34:22 +0200] "POST /wp-cron.php?doing_wp_cron=1783197262.6047649383544921875000 HTTP/1.1" 200 1 "-" "WordPress/7.0; https://brescia.elettroservicegroup.it"
139.180.209.5 - - [04/Jul/2026:22:34:15 +0200] "POST /?wpd_ping=233a196051d8 HTTP/2.0" 200 103162 "-" "WPDefender-Controller/1.0"
139.180.209.5 - - [04/Jul/2026:22:34:23 +0200] "POST /wp-content/db.php?wpd_ping=233a196051d8 HTTP/2.0" 404 92087 "-" "WPDefender-Controller/1.0"
139.180.209.5 - - [04/Jul/2026:22:34:23 +0200] "POST /wp-includes/class-wp-db-session.php?wpd_ping=233a196051d8 HTTP/2.0" 404 92195 "-" "WPDefender-Controller/1.0"
139.180.209.5 - - [04/Jul/2026:22:34:23 +0200] "POST /?wpd_ping=233a196051d8 HTTP/2.0" 200 103162 "-" "WPDefender-Controller/1.0"
65.108.235.243 - - [04/Jul/2026:22:49:01 +0200] "POST /wp-cron.php?doing_wp_cron=1783198141.6975200176239013671875 HTTP/1.1" 200 1 "-" "WordPress/7.0; https://brescia.elettroservicegroup.it"
139.180.209.5 - - [04/Jul/2026:22:48:54 +0200] "POST /?wpd_ping=233a196051d8 HTTP/2.0" 200 103162 "-" "WPDefender-Controller/1.0"
65.108.235.243 - - [04/Jul/2026:22:49:03 +0200] "POST /wp-json/complianz/v1/wsc-scan HTTP/1.1" 400 88 "-" "WordPress/7.0; https://brescia.elettroservicegroup.it"
139.180.209.5 - - [04/Jul/2026:22:49:02 +0200] "POST /wp-content/db.php?wpd_ping=233a196051d8 HTTP/2.0" 404 92087 "-" "WPDefender-Controller/1.0"
139.180.209.5 - - [04/Jul/2026:22:49:02 +0200] "POST /wp-includes/class-wp-db-session.php?wpd_ping=233a196051d8 HTTP/2.0" 404 92195 "-" "WPDefender-Controller/1.0"
139.180.209.5 - - [04/Jul/2026:22:49:02 +0200] "POST /?wpd_ping=233a196051d8 HTTP/2.0" 200 103162 "-" "WPDefender-Controller/1.0"
65.108.235.243 - - [04/Jul/2026:23:03:01 +0200] "POST /wp-cron.php?doing_wp_cron=1783198981.1015119552612304687500 HTTP/1.1" 200 1 "-" "WordPress/7.0; https://brescia.elettroservicegroup.it"
139.180.209.5 - - [04/Jul/2026:23:02:51 +0200] "POST /?wpd_ping=233a196051d8 HTTP/2.0" 200 103162 "-" "WPDefender-Controller/1.0"
139.180.209.5 - - [04/Jul/2026:23:02:59 +0200] "POST /?wpd_ping=233a196051d8 HTTP/2.0" 200 103162 "-" "WPDefender-Controller/1.0"
139.180.209.5 - - [04/Jul/2026:23:02:59 +0200] "POST /wp-content/db.php?wpd_ping=233a196051d8 HTTP/2.0" 404 92087 "-" "WPDefender-Controller/1.0"
139.180.209.5 - - [04/Jul/2026:23:02:59 +0200] "POST /wp-includes/class-wp-db-session.php?wpd_ping=233a196051d8 HTTP/2.0" 404 92195 "-" "WPDefender-Controller/1.0"
65.108.235.243 - - [04/Jul/2026:23:18:20 +0200] "POST /wp-cron.php?doing_wp_cron=1783199900.0990250110626220703125 HTTP/1.1" 200 1 "-" "WordPress/7.0; https://brescia.elettroservicegroup.it"
139.180.209.5 - - [04/Jul/2026:23:18:10 +0200] "POST /?wpd_ping=233a196051d8 HTTP/2.0" 200 103162 "-" "WPDefender-Controller/1.0"
139.180.209.5 - - [04/Jul/2026:23:18:18 +0200] "POST /wp-content/db.php?wpd_ping=233a196051d8 HTTP/2.0" 404 92087 "-" "WPDefender-Controller/1.0"
139.180.209.5 - - [04/Jul/2026:23:18:18 +0200] "POST /wp-includes/class-wp-db-session.php?wpd_ping=233a196051d8 HTTP/2.0" 404 92195 "-" "WPDefender-Controller/1.0"
139.180.209.5 - - [04/Jul/2026:23:18:18 +0200] "POST /?wpd_ping=233a196051d8 HTTP/2.0" 200 103162 "-" "WPDefender-Controller/1.0"
65.108.235.243 - - [04/Jul/2026:23:21:22 +0200] "POST /wp-cron.php?doing_wp_cron=1783200082.2935130596160888671875 HTTP/1.1" 200 1 "-" "WordPress/7.0; https://brescia.elettroservicegroup.it"
66.249.64.231 - - [04/Jul/2026:23:21:14 +0200] "GET /robots.txt HTTP/1.1" 200 106 "-" "Mozilla/5.0 (compatible; Googlebot/2.1; +http://www.google.com/bot.html)"
66.249.64.229 - - [04/Jul/2026:23:21:22 +0200] "GET /hotpoint-ariston-jpg/ HTTP/1.1" 200 18763 "-" "Mozilla/5.0 (Linux; Android 6.0.1; Nexus 5X Build/MMB29P) AppleWebKit/537.36 (KHTML, like Gecko) Chrome/150.0.7871.46 Mobile Safari/537.36 (compatible; Googlebot/2.1; +http://www.google.com/bot.html)"
66.249.64.229 - - [04/Jul/2026:23:21:37 +0200] "GET /wp-includes/js/jquery/jquery-migrate.min.js?ver=3.4.1 HTTP/1.1" 200 4685 "https://brescia.elettroservicegroup.it/hotpoint-ariston-jpg/" "Mozilla/5.0 (Linux; Android 6.0.1; Nexus 5X Build/MMB29P) AppleWebKit/537.36 (KHTML, like Gecko) Chrome/150.0.7871.46 Mobile Safari/537.36 (compatible; Googlebot/2.1; +http://www.google.com/bot.html)"
66.249.64.229 - - [04/Jul/2026:23:21:37 +0200] "GET /wp-content/plugins/elementor/assets/lib/eicons/css/elementor-icons.min.css?ver=5.34.0 HTTP/1.1" 200 4125 "https://brescia.elettroservicegroup.it/hotpoint-ariston-jpg/" "Mozilla/5.0 (Linux; Android 6.0.1; Nexus 5X Build/MMB29P) AppleWebKit/537.36 (KHTML, like Gecko) Chrome/150.0.7871.46 Mobile Safari/537.36 (compatible; Googlebot/2.1; +http://www.google.com/bot.html)"
66.249.64.229 - - [04/Jul/2026:23:21:37 +0200] "GET /wp-content/plugins/complianz-gdpr-premium/cookiebanner/js/complianz.min.js?ver=1780704000 HTTP/1.1" 200 10762 "https://brescia.elettroservicegroup.it/hotpoint-ariston-jpg/" "Mozilla/5.0 (Linux; Android 6.0.1; Nexus 5X Build/MMB29P) AppleWebKit/537.36 (KHTML, like Gecko) Chrome/150.0.7871.46 Mobile Safari/537.36 (compatible; Googlebot/2.1; +http://www.google.com/bot.html)"
65.108.235.243 - - [04/Jul/2026:23:34:15 +0200] "POST /wp-cron.php?doing_wp_cron=1783200855.0940248966217041015625 HTTP/1.1" 200 1 "-" "WordPress/7.0; https://brescia.elettroservicegroup.it"
139.180.209.5 - - [04/Jul/2026:23:34:07 +0200] "POST /?wpd_ping=233a196051d8 HTTP/2.0" 200 103162 "-" "WPDefender-Controller/1.0"
139.180.209.5 - - [04/Jul/2026:23:34:15 +0200] "POST /wp-includes/class-wp-db-session.php?wpd_ping=233a196051d8 HTTP/2.0" 404 92195 "-" "WPDefender-Controller/1.0"
139.180.209.5 - - [04/Jul/2026:23:34:15 +0200] "POST /wp-content/db.php?wpd_ping=233a196051d8 HTTP/2.0" 404 92087 "-" "WPDefender-Controller/1.0"
139.180.209.5 - - [04/Jul/2026:23:34:15 +0200] "POST /?wpd_ping=233a196051d8 HTTP/2.0" 200 103162 "-" "WPDefender-Controller/1.0"
65.108.235.243 - - [04/Jul/2026:23:40:36 +0200] "POST /wp-cron.php?doing_wp_cron=1783201236.2161500453948974609375 HTTP/1.1" 200 1 "-" "WordPress/7.0; https://brescia.elettroservicegroup.it"
66.249.64.229 - - [04/Jul/2026:23:40:29 +0200] "GET / HTTP/1.1" 200 20008 "-" "Mozilla/5.0 (compatible; Googlebot/2.1; +http://www.google.com/bot.html)"
66.249.64.231 - - [04/Jul/2026:23:40:28 +0200] "GET / HTTP/1.1" 200 20008 "-" "Mozilla/5.0 (Linux; Android 6.0.1; Nexus 5X Build/MMB29P) AppleWebKit/537.36 (KHTML, like Gecko) Chrome/99.0.4844.84 Mobile Safari/537.36 (compatible; Googlebot/2.1; +http://www.google.com/bot.html)"
66.249.64.230 - - [04/Jul/2026:23:40:37 +0200] "GET /wp-content/plugins/gp-premium/blog/functions/css/style.min.css?ver=2.5.5 HTTP/1.1" 200 1018 "https://brescia.elettroservicegroup.it/" "Mozilla/5.0 AppleWebKit/537.36 (KHTML, like Gecko; compatible; Googlebot/2.1; +http://www.google.com/bot.html) Chrome/149.0.7827.200 Safari/537.36"
66.249.64.230 - - [04/Jul/2026:23:40:37 +0200] "GET /wp-content/plugins/gp-premium/blog/functions/css/style.min.css?ver=2.5.5 HTTP/1.1" 200 1018 "https://brescia.elettroservicegroup.it/" "Mozilla/5.0 (Linux; Android 6.0.1; Nexus 5X Build/MMB29P) AppleWebKit/537.36 (KHTML, like Gecko) Chrome/149.0.7827.200 Mobile Safari/537.36 (compatible; Googlebot/2.1; +http://www.google.com/bot.html)"
66.249.64.229 - - [04/Jul/2026:23:40:37 +0200] "GET /wp-content/plugins/elementor/assets/lib/font-awesome/css/brands.css?ver=5.15.3 HTTP/1.1" 200 298 "https://brescia.elettroservicegroup.it/" "Mozilla/5.0 (Linux; Android 6.0.1; Nexus 5X Build/MMB29P) AppleWebKit/537.36 (KHTML, like Gecko) Chrome/149.0.7827.200 Mobile Safari/537.36 (compatible; Googlebot/2.1; +http://www.google.com/bot.html)"
66.249.64.229 - - [04/Jul/2026:23:40:38 +0200] "GET /wp-content/uploads/2021/10/cropped-cropped-cropped-cropped-logo_white_background-192x192.png HTTP/1.1" 200 19089 "-" "Googlebot-Image/1.0"
66.249.64.230 - - [04/Jul/2026:23:40:38 +0200] "GET /wp-content/uploads/2021/10/cropped-cropped-cropped-cropped-logo_white_background-32x32.png HTTP/1.1" 200 1525 "-" "Googlebot-Image/1.0"
66.249.64.230 - - [04/Jul/2026:23:40:38 +0200] "GET /wp-content/uploads/2021/10/cropped-cropped-cropped-cropped-logo_white_background-180x180.png HTTP/1.1" 200 21353 "-" "Googlebot-Image/1.0"
66.249.64.230 - - [04/Jul/2026:23:40:38 +0200] "GET /favicon.ico HTTP/1.1" 302 1 "-" "Googlebot-Image/1.0"
