45.3.53.248 - - [04/Jul/2026:17:29:21 +0200] "GET /wp-content/plugins/wpml-string-translation/wpml-string-translation.php HTTP/1.1" 404 92812 "https://www.brescia.elettroservicegroup.it/wp-content/plugins/wpml-string-translation/wpml-string-translation.php" "Mozilla/5.0 (Macintosh; Intel Mac OS X 10_15_7) AppleWebKit/605.1.15 (KHTML, like Gecko) Version/18.2 Safari/605.1.15"
45.3.53.248 - - [04/Jul/2026:17:29:21 +0200] "GET /wp-content/plugins/elementskit-lite/elementskit-lite.php HTTP/1.1" 404 92728 "https://www.brescia.elettroservicegroup.it/wp-content/plugins/elementskit-lite/elementskit-lite.php" "Mozilla/5.0 (Macintosh; Intel Mac OS X 10_15_7) AppleWebKit/605.1.15 (KHTML, like Gecko) Version/18.2 Safari/605.1.15"
45.3.53.248 - - [04/Jul/2026:17:29:22 +0200] "GET /wp-content/plugins/metform/metform.php HTTP/1.1" 404 92620 "https://www.brescia.elettroservicegroup.it/wp-content/plugins/metform/metform.php" "Mozilla/5.0 (Macintosh; Intel Mac OS X 10_15_7) AppleWebKit/605.1.15 (KHTML, like Gecko) Version/18.2 Safari/605.1.15"
45.3.53.248 - - [04/Jul/2026:17:29:22 +0200] "GET /wp-content/plugins/really-simple-ssl/readme.txt HTTP/1.1" 404 92674 "https://www.brescia.elettroservicegroup.it/wp-content/plugins/really-simple-ssl/readme.txt" "Mozilla/5.0 (Macintosh; Intel Mac OS X 10_15_7) AppleWebKit/605.1.15 (KHTML, like Gecko) Version/18.2 Safari/605.1.15"
45.3.53.248 - - [04/Jul/2026:17:29:22 +0200] "GET /wp-content/plugins/elementskit/readme.txt HTTP/1.1" 404 92638 "https://www.brescia.elettroservicegroup.it/wp-content/plugins/elementskit/readme.txt" "Mozilla/5.0 (Macintosh; Intel Mac OS X 10_15_7) AppleWebKit/605.1.15 (KHTML, like Gecko) Version/18.2 Safari/605.1.15"
45.3.53.248 - - [04/Jul/2026:17:29:22 +0200] "GET /wp-content/plugins/give/readme.txt HTTP/1.1" 404 92596 "https://www.brescia.elettroservicegroup.it/wp-content/plugins/give/readme.txt" "Mozilla/5.0 (Macintosh; Intel Mac OS X 10_15_7) AppleWebKit/605.1.15 (KHTML, like Gecko) Version/18.2 Safari/605.1.15"
45.3.53.248 - - [04/Jul/2026:17:29:23 +0200] "GET /wp-content/plugins/really-simple-ssl/really-simple-ssl.php HTTP/1.1" 301 - "-" "Mozilla/5.0 (Macintosh; Intel Mac OS X 10_15_7) AppleWebKit/605.1.15 (KHTML, like Gecko) Version/18.2 Safari/605.1.15"
45.3.53.248 - - [04/Jul/2026:17:29:23 +0200] "GET /wp-content/plugins/give/give.php HTTP/1.1" 301 - "-" "Mozilla/5.0 (Macintosh; Intel Mac OS X 10_15_7) AppleWebKit/605.1.15 (KHTML, like Gecko) Version/18.2 Safari/605.1.15"
45.3.53.248 - - [04/Jul/2026:17:29:23 +0200] "GET /wp-content/plugins/elementskit/elementskit.php HTTP/1.1" 301 - "-" "Mozilla/5.0 (Macintosh; Intel Mac OS X 10_15_7) AppleWebKit/605.1.15 (KHTML, like Gecko) Version/18.2 Safari/605.1.15"
45.3.53.248 - - [04/Jul/2026:17:29:23 +0200] "GET /wp-content/plugins/really-simple-ssl/really-simple-ssl.php HTTP/1.1" 404 92740 "https://www.brescia.elettroservicegroup.it/wp-content/plugins/really-simple-ssl/really-simple-ssl.php" "Mozilla/5.0 (Macintosh; Intel Mac OS X 10_15_7) AppleWebKit/605.1.15 (KHTML, like Gecko) Version/18.2 Safari/605.1.15"
45.3.53.248 - - [04/Jul/2026:17:29:23 +0200] "GET /wp-content/plugins/give/give.php HTTP/1.1" 404 92584 "https://www.brescia.elettroservicegroup.it/wp-content/plugins/give/give.php" "Mozilla/5.0 (Macintosh; Intel Mac OS X 10_15_7) AppleWebKit/605.1.15 (KHTML, like Gecko) Version/18.2 Safari/605.1.15"
45.3.53.248 - - [04/Jul/2026:17:29:24 +0200] "GET /wp-content/plugins/elementskit/elementskit.php HTTP/1.1" 404 92668 "https://www.brescia.elettroservicegroup.it/wp-content/plugins/elementskit/elementskit.php" "Mozilla/5.0 (Macintosh; Intel Mac OS X 10_15_7) AppleWebKit/605.1.15 (KHTML, like Gecko) Version/18.2 Safari/605.1.15"
65.108.235.243 - - [04/Jul/2026:17:34:02 +0200] "POST /wp-cron.php?doing_wp_cron=1783179242.5922160148620605468750 HTTP/1.1" 200 1 "-" "WordPress/7.0; https://brescia.elettroservicegroup.it"
139.180.209.5 - - [04/Jul/2026:17:33:53 +0200] "POST /?wpd_ping=233a196051d8 HTTP/2.0" 200 103162 "-" "WPDefender-Controller/1.0"
139.180.209.5 - - [04/Jul/2026:17:34:01 +0200] "POST /wp-content/db.php?wpd_ping=233a196051d8 HTTP/2.0" 404 92087 "-" "WPDefender-Controller/1.0"
139.180.209.5 - - [04/Jul/2026:17:34:01 +0200] "POST /wp-includes/class-wp-db-session.php?wpd_ping=233a196051d8 HTTP/2.0" 404 92195 "-" "WPDefender-Controller/1.0"
65.108.235.243 - - [04/Jul/2026:17:34:05 +0200] "POST /wp-cron.php?doing_wp_cron=1783179244.9956591129302978515625 HTTP/1.1" 200 1 "-" "WordPress/7.0; https://brescia.elettroservicegroup.it"
139.180.209.5 - - [04/Jul/2026:17:34:01 +0200] "POST /?wpd_ping=233a196051d8 HTTP/2.0" 200 103162 "-" "WPDefender-Controller/1.0"
65.108.235.243 - - [04/Jul/2026:17:49:26 +0200] "POST /wp-cron.php?doing_wp_cron=1783180166.5043690204620361328125 HTTP/1.1" 200 1 "-" "WordPress/7.0; https://brescia.elettroservicegroup.it"
139.180.209.5 - - [04/Jul/2026:17:49:18 +0200] "POST /?wpd_ping=233a196051d8 HTTP/2.0" 200 103162 "-" "WPDefender-Controller/1.0"
65.108.235.243 - - [04/Jul/2026:17:49:29 +0200] "POST /wp-cron.php?doing_wp_cron=1783180169.0034599304199218750000 HTTP/1.1" 200 1 "-" "WordPress/7.0; https://brescia.elettroservicegroup.it"
139.180.209.5 - - [04/Jul/2026:17:49:26 +0200] "POST /wp-includes/class-wp-db-session.php?wpd_ping=233a196051d8 HTTP/2.0" 404 92195 "-" "WPDefender-Controller/1.0"
65.108.235.243 - - [04/Jul/2026:17:49:29 +0200] "POST /wp-cron.php?doing_wp_cron=1783180169.0020589828491210937500 HTTP/1.1" 200 1 "-" "WordPress/7.0; https://brescia.elettroservicegroup.it"
139.180.209.5 - - [04/Jul/2026:17:49:26 +0200] "POST /wp-content/db.php?wpd_ping=233a196051d8 HTTP/2.0" 404 92087 "-" "WPDefender-Controller/1.0"
65.108.235.243 - - [04/Jul/2026:17:49:29 +0200] "POST /wp-cron.php?doing_wp_cron=1783180169.4958848953247070312500 HTTP/1.1" 200 1 "-" "WordPress/7.0; https://brescia.elettroservicegroup.it"
139.180.209.5 - - [04/Jul/2026:17:49:26 +0200] "POST /?wpd_ping=233a196051d8 HTTP/2.0" 200 103162 "-" "WPDefender-Controller/1.0"
65.108.235.243 - - [04/Jul/2026:17:57:45 +0200] "POST /wp-cron.php?doing_wp_cron=1783180665.1970500946044921875000 HTTP/1.1" 200 1 "-" "WordPress/7.0; https://brescia.elettroservicegroup.it"
74.7.241.167 - - [04/Jul/2026:17:57:39 +0200] "GET /robots.txt HTTP/2.0" 200 106 "-" "Mozilla/5.0 (Macintosh; Intel Mac OS X 10_15_7) AppleWebKit/537.36 (KHTML, like Gecko) Chrome/131.0.0.0 Safari/537.36; compatible; OAI-SearchBot/1.4; robots.txt; +https://openai.com/searchbot"
65.108.235.243 - - [04/Jul/2026:17:57:47 +0200] "POST /wp-cron.php?doing_wp_cron=1783180667.6083068847656250000000 HTTP/1.1" 200 1 "-" "WordPress/7.0; https://brescia.elettroservicegroup.it"
74.7.228.252 - - [04/Jul/2026:17:57:39 +0200] "GET / HTTP/2.0" 200 20008 "-" "Mozilla/5.0 (Macintosh; Intel Mac OS X 10_15_7) AppleWebKit/537.36 (KHTML, like Gecko) Chrome/131.0.0.0 Safari/537.36; compatible; OAI-SearchBot/1.4; +https://openai.com/searchbot"
74.7.227.17 - - [04/Jul/2026:17:57:48 +0200] "GET /wp-content/plugins/elementor/assets/lib/font-awesome/js/v4-shims.min.js?ver=4.1.4 HTTP/2.0" 404 18009 "https://brescia.elettroservicegroup.it/" "Mozilla/5.0 AppleWebKit/537.36 (KHTML, like Gecko; compatible; GPTBot/1.4; +https://openai.com/gptbot)"
74.7.229.132 - - [04/Jul/2026:17:57:51 +0200] "GET /wp-content/plugins/elementor/assets/lib/eicons/css/elementor-icons.min.css?ver=5.50.0 HTTP/2.0" 200 4125 "https://brescia.elettroservicegroup.it/" "Mozilla/5.0 (Macintosh; Intel Mac OS X 10_15_7) AppleWebKit/537.36 (KHTML, like Gecko) Chrome/131.0.0.0 Safari/537.36; compatible; OAI-SearchBot/1.4; +https://openai.com/searchbot"
74.7.227.17 - - [04/Jul/2026:17:57:51 +0200] "GET /wp-content/plugins/elementor/assets/lib/font-awesome/css/fontawesome.css?ver=5.15.3 HTTP/2.0" 404 18006 "https://brescia.elettroservicegroup.it/" "Mozilla/5.0 AppleWebKit/537.36 (KHTML, like Gecko; compatible; GPTBot/1.4; +https://openai.com/gptbot)"
74.7.243.17 - - [04/Jul/2026:17:57:54 +0200] "GET /wp-content/plugins/elementor/assets/lib/font-awesome/css/all.min.css?ver=4.1.4 HTTP/2.0" 404 18008 "https://brescia.elettroservicegroup.it/" "Mozilla/5.0 (Macintosh; Intel Mac OS X 10_15_7) AppleWebKit/537.36 (KHTML, like Gecko) Chrome/131.0.0.0 Safari/537.36; compatible; OAI-SearchBot/1.4; +https://openai.com/searchbot"
74.7.227.17 - - [04/Jul/2026:17:57:54 +0200] "GET /wp-content/plugins/elementor/assets/lib/font-awesome/css/solid.css?ver=5.15.3 HTTP/2.0" 404 18006 "https://brescia.elettroservicegroup.it/" "Mozilla/5.0 AppleWebKit/537.36 (KHTML, like Gecko; compatible; GPTBot/1.4; +https://openai.com/gptbot)"
74.7.242.165 - - [04/Jul/2026:17:57:57 +0200] "GET /wp-content/plugins/header-footer-elementor/assets/css/header-footer-elementor.css?ver=2.9.0 HTTP/2.0" 200 260 "https://brescia.elettroservicegroup.it/" "Mozilla/5.0 (Macintosh; Intel Mac OS X 10_15_7) AppleWebKit/537.36 (KHTML, like Gecko) Chrome/131.0.0.0 Safari/537.36; compatible; OAI-SearchBot/1.4; +https://openai.com/searchbot"
74.7.227.17 - - [04/Jul/2026:17:57:57 +0200] "GET /wp-content/plugins/wpfront-notification-bar/js/wpfront-notification-bar.min.js?ver=3.5.1.05102 HTTP/2.0" 404 17992 "https://brescia.elettroservicegroup.it/" "Mozilla/5.0 AppleWebKit/537.36 (KHTML, like Gecko; compatible; GPTBot/1.4; +https://openai.com/gptbot)"
74.7.243.17 - - [04/Jul/2026:17:57:59 +0200] "GET /wp-includes/js/jquery/ui/core.min.js?ver=1.13.3 HTTP/2.0" 404 17994 "https://brescia.elettroservicegroup.it/" "Mozilla/5.0 (Macintosh; Intel Mac OS X 10_15_7) AppleWebKit/537.36 (KHTML, like Gecko) Chrome/131.0.0.0 Safari/537.36; compatible; OAI-SearchBot/1.4; +https://openai.com/searchbot"
74.7.228.174 - - [04/Jul/2026:17:58:02 +0200] "GET /wp-content/plugins/elementor/assets/css/widget-social-icons.min.css?ver=3.24.0 HTTP/2.0" 200 1039 "https://brescia.elettroservicegroup.it/" "Mozilla/5.0 (Macintosh; Intel Mac OS X 10_15_7) AppleWebKit/537.36 (KHTML, like Gecko) Chrome/131.0.0.0 Safari/537.36; compatible; OAI-SearchBot/1.4; +https://openai.com/searchbot"
74.7.227.17 - - [04/Jul/2026:17:58:01 +0200] "GET /wp-content/plugins/elementor/assets/js/webpack.runtime.min.js?ver=4.1.4 HTTP/2.0" 404 17997 "https://brescia.elettroservicegroup.it/" "Mozilla/5.0 AppleWebKit/537.36 (KHTML, like Gecko; compatible; GPTBot/1.4; +https://openai.com/gptbot)"
74.7.243.38 - - [04/Jul/2026:17:58:04 +0200] "GET /wp-content/plugins/elementor/assets/lib/eicons/css/elementor-icons.min.css?ver=5.34.0 HTTP/2.0" 200 4125 "https://brescia.elettroservicegroup.it/" "Mozilla/5.0 (Macintosh; Intel Mac OS X 10_15_7) AppleWebKit/537.36 (KHTML, like Gecko) Chrome/131.0.0.0 Safari/537.36; compatible; OAI-SearchBot/1.4; +https://openai.com/searchbot"
74.7.227.17 - - [04/Jul/2026:17:58:04 +0200] "GET /post-5-2/ HTTP/2.0" 415 18736 "https://brescia.elettroservicegroup.it/" "Mozilla/5.0 AppleWebKit/537.36 (KHTML, like Gecko; compatible; GPTBot/1.4; +https://openai.com/gptbot)"
74.7.228.252 - - [04/Jul/2026:17:58:06 +0200] "GET /wp-content/themes/generatepress/assets/js/back-to-top.min.js?ver=3.6.1 HTTP/2.0" 200 336 "https://brescia.elettroservicegroup.it/" "Mozilla/5.0 (Macintosh; Intel Mac OS X 10_15_7) AppleWebKit/537.36 (KHTML, like Gecko) Chrome/131.0.0.0 Safari/537.36; compatible; OAI-SearchBot/1.4; +https://openai.com/searchbot"
74.7.227.17 - - [04/Jul/2026:17:58:07 +0200] "GET /wp-content/plugins/complianz-gdpr-premium/cookiebanner/js/complianz.min.js?ver=1783097345 HTTP/2.0" 404 17991 "https://brescia.elettroservicegroup.it/" "Mozilla/5.0 AppleWebKit/537.36 (KHTML, like Gecko; compatible; GPTBot/1.4; +https://openai.com/gptbot)"
74.7.228.174 - - [04/Jul/2026:17:58:08 +0200] "GET /feed/ HTTP/2.0" 200 16306 "https://brescia.elettroservicegroup.it/" "Mozilla/5.0 (Macintosh; Intel Mac OS X 10_15_7) AppleWebKit/537.36 (KHTML, like Gecko) Chrome/131.0.0.0 Safari/537.36; compatible; OAI-SearchBot/1.4; +https://openai.com/searchbot"
74.7.228.252 - - [04/Jul/2026:17:58:09 +0200] "GET /wp-content/plugins/elementor/assets/css/frontend.min.css?ver=4.1.4 HTTP/2.0" 200 6618 "https://brescia.elettroservicegroup.it/" "Mozilla/5.0 (Macintosh; Intel Mac OS X 10_15_7) AppleWebKit/537.36 (KHTML, like Gecko) Chrome/131.0.0.0 Safari/537.36; compatible; OAI-SearchBot/1.4; +https://openai.com/searchbot"
74.7.227.17 - - [04/Jul/2026:17:58:10 +0200] "GET /author/andrea/ HTTP/2.0" 415 19854 "https://brescia.elettroservicegroup.it/" "Mozilla/5.0 AppleWebKit/537.36 (KHTML, like Gecko; compatible; GPTBot/1.4; +https://openai.com/gptbot)"
74.7.243.17 - - [04/Jul/2026:17:58:11 +0200] "GET /wp-content/plugins/essential-addons-for-elementor-lite/assets/front-end/css/view/general.min.css?ver=6.6.9 HTTP/2.0" 404 18017 "https://brescia.elettroservicegroup.it/" "Mozilla/5.0 (Macintosh; Intel Mac OS X 10_15_7) AppleWebKit/537.36 (KHTML, like Gecko) Chrome/131.0.0.0 Safari/537.36; compatible; OAI-SearchBot/1.4; +https://openai.com/searchbot"
74.7.229.199 - - [04/Jul/2026:17:58:13 +0200] "GET /wp-content/plugins/elementor/assets/lib/font-awesome/css/solid.css?ver=5.15.3 HTTP/2.0" 200 299 "https://brescia.elettroservicegroup.it/" "Mozilla/5.0 (Macintosh; Intel Mac OS X 10_15_7) AppleWebKit/537.36 (KHTML, like Gecko) Chrome/131.0.0.0 Safari/537.36; compatible; OAI-SearchBot/1.4; +https://openai.com/searchbot"
74.7.227.17 - - [04/Jul/2026:17:58:13 +0200] "GET /post-3-2/ HTTP/2.0" 415 18739 "https://brescia.elettroservicegroup.it/" "Mozilla/5.0 AppleWebKit/537.36 (KHTML, like Gecko; compatible; GPTBot/1.4; +https://openai.com/gptbot)"
74.7.243.38 - - [04/Jul/2026:17:58:15 +0200] "GET /wp-content/plugins/elementor/assets/lib/font-awesome/css/v4-shims.min.css?ver=4.1.4 HTTP/2.0" 200 3986 "https://brescia.elettroservicegroup.it/" "Mozilla/5.0 (Macintosh; Intel Mac OS X 10_15_7) AppleWebKit/537.36 (KHTML, like Gecko) Chrome/131.0.0.0 Safari/537.36; compatible; OAI-SearchBot/1.4; +https://openai.com/searchbot"
74.7.242.165 - - [04/Jul/2026:17:58:16 +0200] "GET /wp-content/plugins/wpfront-notification-bar/js/wpfront-notification-bar.min.js?ver=3.5.1.05102 HTTP/2.0" 200 1497 "https://brescia.elettroservicegroup.it/" "Mozilla/5.0 (Macintosh; Intel Mac OS X 10_15_7) AppleWebKit/537.36 (KHTML, like Gecko) Chrome/131.0.0.0 Safari/537.36; compatible; OAI-SearchBot/1.4; +https://openai.com/searchbot"
74.7.243.38 - - [04/Jul/2026:17:58:17 +0200] "GET /xmlrpc.php?rsd HTTP/2.0" 403 52 "https://brescia.elettroservicegroup.it/" "Mozilla/5.0 (Macintosh; Intel Mac OS X 10_15_7) AppleWebKit/537.36 (KHTML, like Gecko) Chrome/131.0.0.0 Safari/537.36; compatible; OAI-SearchBot/1.4; +https://openai.com/searchbot"
74.7.228.200 - - [04/Jul/2026:17:58:18 +0200] "GET /wp-content/uploads/elementor/google-fonts/css/roboto.css?ver=1742275292 HTTP/2.0" 200 1886 "https://brescia.elettroservicegroup.it/" "Mozilla/5.0 (Macintosh; Intel Mac OS X 10_15_7) AppleWebKit/537.36 (KHTML, like Gecko) Chrome/131.0.0.0 Safari/537.36; compatible; OAI-SearchBot/1.4; +https://openai.com/searchbot"
74.7.227.17 - - [04/Jul/2026:17:58:16 +0200] "GET /post-8-2/ HTTP/2.0" 415 18739 "https://brescia.elettroservicegroup.it/" "Mozilla/5.0 AppleWebKit/537.36 (KHTML, like Gecko; compatible; GPTBot/1.4; +https://openai.com/gptbot)"
74.7.228.200 - - [04/Jul/2026:17:58:19 +0200] "GET /wp-includes/js/jquery/jquery-migrate.min.js?ver=3.4.1 HTTP/2.0" 200 4685 "https://brescia.elettroservicegroup.it/" "Mozilla/5.0 (Macintosh; Intel Mac OS X 10_15_7) AppleWebKit/537.36 (KHTML, like Gecko) Chrome/131.0.0.0 Safari/537.36; compatible; OAI-SearchBot/1.4; +https://openai.com/searchbot"
74.7.228.252 - - [04/Jul/2026:17:58:20 +0200] "GET /wp-content/plugins/complianz-gdpr-premium/cookiebanner/js/complianz.min.js?ver=1783097345 HTTP/2.0" 200 10762 "https://brescia.elettroservicegroup.it/" "Mozilla/5.0 (Macintosh; Intel Mac OS X 10_15_7) AppleWebKit/537.36 (KHTML, like Gecko) Chrome/131.0.0.0 Safari/537.36; compatible; OAI-SearchBot/1.4; +https://openai.com/searchbot"
74.7.227.17 - - [04/Jul/2026:17:58:19 +0200] "GET /jak-szybko-zdobyc-bonus-vavada-bez-wplaty-krok-po-kroku/ HTTP/2.0" 415 24862 "https://brescia.elettroservicegroup.it/" "Mozilla/5.0 AppleWebKit/537.36 (KHTML, like Gecko; compatible; GPTBot/1.4; +https://openai.com/gptbot)"
74.7.229.132 - - [04/Jul/2026:17:58:21 +0200] "GET /comments/feed/ HTTP/2.0" 200 378 "https://brescia.elettroservicegroup.it/" "Mozilla/5.0 (Macintosh; Intel Mac OS X 10_15_7) AppleWebKit/537.36 (KHTML, like Gecko) Chrome/131.0.0.0 Safari/537.36; compatible; OAI-SearchBot/1.4; +https://openai.com/searchbot"
74.7.229.132 - - [04/Jul/2026:17:58:22 +0200] "GET /wp-content/plugins/gp-premium/blog/functions/css/style.min.css?ver=2.5.5 HTTP/2.0" 200 1018 "https://brescia.elettroservicegroup.it/" "Mozilla/5.0 (Macintosh; Intel Mac OS X 10_15_7) AppleWebKit/537.36 (KHTML, like Gecko) Chrome/131.0.0.0 Safari/537.36; compatible; OAI-SearchBot/1.4; +https://openai.com/searchbot"
74.7.243.38 - - [04/Jul/2026:17:58:23 +0200] "GET /wp-content/themes/generatepress/assets/js/menu.min.js?ver=3.6.1 HTTP/2.0" 200 1688 "https://brescia.elettroservicegroup.it/" "Mozilla/5.0 (Macintosh; Intel Mac OS X 10_15_7) AppleWebKit/537.36 (KHTML, like Gecko) Chrome/131.0.0.0 Safari/537.36; compatible; OAI-SearchBot/1.4; +https://openai.com/searchbot"
74.7.242.165 - - [04/Jul/2026:17:58:23 +0200] "GET /wp-content/plugins/essential-addons-for-elementor-lite/assets/front-end/js/view/general.min.js?ver=6.6.9 HTTP/2.0" 200 3900 "https://brescia.elettroservicegroup.it/" "Mozilla/5.0 (Macintosh; Intel Mac OS X 10_15_7) AppleWebKit/537.36 (KHTML, like Gecko) Chrome/131.0.0.0 Safari/537.36; compatible; OAI-SearchBot/1.4; +https://openai.com/searchbot"
74.7.228.200 - - [04/Jul/2026:17:58:24 +0200] "GET /wp-content/plugins/elementor/assets/js/frontend-modules.min.js?ver=4.1.4 HTTP/2.0" 200 15454 "https://brescia.elettroservicegroup.it/" "Mozilla/5.0 (Macintosh; Intel Mac OS X 10_15_7) AppleWebKit/537.36 (KHTML, like Gecko) Chrome/131.0.0.0 Safari/537.36; compatible; OAI-SearchBot/1.4; +https://openai.com/searchbot"
74.7.227.17 - - [04/Jul/2026:17:58:22 +0200] "GET /vavada-kazino-obzor-i-zerkalo/ HTTP/2.0" 415 26140 "https://brescia.elettroservicegroup.it/" "Mozilla/5.0 AppleWebKit/537.36 (KHTML, like Gecko; compatible; GPTBot/1.4; +https://openai.com/gptbot)"
74.7.228.252 - - [04/Jul/2026:17:58:24 +0200] "GET /wp-content/plugins/wpfront-notification-bar/css/wpfront-notification-bar.min.css?ver=3.5.1.05102 HTTP/2.0" 200 665 "https://brescia.elettroservicegroup.it/" "Mozilla/5.0 (Macintosh; Intel Mac OS X 10_15_7) AppleWebKit/537.36 (KHTML, like Gecko) Chrome/131.0.0.0 Safari/537.36; compatible; OAI-SearchBot/1.4; +https://openai.com/searchbot"
74.7.228.174 - - [04/Jul/2026:17:58:25 +0200] "GET /wp-content/plugins/elementor/assets/lib/font-awesome/css/brands.css?ver=5.15.3 HTTP/2.0" 200 298 "https://brescia.elettroservicegroup.it/" "Mozilla/5.0 (Macintosh; Intel Mac OS X 10_15_7) AppleWebKit/537.36 (KHTML, like Gecko) Chrome/131.0.0.0 Safari/537.36; compatible; OAI-SearchBot/1.4; +https://openai.com/searchbot"
74.7.228.252 - - [04/Jul/2026:17:58:25 +0200] "GET /wp-content/plugins/gp-premium/menu-plus/functions/css/navigation-branding-flex.min.css?ver=2.5.5 HTTP/2.0" 200 542 "https://brescia.elettroservicegroup.it/" "Mozilla/5.0 (Macintosh; Intel Mac OS X 10_15_7) AppleWebKit/537.36 (KHTML, like Gecko) Chrome/131.0.0.0 Safari/537.36; compatible; OAI-SearchBot/1.4; +https://openai.com/searchbot"
74.7.228.200 - - [04/Jul/2026:17:58:26 +0200] "GET /wp-content/uploads/elementor/css/post-14366.css?ver=1783097828 HTTP/2.0" 200 297 "https://brescia.elettroservicegroup.it/" "Mozilla/5.0 (Macintosh; Intel Mac OS X 10_15_7) AppleWebKit/537.36 (KHTML, like Gecko) Chrome/131.0.0.0 Safari/537.36; compatible; OAI-SearchBot/1.4; +https://openai.com/searchbot"
74.7.228.252 - - [04/Jul/2026:17:58:26 +0200] "GET /wp-content/plugins/all-in-one-seo-pack/dist/Lite/assets/css/table-of-contents/global.e90f6d47.css?ver=4.9.9 HTTP/2.0" 200 420 "https://brescia.elettroservicegroup.it/" "Mozilla/5.0 (Macintosh; Intel Mac OS X 10_15_7) AppleWebKit/537.36 (KHTML, like Gecko) Chrome/131.0.0.0 Safari/537.36; compatible; OAI-SearchBot/1.4; +https://openai.com/searchbot"
74.7.229.132 - - [04/Jul/2026:17:58:27 +0200] "GET /wp-content/plugins/header-footer-elementor/inc/widgets-css/frontend.css?ver=2.9.0 HTTP/2.0" 200 8711 "https://brescia.elettroservicegroup.it/" "Mozilla/5.0 (Macintosh; Intel Mac OS X 10_15_7) AppleWebKit/537.36 (KHTML, like Gecko) Chrome/131.0.0.0 Safari/537.36; compatible; OAI-SearchBot/1.4; +https://openai.com/searchbot"
74.7.228.200 - - [04/Jul/2026:17:58:28 +0200] "GET /wp-content/plugins/elementor/assets/js/frontend.min.js?ver=4.1.4 HTTP/2.0" 200 10140 "https://brescia.elettroservicegroup.it/" "Mozilla/5.0 (Macintosh; Intel Mac OS X 10_15_7) AppleWebKit/537.36 (KHTML, like Gecko) Chrome/131.0.0.0 Safari/537.36; compatible; OAI-SearchBot/1.4; +https://openai.com/searchbot"
74.7.229.132 - - [04/Jul/2026:17:58:28 +0200] "GET /wp-content/uploads/elementor/css/post-14146.css?ver=1783097828 HTTP/2.0" 200 428 "https://brescia.elettroservicegroup.it/" "Mozilla/5.0 (Macintosh; Intel Mac OS X 10_15_7) AppleWebKit/537.36 (KHTML, like Gecko) Chrome/131.0.0.0 Safari/537.36; compatible; OAI-SearchBot/1.4; +https://openai.com/searchbot"
74.7.227.17 - - [04/Jul/2026:17:58:26 +0200] "GET /jak-zdobyc-bonus-bez-wplaty-w-vavadzie-2026/ HTTP/2.0" 415 25281 "https://brescia.elettroservicegroup.it/" "Mozilla/5.0 AppleWebKit/537.36 (KHTML, like Gecko; compatible; GPTBot/1.4; +https://openai.com/gptbot)"
74.7.243.38 - - [04/Jul/2026:17:58:29 +0200] "GET /wp-content/themes/generatepress/assets/css/main.min.css?ver=3.6.1 HTTP/2.0" 200 4410 "https://brescia.elettroservicegroup.it/" "Mozilla/5.0 (Macintosh; Intel Mac OS X 10_15_7) AppleWebKit/537.36 (KHTML, like Gecko) Chrome/131.0.0.0 Safari/537.36; compatible; OAI-SearchBot/1.4; +https://openai.com/searchbot"
74.7.228.200 - - [04/Jul/2026:17:58:29 +0200] "GET /wp-content/plugins/gp-premium/menu-plus/functions/js/sticky.min.js?ver=2.5.5 HTTP/2.0" 200 2670 "https://brescia.elettroservicegroup.it/" "Mozilla/5.0 (Macintosh; Intel Mac OS X 10_15_7) AppleWebKit/537.36 (KHTML, like Gecko) Chrome/131.0.0.0 Safari/537.36; compatible; OAI-SearchBot/1.4; +https://openai.com/searchbot"
74.7.227.17 - - [04/Jul/2026:17:58:29 +0200] "GET /wp-includes/js/jquery/ui/core.min.js?ver=1.13.3 HTTP/2.0" 404 17994 "https://brescia.elettroservicegroup.it/" "Mozilla/5.0 AppleWebKit/537.36 (KHTML, like Gecko; compatible; GPTBot/1.4; +https://openai.com/gptbot)"
74.7.242.165 - - [04/Jul/2026:17:58:30 +0200] "GET /wp-includes/css/dist/block-library/style.min.css?ver=7.0 HTTP/2.0" 200 15998 "https://brescia.elettroservicegroup.it/" "Mozilla/5.0 (Macintosh; Intel Mac OS X 10_15_7) AppleWebKit/537.36 (KHTML, like Gecko) Chrome/131.0.0.0 Safari/537.36; compatible; OAI-SearchBot/1.4; +https://openai.com/searchbot"
74.7.229.132 - - [04/Jul/2026:17:58:30 +0200] "GET /wp-content/plugins/elementor/assets/css/widget-icon-list.min.css?ver=3.24.3 HTTP/2.0" 200 928 "https://brescia.elettroservicegroup.it/" "Mozilla/5.0 (Macintosh; Intel Mac OS X 10_15_7) AppleWebKit/537.36 (KHTML, like Gecko) Chrome/131.0.0.0 Safari/537.36; compatible; OAI-SearchBot/1.4; +https://openai.com/searchbot"
74.7.243.38 - - [04/Jul/2026:17:58:31 +0200] "GET /wp-includes/js/jquery/jquery.min.js?ver=3.7.1 HTTP/2.0" 200 29769 "https://brescia.elettroservicegroup.it/" "Mozilla/5.0 (Macintosh; Intel Mac OS X 10_15_7) AppleWebKit/537.36 (KHTML, like Gecko) Chrome/131.0.0.0 Safari/537.36; compatible; OAI-SearchBot/1.4; +https://openai.com/searchbot"
74.7.228.174 - - [04/Jul/2026:17:58:32 +0200] "GET /wp-content/plugins/complianz-gdpr-premium/assets/css/cookieblocker.min.css?ver=1783097345 HTTP/2.0" 200 615 "https://brescia.elettroservicegroup.it/" "Mozilla/5.0 (Macintosh; Intel Mac OS X 10_15_7) AppleWebKit/537.36 (KHTML, like Gecko) Chrome/131.0.0.0 Safari/537.36; compatible; OAI-SearchBot/1.4; +https://openai.com/searchbot"
74.7.227.17 - - [04/Jul/2026:17:58:32 +0200] "GET /post-9-2/ HTTP/2.0" 415 18736 "https://brescia.elettroservicegroup.it/" "Mozilla/5.0 AppleWebKit/537.36 (KHTML, like Gecko; compatible; GPTBot/1.4; +https://openai.com/gptbot)"
74.7.227.17 - - [04/Jul/2026:17:58:35 +0200] "GET /post-7-2/ HTTP/2.0" 415 18736 "https://brescia.elettroservicegroup.it/" "Mozilla/5.0 AppleWebKit/537.36 (KHTML, like Gecko; compatible; GPTBot/1.4; +https://openai.com/gptbot)"
74.7.227.17 - - [04/Jul/2026:17:58:38 +0200] "GET /post-6-2/ HTTP/2.0" 415 18734 "https://brescia.elettroservicegroup.it/" "Mozilla/5.0 AppleWebKit/537.36 (KHTML, like Gecko; compatible; GPTBot/1.4; +https://openai.com/gptbot)"
74.7.227.17 - - [04/Jul/2026:17:58:41 +0200] "GET /post-4-2/ HTTP/2.0" 415 18736 "https://brescia.elettroservicegroup.it/" "Mozilla/5.0 AppleWebKit/537.36 (KHTML, like Gecko; compatible; GPTBot/1.4; +https://openai.com/gptbot)"
74.7.227.17 - - [04/Jul/2026:17:58:44 +0200] "GET /post-10-2/ HTTP/2.0" 415 18731 "https://brescia.elettroservicegroup.it/" "Mozilla/5.0 AppleWebKit/537.36 (KHTML, like Gecko; compatible; GPTBot/1.4; +https://openai.com/gptbot)"
65.108.235.243 - - [04/Jul/2026:17:58:49 +0200] "POST /wp-cron.php?doing_wp_cron=1783180729.9042909145355224609375 HTTP/1.1" 200 1 "-" "WordPress/7.0; https://brescia.elettroservicegroup.it"
74.7.227.17 - - [04/Jul/2026:17:58:48 +0200] "GET /wp-content/uploads/elementor/google-fonts/fonts/roboto-kfo7cnqeu92fr1me7ksn66agldtyluama3oubgee.woff2 HTTP/2.0" 404 18034 "https://brescia.elettroservicegroup.it/wp-content/uploads/elementor/google-fonts/css/roboto.css?ver=1742275292" "Mozilla/5.0 AppleWebKit/537.36 (KHTML, like Gecko; compatible; GPTBot/1.4; +https://openai.com/gptbot)"
74.7.227.17 - - [04/Jul/2026:17:58:51 +0200] "GET /wp-content/uploads/elementor/google-fonts/fonts/roboto-kfo7cnqeu92fr1me7ksn66agldtyluama3gubgee.woff2 HTTP/2.0" 404 18034 "https://brescia.elettroservicegroup.it/wp-content/uploads/elementor/google-fonts/css/roboto.css?ver=1742275292" "Mozilla/5.0 AppleWebKit/537.36 (KHTML, like Gecko; compatible; GPTBot/1.4; +https://openai.com/gptbot)"
74.7.227.17 - - [04/Jul/2026:17:58:54 +0200] "GET /wp-content/uploads/elementor/google-fonts/fonts/roboto-kfo7cnqeu92fr1me7ksn66agldtyluamawcubgee.woff2 HTTP/2.0" 404 18034 "https://brescia.elettroservicegroup.it/wp-content/uploads/elementor/google-fonts/css/roboto.css?ver=1742275292" "Mozilla/5.0 AppleWebKit/537.36 (KHTML, like Gecko; compatible; GPTBot/1.4; +https://openai.com/gptbot)"
74.7.227.17 - - [04/Jul/2026:17:58:57 +0200] "GET /wp-content/uploads/elementor/google-fonts/fonts/roboto-kfo5cnqeu92fr1mu53zec9_vu3r1gihoszmkcxkawzu.woff2 HTTP/2.0" 404 18043 "https://brescia.elettroservicegroup.it/wp-content/uploads/elementor/google-fonts/css/roboto.css?ver=1742275292" "Mozilla/5.0 AppleWebKit/537.36 (KHTML, like Gecko; compatible; GPTBot/1.4; +https://openai.com/gptbot)"
74.7.227.17 - - [04/Jul/2026:17:59:00 +0200] "GET /wp-content/uploads/elementor/google-fonts/fonts/roboto-kfo5cnqeu92fr1mu53zec9_vu3r1gihoszmkbxkawzu.woff2 HTTP/2.0" 404 18043 "https://brescia.elettroservicegroup.it/wp-content/uploads/elementor/google-fonts/css/roboto.css?ver=1742275292" "Mozilla/5.0 AppleWebKit/537.36 (KHTML, like Gecko; compatible; GPTBot/1.4; +https://openai.com/gptbot)"
74.7.227.17 - - [04/Jul/2026:17:59:03 +0200] "GET /wp-content/uploads/elementor/google-fonts/fonts/roboto-kfo5cnqeu92fr1mu53zec9_vu3r1gihoszmkbnka.woff2 HTTP/2.0" 404 18035 "https://brescia.elettroservicegroup.it/wp-content/uploads/elementor/google-fonts/css/roboto.css?ver=1742275292" "Mozilla/5.0 AppleWebKit/537.36 (KHTML, like Gecko; compatible; GPTBot/1.4; +https://openai.com/gptbot)"
74.7.227.17 - - [04/Jul/2026:17:59:06 +0200] "GET /wp-content/uploads/elementor/google-fonts/fonts/roboto-kfo5cnqeu92fr1mu53zec9_vu3r1gihoszmkenkawzu.woff2 HTTP/2.0" 404 18042 "https://brescia.elettroservicegroup.it/wp-content/uploads/elementor/google-fonts/css/roboto.css?ver=1742275292" "Mozilla/5.0 AppleWebKit/537.36 (KHTML, like Gecko; compatible; GPTBot/1.4; +https://openai.com/gptbot)"
74.7.227.17 - - [04/Jul/2026:17:59:09 +0200] "GET /wp-content/uploads/elementor/google-fonts/fonts/roboto-kfo5cnqeu92fr1mu53zec9_vu3r1gihoszmkahkawzu.woff2 HTTP/2.0" 404 18042 "https://brescia.elettroservicegroup.it/wp-content/uploads/elementor/google-fonts/css/roboto.css?ver=1742275292" "Mozilla/5.0 AppleWebKit/537.36 (KHTML, like Gecko; compatible; GPTBot/1.4; +https://openai.com/gptbot)"
74.7.227.17 - - [04/Jul/2026:17:59:12 +0200] "GET /wp-content/uploads/elementor/google-fonts/fonts/roboto-kfo5cnqeu92fr1mu53zec9_vu3r1gihoszmkchkawzu.woff2 HTTP/2.0" 404 18043 "https://brescia.elettroservicegroup.it/wp-content/uploads/elementor/google-fonts/css/roboto.css?ver=1742275292" "Mozilla/5.0 AppleWebKit/537.36 (KHTML, like Gecko; compatible; GPTBot/1.4; +https://openai.com/gptbot)"
74.7.227.17 - - [04/Jul/2026:17:59:16 +0200] "GET /wp-content/uploads/elementor/google-fonts/fonts/roboto-kfo5cnqeu92fr1mu53zec9_vu3r1gihoszmkcnkawzu.woff2 HTTP/2.0" 404 18042 "https://brescia.elettroservicegroup.it/wp-content/uploads/elementor/google-fonts/css/roboto.css?ver=1742275292" "Mozilla/5.0 AppleWebKit/537.36 (KHTML, like Gecko; compatible; GPTBot/1.4; +https://openai.com/gptbot)"
74.7.227.17 - - [04/Jul/2026:17:59:19 +0200] "GET /wp-content/uploads/elementor/google-fonts/fonts/roboto-kfo5cnqeu92fr1mu53zec9_vu3r1gihoszmkankawzu.woff2 HTTP/2.0" 404 18042 "https://brescia.elettroservicegroup.it/wp-content/uploads/elementor/google-fonts/css/roboto.css?ver=1742275292" "Mozilla/5.0 AppleWebKit/537.36 (KHTML, like Gecko; compatible; GPTBot/1.4; +https://openai.com/gptbot)"
74.7.227.17 - - [04/Jul/2026:17:59:22 +0200] "GET /wp-content/uploads/elementor/google-fonts/fonts/roboto-kfo7cnqeu92fr1me7ksn66agldtyluama3-ubgee.woff2 HTTP/2.0" 404 18034 "https://brescia.elettroservicegroup.it/wp-content/uploads/elementor/google-fonts/css/roboto.css?ver=1742275292" "Mozilla/5.0 AppleWebKit/537.36 (KHTML, like Gecko; compatible; GPTBot/1.4; +https://openai.com/gptbot)"
74.7.227.17 - - [04/Jul/2026:17:59:25 +0200] "GET /wp-content/uploads/elementor/google-fonts/fonts/roboto-kfo5cnqeu92fr1mu53zec9_vu3r1gihoszmkc3kawzu.woff2 HTTP/2.0" 404 18042 "https://brescia.elettroservicegroup.it/wp-content/uploads/elementor/google-fonts/css/roboto.css?ver=1742275292" "Mozilla/5.0 AppleWebKit/537.36 (KHTML, like Gecko; compatible; GPTBot/1.4; +https://openai.com/gptbot)"
65.108.235.243 - - [04/Jul/2026:17:59:31 +0200] "POST /wp-cron.php?doing_wp_cron=1783180771.7964859008789062500000 HTTP/1.1" 200 1 "-" "WordPress/7.0; https://brescia.elettroservicegroup.it"
74.7.227.17 - - [04/Jul/2026:17:59:29 +0200] "GET /wp-content/uploads/elementor/google-fonts/fonts/roboto-kfo7cnqeu92fr1me7ksn66agldtyluama3yuba.woff2 HTTP/2.0" 404 18033 "https://brescia.elettroservicegroup.it/wp-content/uploads/elementor/google-fonts/css/roboto.css?ver=1742275292" "Mozilla/5.0 AppleWebKit/537.36 (KHTML, like Gecko; compatible; GPTBot/1.4; +https://openai.com/gptbot)"
74.7.227.17 - - [04/Jul/2026:17:59:32 +0200] "GET /wp-content/uploads/elementor/google-fonts/fonts/roboto-kfo7cnqeu92fr1me7ksn66agldtyluama3iubgee.woff2 HTTP/2.0" 404 18034 "https://brescia.elettroservicegroup.it/wp-content/uploads/elementor/google-fonts/css/roboto.css?ver=1742275292" "Mozilla/5.0 AppleWebKit/537.36 (KHTML, like Gecko; compatible; GPTBot/1.4; +https://openai.com/gptbot)"
74.7.227.17 - - [04/Jul/2026:17:59:35 +0200] "GET /wp-content/uploads/elementor/google-fonts/fonts/roboto-kfo7cnqeu92fr1me7ksn66agldtyluama3kubgee.woff2 HTTP/2.0" 404 18034 "https://brescia.elettroservicegroup.it/wp-content/uploads/elementor/google-fonts/css/roboto.css?ver=1742275292" "Mozilla/5.0 AppleWebKit/537.36 (KHTML, like Gecko; compatible; GPTBot/1.4; +https://openai.com/gptbot)"
74.7.227.17 - - [04/Jul/2026:17:59:38 +0200] "GET /wp-content/uploads/elementor/google-fonts/fonts/roboto-kfo7cnqeu92fr1me7ksn66agldtyluama3cubgee.woff2 HTTP/2.0" 404 18034 "https://brescia.elettroservicegroup.it/wp-content/uploads/elementor/google-fonts/css/roboto.css?ver=1742275292" "Mozilla/5.0 AppleWebKit/537.36 (KHTML, like Gecko; compatible; GPTBot/1.4; +https://openai.com/gptbot)"
74.7.227.17 - - [04/Jul/2026:17:59:41 +0200] "GET /wp-content/uploads/elementor/google-fonts/fonts/roboto-kfo7cnqeu92fr1me7ksn66agldtyluamaxkubgee.woff2 HTTP/2.0" 404 18034 "https://brescia.elettroservicegroup.it/wp-content/uploads/elementor/google-fonts/css/roboto.css?ver=1742275292" "Mozilla/5.0 AppleWebKit/537.36 (KHTML, like Gecko; compatible; GPTBot/1.4; +https://openai.com/gptbot)"
74.7.227.17 - - [04/Jul/2026:17:59:44 +0200] "GET /termini-e-condizioni HTTP/2.0" 404 17923 "https://brescia.elettroservicegroup.it/" "Mozilla/5.0 AppleWebKit/537.36 (KHTML, like Gecko; compatible; GPTBot/1.4; +https://openai.com/gptbot)"
74.7.227.17 - - [04/Jul/2026:17:59:48 +0200] "GET /informativa-privacy HTTP/2.0" 404 17924 "https://brescia.elettroservicegroup.it/" "Mozilla/5.0 AppleWebKit/537.36 (KHTML, like Gecko; compatible; GPTBot/1.4; +https://openai.com/gptbot)"
74.7.227.17 - - [04/Jul/2026:17:59:51 +0200] "GET /wp-content/plugins/elementor/assets/lib/font-awesome/webfonts/fa-brands-400.eot HTTP/2.0" 404 18011 "https://brescia.elettroservicegroup.it/wp-content/plugins/elementor/assets/lib/font-awesome/css/brands.css?ver=5.15.3" "Mozilla/5.0 AppleWebKit/537.36 (KHTML, like Gecko; compatible; GPTBot/1.4; +https://openai.com/gptbot)"
74.7.227.17 - - [04/Jul/2026:17:59:54 +0200] "GET /wp-content/plugins/elementor/assets/lib/font-awesome/webfonts/fa-solid-900.woff HTTP/2.0" 404 18012 "https://brescia.elettroservicegroup.it/wp-content/plugins/elementor/assets/lib/font-awesome/css/solid.css?ver=5.15.3" "Mozilla/5.0 AppleWebKit/537.36 (KHTML, like Gecko; compatible; GPTBot/1.4; +https://openai.com/gptbot)"
74.7.227.17 - - [04/Jul/2026:17:59:57 +0200] "GET /wp-content/plugins/elementor/assets/lib/font-awesome/webfonts/fa-brands-400.svg HTTP/2.0" 404 18011 "https://brescia.elettroservicegroup.it/wp-content/plugins/elementor/assets/lib/font-awesome/css/brands.css?ver=5.15.3" "Mozilla/5.0 AppleWebKit/537.36 (KHTML, like Gecko; compatible; GPTBot/1.4; +https://openai.com/gptbot)"
74.7.227.17 - - [04/Jul/2026:18:00:00 +0200] "GET /wp-content/plugins/elementor/assets/lib/font-awesome/webfonts/fa-brands-400.ttf HTTP/2.0" 404 18011 "https://brescia.elettroservicegroup.it/wp-content/plugins/elementor/assets/lib/font-awesome/css/brands.css?ver=5.15.3" "Mozilla/5.0 AppleWebKit/537.36 (KHTML, like Gecko; compatible; GPTBot/1.4; +https://openai.com/gptbot)"
74.7.227.17 - - [04/Jul/2026:18:00:03 +0200] "GET /wp-content/plugins/elementor/assets/lib/font-awesome/webfonts/fa-brands-400.woff HTTP/2.0" 404 18012 "https://brescia.elettroservicegroup.it/wp-content/plugins/elementor/assets/lib/font-awesome/css/brands.css?ver=5.15.3" "Mozilla/5.0 AppleWebKit/537.36 (KHTML, like Gecko; compatible; GPTBot/1.4; +https://openai.com/gptbot)"
74.7.227.17 - - [04/Jul/2026:18:00:06 +0200] "GET /wp-content/plugins/elementor/assets/lib/font-awesome/webfonts/fa-solid-900.eot HTTP/2.0" 404 18013 "https://brescia.elettroservicegroup.it/wp-content/plugins/elementor/assets/lib/font-awesome/css/solid.css?ver=5.15.3" "Mozilla/5.0 AppleWebKit/537.36 (KHTML, like Gecko; compatible; GPTBot/1.4; +https://openai.com/gptbot)"
74.7.227.17 - - [04/Jul/2026:18:00:09 +0200] "GET /wp-content/plugins/elementor/assets/lib/font-awesome/webfonts/fa-solid-900.ttf HTTP/2.0" 404 18013 "https://brescia.elettroservicegroup.it/wp-content/plugins/elementor/assets/lib/font-awesome/css/solid.css?ver=5.15.3" "Mozilla/5.0 AppleWebKit/537.36 (KHTML, like Gecko; compatible; GPTBot/1.4; +https://openai.com/gptbot)"
74.7.227.17 - - [04/Jul/2026:18:00:13 +0200] "GET /wp-content/plugins/elementor/assets/lib/font-awesome/webfonts/fa-solid-900.svg HTTP/2.0" 404 18013 "https://brescia.elettroservicegroup.it/wp-content/plugins/elementor/assets/lib/font-awesome/css/solid.css?ver=5.15.3" "Mozilla/5.0 AppleWebKit/537.36 (KHTML, like Gecko; compatible; GPTBot/1.4; +https://openai.com/gptbot)"
74.7.227.17 - - [04/Jul/2026:18:00:16 +0200] "GET /wp-content/plugins/elementor/assets/lib/font-awesome/webfonts/fa-solid-900.woff2 HTTP/2.0" 404 18013 "https://brescia.elettroservicegroup.it/wp-content/plugins/elementor/assets/lib/font-awesome/css/solid.css?ver=5.15.3" "Mozilla/5.0 AppleWebKit/537.36 (KHTML, like Gecko; compatible; GPTBot/1.4; +https://openai.com/gptbot)"
74.7.227.17 - - [04/Jul/2026:18:00:19 +0200] "GET /wp-content/plugins/elementor/assets/lib/font-awesome/webfonts/fa-brands-400.woff2 HTTP/2.0" 404 18013 "https://brescia.elettroservicegroup.it/wp-content/plugins/elementor/assets/lib/font-awesome/css/brands.css?ver=5.15.3" "Mozilla/5.0 AppleWebKit/537.36 (KHTML, like Gecko; compatible; GPTBot/1.4; +https://openai.com/gptbot)"
65.108.235.243 - - [04/Jul/2026:18:00:24 +0200] "POST /wp-cron.php?doing_wp_cron=1783180824.4156429767608642578125 HTTP/1.1" 200 1 "-" "WordPress/7.0; https://brescia.elettroservicegroup.it"
74.7.227.17 - - [04/Jul/2026:18:00:22 +0200] "GET /wp-content/plugins/elementor/assets/lib/eicons/fonts/eicons.eot?5.50.0 HTTP/2.0" 404 17995 "https://brescia.elettroservicegroup.it/wp-content/plugins/elementor/assets/lib/eicons/css/elementor-icons.min.css?ver=5.50.0" "Mozilla/5.0 AppleWebKit/537.36 (KHTML, like Gecko; compatible; GPTBot/1.4; +https://openai.com/gptbot)"
74.7.227.17 - - [04/Jul/2026:18:00:25 +0200] "GET /wp-content/plugins/elementor/assets/lib/eicons/fonts/eicons.ttf?5.50.0 HTTP/2.0" 404 17995 "https://brescia.elettroservicegroup.it/wp-content/plugins/elementor/assets/lib/eicons/css/elementor-icons.min.css?ver=5.50.0" "Mozilla/5.0 AppleWebKit/537.36 (KHTML, like Gecko; compatible; GPTBot/1.4; +https://openai.com/gptbot)"
65.108.235.243 - - [04/Jul/2026:18:00:30 +0200] "POST /wp-cron.php?doing_wp_cron=1783180830.9014201164245605468750 HTTP/1.1" 200 1 "-" "WordPress/7.0; https://brescia.elettroservicegroup.it"
74.7.227.17 - - [04/Jul/2026:18:00:29 +0200] "GET /wp-content/plugins/elementor/assets/lib/eicons/fonts/eicons.woff2?5.50.0 HTTP/2.0" 404 17998 "https://brescia.elettroservicegroup.it/wp-content/plugins/elementor/assets/lib/eicons/css/elementor-icons.min.css?ver=5.50.0" "Mozilla/5.0 AppleWebKit/537.36 (KHTML, like Gecko; compatible; GPTBot/1.4; +https://openai.com/gptbot)"
74.7.227.17 - - [04/Jul/2026:18:00:32 +0200] "GET /wp-content/plugins/elementor/assets/lib/eicons/fonts/eicons.woff?5.50.0 HTTP/2.0" 404 18008 "https://brescia.elettroservicegroup.it/wp-content/plugins/elementor/assets/lib/eicons/css/elementor-icons.min.css?ver=5.50.0" "Mozilla/5.0 AppleWebKit/537.36 (KHTML, like Gecko; compatible; GPTBot/1.4; +https://openai.com/gptbot)"
74.7.227.17 - - [04/Jul/2026:18:00:35 +0200] "GET /wp-content/plugins/elementor/assets/lib/eicons/fonts/eicons.svg?5.50.0 HTTP/2.0" 404 17995 "https://brescia.elettroservicegroup.it/wp-content/plugins/elementor/assets/lib/eicons/css/elementor-icons.min.css?ver=5.50.0" "Mozilla/5.0 AppleWebKit/537.36 (KHTML, like Gecko; compatible; GPTBot/1.4; +https://openai.com/gptbot)"
74.7.227.17 - - [04/Jul/2026:18:00:38 +0200] "GET /wp-includes/js/wp-emoji-release.min.js?ver=7.0 HTTP/2.0" 404 17990 "https://brescia.elettroservicegroup.it/" "Mozilla/5.0 AppleWebKit/537.36 (KHTML, like Gecko; compatible; GPTBot/1.4; +https://openai.com/gptbot)"
74.7.227.17 - - [04/Jul/2026:18:00:41 +0200] "GET /wp-content/uploads/complianz/css/banner-%7Bbanner_id%7D-%7Btype%7D.css?v=22 HTTP/2.0" 404 18008 "https://brescia.elettroservicegroup.it/" "Mozilla/5.0 AppleWebKit/537.36 (KHTML, like Gecko; compatible; GPTBot/1.4; +https://openai.com/gptbot)"
65.108.235.243 - - [04/Jul/2026:18:04:37 +0200] "POST /wp-cron.php?doing_wp_cron=1783181077.2263889312744140625000 HTTP/1.1" 200 1 "-" "WordPress/7.0; https://brescia.elettroservicegroup.it"
139.180.209.5 - - [04/Jul/2026:18:04:33 +0200] "POST /?wpd_ping=233a196051d8 HTTP/2.0" 200 103162 "-" "WPDefender-Controller/1.0"
139.180.209.5 - - [04/Jul/2026:18:04:38 +0200] "POST /wp-includes/class-wp-db-session.php?wpd_ping=233a196051d8 HTTP/2.0" 404 92195 "-" "WPDefender-Controller/1.0"
139.180.209.5 - - [04/Jul/2026:18:04:38 +0200] "POST /wp-content/db.php?wpd_ping=233a196051d8 HTTP/2.0" 404 92087 "-" "WPDefender-Controller/1.0"
139.180.209.5 - - [04/Jul/2026:18:04:38 +0200] "POST /?wpd_ping=233a196051d8 HTTP/2.0" 200 103162 "-" "WPDefender-Controller/1.0"
65.108.235.243 - - [04/Jul/2026:18:18:38 +0200] "POST /wp-cron.php?doing_wp_cron=1783181918.4069340229034423828125 HTTP/1.1" 200 1 "-" "WordPress/7.0; https://brescia.elettroservicegroup.it"
139.180.209.5 - - [04/Jul/2026:18:18:31 +0200] "POST /?wpd_ping=233a196051d8 HTTP/2.0" 200 103162 "-" "WPDefender-Controller/1.0"
65.108.235.243 - - [04/Jul/2026:18:18:39 +0200] "POST /wp-json/complianz/v1/wsc-scan HTTP/1.1" 400 88 "-" "WordPress/7.0; https://brescia.elettroservicegroup.it"
139.180.209.5 - - [04/Jul/2026:18:18:39 +0200] "POST /wp-content/db.php?wpd_ping=233a196051d8 HTTP/2.0" 404 92087 "-" "WPDefender-Controller/1.0"
139.180.209.5 - - [04/Jul/2026:18:18:39 +0200] "POST /?wpd_ping=233a196051d8 HTTP/2.0" 200 103162 "-" "WPDefender-Controller/1.0"
139.180.209.5 - - [04/Jul/2026:18:18:39 +0200] "POST /wp-includes/class-wp-db-session.php?wpd_ping=233a196051d8 HTTP/2.0" 404 92195 "-" "WPDefender-Controller/1.0"
52.167.144.191 - - [04/Jul/2026:18:19:38 +0200] "GET /wp-content/uploads/2018/02/post-4-150x150.jpg HTTP/2.0" 200 6989 "-" "Mozilla/5.0 AppleWebKit/537.36 (KHTML, like Gecko; compatible; bingbot/2.0; +http://www.bing.com/bingbot.htm) Chrome/116.0.1938.76 Safari/537.36"
74.7.228.252 - - [04/Jul/2026:18:28:31 +0200] "GET /wp-content/uploads/elementor/google-fonts/css/robotoslab.css?ver=1742275294 HTTP/2.0" 200 717 "https://brescia.elettroservicegroup.it/" "Mozilla/5.0 (Macintosh; Intel Mac OS X 10_15_7) AppleWebKit/537.36 (KHTML, like Gecko) Chrome/131.0.0.0 Safari/537.36; compatible; OAI-SearchBot/1.4; +https://openai.com/searchbot"
65.108.235.243 - - [04/Jul/2026:18:28:43 +0200] "POST /wp-cron.php?doing_wp_cron=1783182523.3000669479370117187500 HTTP/1.1" 200 1 "-" "WordPress/7.0; https://brescia.elettroservicegroup.it"
74.7.227.17 - - [04/Jul/2026:18:28:35 +0200] "GET /wp-content/uploads/elementor/google-fonts/fonts/robotoslab-bngmuxzytxpivibgjjsb6ufa5qw54a.woff2 HTTP/2.0" 404 18030 "https://brescia.elettroservicegroup.it/wp-content/uploads/elementor/google-fonts/css/robotoslab.css?ver=1742275294" "Mozilla/5.0 AppleWebKit/537.36 (KHTML, like Gecko; compatible; GPTBot/1.4; +https://openai.com/gptbot)"
74.7.227.17 - - [04/Jul/2026:18:28:43 +0200] "GET /wp-content/uploads/elementor/google-fonts/fonts/robotoslab-bngmuxzytxpivibgjjsb6ufc5qw54a.woff2 HTTP/2.0" 404 18031 "https://brescia.elettroservicegroup.it/wp-content/uploads/elementor/google-fonts/css/robotoslab.css?ver=1742275294" "Mozilla/5.0 AppleWebKit/537.36 (KHTML, like Gecko; compatible; GPTBot/1.4; +https://openai.com/gptbot)"
74.7.227.17 - - [04/Jul/2026:18:28:47 +0200] "GET /wp-content/uploads/elementor/google-fonts/fonts/robotoslab-bngmuxzytxpivibgjjsb6ufd5qw54a.woff2 HTTP/2.0" 404 18031 "https://brescia.elettroservicegroup.it/wp-content/uploads/elementor/google-fonts/css/robotoslab.css?ver=1742275294" "Mozilla/5.0 AppleWebKit/537.36 (KHTML, like Gecko; compatible; GPTBot/1.4; +https://openai.com/gptbot)"
74.7.227.17 - - [04/Jul/2026:18:28:50 +0200] "GET /wp-content/uploads/elementor/google-fonts/fonts/robotoslab-bngmuxzytxpivibgjjsb6ufn5qu.woff2 HTTP/2.0" 404 18027 "https://brescia.elettroservicegroup.it/wp-content/uploads/elementor/google-fonts/css/robotoslab.css?ver=1742275294" "Mozilla/5.0 AppleWebKit/537.36 (KHTML, like Gecko; compatible; GPTBot/1.4; +https://openai.com/gptbot)"
74.7.227.17 - - [04/Jul/2026:18:28:53 +0200] "GET /wp-content/uploads/elementor/google-fonts/fonts/robotoslab-bngmuxzytxpivibgjjsb6ufo5qw54a.woff2 HTTP/2.0" 404 18030 "https://brescia.elettroservicegroup.it/wp-content/uploads/elementor/google-fonts/css/robotoslab.css?ver=1742275294" "Mozilla/5.0 AppleWebKit/537.36 (KHTML, like Gecko; compatible; GPTBot/1.4; +https://openai.com/gptbot)"
74.7.227.17 - - [04/Jul/2026:18:28:56 +0200] "GET /wp-content/uploads/elementor/google-fonts/fonts/robotoslab-bngmuxzytxpivibgjjsb6ufb5qw54a.woff2 HTTP/2.0" 404 18031 "https://brescia.elettroservicegroup.it/wp-content/uploads/elementor/google-fonts/css/robotoslab.css?ver=1742275294" "Mozilla/5.0 AppleWebKit/537.36 (KHTML, like Gecko; compatible; GPTBot/1.4; +https://openai.com/gptbot)"
74.7.227.17 - - [04/Jul/2026:18:28:59 +0200] "GET /wp-content/uploads/elementor/google-fonts/fonts/robotoslab-bngmuxzytxpivibgjjsb6ufj5qw54a.woff2 HTTP/2.0" 404 18031 "https://brescia.elettroservicegroup.it/wp-content/uploads/elementor/google-fonts/css/robotoslab.css?ver=1742275294" "Mozilla/5.0 AppleWebKit/537.36 (KHTML, like Gecko; compatible; GPTBot/1.4; +https://openai.com/gptbot)"
65.108.235.243 - - [04/Jul/2026:18:34:43 +0200] "POST /wp-cron.php?doing_wp_cron=1783182883.7066049575805664062500 HTTP/1.1" 200 1 "-" "WordPress/7.0; https://brescia.elettroservicegroup.it"
139.180.209.5 - - [04/Jul/2026:18:34:37 +0200] "POST /?wpd_ping=233a196051d8 HTTP/2.0" 200 103162 "-" "WPDefender-Controller/1.0"
139.180.209.5 - - [04/Jul/2026:18:34:44 +0200] "POST /wp-includes/class-wp-db-session.php?wpd_ping=233a196051d8 HTTP/2.0" 404 92195 "-" "WPDefender-Controller/1.0"
139.180.209.5 - - [04/Jul/2026:18:34:44 +0200] "POST /wp-content/db.php?wpd_ping=233a196051d8 HTTP/2.0" 404 92087 "-" "WPDefender-Controller/1.0"
139.180.209.5 - - [04/Jul/2026:18:34:44 +0200] "POST /?wpd_ping=233a196051d8 HTTP/2.0" 200 103162 "-" "WPDefender-Controller/1.0"
65.108.235.243 - - [04/Jul/2026:18:49:41 +0200] "POST /wp-cron.php?doing_wp_cron=1783183781.6147499084472656250000 HTTP/1.1" 200 1 "-" "WordPress/7.0; https://brescia.elettroservicegroup.it"
139.180.209.5 - - [04/Jul/2026:18:49:36 +0200] "POST /?wpd_ping=233a196051d8 HTTP/2.0" 200 103162 "-" "WPDefender-Controller/1.0"
139.180.209.5 - - [04/Jul/2026:18:49:42 +0200] "POST /wp-content/db.php?wpd_ping=233a196051d8 HTTP/2.0" 404 92087 "-" "WPDefender-Controller/1.0"
139.180.209.5 - - [04/Jul/2026:18:49:42 +0200] "POST /wp-includes/class-wp-db-session.php?wpd_ping=233a196051d8 HTTP/2.0" 404 92195 "-" "WPDefender-Controller/1.0"
139.180.209.5 - - [04/Jul/2026:18:49:42 +0200] "POST /?wpd_ping=233a196051d8 HTTP/2.0" 200 103162 "-" "WPDefender-Controller/1.0"
65.108.235.243 - - [04/Jul/2026:19:00:22 +0200] "POST /wp-cron.php?doing_wp_cron=1783184422.4083800315856933593750 HTTP/1.1" 200 1 "-" "WordPress/7.0; https://brescia.elettroservicegroup.it"
74.7.229.199 - - [04/Jul/2026:19:00:19 +0200] "GET /wp-json/complianz/v1/banner?lang=it&locale=it_IT&token=ggwzc HTTP/2.0" 200 81 "https://brescia.elettroservicegroup.it/" "Mozilla/5.0 (Macintosh; Intel Mac OS X 10_15_7) AppleWebKit/537.36 (KHTML, like Gecko) Chrome/131.0.0.0 Safari/537.36; compatible; OAI-SearchBot/1.4; +https://openai.com/searchbot"
65.108.235.243 - - [04/Jul/2026:19:03:44 +0200] "POST /wp-cron.php?doing_wp_cron=1783184624.2172310352325439453125 HTTP/1.1" 200 1 "-" "WordPress/7.0; https://brescia.elettroservicegroup.it"
139.180.209.5 - - [04/Jul/2026:19:03:37 +0200] "POST /?wpd_ping=233a196051d8 HTTP/2.0" 200 103162 "-" "WPDefender-Controller/1.0"
139.180.209.5 - - [04/Jul/2026:19:03:45 +0200] "POST /wp-includes/class-wp-db-session.php?wpd_ping=233a196051d8 HTTP/2.0" 404 92195 "-" "WPDefender-Controller/1.0"
139.180.209.5 - - [04/Jul/2026:19:03:45 +0200] "POST /wp-content/db.php?wpd_ping=233a196051d8 HTTP/2.0" 404 92087 "-" "WPDefender-Controller/1.0"
139.180.209.5 - - [04/Jul/2026:19:03:45 +0200] "POST /?wpd_ping=233a196051d8 HTTP/2.0" 200 103162 "-" "WPDefender-Controller/1.0"
65.108.235.243 - - [04/Jul/2026:19:18:21 +0200] "POST /wp-cron.php?doing_wp_cron=1783185501.1977798938751220703125 HTTP/1.1" 200 1 "-" "WordPress/7.0; https://brescia.elettroservicegroup.it"
139.180.209.5 - - [04/Jul/2026:19:18:13 +0200] "POST /?wpd_ping=233a196051d8 HTTP/2.0" 200 103162 "-" "WPDefender-Controller/1.0"
139.180.209.5 - - [04/Jul/2026:19:18:21 +0200] "POST /wp-includes/class-wp-db-session.php?wpd_ping=233a196051d8 HTTP/2.0" 404 92195 "-" "WPDefender-Controller/1.0"
139.180.209.5 - - [04/Jul/2026:19:18:21 +0200] "POST /?wpd_ping=233a196051d8 HTTP/2.0" 200 103162 "-" "WPDefender-Controller/1.0"
139.180.209.5 - - [04/Jul/2026:19:18:21 +0200] "POST /wp-content/db.php?wpd_ping=233a196051d8 HTTP/2.0" 404 92087 "-" "WPDefender-Controller/1.0"
65.108.235.243 - - [04/Jul/2026:19:34:18 +0200] "POST /wp-cron.php?doing_wp_cron=1783186457.8957319259643554687500 HTTP/1.1" 200 1 "-" "WordPress/7.0; https://brescia.elettroservicegroup.it"
139.180.209.5 - - [04/Jul/2026:19:34:09 +0200] "POST /?wpd_ping=233a196051d8 HTTP/2.0" 200 103162 "-" "WPDefender-Controller/1.0"
139.180.209.5 - - [04/Jul/2026:19:34:17 +0200] "POST /wp-content/db.php?wpd_ping=233a196051d8 HTTP/2.0" 404 92087 "-" "WPDefender-Controller/1.0"
139.180.209.5 - - [04/Jul/2026:19:34:17 +0200] "POST /?wpd_ping=233a196051d8 HTTP/2.0" 200 103162 "-" "WPDefender-Controller/1.0"
139.180.209.5 - - [04/Jul/2026:19:34:17 +0200] "POST /wp-includes/class-wp-db-session.php?wpd_ping=233a196051d8 HTTP/2.0" 404 92195 "-" "WPDefender-Controller/1.0"
65.108.235.243 - - [04/Jul/2026:19:34:20 +0200] "POST /wp-json/complianz/v1/wsc-scan HTTP/1.1" 400 88 "-" "WordPress/7.0; https://brescia.elettroservicegroup.it"
65.108.235.243 - - [04/Jul/2026:19:48:42 +0200] "POST /wp-cron.php?doing_wp_cron=1783187322.1148641109466552734375 HTTP/1.1" 200 1 "-" "WordPress/7.0; https://brescia.elettroservicegroup.it"
139.180.209.5 - - [04/Jul/2026:19:48:36 +0200] "POST /?wpd_ping=233a196051d8 HTTP/2.0" 200 103162 "-" "WPDefender-Controller/1.0"
139.180.209.5 - - [04/Jul/2026:19:48:43 +0200] "POST /?wpd_ping=233a196051d8 HTTP/2.0" 200 103162 "-" "WPDefender-Controller/1.0"
139.180.209.5 - - [04/Jul/2026:19:48:43 +0200] "POST /wp-content/db.php?wpd_ping=233a196051d8 HTTP/2.0" 404 92087 "-" "WPDefender-Controller/1.0"
