216.73.216.158 - - [04/Jul/2026:14:28:58 +0200] "GET /wp-content/cache/wpfc-minified/fspqf2ba/27x9r.css HTTP/2.0" 200 16112 "-" "Mozilla/5.0 AppleWebKit/537.36 (KHTML, like Gecko; compatible; ClaudeBot/1.0; +claudebot@anthropic.com)"
216.73.216.158 - - [04/Jul/2026:14:28:58 +0200] "GET /wp-content/cache/wpfc-minified/dih7xtos/27x9r.css HTTP/2.0" 200 19016 "-" "Mozilla/5.0 AppleWebKit/537.36 (KHTML, like Gecko; compatible; ClaudeBot/1.0; +claudebot@anthropic.com)"
216.73.216.158 - - [04/Jul/2026:14:28:58 +0200] "GET /wp-content/cache/wpfc-minified/10hpkmg7/w4si.css HTTP/2.0" 200 418 "-" "Mozilla/5.0 AppleWebKit/537.36 (KHTML, like Gecko; compatible; ClaudeBot/1.0; +claudebot@anthropic.com)"
216.73.216.158 - - [04/Jul/2026:14:28:58 +0200] "GET /wp-content/cache/wpfc-minified/eh40z7s2/w4si.css HTTP/2.0" 200 11323 "-" "Mozilla/5.0 AppleWebKit/537.36 (KHTML, like Gecko; compatible; ClaudeBot/1.0; +claudebot@anthropic.com)"
216.73.216.158 - - [04/Jul/2026:14:28:58 +0200] "GET /wp-content/cache/wpfc-minified/ln72gqbu/w95u.css HTTP/2.0" 200 16103 "-" "Mozilla/5.0 AppleWebKit/537.36 (KHTML, like Gecko; compatible; ClaudeBot/1.0; +claudebot@anthropic.com)"
65.108.235.243 - - [04/Jul/2026:14:42:36 +0200] "POST /wp-cron.php?doing_wp_cron=1783168955.9933729171752929687500 HTTP/1.1" 200 1 "-" "WordPress/7.0; https://elettroservicegroup.it"
216.73.216.158 - - [04/Jul/2026:14:42:29 +0200] "GET /robots.txt HTTP/2.0" 200 99 "-" "Mozilla/5.0 AppleWebKit/537.36 (KHTML, like Gecko; compatible; ClaudeBot/1.0; +claudebot@anthropic.com)"
65.108.235.243 - - [04/Jul/2026:14:42:37 +0200] "POST /wp-json/complianz/v1/wsc-scan HTTP/1.1" 400 88 "-" "WordPress/7.0; https://elettroservicegroup.it"
65.108.235.243 - - [04/Jul/2026:15:05:28 +0200] "POST /wp-cron.php?doing_wp_cron=1783170328.4929840564727783203125 HTTP/1.1" 200 1 "-" "WordPress/7.0; https://elettroservicegroup.it"
40.77.167.219 - - [04/Jul/2026:15:05:19 +0200] "GET /robots.txt HTTP/2.0" 200 99 "-" "Mozilla/5.0 AppleWebKit/537.36 (KHTML, like Gecko; compatible; bingbot/2.0; +http://www.bing.com/bingbot.htm) Chrome/116.0.1938.76 Safari/537.36"
40.77.167.40 - - [04/Jul/2026:15:05:34 +0200] "GET /sitemap.xml HTTP/2.0" 200 310 "-" "Mozilla/5.0 AppleWebKit/537.36 (KHTML, like Gecko; compatible; bingbot/2.0; +http://www.bing.com/bingbot.htm) Chrome/116.0.1938.76 Safari/537.36"
216.73.216.158 - - [04/Jul/2026:15:10:35 +0200] "GET /wp-content/cache/wpfc-minified/kdwvm73z/27x9r.js HTTP/2.0" 200 32843 "-" "Mozilla/5.0 AppleWebKit/537.36 (KHTML, like Gecko; compatible; ClaudeBot/1.0; +claudebot@anthropic.com)"
216.73.216.158 - - [04/Jul/2026:15:14:39 +0200] "GET /wp-content/cache/wpfc-minified/965h9meg/27x9r.js HTTP/2.0" 200 8743 "-" "Mozilla/5.0 AppleWebKit/537.36 (KHTML, like Gecko; compatible; ClaudeBot/1.0; +claudebot@anthropic.com)"
18.213.107.7 - - [04/Jul/2026:15:23:01 +0200] "GET / HTTP/1.1" 200 23218 "-" "Mozilla/5.0 (Macintosh; Intel Mac OS X 10_9_3) AppleWebKit/537.36 (KHTML, like Gecko) Chrome/35.0.1916.47 Safari/537.36"
65.108.235.243 - - [04/Jul/2026:15:23:09 +0200] "POST /wp-cron.php?doing_wp_cron=1783171388.9152219295501708984375 HTTP/1.1" 200 1 "-" "WordPress/7.0; https://elettroservicegroup.it"
18.213.107.7 - - [04/Jul/2026:15:23:01 +0200] "HEAD /favicon.ico HTTP/1.1" 200 - "-" "Mozilla/5.0 (Macintosh; Intel Mac OS X 10_9_3) AppleWebKit/537.36 (KHTML, like Gecko) Chrome/35.0.1916.47 Safari/537.36"
18.213.107.7 - - [04/Jul/2026:15:23:09 +0200] "GET /favicon.ico HTTP/1.1" 302 - "-" "Mozilla/5.0 (Macintosh; Intel Mac OS X 10_9_3) AppleWebKit/537.36 (KHTML, like Gecko) Chrome/35.0.1916.47 Safari/537.36"
18.213.107.7 - - [04/Jul/2026:15:23:11 +0200] "GET /wp-content/uploads/2021/10/cropped-cropped-cropped-cropped-logo_white_background-32x32.png HTTP/1.1" 200 1525 "-" "Mozilla/5.0 (Macintosh; Intel Mac OS X 10_9_3) AppleWebKit/537.36 (KHTML, like Gecko) Chrome/35.0.1916.47 Safari/537.36"
18.213.107.7 - - [04/Jul/2026:15:23:11 +0200] "GET /favicon.ico HTTP/1.1" 302 - "-" "Mozilla/5.0 (Macintosh; Intel Mac OS X 10_9_3) AppleWebKit/537.36 (KHTML, like Gecko) Chrome/35.0.1916.47 Safari/537.36"
18.213.107.7 - - [04/Jul/2026:15:23:12 +0200] "GET /wp-content/uploads/2021/10/cropped-cropped-cropped-cropped-logo_white_background-32x32.png HTTP/1.1" 200 1525 "-" "Mozilla/5.0 (Macintosh; Intel Mac OS X 10_9_3) AppleWebKit/537.36 (KHTML, like Gecko) Chrome/35.0.1916.47 Safari/537.36"
209.50.162.30 - - [04/Jul/2026:15:29:59 +0200] "GET / HTTP/1.1" 200 23218 "-" "Goosee-Audit/1.0 (+internal-security-audit)"
65.108.235.243 - - [04/Jul/2026:15:30:13 +0200] "POST /wp-cron.php?doing_wp_cron=1783171813.6931180953979492187500 HTTP/1.1" 200 1 "-" "WordPress/7.0; https://elettroservicegroup.it"
216.26.242.87 - - [04/Jul/2026:15:30:00 +0200] "GET /wp-json/ HTTP/1.1" 200 339090 "-" "Goosee-Audit/1.0 (+internal-security-audit)"
65.108.235.243 - - [04/Jul/2026:16:06:56 +0200] "POST /wp-cron.php?doing_wp_cron=1783174016.7957530021667480468750 HTTP/1.1" 200 1 "-" "WordPress/7.0; https://elettroservicegroup.it"
216.73.216.158 - - [04/Jul/2026:16:06:49 +0200] "GET /robots.txt HTTP/2.0" 200 99 "-" "Mozilla/5.0 AppleWebKit/537.36 (KHTML, like Gecko; compatible; ClaudeBot/1.0; +claudebot@anthropic.com)"
65.108.235.243 - - [04/Jul/2026:16:06:58 +0200] "POST /wp-json/complianz/v1/wsc-scan HTTP/1.1" 400 88 "-" "WordPress/7.0; https://elettroservicegroup.it"
47.128.23.254 - - [04/Jul/2026:16:30:26 +0200] "GET / HTTP/2.0" 200 11708 "-" "Mozilla/5.0 (Linux; Android 5.0) AppleWebKit/537.36 (KHTML, like Gecko) Mobile Safari/537.36 (compatible; Bytespider; spider-feedback@bytedance.com)"
65.108.235.243 - - [04/Jul/2026:16:30:38 +0200] "POST /wp-cron.php?doing_wp_cron=1783175438.6093990802764892578125 HTTP/1.1" 200 1 "-" "WordPress/7.0; https://elettroservicegroup.it"
47.128.23.254 - - [04/Jul/2026:16:30:28 +0200] "GET /z0f76a1d14fd21a8fb5fd0d03e0fdc3d3cedae52f?id=a6105c0a611b41b08f1209506350279e&ts=1783175426&wsidchk=13158807&pdata=https%253A%252F%252Felettroservicegroup.it&failedChecks=userAgentCheck HTTP/2.0" 404 - "https://elettroservicegroup.it/" "Mozilla/5.0 (Linux; Android 5.0) AppleWebKit/537.36 (KHTML, like Gecko) Mobile Safari/537.36 (compatible; Bytespider; spider-feedback@bytedance.com)"
65.108.235.243 - - [04/Jul/2026:16:38:38 +0200] "POST /wp-cron.php?doing_wp_cron=1783175918.1037530899047851562500 HTTP/1.1" 200 1 "-" "WordPress/7.0; https://elettroservicegroup.it"
201.220.18.95 - - [04/Jul/2026:16:38:29 +0200] "GET / HTTP/2.0" 200 21593 "-" "Mozilla/5.0 (Linux; Android 5.0; SM-G900P Build/LRX21T) AppleWebKit/537.36 (KHTML, like Gecko) Chrome/50.0.5250.1922 Mobile Safari/537.36"
188.215.94.129 - - [04/Jul/2026:16:38:40 +0200] "GET /wp-content/uploads/elementor/css/post-14146.css?ver=1783133860 HTTP/2.0" 200 428 "https://elettroservicegroup.it/" "Mozilla/5.0 (Linux; Android 5.0; SM-G900P Build/LRX21T) AppleWebKit/537.36 (KHTML, like Gecko) Chrome/50.0.5250.1922 Mobile Safari/537.36"
188.215.94.129 - - [04/Jul/2026:16:38:40 +0200] "GET /wp-content/plugins/all-in-one-seo-pack/dist/Lite/assets/css/table-of-contents/global.e90f6d47.css?ver=4.9.7.2 HTTP/2.0" 200 420 "https://elettroservicegroup.it/" "Mozilla/5.0 (Linux; Android 5.0; SM-G900P Build/LRX21T) AppleWebKit/537.36 (KHTML, like Gecko) Chrome/50.0.5250.1922 Mobile Safari/537.36"
188.215.94.129 - - [04/Jul/2026:16:38:40 +0200] "GET /wp-content/plugins/header-footer-elementor/assets/css/header-footer-elementor.css?ver=2.8.8 HTTP/2.0" 200 260 "https://elettroservicegroup.it/" "Mozilla/5.0 (Linux; Android 5.0; SM-G900P Build/LRX21T) AppleWebKit/537.36 (KHTML, like Gecko) Chrome/50.0.5250.1922 Mobile Safari/537.36"
188.215.94.129 - - [04/Jul/2026:16:38:40 +0200] "GET /wp-content/plugins/complianz-gdpr-premium/assets/css/cookieblocker.min.css?ver=1783097327 HTTP/2.0" 200 615 "https://elettroservicegroup.it/" "Mozilla/5.0 (Linux; Android 5.0; SM-G900P Build/LRX21T) AppleWebKit/537.36 (KHTML, like Gecko) Chrome/50.0.5250.1922 Mobile Safari/537.36"
188.215.94.129 - - [04/Jul/2026:16:38:40 +0200] "GET /wp-content/plugins/elementor/assets/lib/eicons/css/elementor-icons.min.css?ver=5.49.0 HTTP/2.0" 200 4115 "https://elettroservicegroup.it/" "Mozilla/5.0 (Linux; Android 5.0; SM-G900P Build/LRX21T) AppleWebKit/537.36 (KHTML, like Gecko) Chrome/50.0.5250.1922 Mobile Safari/537.36"
188.215.94.129 - - [04/Jul/2026:16:38:40 +0200] "GET /wp-content/plugins/header-footer-elementor/inc/widgets-css/frontend.css?ver=2.8.8 HTTP/2.0" 200 8711 "https://elettroservicegroup.it/" "Mozilla/5.0 (Linux; Android 5.0; SM-G900P Build/LRX21T) AppleWebKit/537.36 (KHTML, like Gecko) Chrome/50.0.5250.1922 Mobile Safari/537.36"
188.215.94.129 - - [04/Jul/2026:16:38:40 +0200] "GET /wp-content/plugins/elementor/assets/css/widget-spacer.min.css?ver=4.1.1 HTTP/2.0" 200 287 "https://elettroservicegroup.it/" "Mozilla/5.0 (Linux; Android 5.0; SM-G900P Build/LRX21T) AppleWebKit/537.36 (KHTML, like Gecko) Chrome/50.0.5250.1922 Mobile Safari/537.36"
188.215.94.129 - - [04/Jul/2026:16:38:40 +0200] "GET /wp-content/plugins/elementor/assets/css/widget-heading.min.css?ver=4.1.1 HTTP/2.0" 200 127 "https://elettroservicegroup.it/" "Mozilla/5.0 (Linux; Android 5.0; SM-G900P Build/LRX21T) AppleWebKit/537.36 (KHTML, like Gecko) Chrome/50.0.5250.1922 Mobile Safari/537.36"
188.215.94.129 - - [04/Jul/2026:16:38:40 +0200] "GET /wp-content/plugins/elementor/assets/lib/font-awesome/css/v4-shims.min.css?ver=4.1.1 HTTP/2.0" 200 3986 "https://elettroservicegroup.it/" "Mozilla/5.0 (Linux; Android 5.0; SM-G900P Build/LRX21T) AppleWebKit/537.36 (KHTML, like Gecko) Chrome/50.0.5250.1922 Mobile Safari/537.36"
188.215.94.129 - - [04/Jul/2026:16:38:40 +0200] "GET /wp-content/plugins/elementor/assets/lib/animations/styles/bounceIn.min.css?ver=4.1.1 HTTP/2.0" 200 186 "https://elettroservicegroup.it/" "Mozilla/5.0 (Linux; Android 5.0; SM-G900P Build/LRX21T) AppleWebKit/537.36 (KHTML, like Gecko) Chrome/50.0.5250.1922 Mobile Safari/537.36"
188.215.94.129 - - [04/Jul/2026:16:38:40 +0200] "GET /wp-content/plugins/elementor/assets/css/frontend.min.css?ver=4.1.1 HTTP/2.0" 200 6618 "https://elettroservicegroup.it/" "Mozilla/5.0 (Linux; Android 5.0; SM-G900P Build/LRX21T) AppleWebKit/537.36 (KHTML, like Gecko) Chrome/50.0.5250.1922 Mobile Safari/537.36"
188.215.94.129 - - [04/Jul/2026:16:38:40 +0200] "GET /wp-content/plugins/elementor/assets/lib/font-awesome/css/all.min.css?ver=4.1.1 HTTP/2.0" 200 12402 "https://elettroservicegroup.it/" "Mozilla/5.0 (Linux; Android 5.0; SM-G900P Build/LRX21T) AppleWebKit/537.36 (KHTML, like Gecko) Chrome/50.0.5250.1922 Mobile Safari/537.36"
188.215.94.129 - - [04/Jul/2026:16:38:40 +0200] "GET /wp-content/uploads/elementor/css/post-14366.css?ver=1783136272 HTTP/2.0" 200 310 "https://elettroservicegroup.it/" "Mozilla/5.0 (Linux; Android 5.0; SM-G900P Build/LRX21T) AppleWebKit/537.36 (KHTML, like Gecko) Chrome/50.0.5250.1922 Mobile Safari/537.36"
188.215.94.129 - - [04/Jul/2026:16:38:40 +0200] "GET /wp-content/plugins/elementor/assets/lib/animations/styles/zoomIn.min.css?ver=4.1.1 HTTP/2.0" 200 87 "https://elettroservicegroup.it/" "Mozilla/5.0 (Linux; Android 5.0; SM-G900P Build/LRX21T) AppleWebKit/537.36 (KHTML, like Gecko) Chrome/50.0.5250.1922 Mobile Safari/537.36"
188.215.94.129 - - [04/Jul/2026:16:38:40 +0200] "GET /wp-content/plugins/elementor/assets/lib/font-awesome/css/brands.css?ver=5.15.3 HTTP/2.0" 200 298 "https://elettroservicegroup.it/" "Mozilla/5.0 (Linux; Android 5.0; SM-G900P Build/LRX21T) AppleWebKit/537.36 (KHTML, like Gecko) Chrome/50.0.5250.1922 Mobile Safari/537.36"
188.215.94.129 - - [04/Jul/2026:16:38:40 +0200] "GET /wp-content/plugins/elementor/assets/css/widget-social-icons.min.css?ver=3.24.0 HTTP/2.0" 200 1039 "https://elettroservicegroup.it/" "Mozilla/5.0 (Linux; Android 5.0; SM-G900P Build/LRX21T) AppleWebKit/537.36 (KHTML, like Gecko) Chrome/50.0.5250.1922 Mobile Safari/537.36"
188.215.94.129 - - [04/Jul/2026:16:38:40 +0200] "GET /wp-content/plugins/elementor/assets/css/widget-icon-list.min.css?ver=3.24.3 HTTP/2.0" 200 928 "https://elettroservicegroup.it/" "Mozilla/5.0 (Linux; Android 5.0; SM-G900P Build/LRX21T) AppleWebKit/537.36 (KHTML, like Gecko) Chrome/50.0.5250.1922 Mobile Safari/537.36"
188.215.94.129 - - [04/Jul/2026:16:38:40 +0200] "GET /wp-content/plugins/elementor/assets/lib/eicons/css/elementor-icons.min.css?ver=5.34.0 HTTP/2.0" 200 4115 "https://elettroservicegroup.it/" "Mozilla/5.0 (Linux; Android 5.0; SM-G900P Build/LRX21T) AppleWebKit/537.36 (KHTML, like Gecko) Chrome/50.0.5250.1922 Mobile Safari/537.36"
188.215.94.129 - - [04/Jul/2026:16:38:40 +0200] "GET /wp-content/themes/generatepress/assets/css/main.min.css?ver=3.6.1 HTTP/2.0" 200 4410 "https://elettroservicegroup.it/" "Mozilla/5.0 (Linux; Android 5.0; SM-G900P Build/LRX21T) AppleWebKit/537.36 (KHTML, like Gecko) Chrome/50.0.5250.1922 Mobile Safari/537.36"
188.215.94.129 - - [04/Jul/2026:16:38:40 +0200] "GET /wp-content/uploads/elementor/css/post-13305.css?ver=1783136284 HTTP/2.0" 200 2452 "https://elettroservicegroup.it/" "Mozilla/5.0 (Linux; Android 5.0; SM-G900P Build/LRX21T) AppleWebKit/537.36 (KHTML, like Gecko) Chrome/50.0.5250.1922 Mobile Safari/537.36"
188.215.94.129 - - [04/Jul/2026:16:38:40 +0200] "GET /wp-content/plugins/elementor/assets/lib/font-awesome/css/fontawesome.css?ver=5.15.3 HTTP/2.0" 200 12535 "https://elettroservicegroup.it/" "Mozilla/5.0 (Linux; Android 5.0; SM-G900P Build/LRX21T) AppleWebKit/537.36 (KHTML, like Gecko) Chrome/50.0.5250.1922 Mobile Safari/537.36"
188.215.94.129 - - [04/Jul/2026:16:38:40 +0200] "GET /wp-content/plugins/elementor/assets/lib/font-awesome/css/solid.css?ver=5.15.3 HTTP/2.0" 200 299 "https://elettroservicegroup.it/" "Mozilla/5.0 (Linux; Android 5.0; SM-G900P Build/LRX21T) AppleWebKit/537.36 (KHTML, like Gecko) Chrome/50.0.5250.1922 Mobile Safari/537.36"
188.215.94.129 - - [04/Jul/2026:16:38:40 +0200] "GET /wp-content/plugins/gp-premium/menu-plus/functions/css/navigation-branding-flex.min.css?ver=2.5.5 HTTP/2.0" 200 542 "https://elettroservicegroup.it/" "Mozilla/5.0 (Linux; Android 5.0; SM-G900P Build/LRX21T) AppleWebKit/537.36 (KHTML, like Gecko) Chrome/50.0.5250.1922 Mobile Safari/537.36"
188.215.94.129 - - [04/Jul/2026:16:38:40 +0200] "GET /wp-content/uploads/elementor/google-fonts/css/robotoslab.css?ver=1742274091 HTTP/2.0" 200 708 "https://elettroservicegroup.it/" "Mozilla/5.0 (Linux; Android 5.0; SM-G900P Build/LRX21T) AppleWebKit/537.36 (KHTML, like Gecko) Chrome/50.0.5250.1922 Mobile Safari/537.36"
188.215.94.129 - - [04/Jul/2026:16:38:40 +0200] "GET /wp-content/uploads/elementor/google-fonts/css/roboto.css?ver=1742274089 HTTP/2.0" 200 1874 "https://elettroservicegroup.it/" "Mozilla/5.0 (Linux; Android 5.0; SM-G900P Build/LRX21T) AppleWebKit/537.36 (KHTML, like Gecko) Chrome/50.0.5250.1922 Mobile Safari/537.36"
188.215.94.129 - - [04/Jul/2026:16:38:40 +0200] "GET /wp-content/plugins/elementor/assets/lib/font-awesome/css/solid.min.css?ver=5.15.3 HTTP/2.0" 200 286 "https://elettroservicegroup.it/" "Mozilla/5.0 (Linux; Android 5.0; SM-G900P Build/LRX21T) AppleWebKit/537.36 (KHTML, like Gecko) Chrome/50.0.5250.1922 Mobile Safari/537.36"
188.215.94.129 - - [04/Jul/2026:16:38:41 +0200] "GET /wp-content/uploads/2021/10/cropped-cropped-cropped-logo_white_background.png HTTP/2.0" 206 500 "https://elettroservicegroup.it/" "Mozilla/5.0 (Linux; Android 5.0; SM-G900P Build/LRX21T) AppleWebKit/537.36 (KHTML, like Gecko) Chrome/50.0.5250.1922 Mobile Safari/537.36"
188.215.94.129 - - [04/Jul/2026:16:38:41 +0200] "GET /wp-content/plugins/elementor/assets/lib/font-awesome/css/regular.min.css?ver=5.15.3 HTTP/2.0" 200 282 "https://elettroservicegroup.it/" "Mozilla/5.0 (Linux; Android 5.0; SM-G900P Build/LRX21T) AppleWebKit/537.36 (KHTML, like Gecko) Chrome/50.0.5250.1922 Mobile Safari/537.36"
188.215.94.129 - - [04/Jul/2026:16:38:41 +0200] "GET /wp-content/plugins/elementor/assets/lib/font-awesome/css/fontawesome.min.css?ver=5.15.3 HTTP/2.0" 200 12179 "https://elettroservicegroup.it/" "Mozilla/5.0 (Linux; Android 5.0; SM-G900P Build/LRX21T) AppleWebKit/537.36 (KHTML, like Gecko) Chrome/50.0.5250.1922 Mobile Safari/537.36"
188.215.94.129 - - [04/Jul/2026:16:38:41 +0200] "GET /wp-content/uploads/2021/10/TECNICO-ELETTRODOMESTICI.jpg HTTP/2.0" 206 500 "https://elettroservicegroup.it/wp-content/uploads/elementor/css/post-13305.css?ver=1783136284" "Mozilla/5.0 (Linux; Android 5.0; SM-G900P Build/LRX21T) AppleWebKit/537.36 (KHTML, like Gecko) Chrome/50.0.5250.1922 Mobile Safari/537.36"
188.215.94.129 - - [04/Jul/2026:16:38:42 +0200] "GET /wp-content/uploads/2021/10/TECNICO-ELETTRODOMESTICI.jpg HTTP/2.0" 304 - "https://elettroservicegroup.it/wp-content/uploads/elementor/css/post-13305.css?ver=1783136284" "Mozilla/5.0 (Linux; Android 5.0; SM-G900P Build/LRX21T) AppleWebKit/537.36 (KHTML, like Gecko) Chrome/50.0.5250.1922 Mobile Safari/537.36"
188.215.94.129 - - [04/Jul/2026:16:38:42 +0200] "GET /wp-content/uploads/2021/10/TECNICO-ELETTRODOMESTICI.jpg HTTP/2.0" 206 23710 "https://elettroservicegroup.it/wp-content/uploads/elementor/css/post-13305.css?ver=1783136284" "Mozilla/5.0 (Linux; Android 5.0; SM-G900P Build/LRX21T) AppleWebKit/537.36 (KHTML, like Gecko) Chrome/50.0.5250.1922 Mobile Safari/537.36"
85.17.142.99 - - [04/Jul/2026:16:39:34 +0200] "GET / HTTP/2.0" 200 21310 "-" "Mozilla/5.0 (Macintosh; Intel Mac OS X 10_15_7) AppleWebKit/537.36 (KHTML, like Gecko) Chrome/136.0.0.0 Safari/537.36"
209.99.184.28 - - [04/Jul/2026:16:54:37 +0200] "GET /wp-login.php HTTP/2.0" 200 11678 "-" "Mozilla/5.0 (Windows NT 10.0; WOW64; rv:87.0) Gecko/20100101 Firefox/87.0"
209.99.184.28 - - [04/Jul/2026:16:54:38 +0200] "POST /wp-login.php HTTP/2.0" 200 11789 "-" "Mozilla/5.0 (Windows NT 10.0; WOW64; rv:87.0) Gecko/20100101 Firefox/87.0"
43.140.247.223 - - [04/Jul/2026:17:06:18 +0200] "GET / HTTP/1.1" 200 23464 "http://www.elettroservicegroup.it" "Mozilla/5.0 (iPhone; CPU iPhone OS 13_2_3 like Mac OS X) AppleWebKit/605.1.15 (KHTML, like Gecko) Version/13.0.3 Mobile/15E148 Safari/604.1"
65.108.235.243 - - [04/Jul/2026:17:06:26 +0200] "GET /?wp_scrape_key=f6eb3504a24dacf923d3458b4672e639&wp_scrape_nonce=1783177584 HTTP/1.1" 500 186 "-" "WordPress/7.0; https://elettroservicegroup.it"
65.108.235.243 - - [04/Jul/2026:17:06:38 +0200] "GET /?wp_scrape_key=276164f964919a310ed2bd91d181feeb&wp_scrape_nonce=1783177596 HTTP/1.1" 500 186 "-" "WordPress/7.0; https://elettroservicegroup.it"
65.108.235.243 - - [04/Jul/2026:17:06:57 +0200] "GET /?wp_scrape_key=9a4e934e390f485e8657efdd637d91b3&wp_scrape_nonce=1783177615 HTTP/1.1" 500 198 "-" "WordPress/7.0; https://elettroservicegroup.it"
65.108.235.243 - - [04/Jul/2026:17:07:08 +0200] "GET /?wp_scrape_key=8c2c1b513eeabd7b423a3d0746398e61&wp_scrape_nonce=1783177626 HTTP/1.1" 500 183 "-" "WordPress/7.0; https://elettroservicegroup.it"
65.108.235.243 - - [04/Jul/2026:17:07:17 +0200] "POST /wp-cron.php?doing_wp_cron=1783177637.3100800514221191406250 HTTP/1.1" 200 1 "-" "WordPress/7.0; https://elettroservicegroup.it"
65.108.235.243 - - [04/Jul/2026:17:07:14 +0200] "POST /wp-admin/admin-ajax.php?action=wordfence_testAjax HTTP/1.1" 200 16 "-" "WordPress/7.0; https://elettroservicegroup.it"
65.108.235.243 - - [04/Jul/2026:17:07:20 +0200] "GET /chi-siamo/ HTTP/1.1" 503 576 "-" "WP Fastest Cache Preload Bot"
65.108.235.243 - - [04/Jul/2026:17:07:21 +0200] "GET /imprint/ HTTP/1.1" 503 576 "-" "WP Fastest Cache Preload Bot"
65.108.235.243 - - [04/Jul/2026:17:07:21 +0200] "GET /dichiarazione-sulla-privacy-ue/ HTTP/1.1" 503 576 "-" "WP Fastest Cache Preload Bot"
65.108.235.243 - - [04/Jul/2026:17:07:17 +0200] "GET /wp-admin/admin-ajax.php?action=wordfence_doScan&isFork=0&scanMode=quick&cronKey=86b32306d2fd8ec222fe1b0baaf9f7fa&signature=d114c60765dc1941d4d7319efd54440d59e19749431b2ac404586c2a4737a50c HTTP/1.1" 200 1 "-" "WordPress/7.0; https://elettroservicegroup.it"
65.108.235.243 - - [04/Jul/2026:17:07:22 +0200] "GET /cookie-policy-ue/ HTTP/1.1" 503 576 "-" "WP Fastest Cache Preload Bot"
65.108.235.243 - - [04/Jul/2026:17:07:23 +0200] "GET / HTTP/1.1" 503 576 "-" "WP Fastest Cache Preload Bot"
65.108.235.243 - - [04/Jul/2026:17:07:25 +0200] "GET /?wp_scrape_key=9a1992afff3f0f19b9ac7b1934bfa936&wp_scrape_nonce=1783177643 HTTP/1.1" 500 186 "-" "WordPress/7.0; https://elettroservicegroup.it"
65.108.235.243 - - [04/Jul/2026:17:07:36 +0200] "GET /?wp_scrape_key=30e99e012bcf9be60880f32df47347ed&wp_scrape_nonce=1783177654 HTTP/1.1" 500 186 "-" "WordPress/7.0; https://elettroservicegroup.it"
65.108.235.243 - - [04/Jul/2026:17:07:55 +0200] "GET /?wp_scrape_key=799c57a0d660e19d5543119466d41ebd&wp_scrape_nonce=1783177673 HTTP/1.1" 500 184 "-" "WordPress/7.0; https://elettroservicegroup.it"
65.108.235.243 - - [04/Jul/2026:17:08:06 +0200] "GET /?wp_scrape_key=984479bd47507aa3423f0cd8386d7869&wp_scrape_nonce=1783177684 HTTP/1.1" 500 1 "-" "WordPress/7.0; https://elettroservicegroup.it"
65.108.235.243 - - [04/Jul/2026:17:22:02 +0200] "GET /chi-siamo/ HTTP/1.1" 200 22149 "-" "WP Fastest Cache Preload Bot"
65.108.235.243 - - [04/Jul/2026:17:22:04 +0200] "GET /imprint/ HTTP/1.1" 200 17740 "-" "WP Fastest Cache Preload Bot"
65.108.235.243 - - [04/Jul/2026:17:22:06 +0200] "GET /dichiarazione-sulla-privacy-ue/ HTTP/1.1" 200 20766 "-" "WP Fastest Cache Preload Bot"
65.108.235.243 - - [04/Jul/2026:17:22:09 +0200] "GET /cookie-policy-ue/ HTTP/1.1" 200 20490 "-" "WP Fastest Cache Preload Bot"
65.108.235.243 - - [04/Jul/2026:17:22:10 +0200] "POST /wp-json/complianz/v1/wsc-scan HTTP/1.1" 400 88 "-" "WordPress/7.0; https://elettroservicegroup.it"
45.3.35.203 - - [04/Jul/2026:17:28:19 +0200] "GET / HTTP/1.1" 200 11698 "-" "Mozilla/5.0 (X11; Linux x86_64) AppleWebKit/537.36 (KHTML, like Gecko) Chrome/131.0.0.0 Safari/537.36"
65.108.235.243 - - [04/Jul/2026:17:55:35 +0200] "POST /wp-cron.php?doing_wp_cron=1783180535.2110829353332519531250 HTTP/1.1" 200 1 "-" "WordPress/7.0; https://elettroservicegroup.it"
216.73.216.158 - - [04/Jul/2026:17:55:28 +0200] "GET /robots.txt HTTP/2.0" 200 99 "-" "Mozilla/5.0 AppleWebKit/537.36 (KHTML, like Gecko; compatible; ClaudeBot/1.0; +claudebot@anthropic.com)"
65.108.235.243 - - [04/Jul/2026:17:55:37 +0200] "GET /termini-e-condizioni/ HTTP/1.1" 200 18684 "-" "WP Fastest Cache Preload Bot"
65.108.235.243 - - [04/Jul/2026:17:55:39 +0200] "GET /cookie-policy/ HTTP/1.1" 200 22716 "-" "WP Fastest Cache Preload Bot"
65.108.235.243 - - [04/Jul/2026:17:55:42 +0200] "GET /informativa-privacy/ HTTP/1.1" 200 20844 "-" "WP Fastest Cache Preload Bot"
65.108.235.243 - - [04/Jul/2026:17:55:44 +0200] "GET / HTTP/1.1" 200 21326 "-" "WP Fastest Cache Preload Bot"
216.73.216.158 - - [04/Jul/2026:17:56:14 +0200] "GET /wp-content/cache/wpfc-minified/44agi09/27x9t.css HTTP/2.0" 200 2031 "-" "Mozilla/5.0 AppleWebKit/537.36 (KHTML, like Gecko; compatible; ClaudeBot/1.0; +claudebot@anthropic.com)"
192.178.4.102 - - [04/Jul/2026:18:05:35 +0200] "GET /robots.txt HTTP/1.1" 200 99 "-" "Mozilla/5.0 (compatible; Googlebot/2.1; +http://www.google.com/bot.html)"
192.175.111.235 - - [04/Jul/2026:18:29:24 +0200] "GET / HTTP/1.1" 200 11723 "-" "Mozilla/5.0 (Windows NT 10.0; Win64; x64) AppleWebKit/537.36 (KHTML, like Gecko) Chrome/148.0.0.0 Safari/537.36"
104.197.192.204 - - [04/Jul/2026:18:41:45 +0200] "GET / HTTP/2.0" 200 21303 "-" "Mozilla/5.0 (Macintosh; Intel Mac OS X 10_14_5) AppleWebKit/537.36 (KHTML, like Gecko) Chrome/136.0.7103.60 Safari/537.36"
65.108.235.243 - - [04/Jul/2026:18:41:52 +0200] "POST /wp-cron.php?doing_wp_cron=1783183312.6108739376068115234375 HTTP/1.1" 200 1 "-" "WordPress/7.0; https://elettroservicegroup.it"
104.197.192.204 - - [04/Jul/2026:18:41:45 +0200] "GET / HTTP/2.0" 301 1 "-" "Mozilla/5.0 (Macintosh; Apple M3 Pro; macOS 14_4_1) AppleWebKit/537.36 (KHTML, like Gecko) Chrome/136.0.0.0 Safari/537.36"
65.108.235.243 - - [04/Jul/2026:18:41:54 +0200] "POST /wp-json/complianz/v1/wsc-scan HTTP/1.1" 400 88 "-" "WordPress/7.0; https://elettroservicegroup.it"
34.72.121.42 - - [04/Jul/2026:18:42:44 +0200] "GET / HTTP/2.0" 200 21303 "-" "Mozilla/5.0 (Macintosh; Apple M1 Ultra; macOS 13_5) AppleWebKit/537.36 (KHTML, like Gecko) Chrome/136.0.7103.55 Safari/537.36"
65.108.235.243 - - [04/Jul/2026:18:42:52 +0200] "POST /wp-cron.php?doing_wp_cron=1783183371.9108099937438964843750 HTTP/1.1" 200 1 "-" "WordPress/7.0; https://elettroservicegroup.it"
34.72.121.42 - - [04/Jul/2026:18:42:44 +0200] "GET / HTTP/2.0" 301 - "-" "Mozilla/5.0 (Macintosh; Apple M2 Max; macOS 14_1) AppleWebKit/537.36 (KHTML, like Gecko) Chrome/136.0.7103.51 Safari/537.36"
35.253.193.4 - - [04/Jul/2026:18:45:36 +0200] "GET / HTTP/2.0" 200 21303 "-" "Mozilla/5.0 (Macintosh; Intel Mac OS X 10_15_7) AppleWebKit/537.36 (KHTML, like Gecko) Chrome/136.0.7103.59 Safari/537.36"
65.108.235.243 - - [04/Jul/2026:18:46:26 +0200] "POST /wp-cron.php?doing_wp_cron=1783183586.7918980121612548828125 HTTP/1.1" 200 1 "-" "WordPress/7.0; https://elettroservicegroup.it"
35.253.193.4 - - [04/Jul/2026:18:46:19 +0200] "GET / HTTP/2.0" 301 1 "-" "Mozilla/5.0 (Macintosh; Apple M1 Ultra; macOS 13_5) AppleWebKit/537.36 (KHTML, like Gecko) Chrome/136.0.7103.55 Safari/537.36"
107.178.214.59 - - [04/Jul/2026:18:46:42 +0200] "GET / HTTP/2.0" 200 21303 "-" "Mozilla/5.0 (Macintosh; Intel Mac OS X 10_13) AppleWebKit/537.36 (KHTML, like Gecko) Chrome/136.0.0.0 Safari/537.36"
107.178.214.59 - - [04/Jul/2026:18:46:42 +0200] "GET / HTTP/2.0" 301 1 "-" "Mozilla/5.0 (Macintosh; Apple M3; macOS 14_5) AppleWebKit/537.36 (KHTML, like Gecko) Chrome/136.0.7103.48 Safari/537.36"
107.178.214.59 - - [04/Jul/2026:18:46:42 +0200] "GET / HTTP/2.0" 200 21303 "-" "Mozilla/5.0 (Macintosh; Apple M3; macOS 14_5) AppleWebKit/537.36 (KHTML, like Gecko) Chrome/136.0.7103.48 Safari/537.36"
34.172.234.153 - - [04/Jul/2026:18:49:17 +0200] "GET / HTTP/2.0" 200 21303 "-" "Mozilla/5.0 (Macintosh; Intel Mac OS X 10_11_5) AppleWebKit/537.36 (KHTML, like Gecko) Chrome/136.0.7103.63 Safari/537.36"
65.108.235.243 - - [04/Jul/2026:18:49:19 +0200] "POST /wp-cron.php?doing_wp_cron=1783183759.9274868965148925781250 HTTP/1.1" 200 1 "-" "WordPress/7.0; https://elettroservicegroup.it"
34.172.234.153 - - [04/Jul/2026:18:49:17 +0200] "GET / HTTP/2.0" 301 1 "-" "Mozilla/5.0 (Macintosh; Apple M1 Pro; macOS 13_5_2) AppleWebKit/537.36 (KHTML, like Gecko) Chrome/136.0.0.0 Safari/537.36"
34.172.234.153 - - [04/Jul/2026:18:49:20 +0200] "GET / HTTP/2.0" 200 21303 "-" "Mozilla/5.0 (Macintosh; Apple M1 Pro; macOS 13_5_2) AppleWebKit/537.36 (KHTML, like Gecko) Chrome/136.0.0.0 Safari/537.36"
136.116.108.168 - - [04/Jul/2026:18:49:56 +0200] "GET / HTTP/2.0" 200 21303 "-" "Mozilla/5.0 (Macintosh; Apple M2; macOS 13_0) AppleWebKit/537.36 (KHTML, like Gecko) Chrome/136.0.0.0 Safari/537.36"
65.108.235.243 - - [04/Jul/2026:18:50:05 +0200] "POST /wp-cron.php?doing_wp_cron=1783183805.8064539432525634765625 HTTP/1.1" 200 1 "-" "WordPress/7.0; https://elettroservicegroup.it"
136.116.108.168 - - [04/Jul/2026:18:49:57 +0200] "GET / HTTP/2.0" 301 - "-" "Mozilla/5.0 (Macintosh; Apple M2; macOS 13_0) AppleWebKit/537.36 (KHTML, like Gecko) Chrome/136.0.0.0 Safari/537.36"
129.45.68.93 - - [04/Jul/2026:18:50:39 +0200] "POST /xmlrpc.php HTTP/1.1" 404 83649 "-" "WordPress.com; https://wordpress.com"
104.197.251.96 - - [04/Jul/2026:18:52:19 +0200] "GET / HTTP/2.0" 200 21303 "-" "Mozilla/5.0 (Macintosh; Apple M1; macOS 14_4_1) AppleWebKit/537.36 (KHTML, like Gecko) Chrome/136.0.8900.41 Safari/537.36"
65.108.235.243 - - [04/Jul/2026:18:52:22 +0200] "POST /wp-cron.php?doing_wp_cron=1783183942.5136840343475341796875 HTTP/1.1" 200 1 "-" "WordPress/7.0; https://elettroservicegroup.it"
104.197.251.96 - - [04/Jul/2026:18:52:19 +0200] "GET / HTTP/2.0" 301 1 "-" "Mozilla/5.0 (Macintosh; Apple M3; macOS 14_5) AppleWebKit/537.36 (KHTML, like Gecko) Chrome/136.0.8900.41 Safari/537.36"
104.197.251.96 - - [04/Jul/2026:18:52:23 +0200] "GET / HTTP/2.0" 200 21303 "-" "Mozilla/5.0 (Macintosh; Apple M3; macOS 14_5) AppleWebKit/537.36 (KHTML, like Gecko) Chrome/136.0.8900.41 Safari/537.36"
34.133.19.43 - - [04/Jul/2026:18:52:57 +0200] "GET / HTTP/2.0" 200 21303 "-" "Mozilla/5.0 (Macintosh; Intel Mac OS X 10_11_6) AppleWebKit/537.36 (KHTML, like Gecko) Chrome/136.0.0.0 Safari/537.36"
65.108.235.243 - - [04/Jul/2026:18:53:02 +0200] "POST /wp-cron.php?doing_wp_cron=1783183982.3037109375000000000000 HTTP/1.1" 200 1 "-" "WordPress/7.0; https://elettroservicegroup.it"
34.133.19.43 - - [04/Jul/2026:18:52:54 +0200] "GET / HTTP/2.0" 301 - "-" "Mozilla/5.0 (Macintosh; Apple M2; macOS 14_4_1) AppleWebKit/537.36 (KHTML, like Gecko) Chrome/136.0.7103.84 Safari/537.36"
136.111.29.162 - - [04/Jul/2026:18:53:45 +0200] "GET / HTTP/2.0" 200 21303 "-" "Mozilla/5.0 (Macintosh; Apple M3; macOS 14_0) AppleWebKit/537.36 (KHTML, like Gecko) Chrome/136.0.7103.99 Safari/537.36"
136.111.29.162 - - [04/Jul/2026:18:53:47 +0200] "GET / HTTP/2.0" 301 - "-" "Mozilla/5.0 (Macintosh; Apple M2; macOS 14_4_1) AppleWebKit/537.36 (KHTML, like Gecko) Chrome/136.0.0.0 Safari/537.36"
34.30.73.45 - - [04/Jul/2026:18:54:35 +0200] "GET / HTTP/2.0" 200 21303 "-" "Mozilla/5.0 (Macintosh; Apple M3; macOS 14_4) AppleWebKit/537.36 (KHTML, like Gecko) Chrome/136.0.7103.52 Safari/537.36"
35.224.32.95 - - [04/Jul/2026:18:54:40 +0200] "GET / HTTP/2.0" 301 1 "-" "Mozilla/5.0 (Macintosh; Apple M1 Ultra; macOS 13_5) AppleWebKit/537.36 (KHTML, like Gecko) Chrome/136.0.7103.55 Safari/537.36"
65.108.235.243 - - [04/Jul/2026:18:54:43 +0200] "POST /wp-cron.php?doing_wp_cron=1783184083.8966419696807861328125 HTTP/1.1" 200 1 "-" "WordPress/7.0; https://elettroservicegroup.it"
34.30.73.45 - - [04/Jul/2026:18:54:35 +0200] "GET / HTTP/2.0" 301 - "-" "Mozilla/5.0 (Macintosh; Apple M2; macOS 13_4_1) AppleWebKit/537.36 (KHTML, like Gecko) Chrome/136.0.0.0 Safari/537.36"
35.224.32.95 - - [04/Jul/2026:18:54:45 +0200] "GET / HTTP/2.0" 200 21303 "-" "Mozilla/5.0 (Macintosh; Apple M3 Pro; macOS 13_0) AppleWebKit/537.36 (KHTML, like Gecko) Chrome/136.0.7103.57 Safari/537.36"
34.45.251.15 - - [04/Jul/2026:18:54:54 +0200] "GET / HTTP/2.0" 200 21303 "-" "Mozilla/5.0 (Macintosh; Apple M2; macOS 13_0) AppleWebKit/537.36 (KHTML, like Gecko) Chrome/136.0.0.0 Safari/537.36"
34.45.251.15 - - [04/Jul/2026:18:54:54 +0200] "GET / HTTP/2.0" 301 1 "-" "Mozilla/5.0 (Macintosh; Apple M2 Pro; macOS 13_5_2) AppleWebKit/537.36 (KHTML, like Gecko) Chrome/136.0.0.0 Safari/537.36"
34.45.251.15 - - [04/Jul/2026:18:54:55 +0200] "GET / HTTP/2.0" 200 21303 "-" "Mozilla/5.0 (Macintosh; Apple M2 Pro; macOS 13_5_2) AppleWebKit/537.36 (KHTML, like Gecko) Chrome/136.0.0.0 Safari/537.36"
136.65.246.209 - - [04/Jul/2026:18:55:05 +0200] "GET / HTTP/2.0" 200 21303 "-" "Mozilla/5.0 (Macintosh; Apple M2 Pro; macOS 13_6) AppleWebKit/537.36 (KHTML, like Gecko) Chrome/136.0.7103.93 Safari/537.36"
65.108.235.243 - - [04/Jul/2026:18:55:10 +0200] "POST /wp-cron.php?doing_wp_cron=1783184110.9002659320831298828125 HTTP/1.1" 200 1 "-" "WordPress/7.0; https://elettroservicegroup.it"
136.65.246.209 - - [04/Jul/2026:18:55:09 +0200] "GET / HTTP/2.0" 301 1 "-" "Mozilla/5.0 (Macintosh; Intel Mac OS X 10_15) AppleWebKit/537.36 (KHTML, like Gecko) Chrome/136.0.0.0 Safari/537.36"
136.65.246.209 - - [04/Jul/2026:18:55:11 +0200] "GET / HTTP/2.0" 200 21303 "-" "Mozilla/5.0 (Macintosh; Intel Mac OS X 10_15) AppleWebKit/537.36 (KHTML, like Gecko) Chrome/136.0.0.0 Safari/537.36"
34.61.228.129 - - [04/Jul/2026:18:55:44 +0200] "GET / HTTP/2.0" 200 21303 "-" "Mozilla/5.0 (Macintosh; Apple M1; macOS 12_7_1) AppleWebKit/537.36 (KHTML, like Gecko) Chrome/136.0.8900.41 Safari/537.36"
34.61.228.129 - - [04/Jul/2026:18:55:44 +0200] "GET / HTTP/2.0" 301 - "-" "Mozilla/5.0 (Macintosh; Intel Mac OS X 10_15) AppleWebKit/537.36 (KHTML, like Gecko) Chrome/136.0.0.0 Safari/537.36"
35.224.32.95 - - [04/Jul/2026:18:55:59 +0200] "GET / HTTP/2.0" 200 21303 "-" "Mozilla/5.0 (Macintosh; Apple M1 Ultra; macOS 13_5) AppleWebKit/537.36 (KHTML, like Gecko) Chrome/136.0.7103.55 Safari/537.36"
65.108.235.243 - - [04/Jul/2026:18:56:00 +0200] "POST /wp-cron.php?doing_wp_cron=1783184160.8046770095825195312500 HTTP/1.1" 200 1 "-" "WordPress/7.0; https://elettroservicegroup.it"
35.224.32.95 - - [04/Jul/2026:18:55:59 +0200] "GET / HTTP/2.0" 301 1 "-" "Mozilla/5.0 (Macintosh; Apple M3 Max; macOS 14_3) AppleWebKit/537.36 (KHTML, like Gecko) Chrome/136.0.0.0 Safari/537.36"
35.224.32.95 - - [04/Jul/2026:18:56:01 +0200] "GET / HTTP/2.0" 200 21303 "-" "Mozilla/5.0 (Macintosh; Apple M3 Max; macOS 14_3) AppleWebKit/537.36 (KHTML, like Gecko) Chrome/136.0.0.0 Safari/537.36"
35.232.98.141 - - [04/Jul/2026:18:56:09 +0200] "GET / HTTP/2.0" 200 21303 "-" "Mozilla/5.0 (Macintosh; Intel Mac OS X 10_14) AppleWebKit/537.36 (KHTML, like Gecko) Chrome/136.0.0.0 Safari/537.36"
35.232.98.141 - - [04/Jul/2026:18:56:09 +0200] "GET / HTTP/2.0" 301 1 "-" "Mozilla/5.0 (Macintosh; Intel Mac OS X 10_14_5) AppleWebKit/537.36 (KHTML, like Gecko) Chrome/136.0.7103.60 Safari/537.36"
35.232.98.141 - - [04/Jul/2026:18:56:10 +0200] "GET / HTTP/2.0" 200 21303 "-" "Mozilla/5.0 (Macintosh; Intel Mac OS X 10_14_5) AppleWebKit/537.36 (KHTML, like Gecko) Chrome/136.0.7103.60 Safari/537.36"
34.122.219.63 - - [04/Jul/2026:18:56:27 +0200] "GET / HTTP/2.0" 200 21303 "-" "Mozilla/5.0 (Macintosh; Intel Mac OS X 10_13_5) AppleWebKit/537.36 (KHTML, like Gecko) Chrome/136.0.7103.61 Safari/537.36"
34.122.219.63 - - [04/Jul/2026:18:56:27 +0200] "GET / HTTP/2.0" 301 1 "-" "Mozilla/5.0 (Macintosh; Intel Mac OS X 10_15_7) AppleWebKit/537.36 (KHTML, like Gecko) Chrome/136.0.0.0 Safari/537.36"
34.122.219.63 - - [04/Jul/2026:18:56:28 +0200] "GET / HTTP/2.0" 200 21303 "-" "Mozilla/5.0 (Macintosh; Intel Mac OS X 10_15_7) AppleWebKit/537.36 (KHTML, like Gecko) Chrome/136.0.0.0 Safari/537.36"
34.132.139.3 - - [04/Jul/2026:18:56:43 +0200] "GET / HTTP/2.0" 200 21303 "-" "Mozilla/5.0 (Macintosh; Intel Mac OS X 10_12_6) AppleWebKit/537.36 (KHTML, like Gecko) Chrome/136.0.0.0 Safari/537.36"
34.132.139.3 - - [04/Jul/2026:18:56:43 +0200] "GET / HTTP/2.0" 301 1 "-" "Mozilla/5.0 (Macintosh; Apple M3; macOS 14_5) AppleWebKit/537.36 (KHTML, like Gecko) Chrome/136.0.8900.41 Safari/537.36"
34.132.139.3 - - [04/Jul/2026:18:56:45 +0200] "GET / HTTP/2.0" 200 21303 "-" "Mozilla/5.0 (Macintosh; Apple M3; macOS 14_5) AppleWebKit/537.36 (KHTML, like Gecko) Chrome/136.0.8900.41 Safari/537.36"
35.232.129.12 - - [04/Jul/2026:18:56:48 +0200] "GET / HTTP/2.0" 200 21303 "-" "Mozilla/5.0 (Macintosh; Apple M1; macOS 13_0_1) AppleWebKit/537.36 (KHTML, like Gecko) Chrome/136.0.0.0 Safari/537.36"
34.57.196.135 - - [04/Jul/2026:18:56:49 +0200] "GET / HTTP/2.0" 200 21303 "-" "Mozilla/5.0 (Macintosh; Apple M2 Max; macOS 14_1) AppleWebKit/537.36 (KHTML, like Gecko) Chrome/136.0.7103.51 Safari/537.36"
34.57.196.135 - - [04/Jul/2026:18:56:49 +0200] "GET / HTTP/2.0" 301 1 "-" "Mozilla/5.0 (Macintosh; Apple M2; macOS 14_4_1) AppleWebKit/537.36 (KHTML, like Gecko) Chrome/136.0.7103.84 Safari/537.36"
34.57.196.135 - - [04/Jul/2026:18:56:50 +0200] "GET / HTTP/2.0" 200 21303 "-" "Mozilla/5.0 (Macintosh; Apple M2; macOS 14_4_1) AppleWebKit/537.36 (KHTML, like Gecko) Chrome/136.0.7103.84 Safari/537.36"
34.30.28.105 - - [04/Jul/2026:18:56:55 +0200] "GET / HTTP/2.0" 200 21303 "-" "Mozilla/5.0 (Macintosh; Intel Mac OS X 10_15_7) AppleWebKit/537.36 (KHTML, like Gecko) Chrome/136.0.7103.81 Safari/537.36"
34.30.28.105 - - [04/Jul/2026:18:56:55 +0200] "GET / HTTP/2.0" 301 1 "-" "Mozilla/5.0 (Macintosh; Intel Mac OS X 10_9_5) AppleWebKit/537.36 (KHTML, like Gecko) Chrome/136.0.7103.65 Safari/537.36"
34.30.28.105 - - [04/Jul/2026:18:56:57 +0200] "GET / HTTP/2.0" 200 21303 "-" "Mozilla/5.0 (Macintosh; Intel Mac OS X 10_9_5) AppleWebKit/537.36 (KHTML, like Gecko) Chrome/136.0.7103.65 Safari/537.36"
34.63.209.120 - - [04/Jul/2026:18:58:16 +0200] "GET / HTTP/2.0" 200 21303 "-" "Mozilla/5.0 (Macintosh; Apple M2; macOS 13_0) AppleWebKit/537.36 (KHTML, like Gecko) Chrome/136.0.0.0 Safari/537.36"
65.108.235.243 - - [04/Jul/2026:18:58:20 +0200] "POST /wp-cron.php?doing_wp_cron=1783184299.9941899776458740234375 HTTP/1.1" 200 1 "-" "WordPress/7.0; https://elettroservicegroup.it"
34.63.209.120 - - [04/Jul/2026:18:58:11 +0200] "GET / HTTP/2.0" 301 - "-" "Mozilla/5.0 (Macintosh; Intel Mac OS X 10_15) AppleWebKit/537.36 (KHTML, like Gecko) Chrome/136.0.0.0 Safari/537.36"
136.116.108.168 - - [04/Jul/2026:18:58:43 +0200] "GET / HTTP/2.0" 200 21303 "-" "Mozilla/5.0 (Macintosh; Apple M1; macOS 12_7_1) AppleWebKit/537.36 (KHTML, like Gecko) Chrome/136.0.8900.41 Safari/537.36"
34.10.21.50 - - [04/Jul/2026:18:58:43 +0200] "GET / HTTP/2.0" 200 21303 "-" "Mozilla/5.0 (Macintosh; Intel Mac OS X 10_8_5) AppleWebKit/537.36 (KHTML, like Gecko) Chrome/136.0.7103.66 Safari/537.36"
136.116.108.168 - - [04/Jul/2026:18:58:43 +0200] "GET / HTTP/2.0" 301 1 "-" "Mozilla/5.0 (Macintosh; Intel Mac OS X 10_9_5) AppleWebKit/537.36 (KHTML, like Gecko) Chrome/136.0.7103.65 Safari/537.36"
136.116.108.168 - - [04/Jul/2026:18:58:44 +0200] "GET / HTTP/2.0" 200 21303 "-" "Mozilla/5.0 (Macintosh; Intel Mac OS X 10_9_5) AppleWebKit/537.36 (KHTML, like Gecko) Chrome/136.0.7103.65 Safari/537.36"
34.10.21.50 - - [04/Jul/2026:18:58:43 +0200] "GET / HTTP/2.0" 301 1 "-" "Mozilla/5.0 (Macintosh; Intel Mac OS X 10_9_5) AppleWebKit/537.36 (KHTML, like Gecko) Chrome/136.0.7103.65 Safari/537.36"
34.10.21.50 - - [04/Jul/2026:18:58:45 +0200] "GET / HTTP/2.0" 200 21303 "-" "Mozilla/5.0 (Macintosh; Intel Mac OS X 10_9_5) AppleWebKit/537.36 (KHTML, like Gecko) Chrome/136.0.7103.65 Safari/537.36"
35.253.72.53 - - [04/Jul/2026:18:59:30 +0200] "GET / HTTP/2.0" 200 21303 "-" "Mozilla/5.0 (Macintosh; Apple M3; macOS 13_6) AppleWebKit/537.36 (KHTML, like Gecko) Chrome/136.0.8900.41 Safari/537.36"
65.108.235.243 - - [04/Jul/2026:18:59:39 +0200] "POST /wp-cron.php?doing_wp_cron=1783184379.5942549705505371093750 HTTP/1.1" 200 1 "-" "WordPress/7.0; https://elettroservicegroup.it"
35.253.72.53 - - [04/Jul/2026:18:59:30 +0200] "GET / HTTP/2.0" 301 - "-" "Mozilla/5.0 (Macintosh; Apple M2 Pro; macOS 13_5_2) AppleWebKit/537.36 (KHTML, like Gecko) Chrome/136.0.0.0 Safari/537.36"
35.253.72.53 - - [04/Jul/2026:18:59:53 +0200] "GET / HTTP/2.0" 200 21303 "-" "Mozilla/5.0 (Macintosh; Intel Mac OS X 10_14_5) AppleWebKit/537.36 (KHTML, like Gecko) Chrome/136.0.7103.60 Safari/537.36"
65.108.235.243 - - [04/Jul/2026:19:00:06 +0200] "POST /wp-cron.php?doing_wp_cron=1783184406.3972840309143066406250 HTTP/1.1" 200 1 "-" "WordPress/7.0; https://elettroservicegroup.it"
35.253.72.53 - - [04/Jul/2026:18:59:58 +0200] "GET / HTTP/2.0" 301 - "-" "Mozilla/5.0 (Macintosh; Apple M2; macOS 14_4_1) AppleWebKit/537.36 (KHTML, like Gecko) Chrome/136.0.7103.84 Safari/537.36"
34.72.81.252 - - [04/Jul/2026:19:00:12 +0200] "GET / HTTP/2.0" 200 21303 "-" "Mozilla/5.0 (Macintosh; Apple M2 Pro; macOS 13_5_2) AppleWebKit/537.36 (KHTML, like Gecko) Chrome/136.0.0.0 Safari/537.36"
34.72.81.252 - - [04/Jul/2026:19:00:12 +0200] "GET / HTTP/2.0" 301 1 "-" "Mozilla/5.0 (Macintosh; Intel Mac OS X 10_15_6) AppleWebKit/537.36 (KHTML, like Gecko) Chrome/136.0.0.0 Safari/537.36"
34.72.81.252 - - [04/Jul/2026:19:00:14 +0200] "GET / HTTP/2.0" 200 21303 "-" "Mozilla/5.0 (Macintosh; Intel Mac OS X 10_15_6) AppleWebKit/537.36 (KHTML, like Gecko) Chrome/136.0.0.0 Safari/537.36"
35.253.130.201 - - [04/Jul/2026:19:00:21 +0200] "GET / HTTP/2.0" 200 21303 "-" "Mozilla/5.0 (Macintosh; Apple M1; macOS 13_5_2) AppleWebKit/537.36 (KHTML, like Gecko) Chrome/136.0.7103.88 Safari/537.36"
35.253.130.201 - - [04/Jul/2026:19:00:25 +0200] "GET / HTTP/2.0" 301 1 "-" "Mozilla/5.0 (Macintosh; Apple M3; macOS 14_5) AppleWebKit/537.36 (KHTML, like Gecko) Chrome/136.0.7103.48 Safari/537.36"
35.253.130.201 - - [04/Jul/2026:19:00:27 +0200] "GET / HTTP/2.0" 200 21303 "-" "Mozilla/5.0 (Macintosh; Apple M3; macOS 14_5) AppleWebKit/537.36 (KHTML, like Gecko) Chrome/136.0.7103.48 Safari/537.36"
216.73.216.158 - - [04/Jul/2026:19:00:43 +0200] "GET /robots.txt HTTP/2.0" 200 99 "-" "Mozilla/5.0 AppleWebKit/537.36 (KHTML, like Gecko; compatible; ClaudeBot/1.0; +claudebot@anthropic.com)"
136.111.238.30 - - [04/Jul/2026:19:01:25 +0200] "GET / HTTP/2.0" 200 21303 "-" "Mozilla/5.0 (Macintosh; Apple M3; macOS 14_4) AppleWebKit/537.36 (KHTML, like Gecko) Chrome/136.0.7103.52 Safari/537.36"
65.108.235.243 - - [04/Jul/2026:19:01:32 +0200] "POST /wp-cron.php?doing_wp_cron=1783184492.4946000576019287109375 HTTP/1.1" 200 1 "-" "WordPress/7.0; https://elettroservicegroup.it"
136.111.238.30 - - [04/Jul/2026:19:01:25 +0200] "GET / HTTP/2.0" 301 1 "-" "Mozilla/5.0 (Macintosh; Apple M3 Pro; macOS 13_0) AppleWebKit/537.36 (KHTML, like Gecko) Chrome/136.0.7103.57 Safari/537.36"
65.108.235.243 - - [04/Jul/2026:19:01:42 +0200] "POST /wp-cron.php?doing_wp_cron=1783184502.3978629112243652343750 HTTP/1.1" 200 1 "-" "WordPress/7.0; https://elettroservicegroup.it"
136.113.249.226 - - [04/Jul/2026:19:01:41 +0200] "GET / HTTP/2.0" 301 1 "-" "Mozilla/5.0 (Macintosh; Apple M1; macOS 11_7) AppleWebKit/537.36 (KHTML, like Gecko) Chrome/136.0.7103.58 Safari/537.36"
136.113.249.226 - - [04/Jul/2026:19:01:43 +0200] "GET / HTTP/2.0" 200 21303 "-" "Mozilla/5.0 (Macintosh; Apple M1; macOS 11_7) AppleWebKit/537.36 (KHTML, like Gecko) Chrome/136.0.7103.58 Safari/537.36"
104.197.12.9 - - [04/Jul/2026:19:01:46 +0200] "GET / HTTP/2.0" 200 21303 "-" "Mozilla/5.0 (Macintosh; Apple M1; macOS 13_0_1) AppleWebKit/537.36 (KHTML, like Gecko) Chrome/136.0.0.0 Safari/537.36"
65.108.235.243 - - [04/Jul/2026:19:02:23 +0200] "POST /wp-cron.php?doing_wp_cron=1783184543.2110900878906250000000 HTTP/1.1" 200 1 "-" "WordPress/7.0; https://elettroservicegroup.it"
216.73.216.158 - - [04/Jul/2026:19:02:21 +0200] "GET /sitemap.xml HTTP/2.0" 200 310 "-" "Mozilla/5.0 AppleWebKit/537.36 (KHTML, like Gecko; compatible; ClaudeBot/1.0; +claudebot@anthropic.com)"
136.116.43.186 - - [04/Jul/2026:19:03:02 +0200] "GET / HTTP/2.0" 200 21303 "-" "Mozilla/5.0 (Macintosh; Apple M1; macOS 13_5_2) AppleWebKit/537.36 (KHTML, like Gecko) Chrome/136.0.7103.88 Safari/537.36"
65.108.235.243 - - [04/Jul/2026:19:03:08 +0200] "POST /wp-cron.php?doing_wp_cron=1783184588.7021090984344482421875 HTTP/1.1" 200 1 "-" "WordPress/7.0; https://elettroservicegroup.it"
136.116.43.186 - - [04/Jul/2026:19:03:02 +0200] "GET / HTTP/2.0" 301 1 "-" "Mozilla/5.0 (Macintosh; Intel Mac OS X 10_15_7) AppleWebKit/537.36 (KHTML, like Gecko) Chrome/136.0.7103.59 Safari/537.36"
35.254.236.59 - - [04/Jul/2026:19:03:38 +0200] "GET / HTTP/2.0" 200 21303 "-" "Mozilla/5.0 (Macintosh; Intel Mac OS X 10_15) AppleWebKit/537.36 (KHTML, like Gecko) Chrome/136.0.0.0 Safari/537.36"
65.108.235.243 - - [04/Jul/2026:19:03:40 +0200] "POST /wp-cron.php?doing_wp_cron=1783184620.0060019493103027343750 HTTP/1.1" 200 1 "-" "WordPress/7.0; https://elettroservicegroup.it"
35.254.236.59 - - [04/Jul/2026:19:03:38 +0200] "GET / HTTP/2.0" 301 1 "-" "Mozilla/5.0 (Macintosh; Apple M1; macOS 14_4_1) AppleWebKit/537.36 (KHTML, like Gecko) Chrome/136.0.0.0 Safari/537.36"
35.238.170.242 - - [04/Jul/2026:19:03:52 +0200] "GET / HTTP/2.0" 200 21303 "-" "Mozilla/5.0 (Macintosh; Apple M2 Max; macOS 14_1) AppleWebKit/537.36 (KHTML, like Gecko) Chrome/136.0.7103.51 Safari/537.36"
35.238.170.242 - - [04/Jul/2026:19:03:52 +0200] "GET / HTTP/2.0" 301 1 "-" "Mozilla/5.0 (Macintosh; Intel Mac OS X 10_13_6) AppleWebKit/537.36 (KHTML, like Gecko) Chrome/136.0.0.0 Safari/537.36"
34.10.21.50 - - [04/Jul/2026:19:03:54 +0200] "GET / HTTP/2.0" 301 1 "-" "Mozilla/5.0 (Macintosh; Apple M1; macOS 14_4_1) AppleWebKit/537.36 (KHTML, like Gecko) Chrome/136.0.0.0 Safari/537.36"
34.10.21.50 - - [04/Jul/2026:19:03:56 +0200] "GET / HTTP/2.0" 200 21303 "-" "Mozilla/5.0 (Macintosh; Apple M1; macOS 14_4_1) AppleWebKit/537.36 (KHTML, like Gecko) Chrome/136.0.0.0 Safari/537.36"
34.10.21.50 - - [04/Jul/2026:19:04:02 +0200] "GET / HTTP/2.0" 200 21303 "-" "Mozilla/5.0 (Macintosh; Apple M1 Max; macOS 13_4) AppleWebKit/537.36 (KHTML, like Gecko) Chrome/136.0.7103.95 Safari/537.36"
34.172.220.164 - - [04/Jul/2026:19:04:45 +0200] "GET / HTTP/2.0" 200 21303 "-" "Mozilla/5.0 (Macintosh; Intel Mac OS X 10_9_5) AppleWebKit/537.36 (KHTML, like Gecko) Chrome/136.0.7103.65 Safari/537.36"
23.236.62.107 - - [04/Jul/2026:19:04:45 +0200] "GET / HTTP/2.0" 200 21303 "-" "Mozilla/5.0 (Macintosh; Apple M1 Pro; macOS 13_5_2) AppleWebKit/537.36 (KHTML, like Gecko) Chrome/136.0.0.0 Safari/537.36"
65.108.235.243 - - [04/Jul/2026:19:04:46 +0200] "POST /wp-cron.php?doing_wp_cron=1783184686.4957509040832519531250 HTTP/1.1" 200 1 "-" "WordPress/7.0; https://elettroservicegroup.it"
65.108.235.243 - - [04/Jul/2026:19:04:46 +0200] "POST /wp-cron.php?doing_wp_cron=1783184686.4954869747161865234375 HTTP/1.1" 200 1 "-" "WordPress/7.0; https://elettroservicegroup.it"
23.236.62.107 - - [04/Jul/2026:19:04:39 +0200] "GET / HTTP/2.0" 301 - "-" "Mozilla/5.0 (Macintosh; Intel Mac OS X 10_13_6) AppleWebKit/537.36 (KHTML, like Gecko) Chrome/136.0.0.0 Safari/537.36"
34.172.220.164 - - [04/Jul/2026:19:04:45 +0200] "GET / HTTP/2.0" 301 1 "-" "Mozilla/5.0 (Macintosh; Intel Mac OS X 10_15_6) AppleWebKit/537.36 (KHTML, like Gecko) Chrome/136.0.0.0 Safari/537.36"
34.121.158.218 - - [04/Jul/2026:19:05:07 +0200] "GET / HTTP/2.0" 200 21303 "-" "Mozilla/5.0 (Macintosh; Apple M3; macOS 14_5) AppleWebKit/537.36 (KHTML, like Gecko) Chrome/136.0.0.0 Safari/537.36"
65.108.235.243 - - [04/Jul/2026:19:05:13 +0200] "POST /wp-cron.php?doing_wp_cron=1783184713.8983380794525146484375 HTTP/1.1" 200 1 "-" "WordPress/7.0; https://elettroservicegroup.it"
136.116.7.229 - - [04/Jul/2026:19:05:12 +0200] "GET / HTTP/2.0" 301 1 "-" "Mozilla/5.0 (Macintosh; Apple M2 Max; macOS 14_1) AppleWebKit/537.36 (KHTML, like Gecko) Chrome/136.0.7103.51 Safari/537.36"
136.116.7.229 - - [04/Jul/2026:19:05:14 +0200] "GET / HTTP/2.0" 200 21303 "-" "Mozilla/5.0 (Macintosh; Apple M2 Max; macOS 14_1) AppleWebKit/537.36 (KHTML, like Gecko) Chrome/136.0.7103.51 Safari/537.36"
34.44.176.255 - - [04/Jul/2026:19:05:20 +0200] "GET / HTTP/2.0" 200 21303 "-" "Mozilla/5.0 (Macintosh; Apple M2 Max; macOS 13_4) AppleWebKit/537.36 (KHTML, like Gecko) Chrome/136.0.0.0 Safari/537.36"
34.44.176.255 - - [04/Jul/2026:19:05:25 +0200] "GET / HTTP/2.0" 301 1 "-" "Mozilla/5.0 (Macintosh; Apple M1; macOS 14_4_1) AppleWebKit/537.36 (KHTML, like Gecko) Chrome/136.0.0.0 Safari/537.36"
35.239.243.34 - - [04/Jul/2026:19:05:48 +0200] "GET / HTTP/2.0" 200 21303 "-" "Mozilla/5.0 (Macintosh; Apple M3 Pro; macOS 14_4_1) AppleWebKit/537.36 (KHTML, like Gecko) Chrome/136.0.0.0 Safari/537.36"
35.239.243.34 - - [04/Jul/2026:19:05:48 +0200] "GET / HTTP/2.0" 301 1 "-" "Mozilla/5.0 (Macintosh; Intel Mac OS X 10_14_5) AppleWebKit/537.36 (KHTML, like Gecko) Chrome/136.0.7103.60 Safari/537.36"
35.184.8.225 - - [04/Jul/2026:19:05:49 +0200] "GET / HTTP/2.0" 301 1 "-" "Mozilla/5.0 (Macintosh; Apple M2 Max; macOS 13_4) AppleWebKit/537.36 (KHTML, like Gecko) Chrome/136.0.0.0 Safari/537.36"
35.184.8.225 - - [04/Jul/2026:19:05:51 +0200] "GET / HTTP/2.0" 200 21303 "-" "Mozilla/5.0 (Macintosh; Apple M2 Max; macOS 13_4) AppleWebKit/537.36 (KHTML, like Gecko) Chrome/136.0.0.0 Safari/537.36"
35.239.243.34 - - [04/Jul/2026:19:05:51 +0200] "GET / HTTP/2.0" 200 21303 "-" "Mozilla/5.0 (Macintosh; Intel Mac OS X 10_14_5) AppleWebKit/537.36 (KHTML, like Gecko) Chrome/136.0.7103.60 Safari/537.36"
35.184.8.225 - - [04/Jul/2026:19:05:54 +0200] "GET / HTTP/2.0" 200 21303 "-" "Mozilla/5.0 (Macintosh; Apple M2; macOS 13_3) AppleWebKit/537.36 (KHTML, like Gecko) Chrome/136.0.7103.54 Safari/537.36"
34.123.170.104 - - [04/Jul/2026:19:06:05 +0200] "GET /wp-content/uploads/elementor/google-fonts/css/roboto.css?ver=1742274089 HTTP/2.0" 200 11871 "http://elettroservicegroup.it/" "Mozilla/5.0 (X11; Linux x86_64) AppleWebKit/537.36 (KHTML, like Gecko) Chrome/125.0.0.0 Safari/537.36"
34.123.170.104 - - [04/Jul/2026:19:06:05 +0200] "GET /wp-content/uploads/elementor/google-fonts/css/robotoslab.css?ver=1742274091 HTTP/2.0" 200 11875 "http://elettroservicegroup.it/" "Mozilla/5.0 (X11; Linux x86_64) AppleWebKit/537.36 (KHTML, like Gecko) Chrome/125.0.0.0 Safari/537.36"
34.123.170.104 - - [04/Jul/2026:19:06:05 +0200] "GET /wp-content/uploads/2021/10/cropped-cropped-cropped-logo_white_background.png HTTP/2.0" 404 17630 "http://elettroservicegroup.it/" "Mozilla/5.0 (X11; Linux x86_64) AppleWebKit/537.36 (KHTML, like Gecko) Chrome/125.0.0.0 Safari/537.36"
34.123.170.104 - - [04/Jul/2026:19:06:11 +0200] "GET /wp-content/uploads/2021/10/cropped-cropped-cropped-logo_white_background.png HTTP/2.0" 404 17630 "http://elettroservicegroup.it/" "Mozilla/5.0 (X11; Linux x86_64) AppleWebKit/537.36 (KHTML, like Gecko) Chrome/125.0.0.0 Safari/537.36"
205.169.39.27 - - [04/Jul/2026:19:06:17 +0200] "GET /z0f76a1d14fd21a8fb5fd0d03e0fdc3d3cedae52f?wsidchk=7183766%26pdata=http://elettroservicegroup.it%26id=7fa3b767c460b54a2be4d49030b349c7%26ts=1783184760 HTTP/1.1" 404 83842 "-" "Mozilla/5.0 (Windows NT 10.0) AppleWebKit/537.36 (KHTML, like Gecko) Chrome/106.0.0.0 Safari/537.36"
205.169.39.43 - - [04/Jul/2026:19:06:30 +0200] "GET /wp-content/plugins/elementor/assets/lib/eicons/css/elementor-icons.min.css?ver=5.49.0 HTTP/1.1" 200 11823 "-" "Mozilla/5.0 (Windows NT 10.0) AppleWebKit/537.36 (KHTML, like Gecko) Chrome/106.0.0.0 Safari/537.36"
205.169.39.49 - - [04/Jul/2026:19:06:31 +0200] "GET /wp-content/plugins/elementor/assets/css/widget-icon-list.min.css?ver=3.24.3 HTTP/1.1" 200 11844 "-" "Mozilla/5.0 (Windows NT 10.0) AppleWebKit/537.36 (KHTML, like Gecko) Chrome/106.0.0.0 Safari/537.36"
205.169.39.23 - - [04/Jul/2026:19:06:32 +0200] "GET /wp-content/plugins/gp-premium/blog/functions/css/featured-images.min.css?ver=2.5.5 HTTP/1.1" 200 11772 "-" "Mozilla/5.0 (Windows NT 10.0) AppleWebKit/537.36 (KHTML, like Gecko) Chrome/106.0.0.0 Safari/537.36"
34.44.176.255 - - [04/Jul/2026:19:07:10 +0200] "GET / HTTP/2.0" 200 21303 "-" "Mozilla/5.0 (Macintosh; Apple M2; macOS 14_4_1) AppleWebKit/537.36 (KHTML, like Gecko) Chrome/136.0.8900.41 Safari/537.36"
65.108.235.243 - - [04/Jul/2026:19:07:17 +0200] "POST /wp-cron.php?doing_wp_cron=1783184837.3104810714721679687500 HTTP/1.1" 200 1 "-" "WordPress/7.0; https://elettroservicegroup.it"
