34.44.176.255 - - [04/Jul/2026:19:07:10 +0200] "GET / HTTP/2.0" 301 1 "-" "Mozilla/5.0 (Macintosh; Apple M3; macOS 14_4) AppleWebKit/537.36 (KHTML, like Gecko) Chrome/136.0.7103.52 Safari/537.36"
34.9.132.177 - - [04/Jul/2026:19:08:54 +0200] "GET / HTTP/2.0" 200 21303 "-" "Mozilla/5.0 (Macintosh; Apple M3; macOS 13_6) AppleWebKit/537.36 (KHTML, like Gecko) Chrome/136.0.8900.41 Safari/537.36"
65.108.235.243 - - [04/Jul/2026:19:09:01 +0200] "POST /wp-cron.php?doing_wp_cron=1783184941.0101559162139892578125 HTTP/1.1" 200 1 "-" "WordPress/7.0; https://elettroservicegroup.it"
34.9.132.177 - - [04/Jul/2026:19:08:55 +0200] "GET / HTTP/2.0" 301 1 "-" "Mozilla/5.0 (Macintosh; Apple M3 Pro; macOS 13_0) AppleWebKit/537.36 (KHTML, like Gecko) Chrome/136.0.7103.57 Safari/537.36"
34.9.132.177 - - [04/Jul/2026:19:09:01 +0200] "GET / HTTP/2.0" 200 21303 "-" "Mozilla/5.0 (Macintosh; Apple M3 Pro; macOS 13_0) AppleWebKit/537.36 (KHTML, like Gecko) Chrome/136.0.7103.57 Safari/537.36"
34.57.196.135 - - [04/Jul/2026:19:09:38 +0200] "GET / HTTP/2.0" 200 21303 "-" "Mozilla/5.0 (Macintosh; Apple M2 Max; macOS 14_1) AppleWebKit/537.36 (KHTML, like Gecko) Chrome/136.0.7103.51 Safari/537.36"
136.65.206.4 - - [04/Jul/2026:19:09:48 +0200] "GET / HTTP/2.0" 200 21303 "-" "Mozilla/5.0 (Macintosh; Apple M3 Pro; macOS 14_4_1) AppleWebKit/537.36 (KHTML, like Gecko) Chrome/136.0.0.0 Safari/537.36"
35.255.64.41 - - [04/Jul/2026:19:09:49 +0200] "GET / HTTP/2.0" 200 21303 "-" "Mozilla/5.0 (Macintosh; Apple M3; macOS 14_5) AppleWebKit/537.36 (KHTML, like Gecko) Chrome/136.0.0.0 Safari/537.36"
35.255.64.41 - - [04/Jul/2026:19:09:49 +0200] "GET / HTTP/2.0" 301 1 "-" "Mozilla/5.0 (Macintosh; Apple M1; macOS 13_5_2) AppleWebKit/537.36 (KHTML, like Gecko) Chrome/136.0.7103.88 Safari/537.36"
34.57.196.135 - - [04/Jul/2026:19:09:42 +0200] "GET / HTTP/2.0" 301 - "-" "Mozilla/5.0 (Macintosh; Apple M3 Max; macOS 14_3) AppleWebKit/537.36 (KHTML, like Gecko) Chrome/136.0.0.0 Safari/537.36"
35.255.64.41 - - [04/Jul/2026:19:09:50 +0200] "GET / HTTP/2.0" 200 21303 "-" "Mozilla/5.0 (Macintosh; Apple M1; macOS 13_5_2) AppleWebKit/537.36 (KHTML, like Gecko) Chrome/136.0.7103.88 Safari/537.36"
136.65.206.4 - - [04/Jul/2026:19:09:51 +0200] "GET / HTTP/2.0" 301 1 "-" "Mozilla/5.0 (Macintosh; Apple M1; macOS 12_5) AppleWebKit/537.36 (KHTML, like Gecko) Chrome/136.0.7103.53 Safari/537.36"
136.111.251.228 - - [04/Jul/2026:19:10:03 +0200] "GET / HTTP/2.0" 200 21303 "-" "Mozilla/5.0 (Macintosh; Intel Mac OS X 10_13_5) AppleWebKit/537.36 (KHTML, like Gecko) Chrome/136.0.7103.61 Safari/537.36"
136.115.50.41 - - [04/Jul/2026:19:10:03 +0200] "GET / HTTP/2.0" 200 21303 "-" "Mozilla/5.0 (Macintosh; Apple M2; macOS 14_4_1) AppleWebKit/537.36 (KHTML, like Gecko) Chrome/136.0.8900.41 Safari/537.36"
136.115.50.41 - - [04/Jul/2026:19:10:03 +0200] "GET / HTTP/2.0" 301 1 "-" "Mozilla/5.0 (Macintosh; Intel Mac OS X 10_14_6) AppleWebKit/537.36 (KHTML, like Gecko) Chrome/136.0.7103.85 Safari/537.36"
65.108.235.243 - - [04/Jul/2026:19:10:04 +0200] "POST /wp-cron.php?doing_wp_cron=1783185004.6994090080261230468750 HTTP/1.1" 200 1 "-" "WordPress/7.0; https://elettroservicegroup.it"
136.111.251.228 - - [04/Jul/2026:19:10:03 +0200] "GET / HTTP/2.0" 301 1 "-" "Mozilla/5.0 (Macintosh; Apple M1 Pro; macOS 14_2) AppleWebKit/537.36 (KHTML, like Gecko) Chrome/136.0.7103.50 Safari/537.36"
136.115.50.41 - - [04/Jul/2026:19:10:05 +0200] "GET / HTTP/2.0" 200 21303 "-" "Mozilla/5.0 (Macintosh; Intel Mac OS X 10_14_6) AppleWebKit/537.36 (KHTML, like Gecko) Chrome/136.0.7103.85 Safari/537.36"
136.111.251.228 - - [04/Jul/2026:19:10:05 +0200] "GET / HTTP/2.0" 200 21303 "-" "Mozilla/5.0 (Macintosh; Apple M1 Pro; macOS 14_2) AppleWebKit/537.36 (KHTML, like Gecko) Chrome/136.0.7103.50 Safari/537.36"
104.210.140.131 - - [04/Jul/2026:19:25:45 +0200] "GET /robots.txt HTTP/2.0" 200 11691 "-" "Mozilla/5.0 (Macintosh; Intel Mac OS X 10_15_7) AppleWebKit/537.36 (KHTML, like Gecko) Chrome/131.0.0.0 Safari/537.36; compatible; OAI-SearchBot/1.0; +https://openai.com/searchbot"
216.73.216.158 - - [04/Jul/2026:19:26:08 +0200] "GET /wp-content/cache/wpfc-minified/kdwvm73z/w4si.js HTTP/2.0" 200 32843 "-" "Mozilla/5.0 AppleWebKit/537.36 (KHTML, like Gecko; compatible; ClaudeBot/1.0; +claudebot@anthropic.com)"
51.68.171.141 - - [04/Jul/2026:19:35:42 +0200] "GET /?wmo_hc=k7Hx9mQp2wRt HTTP/2.0" 415 145711 "-" "Mozilla/5.0 (Macintosh; Intel Mac OS X 10_15_7) AppleWebKit/537.36 (KHTML, like Gecko) Chrome/148.0.0.0 Safari/537.36"
51.68.171.141 - - [04/Jul/2026:19:35:42 +0200] "GET /blog-verify HTTP/2.0" 404 83656 "-" "Mozilla/5.0 (Windows NT 10.0; Win64; x64) AppleWebKit/537.36 (KHTML, like Gecko) Chrome/149.0.0.0 Safari/537.36"
65.108.235.243 - - [04/Jul/2026:19:35:47 +0200] "POST /wp-cron.php?doing_wp_cron=1783186547.7920100688934326171875 HTTP/1.1" 200 1 "-" "WordPress/7.0; https://elettroservicegroup.it"
51.68.171.141 - - [04/Jul/2026:19:35:39 +0200] "GET /wp-content/plugins/cidaas-pro-master/composer.json HTTP/2.0" 404 83950 "-" "Mozilla/5.0 (Macintosh; Intel Mac OS X 10_15_7) AppleWebKit/537.36 (KHTML, like Gecko) Chrome/148.0.0.0 Safari/537.36"
65.108.235.243 - - [04/Jul/2026:19:48:32 +0200] "POST /wp-cron.php?doing_wp_cron=1783187312.1313838958740234375000 HTTP/1.1" 200 1 "-" "WordPress/7.0; https://elettroservicegroup.it"
216.73.216.158 - - [04/Jul/2026:19:48:30 +0200] "GET /sitemap.xml HTTP/2.0" 200 310 "-" "Mozilla/5.0 AppleWebKit/537.36 (KHTML, like Gecko; compatible; ClaudeBot/1.0; +claudebot@anthropic.com)"
65.108.235.243 - - [04/Jul/2026:19:48:32 +0200] "POST /wp-json/complianz/v1/wsc-scan HTTP/1.1" 400 88 "-" "WordPress/7.0; https://elettroservicegroup.it"
65.108.235.243 - - [04/Jul/2026:20:00:39 +0200] "POST /wp-cron.php?doing_wp_cron=1783188039.8947570323944091796875 HTTP/1.1" 200 1 "-" "WordPress/7.0; https://elettroservicegroup.it"
131.161.217.102 - - [04/Jul/2026:20:00:34 +0200] "GET /wp-login.php HTTP/1.1" 200 5044 "-" "Mozilla/5.0 (X11; Linux x86_64) AppleWebKit/537.36 (KHTML, like Gecko) Chrome/121.0.0.0 Safari/537.36"
131.161.217.102 - - [04/Jul/2026:20:00:40 +0200] "GET /?author=1 HTTP/1.1" 404 70185 "https://wordpress.org/" "Mozilla/5.0 (Windows NT 11.0; Win64; x64; rv:118.0) Gecko/20100101 Firefox/118.0"
190.215.30.242 - - [04/Jul/2026:20:00:44 +0200] "GET /?author=2 HTTP/1.1" 404 70185 "https://www.facebook.com/" "Mozilla/5.0 (Macintosh; Intel Mac OS X 13_6_1) AppleWebKit/537.36 (KHTML, like Gecko) Chrome/121.0.0.0 Safari/537.36"
88.234.1.211 - - [04/Jul/2026:20:00:46 +0200] "GET /?author=3 HTTP/1.1" 404 70185 "https://wordpress.org/" "Mozilla/5.0 (Macintosh; Intel Mac OS X 10_15_7) AppleWebKit/605.1.15 (KHTML, like Gecko) Version/16.6 Safari/605.1.15"
99.227.15.179 - - [04/Jul/2026:20:00:49 +0200] "GET /?author=4 HTTP/1.1" 200 11735 "" "Mozilla/5.0 (Windows NT 11.0; Win64; x64) AppleWebKit/537.36 (KHTML, like Gecko) Chrome/118.0.0.0 Safari/537.36"
175.33.137.49 - - [04/Jul/2026:20:00:50 +0200] "GET /?author=5 HTTP/1.1" 404 70185 "https://www.google.com/search?q=wordpress" "Mozilla/5.0 (Macintosh; Intel Mac OS X 10_15_7) AppleWebKit/605.1.15 (KHTML, like Gecko) Version/16.6 Safari/605.1.15"
14.191.50.193 - - [04/Jul/2026:20:00:54 +0200] "GET /wp-json/wp/v2/users HTTP/1.1" 200 11679 "https://www.bing.com/" "Mozilla/5.0 (Windows NT 11.0; Win64; x64; rv:118.0) Gecko/20100101 Firefox/118.0"
142.116.77.142 - - [04/Jul/2026:20:00:56 +0200] "POST /wp-login.php HTTP/1.1" 200 5192 "https://elettroservicegroup.it/wp-login.php" "Mozilla/5.0 (Windows NT 10.0; Win64; x64; rv:118.0) Gecko/20100101 Firefox/118.0"
142.116.77.142 - - [04/Jul/2026:20:00:58 +0200] "POST /wp-login.php HTTP/1.1" 200 5192 "https://elettroservicegroup.it/wp-login.php" "Mozilla/5.0 (Macintosh; Intel Mac OS X 13_6_1) AppleWebKit/605.1.15 (KHTML, like Gecko) Version/17.0 Safari/605.1.15"
65.108.235.243 - - [04/Jul/2026:20:00:59 +0200] "POST /wp-cron.php?doing_wp_cron=1783188059.7083799839019775390625 HTTP/1.1" 200 1 "-" "WordPress/7.0; https://elettroservicegroup.it"
41.90.179.232 - - [04/Jul/2026:20:00:57 +0200] "POST /wp-login.php HTTP/1.1" 200 5192 "https://elettroservicegroup.it/wp-login.php" "Mozilla/5.0 (Macintosh; Intel Mac OS X 10_15_7) AppleWebKit/605.1.15 (KHTML, like Gecko) Version/16.6 Safari/605.1.15"
142.116.77.142 - - [04/Jul/2026:20:01:00 +0200] "POST /wp-login.php HTTP/1.1" 200 5192 "https://elettroservicegroup.it/wp-login.php" "Mozilla/5.0 (Windows NT 11.0; Win64; x64; rv:119.0) Gecko/20100101 Firefox/119.0"
41.90.179.232 - - [04/Jul/2026:20:01:01 +0200] "POST /wp-login.php HTTP/1.1" 200 5192 "https://elettroservicegroup.it/wp-login.php" "Mozilla/5.0 (Windows NT 10.0; Win64; x64) AppleWebKit/537.36 (KHTML, like Gecko) Chrome/120.0.0.0 Safari/537.36"
142.116.77.142 - - [04/Jul/2026:20:01:02 +0200] "POST /wp-login.php HTTP/1.1" 302 - "https://elettroservicegroup.it/wp-login.php" "Mozilla/5.0 (Macintosh; Intel Mac OS X 13_6_1) AppleWebKit/605.1.15 (KHTML, like Gecko) Version/17.1 Safari/605.1.15"
142.116.77.142 - - [04/Jul/2026:20:01:03 +0200] "POST /wp-login.php HTTP/1.1" 200 5192 "https://elettroservicegroup.it/wp-login.php" "Mozilla/5.0 (Macintosh; Intel Mac OS X 10_15_7) AppleWebKit/605.1.15 (KHTML, like Gecko) Version/16.6 Safari/605.1.15"
41.90.179.232 - - [04/Jul/2026:20:01:03 +0200] "POST /wp-login.php HTTP/1.1" 200 5192 "https://elettroservicegroup.it/wp-login.php" "Mozilla/5.0 (Macintosh; Intel Mac OS X 10_15_7) AppleWebKit/537.36 (KHTML, like Gecko) Chrome/118.0.0.0 Safari/537.36"
142.116.77.142 - - [04/Jul/2026:20:01:05 +0200] "POST /wp-login.php HTTP/1.1" 503 18981 "https://elettroservicegroup.it/wp-login.php" "Mozilla/5.0 (Windows NT 10.0; Win64; x64) AppleWebKit/537.36 (KHTML, like Gecko) Chrome/118.0.0.0 Safari/537.36"
41.90.179.232 - - [04/Jul/2026:20:01:06 +0200] "POST /wp-login.php HTTP/1.1" 503 18981 "https://elettroservicegroup.it/wp-login.php" "Mozilla/5.0 (Macintosh; Intel Mac OS X 13_6_1; rv:118.0) Gecko/20100101 Firefox/118.0"
181.163.52.173 - - [04/Jul/2026:20:01:09 +0200] "POST /wp-login.php HTTP/1.1" 200 5192 "https://elettroservicegroup.it/wp-login.php" "Mozilla/5.0 (Macintosh; Intel Mac OS X 13_6_1) AppleWebKit/605.1.15 (KHTML, like Gecko) Version/16.6 Safari/605.1.15"
181.163.52.173 - - [04/Jul/2026:20:01:11 +0200] "POST /wp-login.php HTTP/1.1" 200 5192 "https://elettroservicegroup.it/wp-login.php" "Mozilla/5.0 (Macintosh; Intel Mac OS X 10_15_7) AppleWebKit/605.1.15 (KHTML, like Gecko) Version/17.1 Safari/605.1.15"
180.129.10.90 - - [04/Jul/2026:20:01:12 +0200] "POST /wp-login.php HTTP/1.1" 302 - "https://elettroservicegroup.it/wp-login.php" "Mozilla/5.0 (Macintosh; Intel Mac OS X 13_6_1) AppleWebKit/605.1.15 (KHTML, like Gecko) Version/17.0 Safari/605.1.15"
181.163.52.173 - - [04/Jul/2026:20:01:13 +0200] "POST /wp-login.php HTTP/1.1" 200 5192 "https://elettroservicegroup.it/wp-login.php" "Mozilla/5.0 (X11; Linux x86_64) AppleWebKit/537.36 (KHTML, like Gecko) Chrome/118.0.0.0 Safari/537.36"
180.129.10.90 - - [04/Jul/2026:20:01:14 +0200] "POST /wp-login.php HTTP/1.1" 302 - "https://elettroservicegroup.it/wp-login.php" "Mozilla/5.0 (Windows NT 11.0; Win64; x64; rv:120.0) Gecko/20100101 Firefox/120.0"
181.163.52.173 - - [04/Jul/2026:20:01:15 +0200] "POST /wp-login.php HTTP/1.1" 200 5192 "https://elettroservicegroup.it/wp-login.php" "Mozilla/5.0 (Macintosh; Intel Mac OS X 13_6_1) AppleWebKit/537.36 (KHTML, like Gecko) Chrome/118.0.0.0 Safari/537.36"
180.129.10.90 - - [04/Jul/2026:20:01:16 +0200] "POST /wp-login.php HTTP/1.1" 302 - "https://elettroservicegroup.it/wp-login.php" "Mozilla/5.0 (Windows NT 10.0; Win64; x64; rv:121.0) Gecko/20100101 Firefox/121.0"
180.129.10.90 - - [04/Jul/2026:20:01:19 +0200] "POST /wp-login.php HTTP/1.1" 200 11671 "https://elettroservicegroup.it/wp-login.php" "Mozilla/5.0 (X11; Linux x86_64) AppleWebKit/537.36 (KHTML, like Gecko) Chrome/118.0.0.0 Safari/537.36"
181.163.52.173 - - [04/Jul/2026:20:01:17 +0200] "POST /wp-login.php HTTP/1.1" 503 18981 "https://elettroservicegroup.it/wp-login.php" "Mozilla/5.0 (Macintosh; Intel Mac OS X 13_6_1; rv:121.0) Gecko/20100101 Firefox/121.0"
5.29.16.215 - - [04/Jul/2026:20:01:20 +0200] "POST /wp-login.php HTTP/1.1" 200 5192 "https://elettroservicegroup.it/wp-login.php" "Mozilla/5.0 (X11; Linux x86_64) AppleWebKit/537.36 (KHTML, like Gecko) Chrome/118.0.0.0 Safari/537.36"
151.192.83.194 - - [04/Jul/2026:20:01:21 +0200] "POST /wp-login.php HTTP/1.1" 200 5192 "https://elettroservicegroup.it/wp-login.php" "Mozilla/5.0 (Windows NT 11.0; Win64; x64; rv:120.0) Gecko/20100101 Firefox/120.0"
5.29.16.215 - - [04/Jul/2026:20:01:22 +0200] "POST /wp-login.php HTTP/1.1" 200 5192 "https://elettroservicegroup.it/wp-login.php" "Mozilla/5.0 (Macintosh; Intel Mac OS X 10_15_7) AppleWebKit/605.1.15 (KHTML, like Gecko) Version/17.2 Safari/605.1.15"
151.192.83.194 - - [04/Jul/2026:20:01:23 +0200] "POST /wp-login.php HTTP/1.1" 200 5192 "https://elettroservicegroup.it/wp-login.php" "Mozilla/5.0 (Macintosh; Intel Mac OS X 13_6_1) AppleWebKit/605.1.15 (KHTML, like Gecko) Version/17.1 Safari/605.1.15"
5.29.16.215 - - [04/Jul/2026:20:01:24 +0200] "POST /wp-login.php HTTP/1.1" 200 5192 "https://elettroservicegroup.it/wp-login.php" "Mozilla/5.0 (X11; Ubuntu; Linux x86_64) AppleWebKit/537.36 (KHTML, like Gecko) Chrome/121.0.0.0 Safari/537.36"
151.192.83.194 - - [04/Jul/2026:20:01:25 +0200] "POST /wp-login.php HTTP/1.1" 200 5192 "https://elettroservicegroup.it/wp-login.php" "Mozilla/5.0 (Macintosh; Intel Mac OS X 10_15_7; rv:120.0) Gecko/20100101 Firefox/120.0"
5.29.16.215 - - [04/Jul/2026:20:01:26 +0200] "POST /wp-login.php HTTP/1.1" 503 18981 "https://elettroservicegroup.it/wp-login.php" "Mozilla/5.0 (Macintosh; Intel Mac OS X 13_6_1; rv:121.0) Gecko/20100101 Firefox/121.0"
151.192.83.194 - - [04/Jul/2026:20:01:27 +0200] "POST /wp-login.php HTTP/1.1" 200 5192 "https://elettroservicegroup.it/wp-login.php" "Mozilla/5.0 (Windows NT 10.0; Win64; x64; rv:121.0) Gecko/20100101 Firefox/121.0"
65.108.235.243 - - [04/Jul/2026:20:01:31 +0200] "POST /wp-cron.php?doing_wp_cron=1783188091.2995979785919189453125 HTTP/1.1" 200 1 "-" "WordPress/7.0; https://elettroservicegroup.it"
151.192.83.194 - - [04/Jul/2026:20:01:29 +0200] "POST /wp-login.php HTTP/1.1" 503 18981 "https://elettroservicegroup.it/wp-login.php" "Mozilla/5.0 (Macintosh; Intel Mac OS X 13_6_1) AppleWebKit/537.36 (KHTML, like Gecko) Chrome/120.0.0.0 Safari/537.36"
95.10.28.26 - - [04/Jul/2026:20:01:30 +0200] "POST /wp-login.php HTTP/1.1" 200 5192 "https://elettroservicegroup.it/wp-login.php" "Mozilla/5.0 (Windows NT 10.0; Win64; x64) AppleWebKit/537.36 (KHTML, like Gecko) Chrome/120.0.0.0 Safari/537.36"
95.10.28.26 - - [04/Jul/2026:20:01:32 +0200] "POST /wp-login.php HTTP/1.1" 200 5192 "https://elettroservicegroup.it/wp-login.php" "Mozilla/5.0 (X11; Linux x86_64) AppleWebKit/537.36 (KHTML, like Gecko) Chrome/121.0.0.0 Safari/537.36"
149.75.210.44 - - [04/Jul/2026:20:01:32 +0200] "POST /wp-login.php HTTP/1.1" 200 5192 "https://elettroservicegroup.it/wp-login.php" "Mozilla/5.0 (Macintosh; Intel Mac OS X 10_15_7) AppleWebKit/537.36 (KHTML, like Gecko) Chrome/120.0.0.0 Safari/537.36"
149.75.210.44 - - [04/Jul/2026:20:01:34 +0200] "POST /wp-login.php HTTP/1.1" 302 - "https://elettroservicegroup.it/wp-login.php" "Mozilla/5.0 (Macintosh; Intel Mac OS X 10_15_7) AppleWebKit/537.36 (KHTML, like Gecko) Chrome/120.0.0.0 Safari/537.36"
95.10.28.26 - - [04/Jul/2026:20:01:34 +0200] "POST /wp-login.php HTTP/1.1" 200 5192 "https://elettroservicegroup.it/wp-login.php" "Mozilla/5.0 (Macintosh; Intel Mac OS X 13_6_1) AppleWebKit/537.36 (KHTML, like Gecko) Chrome/118.0.0.0 Safari/537.36"
149.75.210.44 - - [04/Jul/2026:20:01:36 +0200] "POST /wp-login.php HTTP/1.1" 200 5192 "https://elettroservicegroup.it/wp-login.php" "Mozilla/5.0 (Macintosh; Intel Mac OS X 10_15_7) AppleWebKit/605.1.15 (KHTML, like Gecko) Version/16.6 Safari/605.1.15"
95.10.28.26 - - [04/Jul/2026:20:01:37 +0200] "POST /wp-login.php HTTP/1.1" 200 5192 "https://elettroservicegroup.it/wp-login.php" "Mozilla/5.0 (Windows NT 10.0; Win64; x64) AppleWebKit/537.36 (KHTML, like Gecko) Chrome/118.0.0.0 Safari/537.36"
149.75.210.44 - - [04/Jul/2026:20:01:38 +0200] "POST /wp-login.php HTTP/1.1" 200 5192 "https://elettroservicegroup.it/wp-login.php" "Mozilla/5.0 (Windows NT 11.0; Win64; x64) AppleWebKit/537.36 (KHTML, like Gecko) Chrome/121.0.0.0 Safari/537.36"
149.75.210.44 - - [04/Jul/2026:20:01:40 +0200] "POST /wp-login.php HTTP/1.1" 200 5192 "https://elettroservicegroup.it/wp-login.php" "Mozilla/5.0 (Windows NT 11.0; Win64; x64) AppleWebKit/537.36 (KHTML, like Gecko) Chrome/119.0.0.0 Safari/537.36"
95.10.28.26 - - [04/Jul/2026:20:01:40 +0200] "POST /wp-login.php HTTP/1.1" 503 18981 "https://elettroservicegroup.it/wp-login.php" "Mozilla/5.0 (Windows NT 11.0; Win64; x64; rv:118.0) Gecko/20100101 Firefox/118.0"
149.75.210.44 - - [04/Jul/2026:20:01:41 +0200] "POST /wp-login.php HTTP/1.1" 302 - "https://elettroservicegroup.it/wp-login.php" "Mozilla/5.0 (X11; Ubuntu; Linux x86_64) AppleWebKit/537.36 (KHTML, like Gecko) Chrome/118.0.0.0 Safari/537.36"
62.57.226.144 - - [04/Jul/2026:20:01:43 +0200] "POST /wp-login.php HTTP/1.1" 200 5192 "https://elettroservicegroup.it/wp-login.php" "Mozilla/5.0 (Macintosh; Intel Mac OS X 10_15_7) AppleWebKit/605.1.15 (KHTML, like Gecko) Version/17.0 Safari/605.1.15"
149.75.210.44 - - [04/Jul/2026:20:01:43 +0200] "POST /wp-login.php HTTP/1.1" 503 18981 "https://elettroservicegroup.it/wp-login.php" "Mozilla/5.0 (Macintosh; Intel Mac OS X 13_6_1) AppleWebKit/537.36 (KHTML, like Gecko) Chrome/119.0.0.0 Safari/537.36"
62.57.226.144 - - [04/Jul/2026:20:01:45 +0200] "POST /wp-login.php HTTP/1.1" 200 11728 "https://elettroservicegroup.it/wp-login.php" "Mozilla/5.0 (Macintosh; Intel Mac OS X 10_15_7) AppleWebKit/537.36 (KHTML, like Gecko) Chrome/121.0.0.0 Safari/537.36"
90.125.182.226 - - [04/Jul/2026:20:01:46 +0200] "POST /wp-login.php HTTP/1.1" 200 5192 "https://elettroservicegroup.it/wp-login.php" "Mozilla/5.0 (Macintosh; Intel Mac OS X 13_6_1) AppleWebKit/605.1.15 (KHTML, like Gecko) Version/16.6 Safari/605.1.15"
186.101.164.25 - - [04/Jul/2026:20:01:46 +0200] "POST /wp-login.php HTTP/1.1" 200 5192 "https://elettroservicegroup.it/wp-login.php" "Mozilla/5.0 (Macintosh; Intel Mac OS X 13_6_1; rv:119.0) Gecko/20100101 Firefox/119.0"
90.125.182.226 - - [04/Jul/2026:20:01:47 +0200] "POST /wp-login.php HTTP/1.1" 200 5192 "https://elettroservicegroup.it/wp-login.php" "Mozilla/5.0 (Macintosh; Intel Mac OS X 13_6_1) AppleWebKit/537.36 (KHTML, like Gecko) Chrome/121.0.0.0 Safari/537.36"
186.101.164.25 - - [04/Jul/2026:20:01:48 +0200] "POST /wp-login.php HTTP/1.1" 200 5192 "https://elettroservicegroup.it/wp-login.php" "Mozilla/5.0 (Macintosh; Intel Mac OS X 10_15_7) AppleWebKit/537.36 (KHTML, like Gecko) Chrome/120.0.0.0 Safari/537.36"
90.125.182.226 - - [04/Jul/2026:20:01:49 +0200] "POST /wp-login.php HTTP/1.1" 200 5192 "https://elettroservicegroup.it/wp-login.php" "Mozilla/5.0 (X11; Linux x86_64) AppleWebKit/537.36 (KHTML, like Gecko) Chrome/120.0.0.0 Safari/537.36"
90.125.182.226 - - [04/Jul/2026:20:01:50 +0200] "POST /wp-login.php HTTP/1.1" 200 5192 "https://elettroservicegroup.it/wp-login.php" "Mozilla/5.0 (Macintosh; Intel Mac OS X 10_15_7; rv:120.0) Gecko/20100101 Firefox/120.0"
186.101.164.25 - - [04/Jul/2026:20:01:50 +0200] "POST /wp-login.php HTTP/1.1" 200 5192 "https://elettroservicegroup.it/wp-login.php" "Mozilla/5.0 (Windows NT 10.0; Win64; x64) AppleWebKit/537.36 (KHTML, like Gecko) Chrome/121.0.0.0 Safari/537.36"
90.125.182.226 - - [04/Jul/2026:20:01:51 +0200] "POST /wp-login.php HTTP/1.1" 503 18981 "https://elettroservicegroup.it/wp-login.php" "Mozilla/5.0 (X11; Ubuntu; Linux x86_64) AppleWebKit/537.36 (KHTML, like Gecko) Chrome/119.0.0.0 Safari/537.36"
186.101.164.25 - - [04/Jul/2026:20:01:52 +0200] "POST /wp-login.php HTTP/1.1" 503 18981 "https://elettroservicegroup.it/wp-login.php" "Mozilla/5.0 (Windows NT 10.0; Win64; x64; rv:119.0) Gecko/20100101 Firefox/119.0"
109.8.141.169 - - [04/Jul/2026:20:01:53 +0200] "POST /wp-login.php HTTP/1.1" 200 5192 "https://elettroservicegroup.it/wp-login.php" "Mozilla/5.0 (Macintosh; Intel Mac OS X 10_15_7) AppleWebKit/537.36 (KHTML, like Gecko) Chrome/119.0.0.0 Safari/537.36"
184.145.0.252 - - [04/Jul/2026:20:01:55 +0200] "POST /wp-login.php HTTP/1.1" 200 5192 "https://elettroservicegroup.it/wp-login.php" "Mozilla/5.0 (Macintosh; Intel Mac OS X 10_15_7; rv:119.0) Gecko/20100101 Firefox/119.0"
109.8.141.169 - - [04/Jul/2026:20:01:55 +0200] "POST /wp-login.php HTTP/1.1" 302 - "https://elettroservicegroup.it/wp-login.php" "Mozilla/5.0 (Windows NT 11.0; Win64; x64; rv:121.0) Gecko/20100101 Firefox/121.0"
109.8.141.169 - - [04/Jul/2026:20:01:57 +0200] "POST /wp-login.php HTTP/1.1" 200 5192 "https://elettroservicegroup.it/wp-login.php" "Mozilla/5.0 (X11; Ubuntu; Linux x86_64) AppleWebKit/537.36 (KHTML, like Gecko) Chrome/118.0.0.0 Safari/537.36"
184.145.0.252 - - [04/Jul/2026:20:01:57 +0200] "POST /wp-login.php HTTP/1.1" 200 5192 "https://elettroservicegroup.it/wp-login.php" "Mozilla/5.0 (X11; Linux x86_64) AppleWebKit/537.36 (KHTML, like Gecko) Chrome/118.0.0.0 Safari/537.36"
109.8.141.169 - - [04/Jul/2026:20:01:58 +0200] "POST /wp-login.php HTTP/1.1" 200 5192 "https://elettroservicegroup.it/wp-login.php" "Mozilla/5.0 (Macintosh; Intel Mac OS X 13_6_1) AppleWebKit/605.1.15 (KHTML, like Gecko) Version/16.6 Safari/605.1.15"
184.145.0.252 - - [04/Jul/2026:20:01:58 +0200] "POST /wp-login.php HTTP/1.1" 200 5192 "https://elettroservicegroup.it/wp-login.php" "Mozilla/5.0 (Macintosh; Intel Mac OS X 10_15_7) AppleWebKit/605.1.15 (KHTML, like Gecko) Version/16.6 Safari/605.1.15"
65.108.235.243 - - [04/Jul/2026:20:02:01 +0200] "POST /wp-cron.php?doing_wp_cron=1783188121.8084900379180908203125 HTTP/1.1" 200 1 "-" "WordPress/7.0; https://elettroservicegroup.it"
184.145.0.252 - - [04/Jul/2026:20:02:00 +0200] "POST /wp-login.php HTTP/1.1" 200 5192 "https://elettroservicegroup.it/wp-login.php" "Mozilla/5.0 (Macintosh; Intel Mac OS X 10_15_7) AppleWebKit/537.36 (KHTML, like Gecko) Chrome/120.0.0.0 Safari/537.36"
109.8.141.169 - - [04/Jul/2026:20:02:00 +0200] "POST /wp-login.php HTTP/1.1" 503 18981 "https://elettroservicegroup.it/wp-login.php" "Mozilla/5.0 (X11; Linux x86_64) AppleWebKit/537.36 (KHTML, like Gecko) Chrome/119.0.0.0 Safari/537.36"
184.145.0.252 - - [04/Jul/2026:20:02:02 +0200] "POST /wp-login.php HTTP/1.1" 503 18981 "https://elettroservicegroup.it/wp-login.php" "Mozilla/5.0 (Windows NT 10.0; Win64; x64; rv:119.0) Gecko/20100101 Firefox/119.0"
65.108.235.243 - - [04/Jul/2026:20:02:05 +0200] "POST /wp-cron.php?doing_wp_cron=1783188125.3028559684753417968750 HTTP/1.1" 200 1 "-" "WordPress/7.0; https://elettroservicegroup.it"
24.133.129.36 - - [04/Jul/2026:20:02:03 +0200] "POST /wp-login.php HTTP/1.1" 200 5192 "https://elettroservicegroup.it/wp-login.php" "Mozilla/5.0 (X11; Ubuntu; Linux x86_64) AppleWebKit/537.36 (KHTML, like Gecko) Chrome/118.0.0.0 Safari/537.36"
73.41.69.65 - - [04/Jul/2026:20:02:05 +0200] "POST /wp-login.php HTTP/1.1" 200 5192 "https://elettroservicegroup.it/wp-login.php" "Mozilla/5.0 (Macintosh; Intel Mac OS X 13_6_1) AppleWebKit/537.36 (KHTML, like Gecko) Chrome/121.0.0.0 Safari/537.36"
24.133.129.36 - - [04/Jul/2026:20:02:06 +0200] "POST /wp-login.php HTTP/1.1" 200 5192 "https://elettroservicegroup.it/wp-login.php" "Mozilla/5.0 (Macintosh; Intel Mac OS X 10_15_7) AppleWebKit/537.36 (KHTML, like Gecko) Chrome/120.0.0.0 Safari/537.36"
73.41.69.65 - - [04/Jul/2026:20:02:07 +0200] "POST /wp-login.php HTTP/1.1" 200 5192 "https://elettroservicegroup.it/wp-login.php" "Mozilla/5.0 (Macintosh; Intel Mac OS X 13_6_1) AppleWebKit/537.36 (KHTML, like Gecko) Chrome/121.0.0.0 Safari/537.36"
24.133.129.36 - - [04/Jul/2026:20:02:08 +0200] "POST /wp-login.php HTTP/1.1" 200 5192 "https://elettroservicegroup.it/wp-login.php" "Mozilla/5.0 (X11; Ubuntu; Linux x86_64) AppleWebKit/537.36 (KHTML, like Gecko) Chrome/119.0.0.0 Safari/537.36"
73.41.69.65 - - [04/Jul/2026:20:02:09 +0200] "POST /wp-login.php HTTP/1.1" 200 5192 "https://elettroservicegroup.it/wp-login.php" "Mozilla/5.0 (Windows NT 11.0; Win64; x64; rv:120.0) Gecko/20100101 Firefox/120.0"
24.133.129.36 - - [04/Jul/2026:20:02:10 +0200] "POST /wp-login.php HTTP/1.1" 200 5192 "https://elettroservicegroup.it/wp-login.php" "Mozilla/5.0 (Macintosh; Intel Mac OS X 13_6_1; rv:121.0) Gecko/20100101 Firefox/121.0"
73.41.69.65 - - [04/Jul/2026:20:02:10 +0200] "POST /wp-login.php HTTP/1.1" 200 5192 "https://elettroservicegroup.it/wp-login.php" "Mozilla/5.0 (Macintosh; Intel Mac OS X 13_6_1) AppleWebKit/537.36 (KHTML, like Gecko) Chrome/120.0.0.0 Safari/537.36"
24.133.129.36 - - [04/Jul/2026:20:02:11 +0200] "POST /wp-login.php HTTP/1.1" 503 18981 "https://elettroservicegroup.it/wp-login.php" "Mozilla/5.0 (Windows NT 11.0; Win64; x64) AppleWebKit/537.36 (KHTML, like Gecko) Chrome/120.0.0.0 Safari/537.36"
73.41.69.65 - - [04/Jul/2026:20:02:12 +0200] "POST /wp-login.php HTTP/1.1" 503 18981 "https://elettroservicegroup.it/wp-login.php" "Mozilla/5.0 (Windows NT 10.0; Win64; x64) AppleWebKit/537.36 (KHTML, like Gecko) Chrome/120.0.0.0 Safari/537.36"
190.84.117.119 - - [04/Jul/2026:20:02:15 +0200] "POST /wp-login.php HTTP/1.1" 200 11768 "https://elettroservicegroup.it/wp-login.php" "Mozilla/5.0 (Macintosh; Intel Mac OS X 13_6_1) AppleWebKit/605.1.15 (KHTML, like Gecko) Version/17.1 Safari/605.1.15"
213.91.251.248 - - [04/Jul/2026:20:02:14 +0200] "POST /wp-login.php HTTP/1.1" 200 5192 "https://elettroservicegroup.it/wp-login.php" "Mozilla/5.0 (Macintosh; Intel Mac OS X 10_15_7; rv:121.0) Gecko/20100101 Firefox/121.0"
213.91.251.248 - - [04/Jul/2026:20:02:16 +0200] "POST /wp-login.php HTTP/1.1" 200 5192 "https://elettroservicegroup.it/wp-login.php" "Mozilla/5.0 (Macintosh; Intel Mac OS X 10_15_7) AppleWebKit/605.1.15 (KHTML, like Gecko) Version/16.6 Safari/605.1.15"
82.14.141.216 - - [04/Jul/2026:20:02:15 +0200] "POST /wp-login.php HTTP/1.1" 200 5192 "https://elettroservicegroup.it/wp-login.php" "Mozilla/5.0 (Macintosh; Intel Mac OS X 10_15_7) AppleWebKit/605.1.15 (KHTML, like Gecko) Version/17.1 Safari/605.1.15"
82.14.141.216 - - [04/Jul/2026:20:02:17 +0200] "POST /wp-login.php HTTP/1.1" 200 5192 "https://elettroservicegroup.it/wp-login.php" "Mozilla/5.0 (Windows NT 10.0; Win64; x64; rv:121.0) Gecko/20100101 Firefox/121.0"
213.91.251.248 - - [04/Jul/2026:20:02:17 +0200] "POST /wp-login.php HTTP/1.1" 200 5192 "https://elettroservicegroup.it/wp-login.php" "Mozilla/5.0 (Macintosh; Intel Mac OS X 13_6_1) AppleWebKit/537.36 (KHTML, like Gecko) Chrome/120.0.0.0 Safari/537.36"
82.14.141.216 - - [04/Jul/2026:20:02:19 +0200] "POST /wp-login.php HTTP/1.1" 200 5192 "https://elettroservicegroup.it/wp-login.php" "Mozilla/5.0 (Macintosh; Intel Mac OS X 13_6_1) AppleWebKit/605.1.15 (KHTML, like Gecko) Version/16.6 Safari/605.1.15"
213.91.251.248 - - [04/Jul/2026:20:02:19 +0200] "POST /wp-login.php HTTP/1.1" 503 18981 "https://elettroservicegroup.it/wp-login.php" "Mozilla/5.0 (X11; Ubuntu; Linux x86_64) AppleWebKit/537.36 (KHTML, like Gecko) Chrome/120.0.0.0 Safari/537.36"
82.14.141.216 - - [04/Jul/2026:20:02:20 +0200] "POST /wp-login.php HTTP/1.1" 200 5192 "https://elettroservicegroup.it/wp-login.php" "Mozilla/5.0 (Windows NT 11.0; Win64; x64; rv:120.0) Gecko/20100101 Firefox/120.0"
82.14.141.216 - - [04/Jul/2026:20:02:22 +0200] "POST /wp-login.php HTTP/1.1" 503 18981 "https://elettroservicegroup.it/wp-login.php" "Mozilla/5.0 (Macintosh; Intel Mac OS X 10_15_7) AppleWebKit/537.36 (KHTML, like Gecko) Chrome/120.0.0.0 Safari/537.36"
177.125.223.22 - - [04/Jul/2026:20:02:22 +0200] "POST /wp-login.php HTTP/1.1" 200 5192 "https://elettroservicegroup.it/wp-login.php" "Mozilla/5.0 (Macintosh; Intel Mac OS X 13_6_1) AppleWebKit/605.1.15 (KHTML, like Gecko) Version/17.1 Safari/605.1.15"
177.125.223.22 - - [04/Jul/2026:20:02:25 +0200] "POST /wp-login.php HTTP/1.1" 200 5192 "https://elettroservicegroup.it/wp-login.php" "Mozilla/5.0 (Macintosh; Intel Mac OS X 10_15_7; rv:121.0) Gecko/20100101 Firefox/121.0"
79.116.217.176 - - [04/Jul/2026:20:02:24 +0200] "POST /wp-login.php HTTP/1.1" 200 5192 "https://elettroservicegroup.it/wp-login.php" "Mozilla/5.0 (Macintosh; Intel Mac OS X 10_15_7) AppleWebKit/605.1.15 (KHTML, like Gecko) Version/17.2 Safari/605.1.15"
79.116.217.176 - - [04/Jul/2026:20:02:26 +0200] "POST /wp-login.php HTTP/1.1" 200 5192 "https://elettroservicegroup.it/wp-login.php" "Mozilla/5.0 (Windows NT 11.0; Win64; x64) AppleWebKit/537.36 (KHTML, like Gecko) Chrome/118.0.0.0 Safari/537.36"
177.125.223.22 - - [04/Jul/2026:20:02:26 +0200] "POST /wp-login.php HTTP/1.1" 200 5192 "https://elettroservicegroup.it/wp-login.php" "Mozilla/5.0 (Windows NT 10.0; Win64; x64; rv:120.0) Gecko/20100101 Firefox/120.0"
79.116.217.176 - - [04/Jul/2026:20:02:27 +0200] "POST /wp-login.php HTTP/1.1" 200 5192 "https://elettroservicegroup.it/wp-login.php" "Mozilla/5.0 (Macintosh; Intel Mac OS X 13_6_1) AppleWebKit/605.1.15 (KHTML, like Gecko) Version/17.0 Safari/605.1.15"
177.125.223.22 - - [04/Jul/2026:20:02:28 +0200] "POST /wp-login.php HTTP/1.1" 503 18981 "https://elettroservicegroup.it/wp-login.php" "Mozilla/5.0 (X11; Ubuntu; Linux x86_64) AppleWebKit/537.36 (KHTML, like Gecko) Chrome/119.0.0.0 Safari/537.36"
79.116.217.176 - - [04/Jul/2026:20:02:29 +0200] "POST /wp-login.php HTTP/1.1" 200 5192 "https://elettroservicegroup.it/wp-login.php" "Mozilla/5.0 (Macintosh; Intel Mac OS X 10_15_7) AppleWebKit/537.36 (KHTML, like Gecko) Chrome/120.0.0.0 Safari/537.36"
79.116.217.176 - - [04/Jul/2026:20:02:30 +0200] "POST /wp-login.php HTTP/1.1" 503 18981 "https://elettroservicegroup.it/wp-login.php" "Mozilla/5.0 (Windows NT 10.0; Win64; x64) AppleWebKit/537.36 (KHTML, like Gecko) Chrome/119.0.0.0 Safari/537.36"
179.60.76.192 - - [04/Jul/2026:20:02:32 +0200] "POST /wp-login.php HTTP/1.1" 200 5192 "https://elettroservicegroup.it/wp-login.php" "Mozilla/5.0 (Macintosh; Intel Mac OS X 13_6_1) AppleWebKit/537.36 (KHTML, like Gecko) Chrome/118.0.0.0 Safari/537.36"
101.115.162.59 - - [04/Jul/2026:20:02:34 +0200] "POST /wp-login.php HTTP/1.1" 200 5192 "https://elettroservicegroup.it/wp-login.php" "Mozilla/5.0 (Macintosh; Intel Mac OS X 13_6_1; rv:118.0) Gecko/20100101 Firefox/118.0"
65.108.235.243 - - [04/Jul/2026:20:02:36 +0200] "POST /wp-cron.php?doing_wp_cron=1783188156.0994501113891601562500 HTTP/1.1" 200 1 "-" "WordPress/7.0; https://elettroservicegroup.it"
179.60.76.192 - - [04/Jul/2026:20:02:34 +0200] "POST /wp-login.php HTTP/1.1" 200 5192 "https://elettroservicegroup.it/wp-login.php" "Mozilla/5.0 (Macintosh; Intel Mac OS X 13_6_1; rv:118.0) Gecko/20100101 Firefox/118.0"
101.115.162.59 - - [04/Jul/2026:20:02:36 +0200] "POST /wp-login.php HTTP/1.1" 200 5192 "https://elettroservicegroup.it/wp-login.php" "Mozilla/5.0 (Macintosh; Intel Mac OS X 10_15_7) AppleWebKit/605.1.15 (KHTML, like Gecko) Version/17.2 Safari/605.1.15"
179.60.76.192 - - [04/Jul/2026:20:02:36 +0200] "POST /wp-login.php HTTP/1.1" 200 5192 "https://elettroservicegroup.it/wp-login.php" "Mozilla/5.0 (Windows NT 11.0; Win64; x64; rv:118.0) Gecko/20100101 Firefox/118.0"
179.60.76.192 - - [04/Jul/2026:20:02:38 +0200] "POST /wp-login.php HTTP/1.1" 200 5192 "https://elettroservicegroup.it/wp-login.php" "Mozilla/5.0 (Macintosh; Intel Mac OS X 13_6_1) AppleWebKit/537.36 (KHTML, like Gecko) Chrome/118.0.0.0 Safari/537.36"
101.115.162.59 - - [04/Jul/2026:20:02:38 +0200] "POST /wp-login.php HTTP/1.1" 200 5192 "https://elettroservicegroup.it/wp-login.php" "Mozilla/5.0 (Windows NT 10.0; Win64; x64; rv:118.0) Gecko/20100101 Firefox/118.0"
101.115.162.59 - - [04/Jul/2026:20:02:42 +0200] "POST /wp-login.php HTTP/1.1" 200 5192 "https://elettroservicegroup.it/wp-login.php" "Mozilla/5.0 (Macintosh; Intel Mac OS X 13_6_1) AppleWebKit/537.36 (KHTML, like Gecko) Chrome/121.0.0.0 Safari/537.36"
179.60.76.192 - - [04/Jul/2026:20:02:41 +0200] "POST /wp-login.php HTTP/1.1" 503 18981 "https://elettroservicegroup.it/wp-login.php" "Mozilla/5.0 (Windows NT 10.0; Win64; x64; rv:119.0) Gecko/20100101 Firefox/119.0"
101.115.162.59 - - [04/Jul/2026:20:02:43 +0200] "POST /wp-login.php HTTP/1.1" 503 18981 "https://elettroservicegroup.it/wp-login.php" "Mozilla/5.0 (Macintosh; Intel Mac OS X 10_15_7; rv:121.0) Gecko/20100101 Firefox/121.0"
186.22.57.31 - - [04/Jul/2026:20:02:45 +0200] "POST /wp-login.php HTTP/1.1" 200 5192 "https://elettroservicegroup.it/wp-login.php" "Mozilla/5.0 (Macintosh; Intel Mac OS X 10_15_7; rv:120.0) Gecko/20100101 Firefox/120.0"
186.22.57.31 - - [04/Jul/2026:20:02:47 +0200] "POST /wp-login.php HTTP/1.1" 200 5192 "https://elettroservicegroup.it/wp-login.php" "Mozilla/5.0 (Macintosh; Intel Mac OS X 13_6_1; rv:119.0) Gecko/20100101 Firefox/119.0"
186.57.146.20 - - [04/Jul/2026:20:02:47 +0200] "POST /wp-login.php HTTP/1.1" 200 5192 "https://elettroservicegroup.it/wp-login.php" "Mozilla/5.0 (Macintosh; Intel Mac OS X 10_15_7) AppleWebKit/605.1.15 (KHTML, like Gecko) Version/17.0 Safari/605.1.15"
186.22.57.31 - - [04/Jul/2026:20:02:49 +0200] "POST /wp-login.php HTTP/1.1" 200 5192 "https://elettroservicegroup.it/wp-login.php" "Mozilla/5.0 (Macintosh; Intel Mac OS X 10_15_7; rv:119.0) Gecko/20100101 Firefox/119.0"
186.57.146.20 - - [04/Jul/2026:20:02:50 +0200] "POST /wp-login.php HTTP/1.1" 200 5192 "https://elettroservicegroup.it/wp-login.php" "Mozilla/5.0 (Macintosh; Intel Mac OS X 13_6_1; rv:119.0) Gecko/20100101 Firefox/119.0"
186.22.57.31 - - [04/Jul/2026:20:02:52 +0200] "POST /wp-login.php HTTP/1.1" 302 - "https://elettroservicegroup.it/wp-login.php" "Mozilla/5.0 (Macintosh; Intel Mac OS X 10_15_7) AppleWebKit/537.36 (KHTML, like Gecko) Chrome/119.0.0.0 Safari/537.36"
186.57.146.20 - - [04/Jul/2026:20:02:52 +0200] "POST /wp-login.php HTTP/1.1" 200 5192 "https://elettroservicegroup.it/wp-login.php" "Mozilla/5.0 (Windows NT 10.0; Win64; x64) AppleWebKit/537.36 (KHTML, like Gecko) Chrome/119.0.0.0 Safari/537.36"
186.22.57.31 - - [04/Jul/2026:20:02:53 +0200] "POST /wp-login.php HTTP/1.1" 200 5192 "https://elettroservicegroup.it/wp-login.php" "Mozilla/5.0 (Macintosh; Intel Mac OS X 10_15_7) AppleWebKit/605.1.15 (KHTML, like Gecko) Version/16.6 Safari/605.1.15"
186.22.57.31 - - [04/Jul/2026:20:02:55 +0200] "POST /wp-login.php HTTP/1.1" 503 18981 "https://elettroservicegroup.it/wp-login.php" "Mozilla/5.0 (X11; Ubuntu; Linux x86_64) AppleWebKit/537.36 (KHTML, like Gecko) Chrome/119.0.0.0 Safari/537.36"
177.36.176.109 - - [04/Jul/2026:20:03:00 +0200] "POST /wp-login.php HTTP/1.1" 200 11723 "https://elettroservicegroup.it/wp-login.php" "Mozilla/5.0 (Macintosh; Intel Mac OS X 10_15_7; rv:119.0) Gecko/20100101 Firefox/119.0"
65.108.235.243 - - [04/Jul/2026:20:03:04 +0200] "POST /wp-cron.php?doing_wp_cron=1783188184.6018190383911132812500 HTTP/1.1" 200 1 "-" "WordPress/7.0; https://elettroservicegroup.it"
212.237.123.193 - - [04/Jul/2026:20:03:02 +0200] "POST /wp-login.php HTTP/1.1" 200 5192 "https://elettroservicegroup.it/wp-login.php" "Mozilla/5.0 (Macintosh; Intel Mac OS X 10_15_7; rv:119.0) Gecko/20100101 Firefox/119.0"
212.237.123.193 - - [04/Jul/2026:20:03:05 +0200] "POST /wp-login.php HTTP/1.1" 200 5192 "https://elettroservicegroup.it/wp-login.php" "Mozilla/5.0 (Macintosh; Intel Mac OS X 13_6_1) AppleWebKit/537.36 (KHTML, like Gecko) Chrome/119.0.0.0 Safari/537.36"
65.108.235.243 - - [04/Jul/2026:20:03:09 +0200] "POST /wp-cron.php?doing_wp_cron=1783188189.3021550178527832031250 HTTP/1.1" 200 1 "-" "WordPress/7.0; https://elettroservicegroup.it"
212.237.123.193 - - [04/Jul/2026:20:03:08 +0200] "POST /wp-login.php HTTP/1.1" 200 5192 "https://elettroservicegroup.it/wp-login.php" "Mozilla/5.0 (Macintosh; Intel Mac OS X 10_15_7) AppleWebKit/605.1.15 (KHTML, like Gecko) Version/17.0 Safari/605.1.15"
212.237.123.193 - - [04/Jul/2026:20:03:10 +0200] "POST /wp-login.php HTTP/1.1" 200 5192 "https://elettroservicegroup.it/wp-login.php" "Mozilla/5.0 (Macintosh; Intel Mac OS X 10_15_7) AppleWebKit/605.1.15 (KHTML, like Gecko) Version/16.6 Safari/605.1.15"
65.108.235.243 - - [04/Jul/2026:20:09:24 +0200] "POST /wp-cron.php?doing_wp_cron=1783188564.5037369728088378906250 HTTP/1.1" 200 1 "-" "WordPress/7.0; https://elettroservicegroup.it"
192.178.4.103 - - [04/Jul/2026:20:09:18 +0200] "GET / HTTP/1.1" 200 21589 "-" "Mozilla/5.0 (Linux; Android 6.0.1; Nexus 5X Build/MMB29P) AppleWebKit/537.36 (KHTML, like Gecko) Chrome/150.0.7871.46 Mobile Safari/537.36 (compatible; Googlebot/2.1; +http://www.google.com/bot.html)"
192.178.4.103 - - [04/Jul/2026:20:10:53 +0200] "GET /wp-content/plugins/header-footer-elementor/inc/widgets-css/frontend.css?ver=2.9.0 HTTP/1.1" 200 8711 "https://elettroservicegroup.it/" "Mozilla/5.0 (Linux; Android 6.0.1; Nexus 5X Build/MMB29P) AppleWebKit/537.36 (KHTML, like Gecko) Chrome/150.0.7871.46 Mobile Safari/537.36 (compatible; Googlebot/2.1; +http://www.google.com/bot.html)"
192.178.4.101 - - [04/Jul/2026:20:10:53 +0200] "GET /wp-content/plugins/elementor/assets/css/widget-heading.min.css?ver=4.1.1 HTTP/1.1" 200 127 "https://elettroservicegroup.it/" "Mozilla/5.0 (Linux; Android 6.0.1; Nexus 5X Build/MMB29P) AppleWebKit/537.36 (KHTML, like Gecko) Chrome/150.0.7871.46 Mobile Safari/537.36 (compatible; Googlebot/2.1; +http://www.google.com/bot.html)"
192.178.4.103 - - [04/Jul/2026:20:10:53 +0200] "GET /wp-content/plugins/header-footer-elementor/assets/css/header-footer-elementor.css?ver=2.9.0 HTTP/1.1" 200 260 "https://elettroservicegroup.it/" "Mozilla/5.0 (Linux; Android 6.0.1; Nexus 5X Build/MMB29P) AppleWebKit/537.36 (KHTML, like Gecko) Chrome/150.0.7871.46 Mobile Safari/537.36 (compatible; Googlebot/2.1; +http://www.google.com/bot.html)"
192.178.4.103 - - [04/Jul/2026:20:10:53 +0200] "GET /wp-content/plugins/elementor/assets/css/frontend.min.css?ver=4.1.1 HTTP/1.1" 200 6618 "https://elettroservicegroup.it/" "Mozilla/5.0 (Linux; Android 6.0.1; Nexus 5X Build/MMB29P) AppleWebKit/537.36 (KHTML, like Gecko) Chrome/150.0.7871.46 Mobile Safari/537.36 (compatible; Googlebot/2.1; +http://www.google.com/bot.html)"
192.178.4.101 - - [04/Jul/2026:20:10:53 +0200] "GET /wp-content/plugins/elementor/assets/js/webpack.runtime.min.js?ver=4.1.1 HTTP/1.1" 200 2340 "https://elettroservicegroup.it/" "Mozilla/5.0 (Linux; Android 6.0.1; Nexus 5X Build/MMB29P) AppleWebKit/537.36 (KHTML, like Gecko) Chrome/150.0.7871.46 Mobile Safari/537.36 (compatible; Googlebot/2.1; +http://www.google.com/bot.html)"
192.178.4.103 - - [04/Jul/2026:20:10:53 +0200] "GET /wp-content/plugins/elementor/assets/css/widget-social-icons.min.css?ver=3.24.0 HTTP/1.1" 200 1039 "https://elettroservicegroup.it/" "Mozilla/5.0 (Linux; Android 6.0.1; Nexus 5X Build/MMB29P) AppleWebKit/537.36 (KHTML, like Gecko) Chrome/150.0.7871.46 Mobile Safari/537.36 (compatible; Googlebot/2.1; +http://www.google.com/bot.html)"
192.178.4.103 - - [04/Jul/2026:20:10:53 +0200] "GET /wp-content/plugins/elementor/assets/lib/font-awesome/js/v4-shims.min.js?ver=4.1.1 HTTP/1.1" 200 4043 "https://elettroservicegroup.it/" "Mozilla/5.0 (Linux; Android 6.0.1; Nexus 5X Build/MMB29P) AppleWebKit/537.36 (KHTML, like Gecko) Chrome/150.0.7871.46 Mobile Safari/537.36 (compatible; Googlebot/2.1; +http://www.google.com/bot.html)"
192.178.4.102 - - [04/Jul/2026:20:10:53 +0200] "GET /wp-content/plugins/elementor/assets/lib/font-awesome/css/fontawesome.css?ver=5.15.3 HTTP/1.1" 200 12535 "https://elettroservicegroup.it/" "Mozilla/5.0 (Linux; Android 6.0.1; Nexus 5X Build/MMB29P) AppleWebKit/537.36 (KHTML, like Gecko) Chrome/150.0.7871.46 Mobile Safari/537.36 (compatible; Googlebot/2.1; +http://www.google.com/bot.html)"
192.178.4.102 - - [04/Jul/2026:20:10:54 +0200] "GET /wp-content/plugins/elementor/assets/lib/font-awesome/css/regular.min.css?ver=5.15.3 HTTP/1.1" 200 282 "https://elettroservicegroup.it/" "Mozilla/5.0 (Linux; Android 6.0.1; Nexus 5X Build/MMB29P) AppleWebKit/537.36 (KHTML, like Gecko) Chrome/150.0.7871.46 Mobile Safari/537.36 (compatible; Googlebot/2.1; +http://www.google.com/bot.html)"
192.178.4.103 - - [04/Jul/2026:20:10:54 +0200] "GET /wp-content/plugins/complianz-gdpr-premium/assets/css/cookieblocker.min.css?ver=1780704000 HTTP/1.1" 200 615 "https://elettroservicegroup.it/" "Mozilla/5.0 (Linux; Android 6.0.1; Nexus 5X Build/MMB29P) AppleWebKit/537.36 (KHTML, like Gecko) Chrome/150.0.7871.46 Mobile Safari/537.36 (compatible; Googlebot/2.1; +http://www.google.com/bot.html)"
192.178.4.103 - - [04/Jul/2026:20:10:54 +0200] "GET /wp-content/plugins/all-in-one-seo-pack/dist/Lite/assets/css/table-of-contents/global.e90f6d47.css?ver=4.9.7.2 HTTP/1.1" 200 420 "https://elettroservicegroup.it/" "Mozilla/5.0 (Linux; Android 6.0.1; Nexus 5X Build/MMB29P) AppleWebKit/537.36 (KHTML, like Gecko) Chrome/150.0.7871.46 Mobile Safari/537.36 (compatible; Googlebot/2.1; +http://www.google.com/bot.html)"
192.178.4.101 - - [04/Jul/2026:20:10:54 +0200] "GET /wp-content/plugins/elementor/assets/lib/animations/styles/bounceIn.min.css?ver=4.1.1 HTTP/1.1" 200 186 "https://elettroservicegroup.it/" "Mozilla/5.0 (Linux; Android 6.0.1; Nexus 5X Build/MMB29P) AppleWebKit/537.36 (KHTML, like Gecko) Chrome/150.0.7871.46 Mobile Safari/537.36 (compatible; Googlebot/2.1; +http://www.google.com/bot.html)"
192.178.4.103 - - [04/Jul/2026:20:10:54 +0200] "GET /wp-content/plugins/elementor/assets/lib/font-awesome/css/fontawesome.min.css?ver=5.15.3 HTTP/1.1" 200 12179 "https://elettroservicegroup.it/" "Mozilla/5.0 (Linux; Android 6.0.1; Nexus 5X Build/MMB29P) AppleWebKit/537.36 (KHTML, like Gecko) Chrome/150.0.7871.46 Mobile Safari/537.36 (compatible; Googlebot/2.1; +http://www.google.com/bot.html)"
192.178.4.101 - - [04/Jul/2026:20:10:55 +0200] "GET /wp-content/plugins/elementor/assets/lib/font-awesome/css/v4-shims.min.css?ver=4.1.1 HTTP/1.1" 200 3986 "https://elettroservicegroup.it/" "Mozilla/5.0 (Linux; Android 6.0.1; Nexus 5X Build/MMB29P) AppleWebKit/537.36 (KHTML, like Gecko) Chrome/150.0.7871.46 Mobile Safari/537.36 (compatible; Googlebot/2.1; +http://www.google.com/bot.html)"
192.178.4.102 - - [04/Jul/2026:20:10:55 +0200] "GET /wp-content/plugins/elementor/assets/js/frontend-modules.min.js?ver=4.1.1 HTTP/1.1" 200 15454 "https://elettroservicegroup.it/" "Mozilla/5.0 (Linux; Android 6.0.1; Nexus 5X Build/MMB29P) AppleWebKit/537.36 (KHTML, like Gecko) Chrome/150.0.7871.46 Mobile Safari/537.36 (compatible; Googlebot/2.1; +http://www.google.com/bot.html)"
192.178.4.103 - - [04/Jul/2026:20:10:55 +0200] "GET /wp-content/themes/generatepress/assets/js/menu.min.js?ver=3.6.1 HTTP/1.1" 200 1688 "https://elettroservicegroup.it/" "Mozilla/5.0 (Linux; Android 6.0.1; Nexus 5X Build/MMB29P) AppleWebKit/537.36 (KHTML, like Gecko) Chrome/150.0.7871.46 Mobile Safari/537.36 (compatible; Googlebot/2.1; +http://www.google.com/bot.html)"
192.178.4.103 - - [04/Jul/2026:20:10:56 +0200] "GET /wp-content/plugins/elementor/assets/lib/font-awesome/css/solid.css?ver=5.15.3 HTTP/1.1" 200 299 "https://elettroservicegroup.it/" "Mozilla/5.0 (Linux; Android 6.0.1; Nexus 5X Build/MMB29P) AppleWebKit/537.36 (KHTML, like Gecko) Chrome/150.0.7871.46 Mobile Safari/537.36 (compatible; Googlebot/2.1; +http://www.google.com/bot.html)"
192.178.4.101 - - [04/Jul/2026:20:10:56 +0200] "GET /wp-content/plugins/complianz-gdpr-premium/cookiebanner/js/complianz.min.js?ver=1780704000 HTTP/1.1" 200 10762 "https://elettroservicegroup.it/" "Mozilla/5.0 (Linux; Android 6.0.1; Nexus 5X Build/MMB29P) AppleWebKit/537.36 (KHTML, like Gecko) Chrome/150.0.7871.46 Mobile Safari/537.36 (compatible; Googlebot/2.1; +http://www.google.com/bot.html)"
192.178.4.103 - - [04/Jul/2026:20:11:52 +0200] "GET / HTTP/1.1" 200 21303 "-" "Mozilla/5.0 (compatible; Googlebot/2.1; +http://www.google.com/bot.html)"
192.178.4.102 - - [04/Jul/2026:20:11:52 +0200] "GET / HTTP/1.1" 200 21589 "-" "Mozilla/5.0 (Linux; Android 6.0.1; Nexus 5X Build/MMB29P) AppleWebKit/537.36 (KHTML, like Gecko) Chrome/99.0.4844.84 Mobile Safari/537.36 (compatible; Googlebot/2.1; +http://www.google.com/bot.html)"
192.178.4.101 - - [04/Jul/2026:20:11:57 +0200] "GET /wp-content/plugins/all-in-one-seo-pack/dist/Lite/assets/css/table-of-contents/global.e90f6d47.css?ver=4.9.7.2 HTTP/1.1" 200 420 "https://elettroservicegroup.it/" "Mozilla/5.0 (Linux; Android 6.0.1; Nexus 5X Build/MMB29P) AppleWebKit/537.36 (KHTML, like Gecko) Chrome/149.0.7827.200 Mobile Safari/537.36 (compatible; Googlebot/2.1; +http://www.google.com/bot.html)"
192.178.4.102 - - [04/Jul/2026:20:11:57 +0200] "GET /wp-content/plugins/elementor/assets/css/frontend.min.css?ver=4.1.1 HTTP/1.1" 200 6618 "https://elettroservicegroup.it/" "Mozilla/5.0 (Linux; Android 6.0.1; Nexus 5X Build/MMB29P) AppleWebKit/537.36 (KHTML, like Gecko) Chrome/149.0.7827.200 Mobile Safari/537.36 (compatible; Googlebot/2.1; +http://www.google.com/bot.html)"
192.178.4.102 - - [04/Jul/2026:20:11:57 +0200] "GET /wp-content/plugins/elementor/assets/js/webpack.runtime.min.js?ver=4.1.1 HTTP/1.1" 200 2340 "https://elettroservicegroup.it/" "Mozilla/5.0 (Linux; Android 6.0.1; Nexus 5X Build/MMB29P) AppleWebKit/537.36 (KHTML, like Gecko) Chrome/149.0.7827.200 Mobile Safari/537.36 (compatible; Googlebot/2.1; +http://www.google.com/bot.html)"
192.178.4.101 - - [04/Jul/2026:20:11:57 +0200] "GET /wp-content/plugins/elementor/assets/lib/font-awesome/css/v4-shims.min.css?ver=4.1.1 HTTP/1.1" 200 3986 "https://elettroservicegroup.it/" "Mozilla/5.0 (Linux; Android 6.0.1; Nexus 5X Build/MMB29P) AppleWebKit/537.36 (KHTML, like Gecko) Chrome/149.0.7827.200 Mobile Safari/537.36 (compatible; Googlebot/2.1; +http://www.google.com/bot.html)"
192.178.4.102 - - [04/Jul/2026:20:11:57 +0200] "GET /wp-content/uploads/elementor/css/post-13305.css?ver=1780704000 HTTP/1.1" 200 2452 "https://elettroservicegroup.it/" "Mozilla/5.0 (Linux; Android 6.0.1; Nexus 5X Build/MMB29P) AppleWebKit/537.36 (KHTML, like Gecko) Chrome/149.0.7827.200 Mobile Safari/537.36 (compatible; Googlebot/2.1; +http://www.google.com/bot.html)"
192.178.4.102 - - [04/Jul/2026:20:11:57 +0200] "GET /wp-content/plugins/elementor/assets/css/widget-icon-list.min.css?ver=3.24.3 HTTP/1.1" 200 928 "https://elettroservicegroup.it/" "Mozilla/5.0 (Linux; Android 6.0.1; Nexus 5X Build/MMB29P) AppleWebKit/537.36 (KHTML, like Gecko) Chrome/149.0.7827.200 Mobile Safari/537.36 (compatible; Googlebot/2.1; +http://www.google.com/bot.html)"
192.178.4.101 - - [04/Jul/2026:20:11:57 +0200] "GET /wp-content/plugins/elementor/assets/lib/font-awesome/js/v4-shims.min.js?ver=4.1.1 HTTP/1.1" 200 4043 "https://elettroservicegroup.it/" "Mozilla/5.0 (Linux; Android 6.0.1; Nexus 5X Build/MMB29P) AppleWebKit/537.36 (KHTML, like Gecko) Chrome/149.0.7827.200 Mobile Safari/537.36 (compatible; Googlebot/2.1; +http://www.google.com/bot.html)"
192.178.4.102 - - [04/Jul/2026:20:11:57 +0200] "GET /wp-content/plugins/elementor/assets/lib/font-awesome/css/solid.min.css?ver=5.15.3 HTTP/1.1" 200 286 "https://elettroservicegroup.it/" "Mozilla/5.0 (Linux; Android 6.0.1; Nexus 5X Build/MMB29P) AppleWebKit/537.36 (KHTML, like Gecko) Chrome/149.0.7827.200 Mobile Safari/537.36 (compatible; Googlebot/2.1; +http://www.google.com/bot.html)"
192.178.4.101 - - [04/Jul/2026:20:11:57 +0200] "GET /wp-content/plugins/elementor/assets/lib/font-awesome/css/brands.css?ver=5.15.3 HTTP/1.1" 200 298 "https://elettroservicegroup.it/" "Mozilla/5.0 (Linux; Android 6.0.1; Nexus 5X Build/MMB29P) AppleWebKit/537.36 (KHTML, like Gecko) Chrome/149.0.7827.200 Mobile Safari/537.36 (compatible; Googlebot/2.1; +http://www.google.com/bot.html)"
192.178.4.101 - - [04/Jul/2026:20:11:57 +0200] "GET /wp-includes/js/jquery/jquery-migrate.min.js?ver=3.4.1 HTTP/1.1" 200 4685 "https://elettroservicegroup.it/" "Mozilla/5.0 (Linux; Android 6.0.1; Nexus 5X Build/MMB29P) AppleWebKit/537.36 (KHTML, like Gecko) Chrome/149.0.7827.200 Mobile Safari/537.36 (compatible; Googlebot/2.1; +http://www.google.com/bot.html)"
192.178.4.101 - - [04/Jul/2026:20:11:58 +0200] "GET /wp-content/uploads/elementor/css/post-14146.css?ver=1780704000 HTTP/1.1" 200 428 "https://elettroservicegroup.it/" "Mozilla/5.0 (Linux; Android 6.0.1; Nexus 5X Build/MMB29P) AppleWebKit/537.36 (KHTML, like Gecko) Chrome/149.0.7827.200 Mobile Safari/537.36 (compatible; Googlebot/2.1; +http://www.google.com/bot.html)"
192.178.4.102 - - [04/Jul/2026:20:11:58 +0200] "GET /wp-content/plugins/header-footer-elementor/inc/widgets-css/frontend.css?ver=2.9.0 HTTP/1.1" 200 8711 "https://elettroservicegroup.it/" "Mozilla/5.0 (Linux; Android 6.0.1; Nexus 5X Build/MMB29P) AppleWebKit/537.36 (KHTML, like Gecko) Chrome/149.0.7827.200 Mobile Safari/537.36 (compatible; Googlebot/2.1; +http://www.google.com/bot.html)"
192.178.4.101 - - [04/Jul/2026:20:11:58 +0200] "GET /wp-content/plugins/header-footer-elementor/assets/css/header-footer-elementor.css?ver=2.9.0 HTTP/1.1" 200 260 "https://elettroservicegroup.it/" "Mozilla/5.0 (Linux; Android 6.0.1; Nexus 5X Build/MMB29P) AppleWebKit/537.36 (KHTML, like Gecko) Chrome/149.0.7827.200 Mobile Safari/537.36 (compatible; Googlebot/2.1; +http://www.google.com/bot.html)"
192.178.4.102 - - [04/Jul/2026:20:11:59 +0200] "GET /wp-content/plugins/elementor/assets/css/widget-spacer.min.css?ver=4.1.1 HTTP/1.1" 200 287 "https://elettroservicegroup.it/" "Mozilla/5.0 (Linux; Android 6.0.1; Nexus 5X Build/MMB29P) AppleWebKit/537.36 (KHTML, like Gecko) Chrome/149.0.7827.200 Mobile Safari/537.36 (compatible; Googlebot/2.1; +http://www.google.com/bot.html)"
192.178.4.102 - - [04/Jul/2026:20:11:59 +0200] "GET /wp-content/plugins/elementor/assets/lib/animations/styles/bounceIn.min.css?ver=4.1.1 HTTP/1.1" 200 186 "https://elettroservicegroup.it/" "Mozilla/5.0 (Linux; Android 6.0.1; Nexus 5X Build/MMB29P) AppleWebKit/537.36 (KHTML, like Gecko) Chrome/149.0.7827.200 Mobile Safari/537.36 (compatible; Googlebot/2.1; +http://www.google.com/bot.html)"
192.178.4.102 - - [04/Jul/2026:20:11:59 +0200] "GET /wp-content/plugins/elementor/assets/lib/font-awesome/css/fontawesome.css?ver=5.15.3 HTTP/1.1" 200 12535 "https://elettroservicegroup.it/" "Mozilla/5.0 (Linux; Android 6.0.1; Nexus 5X Build/MMB29P) AppleWebKit/537.36 (KHTML, like Gecko) Chrome/149.0.7827.200 Mobile Safari/537.36 (compatible; Googlebot/2.1; +http://www.google.com/bot.html)"
