5.255.231.21 - - [04/Jul/2026:21:34:08 +0200] "GET /assistenza-ariston-parma/ HTTP/2.0" 200 147732 "-" "Mozilla/5.0 (compatible; YandexBot/3.0; +http://yandex.com/bots)"
5.182.186.249 - - [04/Jul/2026:23:04:02 +0200] "GET /wp-content/uploads/2021/11/TECNIC-LAVATRICE-768x432.jpg HTTP/1.1" 200 50994 "-" "Mozilla/5.0 (compatible; crawler)"
65.108.235.243 - - [04/Jul/2026:23:33:50 +0200] "POST /wp-cron.php?doing_wp_cron=1783200830.0983018875122070312500 HTTP/1.1" 200 1 "-" "WordPress/7.0; https://parma.elettroservicegroup.it"
66.249.64.71 - - [04/Jul/2026:23:33:44 +0200] "GET /assistenza-ariston-parma/ HTTP/1.1" 200 22932 "-" "Mozilla/5.0 (Linux; Android 6.0.1; Nexus 5X Build/MMB29P) AppleWebKit/537.36 (KHTML, like Gecko) Chrome/150.0.7871.46 Mobile Safari/537.36 (compatible; Googlebot/2.1; +http://www.google.com/bot.html)"
66.249.64.69 - - [04/Jul/2026:23:33:53 +0200] "GET /wp-content/plugins/elementor/assets/css/widget-heading.min.css?ver=4.1.4 HTTP/1.1" 200 127 "https://parma.elettroservicegroup.it/assistenza-ariston-parma/" "Mozilla/5.0 (Linux; Android 6.0.1; Nexus 5X Build/MMB29P) AppleWebKit/537.36 (KHTML, like Gecko) Chrome/150.0.7871.46 Mobile Safari/537.36 (compatible; Googlebot/2.1; +http://www.google.com/bot.html)"
66.249.64.70 - - [04/Jul/2026:23:33:53 +0200] "GET /wp-content/plugins/elementor/assets/css/widget-icon-list.min.css?ver=3.24.3 HTTP/1.1" 200 928 "https://parma.elettroservicegroup.it/assistenza-ariston-parma/" "Mozilla/5.0 (Linux; Android 6.0.1; Nexus 5X Build/MMB29P) AppleWebKit/537.36 (KHTML, like Gecko) Chrome/150.0.7871.46 Mobile Safari/537.36 (compatible; Googlebot/2.1; +http://www.google.com/bot.html)"
66.249.64.69 - - [04/Jul/2026:23:33:54 +0200] "GET /wp-content/uploads/elementor/google-fonts/css/robotoslab.css?ver=1742280362 HTTP/1.1" 200 715 "https://parma.elettroservicegroup.it/assistenza-ariston-parma/" "Mozilla/5.0 (Linux; Android 6.0.1; Nexus 5X Build/MMB29P) AppleWebKit/537.36 (KHTML, like Gecko) Chrome/150.0.7871.46 Mobile Safari/537.36 (compatible; Googlebot/2.1; +http://www.google.com/bot.html)"
66.249.64.69 - - [04/Jul/2026:23:33:54 +0200] "GET /wp-content/plugins/complianz-gdpr-premium/assets/css/cookieblocker.min.css?ver=1780704000 HTTP/1.1" 200 615 "https://parma.elettroservicegroup.it/assistenza-ariston-parma/" "Mozilla/5.0 (Linux; Android 6.0.1; Nexus 5X Build/MMB29P) AppleWebKit/537.36 (KHTML, like Gecko) Chrome/150.0.7871.46 Mobile Safari/537.36 (compatible; Googlebot/2.1; +http://www.google.com/bot.html)"
66.249.64.70 - - [04/Jul/2026:23:33:54 +0200] "GET /wp-content/plugins/elementor/assets/lib/eicons/css/elementor-icons.min.css?ver=5.50.0 HTTP/1.1" 200 4125 "https://parma.elettroservicegroup.it/assistenza-ariston-parma/" "Mozilla/5.0 (Linux; Android 6.0.1; Nexus 5X Build/MMB29P) AppleWebKit/537.36 (KHTML, like Gecko) Chrome/150.0.7871.46 Mobile Safari/537.36 (compatible; Googlebot/2.1; +http://www.google.com/bot.html)"
65.108.235.243 - - [04/Jul/2026:23:33:53 +0200] "POST /wp-json/complianz/v1/wsc-scan HTTP/1.1" 400 88 "-" "WordPress/7.0; https://parma.elettroservicegroup.it"
66.249.64.69 - - [04/Jul/2026:23:33:54 +0200] "GET /wp-content/uploads/elementor/css/post-17270.css?ver=1780704000 HTTP/1.1" 200 2155 "https://parma.elettroservicegroup.it/assistenza-ariston-parma/" "Mozilla/5.0 (Linux; Android 6.0.1; Nexus 5X Build/MMB29P) AppleWebKit/537.36 (KHTML, like Gecko) Chrome/150.0.7871.46 Mobile Safari/537.36 (compatible; Googlebot/2.1; +http://www.google.com/bot.html)"
66.249.64.69 - - [04/Jul/2026:23:33:54 +0200] "GET /wp-content/plugins/elementor/assets/lib/animations/styles/bounceIn.min.css?ver=4.1.4 HTTP/1.1" 200 186 "https://parma.elettroservicegroup.it/assistenza-ariston-parma/" "Mozilla/5.0 (Linux; Android 6.0.1; Nexus 5X Build/MMB29P) AppleWebKit/537.36 (KHTML, like Gecko) Chrome/150.0.7871.46 Mobile Safari/537.36 (compatible; Googlebot/2.1; +http://www.google.com/bot.html)"
66.249.64.70 - - [04/Jul/2026:23:33:54 +0200] "GET /wp-content/plugins/elementor/assets/js/frontend-modules.min.js?ver=4.1.4 HTTP/1.1" 200 15454 "https://parma.elettroservicegroup.it/assistenza-ariston-parma/" "Mozilla/5.0 (Linux; Android 6.0.1; Nexus 5X Build/MMB29P) AppleWebKit/537.36 (KHTML, like Gecko) Chrome/150.0.7871.46 Mobile Safari/537.36 (compatible; Googlebot/2.1; +http://www.google.com/bot.html)"
66.249.64.70 - - [04/Jul/2026:23:33:54 +0200] "GET /wp-content/plugins/elementor/assets/css/widget-spacer.min.css?ver=4.1.4 HTTP/1.1" 200 287 "https://parma.elettroservicegroup.it/assistenza-ariston-parma/" "Mozilla/5.0 (Linux; Android 6.0.1; Nexus 5X Build/MMB29P) AppleWebKit/537.36 (KHTML, like Gecko) Chrome/150.0.7871.46 Mobile Safari/537.36 (compatible; Googlebot/2.1; +http://www.google.com/bot.html)"
66.249.64.69 - - [04/Jul/2026:23:33:55 +0200] "GET /wp-content/plugins/elementor/assets/js/frontend.min.js?ver=4.1.4 HTTP/1.1" 200 10140 "https://parma.elettroservicegroup.it/assistenza-ariston-parma/" "Mozilla/5.0 (Linux; Android 6.0.1; Nexus 5X Build/MMB29P) AppleWebKit/537.36 (KHTML, like Gecko) Chrome/150.0.7871.46 Mobile Safari/537.36 (compatible; Googlebot/2.1; +http://www.google.com/bot.html)"
66.249.64.70 - - [04/Jul/2026:23:33:55 +0200] "GET /wp-json/complianz/v1/banner?lang=it&locale=it_IT&token=npmll HTTP/1.1" 200 81 "https://parma.elettroservicegroup.it/assistenza-ariston-parma/" "Mozilla/5.0 (Linux; Android 6.0.1; Nexus 5X Build/MMB29P) AppleWebKit/537.36 (KHTML, like Gecko) Chrome/150.0.7871.46 Mobile Safari/537.36 (compatible; Googlebot/2.1; +http://www.google.com/bot.html)"
65.108.235.243 - - [04/Jul/2026:23:33:58 +0200] "POST /wp-cron.php?doing_wp_cron=1783200838.5099999904632568359375 HTTP/1.1" 200 1 "-" "WordPress/7.0; https://parma.elettroservicegroup.it"
66.249.64.69 - - [04/Jul/2026:23:33:57 +0200] "GET /wp-json/complianz/v1/cookie_data HTTP/1.1" 200 81 "https://parma.elettroservicegroup.it/assistenza-ariston-parma/" "Mozilla/5.0 (Linux; Android 6.0.1; Nexus 5X Build/MMB29P) AppleWebKit/537.36 (KHTML, like Gecko) Chrome/150.0.7871.46 Mobile Safari/537.36 (compatible; Googlebot/2.1; +http://www.google.com/bot.html)"
66.249.64.70 - - [04/Jul/2026:23:34:07 +0200] "GET /wp-content/plugins/elementor/assets/js/shared-frontend-handlers.03caa53373b56d3bab67.bundle.min.js HTTP/1.1" 200 2515 "https://parma.elettroservicegroup.it/assistenza-ariston-parma/" "Mozilla/5.0 (Linux; Android 6.0.1; Nexus 5X Build/MMB29P) AppleWebKit/537.36 (KHTML, like Gecko) Chrome/150.0.7871.46 Mobile Safari/537.36 (compatible; Googlebot/2.1; +http://www.google.com/bot.html)"
66.249.64.70 - - [04/Jul/2026:23:34:07 +0200] "GET /wp-content/plugins/elementor/assets/js/section-frontend-handlers.d85ab872da118940910d.bundle.min.js HTTP/1.1" 200 230 "https://parma.elettroservicegroup.it/assistenza-ariston-parma/" "Mozilla/5.0 (Linux; Android 6.0.1; Nexus 5X Build/MMB29P) AppleWebKit/537.36 (KHTML, like Gecko) Chrome/150.0.7871.46 Mobile Safari/537.36 (compatible; Googlebot/2.1; +http://www.google.com/bot.html)"
65.108.235.243 - - [05/Jul/2026:00:43:57 +0200] "POST /wp-cron.php?doing_wp_cron=1783205037.5927360057830810546875 HTTP/1.1" 200 1 "-" "WordPress/7.0; https://parma.elettroservicegroup.it"
216.73.216.158 - - [05/Jul/2026:00:43:51 +0200] "GET /robots.txt HTTP/2.0" 200 104 "-" "Mozilla/5.0 AppleWebKit/537.36 (KHTML, like Gecko; compatible; ClaudeBot/1.0; +claudebot@anthropic.com)"
65.108.235.243 - - [05/Jul/2026:00:43:59 +0200] "POST /wp-json/complianz/v1/wsc-scan HTTP/1.1" 400 88 "-" "WordPress/7.0; https://parma.elettroservicegroup.it"
216.73.216.158 - - [05/Jul/2026:00:44:18 +0200] "GET /wp-content/cache/wpfc-minified/1os0z72g/2hecn.css HTTP/2.0" 200 13806 "-" "Mozilla/5.0 AppleWebKit/537.36 (KHTML, like Gecko; compatible; ClaudeBot/1.0; +claudebot@anthropic.com)"
216.73.216.158 - - [05/Jul/2026:00:44:18 +0200] "GET /wp-content/cache/wpfc-minified/etk1ozya/2hecn.css HTTP/2.0" 200 16208 "-" "Mozilla/5.0 AppleWebKit/537.36 (KHTML, like Gecko; compatible; ClaudeBot/1.0; +claudebot@anthropic.com)"
216.73.216.158 - - [05/Jul/2026:00:44:50 +0200] "GET /wp-content/cache/wpfc-minified/m7s3rwhw/2hecn.css HTTP/2.0" 200 2037 "-" "Mozilla/5.0 AppleWebKit/537.36 (KHTML, like Gecko; compatible; ClaudeBot/1.0; +claudebot@anthropic.com)"
65.108.235.243 - - [05/Jul/2026:00:50:38 +0200] "POST /wp-cron.php?doing_wp_cron=1783205438.1133029460906982421875 HTTP/1.1" 200 1 "-" "WordPress/7.0; https://parma.elettroservicegroup.it"
216.73.216.158 - - [05/Jul/2026:00:50:36 +0200] "GET /sitemap.xml HTTP/2.0" 200 311 "-" "Mozilla/5.0 AppleWebKit/537.36 (KHTML, like Gecko; compatible; ClaudeBot/1.0; +claudebot@anthropic.com)"
37.187.226.31 - - [05/Jul/2026:01:53:45 +0200] "GET /robots.txt HTTP/1.1" 403 - "-" "Mozilla/5.0 (compatible; MJ12bot/v1.4.8; http://mj12bot.com/)"
65.108.235.243 - - [05/Jul/2026:02:21:38 +0200] "POST /wp-cron.php?doing_wp_cron=1783210898.0794770717620849609375 HTTP/1.1" 200 1 "-" "WordPress/7.0; https://parma.elettroservicegroup.it"
170.168.174.45 - - [05/Jul/2026:02:21:30 +0200] "GET /wp-login.php HTTP/2.0" 200 2797 "-" "Mozilla/5.0 (Windows NT 10.0; Win64; x64) AppleWebKit/537.36 (KHTML, like Gecko) Chrome/120.0.0.0 Safari/537.36"
170.168.174.45 - - [05/Jul/2026:02:21:38 +0200] "GET /wp-includes/js/zxcvbn-async.min.js?ver=1.0 HTTP/2.0" 200 188 "https://parma.elettroservicegroup.it/wp-login.php" "Mozilla/5.0 (Windows NT 10.0; Win64; x64) AppleWebKit/537.36 (KHTML, like Gecko) Chrome/120.0.0.0 Safari/537.36"
170.168.174.45 - - [05/Jul/2026:02:21:38 +0200] "GET /wp-includes/css/buttons.min.css?ver=7.0 HTTP/2.0" 200 1462 "https://parma.elettroservicegroup.it/wp-login.php" "Mozilla/5.0 (Windows NT 10.0; Win64; x64) AppleWebKit/537.36 (KHTML, like Gecko) Chrome/120.0.0.0 Safari/537.36"
170.168.174.45 - - [05/Jul/2026:02:21:38 +0200] "GET /wp-admin/css/l10n.min.css?ver=7.0 HTTP/2.0" 200 677 "https://parma.elettroservicegroup.it/wp-login.php" "Mozilla/5.0 (Windows NT 10.0; Win64; x64) AppleWebKit/537.36 (KHTML, like Gecko) Chrome/120.0.0.0 Safari/537.36"
170.168.174.45 - - [05/Jul/2026:02:21:38 +0200] "GET /wp-includes/css/dist/base-styles/admin-schemes.min.css?ver=7.0 HTTP/2.0" 200 726 "https://parma.elettroservicegroup.it/wp-login.php" "Mozilla/5.0 (Windows NT 10.0; Win64; x64) AppleWebKit/537.36 (KHTML, like Gecko) Chrome/120.0.0.0 Safari/537.36"
170.168.174.45 - - [05/Jul/2026:02:21:38 +0200] "GET /wp-admin/css/login.min.css?ver=7.0 HTTP/2.0" 200 2020 "https://parma.elettroservicegroup.it/wp-login.php" "Mozilla/5.0 (Windows NT 10.0; Win64; x64) AppleWebKit/537.36 (KHTML, like Gecko) Chrome/120.0.0.0 Safari/537.36"
170.168.174.45 - - [05/Jul/2026:02:21:38 +0200] "GET /wp-includes/js/clipboard.min.js?ver=2.0.11 HTTP/2.0" 200 2997 "https://parma.elettroservicegroup.it/wp-login.php" "Mozilla/5.0 (Windows NT 10.0; Win64; x64) AppleWebKit/537.36 (KHTML, like Gecko) Chrome/120.0.0.0 Safari/537.36"
170.168.174.45 - - [05/Jul/2026:02:21:38 +0200] "GET /wp-includes/js/jquery/jquery-migrate.min.js?ver=3.4.1 HTTP/2.0" 200 4685 "https://parma.elettroservicegroup.it/wp-login.php" "Mozilla/5.0 (Windows NT 10.0; Win64; x64) AppleWebKit/537.36 (KHTML, like Gecko) Chrome/120.0.0.0 Safari/537.36"
170.168.174.45 - - [05/Jul/2026:02:21:38 +0200] "GET /wp-includes/js/dist/hooks.min.js?ver=7496969728ca0f95732d HTTP/2.0" 200 1711 "https://parma.elettroservicegroup.it/wp-login.php" "Mozilla/5.0 (Windows NT 10.0; Win64; x64) AppleWebKit/537.36 (KHTML, like Gecko) Chrome/120.0.0.0 Safari/537.36"
170.168.174.45 - - [05/Jul/2026:02:21:38 +0200] "GET /wp-includes/js/dist/i18n.min.js?ver=781d11515ad3d91786ec HTTP/2.0" 200 2333 "https://parma.elettroservicegroup.it/wp-login.php" "Mozilla/5.0 (Windows NT 10.0; Win64; x64) AppleWebKit/537.36 (KHTML, like Gecko) Chrome/120.0.0.0 Safari/537.36"
170.168.174.45 - - [05/Jul/2026:02:21:38 +0200] "GET /wp-admin/css/forms.min.css?ver=7.0 HTTP/2.0" 200 6492 "https://parma.elettroservicegroup.it/wp-login.php" "Mozilla/5.0 (Windows NT 10.0; Win64; x64) AppleWebKit/537.36 (KHTML, like Gecko) Chrome/120.0.0.0 Safari/537.36"
170.168.174.45 - - [05/Jul/2026:02:21:38 +0200] "GET /wp-includes/css/dashicons.min.css?ver=7.0 HTTP/2.0" 200 35100 "https://parma.elettroservicegroup.it/wp-login.php" "Mozilla/5.0 (Windows NT 10.0; Win64; x64) AppleWebKit/537.36 (KHTML, like Gecko) Chrome/120.0.0.0 Safari/537.36"
170.168.174.45 - - [05/Jul/2026:02:21:38 +0200] "GET /wp-admin/js/password-strength-meter.min.js?ver=7.0 HTTP/2.0" 200 560 "https://parma.elettroservicegroup.it/wp-login.php" "Mozilla/5.0 (Windows NT 10.0; Win64; x64) AppleWebKit/537.36 (KHTML, like Gecko) Chrome/120.0.0.0 Safari/537.36"
170.168.174.45 - - [05/Jul/2026:02:21:38 +0200] "GET /wp-includes/js/wp-util.min.js?ver=7.0 HTTP/2.0" 200 693 "https://parma.elettroservicegroup.it/wp-login.php" "Mozilla/5.0 (Windows NT 10.0; Win64; x64) AppleWebKit/537.36 (KHTML, like Gecko) Chrome/120.0.0.0 Safari/537.36"
170.168.174.45 - - [05/Jul/2026:02:21:38 +0200] "GET /wp-includes/js/dist/dom-ready.min.js?ver=a06281ae5cf5500e9317 HTTP/2.0" 200 398 "https://parma.elettroservicegroup.it/wp-login.php" "Mozilla/5.0 (Windows NT 10.0; Win64; x64) AppleWebKit/537.36 (KHTML, like Gecko) Chrome/120.0.0.0 Safari/537.36"
170.168.174.45 - - [05/Jul/2026:02:21:38 +0200] "GET /wp-includes/js/dist/a11y.min.js?ver=af934e5259bc51b8718e HTTP/2.0" 200 915 "https://parma.elettroservicegroup.it/wp-login.php" "Mozilla/5.0 (Windows NT 10.0; Win64; x64) AppleWebKit/537.36 (KHTML, like Gecko) Chrome/120.0.0.0 Safari/537.36"
170.168.174.45 - - [05/Jul/2026:02:21:38 +0200] "GET /wp-includes/js/underscore.min.js?ver=1.13.8 HTTP/2.0" 200 7243 "https://parma.elettroservicegroup.it/wp-login.php" "Mozilla/5.0 (Windows NT 10.0; Win64; x64) AppleWebKit/537.36 (KHTML, like Gecko) Chrome/120.0.0.0 Safari/537.36"
170.168.174.45 - - [05/Jul/2026:02:21:38 +0200] "GET /wp-admin/js/user-profile.min.js?ver=7.0 HTTP/2.0" 200 2891 "https://parma.elettroservicegroup.it/wp-login.php" "Mozilla/5.0 (Windows NT 10.0; Win64; x64) AppleWebKit/537.36 (KHTML, like Gecko) Chrome/120.0.0.0 Safari/537.36"
170.168.174.45 - - [05/Jul/2026:02:21:38 +0200] "GET /wp-includes/js/jquery/jquery.min.js?ver=3.7.1 HTTP/2.0" 200 29769 "https://parma.elettroservicegroup.it/wp-login.php" "Mozilla/5.0 (Windows NT 10.0; Win64; x64) AppleWebKit/537.36 (KHTML, like Gecko) Chrome/120.0.0.0 Safari/537.36"
170.168.174.45 - - [05/Jul/2026:02:21:38 +0200] "GET /wp-admin/images/wordpress-logo-gray.svg?ver=20260303 HTTP/2.0" 200 765 "https://parma.elettroservicegroup.it/wp-admin/css/login.min.css?ver=7.0" "Mozilla/5.0 (Windows NT 10.0; Win64; x64) AppleWebKit/537.36 (KHTML, like Gecko) Chrome/120.0.0.0 Safari/537.36"
170.168.174.45 - - [05/Jul/2026:02:21:38 +0200] "GET /wp-includes/js/zxcvbn.min.js HTTP/2.0" 200 387992 "https://parma.elettroservicegroup.it/wp-login.php" "Mozilla/5.0 (Windows NT 10.0; Win64; x64) AppleWebKit/537.36 (KHTML, like Gecko) Chrome/120.0.0.0 Safari/537.36"
65.108.235.243 - - [05/Jul/2026:02:21:39 +0200] "POST /wp-json/complianz/v1/wsc-scan HTTP/1.1" 400 88 "-" "WordPress/7.0; https://parma.elettroservicegroup.it"
170.168.174.45 - - [05/Jul/2026:02:21:39 +0200] "POST /wp-login.php HTTP/2.0" 200 2929 "https://parma.elettroservicegroup.it/wp-login.php" "Mozilla/5.0 (Windows NT 10.0; Win64; x64) AppleWebKit/537.36 (KHTML, like Gecko) Chrome/120.0.0.0 Safari/537.36"
65.108.235.243 - - [05/Jul/2026:02:30:50 +0200] "POST /wp-cron.php?doing_wp_cron=1783211450.5670449733734130859375 HTTP/1.1" 200 1 "-" "WordPress/7.0; https://parma.elettroservicegroup.it"
216.73.216.158 - - [05/Jul/2026:02:30:44 +0200] "GET /robots.txt HTTP/2.0" 200 104 "-" "Mozilla/5.0 AppleWebKit/537.36 (KHTML, like Gecko; compatible; ClaudeBot/1.0; +claudebot@anthropic.com)"
65.108.235.243 - - [05/Jul/2026:02:30:56 +0200] "POST /wp-cron.php?doing_wp_cron=1783211456.4202950000762939453125 HTTP/1.1" 200 1 "-" "WordPress/7.0; https://parma.elettroservicegroup.it"
216.73.216.158 - - [05/Jul/2026:02:30:56 +0200] "GET /sitemap.rss HTTP/2.0" 200 1348 "-" "Mozilla/5.0 AppleWebKit/537.36 (KHTML, like Gecko; compatible; ClaudeBot/1.0; +claudebot@anthropic.com)"
65.108.235.243 - - [05/Jul/2026:02:36:25 +0200] "POST /wp-cron.php?doing_wp_cron=1783211785.3600599765777587890625 HTTP/1.1" 200 1 "-" "WordPress/7.0; https://parma.elettroservicegroup.it"
79.13.39.45 - - [05/Jul/2026:02:36:16 +0200] "GET /assistenza-ariston-parma/?gad_source=1&gad_campaignid=23795906066&gbraid=0AAAABDgs-LQ-xP_bizhuV8c048qtSRb56&gclid=CjwKCAjwgO7RBhBKEiwAZNP85sk4-_5bdqYjKJGKTFQOxJgtoc5QvWl4Pxily-ZECfMYsTfvbS6QFhoCz0UQAvD_BwE HTTP/2.0" 200 - "-" "Mozilla/5.0 (iPhone; CPU iPhone OS 18_7 like Mac OS X) AppleWebKit/605.1.15 (KHTML, like Gecko) Version/26.5 Mobile/15E148 Safari/604.1"
159.65.95.197 - - [05/Jul/2026:02:41:57 +0200] "GET / HTTP/1.1" 301 - "-" "Mozilla/5.0 (X11; Linux x86_64) AppleWebKit/537.36 (KHTML, like Gecko) Chrome/142.0.0.0 Safari/537.36"
159.65.95.197 - - [05/Jul/2026:02:41:58 +0200] "GET /favicon.ico HTTP/1.1" 302 - "https://www.parma.elettroservicegroup.it/" "Mozilla/5.0 (X11; Linux x86_64) AppleWebKit/537.36 (KHTML, like Gecko) Chrome/142.0.0.0 Safari/537.36"
65.108.235.243 - - [05/Jul/2026:02:48:55 +0200] "POST /wp-cron.php?doing_wp_cron=1783212535.6695299148559570312500 HTTP/1.1" 200 1 "-" "WordPress/7.0; https://parma.elettroservicegroup.it"
52.167.144.183 - - [05/Jul/2026:02:48:51 +0200] "GET /sitemap.xml HTTP/2.0" 200 311 "-" "Mozilla/5.0 AppleWebKit/537.36 (KHTML, like Gecko; compatible; bingbot/2.0; +http://www.bing.com/bingbot.htm) Chrome/116.0.1938.76 Safari/537.36"
40.77.167.235 - - [05/Jul/2026:03:07:19 +0200] "GET /sitemap.rss HTTP/2.0" 200 1346 "-" "Mozilla/5.0 AppleWebKit/537.36 (KHTML, like Gecko; compatible; bingbot/2.0; +http://www.bing.com/bingbot.htm) Chrome/116.0.1938.76 Safari/537.36"
65.108.235.243 - - [05/Jul/2026:03:48:37 +0200] "POST /wp-json/complianz/v1/wsc-scan HTTP/1.1" 400 88 "-" "WordPress/7.0; https://parma.elettroservicegroup.it"
43.130.102.223 - - [05/Jul/2026:03:48:36 +0200] "GET / HTTP/1.1" 200 166313 "http://parma.elettroservicegroup.it" "Mozilla/5.0 (iPhone; CPU iPhone OS 13_2_3 like Mac OS X) AppleWebKit/605.1.15 (KHTML, like Gecko) Version/13.0.3 Mobile/15E148 Safari/604.1"
65.108.235.243 - - [05/Jul/2026:03:51:53 +0200] "POST /wp-cron.php?doing_wp_cron=1783216313.5541069507598876953125 HTTP/1.1" 200 1 "-" "WordPress/7.0; https://parma.elettroservicegroup.it"
43.159.140.236 - - [05/Jul/2026:03:51:43 +0200] "GET /assistenza-siemens-parma/ HTTP/1.1" 200 151115 "-" "Mozilla/5.0 (iPhone; CPU iPhone OS 13_2_3 like Mac OS X) AppleWebKit/605.1.15 (KHTML, like Gecko) Version/13.0.3 Mobile/15E148 Safari/604.1"
9.142.181.112 - - [05/Jul/2026:03:56:41 +0200] "GET /wp-content/uploads/2022/10/COPERTINA-9-300x150.png HTTP/1.1" 200 30285 "-" "Mozilla/5.0 (compatible; crawler)"
65.108.235.243 - - [05/Jul/2026:04:02:13 +0200] "POST /wp-cron.php?doing_wp_cron=1783216932.9920239448547363281250 HTTP/1.1" 200 1 "-" "WordPress/7.0; https://parma.elettroservicegroup.it"
43.157.82.252 - - [05/Jul/2026:04:02:10 +0200] "GET /assistenza-lavatrici-parma HTTP/1.1" 301 - "-" "Mozilla/5.0 (iPhone; CPU iPhone OS 13_2_3 like Mac OS X) AppleWebKit/605.1.15 (KHTML, like Gecko) Version/13.0.3 Mobile/15E148 Safari/604.1"
43.157.82.252 - - [05/Jul/2026:04:02:13 +0200] "GET /assistenza-lavatrici-parma/ HTTP/1.1" 200 147608 "https://parma.elettroservicegroup.it/assistenza-lavatrici-parma" "Mozilla/5.0 (iPhone; CPU iPhone OS 13_2_3 like Mac OS X) AppleWebKit/605.1.15 (KHTML, like Gecko) Version/13.0.3 Mobile/15E148 Safari/604.1"
147.185.132.88 - - [05/Jul/2026:04:10:44 +0200] "GET / HTTP/1.1" 200 162178 "-" "Hello from Palo Alto Networks, find out more about our scans in https://docs-cortex.paloaltonetworks.com/r/1/Cortex-Xpanse/Scanning-activity"
65.108.235.243 - - [05/Jul/2026:04:13:13 +0200] "POST /wp-cron.php?doing_wp_cron=1783217592.9441320896148681640625 HTTP/1.1" 200 1 "-" "WordPress/7.0; https://parma.elettroservicegroup.it"
43.166.7.113 - - [05/Jul/2026:04:13:03 +0200] "GET /assistenza-smeg-parma/ HTTP/1.1" 200 150955 "-" "Mozilla/5.0 (iPhone; CPU iPhone OS 13_2_3 like Mac OS X) AppleWebKit/605.1.15 (KHTML, like Gecko) Version/13.0.3 Mobile/15E148 Safari/604.1"
202.78.167.209 - - [05/Jul/2026:04:20:51 +0200] "GET / HTTP/1.1" 200 11779 "https://www.parma.elettroservicegroup.it/" "Mozilla/5.0 (iPhone; CPU iPhone OS 17_5 like Mac OS X) AppleWebKit/605.1.15 (KHTML, like Gecko) Version/17.5 Mobile/15E148 Safari/604.1"
65.108.235.243 - - [05/Jul/2026:04:22:07 +0200] "POST /wp-cron.php?doing_wp_cron=1783218127.7480819225311279296875 HTTP/1.1" 200 1 "-" "WordPress/7.0; https://parma.elettroservicegroup.it"
43.157.156.190 - - [05/Jul/2026:04:21:57 +0200] "GET /assistenza-whirlpool-parma/ HTTP/1.1" 200 151247 "-" "Mozilla/5.0 (iPhone; CPU iPhone OS 13_2_3 like Mac OS X) AppleWebKit/605.1.15 (KHTML, like Gecko) Version/13.0.3 Mobile/15E148 Safari/604.1"
65.108.235.243 - - [05/Jul/2026:04:33:04 +0200] "POST /wp-cron.php?doing_wp_cron=1783218784.8561220169067382812500 HTTP/1.1" 200 1 "-" "WordPress/7.0; https://parma.elettroservicegroup.it"
43.133.69.37 - - [05/Jul/2026:04:32:57 +0200] "GET /comments/feed/ HTTP/1.1" 200 809 "-" "Mozilla/5.0 (iPhone; CPU iPhone OS 13_2_3 like Mac OS X) AppleWebKit/605.1.15 (KHTML, like Gecko) Version/13.0.3 Mobile/15E148 Safari/604.1"
65.108.235.243 - - [05/Jul/2026:04:41:23 +0200] "POST /wp-cron.php?doing_wp_cron=1783219282.9572539329528808593750 HTTP/1.1" 200 1 "-" "WordPress/7.0; https://parma.elettroservicegroup.it"
43.155.157.239 - - [05/Jul/2026:04:41:16 +0200] "GET /wp-json/oembed/1.0/embed?url=https%3A%2F%2Fparma.elettroservicegroup.it%2F HTTP/1.1" 200 2201 "-" "Mozilla/5.0 (iPhone; CPU iPhone OS 13_2_3 like Mac OS X) AppleWebKit/605.1.15 (KHTML, like Gecko) Version/13.0.3 Mobile/15E148 Safari/604.1"
65.108.235.243 - - [05/Jul/2026:04:53:40 +0200] "POST /wp-cron.php?doing_wp_cron=1783220020.6618149280548095703125 HTTP/1.1" 200 1 "-" "WordPress/7.0; https://parma.elettroservicegroup.it"
119.28.177.175 - - [05/Jul/2026:04:53:31 +0200] "GET /assistenza-rex-electrolux-parma/ HTTP/1.1" 200 151761 "-" "Mozilla/5.0 (iPhone; CPU iPhone OS 13_2_3 like Mac OS X) AppleWebKit/605.1.15 (KHTML, like Gecko) Version/13.0.3 Mobile/15E148 Safari/604.1"
65.108.235.243 - - [05/Jul/2026:04:53:42 +0200] "POST /wp-json/complianz/v1/wsc-scan HTTP/1.1" 400 88 "-" "WordPress/7.0; https://parma.elettroservicegroup.it"
65.108.235.243 - - [05/Jul/2026:05:02:46 +0200] "POST /wp-cron.php?doing_wp_cron=1783220566.4298698902130126953125 HTTP/1.1" 200 1 "-" "WordPress/7.0; https://parma.elettroservicegroup.it"
43.133.60.94 - - [05/Jul/2026:05:02:42 +0200] "GET /assistenza-candy-parma/ HTTP/1.1" 200 148266 "-" "Mozilla/5.0 (iPhone; CPU iPhone OS 13_2_3 like Mac OS X) AppleWebKit/605.1.15 (KHTML, like Gecko) Version/13.0.3 Mobile/15E148 Safari/604.1"
65.108.235.243 - - [05/Jul/2026:05:11:29 +0200] "POST /wp-cron.php?doing_wp_cron=1783221089.2601621150970458984375 HTTP/1.1" 200 1 "-" "WordPress/7.0; https://parma.elettroservicegroup.it"
43.157.158.178 - - [05/Jul/2026:05:11:19 +0200] "GET /assistenza-ariston-parma/ HTTP/1.1" 200 151009 "-" "Mozilla/5.0 (iPhone; CPU iPhone OS 13_2_3 like Mac OS X) AppleWebKit/605.1.15 (KHTML, like Gecko) Version/13.0.3 Mobile/15E148 Safari/604.1"
65.108.235.243 - - [05/Jul/2026:05:22:01 +0200] "POST /wp-cron.php?doing_wp_cron=1783221721.7567360401153564453125 HTTP/1.1" 200 1 "-" "WordPress/7.0; https://parma.elettroservicegroup.it"
43.133.66.51 - - [05/Jul/2026:05:21:54 +0200] "GET /assistenza-miele-parma/ HTTP/1.1" 200 148293 "-" "Mozilla/5.0 (iPhone; CPU iPhone OS 13_2_3 like Mac OS X) AppleWebKit/605.1.15 (KHTML, like Gecko) Version/13.0.3 Mobile/15E148 Safari/604.1"
65.108.235.243 - - [05/Jul/2026:05:34:06 +0200] "POST /wp-cron.php?doing_wp_cron=1783222446.4446771144866943359375 HTTP/1.1" 200 1 "-" "WordPress/7.0; https://parma.elettroservicegroup.it"
43.130.100.35 - - [05/Jul/2026:05:33:55 +0200] "GET /assistenza-siemens-parma/ HTTP/1.1" 200 151115 "-" "Mozilla/5.0 (iPhone; CPU iPhone OS 13_2_3 like Mac OS X) AppleWebKit/605.1.15 (KHTML, like Gecko) Version/13.0.3 Mobile/15E148 Safari/604.1"
65.108.235.243 - - [05/Jul/2026:05:40:32 +0200] "POST /wp-cron.php?doing_wp_cron=1783222832.1739499568939208984375 HTTP/1.1" 200 1 "-" "WordPress/7.0; https://parma.elettroservicegroup.it"
190.114.45.198 - - [05/Jul/2026:05:40:29 +0200] "GET /assistenza-rex-electrolux-collecchio/ HTTP/1.1" 200 22745 "-" "Mozilla/5.0 (Windows; U; Windows 98; Win 9x 4.90) AppleWebKit/532.37.7 (KHTML, like Gecko) Version/5.0.3 Safari/532.37.7"
65.108.235.243 - - [05/Jul/2026:05:42:51 +0200] "POST /wp-cron.php?doing_wp_cron=1783222971.5542480945587158203125 HTTP/1.1" 200 1 "-" "WordPress/7.0; https://parma.elettroservicegroup.it"
49.51.196.42 - - [05/Jul/2026:05:42:45 +0200] "GET /wp-json/oembed/1.0/embed?url=https%3A%2F%2Fparma.elettroservicegroup.it%2Fassistenza-siemens-parma%2F&format=xml HTTP/1.1" 200 2364 "-" "Mozilla/5.0 (iPhone; CPU iPhone OS 13_2_3 like Mac OS X) AppleWebKit/605.1.15 (KHTML, like Gecko) Version/13.0.3 Mobile/15E148 Safari/604.1"
65.108.235.243 - - [05/Jul/2026:05:52:39 +0200] "POST /wp-cron.php?doing_wp_cron=1783223559.7613980770111083984375 HTTP/1.1" 200 1 "-" "WordPress/7.0; https://parma.elettroservicegroup.it"
49.51.36.179 - - [05/Jul/2026:05:52:33 +0200] "GET /wp-json/oembed/1.0/embed?url=https%3A%2F%2Fparma.elettroservicegroup.it%2Fassistenza-siemens-parma%2F HTTP/1.1" 200 2226 "-" "Mozilla/5.0 (iPhone; CPU iPhone OS 13_2_3 like Mac OS X) AppleWebKit/605.1.15 (KHTML, like Gecko) Version/13.0.3 Mobile/15E148 Safari/604.1"
65.108.235.243 - - [05/Jul/2026:06:01:44 +0200] "POST /wp-cron.php?doing_wp_cron=1783224104.0627970695495605468750 HTTP/1.1" 200 1 "-" "WordPress/7.0; https://parma.elettroservicegroup.it"
43.133.91.48 - - [05/Jul/2026:06:01:37 +0200] "GET /?p=17314 HTTP/1.1" 301 - "-" "Mozilla/5.0 (iPhone; CPU iPhone OS 13_2_3 like Mac OS X) AppleWebKit/605.1.15 (KHTML, like Gecko) Version/13.0.3 Mobile/15E148 Safari/604.1"
65.108.235.243 - - [05/Jul/2026:06:01:46 +0200] "POST /wp-json/complianz/v1/wsc-scan HTTP/1.1" 400 88 "-" "WordPress/7.0; https://parma.elettroservicegroup.it"
65.108.235.243 - - [05/Jul/2026:06:01:50 +0200] "POST /wp-cron.php?doing_wp_cron=1783224110.3586521148681640625000 HTTP/1.1" 200 1 "-" "WordPress/7.0; https://parma.elettroservicegroup.it"
43.133.91.48 - - [05/Jul/2026:06:01:47 +0200] "GET /assistenza-lavatrici-parma/ HTTP/1.1" 200 147608 "https://parma.elettroservicegroup.it/?p=17314" "Mozilla/5.0 (iPhone; CPU iPhone OS 13_2_3 like Mac OS X) AppleWebKit/605.1.15 (KHTML, like Gecko) Version/13.0.3 Mobile/15E148 Safari/604.1"
65.108.235.243 - - [05/Jul/2026:06:02:54 +0200] "POST /wp-cron.php?doing_wp_cron=1783224173.9678049087524414062500 HTTP/1.1" 200 1 "-" "WordPress/7.0; https://parma.elettroservicegroup.it"
149.12.117.128 - - [05/Jul/2026:06:02:46 +0200] "GET /robots.txt HTTP/1.1" 200 189 "-" "Mozilla/5.0 (Windows NT 10.0; Win64; x64) AppleWebKit/537.36 (KHTML, like Gecko) Chrome/94.0.4606.81 Safari/537.36"
149.12.117.128 - - [05/Jul/2026:06:02:54 +0200] "GET / HTTP/1.1" 200 162178 "-" "Mozilla/5.0 (Windows NT 10.0; Win64; x64) AppleWebKit/537.36 (KHTML, like Gecko) Chrome/94.0.4606.81 Safari/537.36"
149.12.117.128 - - [05/Jul/2026:06:02:55 +0200] "GET / HTTP/1.1" 200 166313 "-" "Mozilla/5.0 (iPhone; CPU iPhone OS 6_0 like Mac OS X) AppleWebKit/536.26 (KHTML, like Gecko) Version/6.0 Mobile/10A5376e Safari/8536.25"
149.12.117.209 - - [05/Jul/2026:06:04:35 +0200] "GET /assistenza-ariston-parma/ HTTP/2.0" 200 22775 "-" "Mozilla/5.0 (Macintosh; Intel Mac OS X 10_15_7) AppleWebKit/537.36 (KHTML, like Gecko) Chrome/142.0.0.0 Safari/537.36"
149.12.117.209 - - [05/Jul/2026:06:04:40 +0200] "GET /wp-content/cache/wpfc-minified/9aoba38s/w4u5.css HTTP/2.0" 200 418 "https://www.google.com/" "Mozilla/5.0 (Macintosh; Intel Mac OS X 10_15_7) AppleWebKit/537.36 (KHTML, like Gecko) Chrome/142.0.0.0 Safari/537.36"
149.12.117.209 - - [05/Jul/2026:06:04:40 +0200] "GET /wp-content/uploads/elementor/css/post-14146.css?ver=1783097903 HTTP/2.0" 200 428 "https://www.google.com/" "Mozilla/5.0 (Macintosh; Intel Mac OS X 10_15_7) AppleWebKit/537.36 (KHTML, like Gecko) Chrome/142.0.0.0 Safari/537.36"
149.12.117.209 - - [05/Jul/2026:06:04:40 +0200] "GET /wp-content/cache/wpfc-minified/f4mpgdct/w4u5.css HTTP/2.0" 200 7521 "https://www.google.com/" "Mozilla/5.0 (Macintosh; Intel Mac OS X 10_15_7) AppleWebKit/537.36 (KHTML, like Gecko) Chrome/142.0.0.0 Safari/537.36"
149.12.117.209 - - [05/Jul/2026:06:04:40 +0200] "GET /wp-content/cache/wpfc-minified/mbb024jo/w4u5.css HTTP/2.0" 200 11341 "https://www.google.com/" "Mozilla/5.0 (Macintosh; Intel Mac OS X 10_15_7) AppleWebKit/537.36 (KHTML, like Gecko) Chrome/142.0.0.0 Safari/537.36"
149.12.117.209 - - [05/Jul/2026:06:04:40 +0200] "GET /wp-content/uploads/elementor/css/post-17270.css?ver=1783193651 HTTP/2.0" 200 2155 "https://www.google.com/" "Mozilla/5.0 (Macintosh; Intel Mac OS X 10_15_7) AppleWebKit/537.36 (KHTML, like Gecko) Chrome/142.0.0.0 Safari/537.36"
149.12.117.209 - - [05/Jul/2026:06:04:40 +0200] "GET /wp-content/uploads/elementor/css/post-14366.css?ver=1783097904 HTTP/2.0" 200 302 "https://www.google.com/" "Mozilla/5.0 (Macintosh; Intel Mac OS X 10_15_7) AppleWebKit/537.36 (KHTML, like Gecko) Chrome/142.0.0.0 Safari/537.36"
149.12.117.209 - - [05/Jul/2026:06:04:40 +0200] "GET /wp-content/cache/wpfc-minified/7aujoglc/20851.css HTTP/2.0" 200 16439 "https://www.google.com/" "Mozilla/5.0 (Macintosh; Intel Mac OS X 10_15_7) AppleWebKit/537.36 (KHTML, like Gecko) Chrome/142.0.0.0 Safari/537.36"
149.12.117.209 - - [05/Jul/2026:06:04:40 +0200] "GET /wp-content/cache/wpfc-minified/eqzpooq2/w4u5.css HTTP/2.0" 200 4410 "https://www.google.com/" "Mozilla/5.0 (Macintosh; Intel Mac OS X 10_15_7) AppleWebKit/537.36 (KHTML, like Gecko) Chrome/142.0.0.0 Safari/537.36"
149.12.117.209 - - [05/Jul/2026:06:04:40 +0200] "GET /wp-content/cache/wpfc-minified/bwue548/w4u5.css HTTP/2.0" 200 19037 "https://www.google.com/" "Mozilla/5.0 (Macintosh; Intel Mac OS X 10_15_7) AppleWebKit/537.36 (KHTML, like Gecko) Chrome/142.0.0.0 Safari/537.36"
149.12.117.209 - - [05/Jul/2026:06:04:40 +0200] "GET /wp-content/cache/wpfc-minified/fpvwzn7j/w4u5.css HTTP/2.0" 200 14485 "https://www.google.com/" "Mozilla/5.0 (Macintosh; Intel Mac OS X 10_15_7) AppleWebKit/537.36 (KHTML, like Gecko) Chrome/142.0.0.0 Safari/537.36"
149.12.117.209 - - [05/Jul/2026:06:04:40 +0200] "GET /wp-content/cache/wpfc-minified/6x0aa0gs/w4u5.js HTTP/2.0" 200 42443 "https://www.google.com/" "Mozilla/5.0 (Macintosh; Intel Mac OS X 10_15_7) AppleWebKit/537.36 (KHTML, like Gecko) Chrome/142.0.0.0 Safari/537.36"
149.12.117.209 - - [05/Jul/2026:06:04:40 +0200] "GET /wp-content/plugins/elementor/assets/js/webpack.runtime.min.js?ver=4.1.4 HTTP/2.0" 200 2340 "https://www.google.com/" "Mozilla/5.0 (Macintosh; Intel Mac OS X 10_15_7) AppleWebKit/537.36 (KHTML, like Gecko) Chrome/142.0.0.0 Safari/537.36"
149.12.117.209 - - [05/Jul/2026:06:04:40 +0200] "GET /wp-content/plugins/gp-premium/menu-plus/functions/js/sticky.min.js?ver=2.5.5 HTTP/2.0" 200 2670 "https://www.google.com/" "Mozilla/5.0 (Macintosh; Intel Mac OS X 10_15_7) AppleWebKit/537.36 (KHTML, like Gecko) Chrome/142.0.0.0 Safari/537.36"
149.12.117.209 - - [05/Jul/2026:06:04:40 +0200] "GET /wp-content/themes/generatepress/assets/js/back-to-top.min.js?ver=3.6.1 HTTP/2.0" 200 336 "https://www.google.com/" "Mozilla/5.0 (Macintosh; Intel Mac OS X 10_15_7) AppleWebKit/537.36 (KHTML, like Gecko) Chrome/142.0.0.0 Safari/537.36"
149.12.117.209 - - [05/Jul/2026:06:04:40 +0200] "GET /wp-content/plugins/elementor/assets/js/frontend-modules.min.js?ver=4.1.4 HTTP/2.0" 200 15454 "https://www.google.com/" "Mozilla/5.0 (Macintosh; Intel Mac OS X 10_15_7) AppleWebKit/537.36 (KHTML, like Gecko) Chrome/142.0.0.0 Safari/537.36"
149.12.117.209 - - [05/Jul/2026:06:04:40 +0200] "GET /wp-content/themes/generatepress/assets/js/menu.min.js?ver=3.6.1 HTTP/2.0" 200 1688 "https://www.google.com/" "Mozilla/5.0 (Macintosh; Intel Mac OS X 10_15_7) AppleWebKit/537.36 (KHTML, like Gecko) Chrome/142.0.0.0 Safari/537.36"
149.12.117.209 - - [05/Jul/2026:06:04:40 +0200] "GET /wp-includes/js/jquery/ui/core.min.js?ver=1.13.3 HTTP/2.0" 200 6820 "https://www.google.com/" "Mozilla/5.0 (Macintosh; Intel Mac OS X 10_15_7) AppleWebKit/537.36 (KHTML, like Gecko) Chrome/142.0.0.0 Safari/537.36"
149.12.117.209 - - [05/Jul/2026:06:04:40 +0200] "GET /wp-content/plugins/elementor/assets/js/frontend.min.js?ver=4.1.4 HTTP/2.0" 200 10140 "https://www.google.com/" "Mozilla/5.0 (Macintosh; Intel Mac OS X 10_15_7) AppleWebKit/537.36 (KHTML, like Gecko) Chrome/142.0.0.0 Safari/537.36"
149.12.117.209 - - [05/Jul/2026:06:04:40 +0200] "GET /wp-content/plugins/complianz-gdpr-premium/cookiebanner/js/complianz.min.js?ver=1783097331 HTTP/2.0" 200 10762 "https://www.google.com/" "Mozilla/5.0 (Macintosh; Intel Mac OS X 10_15_7) AppleWebKit/537.36 (KHTML, like Gecko) Chrome/142.0.0.0 Safari/537.36"
149.12.117.209 - - [05/Jul/2026:06:04:40 +0200] "GET /wp-content/plugins/elementor/assets/js/section-frontend-handlers.d85ab872da118940910d.bundle.min.js HTTP/2.0" 200 230 "https://www.google.com/" "Mozilla/5.0 (Macintosh; Intel Mac OS X 10_15_7) AppleWebKit/537.36 (KHTML, like Gecko) Chrome/142.0.0.0 Safari/537.36"
149.12.117.209 - - [05/Jul/2026:06:04:40 +0200] "GET /wp-content/plugins/elementor/assets/js/shared-frontend-handlers.03caa53373b56d3bab67.bundle.min.js HTTP/2.0" 200 2515 "https://www.google.com/" "Mozilla/5.0 (Macintosh; Intel Mac OS X 10_15_7) AppleWebKit/537.36 (KHTML, like Gecko) Chrome/142.0.0.0 Safari/537.36"
149.12.117.209 - - [05/Jul/2026:06:04:40 +0200] "GET /wp-content/plugins/elementor/assets/js/text-editor.45609661e409413f1cef.bundle.min.js HTTP/2.0" 200 592 "https://www.google.com/" "Mozilla/5.0 (Macintosh; Intel Mac OS X 10_15_7) AppleWebKit/537.36 (KHTML, like Gecko) Chrome/142.0.0.0 Safari/537.36"
149.12.117.209 - - [05/Jul/2026:06:04:40 +0200] "POST /wp-content/plugins/burst-statistics/endpoint.php HTTP/2.0" 200 1 "https://www.google.com/" "Mozilla/5.0 (Macintosh; Intel Mac OS X 10_15_7) AppleWebKit/537.36 (KHTML, like Gecko) Chrome/142.0.0.0 Safari/537.36"
65.108.235.243 - - [05/Jul/2026:06:04:43 +0200] "POST /wp-cron.php?doing_wp_cron=1783224282.9601809978485107421875 HTTP/1.1" 200 1 "-" "WordPress/7.0; https://parma.elettroservicegroup.it"
149.12.117.209 - - [05/Jul/2026:06:04:40 +0200] "GET /wp-json/complianz/v1/banner?lang=it&locale=it_IT&token=atjcx HTTP/2.0" 200 81 "https://www.google.com/" "Mozilla/5.0 (Macintosh; Intel Mac OS X 10_15_7) AppleWebKit/537.36 (KHTML, like Gecko) Chrome/142.0.0.0 Safari/537.36"
149.12.117.209 - - [05/Jul/2026:06:04:43 +0200] "GET /wp-content/uploads/complianz/css/banner-1-optin.css?v=46 HTTP/2.0" 200 2857 "https://www.google.com/" "Mozilla/5.0 (Macintosh; Intel Mac OS X 10_15_7) AppleWebKit/537.36 (KHTML, like Gecko) Chrome/142.0.0.0 Safari/537.36"
149.12.117.209 - - [05/Jul/2026:06:04:43 +0200] "GET /wp-json/complianz/v1/cookie_data HTTP/2.0" 200 81 "https://www.google.com/" "Mozilla/5.0 (Macintosh; Intel Mac OS X 10_15_7) AppleWebKit/537.36 (KHTML, like Gecko) Chrome/142.0.0.0 Safari/537.36"
149.12.117.128 - - [05/Jul/2026:06:04:46 +0200] "GET /ads.txt HTTP/1.1" 404 87721 "-" "Mozilla/5.0 (Windows NT 10.0; Win64; x64) AppleWebKit/537.36 (KHTML, like Gecko) Chrome/94.0.4606.81 Safari/537.36"
65.108.235.243 - - [05/Jul/2026:06:04:50 +0200] "POST /wp-cron.php?doing_wp_cron=1783224290.2460789680480957031250 HTTP/1.1" 200 1 "-" "WordPress/7.0; https://parma.elettroservicegroup.it"
149.12.117.128 - - [05/Jul/2026:06:04:48 +0200] "GET /assistenza-lavastoviglie-parma HTTP/1.1" 301 - "-" "Mozilla/5.0 (iPhone; CPU iPhone OS 6_0 like Mac OS X) AppleWebKit/536.26 (KHTML, like Gecko) Version/6.0 Mobile/10A5376e Safari/8536.25"
149.12.117.128 - - [05/Jul/2026:06:04:48 +0200] "GET /assistenza-whirlpool-parma/ HTTP/1.1" 200 151247 "-" "Mozilla/5.0 (iPhone; CPU iPhone OS 6_0 like Mac OS X) AppleWebKit/536.26 (KHTML, like Gecko) Version/6.0 Mobile/10A5376e Safari/8536.25"
149.12.117.128 - - [05/Jul/2026:06:04:48 +0200] "GET /assistenza-candy-parma/ HTTP/1.1" 200 148266 "-" "Mozilla/5.0 (iPhone; CPU iPhone OS 6_0 like Mac OS X) AppleWebKit/536.26 (KHTML, like Gecko) Version/6.0 Mobile/10A5376e Safari/8536.25"
65.108.235.243 - - [05/Jul/2026:06:04:52 +0200] "POST /wp-cron.php?doing_wp_cron=1783224292.5626649856567382812500 HTTP/1.1" 200 1 "-" "WordPress/7.0; https://parma.elettroservicegroup.it"
149.12.117.128 - - [05/Jul/2026:06:04:48 +0200] "GET /assistenza-asciugatrici/ HTTP/1.1" 200 139245 "-" "Mozilla/5.0 (iPhone; CPU iPhone OS 6_0 like Mac OS X) AppleWebKit/536.26 (KHTML, like Gecko) Version/6.0 Mobile/10A5376e Safari/8536.25"
149.12.117.128 - - [05/Jul/2026:06:04:50 +0200] "GET /assistenza-lavastoviglie-parma/ HTTP/1.1" 200 150931 "-" "Mozilla/5.0 (iPhone; CPU iPhone OS 6_0 like Mac OS X) AppleWebKit/536.26 (KHTML, like Gecko) Version/6.0 Mobile/10A5376e Safari/8536.25"
149.12.117.128 - - [05/Jul/2026:06:04:53 +0200] "GET /assistenza-lavastoviglie-parma HTTP/1.1" 301 - "-" "Mozilla/5.0 (Windows NT 10.0; Win64; x64) AppleWebKit/537.36 (KHTML, like Gecko) Chrome/94.0.4606.81 Safari/537.36"
149.12.117.128 - - [05/Jul/2026:06:04:53 +0200] "GET /assistenza-asciugatrici HTTP/1.1" 301 - "-" "Mozilla/5.0 (Windows NT 10.0; Win64; x64) AppleWebKit/537.36 (KHTML, like Gecko) Chrome/94.0.4606.81 Safari/537.36"
149.12.117.128 - - [05/Jul/2026:06:04:53 +0200] "GET /assistenza-lavatrici-parma HTTP/1.1" 301 - "-" "Mozilla/5.0 (Windows NT 10.0; Win64; x64) AppleWebKit/537.36 (KHTML, like Gecko) Chrome/94.0.4606.81 Safari/537.36"
149.12.117.128 - - [05/Jul/2026:06:04:53 +0200] "GET /assistenza-condizionatori/ HTTP/1.1" 404 87829 "-" "Mozilla/5.0 (Windows NT 10.0; Win64; x64) AppleWebKit/537.36 (KHTML, like Gecko) Chrome/94.0.4606.81 Safari/537.36"
149.12.117.128 - - [05/Jul/2026:06:04:53 +0200] "GET /assistenza-whirlpool-parma/ HTTP/1.1" 200 147969 "-" "Mozilla/5.0 (Windows NT 10.0; Win64; x64) AppleWebKit/537.36 (KHTML, like Gecko) Chrome/94.0.4606.81 Safari/537.36"
149.12.117.128 - - [05/Jul/2026:06:04:53 +0200] "GET /assistenza-candy-parma/ HTTP/1.1" 200 145073 "-" "Mozilla/5.0 (Windows NT 10.0; Win64; x64) AppleWebKit/537.36 (KHTML, like Gecko) Chrome/94.0.4606.81 Safari/537.36"
149.12.117.128 - - [05/Jul/2026:06:04:53 +0200] "GET /assistenza-smeg-parma/ HTTP/1.1" 200 147677 "-" "Mozilla/5.0 (Windows NT 10.0; Win64; x64) AppleWebKit/537.36 (KHTML, like Gecko) Chrome/94.0.4606.81 Safari/537.36"
149.12.117.128 - - [05/Jul/2026:06:04:53 +0200] "GET /assistenza-asciugatrici/ HTTP/1.1" 200 136287 "-" "Mozilla/5.0 (Windows NT 10.0; Win64; x64) AppleWebKit/537.36 (KHTML, like Gecko) Chrome/94.0.4606.81 Safari/537.36"
149.12.117.128 - - [05/Jul/2026:06:04:53 +0200] "GET /assistenza-aeg-parma/ HTTP/1.1" 200 149641 "-" "Mozilla/5.0 (Windows NT 10.0; Win64; x64) AppleWebKit/537.36 (KHTML, like Gecko) Chrome/94.0.4606.81 Safari/537.36"
149.12.117.128 - - [05/Jul/2026:06:04:53 +0200] "GET /assistenza-indesit-parma/ HTTP/1.1" 200 147750 "-" "Mozilla/5.0 (Windows NT 10.0; Win64; x64) AppleWebKit/537.36 (KHTML, like Gecko) Chrome/94.0.4606.81 Safari/537.36"
149.12.117.128 - - [05/Jul/2026:06:04:55 +0200] "GET /assistenza-lavastoviglie-parma/ HTTP/1.1" 200 147547 "-" "Mozilla/5.0 (Windows NT 10.0; Win64; x64) AppleWebKit/537.36 (KHTML, like Gecko) Chrome/94.0.4606.81 Safari/537.36"
149.12.117.128 - - [05/Jul/2026:06:04:56 +0200] "GET /assistenza-asciugatrici/ HTTP/1.1" 200 136287 "-" "Mozilla/5.0 (Windows NT 10.0; Win64; x64) AppleWebKit/537.36 (KHTML, like Gecko) Chrome/94.0.4606.81 Safari/537.36"
149.12.117.128 - - [05/Jul/2026:06:04:56 +0200] "GET /assistenza-lavatrici-parma/ HTTP/1.1" 200 144424 "-" "Mozilla/5.0 (Windows NT 10.0; Win64; x64) AppleWebKit/537.36 (KHTML, like Gecko) Chrome/94.0.4606.81 Safari/537.36"
149.12.117.128 - - [05/Jul/2026:06:05:03 +0200] "GET /assistenza-ariston-parma/ HTTP/1.1" 200 147702 "-" "Mozilla/5.0 (Windows NT 10.0; Win64; x64) AppleWebKit/537.36 (KHTML, like Gecko) Chrome/94.0.4606.81 Safari/537.36"
149.12.117.128 - - [05/Jul/2026:06:05:03 +0200] "GET /assistenza-rex-electrolux-parma/ HTTP/1.1" 200 148454 "-" "Mozilla/5.0 (Windows NT 10.0; Win64; x64) AppleWebKit/537.36 (KHTML, like Gecko) Chrome/94.0.4606.81 Safari/537.36"
149.12.117.128 - - [05/Jul/2026:06:05:03 +0200] "GET /privacy-statement-eu/ HTTP/1.1" 200 102274 "-" "Mozilla/5.0 (Windows NT 10.0; Win64; x64) AppleWebKit/537.36 (KHTML, like Gecko) Chrome/94.0.4606.81 Safari/537.36"
149.12.117.128 - - [05/Jul/2026:06:05:03 +0200] "GET /assistenza-bosch-parma/ HTTP/1.1" 200 148261 "-" "Mozilla/5.0 (Windows NT 10.0; Win64; x64) AppleWebKit/537.36 (KHTML, like Gecko) Chrome/94.0.4606.81 Safari/537.36"
149.12.117.128 - - [05/Jul/2026:06:05:03 +0200] "GET /assistenza-forni-elettrici HTTP/1.1" 301 - "-" "Mozilla/5.0 (Windows NT 10.0; Win64; x64) AppleWebKit/537.36 (KHTML, like Gecko) Chrome/94.0.4606.81 Safari/537.36"
149.12.117.128 - - [05/Jul/2026:06:05:03 +0200] "GET /assistenza-frigoriferi HTTP/1.1" 301 - "-" "Mozilla/5.0 (Windows NT 10.0; Win64; x64) AppleWebKit/537.36 (KHTML, like Gecko) Chrome/94.0.4606.81 Safari/537.36"
149.12.117.128 - - [05/Jul/2026:06:05:03 +0200] "GET /termini-e-condizioni HTTP/1.1" 301 - "-" "Mozilla/5.0 (Windows NT 10.0; Win64; x64) AppleWebKit/537.36 (KHTML, like Gecko) Chrome/94.0.4606.81 Safari/537.36"
149.12.117.128 - - [05/Jul/2026:06:05:03 +0200] "GET /assistenza-condizionatori HTTP/1.1" 404 87829 "-" "Mozilla/5.0 (Windows NT 10.0; Win64; x64) AppleWebKit/537.36 (KHTML, like Gecko) Chrome/94.0.4606.81 Safari/537.36"
149.12.117.128 - - [05/Jul/2026:06:05:03 +0200] "GET /assistenza-miele-parma/ HTTP/1.1" 200 145100 "-" "Mozilla/5.0 (Windows NT 10.0; Win64; x64) AppleWebKit/537.36 (KHTML, like Gecko) Chrome/94.0.4606.81 Safari/537.36"
149.12.117.128 - - [05/Jul/2026:06:05:03 +0200] "GET /assistenza-siemens-parma/ HTTP/1.1" 200 147837 "-" "Mozilla/5.0 (Windows NT 10.0; Win64; x64) AppleWebKit/537.36 (KHTML, like Gecko) Chrome/94.0.4606.81 Safari/537.36"
149.12.117.128 - - [05/Jul/2026:06:05:05 +0200] "GET /termini-e-condizioni/ HTTP/1.1" 200 96685 "-" "Mozilla/5.0 (Windows NT 10.0; Win64; x64) AppleWebKit/537.36 (KHTML, like Gecko) Chrome/94.0.4606.81 Safari/537.36"
149.12.117.128 - - [05/Jul/2026:06:05:05 +0200] "GET /assistenza-frigoriferi/ HTTP/1.1" 200 134796 "-" "Mozilla/5.0 (Windows NT 10.0; Win64; x64) AppleWebKit/537.36 (KHTML, like Gecko) Chrome/94.0.4606.81 Safari/537.36"
149.12.117.128 - - [05/Jul/2026:06:05:05 +0200] "GET /assistenza-forni-elettrici/ HTTP/1.1" 200 135206 "-" "Mozilla/5.0 (Windows NT 10.0; Win64; x64) AppleWebKit/537.36 (KHTML, like Gecko) Chrome/94.0.4606.81 Safari/537.36"
149.12.117.128 - - [05/Jul/2026:06:05:13 +0200] "GET /cookie-policy-ue/ HTTP/1.1" 200 112156 "-" "Mozilla/5.0 (Windows NT 10.0; Win64; x64) AppleWebKit/537.36 (KHTML, like Gecko) Chrome/94.0.4606.81 Safari/537.36"
149.12.117.128 - - [05/Jul/2026:06:05:13 +0200] "GET /assistenza-forni-elettrici- HTTP/1.1" 301 - "-" "Mozilla/5.0 (Windows NT 10.0; Win64; x64) AppleWebKit/537.36 (KHTML, like Gecko) Chrome/94.0.4606.81 Safari/537.36"
149.12.117.128 - - [05/Jul/2026:06:05:13 +0200] "GET /informativa-privacy HTTP/1.1" 301 - "-" "Mozilla/5.0 (Windows NT 10.0; Win64; x64) AppleWebKit/537.36 (KHTML, like Gecko) Chrome/94.0.4606.81 Safari/537.36"
149.12.117.128 - - [05/Jul/2026:06:05:13 +0200] "GET /parmaelettroservicegroupit/titolo/ HTTP/1.1" 404 87883 "-" "Mozilla/5.0 (Windows NT 10.0; Win64; x64) AppleWebKit/537.36 (KHTML, like Gecko) Chrome/94.0.4606.81 Safari/537.36"
149.12.117.128 - - [05/Jul/2026:06:05:13 +0200] "GET /assistenza-forni-elettrici-/ HTTP/1.1" 200 135206 "-" "Mozilla/5.0 (Windows NT 10.0; Win64; x64) AppleWebKit/537.36 (KHTML, like Gecko) Chrome/94.0.4606.81 Safari/537.36"
149.12.117.128 - - [05/Jul/2026:06:05:13 +0200] "GET /imprint/ HTTP/1.1" 200 93862 "-" "Mozilla/5.0 (Windows NT 10.0; Win64; x64) AppleWebKit/537.36 (KHTML, like Gecko) Chrome/94.0.4606.81 Safari/537.36"
149.12.117.128 - - [05/Jul/2026:06:05:15 +0200] "GET /informativa-privacy/ HTTP/1.1" 200 102138 "-" "Mozilla/5.0 (Windows NT 10.0; Win64; x64) AppleWebKit/537.36 (KHTML, like Gecko) Chrome/94.0.4606.81 Safari/537.36"
149.12.117.128 - - [05/Jul/2026:06:05:15 +0200] "GET /assistenza-forni-elettrici-/ HTTP/1.1" 200 135206 "-" "Mozilla/5.0 (Windows NT 10.0; Win64; x64) AppleWebKit/537.36 (KHTML, like Gecko) Chrome/94.0.4606.81 Safari/537.36"
170.168.99.24 - - [05/Jul/2026:06:05:39 +0200] "POST /xmlrpc.php HTTP/1.1" 200 11732 "-" "Mozilla/5.0 (Windows NT 10.0; Win64; x64) AppleWebKit/537.36"
65.108.235.243 - - [05/Jul/2026:06:12:44 +0200] "POST /wp-cron.php?doing_wp_cron=1783224764.5486459732055664062500 HTTP/1.1" 200 1 "-" "WordPress/7.0; https://parma.elettroservicegroup.it"
43.157.20.63 - - [05/Jul/2026:06:12:36 +0200] "GET /?p=17361 HTTP/1.1" 301 - "-" "Mozilla/5.0 (iPhone; CPU iPhone OS 13_2_3 like Mac OS X) AppleWebKit/605.1.15 (KHTML, like Gecko) Version/13.0.3 Mobile/15E148 Safari/604.1"
65.108.235.243 - - [05/Jul/2026:06:12:50 +0200] "POST /wp-cron.php?doing_wp_cron=1783224770.5631549358367919921875 HTTP/1.1" 200 1 "-" "WordPress/7.0; https://parma.elettroservicegroup.it"
43.157.20.63 - - [05/Jul/2026:06:12:47 +0200] "GET /assistenza-smeg-parma/ HTTP/1.1" 200 150955 "https://parma.elettroservicegroup.it/?p=17361" "Mozilla/5.0 (iPhone; CPU iPhone OS 13_2_3 like Mac OS X) AppleWebKit/605.1.15 (KHTML, like Gecko) Version/13.0.3 Mobile/15E148 Safari/604.1"
65.108.235.243 - - [05/Jul/2026:06:23:06 +0200] "POST /wp-cron.php?doing_wp_cron=1783225386.3478019237518310546875 HTTP/1.1" 200 1 "-" "WordPress/7.0; https://parma.elettroservicegroup.it"
43.131.26.226 - - [05/Jul/2026:06:23:01 +0200] "GET /wp-json/oembed/1.0/embed?url=https%3A%2F%2Fparma.elettroservicegroup.it%2Fassistenza-whirlpool-parma%2F HTTP/1.1" 200 2236 "-" "Mozilla/5.0 (iPhone; CPU iPhone OS 13_2_3 like Mac OS X) AppleWebKit/605.1.15 (KHTML, like Gecko) Version/13.0.3 Mobile/15E148 Safari/604.1"
51.68.171.141 - - [05/Jul/2026:06:31:14 +0200] "GET /blog-verify HTTP/2.0" 404 87745 "-" "Mozilla/5.0 (Windows NT 10.0; Win64; x64) AppleWebKit/537.36 (KHTML, like Gecko) Chrome/147.0.0.0 Safari/537.36"
65.108.235.243 - - [05/Jul/2026:06:31:21 +0200] "POST /wp-cron.php?doing_wp_cron=1783225881.0552821159362792968750 HTTP/1.1" 200 1 "-" "WordPress/7.0; https://parma.elettroservicegroup.it"
51.68.171.141 - - [05/Jul/2026:06:31:14 +0200] "GET /wp-content/plugins/cidaas-pro-master/composer.json HTTP/2.0" 404 87997 "-" "Mozilla/5.0 (Macintosh; Intel Mac OS X 10_15_7) AppleWebKit/537.36 (KHTML, like Gecko) Chrome/149.0.0.0 Safari/537.36"
43.154.127.188 - - [05/Jul/2026:06:31:26 +0200] "GET /wp-json/oembed/1.0/embed?url=https%3A%2F%2Fparma.elettroservicegroup.it%2Fassistenza-rex-electrolux-parma%2F&format=xml HTTP/1.1" 200 2399 "-" "Mozilla/5.0 (iPhone; CPU iPhone OS 13_2_3 like Mac OS X) AppleWebKit/605.1.15 (KHTML, like Gecko) Version/13.0.3 Mobile/15E148 Safari/604.1"
65.108.235.243 - - [05/Jul/2026:06:33:22 +0200] "POST /wp-cron.php?doing_wp_cron=1783226002.6474940776824951171875 HTTP/1.1" 200 1 "-" "WordPress/7.0; https://parma.elettroservicegroup.it"
51.68.171.141 - - [05/Jul/2026:06:33:14 +0200] "GET /?wmo_hc=k7Hx9mQp2wRt HTTP/2.0" 415 166313 "-" "Mozilla/5.0 (X11; Linux x86_64; rv:150.0) Gecko/20100101 Firefox/150.0"
65.108.235.243 - - [05/Jul/2026:06:42:43 +0200] "POST /wp-cron.php?doing_wp_cron=1783226563.2549901008605957031250 HTTP/1.1" 200 1 "-" "WordPress/7.0; https://parma.elettroservicegroup.it"
43.130.74.193 - - [05/Jul/2026:06:42:37 +0200] "GET /?p=17354 HTTP/1.1" 301 - "-" "Mozilla/5.0 (iPhone; CPU iPhone OS 13_2_3 like Mac OS X) AppleWebKit/605.1.15 (KHTML, like Gecko) Version/13.0.3 Mobile/15E148 Safari/604.1"
43.130.74.193 - - [05/Jul/2026:06:42:44 +0200] "GET /assistenza-rex-electrolux-parma/ HTTP/1.1" 200 151761 "https://parma.elettroservicegroup.it/?p=17354" "Mozilla/5.0 (iPhone; CPU iPhone OS 13_2_3 like Mac OS X) AppleWebKit/605.1.15 (KHTML, like Gecko) Version/13.0.3 Mobile/15E148 Safari/604.1"
65.108.235.243 - - [05/Jul/2026:06:52:16 +0200] "POST /wp-cron.php?doing_wp_cron=1783227136.1451671123504638671875 HTTP/1.1" 200 1 "-" "WordPress/7.0; https://parma.elettroservicegroup.it"
43.159.35.188 - - [05/Jul/2026:06:52:10 +0200] "GET /wp-json/oembed/1.0/embed?url=https%3A%2F%2Fparma.elettroservicegroup.it%2Fassistenza-rex-electrolux-parma%2F HTTP/1.1" 200 2261 "-" "Mozilla/5.0 (iPhone; CPU iPhone OS 13_2_3 like Mac OS X) AppleWebKit/605.1.15 (KHTML, like Gecko) Version/13.0.3 Mobile/15E148 Safari/604.1"
65.108.235.243 - - [05/Jul/2026:07:03:29 +0200] "POST /wp-cron.php?doing_wp_cron=1783227809.2774229049682617187500 HTTP/1.1" 200 1 "-" "WordPress/7.0; https://parma.elettroservicegroup.it"
43.163.112.239 - - [05/Jul/2026:07:03:26 +0200] "GET /wp-json/wp/v2/pages/17278 HTTP/1.1" 200 77669 "-" "Mozilla/5.0 (iPhone; CPU iPhone OS 13_2_3 like Mac OS X) AppleWebKit/605.1.15 (KHTML, like Gecko) Version/13.0.3 Mobile/15E148 Safari/604.1"
65.108.235.243 - - [05/Jul/2026:07:03:29 +0200] "POST /wp-json/complianz/v1/wsc-scan HTTP/1.1" 400 88 "-" "WordPress/7.0; https://parma.elettroservicegroup.it"
65.108.235.243 - - [05/Jul/2026:07:09:01 +0200] "POST /wp-cron.php?doing_wp_cron=1783228141.3593440055847167968750 HTTP/1.1" 200 1 "-" "WordPress/7.0; https://parma.elettroservicegroup.it"
43.157.172.39 - - [05/Jul/2026:07:08:54 +0200] "GET /wp-json/oembed/1.0/embed?url=https%3A%2F%2Fparma.elettroservicegroup.it%2Fassistenza-ariston-parma%2F&format=xml HTTP/1.1" 200 2364 "-" "Mozilla/5.0 (iPhone; CPU iPhone OS 13_2_3 like Mac OS X) AppleWebKit/605.1.15 (KHTML, like Gecko) Version/13.0.3 Mobile/15E148 Safari/604.1"
65.108.235.243 - - [05/Jul/2026:07:22:15 +0200] "POST /wp-cron.php?doing_wp_cron=1783228935.2750709056854248046875 HTTP/1.1" 200 1 "-" "WordPress/7.0; https://parma.elettroservicegroup.it"
