65.108.235.243 - - [04/Jul/2026:14:31:03 +0200] "POST /wp-cron.php?doing_wp_cron=1783168263.6136870384216308593750 HTTP/1.1" 200 1 "-" "WordPress/7.0; https://parma.elettroservicegroup.it"
138.246.253.24 - - [04/Jul/2026:14:30:56 +0200] "GET /robots.txt HTTP/1.1" 200 189 "-" "Mozilla/5.0 (Windows NT 10.0; Win64; x64) AppleWebKit/537.36 (KHTML, like Gecko) Chrome/103.0.5060.134 Safari/537.36"
65.108.235.243 - - [04/Jul/2026:14:31:06 +0200] "POST /wp-json/complianz/v1/wsc-scan HTTP/1.1" 400 88 "-" "WordPress/7.0; https://parma.elettroservicegroup.it"
65.108.235.243 - - [04/Jul/2026:15:00:16 +0200] "POST /wp-cron.php?doing_wp_cron=1783170016.2015130519866943359375 HTTP/1.1" 200 1 "-" "WordPress/7.0; https://parma.elettroservicegroup.it"
216.73.216.158 - - [04/Jul/2026:15:00:09 +0200] "GET /robots.txt HTTP/2.0" 200 104 "-" "Mozilla/5.0 AppleWebKit/537.36 (KHTML, like Gecko; compatible; ClaudeBot/1.0; +claudebot@anthropic.com)"
65.108.235.243 - - [04/Jul/2026:15:02:07 +0200] "POST /wp-cron.php?doing_wp_cron=1783170127.0814130306243896484375 HTTP/1.1" 200 1 "-" "WordPress/7.0; https://parma.elettroservicegroup.it"
66.249.64.71 - - [04/Jul/2026:15:02:05 +0200] "GET /sitemap23.xml HTTP/1.1" 302 1 "-" "Mozilla/5.0 (compatible; Googlebot/2.1; +http://www.google.com/bot.html)"
66.249.64.70 - - [04/Jul/2026:15:02:07 +0200] "GET /sitemap.xml HTTP/1.1" 200 311 "-" "Mozilla/5.0 (compatible; Googlebot/2.1; +http://www.google.com/bot.html)"
65.108.235.243 - - [04/Jul/2026:15:12:57 +0200] "POST /wp-cron.php?doing_wp_cron=1783170777.4992549419403076171875 HTTP/1.1" 200 1 "-" "WordPress/7.0; https://parma.elettroservicegroup.it"
66.249.89.135 - - [04/Jul/2026:15:12:47 +0200] "GET /assistenza-lavastoviglie-parma/ HTTP/1.1" 200 22794 "-" "Mozilla/5.0 (Linux; Android 6.0.1; Nexus 5X Build/MMB29P) AppleWebKit/537.36 (KHTML, like Gecko) Chrome/150.0.7871.46 Mobile Safari/537.36 (compatible; AdsBot-Google-Mobile; +http://www.google.com/mobile/adsbot.html)"
66.249.89.135 - - [04/Jul/2026:15:13:01 +0200] "GET /wp-content/uploads/elementor/css/post-17286.css?ver=1783170776 HTTP/1.1" 200 2371 "https://parma.elettroservicegroup.it/assistenza-lavastoviglie-parma/" "AdsBot-Google (+http://www.google.com/adsbot.html)"
66.249.89.135 - - [04/Jul/2026:15:13:01 +0200] "GET /wp-content/uploads/burst/js/burst.min.js?ver=1783158851 HTTP/1.1" 200 3411 "https://parma.elettroservicegroup.it/assistenza-lavastoviglie-parma/" "AdsBot-Google (+http://www.google.com/adsbot.html)"
65.108.235.243 - - [04/Jul/2026:15:15:24 +0200] "POST /wp-cron.php?doing_wp_cron=1783170924.1988940238952636718750 HTTP/1.1" 200 1 "-" "WordPress/7.0; https://parma.elettroservicegroup.it"
104.210.140.140 - - [04/Jul/2026:15:15:16 +0200] "GET /robots.txt HTTP/2.0" 200 104 "-" "Mozilla/5.0 (Macintosh; Intel Mac OS X 10_15_7) AppleWebKit/537.36 (KHTML, like Gecko) Chrome/131.0.0.0 Safari/537.36; compatible; OAI-SearchBot/1.0; +https://openai.com/searchbot"
65.111.15.160 - - [04/Jul/2026:15:29:59 +0200] "GET / HTTP/1.1" 301 - "-" "Goosee-Audit/1.0 (+internal-security-audit)"
216.26.250.227 - - [04/Jul/2026:15:30:12 +0200] "GET / HTTP/1.1" 200 162178 "http://www.parma.elettroservicegroup.it" "Goosee-Audit/1.0 (+internal-security-audit)"
65.111.27.6 - - [04/Jul/2026:15:30:14 +0200] "GET /wp-json/ HTTP/1.1" 200 338185 "-" "Goosee-Audit/1.0 (+internal-security-audit)"
65.108.235.243 - - [04/Jul/2026:15:39:07 +0200] "POST /wp-cron.php?doing_wp_cron=1783172347.0991990566253662109375 HTTP/1.1" 200 1 "-" "WordPress/7.0; https://parma.elettroservicegroup.it"
66.249.89.133 - - [04/Jul/2026:15:39:01 +0200] "GET /google734318884e2af43f.html HTTP/1.1" 404 17007 "-" "Mozilla/5.0 (compatible; Google-Site-Verification/1.0)"
66.249.89.133 - - [04/Jul/2026:15:39:07 +0200] "GET /google56801f7915c0ec15.html HTTP/1.1" 200 48 "-" "Mozilla/5.0 (compatible; Google-Site-Verification/1.0)"
65.108.235.243 - - [04/Jul/2026:15:39:09 +0200] "POST /wp-json/complianz/v1/wsc-scan HTTP/1.1" 400 88 "-" "WordPress/7.0; https://parma.elettroservicegroup.it"
65.108.235.243 - - [04/Jul/2026:16:01:19 +0200] "POST /wp-cron.php?doing_wp_cron=1783173679.3101780414581298828125 HTTP/1.1" 200 1 "-" "WordPress/7.0; https://parma.elettroservicegroup.it"
52.167.144.57 - - [04/Jul/2026:16:01:10 +0200] "GET /robots.txt HTTP/2.0" 200 104 "-" "Mozilla/5.0 AppleWebKit/537.36 (KHTML, like Gecko; compatible; bingbot/2.0; +http://www.bing.com/bingbot.htm) Chrome/116.0.1938.76 Safari/537.36"
40.77.167.57 - - [04/Jul/2026:16:01:21 +0200] "GET /sitemap.xml HTTP/2.0" 200 311 "-" "Mozilla/5.0 AppleWebKit/537.36 (KHTML, like Gecko; compatible; bingbot/2.0; +http://www.bing.com/bingbot.htm) Chrome/116.0.1938.76 Safari/537.36"
65.108.235.243 - - [04/Jul/2026:16:09:58 +0200] "POST /wp-cron.php?doing_wp_cron=1783174198.6035459041595458984375 HTTP/1.1" 200 1 "-" "WordPress/7.0; https://parma.elettroservicegroup.it"
104.248.117.203 - - [04/Jul/2026:16:09:52 +0200] "POST / HTTP/1.1" 301 - "-" "Mozilla/5.0 (Windows NT 10.0; Win64; x64) AppleWebKit/537.36 (KHTML, like Gecko) Chrome/60.0.3112.113 Safari/537.36 Assetnote/1.0.0"
104.248.117.203 - - [04/Jul/2026:16:10:00 +0200] "HEAD / HTTP/1.1" 301 - "-" "python-requests/2.31.0"
65.108.235.243 - - [04/Jul/2026:16:12:18 +0200] "POST /wp-cron.php?doing_wp_cron=1783174338.2987360954284667968750 HTTP/1.1" 200 1 "-" "WordPress/7.0; https://parma.elettroservicegroup.it"
87.250.224.253 - - [04/Jul/2026:16:12:10 +0200] "GET /robots.txt HTTP/1.1" 200 189 "-" "Mozilla/5.0 (compatible; YandexBot/3.0; +http://yandex.com/bots)"
95.108.213.161 - - [04/Jul/2026:16:12:19 +0200] "GET /assistenza-siemens-collecchio/ HTTP/2.0" 200 148008 "-" "Mozilla/5.0 (compatible; YandexBot/3.0; +http://yandex.com/bots)"
65.108.235.243 - - [04/Jul/2026:16:24:32 +0200] "POST /wp-cron.php?doing_wp_cron=1783175072.1748330593109130859375 HTTP/1.1" 200 1 "-" "WordPress/7.0; https://parma.elettroservicegroup.it"
216.73.216.158 - - [04/Jul/2026:16:24:30 +0200] "GET /robots.txt HTTP/2.0" 200 104 "-" "Mozilla/5.0 AppleWebKit/537.36 (KHTML, like Gecko; compatible; ClaudeBot/1.0; +claudebot@anthropic.com)"
216.73.216.158 - - [04/Jul/2026:16:24:33 +0200] "GET /sitemap.rss HTTP/2.0" 200 1349 "-" "Mozilla/5.0 AppleWebKit/537.36 (KHTML, like Gecko; compatible; ClaudeBot/1.0; +claudebot@anthropic.com)"
216.73.216.158 - - [04/Jul/2026:16:24:33 +0200] "GET /sitemap.xml HTTP/2.0" 200 312 "-" "Mozilla/5.0 AppleWebKit/537.36 (KHTML, like Gecko; compatible; ClaudeBot/1.0; +claudebot@anthropic.com)"
65.108.235.243 - - [04/Jul/2026:16:42:45 +0200] "POST /wp-json/complianz/v1/wsc-scan HTTP/1.1" 400 88 "-" "WordPress/7.0; https://parma.elettroservicegroup.it"
52.167.144.203 - - [04/Jul/2026:16:43:51 +0200] "GET / HTTP/2.0" 200 22364 "-" "Mozilla/5.0 AppleWebKit/537.36 (KHTML, like Gecko; compatible; bingbot/2.0; +http://www.bing.com/bingbot.htm) Chrome/116.0.1938.76 Safari/537.36"
52.167.144.203 - - [04/Jul/2026:16:44:10 +0200] "GET /wp-content/cache/wpfc-minified/f4mpgdct/w4u5.css HTTP/2.0" 200 7521 "https://parma.elettroservicegroup.it/" "Mozilla/5.0 AppleWebKit/537.36 (KHTML, like Gecko; compatible; bingbot/2.0; +http://www.bing.com/bingbot.htm) Chrome/136.0.0.0 Safari/537.36 AppleWebKit/537.36 (KHTML, like Gecko; compatible; bingbot/2.0; +http://www.bing.com/bingbot.htm) Chrome/116.0.1938.76 Safari/537.36"
52.167.144.203 - - [04/Jul/2026:16:44:10 +0200] "GET /wp-content/cache/wpfc-minified/qaafat52/w4u5.css HTTP/2.0" 200 16433 "https://parma.elettroservicegroup.it/" "Mozilla/5.0 AppleWebKit/537.36 (KHTML, like Gecko; compatible; bingbot/2.0; +http://www.bing.com/bingbot.htm) Chrome/136.0.0.0 Safari/537.36 AppleWebKit/537.36 (KHTML, like Gecko; compatible; bingbot/2.0; +http://www.bing.com/bingbot.htm) Chrome/116.0.1938.76 Safari/537.36"
52.167.144.203 - - [04/Jul/2026:16:44:11 +0200] "GET /wp-content/uploads/elementor/css/post-14366.css?ver=1783097831 HTTP/2.0" 200 302 "https://parma.elettroservicegroup.it/" "Mozilla/5.0 AppleWebKit/537.36 (KHTML, like Gecko; compatible; bingbot/2.0; +http://www.bing.com/bingbot.htm) Chrome/136.0.0.0 Safari/537.36 AppleWebKit/537.36 (KHTML, like Gecko; compatible; bingbot/2.0; +http://www.bing.com/bingbot.htm) Chrome/116.0.1938.76 Safari/537.36"
52.167.144.203 - - [04/Jul/2026:16:44:11 +0200] "GET /wp-content/uploads/elementor/css/post-14146.css?ver=1783097830 HTTP/2.0" 200 428 "https://parma.elettroservicegroup.it/" "Mozilla/5.0 AppleWebKit/537.36 (KHTML, like Gecko; compatible; bingbot/2.0; +http://www.bing.com/bingbot.htm) Chrome/136.0.0.0 Safari/537.36 AppleWebKit/537.36 (KHTML, like Gecko; compatible; bingbot/2.0; +http://www.bing.com/bingbot.htm) Chrome/116.0.1938.76 Safari/537.36"
52.167.144.203 - - [04/Jul/2026:16:44:11 +0200] "GET /wp-content/plugins/elementor/assets/js/webpack.runtime.min.js?ver=4.1.4 HTTP/2.0" 200 2340 "https://parma.elettroservicegroup.it/" "Mozilla/5.0 AppleWebKit/537.36 (KHTML, like Gecko; compatible; bingbot/2.0; +http://www.bing.com/bingbot.htm) Chrome/136.0.0.0 Safari/537.36 AppleWebKit/537.36 (KHTML, like Gecko; compatible; bingbot/2.0; +http://www.bing.com/bingbot.htm) Chrome/116.0.1938.76 Safari/537.36"
52.167.144.203 - - [04/Jul/2026:16:44:11 +0200] "GET /wp-content/plugins/elementor/assets/js/frontend.min.js?ver=4.1.4 HTTP/2.0" 200 10140 "https://parma.elettroservicegroup.it/" "Mozilla/5.0 AppleWebKit/537.36 (KHTML, like Gecko; compatible; bingbot/2.0; +http://www.bing.com/bingbot.htm) Chrome/136.0.0.0 Safari/537.36 AppleWebKit/537.36 (KHTML, like Gecko; compatible; bingbot/2.0; +http://www.bing.com/bingbot.htm) Chrome/116.0.1938.76 Safari/537.36"
52.167.144.203 - - [04/Jul/2026:16:44:11 +0200] "GET /wp-content/uploads/elementor/css/post-14227.css?ver=1783097831 HTTP/2.0" 200 2305 "https://parma.elettroservicegroup.it/" "Mozilla/5.0 AppleWebKit/537.36 (KHTML, like Gecko; compatible; bingbot/2.0; +http://www.bing.com/bingbot.htm) Chrome/136.0.0.0 Safari/537.36 AppleWebKit/537.36 (KHTML, like Gecko; compatible; bingbot/2.0; +http://www.bing.com/bingbot.htm) Chrome/116.0.1938.76 Safari/537.36"
40.77.167.59 - - [04/Jul/2026:16:44:14 +0200] "GET /wp-content/plugins/elementor/assets/js/frontend-modules.min.js?ver=4.1.4 HTTP/2.0" 200 15454 "https://parma.elettroservicegroup.it/" "Mozilla/5.0 AppleWebKit/537.36 (KHTML, like Gecko; compatible; bingbot/2.0; +http://www.bing.com/bingbot.htm) Chrome/136.0.0.0 Safari/537.36 AppleWebKit/537.36 (KHTML, like Gecko; compatible; bingbot/2.0; +http://www.bing.com/bingbot.htm) Chrome/116.0.1938.76 Safari/537.36"
40.77.167.121 - - [04/Jul/2026:16:44:17 +0200] "GET /wp-content/cache/wpfc-minified/9aoba38s/w4u5.css HTTP/2.0" 200 418 "https://parma.elettroservicegroup.it/" "Mozilla/5.0 AppleWebKit/537.36 (KHTML, like Gecko; compatible; bingbot/2.0; +http://www.bing.com/bingbot.htm) Chrome/136.0.0.0 Safari/537.36 AppleWebKit/537.36 (KHTML, like Gecko; compatible; bingbot/2.0; +http://www.bing.com/bingbot.htm) Chrome/116.0.1938.76 Safari/537.36"
40.77.167.121 - - [04/Jul/2026:16:44:17 +0200] "GET /wp-content/cache/wpfc-minified/eqzpooq2/w4u5.css HTTP/2.0" 200 4410 "https://parma.elettroservicegroup.it/" "Mozilla/5.0 AppleWebKit/537.36 (KHTML, like Gecko; compatible; bingbot/2.0; +http://www.bing.com/bingbot.htm) Chrome/136.0.0.0 Safari/537.36 AppleWebKit/537.36 (KHTML, like Gecko; compatible; bingbot/2.0; +http://www.bing.com/bingbot.htm) Chrome/116.0.1938.76 Safari/537.36"
40.77.167.121 - - [04/Jul/2026:16:44:17 +0200] "GET /wp-content/cache/wpfc-minified/fpvwzn7j/w4u5.css HTTP/2.0" 200 14485 "https://parma.elettroservicegroup.it/" "Mozilla/5.0 AppleWebKit/537.36 (KHTML, like Gecko; compatible; bingbot/2.0; +http://www.bing.com/bingbot.htm) Chrome/136.0.0.0 Safari/537.36 AppleWebKit/537.36 (KHTML, like Gecko; compatible; bingbot/2.0; +http://www.bing.com/bingbot.htm) Chrome/116.0.1938.76 Safari/537.36"
40.77.167.121 - - [04/Jul/2026:16:44:17 +0200] "GET /wp-content/cache/wpfc-minified/bwue548/w4u5.css HTTP/2.0" 200 19037 "https://parma.elettroservicegroup.it/" "Mozilla/5.0 AppleWebKit/537.36 (KHTML, like Gecko; compatible; bingbot/2.0; +http://www.bing.com/bingbot.htm) Chrome/136.0.0.0 Safari/537.36 AppleWebKit/537.36 (KHTML, like Gecko; compatible; bingbot/2.0; +http://www.bing.com/bingbot.htm) Chrome/116.0.1938.76 Safari/537.36"
40.77.167.59 - - [04/Jul/2026:16:44:24 +0200] "GET /wp-content/cache/wpfc-minified/mbb024jo/w4u5.css HTTP/2.0" 200 11341 "https://parma.elettroservicegroup.it/" "Mozilla/5.0 AppleWebKit/537.36 (KHTML, like Gecko; compatible; bingbot/2.0; +http://www.bing.com/bingbot.htm) Chrome/136.0.0.0 Safari/537.36 AppleWebKit/537.36 (KHTML, like Gecko; compatible; bingbot/2.0; +http://www.bing.com/bingbot.htm) Chrome/116.0.1938.76 Safari/537.36"
40.77.167.59 - - [04/Jul/2026:16:44:25 +0200] "GET /wp-content/cache/wpfc-minified/6x0aa0gs/w4u5.js HTTP/2.0" 200 42443 "https://parma.elettroservicegroup.it/" "Mozilla/5.0 AppleWebKit/537.36 (KHTML, like Gecko; compatible; bingbot/2.0; +http://www.bing.com/bingbot.htm) Chrome/136.0.0.0 Safari/537.36 AppleWebKit/537.36 (KHTML, like Gecko; compatible; bingbot/2.0; +http://www.bing.com/bingbot.htm) Chrome/116.0.1938.76 Safari/537.36"
65.108.235.243 - - [04/Jul/2026:16:52:52 +0200] "POST /wp-cron.php?doing_wp_cron=1783176771.9222519397735595703125 HTTP/1.1" 200 1 "-" "WordPress/7.0; https://parma.elettroservicegroup.it"
216.73.216.158 - - [04/Jul/2026:16:52:50 +0200] "GET /sitemap.rss HTTP/2.0" 200 1349 "-" "Mozilla/5.0 AppleWebKit/537.36 (KHTML, like Gecko; compatible; ClaudeBot/1.0; +claudebot@anthropic.com)"
52.123.138.236 - - [04/Jul/2026:17:01:52 +0200] "GET /wp-content/uploads/2021/10/cropped-cropped-cropped-logo_white_background.png HTTP/1.1" 200 38971 "-" "Mozilla/5.0 (Windows NT 6.1; WOW64) SkypeUriPreview Preview/0.5 skype-url-preview@microsoft.com"
74.7.227.21 - - [04/Jul/2026:17:04:43 +0200] "GET /sitemap.rss HTTP/2.0" 415 1348 "-" "Mozilla/5.0 AppleWebKit/537.36 (KHTML, like Gecko; compatible; GPTBot/1.4; +https://openai.com/gptbot)"
65.108.235.243 - - [04/Jul/2026:17:04:50 +0200] "POST /wp-cron.php?doing_wp_cron=1783177490.8112831115722656250000 HTTP/1.1" 200 1 "-" "WordPress/7.0; https://parma.elettroservicegroup.it"
74.7.241.180 - - [04/Jul/2026:17:04:43 +0200] "GET /robots.txt HTTP/2.0" 200 104 "-" "Mozilla/5.0 (Macintosh; Intel Mac OS X 10_15_7) AppleWebKit/537.36 (KHTML, like Gecko) Chrome/131.0.0.0 Safari/537.36; compatible; OAI-SearchBot/1.4; robots.txt; +https://openai.com/searchbot"
65.108.235.243 - - [04/Jul/2026:17:16:21 +0200] "POST /wp-cron.php?doing_wp_cron=1783178181.9099988937377929687500 HTTP/1.1" 200 1 "-" "WordPress/7.0; https://parma.elettroservicegroup.it"
74.7.227.21 - - [04/Jul/2026:17:16:14 +0200] "GET /sitemap.xml HTTP/2.0" 415 312 "-" "Mozilla/5.0 AppleWebKit/537.36 (KHTML, like Gecko; compatible; GPTBot/1.4; +https://openai.com/gptbot)"
65.108.235.243 - - [04/Jul/2026:17:16:36 +0200] "POST /wp-cron.php?doing_wp_cron=1783178196.1030681133270263671875 HTTP/1.1" 200 1 "-" "WordPress/7.0; https://parma.elettroservicegroup.it"
2.37.206.22 - - [04/Jul/2026:17:16:33 +0200] "GET / HTTP/2.0" 200 22531 "https://www.google.com/" "Mozilla/5.0 (iPhone; CPU iPhone OS 18_7 like Mac OS X) AppleWebKit/605.1.15 (KHTML, like Gecko) Version/26.3 Mobile/15E148 Safari/604.1"
2.37.206.22 - - [04/Jul/2026:17:16:36 +0200] "GET /wp-content/plugins/header-footer-elementor/assets/css/header-footer-elementor.css?ver=2.9.0 HTTP/2.0" 200 260 "https://parma.elettroservicegroup.it/" "Mozilla/5.0 (iPhone; CPU iPhone OS 18_7 like Mac OS X) AppleWebKit/605.1.15 (KHTML, like Gecko) Version/26.3 Mobile/15E148 Safari/604.1"
2.37.206.22 - - [04/Jul/2026:17:16:36 +0200] "GET /wp-content/plugins/all-in-one-seo-pack/dist/Lite/assets/css/table-of-contents/global.e90f6d47.css?ver=4.9.9 HTTP/2.0" 200 420 "https://parma.elettroservicegroup.it/" "Mozilla/5.0 (iPhone; CPU iPhone OS 18_7 like Mac OS X) AppleWebKit/605.1.15 (KHTML, like Gecko) Version/26.3 Mobile/15E148 Safari/604.1"
2.37.206.22 - - [04/Jul/2026:17:16:36 +0200] "GET /wp-content/plugins/complianz-gdpr-premium/assets/css/cookieblocker.min.css?ver=1783097331 HTTP/2.0" 200 615 "https://parma.elettroservicegroup.it/" "Mozilla/5.0 (iPhone; CPU iPhone OS 18_7 like Mac OS X) AppleWebKit/605.1.15 (KHTML, like Gecko) Version/26.3 Mobile/15E148 Safari/604.1"
2.37.206.22 - - [04/Jul/2026:17:16:36 +0200] "GET /wp-content/plugins/elementor/assets/lib/eicons/css/elementor-icons.min.css?ver=5.50.0 HTTP/2.0" 200 4125 "https://parma.elettroservicegroup.it/" "Mozilla/5.0 (iPhone; CPU iPhone OS 18_7 like Mac OS X) AppleWebKit/605.1.15 (KHTML, like Gecko) Version/26.3 Mobile/15E148 Safari/604.1"
2.37.206.22 - - [04/Jul/2026:17:16:36 +0200] "GET /wp-content/plugins/elementor/assets/css/widget-heading.min.css?ver=4.1.4 HTTP/2.0" 200 127 "https://parma.elettroservicegroup.it/" "Mozilla/5.0 (iPhone; CPU iPhone OS 18_7 like Mac OS X) AppleWebKit/605.1.15 (KHTML, like Gecko) Version/26.3 Mobile/15E148 Safari/604.1"
2.37.206.22 - - [04/Jul/2026:17:16:36 +0200] "GET /wp-content/plugins/elementor/assets/css/widget-spacer.min.css?ver=4.1.4 HTTP/2.0" 200 287 "https://parma.elettroservicegroup.it/" "Mozilla/5.0 (iPhone; CPU iPhone OS 18_7 like Mac OS X) AppleWebKit/605.1.15 (KHTML, like Gecko) Version/26.3 Mobile/15E148 Safari/604.1"
2.37.206.22 - - [04/Jul/2026:17:16:36 +0200] "GET /wp-content/plugins/elementor/assets/lib/animations/styles/bounceIn.min.css?ver=4.1.4 HTTP/2.0" 200 186 "https://parma.elettroservicegroup.it/" "Mozilla/5.0 (iPhone; CPU iPhone OS 18_7 like Mac OS X) AppleWebKit/605.1.15 (KHTML, like Gecko) Version/26.3 Mobile/15E148 Safari/604.1"
2.37.206.22 - - [04/Jul/2026:17:16:36 +0200] "GET /wp-content/plugins/elementor/assets/css/frontend.min.css?ver=4.1.4 HTTP/2.0" 200 6618 "https://parma.elettroservicegroup.it/" "Mozilla/5.0 (iPhone; CPU iPhone OS 18_7 like Mac OS X) AppleWebKit/605.1.15 (KHTML, like Gecko) Version/26.3 Mobile/15E148 Safari/604.1"
2.37.206.22 - - [04/Jul/2026:17:16:36 +0200] "GET /wp-content/uploads/elementor/css/post-14146.css?ver=1783097903 HTTP/2.0" 200 428 "https://parma.elettroservicegroup.it/" "Mozilla/5.0 (iPhone; CPU iPhone OS 18_7 like Mac OS X) AppleWebKit/605.1.15 (KHTML, like Gecko) Version/26.3 Mobile/15E148 Safari/604.1"
2.37.206.22 - - [04/Jul/2026:17:16:36 +0200] "GET /wp-content/plugins/elementor/assets/lib/font-awesome/css/v4-shims.min.css?ver=4.1.4 HTTP/2.0" 200 3986 "https://parma.elettroservicegroup.it/" "Mozilla/5.0 (iPhone; CPU iPhone OS 18_7 like Mac OS X) AppleWebKit/605.1.15 (KHTML, like Gecko) Version/26.3 Mobile/15E148 Safari/604.1"
2.37.206.22 - - [04/Jul/2026:17:16:36 +0200] "GET /wp-content/plugins/header-footer-elementor/inc/widgets-css/frontend.css?ver=2.9.0 HTTP/2.0" 200 8711 "https://parma.elettroservicegroup.it/" "Mozilla/5.0 (iPhone; CPU iPhone OS 18_7 like Mac OS X) AppleWebKit/605.1.15 (KHTML, like Gecko) Version/26.3 Mobile/15E148 Safari/604.1"
2.37.206.22 - - [04/Jul/2026:17:16:36 +0200] "GET /wp-content/plugins/elementor/assets/lib/font-awesome/css/all.min.css?ver=4.1.4 HTTP/2.0" 200 12402 "https://parma.elettroservicegroup.it/" "Mozilla/5.0 (iPhone; CPU iPhone OS 18_7 like Mac OS X) AppleWebKit/605.1.15 (KHTML, like Gecko) Version/26.3 Mobile/15E148 Safari/604.1"
2.37.206.22 - - [04/Jul/2026:17:16:36 +0200] "GET /wp-content/uploads/elementor/css/post-14366.css?ver=1783097904 HTTP/2.0" 200 302 "https://parma.elettroservicegroup.it/" "Mozilla/5.0 (iPhone; CPU iPhone OS 18_7 like Mac OS X) AppleWebKit/605.1.15 (KHTML, like Gecko) Version/26.3 Mobile/15E148 Safari/604.1"
2.37.206.22 - - [04/Jul/2026:17:16:36 +0200] "GET /wp-content/plugins/elementor/assets/lib/animations/styles/zoomIn.min.css?ver=4.1.4 HTTP/2.0" 200 87 "https://parma.elettroservicegroup.it/" "Mozilla/5.0 (iPhone; CPU iPhone OS 18_7 like Mac OS X) AppleWebKit/605.1.15 (KHTML, like Gecko) Version/26.3 Mobile/15E148 Safari/604.1"
2.37.206.22 - - [04/Jul/2026:17:16:36 +0200] "GET /wp-content/plugins/elementor/assets/css/widget-image.min.css?ver=4.1.4 HTTP/2.0" 200 96 "https://parma.elettroservicegroup.it/" "Mozilla/5.0 (iPhone; CPU iPhone OS 18_7 like Mac OS X) AppleWebKit/605.1.15 (KHTML, like Gecko) Version/26.3 Mobile/15E148 Safari/604.1"
2.37.206.22 - - [04/Jul/2026:17:16:36 +0200] "GET /wp-content/uploads/elementor/css/post-14227.css?ver=1783097904 HTTP/2.0" 200 2305 "https://parma.elettroservicegroup.it/" "Mozilla/5.0 (iPhone; CPU iPhone OS 18_7 like Mac OS X) AppleWebKit/605.1.15 (KHTML, like Gecko) Version/26.3 Mobile/15E148 Safari/604.1"
2.37.206.22 - - [04/Jul/2026:17:16:36 +0200] "GET /wp-content/plugins/elementor/assets/lib/eicons/css/elementor-icons.min.css?ver=5.34.0 HTTP/2.0" 200 4125 "https://parma.elettroservicegroup.it/" "Mozilla/5.0 (iPhone; CPU iPhone OS 18_7 like Mac OS X) AppleWebKit/605.1.15 (KHTML, like Gecko) Version/26.3 Mobile/15E148 Safari/604.1"
2.37.206.22 - - [04/Jul/2026:17:16:36 +0200] "GET /wp-content/themes/generatepress/assets/css/main.min.css?ver=3.6.1 HTTP/2.0" 200 4410 "https://parma.elettroservicegroup.it/" "Mozilla/5.0 (iPhone; CPU iPhone OS 18_7 like Mac OS X) AppleWebKit/605.1.15 (KHTML, like Gecko) Version/26.3 Mobile/15E148 Safari/604.1"
2.37.206.22 - - [04/Jul/2026:17:16:36 +0200] "GET /wp-content/plugins/elementor/assets/lib/font-awesome/css/solid.css?ver=5.15.3 HTTP/2.0" 200 299 "https://parma.elettroservicegroup.it/" "Mozilla/5.0 (iPhone; CPU iPhone OS 18_7 like Mac OS X) AppleWebKit/605.1.15 (KHTML, like Gecko) Version/26.3 Mobile/15E148 Safari/604.1"
2.37.206.22 - - [04/Jul/2026:17:16:36 +0200] "GET /wp-content/plugins/elementor/assets/lib/font-awesome/css/brands.css?ver=5.15.3 HTTP/2.0" 200 298 "https://parma.elettroservicegroup.it/" "Mozilla/5.0 (iPhone; CPU iPhone OS 18_7 like Mac OS X) AppleWebKit/605.1.15 (KHTML, like Gecko) Version/26.3 Mobile/15E148 Safari/604.1"
2.37.206.22 - - [04/Jul/2026:17:16:36 +0200] "GET /wp-content/plugins/elementor/assets/css/widget-icon-list.min.css?ver=3.24.3 HTTP/2.0" 200 928 "https://parma.elettroservicegroup.it/" "Mozilla/5.0 (iPhone; CPU iPhone OS 18_7 like Mac OS X) AppleWebKit/605.1.15 (KHTML, like Gecko) Version/26.3 Mobile/15E148 Safari/604.1"
2.37.206.22 - - [04/Jul/2026:17:16:36 +0200] "GET /wp-content/plugins/elementor/assets/css/widget-social-icons.min.css?ver=3.24.0 HTTP/2.0" 200 1039 "https://parma.elettroservicegroup.it/" "Mozilla/5.0 (iPhone; CPU iPhone OS 18_7 like Mac OS X) AppleWebKit/605.1.15 (KHTML, like Gecko) Version/26.3 Mobile/15E148 Safari/604.1"
2.37.206.22 - - [04/Jul/2026:17:16:36 +0200] "GET /wp-content/plugins/gp-premium/menu-plus/functions/css/navigation-branding-flex.min.css?ver=2.5.5 HTTP/2.0" 200 542 "https://parma.elettroservicegroup.it/" "Mozilla/5.0 (iPhone; CPU iPhone OS 18_7 like Mac OS X) AppleWebKit/605.1.15 (KHTML, like Gecko) Version/26.3 Mobile/15E148 Safari/604.1"
2.37.206.22 - - [04/Jul/2026:17:16:36 +0200] "GET /wp-content/plugins/elementor/assets/lib/font-awesome/css/fontawesome.css?ver=5.15.3 HTTP/2.0" 200 12535 "https://parma.elettroservicegroup.it/" "Mozilla/5.0 (iPhone; CPU iPhone OS 18_7 like Mac OS X) AppleWebKit/605.1.15 (KHTML, like Gecko) Version/26.3 Mobile/15E148 Safari/604.1"
2.37.206.22 - - [04/Jul/2026:17:16:36 +0200] "GET /wp-content/plugins/elementor/assets/lib/font-awesome/css/regular.min.css?ver=5.15.3 HTTP/2.0" 200 282 "https://parma.elettroservicegroup.it/" "Mozilla/5.0 (iPhone; CPU iPhone OS 18_7 like Mac OS X) AppleWebKit/605.1.15 (KHTML, like Gecko) Version/26.3 Mobile/15E148 Safari/604.1"
2.37.206.22 - - [04/Jul/2026:17:16:36 +0200] "GET /wp-content/plugins/elementor/assets/lib/font-awesome/css/solid.min.css?ver=5.15.3 HTTP/2.0" 200 286 "https://parma.elettroservicegroup.it/" "Mozilla/5.0 (iPhone; CPU iPhone OS 18_7 like Mac OS X) AppleWebKit/605.1.15 (KHTML, like Gecko) Version/26.3 Mobile/15E148 Safari/604.1"
2.37.206.22 - - [04/Jul/2026:17:16:36 +0200] "GET /wp-content/uploads/elementor/google-fonts/css/robotoslab.css?ver=1742280362 HTTP/2.0" 200 715 "https://parma.elettroservicegroup.it/" "Mozilla/5.0 (iPhone; CPU iPhone OS 18_7 like Mac OS X) AppleWebKit/605.1.15 (KHTML, like Gecko) Version/26.3 Mobile/15E148 Safari/604.1"
2.37.206.22 - - [04/Jul/2026:17:16:36 +0200] "GET /wp-content/uploads/2021/10/cropped-cropped-cropped-logo_white_background.png HTTP/2.0" 200 38971 "https://parma.elettroservicegroup.it/" "Mozilla/5.0 (iPhone; CPU iPhone OS 18_7 like Mac OS X) AppleWebKit/605.1.15 (KHTML, like Gecko) Version/26.3 Mobile/15E148 Safari/604.1"
2.37.206.22 - - [04/Jul/2026:17:16:36 +0200] "GET /wp-content/uploads/elementor/google-fonts/css/roboto.css?ver=1742280360 HTTP/2.0" 200 1880 "https://parma.elettroservicegroup.it/" "Mozilla/5.0 (iPhone; CPU iPhone OS 18_7 like Mac OS X) AppleWebKit/605.1.15 (KHTML, like Gecko) Version/26.3 Mobile/15E148 Safari/604.1"
2.37.206.22 - - [04/Jul/2026:17:16:36 +0200] "GET /wp-content/plugins/elementor/assets/lib/font-awesome/css/fontawesome.min.css?ver=5.15.3 HTTP/2.0" 200 12179 "https://parma.elettroservicegroup.it/" "Mozilla/5.0 (iPhone; CPU iPhone OS 18_7 like Mac OS X) AppleWebKit/605.1.15 (KHTML, like Gecko) Version/26.3 Mobile/15E148 Safari/604.1"
2.37.206.22 - - [04/Jul/2026:17:16:36 +0200] "GET /wp-content/plugins/elementor/assets/lib/font-awesome/js/v4-shims.min.js?ver=4.1.4 HTTP/2.0" 200 4043 "https://parma.elettroservicegroup.it/" "Mozilla/5.0 (iPhone; CPU iPhone OS 18_7 like Mac OS X) AppleWebKit/605.1.15 (KHTML, like Gecko) Version/26.3 Mobile/15E148 Safari/604.1"
2.37.206.22 - - [04/Jul/2026:17:16:36 +0200] "GET /wp-includes/js/jquery/jquery-migrate.min.js?ver=3.4.1 HTTP/2.0" 200 4685 "https://parma.elettroservicegroup.it/" "Mozilla/5.0 (iPhone; CPU iPhone OS 18_7 like Mac OS X) AppleWebKit/605.1.15 (KHTML, like Gecko) Version/26.3 Mobile/15E148 Safari/604.1"
2.37.206.22 - - [04/Jul/2026:17:16:36 +0200] "GET /wp-content/plugins/gp-premium/menu-plus/functions/js/sticky.min.js?ver=2.5.5 HTTP/2.0" 200 2670 "https://parma.elettroservicegroup.it/" "Mozilla/5.0 (iPhone; CPU iPhone OS 18_7 like Mac OS X) AppleWebKit/605.1.15 (KHTML, like Gecko) Version/26.3 Mobile/15E148 Safari/604.1"
2.37.206.22 - - [04/Jul/2026:17:16:36 +0200] "GET /wp-content/plugins/elementor/assets/js/webpack.runtime.min.js?ver=4.1.4 HTTP/2.0" 200 2340 "https://parma.elettroservicegroup.it/" "Mozilla/5.0 (iPhone; CPU iPhone OS 18_7 like Mac OS X) AppleWebKit/605.1.15 (KHTML, like Gecko) Version/26.3 Mobile/15E148 Safari/604.1"
2.37.206.22 - - [04/Jul/2026:17:16:36 +0200] "GET /wp-content/plugins/elementor/assets/js/frontend-modules.min.js?ver=4.1.4 HTTP/2.0" 200 15454 "https://parma.elettroservicegroup.it/" "Mozilla/5.0 (iPhone; CPU iPhone OS 18_7 like Mac OS X) AppleWebKit/605.1.15 (KHTML, like Gecko) Version/26.3 Mobile/15E148 Safari/604.1"
2.37.206.22 - - [04/Jul/2026:17:16:36 +0200] "GET /wp-includes/js/jquery/ui/core.min.js?ver=1.13.3 HTTP/2.0" 200 6820 "https://parma.elettroservicegroup.it/" "Mozilla/5.0 (iPhone; CPU iPhone OS 18_7 like Mac OS X) AppleWebKit/605.1.15 (KHTML, like Gecko) Version/26.3 Mobile/15E148 Safari/604.1"
2.37.206.22 - - [04/Jul/2026:17:16:36 +0200] "GET /wp-content/plugins/elementor/assets/js/frontend.min.js?ver=4.1.4 HTTP/2.0" 200 10140 "https://parma.elettroservicegroup.it/" "Mozilla/5.0 (iPhone; CPU iPhone OS 18_7 like Mac OS X) AppleWebKit/605.1.15 (KHTML, like Gecko) Version/26.3 Mobile/15E148 Safari/604.1"
2.37.206.22 - - [04/Jul/2026:17:16:36 +0200] "GET /wp-content/themes/generatepress/assets/js/menu.min.js?ver=3.6.1 HTTP/2.0" 200 1688 "https://parma.elettroservicegroup.it/" "Mozilla/5.0 (iPhone; CPU iPhone OS 18_7 like Mac OS X) AppleWebKit/605.1.15 (KHTML, like Gecko) Version/26.3 Mobile/15E148 Safari/604.1"
2.37.206.22 - - [04/Jul/2026:17:16:36 +0200] "GET /wp-content/themes/generatepress/assets/js/back-to-top.min.js?ver=3.6.1 HTTP/2.0" 200 336 "https://parma.elettroservicegroup.it/" "Mozilla/5.0 (iPhone; CPU iPhone OS 18_7 like Mac OS X) AppleWebKit/605.1.15 (KHTML, like Gecko) Version/26.3 Mobile/15E148 Safari/604.1"
2.37.206.22 - - [04/Jul/2026:17:16:36 +0200] "GET /wp-includes/js/jquery/jquery.min.js?ver=3.7.1 HTTP/2.0" 200 29769 "https://parma.elettroservicegroup.it/" "Mozilla/5.0 (iPhone; CPU iPhone OS 18_7 like Mac OS X) AppleWebKit/605.1.15 (KHTML, like Gecko) Version/26.3 Mobile/15E148 Safari/604.1"
2.37.206.22 - - [04/Jul/2026:17:16:36 +0200] "GET /wp-content/plugins/burst-statistics/assets/js/timeme/timeme.min.js?ver=1783097275 HTTP/2.0" 200 1835 "https://parma.elettroservicegroup.it/" "Mozilla/5.0 (iPhone; CPU iPhone OS 18_7 like Mac OS X) AppleWebKit/605.1.15 (KHTML, like Gecko) Version/26.3 Mobile/15E148 Safari/604.1"
2.37.206.22 - - [04/Jul/2026:17:16:36 +0200] "GET /wp-content/uploads/burst/js/burst.min.js?ver=1783158851 HTTP/2.0" 200 3411 "https://parma.elettroservicegroup.it/" "Mozilla/5.0 (iPhone; CPU iPhone OS 18_7 like Mac OS X) AppleWebKit/605.1.15 (KHTML, like Gecko) Version/26.3 Mobile/15E148 Safari/604.1"
2.37.206.22 - - [04/Jul/2026:17:16:36 +0200] "GET /wp-content/plugins/complianz-gdpr-premium/cookiebanner/js/complianz.min.js?ver=1783097331 HTTP/2.0" 200 10762 "https://parma.elettroservicegroup.it/" "Mozilla/5.0 (iPhone; CPU iPhone OS 18_7 like Mac OS X) AppleWebKit/605.1.15 (KHTML, like Gecko) Version/26.3 Mobile/15E148 Safari/604.1"
2.37.206.22 - - [04/Jul/2026:17:16:36 +0200] "GET /wp-content/uploads/2021/10/cropped-logo_white_background.png HTTP/2.0" 200 16623 "https://parma.elettroservicegroup.it/" "Mozilla/5.0 (iPhone; CPU iPhone OS 18_7 like Mac OS X) AppleWebKit/605.1.15 (KHTML, like Gecko) Version/26.3 Mobile/15E148 Safari/604.1"
2.37.206.22 - - [04/Jul/2026:17:16:36 +0200] "GET /wp-content/uploads/elementor/google-fonts/fonts/roboto-kfo7cnqeu92fr1me7ksn66agldtyluama3yuba.woff2 HTTP/2.0" 200 40132 "https://parma.elettroservicegroup.it/" "Mozilla/5.0 (iPhone; CPU iPhone OS 18_7 like Mac OS X) AppleWebKit/605.1.15 (KHTML, like Gecko) Version/26.3 Mobile/15E148 Safari/604.1"
2.37.206.22 - - [04/Jul/2026:17:16:36 +0200] "GET /wp-content/plugins/elementor/assets/lib/font-awesome/webfonts/fa-solid-900.woff2 HTTP/2.0" 200 78201 "https://parma.elettroservicegroup.it/" "Mozilla/5.0 (iPhone; CPU iPhone OS 18_7 like Mac OS X) AppleWebKit/605.1.15 (KHTML, like Gecko) Version/26.3 Mobile/15E148 Safari/604.1"
2.37.206.22 - - [04/Jul/2026:17:16:36 +0200] "GET /wp-content/plugins/elementor/assets/lib/font-awesome/webfonts/fa-regular-400.woff2 HTTP/2.0" 200 13277 "https://parma.elettroservicegroup.it/" "Mozilla/5.0 (iPhone; CPU iPhone OS 18_7 like Mac OS X) AppleWebKit/605.1.15 (KHTML, like Gecko) Version/26.3 Mobile/15E148 Safari/604.1"
2.37.206.22 - - [04/Jul/2026:17:16:36 +0200] "GET /wp-content/uploads/2021/10/TECNICO-ELETTRODOMESTICI.jpg HTTP/2.0" 200 24210 "https://parma.elettroservicegroup.it/" "Mozilla/5.0 (iPhone; CPU iPhone OS 18_7 like Mac OS X) AppleWebKit/605.1.15 (KHTML, like Gecko) Version/26.3 Mobile/15E148 Safari/604.1"
2.37.206.22 - - [04/Jul/2026:17:16:36 +0200] "GET /wp-content/plugins/elementor/assets/js/section-frontend-handlers.d85ab872da118940910d.bundle.min.js HTTP/2.0" 200 230 "https://parma.elettroservicegroup.it/" "Mozilla/5.0 (iPhone; CPU iPhone OS 18_7 like Mac OS X) AppleWebKit/605.1.15 (KHTML, like Gecko) Version/26.3 Mobile/15E148 Safari/604.1"
2.37.206.22 - - [04/Jul/2026:17:16:36 +0200] "GET /wp-content/plugins/elementor/assets/js/text-editor.45609661e409413f1cef.bundle.min.js HTTP/2.0" 200 592 "https://parma.elettroservicegroup.it/" "Mozilla/5.0 (iPhone; CPU iPhone OS 18_7 like Mac OS X) AppleWebKit/605.1.15 (KHTML, like Gecko) Version/26.3 Mobile/15E148 Safari/604.1"
2.37.206.22 - - [04/Jul/2026:17:16:36 +0200] "GET /wp-content/plugins/elementor/assets/js/shared-frontend-handlers.03caa53373b56d3bab67.bundle.min.js HTTP/2.0" 200 2515 "https://parma.elettroservicegroup.it/" "Mozilla/5.0 (iPhone; CPU iPhone OS 18_7 like Mac OS X) AppleWebKit/605.1.15 (KHTML, like Gecko) Version/26.3 Mobile/15E148 Safari/604.1"
2.37.206.22 - - [04/Jul/2026:17:16:37 +0200] "GET /wp-content/uploads/2021/10/cropped-cropped-cropped-cropped-logo_white_background-32x32.png HTTP/2.0" 200 1525 "https://parma.elettroservicegroup.it/" "Mozilla/5.0 (iPhone; CPU iPhone OS 18_7 like Mac OS X) AppleWebKit/605.1.15 (KHTML, like Gecko) Version/26.3 Mobile/15E148 Safari/604.1"
2.37.206.22 - - [04/Jul/2026:17:16:37 +0200] "GET /wp-content/uploads/2021/10/cropped-cropped-cropped-cropped-logo_white_background-192x192.png HTTP/2.0" 200 19089 "https://parma.elettroservicegroup.it/" "Mozilla/5.0 (iPhone; CPU iPhone OS 18_7 like Mac OS X) AppleWebKit/605.1.15 (KHTML, like Gecko) Version/26.3 Mobile/15E148 Safari/604.1"
2.37.206.22 - - [04/Jul/2026:17:16:36 +0200] "POST /wp-content/plugins/burst-statistics/endpoint.php HTTP/2.0" 200 1 "https://parma.elettroservicegroup.it/" "Mozilla/5.0 (iPhone; CPU iPhone OS 18_7 like Mac OS X) AppleWebKit/605.1.15 (KHTML, like Gecko) Version/26.3 Mobile/15E148 Safari/604.1"
2.37.206.22 - - [04/Jul/2026:17:16:37 +0200] "GET /wp-content/uploads/2021/11/asko-e1634463631713.jpg HTTP/2.0" 200 110182 "https://parma.elettroservicegroup.it/" "Mozilla/5.0 (iPhone; CPU iPhone OS 18_7 like Mac OS X) AppleWebKit/605.1.15 (KHTML, like Gecko) Version/26.3 Mobile/15E148 Safari/604.1"
2.37.206.22 - - [04/Jul/2026:17:16:36 +0200] "GET /wp-json/complianz/v1/banner?lang=it&locale=it_IT&token=whflp HTTP/2.0" 200 81 "https://parma.elettroservicegroup.it/" "Mozilla/5.0 (iPhone; CPU iPhone OS 18_7 like Mac OS X) AppleWebKit/605.1.15 (KHTML, like Gecko) Version/26.3 Mobile/15E148 Safari/604.1"
2.37.206.22 - - [04/Jul/2026:17:16:38 +0200] "GET /wp-content/uploads/2021/11/copertina-washing-machine-2668472_1920-1536x1024.jpg HTTP/2.0" 200 204103 "https://parma.elettroservicegroup.it/" "Mozilla/5.0 (iPhone; CPU iPhone OS 18_7 like Mac OS X) AppleWebKit/605.1.15 (KHTML, like Gecko) Version/26.3 Mobile/15E148 Safari/604.1"
2.37.206.22 - - [04/Jul/2026:17:16:38 +0200] "GET /wp-content/uploads/complianz/css/banner-1-optin.css?v=46 HTTP/2.0" 200 2857 "https://parma.elettroservicegroup.it/" "Mozilla/5.0 (iPhone; CPU iPhone OS 18_7 like Mac OS X) AppleWebKit/605.1.15 (KHTML, like Gecko) Version/26.3 Mobile/15E148 Safari/604.1"
2.37.206.22 - - [04/Jul/2026:17:16:38 +0200] "GET /wp-json/complianz/v1/cookie_data HTTP/2.0" 200 81 "https://parma.elettroservicegroup.it/" "Mozilla/5.0 (iPhone; CPU iPhone OS 18_7 like Mac OS X) AppleWebKit/605.1.15 (KHTML, like Gecko) Version/26.3 Mobile/15E148 Safari/604.1"
2.37.206.22 - - [04/Jul/2026:17:16:39 +0200] "POST /wp-content/plugins/burst-statistics/endpoint.php HTTP/2.0" 200 1 "https://parma.elettroservicegroup.it/" "Mozilla/5.0 (iPhone; CPU iPhone OS 18_7 like Mac OS X) AppleWebKit/605.1.15 (KHTML, like Gecko) Version/26.3 Mobile/15E148 Safari/604.1"
2.37.206.22 - - [04/Jul/2026:17:16:39 +0200] "POST /wp-content/plugins/burst-statistics/endpoint.php HTTP/2.0" 200 1 "https://parma.elettroservicegroup.it/" "Mozilla/5.0 (iPhone; CPU iPhone OS 18_7 like Mac OS X) AppleWebKit/605.1.15 (KHTML, like Gecko) Version/26.3 Mobile/15E148 Safari/604.1"
2.37.206.22 - - [04/Jul/2026:17:16:39 +0200] "POST /wp-content/plugins/burst-statistics/endpoint.php HTTP/2.0" 200 1 "https://parma.elettroservicegroup.it/" "Mozilla/5.0 (iPhone; CPU iPhone OS 18_7 like Mac OS X) AppleWebKit/605.1.15 (KHTML, like Gecko) Version/26.3 Mobile/15E148 Safari/604.1"
2.37.206.22 - - [04/Jul/2026:17:16:39 +0200] "POST /wp-json/complianz/v1/track HTTP/2.0" 200 20 "https://parma.elettroservicegroup.it/" "Mozilla/5.0 (iPhone; CPU iPhone OS 18_7 like Mac OS X) AppleWebKit/605.1.15 (KHTML, like Gecko) Version/26.3 Mobile/15E148 Safari/604.1"
2.37.206.22 - - [04/Jul/2026:17:16:44 +0200] "GET /wp-content/uploads/2021/10/copertina-Riparazione_Lavastoviglie-.jpg HTTP/2.0" 200 35425 "https://parma.elettroservicegroup.it/" "Mozilla/5.0 (iPhone; CPU iPhone OS 18_7 like Mac OS X) AppleWebKit/605.1.15 (KHTML, like Gecko) Version/26.3 Mobile/15E148 Safari/604.1"
2.37.206.22 - - [04/Jul/2026:17:16:47 +0200] "GET /wp-content/uploads/2021/11/Frigorifero-combinato-e1634459015932.jpg HTTP/2.0" 200 84397 "https://parma.elettroservicegroup.it/" "Mozilla/5.0 (iPhone; CPU iPhone OS 18_7 like Mac OS X) AppleWebKit/605.1.15 (KHTML, like Gecko) Version/26.3 Mobile/15E148 Safari/604.1"
2.37.206.22 - - [04/Jul/2026:17:16:51 +0200] "GET /wp-content/uploads/2021/11/forno-c.jpg HTTP/2.0" 200 109229 "https://parma.elettroservicegroup.it/" "Mozilla/5.0 (iPhone; CPU iPhone OS 18_7 like Mac OS X) AppleWebKit/605.1.15 (KHTML, like Gecko) Version/26.3 Mobile/15E148 Safari/604.1"
2.37.206.22 - - [04/Jul/2026:17:16:52 +0200] "GET /wp-content/uploads/2021/11/condizionatore-bonus.jpg HTTP/2.0" 200 438763 "https://parma.elettroservicegroup.it/" "Mozilla/5.0 (iPhone; CPU iPhone OS 18_7 like Mac OS X) AppleWebKit/605.1.15 (KHTML, like Gecko) Version/26.3 Mobile/15E148 Safari/604.1"
2.37.206.22 - - [04/Jul/2026:17:16:52 +0200] "GET /wp-content/uploads/2022/01/TECNIC-LAVATRICE-5.jpg HTTP/2.0" 200 66105 "https://parma.elettroservicegroup.it/" "Mozilla/5.0 (iPhone; CPU iPhone OS 18_7 like Mac OS X) AppleWebKit/605.1.15 (KHTML, like Gecko) Version/26.3 Mobile/15E148 Safari/604.1"
2.37.206.22 - - [04/Jul/2026:17:16:54 +0200] "GET /wp-content/uploads/2021/10/TECNICO-FRIGO-2.jpg HTTP/2.0" 200 45005 "https://parma.elettroservicegroup.it/" "Mozilla/5.0 (iPhone; CPU iPhone OS 18_7 like Mac OS X) AppleWebKit/605.1.15 (KHTML, like Gecko) Version/26.3 Mobile/15E148 Safari/604.1"
2.37.206.22 - - [04/Jul/2026:17:16:55 +0200] "POST /wp-content/plugins/burst-statistics/endpoint.php HTTP/2.0" 200 1 "https://parma.elettroservicegroup.it/" "Mozilla/5.0 (iPhone; CPU iPhone OS 18_7 like Mac OS X) AppleWebKit/605.1.15 (KHTML, like Gecko) Version/26.3 Mobile/15E148 Safari/604.1"
65.108.235.243 - - [04/Jul/2026:17:28:40 +0200] "POST /wp-cron.php?doing_wp_cron=1783178920.1920909881591796875000 HTTP/1.1" 200 1 "-" "WordPress/7.0; https://parma.elettroservicegroup.it"
104.207.50.37 - - [04/Jul/2026:17:28:30 +0200] "GET / HTTP/1.1" 301 - "-" "Mozilla/5.0 (Windows NT 10.0; Win64; x64) AppleWebKit/537.36 (KHTML, like Gecko) Chrome/129.0.0.0 Safari/537.36"
104.207.50.37 - - [04/Jul/2026:17:28:41 +0200] "GET / HTTP/1.1" 200 162178 "http://www.parma.elettroservicegroup.it/" "Mozilla/5.0 (X11; Ubuntu; Linux x86_64; rv:133.0) Gecko/20100101 Firefox/133.0"
216.26.248.148 - - [04/Jul/2026:17:28:42 +0200] "GET /wp-content/themes/ HTTP/1.1" 200 - "-" "Mozilla/5.0 (Windows NT 10.0; Win64; x64; rv:133.0) Gecko/20100101 Firefox/133.0"
104.167.19.86 - - [04/Jul/2026:17:28:43 +0200] "GET /wp-content/mu-plugins/ HTTP/1.1" 200 11808 "-" "Mozilla/5.0 (X11; Ubuntu; Linux x86_64; rv:133.0) Gecko/20100101 Firefox/133.0"
104.207.60.189 - - [04/Jul/2026:17:28:43 +0200] "GET /wp-content/plugins/ HTTP/1.1" 200 - "-" "Mozilla/5.0 (Windows NT 10.0; Win64; x64) AppleWebKit/537.36 (KHTML, like Gecko) Chrome/129.0.0.0 Safari/537.36"
104.207.54.83 - - [04/Jul/2026:17:28:42 +0200] "GET /graphql HTTP/1.1" 301 - "-" "Mozilla/5.0 (Macintosh; Intel Mac OS X 10_15_7) AppleWebKit/605.1.15 (KHTML, like Gecko) Version/18.2 Safari/605.1.15"
216.26.240.173 - - [04/Jul/2026:17:28:43 +0200] "GET /wp-sitemap.xml HTTP/1.1" 302 - "-" "Mozilla/5.0 (Windows NT 10.0; Win64; x64) AppleWebKit/537.36 (KHTML, like Gecko) Chrome/130.0.0.0 Safari/537.36 Edg/130.0.0.0"
104.207.60.19 - - [04/Jul/2026:17:28:43 +0200] "GET /wp-json/oembed/1.0/embed?url=https%3A%2F%2Fwww.parma.elettroservicegroup.it HTTP/1.1" 200 2201 "-" "Mozilla/5.0 (X11; Ubuntu; Linux x86_64; rv:133.0) Gecko/20100101 Firefox/133.0"
104.207.48.222 - - [04/Jul/2026:17:28:43 +0200] "GET /wp-json/ HTTP/1.1" 200 338185 "-" "Mozilla/5.0 (Windows NT 10.0; Win64; x64) AppleWebKit/537.36 (KHTML, like Gecko) Chrome/130.0.0.0 Safari/537.36 Edg/130.0.0.0"
104.207.56.62 - - [04/Jul/2026:17:28:46 +0200] "GET /wp-json/wp/v2/types HTTP/1.1" 200 11776 "-" "Mozilla/5.0 (Macintosh; Intel Mac OS X 10_15_7) AppleWebKit/605.1.15 (KHTML, like Gecko) Version/18.2 Safari/605.1.15"
216.26.240.173 - - [04/Jul/2026:17:28:46 +0200] "GET /sitemap.xml HTTP/1.1" 200 545 "https://www.parma.elettroservicegroup.it/wp-sitemap.xml" "Mozilla/5.0 (Windows NT 10.0; Win64; x64) AppleWebKit/537.36 (KHTML, like Gecko) Chrome/130.0.0.0 Safari/537.36 Edg/130.0.0.0"
104.207.54.83 - - [04/Jul/2026:17:28:45 +0200] "GET /graphql HTTP/1.1" 404 87721 "https://www.parma.elettroservicegroup.it/graphql" "Mozilla/5.0 (Macintosh; Intel Mac OS X 10_15_7) AppleWebKit/605.1.15 (KHTML, like Gecko) Version/18.2 Safari/605.1.15"
65.111.9.19 - - [04/Jul/2026:17:28:47 +0200] "GET /wp-json/wp/v2/taxonomies HTTP/1.1" 200 1770 "-" "Mozilla/5.0 (X11; Linux x86_64) AppleWebKit/537.36 (KHTML, like Gecko) Chrome/131.0.0.0 Safari/537.36"
65.108.235.243 - - [04/Jul/2026:17:28:53 +0200] "POST /?wordfence_syncAttackData=1783178933.296 HTTP/1.1" 507 - "-" "WordPress/7.0; https://parma.elettroservicegroup.it"
65.108.235.243 - - [04/Jul/2026:17:28:53 +0200] "POST /?wordfence_syncAttackData=1783178933.3938 HTTP/1.1" 507 - "-" "WordPress/7.0; https://parma.elettroservicegroup.it"
65.108.235.243 - - [04/Jul/2026:17:28:53 +0200] "POST /?wordfence_syncAttackData=1783178933.5085 HTTP/1.1" 507 - "-" "WordPress/7.0; https://parma.elettroservicegroup.it"
65.108.235.243 - - [04/Jul/2026:17:28:53 +0200] "POST /?wordfence_syncAttackData=1783178933.6025 HTTP/1.1" 507 - "-" "WordPress/7.0; https://parma.elettroservicegroup.it"
65.108.235.243 - - [04/Jul/2026:17:28:53 +0200] "POST /?wordfence_syncAttackData=1783178933.7919 HTTP/1.1" 507 - "-" "WordPress/7.0; https://parma.elettroservicegroup.it"
65.108.235.243 - - [04/Jul/2026:17:28:53 +0200] "POST /?wordfence_syncAttackData=1783178933.4958 HTTP/1.1" 507 - "-" "WordPress/7.0; https://parma.elettroservicegroup.it"
65.108.235.243 - - [04/Jul/2026:17:28:53 +0200] "POST /?wordfence_syncAttackData=1783178933.7938 HTTP/1.1" 507 - "-" "WordPress/7.0; https://parma.elettroservicegroup.it"
65.108.235.243 - - [04/Jul/2026:17:28:53 +0200] "POST /?wordfence_syncAttackData=1783178933.5953 HTTP/1.1" 507 - "-" "WordPress/7.0; https://parma.elettroservicegroup.it"
65.108.235.243 - - [04/Jul/2026:17:28:53 +0200] "POST /?wordfence_syncAttackData=1783178933.6975 HTTP/1.1" 507 - "-" "WordPress/7.0; https://parma.elettroservicegroup.it"
65.108.235.243 - - [04/Jul/2026:17:28:54 +0200] "POST /?wordfence_syncAttackData=1783178933.7976 HTTP/1.1" 507 - "-" "WordPress/7.0; https://parma.elettroservicegroup.it"
65.108.235.243 - - [04/Jul/2026:17:28:54 +0200] "POST /?wordfence_syncAttackData=1783178933.7948 HTTP/1.1" 507 - "-" "WordPress/7.0; https://parma.elettroservicegroup.it"
216.26.250.250 - - [04/Jul/2026:17:28:50 +0200] "HEAD /wp-content/plugins/litespeed-cache/readme.txt HTTP/1.1" 301 - "-" "Mozilla/5.0 (Macintosh; Intel Mac OS X 10_15_7) AppleWebKit/605.1.15 (KHTML, like Gecko) Version/18.2 Safari/605.1.15"
65.108.235.243 - - [04/Jul/2026:17:28:55 +0200] "POST /wp-cron.php?doing_wp_cron=1783178935.3054440021514892578125 HTTP/1.1" 507 - "-" "WordPress/7.0; https://parma.elettroservicegroup.it"
216.26.250.250 - - [04/Jul/2026:17:28:50 +0200] "HEAD /wp-content/plugins/woocommerce-payments/readme.txt HTTP/1.1" 301 - "-" "Mozilla/5.0 (Macintosh; Intel Mac OS X 10_15_7) AppleWebKit/605.1.15 (KHTML, like Gecko) Version/18.2 Safari/605.1.15"
216.26.250.250 - - [04/Jul/2026:17:28:50 +0200] "HEAD /wp-content/plugins/metform/readme.txt HTTP/1.1" 301 - "-" "Mozilla/5.0 (Macintosh; Intel Mac OS X 10_15_7) AppleWebKit/605.1.15 (KHTML, like Gecko) Version/18.2 Safari/605.1.15"
216.26.250.250 - - [04/Jul/2026:17:28:56 +0200] "HEAD /wp-content/plugins/notificationx/readme.txt HTTP/1.1" 507 - "-" "Mozilla/5.0 (Macintosh; Intel Mac OS X 10_15_7) AppleWebKit/605.1.15 (KHTML, like Gecko) Version/18.2 Safari/605.1.15"
216.26.250.250 - - [04/Jul/2026:17:28:50 +0200] "HEAD /wp-content/plugins/really-simple-ssl/readme.txt HTTP/1.1" 301 - "-" "Mozilla/5.0 (Macintosh; Intel Mac OS X 10_15_7) AppleWebKit/605.1.15 (KHTML, like Gecko) Version/18.2 Safari/605.1.15"
216.26.250.250 - - [04/Jul/2026:17:28:50 +0200] "HEAD /wp-content/plugins/download-manager/readme.txt HTTP/1.1" 301 - "-" "Mozilla/5.0 (Macintosh; Intel Mac OS X 10_15_7) AppleWebKit/605.1.15 (KHTML, like Gecko) Version/18.2 Safari/605.1.15"
216.26.250.250 - - [04/Jul/2026:17:28:50 +0200] "HEAD /wp-content/plugins/suretriggers/readme.txt HTTP/1.1" 301 - "-" "Mozilla/5.0 (Macintosh; Intel Mac OS X 10_15_7) AppleWebKit/605.1.15 (KHTML, like Gecko) Version/18.2 Safari/605.1.15"
216.26.250.250 - - [04/Jul/2026:17:28:50 +0200] "HEAD /wp-content/plugins/elementskit-lite/readme.txt HTTP/1.1" 301 - "-" "Mozilla/5.0 (Macintosh; Intel Mac OS X 10_15_7) AppleWebKit/605.1.15 (KHTML, like Gecko) Version/18.2 Safari/605.1.15"
216.26.250.250 - - [04/Jul/2026:17:28:56 +0200] "HEAD /wp-content/plugins/brizy/readme.txt HTTP/1.1" 507 - "-" "Mozilla/5.0 (Macintosh; Intel Mac OS X 10_15_7) AppleWebKit/605.1.15 (KHTML, like Gecko) Version/18.2 Safari/605.1.15"
216.26.250.250 - - [04/Jul/2026:17:28:50 +0200] "HEAD /wp-content/plugins/ultimate-member/readme.txt HTTP/1.1" 301 - "-" "Mozilla/5.0 (Macintosh; Intel Mac OS X 10_15_7) AppleWebKit/605.1.15 (KHTML, like Gecko) Version/18.2 Safari/605.1.15"
216.26.250.250 - - [04/Jul/2026:17:28:50 +0200] "HEAD /wp-content/plugins/paid-memberships-pro/readme.txt HTTP/1.1" 301 - "-" "Mozilla/5.0 (Macintosh; Intel Mac OS X 10_15_7) AppleWebKit/605.1.15 (KHTML, like Gecko) Version/18.2 Safari/605.1.15"
216.26.250.250 - - [04/Jul/2026:17:28:50 +0200] "HEAD /wp-content/plugins/gravityforms/readme.txt HTTP/1.1" 301 - "-" "Mozilla/5.0 (Macintosh; Intel Mac OS X 10_15_7) AppleWebKit/605.1.15 (KHTML, like Gecko) Version/18.2 Safari/605.1.15"
216.26.250.250 - - [04/Jul/2026:17:28:50 +0200] "HEAD /wp-content/plugins/buddyboss-platform/readme.txt HTTP/1.1" 301 - "-" "Mozilla/5.0 (Macintosh; Intel Mac OS X 10_15_7) AppleWebKit/605.1.15 (KHTML, like Gecko) Version/18.2 Safari/605.1.15"
216.26.250.250 - - [04/Jul/2026:17:28:50 +0200] "HEAD /wp-content/plugins/sitepress-multilingual-cms/readme.txt HTTP/1.1" 301 - "-" "Mozilla/5.0 (Macintosh; Intel Mac OS X 10_15_7) AppleWebKit/605.1.15 (KHTML, like Gecko) Version/18.2 Safari/605.1.15"
216.26.250.250 - - [04/Jul/2026:17:28:50 +0200] "HEAD /wp-content/plugins/wp-user-avatar/readme.txt HTTP/1.1" 301 - "-" "Mozilla/5.0 (Macintosh; Intel Mac OS X 10_15_7) AppleWebKit/605.1.15 (KHTML, like Gecko) Version/18.2 Safari/605.1.15"
216.26.250.250 - - [04/Jul/2026:17:28:50 +0200] "HEAD /wp-content/plugins/really-simple-ssl-pro/readme.txt HTTP/1.1" 301 - "-" "Mozilla/5.0 (Macintosh; Intel Mac OS X 10_15_7) AppleWebKit/605.1.15 (KHTML, like Gecko) Version/18.2 Safari/605.1.15"
216.26.250.250 - - [04/Jul/2026:17:28:50 +0200] "HEAD /wp-content/plugins/essential-addons-for-elementor-lite/readme.txt HTTP/1.1" 301 - "-" "Mozilla/5.0 (Macintosh; Intel Mac OS X 10_15_7) AppleWebKit/605.1.15 (KHTML, like Gecko) Version/18.2 Safari/605.1.15"
216.26.250.250 - - [04/Jul/2026:17:28:50 +0200] "HEAD /wp-content/plugins/learnpress/readme.txt HTTP/1.1" 301 - "-" "Mozilla/5.0 (Macintosh; Intel Mac OS X 10_15_7) AppleWebKit/605.1.15 (KHTML, like Gecko) Version/18.2 Safari/605.1.15"
216.26.250.250 - - [04/Jul/2026:17:28:50 +0200] "HEAD /wp-content/plugins/latepoint/readme.txt HTTP/1.1" 301 - "-" "Mozilla/5.0 (Macintosh; Intel Mac OS X 10_15_7) AppleWebKit/605.1.15 (KHTML, like Gecko) Version/18.2 Safari/605.1.15"
216.26.250.250 - - [04/Jul/2026:17:28:50 +0200] "HEAD /wp-content/plugins/wp-automatic/readme.txt HTTP/1.1" 301 - "-" "Mozilla/5.0 (Macintosh; Intel Mac OS X 10_15_7) AppleWebKit/605.1.15 (KHTML, like Gecko) Version/18.2 Safari/605.1.15"
216.26.250.250 - - [04/Jul/2026:17:28:50 +0200] "HEAD /wp-content/plugins/elementskit/readme.txt HTTP/1.1" 301 - "-" "Mozilla/5.0 (Macintosh; Intel Mac OS X 10_15_7) AppleWebKit/605.1.15 (KHTML, like Gecko) Version/18.2 Safari/605.1.15"
216.26.250.250 - - [04/Jul/2026:17:28:50 +0200] "HEAD /wp-content/plugins/wpml-string-translation/readme.txt HTTP/1.1" 301 - "-" "Mozilla/5.0 (Macintosh; Intel Mac OS X 10_15_7) AppleWebKit/605.1.15 (KHTML, like Gecko) Version/18.2 Safari/605.1.15"
65.108.235.243 - - [04/Jul/2026:17:28:53 +0200] "POST /?wordfence_syncAttackData=1783178933.0956 HTTP/1.1" 200 1 "-" "WordPress/7.0; https://parma.elettroservicegroup.it"
216.26.250.250 - - [04/Jul/2026:17:28:57 +0200] "HEAD /wp-content/plugins/elementskit/readme.txt HTTP/1.1" 507 - "https://www.parma.elettroservicegroup.it/wp-content/plugins/elementskit/readme.txt" "Mozilla/5.0 (Macintosh; Intel Mac OS X 10_15_7) AppleWebKit/605.1.15 (KHTML, like Gecko) Version/18.2 Safari/605.1.15"
216.26.250.250 - - [04/Jul/2026:17:28:57 +0200] "HEAD /wp-content/plugins/really-simple-ssl/readme.txt HTTP/1.1" 404 - "https://www.parma.elettroservicegroup.it/wp-content/plugins/really-simple-ssl/readme.txt" "Mozilla/5.0 (Macintosh; Intel Mac OS X 10_15_7) AppleWebKit/605.1.15 (KHTML, like Gecko) Version/18.2 Safari/605.1.15"
216.26.250.250 - - [04/Jul/2026:17:28:56 +0200] "HEAD /wp-content/plugins/layerslider/readme.txt HTTP/1.1" 301 - "-" "Mozilla/5.0 (Macintosh; Intel Mac OS X 10_15_7) AppleWebKit/605.1.15 (KHTML, like Gecko) Version/18.2 Safari/605.1.15"
216.26.250.250 - - [04/Jul/2026:17:28:57 +0200] "HEAD /wp-content/plugins/buddyboss-platform/readme.txt HTTP/1.1" 404 - "https://www.parma.elettroservicegroup.it/wp-content/plugins/buddyboss-platform/readme.txt" "Mozilla/5.0 (Macintosh; Intel Mac OS X 10_15_7) AppleWebKit/605.1.15 (KHTML, like Gecko) Version/18.2 Safari/605.1.15"
216.26.250.250 - - [04/Jul/2026:17:28:56 +0200] "HEAD /wp-content/plugins/give/readme.txt HTTP/1.1" 301 - "-" "Mozilla/5.0 (Macintosh; Intel Mac OS X 10_15_7) AppleWebKit/605.1.15 (KHTML, like Gecko) Version/18.2 Safari/605.1.15"
216.26.250.250 - - [04/Jul/2026:17:28:57 +0200] "HEAD /wp-content/plugins/sitepress-multilingual-cms/readme.txt HTTP/1.1" 404 - "https://www.parma.elettroservicegroup.it/wp-content/plugins/sitepress-multilingual-cms/readme.txt" "Mozilla/5.0 (Macintosh; Intel Mac OS X 10_15_7) AppleWebKit/605.1.15 (KHTML, like Gecko) Version/18.2 Safari/605.1.15"
