43.156.232.154 - - [01/Jul/2026:14:47:05 +0200] "GET / HTTP/1.1" 200 23723 "http://piacenza.elettroservicegroup.it" "Mozilla/5.0 (iPhone; CPU iPhone OS 13_2_3 like Mac OS X) AppleWebKit/605.1.15 (KHTML, like Gecko) Version/13.0.3 Mobile/15E148 Safari/604.1"
65.108.235.243 - - [01/Jul/2026:14:47:05 +0200] "POST /wp-json/complianz/v1/wsc-scan HTTP/1.1" 400 88 "-" "WordPress/7.0; https://piacenza.elettroservicegroup.it"
65.108.235.243 - - [01/Jul/2026:14:47:06 +0200] "GET /cookie-policy/ HTTP/1.1" 200 18010 "-" "WP Fastest Cache Preload Bot"
65.108.235.243 - - [01/Jul/2026:14:47:07 +0200] "GET /termini-e-condizioni/ HTTP/1.1" 200 17572 "-" "WP Fastest Cache Preload Bot"
65.108.235.243 - - [01/Jul/2026:14:47:08 +0200] "GET /cookie-policy-ue/ HTTP/1.1" 200 19434 "-" "WP Fastest Cache Preload Bot"
65.108.235.243 - - [01/Jul/2026:14:47:10 +0200] "GET /informativa-privacy/ HTTP/1.1" 200 19817 "-" "WP Fastest Cache Preload Bot"
65.108.235.243 - - [01/Jul/2026:15:44:23 +0200] "POST /wp-cron.php?doing_wp_cron=1782913463.7099680900573730468750 HTTP/1.1" 200 1 "-" "WordPress/7.0; https://piacenza.elettroservicegroup.it"
185.223.152.239 - - [01/Jul/2026:15:44:16 +0200] "GET /wp-login.php HTTP/1.1" 302 - "-" "Mozilla/5.0 (Windows NT 10.0; Win64; rv:143.0) Gecko/20100101 Firefox/143.0"
185.223.152.62 - - [01/Jul/2026:15:44:24 +0200] "GET /wp-admin/ HTTP/1.1" 302 - "-" "Mozilla/5.0 (Macintosh; Intel Mac OS X 10_15_7) AppleWebKit/605.1.15 Version/17.0 Safari/605.1.15"
65.108.235.243 - - [01/Jul/2026:15:44:26 +0200] "GET /assistenza-frigoriferi/ HTTP/1.1" 200 19896 "-" "WP Fastest Cache Preload Bot"
65.108.235.243 - - [01/Jul/2026:15:44:31 +0200] "GET /assistenza-lavastoviglie/ HTTP/1.1" 200 19951 "-" "WP Fastest Cache Preload Bot"
65.108.235.243 - - [01/Jul/2026:15:44:33 +0200] "GET /assistenza-asciugatrici/ HTTP/1.1" 200 19703 "-" "WP Fastest Cache Preload Bot"
65.108.235.243 - - [01/Jul/2026:15:44:36 +0200] "GET /assistenza-lavatrici/ HTTP/1.1" 200 19446 "-" "WP Fastest Cache Preload Bot"
65.108.235.243 - - [01/Jul/2026:15:51:26 +0200] "POST /wp-cron.php?doing_wp_cron=1782913886.6156339645385742187500 HTTP/1.1" 200 1 "-" "WordPress/7.0; https://piacenza.elettroservicegroup.it"
78.189.24.202 - - [01/Jul/2026:15:51:20 +0200] "GET / HTTP/1.1" 301 - "-" "Mozilla/5.0 (Windows NT 10.0; Win64; x64) AppleWebKit/537.36 (KHTML, like Gecko) Chrome/136.0.0.0 Safari/537.36 (Silvy X Ran)"
65.108.235.243 - - [01/Jul/2026:15:51:29 +0200] "GET / HTTP/1.1" 200 21822 "-" "WP Fastest Cache Preload Bot"
65.108.235.243 - - [01/Jul/2026:15:51:32 +0200] "POST /wp-json/complianz/v1/wsc-scan HTTP/1.1" 400 88 "-" "WordPress/7.0; https://piacenza.elettroservicegroup.it"
212.8.228.114 - - [01/Jul/2026:15:51:36 +0200] "GET /config HTTP/1.1" 301 - "-" "Mozilla/5.0 (Windows NT 10.0; Win64; x64) AppleWebKit/537.36 (KHTML, like Gecko) Chrome/136.0.0.0 Safari/537.36 (Silvy X Ran)"
78.189.24.202 - - [01/Jul/2026:15:51:38 +0200] "GET /.env HTTP/1.1" 301 - "-" "Mozilla/5.0 (Windows NT 10.0; Win64; x64) AppleWebKit/537.36 (KHTML, like Gecko) Chrome/136.0.0.0 Safari/537.36 (Silvy X Ran)"
146.59.183.16 - - [01/Jul/2026:15:51:48 +0200] "GET /.env.production HTTP/1.1" 301 - "-" "Mozilla/5.0 (Windows NT 10.0; Win64; x64) AppleWebKit/537.36 (KHTML, like Gecko) Chrome/136.0.0.0 Safari/537.36 (Silvy X Ran)"
146.59.183.16 - - [01/Jul/2026:15:51:54 +0200] "GET /.env.development HTTP/1.1" 301 - "-" "Mozilla/5.0 (Windows NT 10.0; Win64; x64) AppleWebKit/537.36 (KHTML, like Gecko) Chrome/136.0.0.0 Safari/537.36 (Silvy X Ran)"
52.184.100.96 - - [01/Jul/2026:16:42:33 +0200] "GET /wk/index.php HTTP/1.1" 200 11819 "-" "Mozilla/5.0 (Windows NT 10.0; Win64; x64) AppleWebKit/537.36 (KHTML, like Gecko) Chrome/120.0.0.0 Safari/537.36"
52.184.100.96 - - [01/Jul/2026:16:42:34 +0200] "GET /inputs.php HTTP/1.1" 200 11653 "-" "Mozilla/5.0 (Windows NT 10.0; Win64; x64) AppleWebKit/537.36 (KHTML, like Gecko) Chrome/120.0.0.0 Safari/537.36"
52.184.100.96 - - [01/Jul/2026:16:42:35 +0200] "GET /ioxi-o.php HTTP/1.1" 200 11648 "-" "Mozilla/5.0 (Windows NT 10.0; Win64; x64) AppleWebKit/537.36 (KHTML, like Gecko) Chrome/120.0.0.0 Safari/537.36"
52.184.100.96 - - [01/Jul/2026:16:42:36 +0200] "GET /function/function.php HTTP/1.1" 200 11785 "-" "Mozilla/5.0 (Windows NT 10.0; Win64; x64) AppleWebKit/537.36 (KHTML, like Gecko) Chrome/120.0.0.0 Safari/537.36"
52.184.100.96 - - [01/Jul/2026:16:42:36 +0200] "GET /rip.php HTTP/1.1" 200 11769 "-" "Mozilla/5.0 (Windows NT 10.0; Win64; x64) AppleWebKit/537.36 (KHTML, like Gecko) Chrome/120.0.0.0 Safari/537.36"
52.184.100.96 - - [01/Jul/2026:16:42:37 +0200] "GET /admin.php HTTP/1.1" 200 11713 "-" "Mozilla/5.0 (Windows NT 10.0; Win64; x64) AppleWebKit/537.36 (KHTML, like Gecko) Chrome/120.0.0.0 Safari/537.36"
52.184.100.96 - - [01/Jul/2026:16:42:38 +0200] "GET /wp-content/uploads/index.php HTTP/1.1" 200 11781 "-" "Mozilla/5.0 (Windows NT 10.0; Win64; x64) AppleWebKit/537.36 (KHTML, like Gecko) Chrome/120.0.0.0 Safari/537.36"
52.184.100.96 - - [01/Jul/2026:16:42:38 +0200] "GET /cache.php HTTP/1.1" 200 11758 "-" "Mozilla/5.0 (Windows NT 10.0; Win64; x64) AppleWebKit/537.36 (KHTML, like Gecko) Chrome/120.0.0.0 Safari/537.36"
52.184.100.96 - - [01/Jul/2026:16:42:39 +0200] "GET /themes.php HTTP/1.1" 200 11712 "-" "Mozilla/5.0 (Windows NT 10.0; Win64; x64) AppleWebKit/537.36 (KHTML, like Gecko) Chrome/120.0.0.0 Safari/537.36"
52.184.100.96 - - [01/Jul/2026:16:42:40 +0200] "GET /an.php HTTP/1.1" 200 11771 "-" "Mozilla/5.0 (Windows NT 10.0; Win64; x64) AppleWebKit/537.36 (KHTML, like Gecko) Chrome/120.0.0.0 Safari/537.36"
52.184.100.96 - - [01/Jul/2026:16:42:41 +0200] "GET /index/function.php HTTP/1.1" 200 11849 "-" "Mozilla/5.0 (Windows NT 10.0; Win64; x64) AppleWebKit/537.36 (KHTML, like Gecko) Chrome/120.0.0.0 Safari/537.36"
52.184.100.96 - - [01/Jul/2026:16:42:41 +0200] "GET /randkeyword.PhP7 HTTP/1.1" 200 11845 "-" "Mozilla/5.0 (Windows NT 10.0; Win64; x64) AppleWebKit/537.36 (KHTML, like Gecko) Chrome/120.0.0.0 Safari/537.36"
52.184.100.96 - - [01/Jul/2026:16:42:43 +0200] "GET /ws.php HTTP/1.1" 200 11769 "-" "Mozilla/5.0 (Windows NT 10.0; Win64; x64) AppleWebKit/537.36 (KHTML, like Gecko) Chrome/120.0.0.0 Safari/537.36"
52.184.100.96 - - [01/Jul/2026:16:42:43 +0200] "GET /404.php HTTP/1.1" 200 11770 "-" "Mozilla/5.0 (Windows NT 10.0; Win64; x64) AppleWebKit/537.36 (KHTML, like Gecko) Chrome/120.0.0.0 Safari/537.36"
52.184.100.96 - - [01/Jul/2026:16:42:44 +0200] "GET /wp-admin/user/index.php HTTP/1.1" 200 11721 "-" "Mozilla/5.0 (Windows NT 10.0; Win64; x64) AppleWebKit/537.36 (KHTML, like Gecko) Chrome/120.0.0.0 Safari/537.36"
52.184.100.96 - - [01/Jul/2026:16:42:45 +0200] "GET /wp-conf.php HTTP/1.1" 200 11663 "-" "Mozilla/5.0 (Windows NT 10.0; Win64; x64) AppleWebKit/537.36 (KHTML, like Gecko) Chrome/120.0.0.0 Safari/537.36"
52.184.100.96 - - [01/Jul/2026:16:42:45 +0200] "GET /wp-content/themes/hideo/network.php HTTP/1.1" 200 11693 "-" "Mozilla/5.0 (Windows NT 10.0; Win64; x64) AppleWebKit/537.36 (KHTML, like Gecko) Chrome/120.0.0.0 Safari/537.36"
52.184.100.96 - - [01/Jul/2026:16:42:46 +0200] "GET /wp-login.php HTTP/1.1" 200 11726 "-" "Mozilla/5.0 (Windows NT 10.0; Win64; x64) AppleWebKit/537.36 (KHTML, like Gecko) Chrome/120.0.0.0 Safari/537.36"
52.184.100.96 - - [01/Jul/2026:16:42:47 +0200] "GET /abc.php HTTP/1.1" 200 11710 "-" "Mozilla/5.0 (Windows NT 10.0; Win64; x64) AppleWebKit/537.36 (KHTML, like Gecko) Chrome/120.0.0.0 Safari/537.36"
52.184.100.96 - - [01/Jul/2026:16:42:47 +0200] "GET /abcd.php HTTP/1.1" 200 11711 "-" "Mozilla/5.0 (Windows NT 10.0; Win64; x64) AppleWebKit/537.36 (KHTML, like Gecko) Chrome/120.0.0.0 Safari/537.36"
52.184.100.96 - - [01/Jul/2026:16:42:48 +0200] "GET /as.php HTTP/1.1" 200 11769 "-" "Mozilla/5.0 (Windows NT 10.0; Win64; x64) AppleWebKit/537.36 (KHTML, like Gecko) Chrome/120.0.0.0 Safari/537.36"
52.184.100.96 - - [01/Jul/2026:16:42:49 +0200] "GET /wp-trackback.php HTTP/1.1" 200 11781 "-" "Mozilla/5.0 (Windows NT 10.0; Win64; x64) AppleWebKit/537.36 (KHTML, like Gecko) Chrome/120.0.0.0 Safari/537.36"
52.184.100.96 - - [01/Jul/2026:16:42:49 +0200] "GET /about.php HTTP/1.1" 200 11774 "-" "Mozilla/5.0 (Windows NT 10.0; Win64; x64) AppleWebKit/537.36 (KHTML, like Gecko) Chrome/120.0.0.0 Safari/537.36"
52.184.100.96 - - [01/Jul/2026:16:42:50 +0200] "GET /file.php HTTP/1.1" 200 11783 "-" "Mozilla/5.0 (Windows NT 10.0; Win64; x64) AppleWebKit/537.36 (KHTML, like Gecko) Chrome/120.0.0.0 Safari/537.36"
52.184.100.96 - - [01/Jul/2026:16:42:51 +0200] "GET /adminfuns.php HTTP/1.1" 200 11852 "-" "Mozilla/5.0 (Windows NT 10.0; Win64; x64) AppleWebKit/537.36 (KHTML, like Gecko) Chrome/120.0.0.0 Safari/537.36"
52.184.100.96 - - [01/Jul/2026:16:42:51 +0200] "GET /wp-good.php HTTP/1.1" 200 11850 "-" "Mozilla/5.0 (Windows NT 10.0; Win64; x64) AppleWebKit/537.36 (KHTML, like Gecko) Chrome/120.0.0.0 Safari/537.36"
52.184.100.96 - - [01/Jul/2026:16:42:52 +0200] "GET /xmlrpc.php HTTP/1.1" 200 11749 "-" "Mozilla/5.0 (Windows NT 10.0; Win64; x64) AppleWebKit/537.36 (KHTML, like Gecko) Chrome/120.0.0.0 Safari/537.36"
52.184.100.96 - - [01/Jul/2026:16:42:53 +0200] "GET /goods.php HTTP/1.1" 200 11757 "-" "Mozilla/5.0 (Windows NT 10.0; Win64; x64) AppleWebKit/537.36 (KHTML, like Gecko) Chrome/120.0.0.0 Safari/537.36"
52.184.100.96 - - [01/Jul/2026:16:42:53 +0200] "GET /class-t.api.php HTTP/1.1" 200 11763 "-" "Mozilla/5.0 (Windows NT 10.0; Win64; x64) AppleWebKit/537.36 (KHTML, like Gecko) Chrome/120.0.0.0 Safari/537.36"
52.184.100.96 - - [01/Jul/2026:16:42:54 +0200] "GET /sf.php HTTP/1.1" 200 11791 "-" "Mozilla/5.0 (Windows NT 10.0; Win64; x64) AppleWebKit/537.36 (KHTML, like Gecko) Chrome/120.0.0.0 Safari/537.36"
52.184.100.96 - - [01/Jul/2026:16:42:55 +0200] "GET /kbfr.php HTTP/1.1" 200 11767 "-" "Mozilla/5.0 (Windows NT 10.0; Win64; x64) AppleWebKit/537.36 (KHTML, like Gecko) Chrome/120.0.0.0 Safari/537.36"
52.184.100.96 - - [01/Jul/2026:16:42:55 +0200] "GET /autoload_classmap.php HTTP/1.1" 200 11780 "-" "Mozilla/5.0 (Windows NT 10.0; Win64; x64) AppleWebKit/537.36 (KHTML, like Gecko) Chrome/120.0.0.0 Safari/537.36"
52.184.100.96 - - [01/Jul/2026:16:42:56 +0200] "GET /chosen.php?p= HTTP/1.1" 200 11762 "-" "Mozilla/5.0 (Windows NT 10.0; Win64; x64) AppleWebKit/537.36 (KHTML, like Gecko) Chrome/120.0.0.0 Safari/537.36"
52.184.100.96 - - [01/Jul/2026:16:42:57 +0200] "GET /classwithtostring.php HTTP/1.1" 200 11745 "-" "Mozilla/5.0 (Windows NT 10.0; Win64; x64) AppleWebKit/537.36 (KHTML, like Gecko) Chrome/120.0.0.0 Safari/537.36"
52.184.100.96 - - [01/Jul/2026:16:42:58 +0200] "GET /defaults.php HTTP/1.1" 200 11752 "-" "Mozilla/5.0 (Windows NT 10.0; Win64; x64) AppleWebKit/537.36 (KHTML, like Gecko) Chrome/120.0.0.0 Safari/537.36"
52.184.100.96 - - [01/Jul/2026:16:42:58 +0200] "GET /wp-includes/ HTTP/1.1" 200 11754 "-" "Mozilla/5.0 (Windows NT 10.0; Win64; x64) AppleWebKit/537.36 (KHTML, like Gecko) Chrome/120.0.0.0 Safari/537.36"
52.184.100.96 - - [01/Jul/2026:16:42:59 +0200] "GET /.well-known/ HTTP/1.1" 200 11839 "-" "Mozilla/5.0 (Windows NT 10.0; Win64; x64) AppleWebKit/537.36 (KHTML, like Gecko) Chrome/120.0.0.0 Safari/537.36"
52.184.100.96 - - [01/Jul/2026:16:43:00 +0200] "GET /info.php HTTP/1.1" 200 11773 "-" "Mozilla/5.0 (Windows NT 10.0; Win64; x64) AppleWebKit/537.36 (KHTML, like Gecko) Chrome/120.0.0.0 Safari/537.36"
52.184.100.96 - - [01/Jul/2026:16:43:00 +0200] "GET /cgi-bin/ HTTP/1.1" 200 11775 "-" "Mozilla/5.0 (Windows NT 10.0; Win64; x64) AppleWebKit/537.36 (KHTML, like Gecko) Chrome/120.0.0.0 Safari/537.36"
52.184.100.96 - - [01/Jul/2026:16:43:01 +0200] "GET /uploads/ HTTP/1.1" 200 11768 "-" "Mozilla/5.0 (Windows NT 10.0; Win64; x64) AppleWebKit/537.36 (KHTML, like Gecko) Chrome/120.0.0.0 Safari/537.36"
52.184.100.96 - - [01/Jul/2026:16:43:02 +0200] "GET /wp-admin/images/ HTTP/1.1" 200 11735 "-" "Mozilla/5.0 (Windows NT 10.0; Win64; x64) AppleWebKit/537.36 (KHTML, like Gecko) Chrome/120.0.0.0 Safari/537.36"
52.184.100.96 - - [01/Jul/2026:16:43:02 +0200] "GET /wp-includes/Requests/src/Response/about.php HTTP/1.1" 200 11766 "-" "Mozilla/5.0 (Windows NT 10.0; Win64; x64) AppleWebKit/537.36 (KHTML, like Gecko) Chrome/120.0.0.0 Safari/537.36"
52.184.100.96 - - [01/Jul/2026:16:43:03 +0200] "GET /wp-includes/html-api/ HTTP/1.1" 200 11748 "-" "Mozilla/5.0 (Windows NT 10.0; Win64; x64) AppleWebKit/537.36 (KHTML, like Gecko) Chrome/120.0.0.0 Safari/537.36"
52.184.100.96 - - [01/Jul/2026:16:43:04 +0200] "GET /wp-content/admin.php HTTP/1.1" 200 11711 "-" "Mozilla/5.0 (Windows NT 10.0; Win64; x64) AppleWebKit/537.36 (KHTML, like Gecko) Chrome/120.0.0.0 Safari/537.36"
52.184.100.96 - - [01/Jul/2026:16:43:05 +0200] "GET /wp-admin/css/colors/ectoplasm/ HTTP/1.1" 200 11741 "-" "Mozilla/5.0 (Windows NT 10.0; Win64; x64) AppleWebKit/537.36 (KHTML, like Gecko) Chrome/120.0.0.0 Safari/537.36"
52.184.100.96 - - [01/Jul/2026:16:43:05 +0200] "GET /wp-content/uploads/ HTTP/1.1" 200 11726 "-" "Mozilla/5.0 (Windows NT 10.0; Win64; x64) AppleWebKit/537.36 (KHTML, like Gecko) Chrome/120.0.0.0 Safari/537.36"
52.184.100.96 - - [01/Jul/2026:16:43:06 +0200] "GET /wp-content/themes/admin.php HTTP/1.1" 200 11799 "-" "Mozilla/5.0 (Windows NT 10.0; Win64; x64) AppleWebKit/537.36 (KHTML, like Gecko) Chrome/120.0.0.0 Safari/537.36"
52.184.100.96 - - [01/Jul/2026:16:43:07 +0200] "GET /wp-content/themes/index.php HTTP/1.1" 200 11690 "-" "Mozilla/5.0 (Windows NT 10.0; Win64; x64) AppleWebKit/537.36 (KHTML, like Gecko) Chrome/120.0.0.0 Safari/537.36"
52.184.100.96 - - [01/Jul/2026:16:43:07 +0200] "GET /wp-content/plugins/index.php HTTP/1.1" 200 11691 "-" "Mozilla/5.0 (Windows NT 10.0; Win64; x64) AppleWebKit/537.36 (KHTML, like Gecko) Chrome/120.0.0.0 Safari/537.36"
65.108.235.243 - - [01/Jul/2026:17:29:05 +0200] "POST /wp-json/complianz/v1/wsc-scan HTTP/1.1" 400 88 "-" "WordPress/7.0; https://piacenza.elettroservicegroup.it"
123.6.49.50 - - [01/Jul/2026:17:29:06 +0200] "GET /wp-content/uploads/elementor/google-fonts/css/roboto.css?ver=1742277605 HTTP/2.0" 200 11728 "http://piacenza.elettroservicegroup.it/z0f76a1d14fd21a8fb5fd0d03e0fdc3d3cedae52f?wsidchk=9659242&pdata=http%253A%252F%252Fpiacenza.elettroservicegroup.it&id=7fa3b767c460b54a2be4d49030b349c7&ts=1782919741" "Mozilla/5.0 (Linux; Android 11; V2055A) AppleWebKit/537.36 (KHTML, like Gecko) Chrome/91.0.4472.101 Mobile Safari/537.36"
123.6.49.50 - - [01/Jul/2026:17:29:06 +0200] "GET /wp-content/uploads/elementor/google-fonts/css/robotoslab.css?ver=1742277607 HTTP/2.0" 200 11732 "http://piacenza.elettroservicegroup.it/z0f76a1d14fd21a8fb5fd0d03e0fdc3d3cedae52f?wsidchk=9659242&pdata=http%253A%252F%252Fpiacenza.elettroservicegroup.it&id=7fa3b767c460b54a2be4d49030b349c7&ts=1782919741" "Mozilla/5.0 (Linux; Android 11; V2055A) AppleWebKit/537.36 (KHTML, like Gecko) Chrome/91.0.4472.101 Mobile Safari/537.36"
123.6.49.50 - - [01/Jul/2026:17:29:06 +0200] "GET /wp-content/uploads/2021/10/cropped-cropped-cropped-logo_white_background.png HTTP/2.0" 404 85413 "http://piacenza.elettroservicegroup.it/z0f76a1d14fd21a8fb5fd0d03e0fdc3d3cedae52f?wsidchk=9659242&pdata=http%253A%252F%252Fpiacenza.elettroservicegroup.it&id=7fa3b767c460b54a2be4d49030b349c7&ts=1782919741" "Mozilla/5.0 (Linux; Android 11; V2055A) AppleWebKit/537.36 (KHTML, like Gecko) Chrome/91.0.4472.101 Mobile Safari/537.36"
123.6.49.50 - - [01/Jul/2026:17:29:08 +0200] "GET /wp-content/uploads/2021/10/cropped-cropped-cropped-logo_white_background.png HTTP/2.0" 503 1998 "http://piacenza.elettroservicegroup.it/z0f76a1d14fd21a8fb5fd0d03e0fdc3d3cedae52f?wsidchk=9659242&pdata=http%253A%252F%252Fpiacenza.elettroservicegroup.it&id=7fa3b767c460b54a2be4d49030b349c7&ts=1782919741" "Mozilla/5.0 (Linux; Android 11; V2055A) AppleWebKit/537.36 (KHTML, like Gecko) Chrome/91.0.4472.101 Mobile Safari/537.36"
65.108.235.243 - - [01/Jul/2026:17:29:12 +0200] "GET /?wp_scrape_key=70d13668a13edb25cbf038bb8ad891bc&wp_scrape_nonce=1782919750 HTTP/1.1" 200 21954 "-" "WordPress/7.0; https://piacenza.elettroservicegroup.it"
27.115.124.113 - - [01/Jul/2026:17:29:17 +0200] "GET /wp-content/uploads/2021/10/cropped-cropped-cropped-cropped-logo_white_background-192x192.png HTTP/1.1" 200 3840 "-" "Mozilla/5.0 (Macintosh; Intel Mac OS X 10_15_7) AppleWebKit/537.36 (KHTML, like Gecko) Chrome/120.0.0.0 Safari/537.36 Edg/120.0.0.0"
65.108.235.243 - - [01/Jul/2026:17:45:51 +0200] "POST /wp-cron.php?doing_wp_cron=1782920751.3173880577087402343750 HTTP/1.1" 200 1 "-" "WordPress/7.0; https://piacenza.elettroservicegroup.it"
34.28.87.167 - - [01/Jul/2026:17:45:45 +0200] "GET /.git/config HTTP/1.1" 301 - "-" "-"
65.108.235.243 - - [01/Jul/2026:17:45:53 +0200] "GET /imprint/ HTTP/1.1" 200 17184 "-" "WP Fastest Cache Preload Bot"
65.108.235.243 - - [01/Jul/2026:17:45:56 +0200] "GET /dichiarazione-sulla-privacy-ue/ HTTP/1.1" 200 19684 "-" "WP Fastest Cache Preload Bot"
65.108.235.243 - - [01/Jul/2026:17:45:58 +0200] "GET /assistenza-whirlpool-piacenza/ HTTP/1.1" 200 21854 "-" "WP Fastest Cache Preload Bot"
65.108.235.243 - - [01/Jul/2026:17:46:01 +0200] "GET /assistenza-smeg-piacenza/ HTTP/1.1" 200 21801 "-" "WP Fastest Cache Preload Bot"
65.108.235.243 - - [01/Jul/2026:17:46:05 +0200] "GET / HTTP/1.1" 200 21814 "-" "WP Fastest Cache Preload Bot"
43.156.79.172 - - [01/Jul/2026:18:11:28 +0200] "GET / HTTP/1.1" 200 23708 "http://piacenza.elettroservicegroup.it" "Mozilla/5.0 (iPhone; CPU iPhone OS 13_2_3 like Mac OS X) AppleWebKit/605.1.15 (KHTML, like Gecko) Version/13.0.3 Mobile/15E148 Safari/604.1"
65.108.235.243 - - [01/Jul/2026:18:11:28 +0200] "GET /imprint/ HTTP/1.1" 200 17171 "-" "WP Fastest Cache Preload Bot"
65.108.235.243 - - [01/Jul/2026:18:11:30 +0200] "GET /dichiarazione-sulla-privacy-ue/ HTTP/1.1" 200 19691 "-" "WP Fastest Cache Preload Bot"
65.108.235.243 - - [01/Jul/2026:18:11:32 +0200] "GET /assistenza-whirlpool-piacenza/ HTTP/1.1" 200 21854 "-" "WP Fastest Cache Preload Bot"
65.108.235.243 - - [01/Jul/2026:18:11:34 +0200] "GET /assistenza-smeg-piacenza/ HTTP/1.1" 200 21801 "-" "WP Fastest Cache Preload Bot"
188.216.197.13 - - [01/Jul/2026:19:19:57 +0200] "GET /wp-content/uploads/2022/01/logo-rex-electrolux.jpg HTTP/2.0" 200 10905 "https://www.google.com/" "Mozilla/5.0 (Windows NT 10.0; Win64; x64) AppleWebKit/537.36 (KHTML, like Gecko) Chrome/149.0.0.0 Safari/537.36"
65.108.235.243 - - [01/Jul/2026:19:59:20 +0200] "POST /wp-cron.php?doing_wp_cron=1782928760.6356289386749267578125 HTTP/1.1" 200 1 "-" "WordPress/7.0; https://piacenza.elettroservicegroup.it"
216.73.216.95 - - [01/Jul/2026:19:59:19 +0200] "GET /robots.txt HTTP/2.0" 200 108 "-" "Mozilla/5.0 AppleWebKit/537.36 (KHTML, like Gecko; compatible; ClaudeBot/1.0; +claudebot@anthropic.com)"
216.73.216.95 - - [01/Jul/2026:19:59:20 +0200] "GET /sitemap.rss HTTP/2.0" 200 1298 "-" "Mozilla/5.0 AppleWebKit/537.36 (KHTML, like Gecko; compatible; ClaudeBot/1.0; +claudebot@anthropic.com)"
65.108.235.243 - - [01/Jul/2026:19:59:21 +0200] "POST /wp-json/complianz/v1/wsc-scan HTTP/1.1" 400 88 "-" "WordPress/7.0; https://piacenza.elettroservicegroup.it"
65.108.235.243 - - [01/Jul/2026:19:59:21 +0200] "GET /assistenza-siemens-piacenza/ HTTP/1.1" 200 21984 "-" "WP Fastest Cache Preload Bot"
65.108.235.243 - - [01/Jul/2026:19:59:21 +0200] "GET /assistenza-rex-electrolux-piacenza/ HTTP/1.1" 200 21842 "-" "WP Fastest Cache Preload Bot"
65.108.235.243 - - [01/Jul/2026:19:59:22 +0200] "GET /assistenza-miele-piacenza/ HTTP/1.1" 200 22091 "-" "WP Fastest Cache Preload Bot"
65.108.235.243 - - [01/Jul/2026:19:59:22 +0200] "GET /assistenza-lavatrici-whirlpool-piacenza/ HTTP/1.1" 200 21967 "-" "WP Fastest Cache Preload Bot"
91.224.92.82 - - [01/Jul/2026:20:43:28 +0200] "POST /index.php?option=com_sppagebuilder&task=asset.uploadCustomIcon HTTP/1.1" 301 - "-" "Mozilla/5.0 (X11; Linux x86_64) sppb-rce-poc"
65.108.235.243 - - [01/Jul/2026:20:43:34 +0200] "POST /wp-cron.php?doing_wp_cron=1782931414.7023439407348632812500 HTTP/1.1" 200 1 "-" "WordPress/7.0; https://piacenza.elettroservicegroup.it"
91.224.92.82 - - [01/Jul/2026:20:43:28 +0200] "POST /index.php?option=com_sppagebuilder&task=asset.uploadCustomIcon HTTP/1.1" 301 - "-" "Mozilla/5.0 (X11; Linux x86_64) sppb-rce-poc"
91.224.92.82 - - [01/Jul/2026:20:43:34 +0200] "GET /?option=com_sppagebuilder&task=asset.uploadCustomIcon HTTP/1.1" 415 163112 "-" "Mozilla/5.0 (X11; Linux x86_64) sppb-rce-poc"
91.224.92.82 - - [01/Jul/2026:20:43:34 +0200] "GET /?option=com_sppagebuilder&task=asset.uploadCustomIcon HTTP/1.1" 415 163112 "-" "Mozilla/5.0 (X11; Linux x86_64) sppb-rce-poc"
65.108.235.243 - - [01/Jul/2026:20:43:36 +0200] "GET /assistenza-lavatrici-smeg-piacenza/ HTTP/1.1" 200 21705 "-" "WP Fastest Cache Preload Bot"
65.108.235.243 - - [01/Jul/2026:20:43:38 +0200] "GET /assistenza-lavatrici-rex-electrolux-piacenza/ HTTP/1.1" 200 21678 "-" "WP Fastest Cache Preload Bot"
65.108.235.243 - - [01/Jul/2026:20:43:40 +0200] "GET /assistenza-lavatrici-indesit-piacenza/ HTTP/1.1" 200 21702 "-" "WP Fastest Cache Preload Bot"
65.108.235.243 - - [01/Jul/2026:20:43:43 +0200] "GET /assistenza-lavatrici-bosch-piacenza/ HTTP/1.1" 200 21748 "-" "WP Fastest Cache Preload Bot"
27.115.124.53 - - [01/Jul/2026:20:51:46 +0200] "GET /assistenza-ariston-piacenza/ HTTP/2.0" 200 23670 "-" "Mozilla/5.0 (Linux; Android 11; V2055A) AppleWebKit/537.36 (KHTML, like Gecko) Chrome/91.0.4472.101 Mobile Safari/537.36"
27.115.124.53 - - [01/Jul/2026:20:51:46 +0200] "GET /wp-content/cache/wpfc-minified/98f2uwim/2b8mf.css HTTP/2.0" 200 506 "https://piacenza.elettroservicegroup.it/assistenza-ariston-piacenza/" "Mozilla/5.0 (Linux; Android 11; V2055A) AppleWebKit/537.36 (KHTML, like Gecko) Chrome/91.0.4472.101 Mobile Safari/537.36"
27.115.124.53 - - [01/Jul/2026:20:51:46 +0200] "GET /wp-content/uploads/elementor/css/post-14146.css?ver=1782843553 HTTP/2.0" 200 489 "https://piacenza.elettroservicegroup.it/assistenza-ariston-piacenza/" "Mozilla/5.0 (Linux; Android 11; V2055A) AppleWebKit/537.36 (KHTML, like Gecko) Chrome/91.0.4472.101 Mobile Safari/537.36"
27.115.124.53 - - [01/Jul/2026:20:51:46 +0200] "GET /wp-content/cache/wpfc-minified/lkeozi6d/2b8mf.css HTTP/2.0" 200 8068 "https://piacenza.elettroservicegroup.it/assistenza-ariston-piacenza/" "Mozilla/5.0 (Linux; Android 11; V2055A) AppleWebKit/537.36 (KHTML, like Gecko) Chrome/91.0.4472.101 Mobile Safari/537.36"
27.115.124.53 - - [01/Jul/2026:20:51:46 +0200] "GET /wp-content/cache/wpfc-minified/qha2vzve/2b8mf.css HTTP/2.0" 200 12396 "https://piacenza.elettroservicegroup.it/assistenza-ariston-piacenza/" "Mozilla/5.0 (Linux; Android 11; V2055A) AppleWebKit/537.36 (KHTML, like Gecko) Chrome/91.0.4472.101 Mobile Safari/537.36"
27.115.124.53 - - [01/Jul/2026:20:51:46 +0200] "GET /wp-content/cache/wpfc-minified/5g6kml4/2bdz9.css HTTP/2.0" 200 17451 "https://piacenza.elettroservicegroup.it/assistenza-ariston-piacenza/" "Mozilla/5.0 (Linux; Android 11; V2055A) AppleWebKit/537.36 (KHTML, like Gecko) Chrome/91.0.4472.101 Mobile Safari/537.36"
27.115.124.53 - - [01/Jul/2026:20:51:46 +0200] "GET /wp-content/cache/wpfc-minified/9h35mpo4/2b8mf.css HTTP/2.0" 200 4675 "https://piacenza.elettroservicegroup.it/assistenza-ariston-piacenza/" "Mozilla/5.0 (Linux; Android 11; V2055A) AppleWebKit/537.36 (KHTML, like Gecko) Chrome/91.0.4472.101 Mobile Safari/537.36"
27.115.124.53 - - [01/Jul/2026:20:51:46 +0200] "GET /wp-content/cache/wpfc-minified/6ykfum2g/2bdz9.css HTTP/2.0" 200 16421 "https://piacenza.elettroservicegroup.it/assistenza-ariston-piacenza/" "Mozilla/5.0 (Linux; Android 11; V2055A) AppleWebKit/537.36 (KHTML, like Gecko) Chrome/91.0.4472.101 Mobile Safari/537.36"
27.115.124.53 - - [01/Jul/2026:20:51:46 +0200] "GET /wp-content/uploads/elementor/css/post-14366.css?ver=1782843554 HTTP/2.0" 200 350 "https://piacenza.elettroservicegroup.it/assistenza-ariston-piacenza/" "Mozilla/5.0 (Linux; Android 11; V2055A) AppleWebKit/537.36 (KHTML, like Gecko) Chrome/91.0.4472.101 Mobile Safari/537.36"
27.115.124.53 - - [01/Jul/2026:20:51:46 +0200] "GET /wp-content/cache/wpfc-minified/30gnld0u/2b8mf.css HTTP/2.0" 200 20189 "https://piacenza.elettroservicegroup.it/assistenza-ariston-piacenza/" "Mozilla/5.0 (Linux; Android 11; V2055A) AppleWebKit/537.36 (KHTML, like Gecko) Chrome/91.0.4472.101 Mobile Safari/537.36"
65.108.235.243 - - [01/Jul/2026:20:51:52 +0200] "POST /wp-cron.php?doing_wp_cron=1782931912.2201800346374511718750 HTTP/1.1" 200 1 "-" "WordPress/7.0; https://piacenza.elettroservicegroup.it"
27.115.124.53 - - [01/Jul/2026:20:51:46 +0200] "GET /wp-content/uploads/elementor/css/post-16889.css?ver=1782854204 HTTP/2.0" 404 88971 "https://piacenza.elettroservicegroup.it/assistenza-ariston-piacenza/" "Mozilla/5.0 (Linux; Android 11; V2055A) AppleWebKit/537.36 (KHTML, like Gecko) Chrome/91.0.4472.101 Mobile Safari/537.36"
123.6.49.44 - - [01/Jul/2026:20:51:54 +0200] "GET /assistenza-aeg-piacenza/ HTTP/2.0" 200 11719 "-" "Mozilla/5.0 (Linux; Android 11; V2055A) AppleWebKit/537.36 (KHTML, like Gecko) Chrome/91.0.4472.101 Mobile Safari/537.36"
65.108.235.243 - - [01/Jul/2026:20:51:53 +0200] "GET /assistenza-lavatrici-ariston-piacenza/ HTTP/1.1" 200 21763 "-" "WP Fastest Cache Preload Bot"
27.115.124.45 - - [01/Jul/2026:20:51:56 +0200] "GET / HTTP/2.0" 200 11702 "-" "Mozilla/5.0 (Linux; U; Android 8.1.0; zh-cn; MI 8 Build/OPM1.171019.011) AppleWebKit/537.36 (KHTML, like Gecko) Version/4.0 Chrome/57.0.2987.108 Mobile Safari/537.36"
123.6.49.44 - - [01/Jul/2026:20:51:57 +0200] "GET /z0f76a1d14fd21a8fb5fd0d03e0fdc3d3cedae52f?wsidchk=7116394&pdata=https%253A%252F%252Fpiacenza.elettroservicegroup.it%252Fassistenza-aeg-piacenza%252F&id=7fa3b767c460b54a2be4d49030b349c7&ts=1782931914 HTTP/2.0" 302 288 "https://piacenza.elettroservicegroup.it/assistenza-aeg-piacenza/" "Mozilla/5.0 (Linux; Android 11; V2055A) AppleWebKit/537.36 (KHTML, like Gecko) Chrome/91.0.4472.101 Mobile Safari/537.36"
123.6.49.44 - - [01/Jul/2026:20:51:58 +0200] "GET /assistenza-aeg-piacenza/ HTTP/2.0" 200 23700 "https://piacenza.elettroservicegroup.it/assistenza-aeg-piacenza/" "Mozilla/5.0 (Linux; Android 11; V2055A) AppleWebKit/537.36 (KHTML, like Gecko) Chrome/91.0.4472.101 Mobile Safari/537.36"
27.115.124.45 - - [01/Jul/2026:20:51:58 +0200] "GET / HTTP/2.0" 200 11742 "https://piacenza.elettroservicegroup.it/" "Mozilla/5.0 (Linux; U; Android 8.1.0; zh-cn; MI 8 Build/OPM1.171019.011) AppleWebKit/537.36 (KHTML, like Gecko) Version/4.0 Chrome/57.0.2987.108 Mobile Safari/537.36"
27.115.124.45 - - [01/Jul/2026:20:51:58 +0200] "GET /z0f76a1d14fd21a8fb5fd0d03e0fdc3d3cedae52f?wsidchk=6999191&pdata=https%253A%252F%252Fpiacenza.elettroservicegroup.it&id=7fa3b767c460b54a2be4d49030b349c7&ts=1782931916 HTTP/2.0" 302 263 "https://piacenza.elettroservicegroup.it/" "Mozilla/5.0 (Linux; U; Android 8.1.0; zh-cn; MI 8 Build/OPM1.171019.011) AppleWebKit/537.36 (KHTML, like Gecko) Version/4.0 Chrome/57.0.2987.108 Mobile Safari/537.36"
27.115.124.45 - - [01/Jul/2026:20:51:58 +0200] "GET / HTTP/2.0" 200 23708 "https://piacenza.elettroservicegroup.it/" "Mozilla/5.0 (Linux; U; Android 8.1.0; zh-cn; MI 8 Build/OPM1.171019.011) AppleWebKit/537.36 (KHTML, like Gecko) Version/4.0 Chrome/57.0.2987.108 Mobile Safari/537.36"
27.115.124.45 - - [01/Jul/2026:20:51:58 +0200] "GET /wp-content/cache/wpfc-minified/98f2uwim/2b8mf.css HTTP/2.0" 200 506 "https://piacenza.elettroservicegroup.it/" "Mozilla/5.0 (Linux; U; Android 8.1.0; zh-cn; MI 8 Build/OPM1.171019.011) AppleWebKit/537.36 (KHTML, like Gecko) Version/4.0 Chrome/57.0.2987.108 Mobile Safari/537.36"
27.115.124.45 - - [01/Jul/2026:20:51:58 +0200] "GET /wp-content/uploads/elementor/css/post-14366.css?ver=1782919752 HTTP/2.0" 200 350 "https://piacenza.elettroservicegroup.it/" "Mozilla/5.0 (Linux; U; Android 8.1.0; zh-cn; MI 8 Build/OPM1.171019.011) AppleWebKit/537.36 (KHTML, like Gecko) Version/4.0 Chrome/57.0.2987.108 Mobile Safari/537.36"
27.115.124.45 - - [01/Jul/2026:20:51:58 +0200] "GET /wp-content/uploads/elementor/css/post-14227.css?ver=1782919752 HTTP/2.0" 200 2563 "https://piacenza.elettroservicegroup.it/" "Mozilla/5.0 (Linux; U; Android 8.1.0; zh-cn; MI 8 Build/OPM1.171019.011) AppleWebKit/537.36 (KHTML, like Gecko) Version/4.0 Chrome/57.0.2987.108 Mobile Safari/537.36"
27.115.124.45 - - [01/Jul/2026:20:51:58 +0200] "GET /wp-content/uploads/elementor/css/post-14146.css?ver=1782919752 HTTP/2.0" 200 489 "https://piacenza.elettroservicegroup.it/" "Mozilla/5.0 (Linux; U; Android 8.1.0; zh-cn; MI 8 Build/OPM1.171019.011) AppleWebKit/537.36 (KHTML, like Gecko) Version/4.0 Chrome/57.0.2987.108 Mobile Safari/537.36"
27.115.124.45 - - [01/Jul/2026:20:51:58 +0200] "GET /wp-content/cache/wpfc-minified/lkeozi6d/2b8mf.css HTTP/2.0" 200 8068 "https://piacenza.elettroservicegroup.it/" "Mozilla/5.0 (Linux; U; Android 8.1.0; zh-cn; MI 8 Build/OPM1.171019.011) AppleWebKit/537.36 (KHTML, like Gecko) Version/4.0 Chrome/57.0.2987.108 Mobile Safari/537.36"
27.115.124.45 - - [01/Jul/2026:20:51:58 +0200] "GET /wp-content/cache/wpfc-minified/9h35mpo4/2b8mf.css HTTP/2.0" 200 4675 "https://piacenza.elettroservicegroup.it/" "Mozilla/5.0 (Linux; U; Android 8.1.0; zh-cn; MI 8 Build/OPM1.171019.011) AppleWebKit/537.36 (KHTML, like Gecko) Version/4.0 Chrome/57.0.2987.108 Mobile Safari/537.36"
27.115.124.45 - - [01/Jul/2026:20:51:58 +0200] "GET /wp-content/cache/wpfc-minified/qha2vzve/2b8mf.css HTTP/2.0" 200 12396 "https://piacenza.elettroservicegroup.it/" "Mozilla/5.0 (Linux; U; Android 8.1.0; zh-cn; MI 8 Build/OPM1.171019.011) AppleWebKit/537.36 (KHTML, like Gecko) Version/4.0 Chrome/57.0.2987.108 Mobile Safari/537.36"
27.115.124.45 - - [01/Jul/2026:20:51:58 +0200] "GET /wp-content/cache/wpfc-minified/eujroqks/2bdzd.css HTTP/2.0" 200 17505 "https://piacenza.elettroservicegroup.it/" "Mozilla/5.0 (Linux; U; Android 8.1.0; zh-cn; MI 8 Build/OPM1.171019.011) AppleWebKit/537.36 (KHTML, like Gecko) Version/4.0 Chrome/57.0.2987.108 Mobile Safari/537.36"
27.115.124.45 - - [01/Jul/2026:20:51:58 +0200] "GET /wp-content/cache/wpfc-minified/30gnld0u/2b8mf.css HTTP/2.0" 200 20189 "https://piacenza.elettroservicegroup.it/" "Mozilla/5.0 (Linux; U; Android 8.1.0; zh-cn; MI 8 Build/OPM1.171019.011) AppleWebKit/537.36 (KHTML, like Gecko) Version/4.0 Chrome/57.0.2987.108 Mobile Safari/537.36"
123.6.49.44 - - [01/Jul/2026:20:51:58 +0200] "GET /wp-content/uploads/elementor/css/post-14146.css?ver=1782843553 HTTP/2.0" 200 489 "https://piacenza.elettroservicegroup.it/assistenza-aeg-piacenza/" "Mozilla/5.0 (Linux; Android 11; V2055A) AppleWebKit/537.36 (KHTML, like Gecko) Chrome/91.0.4472.101 Mobile Safari/537.36"
123.6.49.44 - - [01/Jul/2026:20:51:58 +0200] "GET /wp-content/uploads/elementor/css/post-14366.css?ver=1782843554 HTTP/2.0" 200 350 "https://piacenza.elettroservicegroup.it/assistenza-aeg-piacenza/" "Mozilla/5.0 (Linux; Android 11; V2055A) AppleWebKit/537.36 (KHTML, like Gecko) Chrome/91.0.4472.101 Mobile Safari/537.36"
123.6.49.44 - - [01/Jul/2026:20:51:58 +0200] "GET /wp-content/cache/wpfc-minified/98f2uwim/2b8mf.css HTTP/2.0" 200 506 "https://piacenza.elettroservicegroup.it/assistenza-aeg-piacenza/" "Mozilla/5.0 (Linux; Android 11; V2055A) AppleWebKit/537.36 (KHTML, like Gecko) Chrome/91.0.4472.101 Mobile Safari/537.36"
123.6.49.44 - - [01/Jul/2026:20:51:58 +0200] "GET /wp-content/cache/wpfc-minified/9h35mpo4/2b8mf.css HTTP/2.0" 200 4675 "https://piacenza.elettroservicegroup.it/assistenza-aeg-piacenza/" "Mozilla/5.0 (Linux; Android 11; V2055A) AppleWebKit/537.36 (KHTML, like Gecko) Chrome/91.0.4472.101 Mobile Safari/537.36"
123.6.49.44 - - [01/Jul/2026:20:51:58 +0200] "GET /wp-content/cache/wpfc-minified/lkeozi6d/2b8mf.css HTTP/2.0" 200 8068 "https://piacenza.elettroservicegroup.it/assistenza-aeg-piacenza/" "Mozilla/5.0 (Linux; Android 11; V2055A) AppleWebKit/537.36 (KHTML, like Gecko) Chrome/91.0.4472.101 Mobile Safari/537.36"
123.6.49.44 - - [01/Jul/2026:20:51:58 +0200] "GET /wp-content/cache/wpfc-minified/qha2vzve/2b8mf.css HTTP/2.0" 200 12396 "https://piacenza.elettroservicegroup.it/assistenza-aeg-piacenza/" "Mozilla/5.0 (Linux; Android 11; V2055A) AppleWebKit/537.36 (KHTML, like Gecko) Chrome/91.0.4472.101 Mobile Safari/537.36"
123.6.49.44 - - [01/Jul/2026:20:51:58 +0200] "GET /wp-content/cache/wpfc-minified/30gnld0u/2b8mf.css HTTP/2.0" 200 20189 "https://piacenza.elettroservicegroup.it/assistenza-aeg-piacenza/" "Mozilla/5.0 (Linux; Android 11; V2055A) AppleWebKit/537.36 (KHTML, like Gecko) Chrome/91.0.4472.101 Mobile Safari/537.36"
123.6.49.44 - - [01/Jul/2026:20:51:58 +0200] "GET /wp-content/cache/wpfc-minified/6ykfum2g/2bdz9.css HTTP/2.0" 200 16421 "https://piacenza.elettroservicegroup.it/assistenza-aeg-piacenza/" "Mozilla/5.0 (Linux; Android 11; V2055A) AppleWebKit/537.36 (KHTML, like Gecko) Chrome/91.0.4472.101 Mobile Safari/537.36"
123.6.49.44 - - [01/Jul/2026:20:51:58 +0200] "GET /wp-content/cache/wpfc-minified/5g6kml4/2bdz9.css HTTP/2.0" 200 17451 "https://piacenza.elettroservicegroup.it/assistenza-aeg-piacenza/" "Mozilla/5.0 (Linux; Android 11; V2055A) AppleWebKit/537.36 (KHTML, like Gecko) Chrome/91.0.4472.101 Mobile Safari/537.36"
27.115.124.45 - - [01/Jul/2026:20:51:58 +0200] "GET /wp-content/cache/wpfc-minified/6ykfum2g/2bdz9.css HTTP/2.0" 200 16421 "https://piacenza.elettroservicegroup.it/" "Mozilla/5.0 (Linux; U; Android 8.1.0; zh-cn; MI 8 Build/OPM1.171019.011) AppleWebKit/537.36 (KHTML, like Gecko) Version/4.0 Chrome/57.0.2987.108 Mobile Safari/537.36"
27.115.124.45 - - [01/Jul/2026:20:51:58 +0200] "GET /wp-content/uploads/2022/01/tecnico-elettro-3-300x200.jpg HTTP/2.0" 200 15134 "https://piacenza.elettroservicegroup.it/" "Mozilla/5.0 (Linux; U; Android 8.1.0; zh-cn; MI 8 Build/OPM1.171019.011) AppleWebKit/537.36 (KHTML, like Gecko) Version/4.0 Chrome/57.0.2987.108 Mobile Safari/537.36"
27.115.124.45 - - [01/Jul/2026:20:51:58 +0200] "GET /wp-content/uploads/2021/10/cropped-cropped-cropped-logo_white_background.png HTTP/2.0" 200 10920 "https://piacenza.elettroservicegroup.it/" "Mozilla/5.0 (Linux; U; Android 8.1.0; zh-cn; MI 8 Build/OPM1.171019.011) AppleWebKit/537.36 (KHTML, like Gecko) Version/4.0 Chrome/57.0.2987.108 Mobile Safari/537.36"
27.115.124.45 - - [01/Jul/2026:20:51:58 +0200] "GET /wp-content/uploads/2022/01/TECNICO-ELETTRODOMESTICI-2.jpg HTTP/2.0" 200 24210 "https://piacenza.elettroservicegroup.it/" "Mozilla/5.0 (Linux; U; Android 8.1.0; zh-cn; MI 8 Build/OPM1.171019.011) AppleWebKit/537.36 (KHTML, like Gecko) Version/4.0 Chrome/57.0.2987.108 Mobile Safari/537.36"
27.115.124.45 - - [01/Jul/2026:20:51:58 +0200] "GET /wp-content/uploads/2021/10/asko-e1634463631713-768x506.jpg HTTP/2.0" 200 18982 "https://piacenza.elettroservicegroup.it/" "Mozilla/5.0 (Linux; U; Android 8.1.0; zh-cn; MI 8 Build/OPM1.171019.011) AppleWebKit/537.36 (KHTML, like Gecko) Version/4.0 Chrome/57.0.2987.108 Mobile Safari/537.36"
27.115.124.45 - - [01/Jul/2026:20:51:58 +0200] "GET /wp-content/uploads/2021/10/copertina-washing-machine-2668472_1920-768x512.jpg HTTP/2.0" 200 32970 "https://piacenza.elettroservicegroup.it/" "Mozilla/5.0 (Linux; U; Android 8.1.0; zh-cn; MI 8 Build/OPM1.171019.011) AppleWebKit/537.36 (KHTML, like Gecko) Version/4.0 Chrome/57.0.2987.108 Mobile Safari/537.36"
27.115.124.45 - - [01/Jul/2026:20:51:58 +0200] "GET /wp-content/uploads/2022/01/copertina-Riparazione_Lavastoviglie-1-12.jpg HTTP/2.0" 200 35425 "https://piacenza.elettroservicegroup.it/" "Mozilla/5.0 (Linux; U; Android 8.1.0; zh-cn; MI 8 Build/OPM1.171019.011) AppleWebKit/537.36 (KHTML, like Gecko) Version/4.0 Chrome/57.0.2987.108 Mobile Safari/537.36"
27.115.124.45 - - [01/Jul/2026:20:51:58 +0200] "GET /wp-content/uploads/2021/11/Frigorifero-combinato-768x560.jpg HTTP/2.0" 200 32792 "https://piacenza.elettroservicegroup.it/" "Mozilla/5.0 (Linux; U; Android 8.1.0; zh-cn; MI 8 Build/OPM1.171019.011) AppleWebKit/537.36 (KHTML, like Gecko) Version/4.0 Chrome/57.0.2987.108 Mobile Safari/537.36"
27.115.124.45 - - [01/Jul/2026:20:51:58 +0200] "GET /wp-content/uploads/2022/01/forno-c-768x512.jpg HTTP/2.0" 200 17974 "https://piacenza.elettroservicegroup.it/" "Mozilla/5.0 (Linux; U; Android 8.1.0; zh-cn; MI 8 Build/OPM1.171019.011) AppleWebKit/537.36 (KHTML, like Gecko) Version/4.0 Chrome/57.0.2987.108 Mobile Safari/537.36"
27.115.124.45 - - [01/Jul/2026:20:51:58 +0200] "GET /wp-content/uploads/2022/01/TECNICO-FRIGO-2-1-300x197.jpg HTTP/2.0" 200 15322 "https://piacenza.elettroservicegroup.it/" "Mozilla/5.0 (Linux; U; Android 8.1.0; zh-cn; MI 8 Build/OPM1.171019.011) AppleWebKit/537.36 (KHTML, like Gecko) Version/4.0 Chrome/57.0.2987.108 Mobile Safari/537.36"
27.115.124.45 - - [01/Jul/2026:20:51:58 +0200] "GET /wp-content/plugins/gp-premium/menu-plus/functions/js/sticky.min.js?ver=2.5.5 HTTP/2.0" 200 2832 "https://piacenza.elettroservicegroup.it/" "Mozilla/5.0 (Linux; U; Android 8.1.0; zh-cn; MI 8 Build/OPM1.171019.011) AppleWebKit/537.36 (KHTML, like Gecko) Version/4.0 Chrome/57.0.2987.108 Mobile Safari/537.36"
27.115.124.45 - - [01/Jul/2026:20:51:58 +0200] "GET /wp-content/themes/generatepress/assets/js/menu.min.js?ver=3.6.1 HTTP/2.0" 200 1836 "https://piacenza.elettroservicegroup.it/" "Mozilla/5.0 (Linux; U; Android 8.1.0; zh-cn; MI 8 Build/OPM1.171019.011) AppleWebKit/537.36 (KHTML, like Gecko) Version/4.0 Chrome/57.0.2987.108 Mobile Safari/537.36"
27.115.124.45 - - [01/Jul/2026:20:51:58 +0200] "GET /wp-content/themes/generatepress/assets/js/back-to-top.min.js?ver=3.6.1 HTTP/2.0" 200 390 "https://piacenza.elettroservicegroup.it/" "Mozilla/5.0 (Linux; U; Android 8.1.0; zh-cn; MI 8 Build/OPM1.171019.011) AppleWebKit/537.36 (KHTML, like Gecko) Version/4.0 Chrome/57.0.2987.108 Mobile Safari/537.36"
27.115.124.45 - - [01/Jul/2026:20:51:58 +0200] "GET /wp-content/plugins/elementor/assets/js/webpack.runtime.min.js?ver=4.1.4 HTTP/2.0" 200 2539 "https://piacenza.elettroservicegroup.it/" "Mozilla/5.0 (Linux; U; Android 8.1.0; zh-cn; MI 8 Build/OPM1.171019.011) AppleWebKit/537.36 (KHTML, like Gecko) Version/4.0 Chrome/57.0.2987.108 Mobile Safari/537.36"
27.115.124.45 - - [01/Jul/2026:20:51:58 +0200] "GET /wp-content/plugins/elementor/assets/js/frontend-modules.min.js?ver=4.1.4 HTTP/2.0" 200 15970 "https://piacenza.elettroservicegroup.it/" "Mozilla/5.0 (Linux; U; Android 8.1.0; zh-cn; MI 8 Build/OPM1.171019.011) AppleWebKit/537.36 (KHTML, like Gecko) Version/4.0 Chrome/57.0.2987.108 Mobile Safari/537.36"
27.115.124.45 - - [01/Jul/2026:20:51:58 +0200] "GET /wp-includes/js/jquery/ui/core.min.js?ver=1.13.3 HTTP/2.0" 200 7106 "https://piacenza.elettroservicegroup.it/" "Mozilla/5.0 (Linux; U; Android 8.1.0; zh-cn; MI 8 Build/OPM1.171019.011) AppleWebKit/537.36 (KHTML, like Gecko) Version/4.0 Chrome/57.0.2987.108 Mobile Safari/537.36"
27.115.124.45 - - [01/Jul/2026:20:51:58 +0200] "GET /wp-content/plugins/elementor/assets/js/frontend.min.js?ver=4.1.4 HTTP/2.0" 200 10417 "https://piacenza.elettroservicegroup.it/" "Mozilla/5.0 (Linux; U; Android 8.1.0; zh-cn; MI 8 Build/OPM1.171019.011) AppleWebKit/537.36 (KHTML, like Gecko) Version/4.0 Chrome/57.0.2987.108 Mobile Safari/537.36"
27.115.124.45 - - [01/Jul/2026:20:51:58 +0200] "GET /wp-content/plugins/complianz-gdpr-premium/cookiebanner/js/complianz.min.js?ver=1781539588 HTTP/2.0" 200 11225 "https://piacenza.elettroservicegroup.it/" "Mozilla/5.0 (Linux; U; Android 8.1.0; zh-cn; MI 8 Build/OPM1.171019.011) AppleWebKit/537.36 (KHTML, like Gecko) Version/4.0 Chrome/57.0.2987.108 Mobile Safari/537.36"
27.115.124.45 - - [01/Jul/2026:20:51:58 +0200] "GET /wp-content/cache/wpfc-minified/kajgjpa1/2b8mf.js HTTP/2.0" 200 38918 "https://piacenza.elettroservicegroup.it/" "Mozilla/5.0 (Linux; U; Android 8.1.0; zh-cn; MI 8 Build/OPM1.171019.011) AppleWebKit/537.36 (KHTML, like Gecko) Version/4.0 Chrome/57.0.2987.108 Mobile Safari/537.36"
65.108.235.243 - - [01/Jul/2026:20:51:56 +0200] "GET /assistenza-lavatrici-aeg-piacenza/ HTTP/1.1" 200 21767 "-" "WP Fastest Cache Preload Bot"
27.115.124.45 - - [01/Jul/2026:20:51:59 +0200] "GET /wp-content/uploads/2021/10/HOME-COPERTINA.jpg HTTP/2.0" 200 54574 "https://piacenza.elettroservicegroup.it/wp-content/uploads/elementor/css/post-14227.css?ver=1782919752" "Mozilla/5.0 (Linux; U; Android 8.1.0; zh-cn; MI 8 Build/OPM1.171019.011) AppleWebKit/537.36 (KHTML, like Gecko) Version/4.0 Chrome/57.0.2987.108 Mobile Safari/537.36"
27.115.124.45 - - [01/Jul/2026:20:51:59 +0200] "GET /wp-content/plugins/elementor/assets/lib/font-awesome/webfonts/fa-regular-400.woff2 HTTP/2.0" 200 13276 "https://piacenza.elettroservicegroup.it/wp-content/cache/wpfc-minified/eujroqks/2bdzd.css" "Mozilla/5.0 (Linux; U; Android 8.1.0; zh-cn; MI 8 Build/OPM1.171019.011) AppleWebKit/537.36 (KHTML, like Gecko) Version/4.0 Chrome/57.0.2987.108 Mobile Safari/537.36"
27.115.124.45 - - [01/Jul/2026:20:51:59 +0200] "GET /wp-content/uploads/elementor/google-fonts/fonts/roboto-kfo7cnqeu92fr1me7ksn66agldtyluama3yuba.woff2 HTTP/2.0" 200 40128 "https://piacenza.elettroservicegroup.it/wp-content/cache/wpfc-minified/6ykfum2g/2bdz9.css" "Mozilla/5.0 (Linux; U; Android 8.1.0; zh-cn; MI 8 Build/OPM1.171019.011) AppleWebKit/537.36 (KHTML, like Gecko) Version/4.0 Chrome/57.0.2987.108 Mobile Safari/537.36"
27.115.124.45 - - [01/Jul/2026:20:51:59 +0200] "GET /wp-content/plugins/elementor/assets/lib/font-awesome/webfonts/fa-solid-900.woff2 HTTP/2.0" 200 78196 "https://piacenza.elettroservicegroup.it/wp-content/cache/wpfc-minified/eujroqks/2bdzd.css" "Mozilla/5.0 (Linux; U; Android 8.1.0; zh-cn; MI 8 Build/OPM1.171019.011) AppleWebKit/537.36 (KHTML, like Gecko) Version/4.0 Chrome/57.0.2987.108 Mobile Safari/537.36"
123.6.49.44 - - [01/Jul/2026:20:51:58 +0200] "GET /wp-content/uploads/elementor/css/post-16885.css?ver=1782846301 HTTP/2.0" 404 88971 "https://piacenza.elettroservicegroup.it/assistenza-aeg-piacenza/" "Mozilla/5.0 (Linux; Android 11; V2055A) AppleWebKit/537.36 (KHTML, like Gecko) Chrome/91.0.4472.101 Mobile Safari/537.36"
27.115.124.45 - - [01/Jul/2026:20:51:59 +0200] "GET /wp-json/complianz/v1/banner?lang=it&locale=it_IT&token=xotpz HTTP/2.0" 200 102 "https://piacenza.elettroservicegroup.it/" "Mozilla/5.0 (Linux; U; Android 8.1.0; zh-cn; MI 8 Build/OPM1.171019.011) AppleWebKit/537.36 (KHTML, like Gecko) Version/4.0 Chrome/57.0.2987.108 Mobile Safari/537.36"
27.115.124.45 - - [01/Jul/2026:20:52:00 +0200] "GET /wp-content/uploads/complianz/css/banner-1-optin.css?v=40 HTTP/2.0" 200 3081 "https://piacenza.elettroservicegroup.it/" "Mozilla/5.0 (Linux; U; Android 8.1.0; zh-cn; MI 8 Build/OPM1.171019.011) AppleWebKit/537.36 (KHTML, like Gecko) Version/4.0 Chrome/57.0.2987.108 Mobile Safari/537.36"
65.108.235.243 - - [01/Jul/2026:20:51:58 +0200] "GET /assistenza-lavatrici-piacenza/ HTTP/1.1" 200 22019 "-" "WP Fastest Cache Preload Bot"
27.115.124.45 - - [01/Jul/2026:20:52:00 +0200] "GET /wp-json/complianz/v1/cookie_data HTTP/2.0" 200 85 "https://piacenza.elettroservicegroup.it/" "Mozilla/5.0 (Linux; U; Android 8.1.0; zh-cn; MI 8 Build/OPM1.171019.011) AppleWebKit/537.36 (KHTML, like Gecko) Version/4.0 Chrome/57.0.2987.108 Mobile Safari/537.36"
65.108.235.243 - - [01/Jul/2026:20:52:01 +0200] "GET /assistenza-lavastoviglie-whirlpool-piacenza/ HTTP/1.1" 200 21712 "-" "WP Fastest Cache Preload Bot"
65.108.235.243 - - [01/Jul/2026:21:13:37 +0200] "POST /wp-cron.php?doing_wp_cron=1782933217.2232809066772460937500 HTTP/1.1" 200 1 "-" "WordPress/7.0; https://piacenza.elettroservicegroup.it"
17.241.219.190 - - [01/Jul/2026:21:13:32 +0200] "GET /robots.txt HTTP/2.0" 200 132 "-" "Mozilla/5.0 (Macintosh; Intel Mac OS X 10_15_7) AppleWebKit/605.1.15 (KHTML, like Gecko) Version/17.4 Safari/605.1.15 (Applebot/0.1; +http://www.apple.com/go/applebot)"
17.241.219.190 - - [01/Jul/2026:21:13:37 +0200] "GET /feed/?attachment_id=75 HTTP/2.0" 200 447 "-" "Mozilla/5.0 (Macintosh; Intel Mac OS X 10_15_7) AppleWebKit/605.1.15 (KHTML, like Gecko) Version/17.4 Safari/605.1.15 (Applebot/0.1; +http://www.apple.com/go/applebot)"
65.108.235.243 - - [01/Jul/2026:21:13:39 +0200] "POST /wp-json/complianz/v1/wsc-scan HTTP/1.1" 400 88 "-" "WordPress/7.0; https://piacenza.elettroservicegroup.it"
65.108.235.243 - - [01/Jul/2026:21:13:39 +0200] "GET /assistenza-lavastoviglie-smeg-piacenza/ HTTP/1.1" 200 21660 "-" "WP Fastest Cache Preload Bot"
65.108.235.243 - - [01/Jul/2026:21:13:43 +0200] "GET /assistenza-lavastoviglie-rex-electrolux-piacenza/ HTTP/1.1" 200 21624 "-" "WP Fastest Cache Preload Bot"
65.108.235.243 - - [01/Jul/2026:21:13:45 +0200] "GET /assistenza-lavastoviglie-indesit-piacenza/ HTTP/1.1" 200 22127 "-" "WP Fastest Cache Preload Bot"
65.108.235.243 - - [01/Jul/2026:21:13:48 +0200] "GET /assistenza-lavastoviglie-bosch-piacenza/ HTTP/1.1" 200 22149 "-" "WP Fastest Cache Preload Bot"
43.160.225.169 - - [01/Jul/2026:21:47:58 +0200] "GET / HTTP/1.1" 200 23708 "http://piacenza.elettroservicegroup.it" "Mozilla/5.0 (iPhone; CPU iPhone OS 13_2_3 like Mac OS X) AppleWebKit/605.1.15 (KHTML, like Gecko) Version/13.0.3 Mobile/15E148 Safari/604.1"
65.108.235.243 - - [01/Jul/2026:21:47:57 +0200] "GET /assistenza-lavastoviglie-ariston-piacenza/ HTTP/1.1" 200 22084 "-" "WP Fastest Cache Preload Bot"
65.108.235.243 - - [01/Jul/2026:21:48:00 +0200] "GET /assistenza-lavastoviglie-aeg-piacenza/ HTTP/1.1" 200 22143 "-" "WP Fastest Cache Preload Bot"
65.108.235.243 - - [01/Jul/2026:21:48:02 +0200] "GET /assistenza-lavastoviglie-piacenza/ HTTP/1.1" 200 21788 "-" "WP Fastest Cache Preload Bot"
65.108.235.243 - - [01/Jul/2026:21:48:02 +0200] "GET /assistenza-indesit-piacenza/ HTTP/1.1" 200 21797 "-" "WP Fastest Cache Preload Bot"
65.108.235.243 - - [01/Jul/2026:22:07:55 +0200] "POST /wp-cron.php?doing_wp_cron=1782936475.1203939914703369140625 HTTP/1.1" 200 1 "-" "WordPress/7.0; https://piacenza.elettroservicegroup.it"
66.249.64.165 - - [01/Jul/2026:22:07:50 +0200] "GET /robots.txt HTTP/1.1" 200 108 "-" "Mozilla/5.0 (compatible; Googlebot/2.1; +http://www.google.com/bot.html)"
66.249.64.166 - - [01/Jul/2026:22:07:55 +0200] "GET /wp-content/uploads/2021/10/TECNICO-ELETTRODOMESTICI-1.jpg HTTP/1.1" 200 17166 "-" "Googlebot-Image/1.0"
65.108.235.243 - - [01/Jul/2026:22:07:57 +0200] "GET /assistenza-candy-piacenza/ HTTP/1.1" 200 21893 "-" "WP Fastest Cache Preload Bot"
65.108.235.243 - - [01/Jul/2026:22:08:00 +0200] "GET /assistenza-bosch-piacenza/ HTTP/1.1" 200 21895 "-" "WP Fastest Cache Preload Bot"
65.108.235.243 - - [01/Jul/2026:22:08:03 +0200] "GET /assistenza-ariston-piacenza/ HTTP/1.1" 200 21885 "-" "WP Fastest Cache Preload Bot"
65.108.235.243 - - [01/Jul/2026:22:08:05 +0200] "GET /assistenza-aeg-piacenza/ HTTP/1.1" 200 21888 "-" "WP Fastest Cache Preload Bot"
65.108.235.243 - - [01/Jul/2026:22:20:14 +0200] "POST /wp-cron.php?doing_wp_cron=1782937214.2687809467315673828125 HTTP/1.1" 200 1 "-" "WordPress/7.0; https://piacenza.elettroservicegroup.it"
66.249.64.166 - - [01/Jul/2026:22:20:09 +0200] "GET /assistenza-condizionatori/ HTTP/1.1" 404 16262 "-" "Mozilla/5.0 (Linux; Android 6.0.1; Nexus 5X Build/MMB29P) AppleWebKit/537.36 (KHTML, like Gecko) Chrome/149.0.7827.200 Mobile Safari/537.36 (compatible; Googlebot/2.1; +http://www.google.com/bot.html)"
65.108.235.243 - - [01/Jul/2026:22:20:14 +0200] "POST /wp-json/complianz/v1/wsc-scan HTTP/1.1" 400 88 "-" "WordPress/7.0; https://piacenza.elettroservicegroup.it"
65.108.235.243 - - [01/Jul/2026:22:20:15 +0200] "GET /cookie-policy/ HTTP/1.1" 200 18002 "-" "WP Fastest Cache Preload Bot"
65.108.235.243 - - [01/Jul/2026:22:20:18 +0200] "GET /termini-e-condizioni/ HTTP/1.1" 200 17569 "-" "WP Fastest Cache Preload Bot"
65.108.235.243 - - [01/Jul/2026:22:20:19 +0200] "GET /cookie-policy-ue/ HTTP/1.1" 200 19432 "-" "WP Fastest Cache Preload Bot"
65.108.235.243 - - [01/Jul/2026:22:20:21 +0200] "GET /informativa-privacy/ HTTP/1.1" 200 19814 "-" "WP Fastest Cache Preload Bot"
66.249.64.166 - - [01/Jul/2026:22:25:05 +0200] "GET / HTTP/1.1" 200 21793 "-" "Mozilla/5.0 (Linux; Android 6.0.1; Nexus 5X Build/MMB29P) AppleWebKit/537.36 (KHTML, like Gecko) Chrome/149.0.7827.200 Mobile Safari/537.36 (compatible; Googlebot/2.1; +http://www.google.com/bot.html)"
66.249.64.167 - - [01/Jul/2026:22:27:11 +0200] "GET /wp-content/uploads/elementor/css/post-14366.css?ver=1780704000 HTTP/1.1" 200 302 "https://piacenza.elettroservicegroup.it/" "Mozilla/5.0 (Linux; Android 6.0.1; Nexus 5X Build/MMB29P) AppleWebKit/537.36 (KHTML, like Gecko) Chrome/149.0.7827.200 Mobile Safari/537.36 (compatible; Googlebot/2.1; +http://www.google.com/bot.html)"
66.249.64.167 - - [01/Jul/2026:22:27:11 +0200] "GET /wp-content/cache/wpfc-minified/eujroqks/2bdzd.css HTTP/1.1" 200 16488 "https://piacenza.elettroservicegroup.it/" "Mozilla/5.0 (Linux; Android 6.0.1; Nexus 5X Build/MMB29P) AppleWebKit/537.36 (KHTML, like Gecko) Chrome/149.0.7827.200 Mobile Safari/537.36 (compatible; Googlebot/2.1; +http://www.google.com/bot.html)"
66.249.64.167 - - [01/Jul/2026:22:27:13 +0200] "GET /wp-content/themes/generatepress/assets/js/menu.min.js?ver=3.6.1 HTTP/1.1" 200 1688 "https://piacenza.elettroservicegroup.it/" "Mozilla/5.0 (Linux; Android 6.0.1; Nexus 5X Build/MMB29P) AppleWebKit/537.36 (KHTML, like Gecko) Chrome/149.0.7827.200 Mobile Safari/537.36 (compatible; Googlebot/2.1; +http://www.google.com/bot.html)"
66.249.64.166 - - [01/Jul/2026:22:27:13 +0200] "GET /wp-content/uploads/elementor/css/post-14227.css?ver=1780704000 HTTP/1.1" 200 2273 "https://piacenza.elettroservicegroup.it/" "Mozilla/5.0 (Linux; Android 6.0.1; Nexus 5X Build/MMB29P) AppleWebKit/537.36 (KHTML, like Gecko) Chrome/149.0.7827.200 Mobile Safari/537.36 (compatible; Googlebot/2.1; +http://www.google.com/bot.html)"
66.249.64.167 - - [01/Jul/2026:22:27:13 +0200] "GET /wp-content/cache/wpfc-minified/98f2uwim/2b8mf.css HTTP/1.1" 200 418 "https://piacenza.elettroservicegroup.it/" "Mozilla/5.0 (Linux; Android 6.0.1; Nexus 5X Build/MMB29P) AppleWebKit/537.36 (KHTML, like Gecko) Chrome/149.0.7827.200 Mobile Safari/537.36 (compatible; Googlebot/2.1; +http://www.google.com/bot.html)"
