66.249.64.169 - - [04/Jul/2026:12:53:05 +0200] "GET /index.php/?h=392949121100 HTTP/1.1" 301 - "-" "Mozilla/5.0 (compatible; Googlebot/2.1; +http://www.google.com/bot.html)"
66.249.64.169 - - [04/Jul/2026:12:55:14 +0200] "GET /?h=38231620801100 HTTP/1.1" 301 313 "-" "Mozilla/5.0 (compatible; Googlebot/2.1; +http://www.google.com/bot.html)"
66.249.64.170 - - [04/Jul/2026:12:55:14 +0200] "GET /index.php/?h=38231620801100 HTTP/1.1" 301 - "-" "Mozilla/5.0 (compatible; Googlebot/2.1; +http://www.google.com/bot.html)"
66.249.64.170 - - [04/Jul/2026:12:55:26 +0200] "GET /?h=24626848641100 HTTP/1.1" 301 313 "-" "Mozilla/5.0 (compatible; Googlebot/2.1; +http://www.google.com/bot.html)"
66.249.64.170 - - [04/Jul/2026:12:55:26 +0200] "GET /index.php/?h=24626848641100 HTTP/1.1" 301 - "-" "Mozilla/5.0 (compatible; Googlebot/2.1; +http://www.google.com/bot.html)"
66.249.64.169 - - [04/Jul/2026:12:55:41 +0200] "GET /?h=37215240561100 HTTP/1.1" 301 313 "-" "Mozilla/5.0 (Linux; Android 6.0.1; Nexus 5X Build/MMB29P) AppleWebKit/537.36 (KHTML, like Gecko) Chrome/150.0.7871.46 Mobile Safari/537.36 (compatible; Googlebot/2.1; +http://www.google.com/bot.html)"
66.249.64.169 - - [04/Jul/2026:12:55:41 +0200] "GET /index.php/?h=37215240561100 HTTP/1.1" 301 - "-" "Mozilla/5.0 (Linux; Android 6.0.1; Nexus 5X Build/MMB29P) AppleWebKit/537.36 (KHTML, like Gecko) Chrome/150.0.7871.46 Mobile Safari/537.36 (compatible; Googlebot/2.1; +http://www.google.com/bot.html)"
66.249.64.170 - - [04/Jul/2026:12:57:36 +0200] "GET /?h=16228216521100 HTTP/1.1" 301 313 "-" "Mozilla/5.0 (Linux; Android 6.0.1; Nexus 5X Build/MMB29P) AppleWebKit/537.36 (KHTML, like Gecko) Chrome/150.0.7871.46 Mobile Safari/537.36 (compatible; Googlebot/2.1; +http://www.google.com/bot.html)"
66.249.64.170 - - [04/Jul/2026:12:57:36 +0200] "GET /index.php/?h=16228216521100 HTTP/1.1" 301 - "-" "Mozilla/5.0 (Linux; Android 6.0.1; Nexus 5X Build/MMB29P) AppleWebKit/537.36 (KHTML, like Gecko) Chrome/150.0.7871.46 Mobile Safari/537.36 (compatible; Googlebot/2.1; +http://www.google.com/bot.html)"
66.249.64.170 - - [04/Jul/2026:12:57:57 +0200] "GET /?h=36374916321100 HTTP/1.1" 301 313 "-" "Mozilla/5.0 (compatible; Googlebot/2.1; +http://www.google.com/bot.html)"
66.249.64.170 - - [04/Jul/2026:12:57:57 +0200] "GET /index.php/?h=36374916321100 HTTP/1.1" 301 - "-" "Mozilla/5.0 (compatible; Googlebot/2.1; +http://www.google.com/bot.html)"
66.249.64.170 - - [04/Jul/2026:12:58:40 +0200] "GET /?h=38562367361100 HTTP/1.1" 301 313 "-" "Mozilla/5.0 (compatible; Googlebot/2.1; +http://www.google.com/bot.html)"
66.249.64.171 - - [04/Jul/2026:12:58:40 +0200] "GET /index.php/?h=38562367361100 HTTP/1.1" 301 - "-" "Mozilla/5.0 (compatible; Googlebot/2.1; +http://www.google.com/bot.html)"
66.249.64.171 - - [04/Jul/2026:13:00:40 +0200] "GET /?h=18003487641100 HTTP/1.1" 301 313 "-" "Mozilla/5.0 (compatible; Googlebot/2.1; +http://www.google.com/bot.html)"
66.249.64.171 - - [04/Jul/2026:13:00:40 +0200] "GET /index.php/?h=18003487641100 HTTP/1.1" 301 - "-" "Mozilla/5.0 (compatible; Googlebot/2.1; +http://www.google.com/bot.html)"
147.161.244.102 - - [04/Jul/2026:13:00:45 +0200] "GET /?h=22147950321100 HTTP/2.0" 301 313 "https://www.google.com/" "Mozilla/5.0 (iPhone; CPU iPhone OS 18_3_1 like Mac OS X) AppleWebKit/605.1.15 (KHTML, like Gecko) Version/18.3 Mobile/15E148 Safari/604.1"
147.161.244.102 - - [04/Jul/2026:13:00:45 +0200] "GET /index.php/?h=22147950321100 HTTP/2.0" 301 - "https://www.google.com/" "Mozilla/5.0 (iPhone; CPU iPhone OS 18_3_1 like Mac OS X) AppleWebKit/605.1.15 (KHTML, like Gecko) Version/18.3 Mobile/15E148 Safari/604.1"
147.161.244.102 - - [04/Jul/2026:13:00:46 +0200] "GET /favicon.ico HTTP/2.0" 301 296 "https://verona.elettroservicegroup.it/index.php/?h=22147950321100" "Mozilla/5.0 (iPhone; CPU iPhone OS 18_3_1 like Mac OS X) AppleWebKit/605.1.15 (KHTML, like Gecko) Version/18.3 Mobile/15E148 Safari/604.1"
147.161.244.102 - - [04/Jul/2026:13:00:46 +0200] "GET /index.php/ HTTP/2.0" 301 - "https://verona.elettroservicegroup.it/index.php/?h=22147950321100" "Mozilla/5.0 (iPhone; CPU iPhone OS 18_3_1 like Mac OS X) AppleWebKit/605.1.15 (KHTML, like Gecko) Version/18.3 Mobile/15E148 Safari/604.1"
147.161.244.102 - - [04/Jul/2026:13:00:50 +0200] "GET /index.php/?h=22147950321100 HTTP/2.0" 301 - "https://www.google.com/" "Mozilla/5.0 (iPhone; CPU iPhone OS 18_3_1 like Mac OS X) AppleWebKit/605.1.15 (KHTML, like Gecko) Version/18.3 Mobile/15E148 Safari/604.1"
91.147.117.250 - - [04/Jul/2026:13:00:51 +0200] "POST /wp-login.php HTTP/1.1" 200 11740 "-" "Googlebot/2.1 (+http://www.google.com/bot.html)"
91.147.117.250 - - [04/Jul/2026:13:00:51 +0200] "POST /xmlrpc.php HTTP/1.1" 200 11738 "-" "Googlebot/2.1 (+http://www.google.com/bot.html)"
66.249.64.169 - - [04/Jul/2026:13:05:00 +0200] "GET /?h=44277741921100 HTTP/1.1" 301 313 "-" "Mozilla/5.0 (Linux; Android 6.0.1; Nexus 5X Build/MMB29P) AppleWebKit/537.36 (KHTML, like Gecko) Chrome/150.0.7871.46 Mobile Safari/537.36 (compatible; Googlebot/2.1; +http://www.google.com/bot.html)"
66.249.64.171 - - [04/Jul/2026:13:05:00 +0200] "GET /index.php/?h=44277741921100 HTTP/1.1" 301 - "-" "Mozilla/5.0 (Linux; Android 6.0.1; Nexus 5X Build/MMB29P) AppleWebKit/537.36 (KHTML, like Gecko) Chrome/150.0.7871.46 Mobile Safari/537.36 (compatible; Googlebot/2.1; +http://www.google.com/bot.html)"
66.249.64.170 - - [04/Jul/2026:13:05:05 +0200] "GET /?h=30445663561100 HTTP/1.1" 301 313 "-" "Mozilla/5.0 (Linux; Android 6.0.1; Nexus 5X Build/MMB29P) AppleWebKit/537.36 (KHTML, like Gecko) Chrome/150.0.7871.46 Mobile Safari/537.36 (compatible; Googlebot/2.1; +http://www.google.com/bot.html)"
66.249.64.170 - - [04/Jul/2026:13:05:05 +0200] "GET /index.php/?h=30445663561100 HTTP/1.1" 301 - "-" "Mozilla/5.0 (Linux; Android 6.0.1; Nexus 5X Build/MMB29P) AppleWebKit/537.36 (KHTML, like Gecko) Chrome/150.0.7871.46 Mobile Safari/537.36 (compatible; Googlebot/2.1; +http://www.google.com/bot.html)"
66.249.64.171 - - [04/Jul/2026:13:06:10 +0200] "GET /?h=4579471281100 HTTP/1.1" 301 312 "-" "Mozilla/5.0 (Linux; Android 6.0.1; Nexus 5X Build/MMB29P) AppleWebKit/537.36 (KHTML, like Gecko) Chrome/150.0.7871.46 Mobile Safari/537.36 (compatible; Googlebot/2.1; +http://www.google.com/bot.html)"
66.249.64.170 - - [04/Jul/2026:13:06:10 +0200] "GET /?h=4579471281100 HTTP/1.1" 301 312 "-" "Mozilla/5.0 (compatible; Googlebot/2.1; +http://www.google.com/bot.html)"
66.249.64.171 - - [04/Jul/2026:13:06:10 +0200] "GET /index.php/?h=4579471281100 HTTP/1.1" 301 - "-" "Mozilla/5.0 (compatible; Googlebot/2.1; +http://www.google.com/bot.html)"
66.249.64.169 - - [04/Jul/2026:13:06:10 +0200] "GET /index.php/?h=4579471281100 HTTP/1.1" 301 - "-" "Mozilla/5.0 (Linux; Android 6.0.1; Nexus 5X Build/MMB29P) AppleWebKit/537.36 (KHTML, like Gecko) Chrome/150.0.7871.46 Mobile Safari/537.36 (compatible; Googlebot/2.1; +http://www.google.com/bot.html)"
66.249.64.170 - - [04/Jul/2026:13:06:23 +0200] "GET /?h=11869636921100 HTTP/1.1" 301 313 "-" "Mozilla/5.0 (Linux; Android 6.0.1; Nexus 5X Build/MMB29P) AppleWebKit/537.36 (KHTML, like Gecko) Chrome/150.0.7871.46 Mobile Safari/537.36 (compatible; Googlebot/2.1; +http://www.google.com/bot.html)"
66.249.64.169 - - [04/Jul/2026:13:06:23 +0200] "GET /?h=11869636921100 HTTP/1.1" 301 313 "-" "Mozilla/5.0 (compatible; Googlebot/2.1; +http://www.google.com/bot.html)"
66.249.64.170 - - [04/Jul/2026:13:06:23 +0200] "GET /index.php/?h=11869636921100 HTTP/1.1" 301 - "-" "Mozilla/5.0 (Linux; Android 6.0.1; Nexus 5X Build/MMB29P) AppleWebKit/537.36 (KHTML, like Gecko) Chrome/150.0.7871.46 Mobile Safari/537.36 (compatible; Googlebot/2.1; +http://www.google.com/bot.html)"
66.249.64.170 - - [04/Jul/2026:13:06:23 +0200] "GET /index.php/?h=11869636921100 HTTP/1.1" 301 - "-" "Mozilla/5.0 (compatible; Googlebot/2.1; +http://www.google.com/bot.html)"
65.108.235.243 - - [04/Jul/2026:13:06:30 +0200] "POST /wp-cron.php?doing_wp_cron=1783163189.9955930709838867187500 HTTP/1.1" 200 1 "-" "WordPress/7.0; https://verona.elettroservicegroup.it"
103.68.110.173 - - [04/Jul/2026:13:06:24 +0200] "POST /wp-login.php HTTP/1.1" 302 - "-" "Googlebot/2.1 (+http://www.google.com/bot.html)"
65.108.235.243 - - [04/Jul/2026:13:06:32 +0200] "GET / HTTP/1.1" 301 296 "-" "WP Fastest Cache Preload Bot"
65.108.235.243 - - [04/Jul/2026:13:06:32 +0200] "GET /index.php/ HTTP/1.1" 301 - "-" "WP Fastest Cache Preload Bot"
103.68.110.173 - - [04/Jul/2026:13:06:30 +0200] "GET /wp-admin/ HTTP/1.1" 200 92261 "-" "Googlebot/2.1 (+http://www.google.com/bot.html)"
103.68.110.173 - - [04/Jul/2026:13:06:33 +0200] "GET /wp-admin/profile.php HTTP/1.1" 200 106667 "-" "Googlebot/2.1 (+http://www.google.com/bot.html)"
103.68.110.173 - - [04/Jul/2026:13:06:35 +0200] "GET /wp-content/plugins/wp-file-manager/file_folder_manager.php HTTP/1.1" 500 - "-" "Googlebot/2.1 (+http://www.google.com/bot.html)"
103.68.110.173 - - [04/Jul/2026:13:06:35 +0200] "GET /wp-admin/admin-ajax.php?action=fm HTTP/1.1" 400 1 "-" "Googlebot/2.1 (+http://www.google.com/bot.html)"
66.249.64.169 - - [04/Jul/2026:13:06:38 +0200] "GET /?h=22234008881100 HTTP/1.1" 301 313 "-" "Mozilla/5.0 (compatible; Googlebot/2.1; +http://www.google.com/bot.html)"
66.249.64.169 - - [04/Jul/2026:13:06:38 +0200] "GET /index.php/?h=22234008881100 HTTP/1.1" 301 - "-" "Mozilla/5.0 (compatible; Googlebot/2.1; +http://www.google.com/bot.html)"
103.68.110.173 - - [04/Jul/2026:13:06:37 +0200] "GET /wp-admin/admin-ajax.php?action=file_manager HTTP/1.1" 400 1 "-" "Googlebot/2.1 (+http://www.google.com/bot.html)"
103.68.110.173 - - [04/Jul/2026:13:06:39 +0200] "GET /wp-admin/plugins.php HTTP/1.1" 200 71883 "-" "Googlebot/2.1 (+http://www.google.com/bot.html)"
66.249.64.171 - - [04/Jul/2026:13:07:46 +0200] "GET /?h=14794210561100 HTTP/1.1" 301 313 "-" "Mozilla/5.0 (Linux; Android 6.0.1; Nexus 5X Build/MMB29P) AppleWebKit/537.36 (KHTML, like Gecko) Chrome/150.0.7871.46 Mobile Safari/537.36 (compatible; Googlebot/2.1; +http://www.google.com/bot.html)"
66.249.64.170 - - [04/Jul/2026:13:07:47 +0200] "GET /index.php/?h=14794210561100 HTTP/1.1" 301 - "-" "Mozilla/5.0 (Linux; Android 6.0.1; Nexus 5X Build/MMB29P) AppleWebKit/537.36 (KHTML, like Gecko) Chrome/150.0.7871.46 Mobile Safari/537.36 (compatible; Googlebot/2.1; +http://www.google.com/bot.html)"
66.249.64.171 - - [04/Jul/2026:13:09:27 +0200] "GET /?h=26364178201100 HTTP/1.1" 301 313 "-" "Mozilla/5.0 (compatible; Googlebot/2.1; +http://www.google.com/bot.html)"
66.249.64.170 - - [04/Jul/2026:13:09:28 +0200] "GET /index.php/?h=26364178201100 HTTP/1.1" 301 - "-" "Mozilla/5.0 (compatible; Googlebot/2.1; +http://www.google.com/bot.html)"
66.249.64.169 - - [04/Jul/2026:13:09:46 +0200] "GET /?h=2744564921100 HTTP/1.1" 301 312 "-" "Mozilla/5.0 (Linux; Android 6.0.1; Nexus 5X Build/MMB29P) AppleWebKit/537.36 (KHTML, like Gecko) Chrome/150.0.7871.46 Mobile Safari/537.36 (compatible; Googlebot/2.1; +http://www.google.com/bot.html)"
66.249.64.170 - - [04/Jul/2026:13:09:47 +0200] "GET /index.php/?h=2744564921100 HTTP/1.1" 301 - "-" "Mozilla/5.0 (Linux; Android 6.0.1; Nexus 5X Build/MMB29P) AppleWebKit/537.36 (KHTML, like Gecko) Chrome/150.0.7871.46 Mobile Safari/537.36 (compatible; Googlebot/2.1; +http://www.google.com/bot.html)"
65.108.235.243 - - [04/Jul/2026:13:11:32 +0200] "POST /wp-cron.php?doing_wp_cron=1783163492.5933980941772460937500 HTTP/1.1" 200 1 "-" "WordPress/7.0; https://verona.elettroservicegroup.it"
94.130.19.166 - - [04/Jul/2026:13:11:26 +0200] "POST /wp-login.php HTTP/1.1" 302 - "-" "Googlebot/2.1 (+http://www.google.com/bot.html)"
94.130.19.166 - - [04/Jul/2026:13:11:32 +0200] "GET /wp-admin/ HTTP/1.1" 200 92254 "https://verona.elettroservicegroup.it/wp-login.php" "Googlebot/2.1 (+http://www.google.com/bot.html)"
94.130.19.166 - - [04/Jul/2026:13:11:35 +0200] "GET /wp-admin/profile.php HTTP/1.1" 200 106750 "-" "Googlebot/2.1 (+http://www.google.com/bot.html)"
94.130.19.166 - - [04/Jul/2026:13:11:37 +0200] "POST /wp-login.php HTTP/1.1" 302 - "-" "Googlebot/2.1 (+http://www.google.com/bot.html)"
94.130.19.166 - - [04/Jul/2026:13:11:38 +0200] "GET /wp-admin/ HTTP/1.1" 200 92253 "https://verona.elettroservicegroup.it/wp-login.php" "Googlebot/2.1 (+http://www.google.com/bot.html)"
94.130.19.166 - - [04/Jul/2026:13:11:40 +0200] "GET /wp-admin/profile.php HTTP/1.1" 200 106806 "-" "Googlebot/2.1 (+http://www.google.com/bot.html)"
94.130.19.166 - - [04/Jul/2026:13:11:41 +0200] "POST /wp-login.php HTTP/1.1" 302 - "-" "Googlebot/2.1 (+http://www.google.com/bot.html)"
94.130.19.166 - - [04/Jul/2026:13:11:42 +0200] "GET /wp-admin/ HTTP/1.1" 200 92264 "https://verona.elettroservicegroup.it/wp-login.php" "Googlebot/2.1 (+http://www.google.com/bot.html)"
94.130.19.166 - - [04/Jul/2026:13:11:44 +0200] "GET /wp-admin/profile.php HTTP/1.1" 200 106868 "-" "Googlebot/2.1 (+http://www.google.com/bot.html)"
94.130.19.166 - - [04/Jul/2026:13:11:46 +0200] "POST /wp-login.php HTTP/1.1" 302 - "-" "Googlebot/2.1 (+http://www.google.com/bot.html)"
94.130.19.166 - - [04/Jul/2026:13:11:47 +0200] "GET /wp-admin/ HTTP/1.1" 200 92251 "https://verona.elettroservicegroup.it/wp-login.php" "Googlebot/2.1 (+http://www.google.com/bot.html)"
94.130.19.166 - - [04/Jul/2026:13:11:49 +0200] "GET /wp-admin/profile.php HTTP/1.1" 200 106918 "-" "Googlebot/2.1 (+http://www.google.com/bot.html)"
66.249.64.169 - - [04/Jul/2026:13:11:54 +0200] "GET /?h=39931456401100 HTTP/1.1" 301 313 "-" "Mozilla/5.0 (Linux; Android 6.0.1; Nexus 5X Build/MMB29P) AppleWebKit/537.36 (KHTML, like Gecko) Chrome/150.0.7871.46 Mobile Safari/537.36 (compatible; Googlebot/2.1; +http://www.google.com/bot.html)"
66.249.64.171 - - [04/Jul/2026:13:11:54 +0200] "GET /index.php/?h=39931456401100 HTTP/1.1" 301 - "-" "Mozilla/5.0 (Linux; Android 6.0.1; Nexus 5X Build/MMB29P) AppleWebKit/537.36 (KHTML, like Gecko) Chrome/150.0.7871.46 Mobile Safari/537.36 (compatible; Googlebot/2.1; +http://www.google.com/bot.html)"
66.249.64.171 - - [04/Jul/2026:13:12:20 +0200] "GET /?h=44394819161100 HTTP/1.1" 301 313 "-" "Mozilla/5.0 (Linux; Android 6.0.1; Nexus 5X Build/MMB29P) AppleWebKit/537.36 (KHTML, like Gecko) Chrome/150.0.7871.46 Mobile Safari/537.36 (compatible; Googlebot/2.1; +http://www.google.com/bot.html)"
66.249.64.171 - - [04/Jul/2026:13:12:20 +0200] "GET /index.php/?h=44394819161100 HTTP/1.1" 301 - "-" "Mozilla/5.0 (Linux; Android 6.0.1; Nexus 5X Build/MMB29P) AppleWebKit/537.36 (KHTML, like Gecko) Chrome/150.0.7871.46 Mobile Safari/537.36 (compatible; Googlebot/2.1; +http://www.google.com/bot.html)"
66.249.64.169 - - [04/Jul/2026:13:12:21 +0200] "GET /?h=5021908961100 HTTP/1.1" 301 312 "-" "Mozilla/5.0 (compatible; Googlebot/2.1; +http://www.google.com/bot.html)"
66.249.64.170 - - [04/Jul/2026:13:12:21 +0200] "GET /index.php/?h=5021908961100 HTTP/1.1" 301 - "-" "Mozilla/5.0 (compatible; Googlebot/2.1; +http://www.google.com/bot.html)"
66.249.64.171 - - [04/Jul/2026:13:13:14 +0200] "GET /?h=11001292921100 HTTP/1.1" 301 313 "-" "Mozilla/5.0 (compatible; Googlebot/2.1; +http://www.google.com/bot.html)"
66.249.64.170 - - [04/Jul/2026:13:13:14 +0200] "GET /?h=11001292921100 HTTP/1.1" 301 313 "-" "Mozilla/5.0 (Linux; Android 6.0.1; Nexus 5X Build/MMB29P) AppleWebKit/537.36 (KHTML, like Gecko) Chrome/150.0.7871.46 Mobile Safari/537.36 (compatible; Googlebot/2.1; +http://www.google.com/bot.html)"
66.249.64.170 - - [04/Jul/2026:13:13:15 +0200] "GET /index.php/?h=11001292921100 HTTP/1.1" 301 - "-" "Mozilla/5.0 (compatible; Googlebot/2.1; +http://www.google.com/bot.html)"
66.249.64.169 - - [04/Jul/2026:13:13:15 +0200] "GET /index.php/?h=11001292921100 HTTP/1.1" 301 - "-" "Mozilla/5.0 (Linux; Android 6.0.1; Nexus 5X Build/MMB29P) AppleWebKit/537.36 (KHTML, like Gecko) Chrome/150.0.7871.46 Mobile Safari/537.36 (compatible; Googlebot/2.1; +http://www.google.com/bot.html)"
66.249.64.169 - - [04/Jul/2026:13:14:13 +0200] "GET /?h=1432365841100 HTTP/1.1" 301 312 "-" "Mozilla/5.0 (compatible; Googlebot/2.1; +http://www.google.com/bot.html)"
66.249.64.169 - - [04/Jul/2026:13:14:14 +0200] "GET /index.php/?h=1432365841100 HTTP/1.1" 301 - "-" "Mozilla/5.0 (compatible; Googlebot/2.1; +http://www.google.com/bot.html)"
66.249.64.171 - - [04/Jul/2026:13:16:15 +0200] "GET /?h=41780566601100 HTTP/1.1" 301 313 "-" "Mozilla/5.0 (Linux; Android 6.0.1; Nexus 5X Build/MMB29P) AppleWebKit/537.36 (KHTML, like Gecko) Chrome/150.0.7871.46 Mobile Safari/537.36 (compatible; Googlebot/2.1; +http://www.google.com/bot.html)"
66.249.64.170 - - [04/Jul/2026:13:16:15 +0200] "GET /index.php/?h=41780566601100 HTTP/1.1" 301 - "-" "Mozilla/5.0 (Linux; Android 6.0.1; Nexus 5X Build/MMB29P) AppleWebKit/537.36 (KHTML, like Gecko) Chrome/150.0.7871.46 Mobile Safari/537.36 (compatible; Googlebot/2.1; +http://www.google.com/bot.html)"
66.249.64.169 - - [04/Jul/2026:13:16:46 +0200] "GET /?h=30161810561100 HTTP/1.1" 301 313 "-" "Mozilla/5.0 (compatible; Googlebot/2.1; +http://www.google.com/bot.html)"
66.249.64.169 - - [04/Jul/2026:13:16:46 +0200] "GET /index.php/?h=30161810561100 HTTP/1.1" 301 - "-" "Mozilla/5.0 (compatible; Googlebot/2.1; +http://www.google.com/bot.html)"
66.249.64.170 - - [04/Jul/2026:13:18:29 +0200] "GET /?h=7547432281100 HTTP/1.1" 301 312 "-" "Mozilla/5.0 (Linux; Android 6.0.1; Nexus 5X Build/MMB29P) AppleWebKit/537.36 (KHTML, like Gecko) Chrome/150.0.7871.46 Mobile Safari/537.36 (compatible; Googlebot/2.1; +http://www.google.com/bot.html)"
66.249.64.171 - - [04/Jul/2026:13:18:30 +0200] "GET /index.php/?h=7547432281100 HTTP/1.1" 301 - "-" "Mozilla/5.0 (Linux; Android 6.0.1; Nexus 5X Build/MMB29P) AppleWebKit/537.36 (KHTML, like Gecko) Chrome/150.0.7871.46 Mobile Safari/537.36 (compatible; Googlebot/2.1; +http://www.google.com/bot.html)"
66.249.64.169 - - [04/Jul/2026:13:18:54 +0200] "GET /?h=24575225441100 HTTP/1.1" 301 313 "-" "Mozilla/5.0 (Linux; Android 6.0.1; Nexus 5X Build/MMB29P) AppleWebKit/537.36 (KHTML, like Gecko) Chrome/150.0.7871.46 Mobile Safari/537.36 (compatible; Googlebot/2.1; +http://www.google.com/bot.html)"
66.249.64.169 - - [04/Jul/2026:13:18:54 +0200] "GET /index.php/?h=24575225441100 HTTP/1.1" 301 - "-" "Mozilla/5.0 (Linux; Android 6.0.1; Nexus 5X Build/MMB29P) AppleWebKit/537.36 (KHTML, like Gecko) Chrome/150.0.7871.46 Mobile Safari/537.36 (compatible; Googlebot/2.1; +http://www.google.com/bot.html)"
66.249.64.170 - - [04/Jul/2026:13:18:56 +0200] "GET /?h=43462080441100 HTTP/1.1" 301 313 "-" "Mozilla/5.0 (compatible; Googlebot/2.1; +http://www.google.com/bot.html)"
66.249.64.170 - - [04/Jul/2026:13:18:56 +0200] "GET /index.php/?h=43462080441100 HTTP/1.1" 301 - "-" "Mozilla/5.0 (compatible; Googlebot/2.1; +http://www.google.com/bot.html)"
66.249.64.170 - - [04/Jul/2026:13:19:54 +0200] "GET /?h=38353039761100 HTTP/1.1" 301 313 "-" "Mozilla/5.0 (compatible; Googlebot/2.1; +http://www.google.com/bot.html)"
66.249.64.169 - - [04/Jul/2026:13:19:54 +0200] "GET /index.php/?h=38353039761100 HTTP/1.1" 301 - "-" "Mozilla/5.0 (compatible; Googlebot/2.1; +http://www.google.com/bot.html)"
66.249.64.171 - - [04/Jul/2026:13:21:54 +0200] "GET /?h=16135697601100 HTTP/1.1" 301 313 "-" "Mozilla/5.0 (compatible; Googlebot/2.1; +http://www.google.com/bot.html)"
66.249.64.169 - - [04/Jul/2026:13:21:54 +0200] "GET /index.php/?h=16135697601100 HTTP/1.1" 301 - "-" "Mozilla/5.0 (compatible; Googlebot/2.1; +http://www.google.com/bot.html)"
66.249.64.169 - - [04/Jul/2026:13:22:15 +0200] "GET /?h=23202973361100 HTTP/1.1" 301 313 "-" "Mozilla/5.0 (Linux; Android 6.0.1; Nexus 5X Build/MMB29P) AppleWebKit/537.36 (KHTML, like Gecko) Chrome/150.0.7871.46 Mobile Safari/537.36 (compatible; Googlebot/2.1; +http://www.google.com/bot.html)"
66.249.64.171 - - [04/Jul/2026:13:22:16 +0200] "GET /index.php/?h=23202973361100 HTTP/1.1" 301 - "-" "Mozilla/5.0 (Linux; Android 6.0.1; Nexus 5X Build/MMB29P) AppleWebKit/537.36 (KHTML, like Gecko) Chrome/150.0.7871.46 Mobile Safari/537.36 (compatible; Googlebot/2.1; +http://www.google.com/bot.html)"
85.203.44.128 - - [04/Jul/2026:13:22:29 +0200] "POST /wp-login.php HTTP/1.1" 301 - "-" "python-requests/2.28.2"
66.249.64.169 - - [04/Jul/2026:13:22:32 +0200] "GET /?h=30207003241100 HTTP/1.1" 301 313 "-" "Mozilla/5.0 (compatible; Googlebot/2.1; +http://www.google.com/bot.html)"
66.249.64.169 - - [04/Jul/2026:13:22:32 +0200] "GET /index.php/?h=30207003241100 HTTP/1.1" 301 - "-" "Mozilla/5.0 (compatible; Googlebot/2.1; +http://www.google.com/bot.html)"
66.249.89.234 - - [04/Jul/2026:13:25:04 +0200] "GET /?h=36333259681100 HTTP/1.1" 301 313 "-" "Mozilla/5.0 (X11; Linux x86_64) AppleWebKit/537.36 (KHTML, like Gecko) Chrome/149.0.7827.200 Safari/537.36"
66.249.89.234 - - [04/Jul/2026:13:25:04 +0200] "GET /index.php/?h=36333259681100 HTTP/1.1" 301 - "-" "Mozilla/5.0 (X11; Linux x86_64) AppleWebKit/537.36 (KHTML, like Gecko) Chrome/149.0.7827.200 Safari/537.36"
65.108.235.243 - - [04/Jul/2026:13:25:18 +0200] "POST /wp-cron.php?doing_wp_cron=1783164318.3069920539855957031250 HTTP/1.1" 200 1 "-" "WordPress/7.0; https://verona.elettroservicegroup.it"
103.68.110.47 - - [04/Jul/2026:13:25:13 +0200] "POST /wp-login.php HTTP/1.1" 302 - "-" "Googlebot/2.1 (+http://www.google.com/bot.html)"
65.108.235.243 - - [04/Jul/2026:13:25:20 +0200] "GET / HTTP/1.1" 301 296 "-" "WP Fastest Cache Preload Bot"
65.108.235.243 - - [04/Jul/2026:13:25:20 +0200] "GET /index.php/ HTTP/1.1" 301 - "-" "WP Fastest Cache Preload Bot"
103.68.110.47 - - [04/Jul/2026:13:25:19 +0200] "GET /wp-admin/ HTTP/1.1" 200 92255 "-" "Googlebot/2.1 (+http://www.google.com/bot.html)"
103.68.110.47 - - [04/Jul/2026:13:25:22 +0200] "GET /wp-admin/profile.php HTTP/1.1" 200 106997 "-" "Googlebot/2.1 (+http://www.google.com/bot.html)"
103.68.110.47 - - [04/Jul/2026:13:25:24 +0200] "GET /wp-content/plugins/wp-file-manager/file_folder_manager.php HTTP/1.1" 500 - "-" "Googlebot/2.1 (+http://www.google.com/bot.html)"
103.68.110.47 - - [04/Jul/2026:13:25:25 +0200] "GET /wp-admin/admin-ajax.php?action=fm HTTP/1.1" 400 1 "-" "Googlebot/2.1 (+http://www.google.com/bot.html)"
65.108.235.243 - - [04/Jul/2026:13:25:27 +0200] "POST /wp-cron.php?doing_wp_cron=1783164327.3946340084075927734375 HTTP/1.1" 200 1 "-" "WordPress/7.0; https://verona.elettroservicegroup.it"
103.68.110.47 - - [04/Jul/2026:13:25:26 +0200] "GET /wp-admin/admin-ajax.php?action=file_manager HTTP/1.1" 400 1 "-" "Googlebot/2.1 (+http://www.google.com/bot.html)"
103.68.110.47 - - [04/Jul/2026:13:25:28 +0200] "GET /wp-admin/plugins.php HTTP/1.1" 200 71869 "-" "Googlebot/2.1 (+http://www.google.com/bot.html)"
66.249.64.170 - - [04/Jul/2026:13:25:35 +0200] "GET /?h=11797618081100 HTTP/1.1" 301 313 "-" "Mozilla/5.0 (Linux; Android 6.0.1; Nexus 5X Build/MMB29P) AppleWebKit/537.36 (KHTML, like Gecko) Chrome/150.0.7871.46 Mobile Safari/537.36 (compatible; Googlebot/2.1; +http://www.google.com/bot.html)"
66.249.64.170 - - [04/Jul/2026:13:25:35 +0200] "GET /index.php/?h=11797618081100 HTTP/1.1" 301 - "-" "Mozilla/5.0 (Linux; Android 6.0.1; Nexus 5X Build/MMB29P) AppleWebKit/537.36 (KHTML, like Gecko) Chrome/150.0.7871.46 Mobile Safari/537.36 (compatible; Googlebot/2.1; +http://www.google.com/bot.html)"
66.249.64.169 - - [04/Jul/2026:13:25:57 +0200] "GET /?h=10389095481100 HTTP/1.1" 301 313 "-" "Mozilla/5.0 (compatible; Googlebot/2.1; +http://www.google.com/bot.html)"
66.249.64.169 - - [04/Jul/2026:13:25:57 +0200] "GET /index.php/?h=10389095481100 HTTP/1.1" 301 - "-" "Mozilla/5.0 (compatible; Googlebot/2.1; +http://www.google.com/bot.html)"
66.249.64.170 - - [04/Jul/2026:13:26:39 +0200] "GET /?h=33342471081100 HTTP/1.1" 301 313 "-" "Mozilla/5.0 (compatible; Googlebot/2.1; +http://www.google.com/bot.html)"
66.249.64.169 - - [04/Jul/2026:13:26:40 +0200] "GET /index.php/?h=33342471081100 HTTP/1.1" 301 - "-" "Mozilla/5.0 (compatible; Googlebot/2.1; +http://www.google.com/bot.html)"
176.115.149.61 - - [04/Jul/2026:13:27:52 +0200] "POST /xmlrpc.php HTTP/2.0" 403 52 "-" "WordPress/XMLRPC Client"
66.249.64.169 - - [04/Jul/2026:13:31:55 +0200] "GET /?h=29905082121100 HTTP/1.1" 301 313 "-" "Mozilla/5.0 (Linux; Android 6.0.1; Nexus 5X Build/MMB29P) AppleWebKit/537.36 (KHTML, like Gecko) Chrome/150.0.7871.46 Mobile Safari/537.36 (compatible; Googlebot/2.1; +http://www.google.com/bot.html)"
66.249.64.170 - - [04/Jul/2026:13:31:55 +0200] "GET /?h=29905082121100 HTTP/1.1" 301 313 "-" "Mozilla/5.0 (compatible; Googlebot/2.1; +http://www.google.com/bot.html)"
66.249.64.170 - - [04/Jul/2026:13:31:55 +0200] "GET /index.php/?h=29905082121100 HTTP/1.1" 301 - "-" "Mozilla/5.0 (compatible; Googlebot/2.1; +http://www.google.com/bot.html)"
66.249.64.171 - - [04/Jul/2026:13:31:56 +0200] "GET /index.php/?h=29905082121100 HTTP/1.1" 301 - "-" "Mozilla/5.0 (Linux; Android 6.0.1; Nexus 5X Build/MMB29P) AppleWebKit/537.36 (KHTML, like Gecko) Chrome/150.0.7871.46 Mobile Safari/537.36 (compatible; Googlebot/2.1; +http://www.google.com/bot.html)"
66.249.64.171 - - [04/Jul/2026:13:38:02 +0200] "GET /?h=43825188481100 HTTP/1.1" 301 313 "-" "Mozilla/5.0 (compatible; Googlebot/2.1; +http://www.google.com/bot.html)"
66.249.64.171 - - [04/Jul/2026:13:38:03 +0200] "GET /index.php/?h=43825188481100 HTTP/1.1" 301 - "-" "Mozilla/5.0 (compatible; Googlebot/2.1; +http://www.google.com/bot.html)"
66.249.64.169 - - [04/Jul/2026:13:39:08 +0200] "GET /?h=14760819601100 HTTP/1.1" 301 313 "-" "Mozilla/5.0 (compatible; Googlebot/2.1; +http://www.google.com/bot.html)"
66.249.64.169 - - [04/Jul/2026:13:39:08 +0200] "GET /index.php/?h=14760819601100 HTTP/1.1" 301 - "-" "Mozilla/5.0 (compatible; Googlebot/2.1; +http://www.google.com/bot.html)"
66.249.64.170 - - [04/Jul/2026:13:39:34 +0200] "GET /?h=4385481441100 HTTP/1.1" 301 312 "-" "Mozilla/5.0 (Linux; Android 6.0.1; Nexus 5X Build/MMB29P) AppleWebKit/537.36 (KHTML, like Gecko) Chrome/150.0.7871.46 Mobile Safari/537.36 (compatible; Googlebot/2.1; +http://www.google.com/bot.html)"
66.249.64.170 - - [04/Jul/2026:13:39:34 +0200] "GET /index.php/?h=4385481441100 HTTP/1.1" 301 - "-" "Mozilla/5.0 (Linux; Android 6.0.1; Nexus 5X Build/MMB29P) AppleWebKit/537.36 (KHTML, like Gecko) Chrome/150.0.7871.46 Mobile Safari/537.36 (compatible; Googlebot/2.1; +http://www.google.com/bot.html)"
66.249.64.169 - - [04/Jul/2026:13:39:47 +0200] "GET /?h=29827035601100 HTTP/1.1" 301 313 "-" "Mozilla/5.0 (compatible; Googlebot/2.1; +http://www.google.com/bot.html)"
66.249.64.169 - - [04/Jul/2026:13:39:47 +0200] "GET /index.php/?h=29827035601100 HTTP/1.1" 301 - "-" "Mozilla/5.0 (compatible; Googlebot/2.1; +http://www.google.com/bot.html)"
66.249.64.169 - - [04/Jul/2026:13:42:09 +0200] "GET /?h=34345274121100 HTTP/1.1" 301 313 "-" "Mozilla/5.0 (Linux; Android 6.0.1; Nexus 5X Build/MMB29P) AppleWebKit/537.36 (KHTML, like Gecko) Chrome/150.0.7871.46 Mobile Safari/537.36 (compatible; Googlebot/2.1; +http://www.google.com/bot.html)"
66.249.64.170 - - [04/Jul/2026:13:42:09 +0200] "GET /?h=34345274121100 HTTP/1.1" 301 313 "-" "Mozilla/5.0 (compatible; Googlebot/2.1; +http://www.google.com/bot.html)"
66.249.64.171 - - [04/Jul/2026:13:42:09 +0200] "GET /index.php/?h=34345274121100 HTTP/1.1" 301 - "-" "Mozilla/5.0 (Linux; Android 6.0.1; Nexus 5X Build/MMB29P) AppleWebKit/537.36 (KHTML, like Gecko) Chrome/150.0.7871.46 Mobile Safari/537.36 (compatible; Googlebot/2.1; +http://www.google.com/bot.html)"
66.249.64.171 - - [04/Jul/2026:13:42:09 +0200] "GET /index.php/?h=34345274121100 HTTP/1.1" 301 - "-" "Mozilla/5.0 (compatible; Googlebot/2.1; +http://www.google.com/bot.html)"
66.249.64.169 - - [04/Jul/2026:13:42:42 +0200] "GET /?h=34274956161100 HTTP/1.1" 301 313 "-" "Mozilla/5.0 (Linux; Android 6.0.1; Nexus 5X Build/MMB29P) AppleWebKit/537.36 (KHTML, like Gecko) Chrome/150.0.7871.46 Mobile Safari/537.36 (compatible; Googlebot/2.1; +http://www.google.com/bot.html)"
66.249.64.169 - - [04/Jul/2026:13:42:42 +0200] "GET /index.php/?h=34274956161100 HTTP/1.1" 301 - "-" "Mozilla/5.0 (Linux; Android 6.0.1; Nexus 5X Build/MMB29P) AppleWebKit/537.36 (KHTML, like Gecko) Chrome/150.0.7871.46 Mobile Safari/537.36 (compatible; Googlebot/2.1; +http://www.google.com/bot.html)"
66.249.64.170 - - [04/Jul/2026:13:43:14 +0200] "GET /shop/sold?id=top43741367921100 HTTP/1.1" 301 317 "-" "Mozilla/5.0 (Linux; Android 6.0.1; Nexus 5X Build/MMB29P) AppleWebKit/537.36 (KHTML, like Gecko) Chrome/150.0.7871.46 Mobile Safari/537.36 (compatible; Googlebot/2.1; +http://www.google.com/bot.html)"
66.249.64.169 - - [04/Jul/2026:13:43:14 +0200] "GET /index.php/?id=top43741367921100 HTTP/1.1" 301 - "-" "Mozilla/5.0 (Linux; Android 6.0.1; Nexus 5X Build/MMB29P) AppleWebKit/537.36 (KHTML, like Gecko) Chrome/150.0.7871.46 Mobile Safari/537.36 (compatible; Googlebot/2.1; +http://www.google.com/bot.html)"
66.249.64.171 - - [04/Jul/2026:13:44:38 +0200] "GET /?h=22671552801100 HTTP/1.1" 301 313 "-" "Mozilla/5.0 (compatible; Googlebot/2.1; +http://www.google.com/bot.html)"
66.249.64.169 - - [04/Jul/2026:13:44:39 +0200] "GET /index.php/?h=22671552801100 HTTP/1.1" 301 - "-" "Mozilla/5.0 (compatible; Googlebot/2.1; +http://www.google.com/bot.html)"
66.249.64.169 - - [04/Jul/2026:13:47:33 +0200] "GET /?h=38831285441100 HTTP/1.1" 301 313 "-" "Mozilla/5.0 (Linux; Android 6.0.1; Nexus 5X Build/MMB29P) AppleWebKit/537.36 (KHTML, like Gecko) Chrome/150.0.7871.46 Mobile Safari/537.36 (compatible; Googlebot/2.1; +http://www.google.com/bot.html)"
66.249.64.170 - - [04/Jul/2026:13:47:33 +0200] "GET /index.php/?h=38831285441100 HTTP/1.1" 301 - "-" "Mozilla/5.0 (Linux; Android 6.0.1; Nexus 5X Build/MMB29P) AppleWebKit/537.36 (KHTML, like Gecko) Chrome/150.0.7871.46 Mobile Safari/537.36 (compatible; Googlebot/2.1; +http://www.google.com/bot.html)"
66.249.64.171 - - [04/Jul/2026:13:50:33 +0200] "GET /?h=9606451961100 HTTP/1.1" 301 312 "-" "Mozilla/5.0 (compatible; Googlebot/2.1; +http://www.google.com/bot.html)"
66.249.64.169 - - [04/Jul/2026:13:50:34 +0200] "GET /index.php/?h=9606451961100 HTTP/1.1" 301 - "-" "Mozilla/5.0 (compatible; Googlebot/2.1; +http://www.google.com/bot.html)"
66.249.64.169 - - [04/Jul/2026:13:51:31 +0200] "GET /?h=21625287801100 HTTP/1.1" 301 313 "-" "Mozilla/5.0 (compatible; Googlebot/2.1; +http://www.google.com/bot.html)"
66.249.64.170 - - [04/Jul/2026:13:51:32 +0200] "GET /index.php/?h=21625287801100 HTTP/1.1" 301 - "-" "Mozilla/5.0 (compatible; Googlebot/2.1; +http://www.google.com/bot.html)"
66.249.64.170 - - [04/Jul/2026:13:53:12 +0200] "GET /productSearch/pictureSearch?id=23225398121100 HTTP/1.1" 301 314 "-" "Mozilla/5.0 (compatible; Googlebot/2.1; +http://www.google.com/bot.html)"
66.249.64.169 - - [04/Jul/2026:13:53:12 +0200] "GET /index.php/?id=23225398121100 HTTP/1.1" 301 - "-" "Mozilla/5.0 (compatible; Googlebot/2.1; +http://www.google.com/bot.html)"
66.249.64.170 - - [04/Jul/2026:13:54:11 +0200] "GET /?h=19819341161100 HTTP/1.1" 301 313 "-" "Mozilla/5.0 (Linux; Android 6.0.1; Nexus 5X Build/MMB29P) AppleWebKit/537.36 (KHTML, like Gecko) Chrome/150.0.7871.46 Mobile Safari/537.36 (compatible; Googlebot/2.1; +http://www.google.com/bot.html)"
66.249.64.169 - - [04/Jul/2026:13:54:11 +0200] "GET /index.php/?h=19819341161100 HTTP/1.1" 301 - "-" "Mozilla/5.0 (Linux; Android 6.0.1; Nexus 5X Build/MMB29P) AppleWebKit/537.36 (KHTML, like Gecko) Chrome/150.0.7871.46 Mobile Safari/537.36 (compatible; Googlebot/2.1; +http://www.google.com/bot.html)"
66.249.64.169 - - [04/Jul/2026:13:55:12 +0200] "GET /?h=6218537721100 HTTP/1.1" 301 312 "-" "Mozilla/5.0 (compatible; Googlebot/2.1; +http://www.google.com/bot.html)"
66.249.64.170 - - [04/Jul/2026:13:55:13 +0200] "GET /index.php/?h=6218537721100 HTTP/1.1" 301 - "-" "Mozilla/5.0 (compatible; Googlebot/2.1; +http://www.google.com/bot.html)"
66.249.89.233 - - [04/Jul/2026:13:55:21 +0200] "GET /?h=28942891321100 HTTP/1.1" 301 313 "-" "Mozilla/5.0 (X11; Linux x86_64) AppleWebKit/537.36 (KHTML, like Gecko) Chrome/149.0.7827.200 Safari/537.36"
66.249.89.233 - - [04/Jul/2026:13:55:21 +0200] "GET /index.php/?h=28942891321100 HTTP/1.1" 301 - "-" "Mozilla/5.0 (X11; Linux x86_64) AppleWebKit/537.36 (KHTML, like Gecko) Chrome/149.0.7827.200 Safari/537.36"
212.82.43.85 - - [04/Jul/2026:13:55:34 +0200] "GET /?h=36328738921100 HTTP/1.1" 301 313 "-" "Mozilla/5.0 (X11; Linux x86_64) AppleWebKit/537.36 (KHTML, like Gecko) Chrome/134.0.0.0 Safari/537.36"
212.82.43.85 - - [04/Jul/2026:13:55:34 +0200] "GET /index.php/?h=36328738921100 HTTP/1.1" 301 - "-" "Mozilla/5.0 (X11; Linux x86_64) AppleWebKit/537.36 (KHTML, like Gecko) Chrome/134.0.0.0 Safari/537.36"
95.164.196.58 - - [04/Jul/2026:13:55:34 +0200] "GET /?h=36328738921100 HTTP/1.1" 301 313 "-" "Mozilla/5.0 (Windows NT 10.0; Win64; x64) AppleWebKit/537.36 (KHTML, like Gecko) Chrome/134.0.0.0 Safari/537.36"
95.164.196.58 - - [04/Jul/2026:13:55:35 +0200] "GET /index.php/?h=36328738921100 HTTP/1.1" 301 - "-" "Mozilla/5.0 (Windows NT 10.0; Win64; x64) AppleWebKit/537.36 (KHTML, like Gecko) Chrome/134.0.0.0 Safari/537.36"
66.249.64.169 - - [04/Jul/2026:13:55:45 +0200] "GET /?h=38723190041100 HTTP/1.1" 301 313 "-" "Mozilla/5.0 (compatible; Googlebot/2.1; +http://www.google.com/bot.html)"
66.249.64.169 - - [04/Jul/2026:13:55:45 +0200] "GET /index.php/?h=38723190041100 HTTP/1.1" 301 - "-" "Mozilla/5.0 (compatible; Googlebot/2.1; +http://www.google.com/bot.html)"
66.249.64.169 - - [04/Jul/2026:13:55:55 +0200] "GET /?h=28016717401100 HTTP/1.1" 301 313 "-" "Mozilla/5.0 (Linux; Android 6.0.1; Nexus 5X Build/MMB29P) AppleWebKit/537.36 (KHTML, like Gecko) Chrome/150.0.7871.46 Mobile Safari/537.36 (compatible; Googlebot/2.1; +http://www.google.com/bot.html)"
66.249.64.169 - - [04/Jul/2026:13:55:55 +0200] "GET /index.php/?h=28016717401100 HTTP/1.1" 301 - "-" "Mozilla/5.0 (Linux; Android 6.0.1; Nexus 5X Build/MMB29P) AppleWebKit/537.36 (KHTML, like Gecko) Chrome/150.0.7871.46 Mobile Safari/537.36 (compatible; Googlebot/2.1; +http://www.google.com/bot.html)"
40.77.167.151 - - [04/Jul/2026:13:56:19 +0200] "GET /?h=270978121100 HTTP/2.0" 301 311 "-" "Mozilla/5.0 AppleWebKit/537.36 (KHTML, like Gecko; compatible; bingbot/2.0; +http://www.bing.com/bingbot.htm) Chrome/116.0.1938.76 Safari/537.36"
66.249.64.169 - - [04/Jul/2026:13:57:27 +0200] "GET /?h=36658918521100 HTTP/1.1" 301 313 "-" "Mozilla/5.0 (compatible; Googlebot/2.1; +http://www.google.com/bot.html)"
66.249.64.170 - - [04/Jul/2026:13:57:28 +0200] "GET /index.php/?h=36658918521100 HTTP/1.1" 301 - "-" "Mozilla/5.0 (compatible; Googlebot/2.1; +http://www.google.com/bot.html)"
66.249.64.170 - - [04/Jul/2026:14:01:55 +0200] "GET /productSearch/pictureSearch?id=44304732201100 HTTP/1.1" 301 314 "-" "Mozilla/5.0 (Linux; Android 6.0.1; Nexus 5X Build/MMB29P) AppleWebKit/537.36 (KHTML, like Gecko) Chrome/150.0.7871.46 Mobile Safari/537.36 (compatible; Googlebot/2.1; +http://www.google.com/bot.html)"
66.249.64.171 - - [04/Jul/2026:14:01:56 +0200] "GET /index.php/?id=44304732201100 HTTP/1.1" 301 - "-" "Mozilla/5.0 (Linux; Android 6.0.1; Nexus 5X Build/MMB29P) AppleWebKit/537.36 (KHTML, like Gecko) Chrome/150.0.7871.46 Mobile Safari/537.36 (compatible; Googlebot/2.1; +http://www.google.com/bot.html)"
66.249.64.170 - - [04/Jul/2026:14:04:18 +0200] "GET /product/review/30451273481100 HTTP/1.1" 301 296 "-" "Mozilla/5.0 (Linux; Android 6.0.1; Nexus 5X Build/MMB29P) AppleWebKit/537.36 (KHTML, like Gecko) Chrome/150.0.7871.46 Mobile Safari/537.36 (compatible; Googlebot/2.1; +http://www.google.com/bot.html)"
66.249.64.169 - - [04/Jul/2026:14:06:21 +0200] "GET /?h=22506149681100 HTTP/1.1" 301 313 "-" "Mozilla/5.0 (compatible; Googlebot/2.1; +http://www.google.com/bot.html)"
66.249.64.171 - - [04/Jul/2026:14:06:22 +0200] "GET /index.php/?h=22506149681100 HTTP/1.1" 301 - "-" "Mozilla/5.0 (compatible; Googlebot/2.1; +http://www.google.com/bot.html)"
65.108.235.243 - - [04/Jul/2026:14:07:24 +0200] "POST /wp-cron.php?doing_wp_cron=1783166844.7035789489746093750000 HTTP/1.1" 200 1 "-" "WordPress/7.0; https://verona.elettroservicegroup.it"
38.254.184.167 - - [04/Jul/2026:14:07:22 +0200] "GET /wp-login.php HTTP/2.0" 200 3125 "-" "Mozilla/5.0 (Windows NT 10.0; Win64; x64) AppleWebKit/537.36 (KHTML, like Gecko) Chrome/142.0.0.0 Safari/537.36"
65.108.235.243 - - [04/Jul/2026:14:07:27 +0200] "POST /wp-json/complianz/v1/wsc-scan HTTP/1.1" 301 296 "-" "WordPress/7.0; https://verona.elettroservicegroup.it"
65.108.235.243 - - [04/Jul/2026:14:07:27 +0200] "POST /index.php/ HTTP/1.1" 301 - "-" "WordPress/7.0; https://verona.elettroservicegroup.it"
38.254.184.167 - - [04/Jul/2026:14:07:26 +0200] "POST /wp-login.php HTTP/2.0" 302 1 "https://verona.elettroservicegroup.it/wp-login.php" "Mozilla/5.0 (Windows NT 10.0; Win64; x64) AppleWebKit/537.36 (KHTML, like Gecko) Chrome/142.0.0.0 Safari/537.36"
66.249.64.169 - - [04/Jul/2026:14:07:30 +0200] "GET /?h=25748593921100 HTTP/1.1" 301 313 "-" "Mozilla/5.0 (Linux; Android 6.0.1; Nexus 5X Build/MMB29P) AppleWebKit/537.36 (KHTML, like Gecko) Chrome/150.0.7871.46 Mobile Safari/537.36 (compatible; Googlebot/2.1; +http://www.google.com/bot.html)"
66.249.64.170 - - [04/Jul/2026:14:07:30 +0200] "GET /index.php/?h=25748593921100 HTTP/1.1" 301 - "-" "Mozilla/5.0 (Linux; Android 6.0.1; Nexus 5X Build/MMB29P) AppleWebKit/537.36 (KHTML, like Gecko) Chrome/150.0.7871.46 Mobile Safari/537.36 (compatible; Googlebot/2.1; +http://www.google.com/bot.html)"
38.254.184.167 - - [04/Jul/2026:14:07:27 +0200] "GET /wp-admin/ HTTP/2.0" 200 84404 "https://verona.elettroservicegroup.it/wp-login.php" "Mozilla/5.0 (Windows NT 10.0; Win64; x64) AppleWebKit/537.36 (KHTML, like Gecko) Chrome/142.0.0.0 Safari/537.36"
38.254.184.167 - - [04/Jul/2026:14:07:32 +0200] "GET /wp-json/wp/v2/users/me?context=edit&_fields=id%2Croles%2Ccapabilities HTTP/2.0" 301 347 "-" "Mozilla/5.0 (Windows NT 10.0; Win64; x64) AppleWebKit/537.36 (KHTML, like Gecko) Chrome/142.0.0.0 Safari/537.36"
38.254.184.167 - - [04/Jul/2026:14:07:33 +0200] "GET /index.php/?context=edit&_fields=id%2Croles%2Ccapabilities HTTP/2.0" 301 - "-" "Mozilla/5.0 (Windows NT 10.0; Win64; x64) AppleWebKit/537.36 (KHTML, like Gecko) Chrome/142.0.0.0 Safari/537.36"
38.254.184.167 - - [04/Jul/2026:14:07:34 +0200] "GET /xmlrpc.php HTTP/2.0" 403 52 "-" "WP-Extra/1.2"
38.254.184.167 - - [04/Jul/2026:14:07:34 +0200] "GET /wp-json/ HTTP/2.0" 301 296 "-" "Mozilla/5.0 (Windows NT 10.0; Win64; x64) AppleWebKit/537.36 (KHTML, like Gecko) Chrome/142.0.0.0 Safari/537.36"
38.254.184.167 - - [04/Jul/2026:14:07:35 +0200] "GET /index.php/ HTTP/2.0" 301 - "-" "Mozilla/5.0 (Windows NT 10.0; Win64; x64) AppleWebKit/537.36 (KHTML, like Gecko) Chrome/142.0.0.0 Safari/537.36"
38.254.184.167 - - [04/Jul/2026:14:07:35 +0200] "POST /xmlrpc.php HTTP/2.0" 403 52 "-" "WP-Extra/1.2"
38.254.184.167 - - [04/Jul/2026:14:07:35 +0200] "GET /index.php?rest_route=%2F HTTP/2.0" 301 311 "-" "Mozilla/5.0 (Windows NT 10.0; Win64; x64) AppleWebKit/537.36 (KHTML, like Gecko) Chrome/142.0.0.0 Safari/537.36"
38.254.184.167 - - [04/Jul/2026:14:07:36 +0200] "GET /index.php/?rest_route=%2F HTTP/2.0" 301 - "-" "Mozilla/5.0 (Windows NT 10.0; Win64; x64) AppleWebKit/537.36 (KHTML, like Gecko) Chrome/142.0.0.0 Safari/537.36"
38.254.184.167 - - [04/Jul/2026:14:07:37 +0200] "GET /wp-admin/user-new.php HTTP/2.0" 200 54485 "-" "Mozilla/5.0 (Windows NT 10.0; Win64; x64) AppleWebKit/537.36 (KHTML, like Gecko) Chrome/142.0.0.0 Safari/537.36"
38.254.184.167 - - [04/Jul/2026:14:07:40 +0200] "POST /wp-admin/user-new.php HTTP/2.0" 302 1 "-" "Mozilla/5.0 (Windows NT 10.0; Win64; x64) AppleWebKit/537.36 (KHTML, like Gecko) Chrome/142.0.0.0 Safari/537.36"
38.254.184.167 - - [04/Jul/2026:14:07:44 +0200] "GET /wp-admin/users.php?update=add&id=2 HTTP/2.0" 200 55222 "-" "Mozilla/5.0 (Windows NT 10.0; Win64; x64) AppleWebKit/537.36 (KHTML, like Gecko) Chrome/142.0.0.0 Safari/537.36"
38.254.184.167 - - [04/Jul/2026:14:07:47 +0200] "GET /wp-admin/users.php?s=bot HTTP/2.0" 200 55063 "-" "Mozilla/5.0 (Windows NT 10.0; Win64; x64) AppleWebKit/537.36 (KHTML, like Gecko) Chrome/142.0.0.0 Safari/537.36"
38.254.184.167 - - [04/Jul/2026:14:07:50 +0200] "GET /wp-admin/plugin-editor.php HTTP/2.0" 200 56954 "-" "Mozilla/5.0 (Windows NT 10.0; Win64; x64) AppleWebKit/537.36 (KHTML, like Gecko) Chrome/142.0.0.0 Safari/537.36"
38.254.184.167 - - [04/Jul/2026:14:07:53 +0200] "POST /wp-admin/admin-ajax.php HTTP/2.0" 301 - "-" "Mozilla/5.0 (Windows NT 10.0; Win64; x64) AppleWebKit/537.36 (KHTML, like Gecko) Chrome/142.0.0.0 Safari/537.36"
38.254.184.167 - - [04/Jul/2026:14:07:53 +0200] "POST /wp-admin/admin-ajax.php HTTP/2.0" 301 - "-" "Mozilla/5.0 (Windows NT 10.0; Win64; x64) AppleWebKit/537.36 (KHTML, like Gecko) Chrome/142.0.0.0 Safari/537.36"
38.254.184.167 - - [04/Jul/2026:14:07:54 +0200] "POST /xmlrpc.php HTTP/2.0" 403 52 "-" "Mozilla/5.0 (Windows NT 10.0; Win64; x64) AppleWebKit/537.36 (KHTML, like Gecko) Chrome/142.0.0.0 Safari/537.36"
38.254.184.167 - - [04/Jul/2026:14:07:55 +0200] "POST /wp-admin/admin-ajax.php HTTP/2.0" 301 - "-" "Mozilla/5.0 (Windows NT 10.0; Win64; x64) AppleWebKit/537.36 (KHTML, like Gecko) Chrome/142.0.0.0 Safari/537.36"
38.254.184.167 - - [04/Jul/2026:14:07:55 +0200] "GET /wp-admin/customize.php HTTP/2.0" 200 216956 "-" "Mozilla/5.0 (Windows NT 10.0; Win64; x64) AppleWebKit/537.36 (KHTML, like Gecko) Chrome/142.0.0.0 Safari/537.36"
38.254.184.167 - - [04/Jul/2026:14:08:02 +0200] "POST /wp-admin/admin-ajax.php HTTP/2.0" 200 11778 "-" "Mozilla/5.0 (Windows NT 10.0; Win64; x64) AppleWebKit/537.36 (KHTML, like Gecko) Chrome/142.0.0.0 Safari/537.36"
38.254.184.167 - - [04/Jul/2026:14:08:03 +0200] "GET /wp-admin/theme-editor.php HTTP/2.0" 200 11846 "-" "Mozilla/5.0 (Windows NT 10.0; Win64; x64) AppleWebKit/537.36 (KHTML, like Gecko) Chrome/142.0.0.0 Safari/537.36"
38.254.184.167 - - [04/Jul/2026:14:08:04 +0200] "GET /wp-json/wp/v2/roles?context=edit HTTP/2.0" 200 107 "-" "Mozilla/5.0 (Windows NT 10.0; Win64; x64) AppleWebKit/537.36 (KHTML, like Gecko) Chrome/142.0.0.0 Safari/537.36"