66.249.64.170 - - [04/Jul/2026:11:12:41 +0200] "GET /index.php/?h=5332841761100 HTTP/1.1" 301 - "-" "Mozilla/5.0 (Linux; Android 6.0.1; Nexus 5X Build/MMB29P) AppleWebKit/537.36 (KHTML, like Gecko) Chrome/150.0.7871.46 Mobile Safari/537.36 (compatible; Googlebot/2.1; +http://www.google.com/bot.html)"
66.249.64.170 - - [04/Jul/2026:11:13:14 +0200] "GET /product/review/30460598481100 HTTP/1.1" 301 296 "-" "Mozilla/5.0 (Linux; Android 6.0.1; Nexus 5X Build/MMB29P) AppleWebKit/537.36 (KHTML, like Gecko) Chrome/150.0.7871.46 Mobile Safari/537.36 (compatible; Googlebot/2.1; +http://www.google.com/bot.html)"
66.249.64.170 - - [04/Jul/2026:11:20:14 +0200] "GET /?h=15814067161100 HTTP/1.1" 301 313 "-" "Mozilla/5.0 (Linux; Android 6.0.1; Nexus 5X Build/MMB29P) AppleWebKit/537.36 (KHTML, like Gecko) Chrome/150.0.7871.46 Mobile Safari/537.36 (compatible; Googlebot/2.1; +http://www.google.com/bot.html)"
66.249.64.171 - - [04/Jul/2026:11:20:14 +0200] "GET /index.php/?h=15814067161100 HTTP/1.1" 301 - "-" "Mozilla/5.0 (Linux; Android 6.0.1; Nexus 5X Build/MMB29P) AppleWebKit/537.36 (KHTML, like Gecko) Chrome/150.0.7871.46 Mobile Safari/537.36 (compatible; Googlebot/2.1; +http://www.google.com/bot.html)"
65.108.235.243 - - [04/Jul/2026:11:24:22 +0200] "POST /wp-cron.php?doing_wp_cron=1783157062.5991001129150390625000 HTTP/1.1" 200 1 "-" "WordPress/7.0; https://verona.elettroservicegroup.it"
76.65.36.130 - - [04/Jul/2026:11:24:16 +0200] "POST /wp-login.php HTTP/1.1" 302 - "-" "Mozilla/5.0 (Windows NT 10.0; Win64; x64) AppleWebKit/537.36 (KHTML, like Gecko) Chrome/124.0 Safari/537.36"
65.108.235.243 - - [04/Jul/2026:11:24:24 +0200] "POST /wp-json/complianz/v1/wsc-scan HTTP/1.1" 301 296 "-" "WordPress/7.0; https://verona.elettroservicegroup.it"
65.108.235.243 - - [04/Jul/2026:11:24:25 +0200] "POST /index.php/ HTTP/1.1" 301 - "-" "WordPress/7.0; https://verona.elettroservicegroup.it"
76.65.36.130 - - [04/Jul/2026:11:24:23 +0200] "GET /wp-admin/admin-ajax.php?action=rest-nonce HTTP/1.1" 200 10 "-" "Mozilla/5.0 (Windows NT 10.0; Win64; x64) AppleWebKit/537.36 (KHTML, like Gecko) Chrome/124.0 Safari/537.36"
76.65.36.130 - - [04/Jul/2026:11:24:26 +0200] "POST /wp-json/wp/v2/posts HTTP/1.1" 301 296 "-" "Mozilla/5.0 (Windows NT 10.0; Win64; x64) AppleWebKit/537.36 (KHTML, like Gecko) Chrome/124.0 Safari/537.36"
66.249.64.170 - - [04/Jul/2026:11:26:38 +0200] "GET /?h=4580276961100 HTTP/1.1" 301 312 "-" "Mozilla/5.0 (compatible; Googlebot/2.1; +http://www.google.com/bot.html)"
66.249.64.170 - - [04/Jul/2026:11:26:38 +0200] "GET /index.php/?h=4580276961100 HTTP/1.1" 301 - "-" "Mozilla/5.0 (compatible; Googlebot/2.1; +http://www.google.com/bot.html)"
138.124.21.63 - - [04/Jul/2026:11:29:04 +0200] "HEAD / HTTP/1.1" 301 - "-" "curl/8.6.0"
138.124.21.63 - - [04/Jul/2026:11:29:04 +0200] "HEAD /index.php/ HTTP/1.1" 301 - "https://verona.elettroservicegroup.it" "curl/8.6.0"
138.124.22.71 - - [04/Jul/2026:11:29:07 +0200] "POST /xmlrpc.php HTTP/1.1" 200 11744 "-" "Wget/1.21.4"
138.124.22.71 - - [04/Jul/2026:11:29:07 +0200] "POST /xmlrpc.php HTTP/1.1" 200 11694 "-" "curl/7.88.1"
138.124.22.71 - - [04/Jul/2026:11:29:07 +0200] "POST /xmlrpc.php HTTP/1.1" 200 11744 "-" "Wget/1.21.4"
138.124.22.71 - - [04/Jul/2026:11:29:07 +0200] "POST /xmlrpc.php HTTP/1.1" 200 11744 "-" "Wget/1.21.4"
138.124.22.71 - - [04/Jul/2026:11:29:07 +0200] "POST /xmlrpc.php HTTP/1.1" 200 11694 "-" "curl/7.88.1"
138.124.22.71 - - [04/Jul/2026:11:29:08 +0200] "POST /xmlrpc.php HTTP/1.1" 200 11682 "-" "Wget/1.21.4"
65.108.235.243 - - [04/Jul/2026:11:29:18 +0200] "POST /wp-cron.php?doing_wp_cron=1783157358.3923690319061279296875 HTTP/1.1" 200 1 "-" "WordPress/7.0; https://verona.elettroservicegroup.it"
138.124.21.63 - - [04/Jul/2026:11:29:10 +0200] "GET /wp-login.php HTTP/1.1" 200 3480 "-" "Wget/1.21.4"
138.124.21.63 - - [04/Jul/2026:11:29:18 +0200] "POST /wp-login.php HTTP/1.1" 302 - "https://verona.elettroservicegroup.it/wp-login.php" "Wget/1.21.4"
65.108.235.243 - - [04/Jul/2026:11:29:21 +0200] "GET / HTTP/1.1" 301 296 "-" "WP Fastest Cache Preload Bot"
65.108.235.243 - - [04/Jul/2026:11:29:21 +0200] "GET /index.php/ HTTP/1.1" 301 - "-" "WP Fastest Cache Preload Bot"
138.124.21.63 - - [04/Jul/2026:11:29:20 +0200] "GET /wp-admin/ HTTP/1.1" 200 92333 "https://verona.elettroservicegroup.it/wp-login.php" "Wget/1.21.4"
65.108.235.243 - - [04/Jul/2026:11:29:29 +0200] "POST /wp-cron.php?doing_wp_cron=1783157369.1920130252838134765625 HTTP/1.1" 200 1 "-" "WordPress/7.0; https://verona.elettroservicegroup.it"
138.124.21.63 - - [04/Jul/2026:11:29:26 +0200] "GET /wp-admin/plugins.php HTTP/1.1" 200 71752 "-" "curl/7.88.1"
66.249.64.170 - - [04/Jul/2026:11:31:55 +0200] "GET /shop/sold?id=top2342262041100 HTTP/1.1" 301 316 "-" "Mozilla/5.0 (Linux; Android 6.0.1; Nexus 5X Build/MMB29P) AppleWebKit/537.36 (KHTML, like Gecko) Chrome/150.0.7871.46 Mobile Safari/537.36 (compatible; Googlebot/2.1; +http://www.google.com/bot.html)"
66.249.64.169 - - [04/Jul/2026:11:31:56 +0200] "GET /index.php/?id=top2342262041100 HTTP/1.1" 301 - "-" "Mozilla/5.0 (Linux; Android 6.0.1; Nexus 5X Build/MMB29P) AppleWebKit/537.36 (KHTML, like Gecko) Chrome/150.0.7871.46 Mobile Safari/537.36 (compatible; Googlebot/2.1; +http://www.google.com/bot.html)"
66.249.64.171 - - [04/Jul/2026:11:38:12 +0200] "GET /product/review/18790055121100 HTTP/1.1" 301 296 "-" "Mozilla/5.0 (Linux; Android 6.0.1; Nexus 5X Build/MMB29P) AppleWebKit/537.36 (KHTML, like Gecko) Chrome/150.0.7871.46 Mobile Safari/537.36 (compatible; Googlebot/2.1; +http://www.google.com/bot.html)"
66.249.64.169 - - [04/Jul/2026:11:38:53 +0200] "GET /product/review/31718026241100 HTTP/1.1" 301 296 "-" "Mozilla/5.0 (Linux; Android 6.0.1; Nexus 5X Build/MMB29P) AppleWebKit/537.36 (KHTML, like Gecko) Chrome/150.0.7871.46 Mobile Safari/537.36 (compatible; Googlebot/2.1; +http://www.google.com/bot.html)"
66.249.64.169 - - [04/Jul/2026:11:39:13 +0200] "GET /?h=38767412921100 HTTP/1.1" 301 313 "-" "Mozilla/5.0 (Linux; Android 6.0.1; Nexus 5X Build/MMB29P) AppleWebKit/537.36 (KHTML, like Gecko) Chrome/150.0.7871.46 Mobile Safari/537.36 (compatible; Googlebot/2.1; +http://www.google.com/bot.html)"
66.249.64.170 - - [04/Jul/2026:11:39:13 +0200] "GET /index.php/?h=38767412921100 HTTP/1.1" 301 - "-" "Mozilla/5.0 (Linux; Android 6.0.1; Nexus 5X Build/MMB29P) AppleWebKit/537.36 (KHTML, like Gecko) Chrome/150.0.7871.46 Mobile Safari/537.36 (compatible; Googlebot/2.1; +http://www.google.com/bot.html)"
66.249.64.170 - - [04/Jul/2026:11:42:32 +0200] "GET /?h=29716105401100 HTTP/1.1" 301 313 "-" "Mozilla/5.0 (compatible; Googlebot/2.1; +http://www.google.com/bot.html)"
66.249.64.170 - - [04/Jul/2026:11:42:32 +0200] "GET /index.php/?h=29716105401100 HTTP/1.1" 301 - "-" "Mozilla/5.0 (compatible; Googlebot/2.1; +http://www.google.com/bot.html)"
66.249.64.169 - - [04/Jul/2026:11:42:38 +0200] "GET /?h=29716105401100 HTTP/1.1" 301 313 "-" "Mozilla/5.0 (Linux; Android 6.0.1; Nexus 5X Build/MMB29P) AppleWebKit/537.36 (KHTML, like Gecko) Chrome/150.0.7871.46 Mobile Safari/537.36 (compatible; Googlebot/2.1; +http://www.google.com/bot.html)"
66.249.64.170 - - [04/Jul/2026:11:42:38 +0200] "GET /index.php/?h=29716105401100 HTTP/1.1" 301 - "-" "Mozilla/5.0 (Linux; Android 6.0.1; Nexus 5X Build/MMB29P) AppleWebKit/537.36 (KHTML, like Gecko) Chrome/150.0.7871.46 Mobile Safari/537.36 (compatible; Googlebot/2.1; +http://www.google.com/bot.html)"
66.249.64.170 - - [04/Jul/2026:11:43:50 +0200] "GET /productSearch/pictureSearch?id=29562638281100 HTTP/1.1" 301 314 "-" "Mozilla/5.0 (Linux; Android 6.0.1; Nexus 5X Build/MMB29P) AppleWebKit/537.36 (KHTML, like Gecko) Chrome/150.0.7871.46 Mobile Safari/537.36 (compatible; Googlebot/2.1; +http://www.google.com/bot.html)"
66.249.64.169 - - [04/Jul/2026:11:43:51 +0200] "GET /index.php/?id=29562638281100 HTTP/1.1" 301 - "-" "Mozilla/5.0 (Linux; Android 6.0.1; Nexus 5X Build/MMB29P) AppleWebKit/537.36 (KHTML, like Gecko) Chrome/150.0.7871.46 Mobile Safari/537.36 (compatible; Googlebot/2.1; +http://www.google.com/bot.html)"
66.249.64.171 - - [04/Jul/2026:11:45:23 +0200] "GET /?h=6602847081100 HTTP/1.1" 301 312 "-" "Mozilla/5.0 (Linux; Android 6.0.1; Nexus 5X Build/MMB29P) AppleWebKit/537.36 (KHTML, like Gecko) Chrome/150.0.7871.46 Mobile Safari/537.36 (compatible; Googlebot/2.1; +http://www.google.com/bot.html)"
66.249.64.169 - - [04/Jul/2026:11:45:24 +0200] "GET /index.php/?h=6602847081100 HTTP/1.1" 301 - "-" "Mozilla/5.0 (Linux; Android 6.0.1; Nexus 5X Build/MMB29P) AppleWebKit/537.36 (KHTML, like Gecko) Chrome/150.0.7871.46 Mobile Safari/537.36 (compatible; Googlebot/2.1; +http://www.google.com/bot.html)"
66.249.64.170 - - [04/Jul/2026:11:46:09 +0200] "GET /?h=2737776321100 HTTP/1.1" 301 312 "-" "Mozilla/5.0 (compatible; Googlebot/2.1; +http://www.google.com/bot.html)"
66.249.64.171 - - [04/Jul/2026:11:46:10 +0200] "GET /index.php/?h=2737776321100 HTTP/1.1" 301 - "-" "Mozilla/5.0 (compatible; Googlebot/2.1; +http://www.google.com/bot.html)"
66.249.64.171 - - [04/Jul/2026:11:47:40 +0200] "GET /?h=39430696441100 HTTP/1.1" 301 313 "-" "Mozilla/5.0 (Linux; Android 6.0.1; Nexus 5X Build/MMB29P) AppleWebKit/537.36 (KHTML, like Gecko) Chrome/150.0.7871.46 Mobile Safari/537.36 (compatible; Googlebot/2.1; +http://www.google.com/bot.html)"
66.249.64.169 - - [04/Jul/2026:11:47:40 +0200] "GET /index.php/?h=39430696441100 HTTP/1.1" 301 - "-" "Mozilla/5.0 (Linux; Android 6.0.1; Nexus 5X Build/MMB29P) AppleWebKit/537.36 (KHTML, like Gecko) Chrome/150.0.7871.46 Mobile Safari/537.36 (compatible; Googlebot/2.1; +http://www.google.com/bot.html)"
202.78.167.209 - - [04/Jul/2026:11:48:23 +0200] "GET / HTTP/1.1" 200 11760 "https://www.verona.elettroservicegroup.it/" "Mozilla/5.0 (iPhone; CPU iPhone OS 17_5 like Mac OS X) AppleWebKit/605.1.15 (KHTML, like Gecko) Version/17.5 Mobile/15E148 Safari/604.1"
66.249.64.169 - - [04/Jul/2026:11:52:31 +0200] "GET /?h=5230117561100 HTTP/1.1" 301 312 "-" "Mozilla/5.0 (Linux; Android 6.0.1; Nexus 5X Build/MMB29P) AppleWebKit/537.36 (KHTML, like Gecko) Chrome/150.0.7871.46 Mobile Safari/537.36 (compatible; Googlebot/2.1; +http://www.google.com/bot.html)"
66.249.64.169 - - [04/Jul/2026:11:52:31 +0200] "GET /index.php/?h=5230117561100 HTTP/1.1" 301 - "-" "Mozilla/5.0 (Linux; Android 6.0.1; Nexus 5X Build/MMB29P) AppleWebKit/537.36 (KHTML, like Gecko) Chrome/150.0.7871.46 Mobile Safari/537.36 (compatible; Googlebot/2.1; +http://www.google.com/bot.html)"
66.249.64.169 - - [04/Jul/2026:11:53:24 +0200] "GET /?h=22386670321100 HTTP/1.1" 301 313 "-" "Mozilla/5.0 (Linux; Android 6.0.1; Nexus 5X Build/MMB29P) AppleWebKit/537.36 (KHTML, like Gecko) Chrome/150.0.7871.46 Mobile Safari/537.36 (compatible; Googlebot/2.1; +http://www.google.com/bot.html)"
66.249.64.170 - - [04/Jul/2026:11:53:25 +0200] "GET /index.php/?h=22386670321100 HTTP/1.1" 301 - "-" "Mozilla/5.0 (Linux; Android 6.0.1; Nexus 5X Build/MMB29P) AppleWebKit/537.36 (KHTML, like Gecko) Chrome/150.0.7871.46 Mobile Safari/537.36 (compatible; Googlebot/2.1; +http://www.google.com/bot.html)"
66.249.64.169 - - [04/Jul/2026:11:55:45 +0200] "GET /?h=18154940561100 HTTP/1.1" 301 313 "-" "Mozilla/5.0 (Linux; Android 6.0.1; Nexus 5X Build/MMB29P) AppleWebKit/537.36 (KHTML, like Gecko) Chrome/150.0.7871.46 Mobile Safari/537.36 (compatible; Googlebot/2.1; +http://www.google.com/bot.html)"
66.249.64.171 - - [04/Jul/2026:11:55:46 +0200] "GET /index.php/?h=18154940561100 HTTP/1.1" 301 - "-" "Mozilla/5.0 (Linux; Android 6.0.1; Nexus 5X Build/MMB29P) AppleWebKit/537.36 (KHTML, like Gecko) Chrome/150.0.7871.46 Mobile Safari/537.36 (compatible; Googlebot/2.1; +http://www.google.com/bot.html)"
66.249.64.169 - - [04/Jul/2026:11:58:28 +0200] "GET /?h=40698568201100 HTTP/1.1" 301 313 "-" "Mozilla/5.0 (Linux; Android 6.0.1; Nexus 5X Build/MMB29P) AppleWebKit/537.36 (KHTML, like Gecko) Chrome/150.0.7871.46 Mobile Safari/537.36 (compatible; Googlebot/2.1; +http://www.google.com/bot.html)"
66.249.64.171 - - [04/Jul/2026:11:58:28 +0200] "GET /index.php/?h=40698568201100 HTTP/1.1" 301 - "-" "Mozilla/5.0 (Linux; Android 6.0.1; Nexus 5X Build/MMB29P) AppleWebKit/537.36 (KHTML, like Gecko) Chrome/150.0.7871.46 Mobile Safari/537.36 (compatible; Googlebot/2.1; +http://www.google.com/bot.html)"
66.249.64.170 - - [04/Jul/2026:11:58:50 +0200] "GET /?h=42056497081100 HTTP/1.1" 301 313 "-" "Mozilla/5.0 (Linux; Android 6.0.1; Nexus 5X Build/MMB29P) AppleWebKit/537.36 (KHTML, like Gecko) Chrome/150.0.7871.46 Mobile Safari/537.36 (compatible; Googlebot/2.1; +http://www.google.com/bot.html)"
66.249.64.170 - - [04/Jul/2026:11:58:51 +0200] "GET /index.php/?h=42056497081100 HTTP/1.1" 301 - "-" "Mozilla/5.0 (Linux; Android 6.0.1; Nexus 5X Build/MMB29P) AppleWebKit/537.36 (KHTML, like Gecko) Chrome/150.0.7871.46 Mobile Safari/537.36 (compatible; Googlebot/2.1; +http://www.google.com/bot.html)"
66.249.64.170 - - [04/Jul/2026:12:00:00 +0200] "GET /?h=29685534321100 HTTP/1.1" 301 313 "-" "Mozilla/5.0 (compatible; Googlebot/2.1; +http://www.google.com/bot.html)"
66.249.64.171 - - [04/Jul/2026:12:00:01 +0200] "GET /index.php/?h=29685534321100 HTTP/1.1" 301 - "-" "Mozilla/5.0 (compatible; Googlebot/2.1; +http://www.google.com/bot.html)"
65.108.235.243 - - [04/Jul/2026:12:01:19 +0200] "POST /wp-cron.php?doing_wp_cron=1783159279.5976619720458984375000 HTTP/1.1" 200 1 "-" "WordPress/7.0; https://verona.elettroservicegroup.it"
138.124.21.63 - - [04/Jul/2026:12:01:14 +0200] "HEAD /wp-admin/ HTTP/1.1" 302 - "-" "curl/7.88.1"
138.124.21.63 - - [04/Jul/2026:12:01:19 +0200] "HEAD /wp-login.php?redirect_to=https%3A%2F%2Fverona.elettroservicegroup.it%2Fwp-admin%2F&reauth=1 HTTP/1.1" 200 - "https://verona.elettroservicegroup.it/wp-admin/" "curl/7.88.1"
138.124.21.63 - - [04/Jul/2026:12:01:20 +0200] "GET /wp-admin/admin.php?page=wc-orders HTTP/1.1" 403 2569 "-" "curl/8.6.0"
138.124.21.63 - - [04/Jul/2026:12:01:20 +0200] "GET /wp-admin/edit.php?post_type=shop_order HTTP/1.1" 500 2562 "-" "curl/8.6.0"
138.124.21.63 - - [04/Jul/2026:12:01:21 +0200] "GET /wp-admin/admin.php?page=wc-reports&range=year HTTP/1.1" 403 2569 "-" "curl/7.88.1"
138.124.21.63 - - [04/Jul/2026:12:01:23 +0200] "GET /wp-admin/admin.php?page=wc-reports&range=last_month HTTP/1.1" 403 2569 "-" "curl/7.88.1"
138.124.21.63 - - [04/Jul/2026:12:01:24 +0200] "GET /wp-admin/admin.php?page=wc-reports&range=month HTTP/1.1" 403 2569 "-" "curl/8.6.0"
65.108.235.243 - - [04/Jul/2026:12:01:26 +0200] "POST /wp-cron.php?doing_wp_cron=1783159286.5922470092773437500000 HTTP/1.1" 200 1 "-" "WordPress/7.0; https://verona.elettroservicegroup.it"
138.124.21.63 - - [04/Jul/2026:12:01:25 +0200] "GET /wp-login.php HTTP/1.1" 200 3480 "-" "curl/8.6.0"
138.124.21.63 - - [04/Jul/2026:12:01:26 +0200] "POST /wp-login.php HTTP/1.1" 302 - "https://verona.elettroservicegroup.it/wp-login.php" "Wget/1.21.4"
66.249.64.169 - - [04/Jul/2026:12:01:30 +0200] "GET /?h=11894075881100 HTTP/1.1" 301 313 "-" "Mozilla/5.0 (Linux; Android 6.0.1; Nexus 5X Build/MMB29P) AppleWebKit/537.36 (KHTML, like Gecko) Chrome/150.0.7871.46 Mobile Safari/537.36 (compatible; Googlebot/2.1; +http://www.google.com/bot.html)"
138.124.21.63 - - [04/Jul/2026:12:01:28 +0200] "GET /wp-admin/ HTTP/1.1" 200 92232 "https://verona.elettroservicegroup.it/wp-login.php" "Wget/1.21.4"
66.249.64.170 - - [04/Jul/2026:12:01:31 +0200] "GET /index.php/?h=11894075881100 HTTP/1.1" 301 - "-" "Mozilla/5.0 (Linux; Android 6.0.1; Nexus 5X Build/MMB29P) AppleWebKit/537.36 (KHTML, like Gecko) Chrome/150.0.7871.46 Mobile Safari/537.36 (compatible; Googlebot/2.1; +http://www.google.com/bot.html)"
138.124.21.63 - - [04/Jul/2026:12:01:30 +0200] "GET /wp-admin/admin.php?page=wc-orders HTTP/1.1" 403 2569 "-" "Wget/1.21.4"
138.124.21.63 - - [04/Jul/2026:12:01:30 +0200] "GET /wp-admin/edit.php?post_type=shop_order HTTP/1.1" 500 2562 "-" "Wget/1.21.4"
138.124.21.63 - - [04/Jul/2026:12:01:32 +0200] "GET /wp-admin/admin.php?page=wc-reports&range=year HTTP/1.1" 403 2569 "-" "Wget/1.21.4"
138.124.21.63 - - [04/Jul/2026:12:01:34 +0200] "GET /wp-admin/admin.php?page=wc-reports&range=last_month HTTP/1.1" 403 2569 "-" "curl/7.88.1"
138.124.21.63 - - [04/Jul/2026:12:01:36 +0200] "GET /wp-admin/admin.php?page=wc-reports&range=month HTTP/1.1" 403 2569 "-" "Wget/1.21.4"
91.147.117.245 - - [04/Jul/2026:12:01:42 +0200] "HEAD /wp-admin/ HTTP/1.1" 200 - "-" "Wget/1.21.4"
91.147.117.245 - - [04/Jul/2026:12:01:42 +0200] "GET /wp-admin/admin.php?page=wc-orders HTTP/1.1" 200 11783 "-" "Wget/1.21.4"
91.147.117.245 - - [04/Jul/2026:12:01:42 +0200] "GET /wp-admin/edit.php?post_type=shop_order HTTP/1.1" 200 11788 "-" "Wget/1.21.4"
91.147.117.245 - - [04/Jul/2026:12:01:42 +0200] "GET /wp-admin/admin.php?page=wc-reports&range=year HTTP/1.1" 200 11879 "-" "curl/8.6.0"
91.147.117.245 - - [04/Jul/2026:12:01:42 +0200] "GET /wp-admin/admin.php?page=wc-reports&range=last_month HTTP/1.1" 200 11804 "-" "curl/7.88.1"
91.147.117.245 - - [04/Jul/2026:12:01:43 +0200] "GET /wp-admin/admin.php?page=wc-reports&range=month HTTP/1.1" 200 11722 "-" "curl/7.88.1"
91.147.117.245 - - [04/Jul/2026:12:01:43 +0200] "GET /wp-login.php HTTP/1.1" 200 11678 "-" "curl/7.88.1"
91.147.117.245 - - [04/Jul/2026:12:01:43 +0200] "POST /wp-login.php HTTP/1.1" 200 11678 "https://verona.elettroservicegroup.it/wp-login.php" "curl/7.88.1"
66.249.64.171 - - [04/Jul/2026:12:02:37 +0200] "GET /?h=7464372641100 HTTP/1.1" 301 312 "-" "Mozilla/5.0 (compatible; Googlebot/2.1; +http://www.google.com/bot.html)"
66.249.64.170 - - [04/Jul/2026:12:02:37 +0200] "GET /index.php/?h=7464372641100 HTTP/1.1" 301 - "-" "Mozilla/5.0 (compatible; Googlebot/2.1; +http://www.google.com/bot.html)"
66.249.64.169 - - [04/Jul/2026:12:05:55 +0200] "GET /productSearch/pictureSearch?id=36267716121100 HTTP/1.1" 301 314 "-" "Mozilla/5.0 (Linux; Android 6.0.1; Nexus 5X Build/MMB29P) AppleWebKit/537.36 (KHTML, like Gecko) Chrome/150.0.7871.46 Mobile Safari/537.36 (compatible; Googlebot/2.1; +http://www.google.com/bot.html)"
66.249.64.170 - - [04/Jul/2026:12:05:56 +0200] "GET /index.php/?id=36267716121100 HTTP/1.1" 301 - "-" "Mozilla/5.0 (Linux; Android 6.0.1; Nexus 5X Build/MMB29P) AppleWebKit/537.36 (KHTML, like Gecko) Chrome/150.0.7871.46 Mobile Safari/537.36 (compatible; Googlebot/2.1; +http://www.google.com/bot.html)"
66.249.64.169 - - [04/Jul/2026:12:08:10 +0200] "GET /?h=22233800001100 HTTP/1.1" 301 313 "-" "Mozilla/5.0 (compatible; Googlebot/2.1; +http://www.google.com/bot.html)"
66.249.64.170 - - [04/Jul/2026:12:08:10 +0200] "GET /index.php/?h=22233800001100 HTTP/1.1" 301 - "-" "Mozilla/5.0 (compatible; Googlebot/2.1; +http://www.google.com/bot.html)"
66.249.64.170 - - [04/Jul/2026:12:09:25 +0200] "GET /?h=7670835601100 HTTP/1.1" 301 312 "-" "Mozilla/5.0 (Linux; Android 6.0.1; Nexus 5X Build/MMB29P) AppleWebKit/537.36 (KHTML, like Gecko) Chrome/150.0.7871.46 Mobile Safari/537.36 (compatible; Googlebot/2.1; +http://www.google.com/bot.html)"
66.249.64.170 - - [04/Jul/2026:12:09:25 +0200] "GET /index.php/?h=7670835601100 HTTP/1.1" 301 - "-" "Mozilla/5.0 (Linux; Android 6.0.1; Nexus 5X Build/MMB29P) AppleWebKit/537.36 (KHTML, like Gecko) Chrome/150.0.7871.46 Mobile Safari/537.36 (compatible; Googlebot/2.1; +http://www.google.com/bot.html)"
103.221.208.26 - - [04/Jul/2026:12:10:34 +0200] "GET / HTTP/1.1" 301 - "-" "Mozilla/5.0"
66.249.64.171 - - [04/Jul/2026:12:10:38 +0200] "GET /?h=35332426081100 HTTP/1.1" 301 313 "-" "Mozilla/5.0 (compatible; Googlebot/2.1; +http://www.google.com/bot.html)"
66.249.64.171 - - [04/Jul/2026:12:10:38 +0200] "GET /index.php/?h=35332426081100 HTTP/1.1" 301 - "-" "Mozilla/5.0 (compatible; Googlebot/2.1; +http://www.google.com/bot.html)"
66.249.64.169 - - [04/Jul/2026:12:10:38 +0200] "GET /?h=35332426081100 HTTP/1.1" 301 313 "-" "Mozilla/5.0 (Linux; Android 6.0.1; Nexus 5X Build/MMB29P) AppleWebKit/537.36 (KHTML, like Gecko) Chrome/150.0.7871.46 Mobile Safari/537.36 (compatible; Googlebot/2.1; +http://www.google.com/bot.html)"
66.249.64.171 - - [04/Jul/2026:12:10:39 +0200] "GET /index.php/?h=35332426081100 HTTP/1.1" 301 - "-" "Mozilla/5.0 (Linux; Android 6.0.1; Nexus 5X Build/MMB29P) AppleWebKit/537.36 (KHTML, like Gecko) Chrome/150.0.7871.46 Mobile Safari/537.36 (compatible; Googlebot/2.1; +http://www.google.com/bot.html)"
66.249.64.171 - - [04/Jul/2026:12:12:38 +0200] "GET /?h=33756665201100 HTTP/1.1" 301 313 "-" "Mozilla/5.0 (compatible; Googlebot/2.1; +http://www.google.com/bot.html)"
66.249.64.170 - - [04/Jul/2026:12:12:38 +0200] "GET /index.php/?h=33756665201100 HTTP/1.1" 301 - "-" "Mozilla/5.0 (compatible; Googlebot/2.1; +http://www.google.com/bot.html)"
66.249.64.169 - - [04/Jul/2026:12:14:40 +0200] "GET /?h=16721158401100 HTTP/1.1" 301 313 "-" "Mozilla/5.0 (compatible; Googlebot/2.1; +http://www.google.com/bot.html)"
66.249.64.169 - - [04/Jul/2026:12:14:41 +0200] "GET /index.php/?h=16721158401100 HTTP/1.1" 301 - "-" "Mozilla/5.0 (compatible; Googlebot/2.1; +http://www.google.com/bot.html)"
66.249.64.171 - - [04/Jul/2026:12:16:05 +0200] "GET /?h=41165146441100 HTTP/1.1" 301 313 "-" "Mozilla/5.0 (Linux; Android 6.0.1; Nexus 5X Build/MMB29P) AppleWebKit/537.36 (KHTML, like Gecko) Chrome/150.0.7871.46 Mobile Safari/537.36 (compatible; Googlebot/2.1; +http://www.google.com/bot.html)"
66.249.64.171 - - [04/Jul/2026:12:16:05 +0200] "GET /index.php/?h=41165146441100 HTTP/1.1" 301 - "-" "Mozilla/5.0 (Linux; Android 6.0.1; Nexus 5X Build/MMB29P) AppleWebKit/537.36 (KHTML, like Gecko) Chrome/150.0.7871.46 Mobile Safari/537.36 (compatible; Googlebot/2.1; +http://www.google.com/bot.html)"
31.25.238.47 - - [04/Jul/2026:12:17:01 +0200] "GET /18486-2/ HTTP/1.1" 200 11799 "https://verona.elettroservicegroup.it/" "Mozilla/5.0 (Windows NT 10.0; Win64; x64) AppleWebKit/537.36 (KHTML, like Gecko) Chrome/133.0.6943.141 Safari/537.36"
47.128.23.246 - - [04/Jul/2026:12:17:34 +0200] "GET /robots.txt HTTP/1.1" 301 - "-" "Mozilla/5.0 (Linux; Android 5.0) AppleWebKit/537.36 (KHTML, like Gecko) Mobile Safari/537.36 (compatible; Bytespider; spider-feedback@bytedance.com)"
66.249.64.170 - - [04/Jul/2026:12:18:16 +0200] "GET /?h=12112847841100 HTTP/1.1" 301 313 "-" "Mozilla/5.0 (Linux; Android 6.0.1; Nexus 5X Build/MMB29P) AppleWebKit/537.36 (KHTML, like Gecko) Chrome/150.0.7871.46 Mobile Safari/537.36 (compatible; Googlebot/2.1; +http://www.google.com/bot.html)"
66.249.64.171 - - [04/Jul/2026:12:18:17 +0200] "GET /index.php/?h=12112847841100 HTTP/1.1" 301 - "-" "Mozilla/5.0 (Linux; Android 6.0.1; Nexus 5X Build/MMB29P) AppleWebKit/537.36 (KHTML, like Gecko) Chrome/150.0.7871.46 Mobile Safari/537.36 (compatible; Googlebot/2.1; +http://www.google.com/bot.html)"
66.249.64.169 - - [04/Jul/2026:12:18:42 +0200] "GET /shop/sold?id=top10288385481100 HTTP/1.1" 301 317 "-" "Mozilla/5.0 (Linux; Android 6.0.1; Nexus 5X Build/MMB29P) AppleWebKit/537.36 (KHTML, like Gecko) Chrome/150.0.7871.46 Mobile Safari/537.36 (compatible; Googlebot/2.1; +http://www.google.com/bot.html)"
66.249.64.169 - - [04/Jul/2026:12:18:42 +0200] "GET /index.php/?id=top10288385481100 HTTP/1.1" 301 - "-" "Mozilla/5.0 (Linux; Android 6.0.1; Nexus 5X Build/MMB29P) AppleWebKit/537.36 (KHTML, like Gecko) Chrome/150.0.7871.46 Mobile Safari/537.36 (compatible; Googlebot/2.1; +http://www.google.com/bot.html)"
66.249.64.169 - - [04/Jul/2026:12:19:44 +0200] "GET /?h=19094721521100 HTTP/1.1" 301 313 "-" "Mozilla/5.0 (compatible; Googlebot/2.1; +http://www.google.com/bot.html)"
66.249.64.171 - - [04/Jul/2026:12:19:44 +0200] "GET /index.php/?h=19094721521100 HTTP/1.1" 301 - "-" "Mozilla/5.0 (compatible; Googlebot/2.1; +http://www.google.com/bot.html)"
66.249.64.169 - - [04/Jul/2026:12:19:59 +0200] "GET /?h=28699292481100 HTTP/1.1" 301 313 "-" "Mozilla/5.0 (compatible; Googlebot/2.1; +http://www.google.com/bot.html)"
66.249.64.169 - - [04/Jul/2026:12:19:59 +0200] "GET /index.php/?h=28699292481100 HTTP/1.1" 301 - "-" "Mozilla/5.0 (compatible; Googlebot/2.1; +http://www.google.com/bot.html)"
66.249.64.169 - - [04/Jul/2026:12:20:45 +0200] "GET /?h=37558892921100 HTTP/1.1" 301 313 "-" "Mozilla/5.0 (Linux; Android 6.0.1; Nexus 5X Build/MMB29P) AppleWebKit/537.36 (KHTML, like Gecko) Chrome/150.0.7871.46 Mobile Safari/537.36 (compatible; Googlebot/2.1; +http://www.google.com/bot.html)"
66.249.64.170 - - [04/Jul/2026:12:20:45 +0200] "GET /?h=37558892921100 HTTP/1.1" 301 313 "-" "Mozilla/5.0 (compatible; Googlebot/2.1; +http://www.google.com/bot.html)"
66.249.64.169 - - [04/Jul/2026:12:20:45 +0200] "GET /index.php/?h=37558892921100 HTTP/1.1" 301 - "-" "Mozilla/5.0 (compatible; Googlebot/2.1; +http://www.google.com/bot.html)"
66.249.64.171 - - [04/Jul/2026:12:20:45 +0200] "GET /index.php/?h=37558892921100 HTTP/1.1" 301 - "-" "Mozilla/5.0 (Linux; Android 6.0.1; Nexus 5X Build/MMB29P) AppleWebKit/537.36 (KHTML, like Gecko) Chrome/150.0.7871.46 Mobile Safari/537.36 (compatible; Googlebot/2.1; +http://www.google.com/bot.html)"
65.108.235.243 - - [04/Jul/2026:12:23:42 +0200] "POST /wp-cron.php?doing_wp_cron=1783160622.0288469791412353515625 HTTP/1.1" 200 1 "-" "WordPress/7.0; https://verona.elettroservicegroup.it"
169.224.17.17 - - [04/Jul/2026:12:23:35 +0200] "POST /wp-login.php HTTP/1.1" 302 - "-" "Mozilla/5.0 (Windows NT 10.0; Win64; x64) AppleWebKit/537.36 (KHTML, like Gecko) Chrome/124.0 Safari/537.36"
65.108.235.243 - - [04/Jul/2026:12:23:43 +0200] "GET / HTTP/1.1" 301 296 "-" "WP Fastest Cache Preload Bot"
65.108.235.243 - - [04/Jul/2026:12:23:44 +0200] "GET /index.php/ HTTP/1.1" 301 - "-" "WP Fastest Cache Preload Bot"
169.224.17.17 - - [04/Jul/2026:12:23:42 +0200] "GET /wp-admin/admin-ajax.php?action=rest-nonce HTTP/1.1" 200 10 "-" "Mozilla/5.0 (Windows NT 10.0; Win64; x64) AppleWebKit/537.36 (KHTML, like Gecko) Chrome/124.0 Safari/537.36"
169.224.17.17 - - [04/Jul/2026:12:23:45 +0200] "POST /wp-json/wp/v2/posts HTTP/1.1" 301 296 "-" "Mozilla/5.0 (Windows NT 10.0; Win64; x64) AppleWebKit/537.36 (KHTML, like Gecko) Chrome/124.0 Safari/537.36"
66.249.64.169 - - [04/Jul/2026:12:23:49 +0200] "GET /productSearch/pictureSearch?id=42466200281100 HTTP/1.1" 301 314 "-" "Mozilla/5.0 (Linux; Android 6.0.1; Nexus 5X Build/MMB29P) AppleWebKit/537.36 (KHTML, like Gecko) Chrome/150.0.7871.46 Mobile Safari/537.36 (compatible; Googlebot/2.1; +http://www.google.com/bot.html)"
66.249.64.169 - - [04/Jul/2026:12:23:49 +0200] "GET /index.php/?id=42466200281100 HTTP/1.1" 301 - "-" "Mozilla/5.0 (Linux; Android 6.0.1; Nexus 5X Build/MMB29P) AppleWebKit/537.36 (KHTML, like Gecko) Chrome/150.0.7871.46 Mobile Safari/537.36 (compatible; Googlebot/2.1; +http://www.google.com/bot.html)"
66.249.64.171 - - [04/Jul/2026:12:24:44 +0200] "GET /?h=8749626201100 HTTP/1.1" 301 312 "-" "Mozilla/5.0 (compatible; Googlebot/2.1; +http://www.google.com/bot.html)"
66.249.64.169 - - [04/Jul/2026:12:24:44 +0200] "GET /index.php/?h=8749626201100 HTTP/1.1" 301 - "-" "Mozilla/5.0 (compatible; Googlebot/2.1; +http://www.google.com/bot.html)"
66.249.64.169 - - [04/Jul/2026:12:25:09 +0200] "GET /?h=26520226481100 HTTP/1.1" 301 313 "-" "Mozilla/5.0 (Linux; Android 6.0.1; Nexus 5X Build/MMB29P) AppleWebKit/537.36 (KHTML, like Gecko) Chrome/150.0.7871.46 Mobile Safari/537.36 (compatible; Googlebot/2.1; +http://www.google.com/bot.html)"
66.249.64.171 - - [04/Jul/2026:12:25:10 +0200] "GET /index.php/?h=26520226481100 HTTP/1.1" 301 - "-" "Mozilla/5.0 (Linux; Android 6.0.1; Nexus 5X Build/MMB29P) AppleWebKit/537.36 (KHTML, like Gecko) Chrome/150.0.7871.46 Mobile Safari/537.36 (compatible; Googlebot/2.1; +http://www.google.com/bot.html)"
140.238.254.59 - - [04/Jul/2026:12:27:00 +0200] "POST / HTTP/1.1" 301 - "-" "Mozilla/5.0 (Windows NT 10.0; Win64; x64) AppleWebKit/537.36 (KHTML, like Gecko) Chrome/60.0.3112.113 Safari/537.36 Assetnote/1.0.0"
140.238.254.59 - - [04/Jul/2026:12:27:01 +0200] "HEAD / HTTP/1.1" 301 - "-" "python-requests/2.31.0"
103.76.241.189 - - [04/Jul/2026:12:29:38 +0200] "POST /wp-login.php HTTP/1.1" 301 - "-" "Mozilla/5.0 (Windows NT 10.0; Win64; x64) AppleWebKit/537.36 (KHTML, like Gecko) Chrome/124.0 Safari/537.36"
65.108.235.243 - - [04/Jul/2026:12:29:48 +0200] "POST /wp-cron.php?doing_wp_cron=1783160988.2957229614257812500000 HTTP/1.1" 200 1 "-" "WordPress/7.0; https://verona.elettroservicegroup.it"
181.80.7.138 - - [04/Jul/2026:12:29:41 +0200] "POST /wp-login.php HTTP/1.1" 302 - "-" "Mozilla/5.0 (Windows NT 10.0; Win64; x64) AppleWebKit/537.36 (KHTML, like Gecko) Chrome/124.0 Safari/537.36"
65.108.235.243 - - [04/Jul/2026:12:29:50 +0200] "POST /wp-json/complianz/v1/wsc-scan HTTP/1.1" 301 296 "-" "WordPress/7.0; https://verona.elettroservicegroup.it"
65.108.235.243 - - [04/Jul/2026:12:29:50 +0200] "POST /index.php/ HTTP/1.1" 301 - "-" "WordPress/7.0; https://verona.elettroservicegroup.it"
181.80.7.138 - - [04/Jul/2026:12:29:50 +0200] "GET /wp-admin/admin-ajax.php?action=rest-nonce HTTP/1.1" 200 10 "-" "Mozilla/5.0 (Windows NT 10.0; Win64; x64) AppleWebKit/537.36 (KHTML, like Gecko) Chrome/124.0 Safari/537.36"
181.80.7.138 - - [04/Jul/2026:12:29:55 +0200] "POST /wp-json/wp/v2/posts HTTP/1.1" 301 296 "-" "Mozilla/5.0 (Windows NT 10.0; Win64; x64) AppleWebKit/537.36 (KHTML, like Gecko) Chrome/124.0 Safari/537.36"
66.249.64.171 - - [04/Jul/2026:12:30:46 +0200] "GET /?h=5163052161100 HTTP/1.1" 301 312 "-" "Mozilla/5.0 (compatible; Googlebot/2.1; +http://www.google.com/bot.html)"
66.249.64.170 - - [04/Jul/2026:12:30:46 +0200] "GET /index.php/?h=5163052161100 HTTP/1.1" 301 - "-" "Mozilla/5.0 (compatible; Googlebot/2.1; +http://www.google.com/bot.html)"
34.101.235.135 - - [04/Jul/2026:12:31:08 +0200] "GET /v1/.git/config HTTP/1.1" 301 - "-" "Mozilla/5.0 (Windows NT 10.0; Win64; x64) AppleWebKit/537.36 (KHTML, like Gecko) Chrome/66.0.3359.139 Safari/537.36"
34.101.235.135 - - [04/Jul/2026:12:31:08 +0200] "GET /frontend/.git/config HTTP/1.1" 301 - "-" "Mozilla/5.0 (iPhone; CPU iPhone OS 9_1 like Mac OS X) AppleWebKit/601.1.46 (KHTML, like Gecko) Version/9.0 Mobile/13B143 Safari/601.1"
34.101.235.135 - - [04/Jul/2026:12:31:08 +0200] "GET /htdocs/.git/config HTTP/1.1" 301 - "-" "Mozilla/5.0 (Linux; Android 4.4.2; GT-N8000) AppleWebKit/537.36 (KHTML, like Gecko) Chrome/71.0.3578.99 Safari/537.36"
34.101.235.135 - - [04/Jul/2026:12:31:08 +0200] "GET /src/.git/config HTTP/1.1" 301 - "-" "Mozilla/5.0 (Windows NT 10.0; WOW64) AppleWebKit/537.36 (KHTML, like Gecko) Chrome/48.0.2564.116 UBrowser/5.6.13705.206 Safari/537.36"
34.101.235.135 - - [04/Jul/2026:12:31:08 +0200] "GET /backend/.git/config HTTP/1.1" 301 - "-" "Mozilla/5.0 (Linux; U; Android 3.0; en-us; Xoom Build/HRI39) AppleWebKit/525.10 (KHTML, like Gecko) Version/3.0.4 Mobile Safari/523.12.2"
34.101.235.135 - - [04/Jul/2026:12:31:08 +0200] "GET /wordpress/.git/config HTTP/1.1" 301 - "-" "Python-urllib/2.5"
34.101.235.135 - - [04/Jul/2026:12:31:08 +0200] "GET /wp-content/.git/config HTTP/1.1" 301 - "-" "Mozilla/5.0 (Windows NT 10.0; Win64; x64) AppleWebKit/537.36 (KHTML, like Gecko) Chrome/49.0.2623.75 Safari/537.36"
34.101.235.135 - - [04/Jul/2026:12:31:08 +0200] "GET /site/.git/config HTTP/1.1" 301 - "-" "Mozilla/5.0 (Windows NT 6.1) AppleWebKit/537.36 (KHTML, like Gecko) Chrome/73.0.3683.103 Safari/537.36"
34.101.235.135 - - [04/Jul/2026:12:31:08 +0200] "GET /code/.git/config HTTP/1.1" 301 - "-" "Mozilla/5.0 (X11; U; Linux x86_64; en-US; rv:1.9.1.17) Gecko/20110123 SeaMonkey/2.0.12"
34.101.235.135 - - [04/Jul/2026:12:31:08 +0200] "GET /dashboard/.git/config HTTP/1.1" 301 - "-" "Mozilla/5.0 (Linux; U; Android 1.5; en-us; htc_bahamas Build/CRB17) AppleWebKit/528.5 (KHTML, like Gecko) Version/3.1.2 Mobile Safari/525.20.1"
34.101.235.135 - - [04/Jul/2026:12:31:08 +0200] "GET /project/.git/config HTTP/1.1" 301 - "-" "Mozilla/5.0 (Linux; Android 8.0.0; moto e5 cruise Build/OCPS27.91-157-12) AppleWebKit/537.36 (KHTML, like Gecko) Chrome/68.0.3440.91 Mobile Safari/537.36"
34.101.235.135 - - [04/Jul/2026:12:31:08 +0200] "GET /web/.git/config HTTP/1.1" 301 - "-" "Mozilla/5.0 (Macintosh; Intel Mac OS X 10_14_2) AppleWebKit/537.36 (KHTML, like Gecko) Chrome/74.0.3729.157 Safari/537.36"
34.101.235.135 - - [04/Jul/2026:12:31:08 +0200] "GET /build/.git/config HTTP/1.1" 301 - "-" "Mozilla/5.0 (X11; U; Linux; i686; en-US; rv:1.6) Gecko Epiphany/1.2.5"
34.101.235.135 - - [04/Jul/2026:12:31:08 +0200] "GET /assets/.git/config HTTP/1.1" 301 - "-" "Mozilla/5.0 (Linux; Android 4.4.2; LG-V410 Build/KOT49I.V41010d) AppleWebKit/537.36 (KHTML, like Gecko) Chrome/30.0.1599.103 Safari/537.36"
34.101.235.135 - - [04/Jul/2026:12:31:08 +0200] "GET /www/.git/config HTTP/1.1" 301 - "-" "Mozilla/5.0 (iPad; CPU OS 12_0 like Mac OS X) AppleWebKit/605.1.15 (KHTML, like Gecko) CriOS/76.0.3809.81 Mobile/15E148 Safari/605.1"
34.101.235.135 - - [04/Jul/2026:12:31:08 +0200] "GET /blog/.git/config HTTP/1.1" 301 - "-" "Mozilla/5.0 (X11; Linux x86_64) AppleWebKit/537.36 (KHTML, like Gecko) Chrome/73.0.3683.103 Safari/537.36 OPR/60.0.3255.59"
34.101.235.135 - - [04/Jul/2026:12:31:09 +0200] "GET /portal/.git/config HTTP/1.1" 301 - "-" "Mozilla/5.0 (Macintosh; Intel Mac OS X 10_14_0) AppleWebKit/537.36 (KHTML, like Gecko) Chrome/69.0.3497.100 Safari/537.36"
34.101.235.135 - - [04/Jul/2026:12:31:09 +0200] "GET /api/.git/config HTTP/1.1" 301 - "-" "SonyEricssonW850i/R1ED Browser/NetFront/3.3 Profile/MIDP-2.0 Configuration/CLDC-1.1"
34.101.235.135 - - [04/Jul/2026:12:31:09 +0200] "GET /public/.git/config HTTP/1.1" 301 - "-" "Mozilla/5.0 (iPhone; CPU iPhone OS 12_4 like Mac OS X) AppleWebKit/605.1.15 (KHTML, like Gecko) Mobile/15E148 MicroMessenger/7.0.3(0x17000321) NetType/WIFI Language/zh_CN"
34.101.235.135 - - [04/Jul/2026:12:31:09 +0200] "GET /html/.git/config HTTP/1.1" 301 - "-" "Mozilla/5.0 (iPad; CPU OS 8_4_1 like Mac OS X) AppleWebKit/600.1.4 (KHTML, like Gecko) Version/8.0 Mobile/12H321 Safari/600.1.4"
34.101.235.135 - - [04/Jul/2026:12:31:09 +0200] "GET /static/.git/config HTTP/1.1" 301 - "-" "Mozilla/5.0 (X11; OpenBSD amd64; rv:28.0) Gecko/20100101 Firefox/28.0"
34.101.235.135 - - [04/Jul/2026:12:31:09 +0200] "GET /laravel/.git/config HTTP/1.1" 301 - "-" "Mozilla/5.0 (Linux; Android 5.1.1; A37f Build/LMY47V) AppleWebKit/537.36 (KHTML, like Gecko) Chrome/66.0.3359.126 Mobile Safari/537.36"
34.101.235.135 - - [04/Jul/2026:12:31:09 +0200] "GET /shop/.git/config HTTP/1.1" 301 - "-" "Mozilla/2.0 (compatible; Ask Jeeves/Teoma)"
34.101.235.135 - - [04/Jul/2026:12:31:09 +0200] "GET /.git/config HTTP/1.1" 301 - "-" "Mozilla/5.0 (Windows NT 10.0; Win64; x64) AppleWebKit/537.36 (KHTML, like Gecko) Chrome/62.0.3191.0 Safari/537.36"
34.101.235.135 - - [04/Jul/2026:12:31:09 +0200] "GET /admin/.git/config HTTP/1.1" 301 - "-" "Mozilla/5.0 (Linux; Android 9; H3223) AppleWebKit/537.36 (KHTML, like Gecko) Chrome/76.0.3809.111 Mobile Safari/537.36"
34.101.235.135 - - [04/Jul/2026:12:31:09 +0200] "GET /dist/.git/config HTTP/1.1" 301 - "-" "Mozilla/5.0 (X11; Linux i686) AppleWebKit/537.36 (KHTML, like Gecko) Ubuntu Chromium/65.0.3325.181 Chrome/65.0.3325.181 Safari/537.36"
34.101.235.135 - - [04/Jul/2026:12:31:09 +0200] "GET /v2/.git/config HTTP/1.1" 301 - "-" "Mozilla/5.0 (Linux; Android 7.0; LGMS428) AppleWebKit/537.36 (KHTML, like Gecko) Chrome/76.0.3809.111 Mobile Safari/537.36"
34.101.235.135 - - [04/Jul/2026:12:31:09 +0200] "GET /symfony/.git/config HTTP/1.1" 301 - "-" "SEC-SGHX210/1.0 UP.Link/6.3.1.13.0"
34.101.235.135 - - [04/Jul/2026:12:31:09 +0200] "GET /v3/.git/config HTTP/1.1" 301 - "-" "Mozilla/5.0 (Linux; Android 9; ONEPLUS A6010) AppleWebKit/537.36 (KHTML, like Gecko) Chrome/76.0.3809.89 Mobile Safari/537.36"
34.101.235.135 - - [04/Jul/2026:12:31:09 +0200] "GET /app/.git/config HTTP/1.1" 301 - "-" "Mozilla/5.0 (Linux; Android 9; MI 8 Build/PKQ1.180729.001; wv) AppleWebKit/537.36 (KHTML, like Gecko) Version/4.0 Chrome/67.0.3396.87 XWEB/882 MMWEBSDK/190506 Mobile Safari/537.36 MMWEBID/409 MicroMessenger/7.0.6.1460(0x27000634) Process/tools NetType/WIFI Language/zh_CN"
34.62.3.233 - - [04/Jul/2026:12:31:33 +0200] "GET /wp-json/gravitysmtp/v1/tests/mock-data?page=gravitysmtp-settings HTTP/1.1" 301 326 "-" "Mozilla/5.0 (X11; U; Linux armv61; en-US; rv:1.9.1b2pre) Gecko/20081015 Fennec/1.0a1"
34.62.3.233 - - [04/Jul/2026:12:31:33 +0200] "GET /wp-json/gravitysmtp/v1/tests/mock-data HTTP/1.1" 301 300 "-" "Mozilla/5.0 (Windows NT 6.1; Win64; x64) AppleWebKit/537.36 (KHTML, like Gecko) Chrome/77.0.3835.0 Safari/537.36"
34.62.3.233 - - [04/Jul/2026:12:31:33 +0200] "GET /wp-json/gravitysmtp/v1/config HTTP/1.1" 301 300 "-" "Mozilla/5.0 (Linux; Android 9; RMX1805) AppleWebKit/537.36 (KHTML, like Gecko) Chrome/75.0.3770.143 Mobile Safari/537.36"
34.62.3.233 - - [04/Jul/2026:12:31:33 +0200] "GET /wp-json/gravitysmtp/v1/settings HTTP/1.1" 301 300 "-" "Mozilla/5.0 (X11; Linux x86_64) AppleWebKit/537.36 (KHTML like Gecko) Chrome/36.0.1985.125 Safari/537.36"
34.62.3.233 - - [04/Jul/2026:12:31:33 +0200] "GET /index.php/?page=gravitysmtp-settings HTTP/1.1" 301 - "https://www.verona.elettroservicegroup.it/wp-json/gravitysmtp/v1/tests/mock-data?page=gravitysmtp-settings" "Mozilla/5.0 (X11; U; Linux armv61; en-US; rv:1.9.1b2pre) Gecko/20081015 Fennec/1.0a1"
34.62.3.233 - - [04/Jul/2026:12:31:33 +0200] "GET /index.php/ HTTP/1.1" 301 - "https://www.verona.elettroservicegroup.it/wp-json/gravitysmtp/v1/tests/mock-data" "Mozilla/5.0 (Windows NT 6.1; Win64; x64) AppleWebKit/537.36 (KHTML, like Gecko) Chrome/77.0.3835.0 Safari/537.36"
34.62.3.233 - - [04/Jul/2026:12:31:33 +0200] "GET /index.php/ HTTP/1.1" 301 - "https://www.verona.elettroservicegroup.it/wp-json/gravitysmtp/v1/config" "Mozilla/5.0 (Linux; Android 9; RMX1805) AppleWebKit/537.36 (KHTML, like Gecko) Chrome/75.0.3770.143 Mobile Safari/537.36"
34.62.3.233 - - [04/Jul/2026:12:31:33 +0200] "GET /index.php/ HTTP/1.1" 301 - "https://www.verona.elettroservicegroup.it/wp-json/gravitysmtp/v1/settings" "Mozilla/5.0 (X11; Linux x86_64) AppleWebKit/537.36 (KHTML like Gecko) Chrome/36.0.1985.125 Safari/537.36"
34.62.3.233 - - [04/Jul/2026:12:31:33 +0200] "GET /wp-json/wp/v2/settings HTTP/1.1" 301 300 "-" "Mozilla/5.0 (Linux; Android 6.0.1; Redmi 4) AppleWebKit/537.36 (KHTML, like Gecko) Chrome/76.0.3809.111 Mobile Safari/537.36"
34.62.3.233 - - [04/Jul/2026:12:31:34 +0200] "GET /index.php/ HTTP/1.1" 301 - "https://www.verona.elettroservicegroup.it/wp-json/wp/v2/settings" "Mozilla/5.0 (Linux; Android 6.0.1; Redmi 4) AppleWebKit/537.36 (KHTML, like Gecko) Chrome/76.0.3809.111 Mobile Safari/537.36"
65.108.235.243 - - [04/Jul/2026:12:32:30 +0200] "POST /wp-cron.php?doing_wp_cron=1783161149.9068820476531982421875 HTTP/1.1" 200 1 "-" "WordPress/7.0; https://verona.elettroservicegroup.it"
138.124.21.63 - - [04/Jul/2026:12:32:22 +0200] "HEAD /wp-admin/ HTTP/1.1" 302 - "-" "Wget/1.21.4"
138.124.21.63 - - [04/Jul/2026:12:32:30 +0200] "HEAD /wp-login.php?redirect_to=https%3A%2F%2Fverona.elettroservicegroup.it%2Fwp-admin%2F&reauth=1 HTTP/1.1" 200 - "https://verona.elettroservicegroup.it/wp-admin/" "Wget/1.21.4"
138.124.21.63 - - [04/Jul/2026:12:32:31 +0200] "GET /wp-admin/admin.php?page=wc-orders HTTP/1.1" 403 2569 "-" "curl/8.6.0"
138.124.21.63 - - [04/Jul/2026:12:32:31 +0200] "GET /wp-admin/edit.php?post_type=shop_order HTTP/1.1" 500 2562 "-" "curl/8.6.0"
138.124.21.63 - - [04/Jul/2026:12:32:33 +0200] "GET /wp-admin/admin.php?page=wc-reports&range=year HTTP/1.1" 403 2569 "-" "Wget/1.21.4"
138.124.21.63 - - [04/Jul/2026:12:32:35 +0200] "GET /wp-admin/admin.php?page=wc-reports&range=last_month HTTP/1.1" 403 2569 "-" "Wget/1.21.4"
138.124.21.63 - - [04/Jul/2026:12:32:36 +0200] "GET /wp-admin/admin.php?page=wc-reports&range=month HTTP/1.1" 403 2569 "-" "curl/8.6.0"
138.124.21.63 - - [04/Jul/2026:12:32:37 +0200] "GET /wp-login.php HTTP/1.1" 200 3480 "-" "Wget/1.21.4"
138.124.21.63 - - [04/Jul/2026:12:32:38 +0200] "POST /wp-login.php HTTP/1.1" 302 - "https://verona.elettroservicegroup.it/wp-login.php" "curl/7.88.1"
138.124.21.63 - - [04/Jul/2026:12:32:40 +0200] "GET /wp-admin/ HTTP/1.1" 200 92237 "https://verona.elettroservicegroup.it/wp-login.php" "curl/7.88.1"
138.124.21.63 - - [04/Jul/2026:12:32:42 +0200] "GET /wp-admin/admin.php?page=wc-orders HTTP/1.1" 403 2569 "-" "Wget/1.21.4"
138.124.21.63 - - [04/Jul/2026:12:32:42 +0200] "GET /wp-admin/edit.php?post_type=shop_order HTTP/1.1" 500 2562 "-" "Wget/1.21.4"
138.124.21.63 - - [04/Jul/2026:12:32:44 +0200] "GET /wp-admin/admin.php?page=wc-reports&range=year HTTP/1.1" 403 2569 "-" "curl/7.88.1"
138.124.21.63 - - [04/Jul/2026:12:32:45 +0200] "GET /wp-admin/admin.php?page=wc-reports&range=last_month HTTP/1.1" 403 2569 "-" "curl/8.6.0"
138.124.21.63 - - [04/Jul/2026:12:32:47 +0200] "GET /wp-admin/admin.php?page=wc-reports&range=month HTTP/1.1" 403 2569 "-" "Wget/1.21.4"
66.249.64.169 - - [04/Jul/2026:12:34:11 +0200] "GET /?h=34483537761100 HTTP/1.1" 301 313 "-" "Mozilla/5.0 (Linux; Android 6.0.1; Nexus 5X Build/MMB29P) AppleWebKit/537.36 (KHTML, like Gecko) Chrome/150.0.7871.46 Mobile Safari/537.36 (compatible; Googlebot/2.1; +http://www.google.com/bot.html)"
66.249.64.169 - - [04/Jul/2026:12:34:11 +0200] "GET /index.php/?h=34483537761100 HTTP/1.1" 301 - "-" "Mozilla/5.0 (Linux; Android 6.0.1; Nexus 5X Build/MMB29P) AppleWebKit/537.36 (KHTML, like Gecko) Chrome/150.0.7871.46 Mobile Safari/537.36 (compatible; Googlebot/2.1; +http://www.google.com/bot.html)"
65.108.235.243 - - [04/Jul/2026:12:34:34 +0200] "POST /wp-cron.php?doing_wp_cron=1783161274.5035080909729003906250 HTTP/1.1" 200 1 "-" "WordPress/7.0; https://verona.elettroservicegroup.it"
85.64.209.244 - - [04/Jul/2026:12:34:29 +0200] "POST /wp-login.php HTTP/1.1" 302 - "-" "Mozilla/5.0 (Windows NT 10.0; Win64; x64) AppleWebKit/537.36 (KHTML, like Gecko) Chrome/124.0 Safari/537.36"
65.108.235.243 - - [04/Jul/2026:12:34:36 +0200] "GET / HTTP/1.1" 301 296 "-" "WP Fastest Cache Preload Bot"
65.108.235.243 - - [04/Jul/2026:12:34:36 +0200] "GET /index.php/ HTTP/1.1" 301 - "-" "WP Fastest Cache Preload Bot"
85.64.209.244 - - [04/Jul/2026:12:34:35 +0200] "GET /wp-admin/admin-ajax.php?action=rest-nonce HTTP/1.1" 200 10 "-" "Mozilla/5.0 (Windows NT 10.0; Win64; x64) AppleWebKit/537.36 (KHTML, like Gecko) Chrome/124.0 Safari/537.36"
85.64.209.244 - - [04/Jul/2026:12:34:38 +0200] "POST /wp-json/wp/v2/posts HTTP/1.1" 301 296 "-" "Mozilla/5.0 (Windows NT 10.0; Win64; x64) AppleWebKit/537.36 (KHTML, like Gecko) Chrome/124.0 Safari/537.36"
66.249.64.171 - - [04/Jul/2026:12:35:39 +0200] "GET /bags HTTP/1.1" 301 296 "-" "Mozilla/5.0 (Linux; Android 6.0.1; Nexus 5X Build/MMB29P) AppleWebKit/537.36 (KHTML, like Gecko) Chrome/150.0.7871.46 Mobile Safari/537.36 (compatible; Googlebot/2.1; +http://www.google.com/bot.html)"
66.249.64.170 - - [04/Jul/2026:12:35:40 +0200] "GET /index.php/ HTTP/1.1" 301 - "-" "Mozilla/5.0 (Linux; Android 6.0.1; Nexus 5X Build/MMB29P) AppleWebKit/537.36 (KHTML, like Gecko) Chrome/150.0.7871.46 Mobile Safari/537.36 (compatible; Googlebot/2.1; +http://www.google.com/bot.html)"
66.249.64.169 - - [04/Jul/2026:12:35:43 +0200] "GET /?h=36333020961100 HTTP/1.1" 301 313 "-" "Mozilla/5.0 (compatible; Googlebot/2.1; +http://www.google.com/bot.html)"
66.249.64.169 - - [04/Jul/2026:12:35:43 +0200] "GET /index.php/?h=36333020961100 HTTP/1.1" 301 - "-" "Mozilla/5.0 (compatible; Googlebot/2.1; +http://www.google.com/bot.html)"
66.249.64.171 - - [04/Jul/2026:12:36:42 +0200] "GET /?h=16196034081100 HTTP/1.1" 301 313 "-" "Mozilla/5.0 (compatible; Googlebot/2.1; +http://www.google.com/bot.html)"
66.249.64.170 - - [04/Jul/2026:12:36:42 +0200] "GET /index.php/?h=16196034081100 HTTP/1.1" 301 - "-" "Mozilla/5.0 (compatible; Googlebot/2.1; +http://www.google.com/bot.html)"
65.108.235.243 - - [04/Jul/2026:12:39:28 +0200] "POST /wp-cron.php?doing_wp_cron=1783161568.4047839641571044921875 HTTP/1.1" 200 1 "-" "WordPress/7.0; https://verona.elettroservicegroup.it"
45.172.110.240 - - [04/Jul/2026:12:39:22 +0200] "POST /wp-login.php HTTP/1.1" 302 - "-" "Mozilla/5.0 (Windows NT 10.0; Win64; x64) AppleWebKit/537.36 (KHTML, like Gecko) Chrome/124.0 Safari/537.36"
45.172.110.240 - - [04/Jul/2026:12:39:30 +0200] "GET /wp-admin/admin-ajax.php?action=rest-nonce HTTP/1.1" 200 10 "-" "Mozilla/5.0 (Windows NT 10.0; Win64; x64) AppleWebKit/537.36 (KHTML, like Gecko) Chrome/124.0 Safari/537.36"
45.172.110.240 - - [04/Jul/2026:12:39:34 +0200] "POST /wp-json/wp/v2/posts HTTP/1.1" 301 296 "-" "Mozilla/5.0 (Windows NT 10.0; Win64; x64) AppleWebKit/537.36 (KHTML, like Gecko) Chrome/124.0 Safari/537.36"
40.77.167.73 - - [04/Jul/2026:12:39:52 +0200] "GET /credit HTTP/2.0" 301 296 "-" "Mozilla/5.0 AppleWebKit/537.36 (KHTML, like Gecko; compatible; bingbot/2.0; +http://www.bing.com/bingbot.htm) Chrome/116.0.1938.76 Safari/537.36"
34.14.181.47 - - [04/Jul/2026:12:42:30 +0200] "GET / HTTP/2.0" 301 300 "-" "Mozilla/5.0 (X11; Linux x86_64) AppleWebKit/537.36 (KHTML, like Gecko) Chrome/124.0 Safari/537.36"
34.14.181.47 - - [04/Jul/2026:12:42:31 +0200] "GET /index.php/ HTTP/2.0" 301 - "https://www.verona.elettroservicegroup.it" "Mozilla/5.0 (X11; Linux x86_64) AppleWebKit/537.36 (KHTML, like Gecko) Chrome/124.0 Safari/537.36"
65.108.235.243 - - [04/Jul/2026:12:43:11 +0200] "POST /wp-cron.php?doing_wp_cron=1783161791.8030629158020019531250 HTTP/1.1" 200 1 "-" "WordPress/7.0; https://verona.elettroservicegroup.it"
190.114.33.19 - - [04/Jul/2026:12:43:06 +0200] "POST /wp-login.php HTTP/1.1" 302 - "-" "Mozilla/5.0 (Windows NT 10.0; Win64; x64) AppleWebKit/537.36 (KHTML, like Gecko) Chrome/124.0 Safari/537.36"
190.114.33.19 - - [04/Jul/2026:12:43:13 +0200] "GET /wp-admin/admin-ajax.php?action=rest-nonce HTTP/1.1" 200 10 "-" "Mozilla/5.0 (Windows NT 10.0; Win64; x64) AppleWebKit/537.36 (KHTML, like Gecko) Chrome/124.0 Safari/537.36"
190.114.33.19 - - [04/Jul/2026:12:43:18 +0200] "POST /wp-json/wp/v2/posts HTTP/1.1" 301 296 "-" "Mozilla/5.0 (Windows NT 10.0; Win64; x64) AppleWebKit/537.36 (KHTML, like Gecko) Chrome/124.0 Safari/537.36"
66.249.64.169 - - [04/Jul/2026:12:45:37 +0200] "GET /?h=5280472561100 HTTP/1.1" 301 312 "-" "Mozilla/5.0 (compatible; Googlebot/2.1; +http://www.google.com/bot.html)"
66.249.64.170 - - [04/Jul/2026:12:45:38 +0200] "GET /index.php/?h=5280472561100 HTTP/1.1" 301 - "-" "Mozilla/5.0 (compatible; Googlebot/2.1; +http://www.google.com/bot.html)"
66.249.64.171 - - [04/Jul/2026:12:47:28 +0200] "GET /?h=8789462601100 HTTP/1.1" 301 312 "-" "Mozilla/5.0 (compatible; Googlebot/2.1; +http://www.google.com/bot.html)"
66.249.64.169 - - [04/Jul/2026:12:47:28 +0200] "GET /index.php/?h=8789462601100 HTTP/1.1" 301 - "-" "Mozilla/5.0 (compatible; Googlebot/2.1; +http://www.google.com/bot.html)"
66.249.64.170 - - [04/Jul/2026:12:47:32 +0200] "GET /product/review/41594484361100 HTTP/1.1" 301 296 "-" "Mozilla/5.0 (Linux; Android 6.0.1; Nexus 5X Build/MMB29P) AppleWebKit/537.36 (KHTML, like Gecko) Chrome/150.0.7871.46 Mobile Safari/537.36 (compatible; Googlebot/2.1; +http://www.google.com/bot.html)"
66.249.64.171 - - [04/Jul/2026:12:48:47 +0200] "GET /?h=11312852361100 HTTP/1.1" 301 313 "-" "Mozilla/5.0 (Linux; Android 6.0.1; Nexus 5X Build/MMB29P) AppleWebKit/537.36 (KHTML, like Gecko) Chrome/150.0.7871.46 Mobile Safari/537.36 (compatible; Googlebot/2.1; +http://www.google.com/bot.html)"
66.249.64.169 - - [04/Jul/2026:12:48:47 +0200] "GET /index.php/?h=11312852361100 HTTP/1.1" 301 - "-" "Mozilla/5.0 (Linux; Android 6.0.1; Nexus 5X Build/MMB29P) AppleWebKit/537.36 (KHTML, like Gecko) Chrome/150.0.7871.46 Mobile Safari/537.36 (compatible; Googlebot/2.1; +http://www.google.com/bot.html)"
66.249.64.169 - - [04/Jul/2026:12:49:18 +0200] "GET /productSearch/pictureSearch?id=35156608801100 HTTP/1.1" 301 314 "-" "Mozilla/5.0 (Linux; Android 6.0.1; Nexus 5X Build/MMB29P) AppleWebKit/537.36 (KHTML, like Gecko) Chrome/150.0.7871.46 Mobile Safari/537.36 (compatible; Googlebot/2.1; +http://www.google.com/bot.html)"
66.249.64.169 - - [04/Jul/2026:12:49:18 +0200] "GET /index.php/?id=35156608801100 HTTP/1.1" 301 - "-" "Mozilla/5.0 (Linux; Android 6.0.1; Nexus 5X Build/MMB29P) AppleWebKit/537.36 (KHTML, like Gecko) Chrome/150.0.7871.46 Mobile Safari/537.36 (compatible; Googlebot/2.1; +http://www.google.com/bot.html)"
66.249.64.171 - - [04/Jul/2026:12:51:25 +0200] "GET /?h=34149031361100 HTTP/1.1" 301 313 "-" "Mozilla/5.0 (Linux; Android 6.0.1; Nexus 5X Build/MMB29P) AppleWebKit/537.36 (KHTML, like Gecko) Chrome/150.0.7871.46 Mobile Safari/537.36 (compatible; Googlebot/2.1; +http://www.google.com/bot.html)"
66.249.64.169 - - [04/Jul/2026:12:51:26 +0200] "GET /index.php/?h=34149031361100 HTTP/1.1" 301 - "-" "Mozilla/5.0 (Linux; Android 6.0.1; Nexus 5X Build/MMB29P) AppleWebKit/537.36 (KHTML, like Gecko) Chrome/150.0.7871.46 Mobile Safari/537.36 (compatible; Googlebot/2.1; +http://www.google.com/bot.html)"
66.249.64.171 - - [04/Jul/2026:12:52:04 +0200] "GET /?h=26382052361100 HTTP/1.1" 301 313 "-" "Mozilla/5.0 (compatible; Googlebot/2.1; +http://www.google.com/bot.html)"
66.249.64.169 - - [04/Jul/2026:12:52:05 +0200] "GET /index.php/?h=26382052361100 HTTP/1.1" 301 - "-" "Mozilla/5.0 (compatible; Googlebot/2.1; +http://www.google.com/bot.html)"
66.249.64.169 - - [04/Jul/2026:12:52:16 +0200] "GET /?h=18133440841100 HTTP/1.1" 301 313 "-" "Mozilla/5.0 (Linux; Android 6.0.1; Nexus 5X Build/MMB29P) AppleWebKit/537.36 (KHTML, like Gecko) Chrome/150.0.7871.46 Mobile Safari/537.36 (compatible; Googlebot/2.1; +http://www.google.com/bot.html)"
66.249.64.170 - - [04/Jul/2026:12:52:16 +0200] "GET /index.php/?h=18133440841100 HTTP/1.1" 301 - "-" "Mozilla/5.0 (Linux; Android 6.0.1; Nexus 5X Build/MMB29P) AppleWebKit/537.36 (KHTML, like Gecko) Chrome/150.0.7871.46 Mobile Safari/537.36 (compatible; Googlebot/2.1; +http://www.google.com/bot.html)"
66.249.64.169 - - [04/Jul/2026:12:52:42 +0200] "GET /?h=34358433561100 HTTP/1.1" 301 313 "-" "Mozilla/5.0 (compatible; Googlebot/2.1; +http://www.google.com/bot.html)"
66.249.64.169 - - [04/Jul/2026:12:52:42 +0200] "GET /index.php/?h=34358433561100 HTTP/1.1" 301 - "-" "Mozilla/5.0 (compatible; Googlebot/2.1; +http://www.google.com/bot.html)"
66.249.64.169 - - [04/Jul/2026:12:53:05 +0200] "GET /?h=392949121100 HTTP/1.1" 301 311 "-" "Mozilla/5.0 (compatible; Googlebot/2.1; +http://www.google.com/bot.html)"
