66.249.64.170 - - [03/Jul/2026:18:47:03 +0200] "GET /?h=15330748681100 HTTP/1.1" 301 313 "-" "Mozilla/5.0 (Linux; Android 6.0.1; Nexus 5X Build/MMB29P) AppleWebKit/537.36 (KHTML, like Gecko) Chrome/150.0.7871.46 Mobile Safari/537.36 (compatible; Googlebot/2.1; +http://www.google.com/bot.html)"
66.249.64.170 - - [03/Jul/2026:18:47:04 +0200] "GET /index.php/?h=15330748681100 HTTP/1.1" 301 - "-" "Mozilla/5.0 (Linux; Android 6.0.1; Nexus 5X Build/MMB29P) AppleWebKit/537.36 (KHTML, like Gecko) Chrome/150.0.7871.46 Mobile Safari/537.36 (compatible; Googlebot/2.1; +http://www.google.com/bot.html)"
66.249.64.171 - - [03/Jul/2026:18:49:49 +0200] "GET /?h=15539822641100 HTTP/1.1" 301 313 "-" "Mozilla/5.0 (Linux; Android 6.0.1; Nexus 5X Build/MMB29P) AppleWebKit/537.36 (KHTML, like Gecko) Chrome/150.0.7871.46 Mobile Safari/537.36 (compatible; Googlebot/2.1; +http://www.google.com/bot.html)"
66.249.64.170 - - [03/Jul/2026:18:49:49 +0200] "GET /index.php/?h=15539822641100 HTTP/1.1" 301 - "-" "Mozilla/5.0 (Linux; Android 6.0.1; Nexus 5X Build/MMB29P) AppleWebKit/537.36 (KHTML, like Gecko) Chrome/150.0.7871.46 Mobile Safari/537.36 (compatible; Googlebot/2.1; +http://www.google.com/bot.html)"
66.249.64.170 - - [03/Jul/2026:18:50:20 +0200] "GET /shop/sold?id=top37728011121100 HTTP/1.1" 301 317 "-" "Mozilla/5.0 (Linux; Android 6.0.1; Nexus 5X Build/MMB29P) AppleWebKit/537.36 (KHTML, like Gecko) Chrome/150.0.7871.46 Mobile Safari/537.36 (compatible; Googlebot/2.1; +http://www.google.com/bot.html)"
66.249.64.170 - - [03/Jul/2026:18:50:20 +0200] "GET /index.php/?id=top37728011121100 HTTP/1.1" 301 - "-" "Mozilla/5.0 (Linux; Android 6.0.1; Nexus 5X Build/MMB29P) AppleWebKit/537.36 (KHTML, like Gecko) Chrome/150.0.7871.46 Mobile Safari/537.36 (compatible; Googlebot/2.1; +http://www.google.com/bot.html)"
66.249.64.171 - - [03/Jul/2026:18:54:06 +0200] "GET /?h=41934108321100 HTTP/1.1" 301 313 "-" "Mozilla/5.0 (Linux; Android 6.0.1; Nexus 5X Build/MMB29P) AppleWebKit/537.36 (KHTML, like Gecko) Chrome/150.0.7871.46 Mobile Safari/537.36 (compatible; Googlebot/2.1; +http://www.google.com/bot.html)"
66.249.64.169 - - [03/Jul/2026:18:54:06 +0200] "GET /index.php/?h=41934108321100 HTTP/1.1" 301 - "-" "Mozilla/5.0 (Linux; Android 6.0.1; Nexus 5X Build/MMB29P) AppleWebKit/537.36 (KHTML, like Gecko) Chrome/150.0.7871.46 Mobile Safari/537.36 (compatible; Googlebot/2.1; +http://www.google.com/bot.html)"
34.63.108.38 - - [03/Jul/2026:18:54:10 +0200] "GET / HTTP/2.0" 301 296 "-" "Mozilla/5.0 (Macintosh; Intel Mac OS X 10_15_7) AppleWebKit/537.36 (KHTML, like Gecko) Chrome/136.0.7103.59 Safari/537.36"
34.63.108.38 - - [03/Jul/2026:18:54:10 +0200] "GET /index.php/ HTTP/2.0" 301 - "-" "Mozilla/5.0 (Macintosh; Intel Mac OS X 10_15_7) AppleWebKit/537.36 (KHTML, like Gecko) Chrome/136.0.7103.59 Safari/537.36"
89.249.51.24 - - [03/Jul/2026:18:56:36 +0200] "GET /?h=21988574881100 HTTP/1.1" 301 313 "-" "Mozilla/5.0 (Windows NT 10.0; Win64; x64) AppleWebKit/537.36 (KHTML, like Gecko) Chrome/139.0.0.0 Safari/537.36 Edg/139.0.0.0"
89.249.51.24 - - [03/Jul/2026:18:56:36 +0200] "GET /index.php/?h=21988574881100 HTTP/1.1" 301 - "-" "Mozilla/5.0 (Windows NT 10.0; Win64; x64) AppleWebKit/537.36 (KHTML, like Gecko) Chrome/139.0.0.0 Safari/537.36 Edg/139.0.0.0"
45.80.202.250 - - [03/Jul/2026:18:56:40 +0200] "GET /?h=21988574881100 HTTP/2.0" 301 313 "-" "Mozilla/5.0 (Windows NT 10.0; Win64; x64) AppleWebKit/537.36 (KHTML, like Gecko) Chrome/149.0.0.0 Safari/537.36"
161.123.243.111 - - [03/Jul/2026:18:56:40 +0200] "GET /?h=21988574881100 HTTP/2.0" 301 313 "-" "Mozilla/5.0 (Macintosh; Intel Mac OS X 10_15_7) AppleWebKit/537.36 (KHTML, like Gecko) Chrome/149.0.0.0 Safari/537.36"
80.96.91.159 - - [03/Jul/2026:18:56:40 +0200] "GET /?h=21988574881100 HTTP/2.0" 301 313 "-" "Mozilla/5.0 (Macintosh; Intel Mac OS X 10_15_7) AppleWebKit/537.36 (KHTML, like Gecko) Chrome/149.0.0.0 Safari/537.36"
45.80.202.250 - - [03/Jul/2026:18:56:40 +0200] "GET /index.php/?h=21988574881100 HTTP/2.0" 301 - "https://verona.elettroservicegroup.it/?h=21988574881100" "Mozilla/5.0 (Windows NT 10.0; Win64; x64) AppleWebKit/537.36 (KHTML, like Gecko) Chrome/149.0.0.0 Safari/537.36"
206.232.40.97 - - [03/Jul/2026:18:56:40 +0200] "GET /?h=21988574881100 HTTP/2.0" 301 313 "https://verona.elettroservicegroup.it/" "Mozilla/5.0 (Macintosh; Intel Mac OS X 10_15_7) AppleWebKit/605.1.15 (KHTML, like Gecko) Version/26.1 Safari/605.1.15"
45.136.8.223 - - [03/Jul/2026:18:56:40 +0200] "GET /?h=21988574881100 HTTP/2.0" 301 313 "-" "Mozilla/5.0 (Windows NT 10.0; Win64; x64) AppleWebKit/537.36 (KHTML, like Gecko) Chrome/149.0.0.0 Safari/537.36"
80.96.91.149 - - [03/Jul/2026:18:56:40 +0200] "GET /?h=21988574881100 HTTP/2.0" 301 313 "https://verona.elettroservicegroup.it/" "Mozilla/5.0 (Macintosh; Intel Mac OS X 10_15_7) AppleWebKit/605.1.15 (KHTML, like Gecko) Version/26.1 Safari/605.1.15"
80.96.91.198 - - [03/Jul/2026:18:56:40 +0200] "GET /?h=21988574881100 HTTP/2.0" 301 313 "-" "Mozilla/5.0 (Windows NT 10.0; Win64; x64) AppleWebKit/537.36 (KHTML, like Gecko) Chrome/149.0.0.0 Safari/537.36"
80.96.91.184 - - [03/Jul/2026:18:56:40 +0200] "GET /?h=21988574881100 HTTP/2.0" 301 313 "https://verona.elettroservicegroup.it/" "Mozilla/5.0 (Windows NT 10.0; Win64; x64) AppleWebKit/537.36 (KHTML, like Gecko) Chrome/149.0.0.0 Safari/537.36"
161.123.243.111 - - [03/Jul/2026:18:56:40 +0200] "GET /index.php/?h=21988574881100 HTTP/2.0" 301 - "https://verona.elettroservicegroup.it/?h=21988574881100" "Mozilla/5.0 (Macintosh; Intel Mac OS X 10_15_7) AppleWebKit/537.36 (KHTML, like Gecko) Chrome/149.0.0.0 Safari/537.36"
80.96.90.24 - - [03/Jul/2026:18:56:40 +0200] "GET /?h=21988574881100 HTTP/2.0" 301 313 "-" "Mozilla/5.0 (Windows NT 10.0; Win64; x64) AppleWebKit/537.36 (KHTML, like Gecko) Chrome/149.0.0.0 Safari/537.36"
206.232.40.97 - - [03/Jul/2026:18:56:40 +0200] "GET /index.php/?h=21988574881100 HTTP/2.0" 301 - "https://verona.elettroservicegroup.it/?h=21988574881100" "Mozilla/5.0 (Macintosh; Intel Mac OS X 10_15_7) AppleWebKit/605.1.15 (KHTML, like Gecko) Version/26.1 Safari/605.1.15"
80.96.91.159 - - [03/Jul/2026:18:56:40 +0200] "GET /index.php/?h=21988574881100 HTTP/2.0" 301 - "https://verona.elettroservicegroup.it/?h=21988574881100" "Mozilla/5.0 (Macintosh; Intel Mac OS X 10_15_7) AppleWebKit/537.36 (KHTML, like Gecko) Chrome/149.0.0.0 Safari/537.36"
195.231.45.198 - - [03/Jul/2026:18:56:40 +0200] "GET /?h=21988574881100 HTTP/2.0" 301 313 "https://verona.elettroservicegroup.it/" "Mozilla/5.0 (Macintosh; Intel Mac OS X 10_15_7) AppleWebKit/605.1.15 (KHTML, like Gecko) Version/26.1 Safari/605.1.15"
212.70.8.229 - - [03/Jul/2026:18:56:40 +0200] "GET /?h=21988574881100 HTTP/2.0" 301 313 "https://verona.elettroservicegroup.it/" "Mozilla/5.0 (Windows NT 10.0; Win64; x64) AppleWebKit/537.36 (KHTML, like Gecko) Chrome/149.0.0.0 Safari/537.36"
80.96.91.149 - - [03/Jul/2026:18:56:40 +0200] "GET /index.php/?h=21988574881100 HTTP/2.0" 301 - "https://verona.elettroservicegroup.it/?h=21988574881100" "Mozilla/5.0 (Macintosh; Intel Mac OS X 10_15_7) AppleWebKit/605.1.15 (KHTML, like Gecko) Version/26.1 Safari/605.1.15"
45.136.8.223 - - [03/Jul/2026:18:56:40 +0200] "GET /index.php/?h=21988574881100 HTTP/2.0" 301 - "https://verona.elettroservicegroup.it/?h=21988574881100" "Mozilla/5.0 (Windows NT 10.0; Win64; x64) AppleWebKit/537.36 (KHTML, like Gecko) Chrome/149.0.0.0 Safari/537.36"
80.96.91.184 - - [03/Jul/2026:18:56:40 +0200] "GET /index.php/?h=21988574881100 HTTP/2.0" 301 - "https://verona.elettroservicegroup.it/?h=21988574881100" "Mozilla/5.0 (Windows NT 10.0; Win64; x64) AppleWebKit/537.36 (KHTML, like Gecko) Chrome/149.0.0.0 Safari/537.36"
80.96.91.198 - - [03/Jul/2026:18:56:40 +0200] "GET /index.php/?h=21988574881100 HTTP/2.0" 301 - "https://verona.elettroservicegroup.it/?h=21988574881100" "Mozilla/5.0 (Windows NT 10.0; Win64; x64) AppleWebKit/537.36 (KHTML, like Gecko) Chrome/149.0.0.0 Safari/537.36"
80.96.90.24 - - [03/Jul/2026:18:56:40 +0200] "GET /index.php/?h=21988574881100 HTTP/2.0" 301 - "https://verona.elettroservicegroup.it/?h=21988574881100" "Mozilla/5.0 (Windows NT 10.0; Win64; x64) AppleWebKit/537.36 (KHTML, like Gecko) Chrome/149.0.0.0 Safari/537.36"
151.50.252.199 - - [03/Jul/2026:18:56:40 +0200] "GET /?h=21988574881100 HTTP/2.0" 301 313 "-" "Mozilla/5.0 (Macintosh; Intel Mac OS X 10_15_7) AppleWebKit/537.36 (KHTML, like Gecko) Chrome/149.0.0.0 Safari/537.36"
88.147.32.37 - - [03/Jul/2026:18:56:40 +0200] "GET /?h=21988574881100 HTTP/2.0" 301 313 "https://verona.elettroservicegroup.it/" "Mozilla/5.0 (Windows NT 10.0; Win64; x64) AppleWebKit/537.36 (KHTML, like Gecko) Chrome/149.0.0.0 Safari/537.36"
212.70.8.229 - - [03/Jul/2026:18:56:40 +0200] "GET /index.php/?h=21988574881100 HTTP/2.0" 301 - "https://verona.elettroservicegroup.it/?h=21988574881100" "Mozilla/5.0 (Windows NT 10.0; Win64; x64) AppleWebKit/537.36 (KHTML, like Gecko) Chrome/149.0.0.0 Safari/537.36"
195.231.45.198 - - [03/Jul/2026:18:56:40 +0200] "GET /index.php/?h=21988574881100 HTTP/2.0" 301 - "https://verona.elettroservicegroup.it/?h=21988574881100" "Mozilla/5.0 (Macintosh; Intel Mac OS X 10_15_7) AppleWebKit/605.1.15 (KHTML, like Gecko) Version/26.1 Safari/605.1.15"
151.50.252.199 - - [03/Jul/2026:18:56:40 +0200] "GET /index.php/?h=21988574881100 HTTP/2.0" 301 - "https://verona.elettroservicegroup.it/?h=21988574881100" "Mozilla/5.0 (Macintosh; Intel Mac OS X 10_15_7) AppleWebKit/537.36 (KHTML, like Gecko) Chrome/149.0.0.0 Safari/537.36"
88.147.32.37 - - [03/Jul/2026:18:56:40 +0200] "GET /index.php/?h=21988574881100 HTTP/2.0" 301 - "https://verona.elettroservicegroup.it/?h=21988574881100" "Mozilla/5.0 (Windows NT 10.0; Win64; x64) AppleWebKit/537.36 (KHTML, like Gecko) Chrome/149.0.0.0 Safari/537.36"
79.49.255.204 - - [03/Jul/2026:18:56:41 +0200] "GET /?h=21988574881100 HTTP/2.0" 301 313 "-" "Mozilla/5.0 (Windows NT 10.0; Win64; x64) AppleWebKit/537.36 (KHTML, like Gecko) Chrome/149.0.0.0 Safari/537.36"
79.49.255.204 - - [03/Jul/2026:18:56:41 +0200] "GET /index.php/?h=21988574881100 HTTP/2.0" 301 - "https://verona.elettroservicegroup.it/?h=21988574881100" "Mozilla/5.0 (Windows NT 10.0; Win64; x64) AppleWebKit/537.36 (KHTML, like Gecko) Chrome/149.0.0.0 Safari/537.36"
66.249.64.169 - - [03/Jul/2026:18:56:43 +0200] "GET /?h=12174556961100 HTTP/1.1" 301 313 "-" "Mozilla/5.0 (compatible; Googlebot/2.1; +http://www.google.com/bot.html)"
66.249.64.171 - - [03/Jul/2026:18:56:43 +0200] "GET /index.php/?h=12174556961100 HTTP/1.1" 301 - "-" "Mozilla/5.0 (compatible; Googlebot/2.1; +http://www.google.com/bot.html)"
101.57.32.141 - - [03/Jul/2026:18:56:44 +0200] "GET /?h=21988574881100 HTTP/2.0" 301 313 "-" "Mozilla/5.0 (Windows NT 10.0; Win64; x64) AppleWebKit/537.36 (KHTML, like Gecko) Chrome/149.0.0.0 Safari/537.36"
101.57.32.141 - - [03/Jul/2026:18:56:44 +0200] "GET /index.php/?h=21988574881100 HTTP/2.0" 301 - "https://verona.elettroservicegroup.it/?h=21988574881100" "Mozilla/5.0 (Windows NT 10.0; Win64; x64) AppleWebKit/537.36 (KHTML, like Gecko) Chrome/149.0.0.0 Safari/537.36"
37.159.6.109 - - [03/Jul/2026:18:56:46 +0200] "GET /?h=21988574881100 HTTP/2.0" 301 313 "-" "Mozilla/5.0 (Windows NT 10.0; Win64; x64) AppleWebKit/537.36 (KHTML, like Gecko) Chrome/147.0.0.0 Safari/537.36"
37.159.6.109 - - [03/Jul/2026:18:56:46 +0200] "GET /index.php/?h=21988574881100 HTTP/2.0" 301 - "-" "Mozilla/5.0 (Windows NT 10.0; Win64; x64) AppleWebKit/537.36 (KHTML, like Gecko) Chrome/147.0.0.0 Safari/537.36"
37.159.6.109 - - [03/Jul/2026:18:56:46 +0200] "GET /favicon.ico HTTP/2.0" 301 296 "https://verona.elettroservicegroup.it/index.php/?h=21988574881100" "Mozilla/5.0 (Windows NT 10.0; Win64; x64) AppleWebKit/537.36 (KHTML, like Gecko) Chrome/147.0.0.0 Safari/537.36"
37.159.6.109 - - [03/Jul/2026:18:56:46 +0200] "GET /index.php/ HTTP/2.0" 301 - "https://verona.elettroservicegroup.it/index.php/?h=21988574881100" "Mozilla/5.0 (Windows NT 10.0; Win64; x64) AppleWebKit/537.36 (KHTML, like Gecko) Chrome/147.0.0.0 Safari/537.36"
116.110.42.167 - - [03/Jul/2026:18:58:57 +0200] "POST /wp-login.php HTTP/1.1" 301 - "-" "Mozilla/5.0 (Windows NT 10.0; Win64; x64) AppleWebKit/537.36 (KHTML, like Gecko) Chrome/124.0 Safari/537.36"
65.108.235.243 - - [03/Jul/2026:18:59:00 +0200] "POST /wp-cron.php?doing_wp_cron=1783097940.6550068855285644531250 HTTP/1.1" 200 1 "-" "WordPress/7.0; https://verona.elettroservicegroup.it"
196.115.214.83 - - [03/Jul/2026:18:58:59 +0200] "POST /wp-login.php HTTP/1.1" 302 - "-" "Mozilla/5.0 (Windows NT 10.0; Win64; x64) AppleWebKit/537.36 (KHTML, like Gecko) Chrome/124.0 Safari/537.36"
196.115.214.83 - - [03/Jul/2026:18:59:01 +0200] "GET /wp-admin/admin-ajax.php?action=rest-nonce HTTP/1.1" 200 10 "-" "Mozilla/5.0 (Windows NT 10.0; Win64; x64) AppleWebKit/537.36 (KHTML, like Gecko) Chrome/124.0 Safari/537.36"
196.115.214.83 - - [03/Jul/2026:18:59:03 +0200] "POST /wp-json/wp/v2/posts HTTP/1.1" 301 296 "-" "Mozilla/5.0 (Windows NT 10.0; Win64; x64) AppleWebKit/537.36 (KHTML, like Gecko) Chrome/124.0 Safari/537.36"
65.108.235.243 - - [03/Jul/2026:18:59:28 +0200] "GET / HTTP/1.1" 301 296 "-" "WP Fastest Cache Preload Bot"
65.108.235.243 - - [03/Jul/2026:18:59:28 +0200] "GET /index.php/ HTTP/1.1" 301 - "-" "WP Fastest Cache Preload Bot"
65.108.235.243 - - [03/Jul/2026:18:59:48 +0200] "GET /?wp_scrape_key=75196fa22e17656ea81ba8ec6dae044a&wp_scrape_nonce=1783097986 HTTP/1.1" 301 374 "-" "WordPress/7.0; https://verona.elettroservicegroup.it"
65.108.235.243 - - [03/Jul/2026:18:59:48 +0200] "GET /index.php/?wp_scrape_key=75196fa22e17656ea81ba8ec6dae044a&wp_scrape_nonce=1783097986 HTTP/1.1" 301 - "-" "WordPress/7.0; https://verona.elettroservicegroup.it"
65.108.235.243 - - [03/Jul/2026:18:59:52 +0200] "GET /?wp_scrape_key=93bed03145e7eefc50ece95fea04ac46&wp_scrape_nonce=1783097990 HTTP/1.1" 301 374 "-" "WordPress/7.0; https://verona.elettroservicegroup.it"
65.108.235.243 - - [03/Jul/2026:18:59:52 +0200] "GET /index.php/?wp_scrape_key=93bed03145e7eefc50ece95fea04ac46&wp_scrape_nonce=1783097990 HTTP/1.1" 301 - "-" "WordPress/7.0; https://verona.elettroservicegroup.it"
65.108.235.243 - - [03/Jul/2026:18:59:57 +0200] "GET /?wp_scrape_key=5d3da6df26f68cc7af2dd5816367cfa5&wp_scrape_nonce=1783097995 HTTP/1.1" 301 374 "-" "WordPress/7.0; https://verona.elettroservicegroup.it"
65.108.235.243 - - [03/Jul/2026:18:59:57 +0200] "GET /index.php/?wp_scrape_key=5d3da6df26f68cc7af2dd5816367cfa5&wp_scrape_nonce=1783097995 HTTP/1.1" 301 - "-" "WordPress/7.0; https://verona.elettroservicegroup.it"
65.108.235.243 - - [03/Jul/2026:19:00:03 +0200] "GET /?wp_scrape_key=c37f2e67d9e59f4118333b27795c4b5b&wp_scrape_nonce=1783098001 HTTP/1.1" 301 374 "-" "WordPress/7.0; https://verona.elettroservicegroup.it"
65.108.235.243 - - [03/Jul/2026:19:00:03 +0200] "GET /index.php/?wp_scrape_key=c37f2e67d9e59f4118333b27795c4b5b&wp_scrape_nonce=1783098001 HTTP/1.1" 301 - "-" "WordPress/7.0; https://verona.elettroservicegroup.it"
65.108.235.243 - - [03/Jul/2026:19:00:06 +0200] "GET /?wp_scrape_key=9b532b2509ae942e14409d60364a3017&wp_scrape_nonce=1783098004 HTTP/1.1" 301 374 "-" "WordPress/7.0; https://verona.elettroservicegroup.it"
65.108.235.243 - - [03/Jul/2026:19:00:06 +0200] "GET /index.php/?wp_scrape_key=9b532b2509ae942e14409d60364a3017&wp_scrape_nonce=1783098004 HTTP/1.1" 301 - "-" "WordPress/7.0; https://verona.elettroservicegroup.it"
65.108.235.243 - - [03/Jul/2026:19:00:10 +0200] "GET /?wp_scrape_key=6a8bd803aa6f735301e0d52cb781144d&wp_scrape_nonce=1783098008 HTTP/1.1" 301 374 "-" "WordPress/7.0; https://verona.elettroservicegroup.it"
65.108.235.243 - - [03/Jul/2026:19:00:10 +0200] "GET /index.php/?wp_scrape_key=6a8bd803aa6f735301e0d52cb781144d&wp_scrape_nonce=1783098008 HTTP/1.1" 301 - "-" "WordPress/7.0; https://verona.elettroservicegroup.it"
66.249.64.169 - - [03/Jul/2026:19:00:11 +0200] "GET /?h=22988781841100 HTTP/1.1" 301 313 "-" "Mozilla/5.0 (Linux; Android 6.0.1; Nexus 5X Build/MMB29P) AppleWebKit/537.36 (KHTML, like Gecko) Chrome/150.0.7871.46 Mobile Safari/537.36 (compatible; Googlebot/2.1; +http://www.google.com/bot.html)"
66.249.64.169 - - [03/Jul/2026:19:00:11 +0200] "GET /index.php/?h=22988781841100 HTTP/1.1" 301 - "-" "Mozilla/5.0 (Linux; Android 6.0.1; Nexus 5X Build/MMB29P) AppleWebKit/537.36 (KHTML, like Gecko) Chrome/150.0.7871.46 Mobile Safari/537.36 (compatible; Googlebot/2.1; +http://www.google.com/bot.html)"
65.108.235.243 - - [03/Jul/2026:19:00:23 +0200] "POST /wp-cron.php HTTP/1.1" 200 1 "-" "WordPress/7.0; https://verona.elettroservicegroup.it"
65.108.235.243 - - [03/Jul/2026:19:00:23 +0200] "GET / HTTP/1.1" 301 296 "-" "WordPress/7.0; https://verona.elettroservicegroup.it"
65.108.235.243 - - [03/Jul/2026:19:00:23 +0200] "GET /index.php/ HTTP/1.1" 301 - "-" "WordPress/7.0; https://verona.elettroservicegroup.it"
65.108.235.243 - - [03/Jul/2026:19:00:23 +0200] "GET / HTTP/1.1" 301 296 "-" "WordPress/7.0; https://verona.elettroservicegroup.it"
65.108.235.243 - - [03/Jul/2026:19:00:23 +0200] "GET /index.php/ HTTP/1.1" 301 - "-" "WordPress/7.0; https://verona.elettroservicegroup.it"
31.204.55.146 - - [03/Jul/2026:19:02:39 +0200] "GET /?h=42111432521100 HTTP/1.1" 301 313 "-" "Mozilla/5.0 (Windows NT 10.0; Win64; x64) AppleWebKit/537.36 (KHTML, like Gecko) Chrome/139.0.0.0 Safari/537.36"
31.204.55.146 - - [03/Jul/2026:19:02:39 +0200] "GET /index.php/?h=42111432521100 HTTP/1.1" 301 - "-" "Mozilla/5.0 (Windows NT 10.0; Win64; x64) AppleWebKit/537.36 (KHTML, like Gecko) Chrome/139.0.0.0 Safari/537.36"
45.82.43.115 - - [03/Jul/2026:19:02:42 +0200] "GET /?h=42111432521100 HTTP/2.0" 301 313 "https://verona.elettroservicegroup.it/" "Mozilla/5.0 (Windows NT 10.0; Win64; x64; rv:152.0) Gecko/20100101 Firefox/152.0"
212.70.8.245 - - [03/Jul/2026:19:02:42 +0200] "GET /?h=42111432521100 HTTP/2.0" 301 313 "https://verona.elettroservicegroup.it/" "Mozilla/5.0 (Macintosh; Intel Mac OS X 10_15_7) AppleWebKit/605.1.15 (KHTML, like Gecko) Version/18.4 Safari/605.1.15"
45.82.43.115 - - [03/Jul/2026:19:02:42 +0200] "GET /index.php/?h=42111432521100 HTTP/2.0" 301 - "https://verona.elettroservicegroup.it/?h=42111432521100" "Mozilla/5.0 (Windows NT 10.0; Win64; x64; rv:152.0) Gecko/20100101 Firefox/152.0"
161.123.242.103 - - [03/Jul/2026:19:02:42 +0200] "GET /?h=42111432521100 HTTP/2.0" 301 313 "https://www.google.com/" "Mozilla/5.0 (Windows NT 10.0; Win64; x64) AppleWebKit/537.36 (KHTML, like Gecko) Chrome/149.0.0.0 Safari/537.36"
87.3.190.52 - - [03/Jul/2026:19:02:42 +0200] "GET /?h=42111432521100 HTTP/2.0" 301 313 "https://www.google.com/" "Mozilla/5.0 (Windows NT 10.0; Win64; x64) AppleWebKit/537.36 (KHTML, like Gecko) Chrome/149.0.0.0 Safari/537.36"
212.70.8.245 - - [03/Jul/2026:19:02:42 +0200] "GET /index.php/?h=42111432521100 HTTP/2.0" 301 - "https://verona.elettroservicegroup.it/?h=42111432521100" "Mozilla/5.0 (Macintosh; Intel Mac OS X 10_15_7) AppleWebKit/605.1.15 (KHTML, like Gecko) Version/18.4 Safari/605.1.15"
212.70.10.45 - - [03/Jul/2026:19:02:42 +0200] "GET /?h=42111432521100 HTTP/2.0" 301 313 "https://www.google.com/" "Mozilla/5.0 (Windows NT 10.0; Win64; x64) AppleWebKit/537.36 (KHTML, like Gecko) Chrome/149.0.0.0 Safari/537.36 Edg/149.0.0.0"
161.123.242.103 - - [03/Jul/2026:19:02:42 +0200] "GET /index.php/?h=42111432521100 HTTP/2.0" 301 - "https://verona.elettroservicegroup.it/?h=42111432521100" "Mozilla/5.0 (Windows NT 10.0; Win64; x64) AppleWebKit/537.36 (KHTML, like Gecko) Chrome/149.0.0.0 Safari/537.36"
87.3.190.52 - - [03/Jul/2026:19:02:42 +0200] "GET /index.php/?h=42111432521100 HTTP/2.0" 301 - "https://verona.elettroservicegroup.it/?h=42111432521100" "Mozilla/5.0 (Windows NT 10.0; Win64; x64) AppleWebKit/537.36 (KHTML, like Gecko) Chrome/149.0.0.0 Safari/537.36"
212.70.10.45 - - [03/Jul/2026:19:02:42 +0200] "GET /index.php/?h=42111432521100 HTTP/2.0" 301 - "https://verona.elettroservicegroup.it/?h=42111432521100" "Mozilla/5.0 (Windows NT 10.0; Win64; x64) AppleWebKit/537.36 (KHTML, like Gecko) Chrome/149.0.0.0 Safari/537.36 Edg/149.0.0.0"
94.176.125.212 - - [03/Jul/2026:19:02:42 +0200] "GET /?h=42111432521100 HTTP/2.0" 301 313 "https://verona.elettroservicegroup.it/" "Mozilla/5.0 (Windows NT 10.0; Win64; x64) AppleWebKit/537.36 (KHTML, like Gecko) Chrome/149.0.0.0 Safari/537.36 Edg/149.0.0.0"
212.105.155.16 - - [03/Jul/2026:19:02:42 +0200] "GET /?h=42111432521100 HTTP/2.0" 301 313 "https://verona.elettroservicegroup.it/" "Mozilla/5.0 (Windows NT 10.0; Win64; x64; rv:152.0) Gecko/20100101 Firefox/152.0"
82.58.189.75 - - [03/Jul/2026:19:02:42 +0200] "GET /?h=42111432521100 HTTP/2.0" 301 313 "https://verona.elettroservicegroup.it/" "Mozilla/5.0 (Macintosh; Intel Mac OS X 10_15_7) AppleWebKit/605.1.15 (KHTML, like Gecko) Version/18.4 Safari/605.1.15"
212.105.155.16 - - [03/Jul/2026:19:02:42 +0200] "GET /index.php/?h=42111432521100 HTTP/2.0" 301 - "https://verona.elettroservicegroup.it/?h=42111432521100" "Mozilla/5.0 (Windows NT 10.0; Win64; x64; rv:152.0) Gecko/20100101 Firefox/152.0"
80.96.90.58 - - [03/Jul/2026:19:02:42 +0200] "GET /?h=42111432521100 HTTP/2.0" 301 313 "https://www.google.com/" "Mozilla/5.0 (Windows NT 10.0; Win64; x64) AppleWebKit/537.36 (KHTML, like Gecko) Chrome/149.0.0.0 Safari/537.36"
94.176.125.212 - - [03/Jul/2026:19:02:43 +0200] "GET /index.php/?h=42111432521100 HTTP/2.0" 301 - "https://verona.elettroservicegroup.it/?h=42111432521100" "Mozilla/5.0 (Windows NT 10.0; Win64; x64) AppleWebKit/537.36 (KHTML, like Gecko) Chrome/149.0.0.0 Safari/537.36 Edg/149.0.0.0"
80.96.90.58 - - [03/Jul/2026:19:02:43 +0200] "GET /index.php/?h=42111432521100 HTTP/2.0" 301 - "https://verona.elettroservicegroup.it/?h=42111432521100" "Mozilla/5.0 (Windows NT 10.0; Win64; x64) AppleWebKit/537.36 (KHTML, like Gecko) Chrome/149.0.0.0 Safari/537.36"
82.58.189.75 - - [03/Jul/2026:19:02:43 +0200] "GET /index.php/?h=42111432521100 HTTP/2.0" 301 - "https://verona.elettroservicegroup.it/?h=42111432521100" "Mozilla/5.0 (Macintosh; Intel Mac OS X 10_15_7) AppleWebKit/605.1.15 (KHTML, like Gecko) Version/18.4 Safari/605.1.15"
31.189.36.245 - - [03/Jul/2026:19:02:43 +0200] "GET /?h=42111432521100 HTTP/2.0" 301 313 "https://verona.elettroservicegroup.it/" "Mozilla/5.0 (Windows NT 10.0; Win64; x64) AppleWebKit/537.36 (KHTML, like Gecko) Chrome/149.0.0.0 Safari/537.36 Edg/149.0.0.0"
176.113.108.38 - - [03/Jul/2026:19:02:43 +0200] "GET /?h=42111432521100 HTTP/2.0" 301 313 "https://verona.elettroservicegroup.it/" "Mozilla/5.0 (Windows NT 10.0; Win64; x64; rv:152.0) Gecko/20100101 Firefox/152.0"
31.189.36.245 - - [03/Jul/2026:19:02:43 +0200] "GET /index.php/?h=42111432521100 HTTP/2.0" 301 - "https://verona.elettroservicegroup.it/?h=42111432521100" "Mozilla/5.0 (Windows NT 10.0; Win64; x64) AppleWebKit/537.36 (KHTML, like Gecko) Chrome/149.0.0.0 Safari/537.36 Edg/149.0.0.0"
176.113.108.38 - - [03/Jul/2026:19:02:43 +0200] "GET /index.php/?h=42111432521100 HTTP/2.0" 301 - "https://verona.elettroservicegroup.it/?h=42111432521100" "Mozilla/5.0 (Windows NT 10.0; Win64; x64; rv:152.0) Gecko/20100101 Firefox/152.0"
176.113.108.231 - - [03/Jul/2026:19:02:43 +0200] "GET /?h=42111432521100 HTTP/2.0" 301 313 "https://verona.elettroservicegroup.it/" "Mozilla/5.0 (Windows NT 10.0; Win64; x64) AppleWebKit/537.36 (KHTML, like Gecko) Chrome/149.0.0.0 Safari/537.36 Edg/149.0.0.0"
176.113.108.231 - - [03/Jul/2026:19:02:44 +0200] "GET /index.php/?h=42111432521100 HTTP/2.0" 301 - "https://verona.elettroservicegroup.it/?h=42111432521100" "Mozilla/5.0 (Windows NT 10.0; Win64; x64) AppleWebKit/537.36 (KHTML, like Gecko) Chrome/149.0.0.0 Safari/537.36 Edg/149.0.0.0"
80.96.90.15 - - [03/Jul/2026:19:02:44 +0200] "GET /?h=42111432521100 HTTP/2.0" 301 313 "https://verona.elettroservicegroup.it/" "Mozilla/5.0 (Macintosh; Intel Mac OS X 10_15_7) AppleWebKit/605.1.15 (KHTML, like Gecko) Version/18.4 Safari/605.1.15"
80.96.90.15 - - [03/Jul/2026:19:02:44 +0200] "GET /index.php/?h=42111432521100 HTTP/2.0" 301 - "https://verona.elettroservicegroup.it/?h=42111432521100" "Mozilla/5.0 (Macintosh; Intel Mac OS X 10_15_7) AppleWebKit/605.1.15 (KHTML, like Gecko) Version/18.4 Safari/605.1.15"
176.113.108.43 - - [03/Jul/2026:19:03:03 +0200] "GET /?h=42111432521100 HTTP/2.0" 301 313 "https://www.google.com/" "Mozilla/5.0 (Windows NT 10.0; Win64; x64) AppleWebKit/537.36 (KHTML, like Gecko) Chrome/149.0.0.0 Safari/537.36 Edg/149.0.0.0"
176.113.108.43 - - [03/Jul/2026:19:03:03 +0200] "GET /index.php/?h=42111432521100 HTTP/2.0" 301 - "https://verona.elettroservicegroup.it/?h=42111432521100" "Mozilla/5.0 (Windows NT 10.0; Win64; x64) AppleWebKit/537.36 (KHTML, like Gecko) Chrome/149.0.0.0 Safari/537.36 Edg/149.0.0.0"
94.163.176.251 - - [03/Jul/2026:19:03:05 +0200] "GET / HTTP/2.0" 301 296 "-" "Mozilla/5.0 (Windows NT 10.0; Win64; x64) AppleWebKit/537.36 (KHTML, like Gecko) Chrome/148.0.0.0 Safari/537.36"
94.163.176.251 - - [03/Jul/2026:19:03:05 +0200] "GET /index.php/ HTTP/2.0" 301 - "-" "Mozilla/5.0 (Windows NT 10.0; Win64; x64) AppleWebKit/537.36 (KHTML, like Gecko) Chrome/148.0.0.0 Safari/537.36"
94.163.176.251 - - [03/Jul/2026:19:03:06 +0200] "GET /favicon.ico HTTP/2.0" 301 296 "https://verona.elettroservicegroup.it/index.php/" "Mozilla/5.0 (Windows NT 10.0; Win64; x64) AppleWebKit/537.36 (KHTML, like Gecko) Chrome/148.0.0.0 Safari/537.36"
94.163.176.251 - - [03/Jul/2026:19:03:07 +0200] "GET /index.php/ HTTP/2.0" 301 - "https://verona.elettroservicegroup.it/index.php/" "Mozilla/5.0 (Windows NT 10.0; Win64; x64) AppleWebKit/537.36 (KHTML, like Gecko) Chrome/148.0.0.0 Safari/537.36"
94.163.176.251 - - [03/Jul/2026:19:03:10 +0200] "GET /?h=42111432521100 HTTP/2.0" 301 313 "-" "Mozilla/5.0 (Windows NT 10.0; Win64; x64) AppleWebKit/537.36 (KHTML, like Gecko) Chrome/148.0.0.0 Safari/537.36"
94.163.176.251 - - [03/Jul/2026:19:03:10 +0200] "GET /index.php/?h=42111432521100 HTTP/2.0" 301 - "-" "Mozilla/5.0 (Windows NT 10.0; Win64; x64) AppleWebKit/537.36 (KHTML, like Gecko) Chrome/148.0.0.0 Safari/537.36"
94.163.176.251 - - [03/Jul/2026:19:03:11 +0200] "GET /index.php/ HTTP/2.0" 301 - "https://verona.elettroservicegroup.it/index.php/?h=42111432521100" "Mozilla/5.0 (Windows NT 10.0; Win64; x64) AppleWebKit/537.36 (KHTML, like Gecko) Chrome/148.0.0.0 Safari/537.36"
177.93.0.66 - - [03/Jul/2026:19:04:03 +0200] "GET /?h=13273758121100 HTTP/1.1" 301 313 "-" "Mozilla/5.0 (Windows NT 11.0) AppleWebKit/535.1 (KHTML, like Gecko) Chrome/28.0.890.0 Safari/535.1"
66.249.64.171 - - [03/Jul/2026:19:05:33 +0200] "GET /?h=32092518241100 HTTP/1.1" 301 313 "-" "Mozilla/5.0 (Linux; Android 6.0.1; Nexus 5X Build/MMB29P) AppleWebKit/537.36 (KHTML, like Gecko) Chrome/150.0.7871.46 Mobile Safari/537.36 (compatible; Googlebot/2.1; +http://www.google.com/bot.html)"
66.249.64.171 - - [03/Jul/2026:19:05:33 +0200] "GET /index.php/?h=32092518241100 HTTP/1.1" 301 - "-" "Mozilla/5.0 (Linux; Android 6.0.1; Nexus 5X Build/MMB29P) AppleWebKit/537.36 (KHTML, like Gecko) Chrome/150.0.7871.46 Mobile Safari/537.36 (compatible; Googlebot/2.1; +http://www.google.com/bot.html)"
66.249.64.169 - - [03/Jul/2026:19:07:19 +0200] "GET /?h=10503143961100 HTTP/1.1" 301 313 "-" "Mozilla/5.0 (compatible; Googlebot/2.1; +http://www.google.com/bot.html)"
66.249.64.169 - - [03/Jul/2026:19:07:19 +0200] "GET /index.php/?h=10503143961100 HTTP/1.1" 301 - "-" "Mozilla/5.0 (compatible; Googlebot/2.1; +http://www.google.com/bot.html)"
66.249.64.170 - - [03/Jul/2026:19:07:38 +0200] "GET /product/review/38122108001100 HTTP/1.1" 301 296 "-" "Mozilla/5.0 (Linux; Android 6.0.1; Nexus 5X Build/MMB29P) AppleWebKit/537.36 (KHTML, like Gecko) Chrome/150.0.7871.46 Mobile Safari/537.36 (compatible; Googlebot/2.1; +http://www.google.com/bot.html)"
66.249.64.170 - - [03/Jul/2026:19:08:39 +0200] "GET /product/category/view_more/1015262321100 HTTP/1.1" 301 296 "-" "Mozilla/5.0 (Linux; Android 6.0.1; Nexus 5X Build/MMB29P) AppleWebKit/537.36 (KHTML, like Gecko) Chrome/150.0.7871.46 Mobile Safari/537.36 (compatible; Googlebot/2.1; +http://www.google.com/bot.html)"
66.249.64.170 - - [03/Jul/2026:19:08:39 +0200] "GET /robots.txt HTTP/1.1" 200 79 "-" "Mozilla/5.0 (compatible; Googlebot/2.1; +http://www.google.com/bot.html)"
102.142.16.43 - - [03/Jul/2026:19:08:42 +0200] "GET /index.php/?h=13273758121100 HTTP/1.1" 301 - "-" "Opera/9.30.(X11; Linux i686; fa-IR) Presto/2.9.178 Version/11.00"
66.249.64.169 - - [03/Jul/2026:19:09:41 +0200] "GET /robots.txt HTTP/1.1" 200 79 "-" "Mozilla/5.0 (compatible; Googlebot/2.1; +http://www.google.com/bot.html)"
66.249.64.171 - - [03/Jul/2026:19:09:41 +0200] "GET /shop/sold?id=top21453513841100 HTTP/1.1" 301 317 "-" "Mozilla/5.0 (Linux; Android 6.0.1; Nexus 5X Build/MMB29P) AppleWebKit/537.36 (KHTML, like Gecko) Chrome/150.0.7871.46 Mobile Safari/537.36 (compatible; Googlebot/2.1; +http://www.google.com/bot.html)"
66.249.64.169 - - [03/Jul/2026:19:09:41 +0200] "GET /index.php/?id=top21453513841100 HTTP/1.1" 301 - "-" "Mozilla/5.0 (Linux; Android 6.0.1; Nexus 5X Build/MMB29P) AppleWebKit/537.36 (KHTML, like Gecko) Chrome/150.0.7871.46 Mobile Safari/537.36 (compatible; Googlebot/2.1; +http://www.google.com/bot.html)"
66.249.64.169 - - [03/Jul/2026:19:09:49 +0200] "GET /?h=14067770681100 HTTP/1.1" 301 313 "-" "Mozilla/5.0 (Linux; Android 6.0.1; Nexus 5X Build/MMB29P) AppleWebKit/537.36 (KHTML, like Gecko) Chrome/150.0.7871.46 Mobile Safari/537.36 (compatible; Googlebot/2.1; +http://www.google.com/bot.html)"
66.249.64.170 - - [03/Jul/2026:19:09:49 +0200] "GET /?h=14067770681100 HTTP/1.1" 301 313 "-" "Mozilla/5.0 (compatible; Googlebot/2.1; +http://www.google.com/bot.html)"
66.249.64.169 - - [03/Jul/2026:19:09:49 +0200] "GET /index.php/?h=14067770681100 HTTP/1.1" 301 - "-" "Mozilla/5.0 (Linux; Android 6.0.1; Nexus 5X Build/MMB29P) AppleWebKit/537.36 (KHTML, like Gecko) Chrome/150.0.7871.46 Mobile Safari/537.36 (compatible; Googlebot/2.1; +http://www.google.com/bot.html)"
66.249.64.170 - - [03/Jul/2026:19:09:49 +0200] "GET /index.php/?h=14067770681100 HTTP/1.1" 301 - "-" "Mozilla/5.0 (compatible; Googlebot/2.1; +http://www.google.com/bot.html)"
66.249.64.171 - - [03/Jul/2026:19:10:12 +0200] "GET /?h=18747264561100 HTTP/1.1" 301 313 "-" "Mozilla/5.0 (Linux; Android 6.0.1; Nexus 5X Build/MMB29P) AppleWebKit/537.36 (KHTML, like Gecko) Chrome/150.0.7871.46 Mobile Safari/537.36 (compatible; Googlebot/2.1; +http://www.google.com/bot.html)"
66.249.64.169 - - [03/Jul/2026:19:10:12 +0200] "GET /index.php/?h=18747264561100 HTTP/1.1" 301 - "-" "Mozilla/5.0 (Linux; Android 6.0.1; Nexus 5X Build/MMB29P) AppleWebKit/537.36 (KHTML, like Gecko) Chrome/150.0.7871.46 Mobile Safari/537.36 (compatible; Googlebot/2.1; +http://www.google.com/bot.html)"
74.7.227.58 - - [03/Jul/2026:19:19:00 +0200] "GET /sitemap.xml HTTP/2.0" 301 - "-" "Mozilla/5.0 AppleWebKit/537.36 (KHTML, like Gecko; compatible; GPTBot/1.4; +https://openai.com/gptbot)"
74.7.241.140 - - [03/Jul/2026:19:19:00 +0200] "GET /robots.txt HTTP/2.0" 200 79 "-" "Mozilla/5.0 (Macintosh; Intel Mac OS X 10_15_7) AppleWebKit/537.36 (KHTML, like Gecko) Chrome/131.0.0.0 Safari/537.36; compatible; OAI-SearchBot/1.4; robots.txt; +https://openai.com/searchbot"
66.249.64.169 - - [03/Jul/2026:19:22:56 +0200] "GET /?h=38756506401100 HTTP/1.1" 301 313 "-" "Mozilla/5.0 (compatible; Googlebot/2.1; +http://www.google.com/bot.html)"
66.249.64.169 - - [03/Jul/2026:19:22:56 +0200] "GET /index.php/?h=38756506401100 HTTP/1.1" 301 - "-" "Mozilla/5.0 (compatible; Googlebot/2.1; +http://www.google.com/bot.html)"
66.249.64.170 - - [03/Jul/2026:19:23:34 +0200] "GET /?h=41618356361100 HTTP/1.1" 301 313 "-" "Mozilla/5.0 (Linux; Android 6.0.1; Nexus 5X Build/MMB29P) AppleWebKit/537.36 (KHTML, like Gecko) Chrome/150.0.7871.46 Mobile Safari/537.36 (compatible; Googlebot/2.1; +http://www.google.com/bot.html)"
66.249.64.169 - - [03/Jul/2026:19:23:34 +0200] "GET /index.php/?h=41618356361100 HTTP/1.1" 301 - "-" "Mozilla/5.0 (Linux; Android 6.0.1; Nexus 5X Build/MMB29P) AppleWebKit/537.36 (KHTML, like Gecko) Chrome/150.0.7871.46 Mobile Safari/537.36 (compatible; Googlebot/2.1; +http://www.google.com/bot.html)"
189.110.98.104 - - [03/Jul/2026:19:23:56 +0200] "POST /xmlrpc.php HTTP/2.0" 200 11747 "-" "WordPress/XMLRPC Client"
66.249.64.171 - - [03/Jul/2026:19:25:17 +0200] "GET /?h=34400328921100 HTTP/1.1" 301 313 "-" "Mozilla/5.0 (Linux; Android 6.0.1; Nexus 5X Build/MMB29P) AppleWebKit/537.36 (KHTML, like Gecko) Chrome/150.0.7871.46 Mobile Safari/537.36 (compatible; Googlebot/2.1; +http://www.google.com/bot.html)"
66.249.64.171 - - [03/Jul/2026:19:25:18 +0200] "GET /index.php/?h=34400328921100 HTTP/1.1" 301 - "-" "Mozilla/5.0 (Linux; Android 6.0.1; Nexus 5X Build/MMB29P) AppleWebKit/537.36 (KHTML, like Gecko) Chrome/150.0.7871.46 Mobile Safari/537.36 (compatible; Googlebot/2.1; +http://www.google.com/bot.html)"
66.249.64.169 - - [03/Jul/2026:19:26:16 +0200] "GET /?h=32812781241100 HTTP/1.1" 301 313 "-" "Mozilla/5.0 (Linux; Android 6.0.1; Nexus 5X Build/MMB29P) AppleWebKit/537.36 (KHTML, like Gecko) Chrome/150.0.7871.46 Mobile Safari/537.36 (compatible; Googlebot/2.1; +http://www.google.com/bot.html)"
66.249.64.170 - - [03/Jul/2026:19:26:16 +0200] "GET /index.php/?h=32812781241100 HTTP/1.1" 301 - "-" "Mozilla/5.0 (Linux; Android 6.0.1; Nexus 5X Build/MMB29P) AppleWebKit/537.36 (KHTML, like Gecko) Chrome/150.0.7871.46 Mobile Safari/537.36 (compatible; Googlebot/2.1; +http://www.google.com/bot.html)"
66.249.64.169 - - [03/Jul/2026:19:28:51 +0200] "GET /?h=41567613441100 HTTP/1.1" 301 313 "-" "Mozilla/5.0 (compatible; Googlebot/2.1; +http://www.google.com/bot.html)"
66.249.64.170 - - [03/Jul/2026:19:28:52 +0200] "GET /index.php/?h=41567613441100 HTTP/1.1" 301 - "-" "Mozilla/5.0 (compatible; Googlebot/2.1; +http://www.google.com/bot.html)"
161.8.93.199 - - [03/Jul/2026:19:29:19 +0200] "GET /?h=37644130881100 HTTP/1.1" 301 313 "-" "Mozilla/5.0 (compatible; MSIE 5.0; Windows NT 6.0; Trident/5.0)"
108.14.1.20 - - [03/Jul/2026:19:29:28 +0200] "GET /index.php/?h=37644130881100 HTTP/1.1" 301 - "-" "Mozilla/5.0 (X11; Linux i686) AppleWebKit/535.2 (KHTML, like Gecko) Chrome/41.0.809.0 Safari/535.2"
66.249.64.169 - - [03/Jul/2026:19:30:33 +0200] "GET /productSearch/pictureSearch?id=32268290761100 HTTP/1.1" 301 314 "-" "Mozilla/5.0 (Linux; Android 6.0.1; Nexus 5X Build/MMB29P) AppleWebKit/537.36 (KHTML, like Gecko) Chrome/150.0.7871.46 Mobile Safari/537.36 (compatible; Googlebot/2.1; +http://www.google.com/bot.html)"
66.249.64.171 - - [03/Jul/2026:19:30:33 +0200] "GET /index.php/?id=32268290761100 HTTP/1.1" 301 - "-" "Mozilla/5.0 (Linux; Android 6.0.1; Nexus 5X Build/MMB29P) AppleWebKit/537.36 (KHTML, like Gecko) Chrome/150.0.7871.46 Mobile Safari/537.36 (compatible; Googlebot/2.1; +http://www.google.com/bot.html)"
35.239.216.192 - - [03/Jul/2026:19:31:23 +0200] "GET / HTTP/2.0" 301 296 "-" "Mozilla/5.0 (Macintosh; Apple M3; macOS 14_5) AppleWebKit/537.36 (KHTML, like Gecko) Chrome/136.0.8900.41 Safari/537.36"
35.239.216.192 - - [03/Jul/2026:19:31:23 +0200] "GET /index.php/ HTTP/2.0" 301 - "-" "Mozilla/5.0 (Macintosh; Apple M3; macOS 14_5) AppleWebKit/537.36 (KHTML, like Gecko) Chrome/136.0.8900.41 Safari/537.36"
104.28.247.220 - - [03/Jul/2026:19:31:24 +0200] "GET / HTTP/2.0" 301 296 "-" "Mozilla/5.0 (Macintosh; Apple M2; macOS 14_4_1) AppleWebKit/537.36 (KHTML, like Gecko) Chrome/136.0.0.0 Safari/537.36"
104.28.247.220 - - [03/Jul/2026:19:31:24 +0200] "GET /index.php/ HTTP/2.0" 301 - "-" "Mozilla/5.0 (Macintosh; Apple M2; macOS 14_4_1) AppleWebKit/537.36 (KHTML, like Gecko) Chrome/136.0.0.0 Safari/537.36"
104.28.247.219 - - [03/Jul/2026:19:31:25 +0200] "GET / HTTP/2.0" 301 296 "-" "Mozilla/5.0 (Macintosh; Apple M1 Max; macOS 13_5_2) AppleWebKit/537.36 (KHTML, like Gecko) Chrome/136.0.0.0 Safari/537.36"
104.28.247.219 - - [03/Jul/2026:19:31:25 +0200] "GET /index.php/ HTTP/2.0" 301 - "-" "Mozilla/5.0 (Macintosh; Apple M1 Max; macOS 13_5_2) AppleWebKit/537.36 (KHTML, like Gecko) Chrome/136.0.0.0 Safari/537.36"
104.28.247.219 - - [03/Jul/2026:19:31:26 +0200] "GET / HTTP/2.0" 301 296 "-" "Mozilla/5.0 (Macintosh; Intel Mac OS X 10_10_5) AppleWebKit/537.36 (KHTML, like Gecko) Chrome/136.0.7103.64 Safari/537.36"
104.28.247.219 - - [03/Jul/2026:19:31:26 +0200] "GET /index.php/ HTTP/2.0" 301 - "-" "Mozilla/5.0 (Macintosh; Intel Mac OS X 10_10_5) AppleWebKit/537.36 (KHTML, like Gecko) Chrome/136.0.7103.64 Safari/537.36"
66.249.64.171 - - [03/Jul/2026:19:31:59 +0200] "GET /?h=41499712521100 HTTP/1.1" 301 313 "-" "Mozilla/5.0 (Linux; Android 6.0.1; Nexus 5X Build/MMB29P) AppleWebKit/537.36 (KHTML, like Gecko) Chrome/150.0.7871.46 Mobile Safari/537.36 (compatible; Googlebot/2.1; +http://www.google.com/bot.html)"
66.249.64.169 - - [03/Jul/2026:19:32:00 +0200] "GET /index.php/?h=41499712521100 HTTP/1.1" 301 - "-" "Mozilla/5.0 (Linux; Android 6.0.1; Nexus 5X Build/MMB29P) AppleWebKit/537.36 (KHTML, like Gecko) Chrome/150.0.7871.46 Mobile Safari/537.36 (compatible; Googlebot/2.1; +http://www.google.com/bot.html)"
66.249.64.169 - - [03/Jul/2026:19:32:48 +0200] "GET /?h=2728048481100 HTTP/1.1" 301 312 "-" "Mozilla/5.0 (Linux; Android 6.0.1; Nexus 5X Build/MMB29P) AppleWebKit/537.36 (KHTML, like Gecko) Chrome/150.0.7871.46 Mobile Safari/537.36 (compatible; Googlebot/2.1; +http://www.google.com/bot.html)"
66.249.64.169 - - [03/Jul/2026:19:32:48 +0200] "GET /index.php/?h=2728048481100 HTTP/1.1" 301 - "-" "Mozilla/5.0 (Linux; Android 6.0.1; Nexus 5X Build/MMB29P) AppleWebKit/537.36 (KHTML, like Gecko) Chrome/150.0.7871.46 Mobile Safari/537.36 (compatible; Googlebot/2.1; +http://www.google.com/bot.html)"
66.249.64.171 - - [03/Jul/2026:19:34:42 +0200] "GET /productSearch/pictureSearch?id=26979598361100 HTTP/1.1" 301 314 "-" "Mozilla/5.0 (Linux; Android 6.0.1; Nexus 5X Build/MMB29P) AppleWebKit/537.36 (KHTML, like Gecko) Chrome/150.0.7871.46 Mobile Safari/537.36 (compatible; Googlebot/2.1; +http://www.google.com/bot.html)"
66.249.64.170 - - [03/Jul/2026:19:34:42 +0200] "GET /?h=23388443881100 HTTP/1.1" 301 313 "-" "Mozilla/5.0 (Linux; Android 6.0.1; Nexus 5X Build/MMB29P) AppleWebKit/537.36 (KHTML, like Gecko) Chrome/150.0.7871.46 Mobile Safari/537.36 (compatible; Googlebot/2.1; +http://www.google.com/bot.html)"
66.249.64.169 - - [03/Jul/2026:19:34:43 +0200] "GET /index.php/?id=26979598361100 HTTP/1.1" 301 - "-" "Mozilla/5.0 (Linux; Android 6.0.1; Nexus 5X Build/MMB29P) AppleWebKit/537.36 (KHTML, like Gecko) Chrome/150.0.7871.46 Mobile Safari/537.36 (compatible; Googlebot/2.1; +http://www.google.com/bot.html)"
66.249.64.169 - - [03/Jul/2026:19:34:43 +0200] "GET /index.php/?h=23388443881100 HTTP/1.1" 301 - "-" "Mozilla/5.0 (Linux; Android 6.0.1; Nexus 5X Build/MMB29P) AppleWebKit/537.36 (KHTML, like Gecko) Chrome/150.0.7871.46 Mobile Safari/537.36 (compatible; Googlebot/2.1; +http://www.google.com/bot.html)"
66.249.64.170 - - [03/Jul/2026:19:35:55 +0200] "GET /?h=31583582121100 HTTP/1.1" 301 313 "-" "Mozilla/5.0 (Linux; Android 6.0.1; Nexus 5X Build/MMB29P) AppleWebKit/537.36 (KHTML, like Gecko) Chrome/150.0.7871.46 Mobile Safari/537.36 (compatible; Googlebot/2.1; +http://www.google.com/bot.html)"
66.249.64.170 - - [03/Jul/2026:19:35:56 +0200] "GET /index.php/?h=31583582121100 HTTP/1.1" 301 - "-" "Mozilla/5.0 (Linux; Android 6.0.1; Nexus 5X Build/MMB29P) AppleWebKit/537.36 (KHTML, like Gecko) Chrome/150.0.7871.46 Mobile Safari/537.36 (compatible; Googlebot/2.1; +http://www.google.com/bot.html)"
66.249.64.170 - - [03/Jul/2026:19:38:04 +0200] "GET /?h=8899139521100 HTTP/1.1" 301 312 "-" "Mozilla/5.0 (Linux; Android 6.0.1; Nexus 5X Build/MMB29P) AppleWebKit/537.36 (KHTML, like Gecko) Chrome/150.0.7871.46 Mobile Safari/537.36 (compatible; Googlebot/2.1; +http://www.google.com/bot.html)"
66.249.64.169 - - [03/Jul/2026:19:38:05 +0200] "GET /index.php/?h=8899139521100 HTTP/1.1" 301 - "-" "Mozilla/5.0 (Linux; Android 6.0.1; Nexus 5X Build/MMB29P) AppleWebKit/537.36 (KHTML, like Gecko) Chrome/150.0.7871.46 Mobile Safari/537.36 (compatible; Googlebot/2.1; +http://www.google.com/bot.html)"
66.249.64.169 - - [03/Jul/2026:19:38:17 +0200] "GET /?h=15363930761100 HTTP/1.1" 301 313 "-" "Mozilla/5.0 (compatible; Googlebot/2.1; +http://www.google.com/bot.html)"
66.249.64.169 - - [03/Jul/2026:19:38:17 +0200] "GET /index.php/?h=15363930761100 HTTP/1.1" 301 - "-" "Mozilla/5.0 (compatible; Googlebot/2.1; +http://www.google.com/bot.html)"
66.249.64.169 - - [03/Jul/2026:19:39:22 +0200] "GET /?h=15685919281100 HTTP/1.1" 301 313 "-" "Mozilla/5.0 (Linux; Android 6.0.1; Nexus 5X Build/MMB29P) AppleWebKit/537.36 (KHTML, like Gecko) Chrome/150.0.7871.46 Mobile Safari/537.36 (compatible; Googlebot/2.1; +http://www.google.com/bot.html)"
66.249.64.169 - - [03/Jul/2026:19:39:22 +0200] "GET /index.php/?h=15685919281100 HTTP/1.1" 301 - "-" "Mozilla/5.0 (Linux; Android 6.0.1; Nexus 5X Build/MMB29P) AppleWebKit/537.36 (KHTML, like Gecko) Chrome/150.0.7871.46 Mobile Safari/537.36 (compatible; Googlebot/2.1; +http://www.google.com/bot.html)"
65.108.235.243 - - [03/Jul/2026:19:40:33 +0200] "POST /wp-cron.php?doing_wp_cron=1783100433.2072100639343261718750 HTTP/1.1" 200 1 "-" "WordPress/7.0; https://verona.elettroservicegroup.it"
190.2.119.107 - - [03/Jul/2026:19:40:25 +0200] "POST /wp-login.php HTTP/1.1" 302 - "-" "Mozilla/5.0 (Windows NT 10.0; Win64; x64) AppleWebKit/537.36 (KHTML, like Gecko) Chrome/124.0 Safari/537.36"
190.2.119.107 - - [03/Jul/2026:19:40:36 +0200] "GET /wp-admin/admin-ajax.php?action=rest-nonce HTTP/1.1" 200 10 "-" "Mozilla/5.0 (Windows NT 10.0; Win64; x64) AppleWebKit/537.36 (KHTML, like Gecko) Chrome/124.0 Safari/537.36"
190.2.119.107 - - [03/Jul/2026:19:40:40 +0200] "POST /wp-json/wp/v2/posts HTTP/1.1" 301 296 "-" "Mozilla/5.0 (Windows NT 10.0; Win64; x64) AppleWebKit/537.36 (KHTML, like Gecko) Chrome/124.0 Safari/537.36"
65.108.235.243 - - [03/Jul/2026:19:41:00 +0200] "POST /wp-json/complianz/v1/wsc-scan HTTP/1.1" 301 296 "-" "WordPress/7.0; https://verona.elettroservicegroup.it"
65.108.235.243 - - [03/Jul/2026:19:41:00 +0200] "POST /index.php/ HTTP/1.1" 301 - "-" "WordPress/7.0; https://verona.elettroservicegroup.it"
65.108.235.243 - - [03/Jul/2026:19:41:01 +0200] "GET / HTTP/1.1" 301 296 "-" "WP Fastest Cache Preload Bot"
65.108.235.243 - - [03/Jul/2026:19:41:01 +0200] "GET /index.php/ HTTP/1.1" 301 - "-" "WP Fastest Cache Preload Bot"
66.249.64.171 - - [03/Jul/2026:19:42:26 +0200] "GET /?h=7207017561100 HTTP/1.1" 301 312 "-" "Mozilla/5.0 (Linux; Android 6.0.1; Nexus 5X Build/MMB29P) AppleWebKit/537.36 (KHTML, like Gecko) Chrome/150.0.7871.46 Mobile Safari/537.36 (compatible; Googlebot/2.1; +http://www.google.com/bot.html)"
66.249.64.169 - - [03/Jul/2026:19:42:26 +0200] "GET /index.php/?h=7207017561100 HTTP/1.1" 301 - "-" "Mozilla/5.0 (Linux; Android 6.0.1; Nexus 5X Build/MMB29P) AppleWebKit/537.36 (KHTML, like Gecko) Chrome/150.0.7871.46 Mobile Safari/537.36 (compatible; Googlebot/2.1; +http://www.google.com/bot.html)"
45.174.32.154 - - [03/Jul/2026:19:42:38 +0200] "POST /wp-login.php HTTP/1.1" 301 - "-" "Mozilla/5.0 (Windows NT 10.0; Win64; x64) AppleWebKit/537.36 (KHTML, like Gecko) Chrome/124.0 Safari/537.36"
65.108.235.243 - - [03/Jul/2026:19:42:48 +0200] "POST /wp-cron.php?doing_wp_cron=1783100568.6047940254211425781250 HTTP/1.1" 200 1 "-" "WordPress/7.0; https://verona.elettroservicegroup.it"
116.96.45.159 - - [03/Jul/2026:19:42:42 +0200] "POST /wp-login.php HTTP/1.1" 302 - "-" "Mozilla/5.0 (Windows NT 10.0; Win64; x64) AppleWebKit/537.36 (KHTML, like Gecko) Chrome/124.0 Safari/537.36"
116.96.45.159 - - [03/Jul/2026:19:42:51 +0200] "GET /wp-admin/admin-ajax.php?action=rest-nonce HTTP/1.1" 200 10 "-" "Mozilla/5.0 (Windows NT 10.0; Win64; x64) AppleWebKit/537.36 (KHTML, like Gecko) Chrome/124.0 Safari/537.36"
116.96.45.159 - - [03/Jul/2026:19:42:55 +0200] "POST /wp-json/wp/v2/posts HTTP/1.1" 301 296 "-" "Mozilla/5.0 (Windows NT 10.0; Win64; x64) AppleWebKit/537.36 (KHTML, like Gecko) Chrome/124.0 Safari/537.36"
66.249.64.169 - - [03/Jul/2026:19:43:32 +0200] "GET /?h=37894533241100 HTTP/1.1" 301 313 "-" "Mozilla/5.0 (Linux; Android 6.0.1; Nexus 5X Build/MMB29P) AppleWebKit/537.36 (KHTML, like Gecko) Chrome/150.0.7871.46 Mobile Safari/537.36 (compatible; Googlebot/2.1; +http://www.google.com/bot.html)"
66.249.64.169 - - [03/Jul/2026:19:43:33 +0200] "GET /index.php/?h=37894533241100 HTTP/1.1" 301 - "-" "Mozilla/5.0 (Linux; Android 6.0.1; Nexus 5X Build/MMB29P) AppleWebKit/537.36 (KHTML, like Gecko) Chrome/150.0.7871.46 Mobile Safari/537.36 (compatible; Googlebot/2.1; +http://www.google.com/bot.html)"
66.249.64.170 - - [03/Jul/2026:19:44:02 +0200] "GET /?h=30847459161100 HTTP/1.1" 301 313 "-" "Mozilla/5.0 (Linux; Android 6.0.1; Nexus 5X Build/MMB29P) AppleWebKit/537.36 (KHTML, like Gecko) Chrome/150.0.7871.46 Mobile Safari/537.36 (compatible; Googlebot/2.1; +http://www.google.com/bot.html)"
66.249.64.171 - - [03/Jul/2026:19:44:02 +0200] "GET /index.php/?h=30847459161100 HTTP/1.1" 301 - "-" "Mozilla/5.0 (Linux; Android 6.0.1; Nexus 5X Build/MMB29P) AppleWebKit/537.36 (KHTML, like Gecko) Chrome/150.0.7871.46 Mobile Safari/537.36 (compatible; Googlebot/2.1; +http://www.google.com/bot.html)"
66.249.64.170 - - [03/Jul/2026:19:44:37 +0200] "GET /productSearch/pictureSearch?id=30889309761100 HTTP/1.1" 301 314 "-" "Mozilla/5.0 (Linux; Android 6.0.1; Nexus 5X Build/MMB29P) AppleWebKit/537.36 (KHTML, like Gecko) Chrome/150.0.7871.46 Mobile Safari/537.36 (compatible; Googlebot/2.1; +http://www.google.com/bot.html)"
66.249.64.170 - - [03/Jul/2026:19:44:37 +0200] "GET /index.php/?id=30889309761100 HTTP/1.1" 301 - "-" "Mozilla/5.0 (Linux; Android 6.0.1; Nexus 5X Build/MMB29P) AppleWebKit/537.36 (KHTML, like Gecko) Chrome/150.0.7871.46 Mobile Safari/537.36 (compatible; Googlebot/2.1; +http://www.google.com/bot.html)"
66.249.64.171 - - [03/Jul/2026:19:47:05 +0200] "GET /?h=42003396801100 HTTP/1.1" 301 313 "-" "Mozilla/5.0 (Linux; Android 6.0.1; Nexus 5X Build/MMB29P) AppleWebKit/537.36 (KHTML, like Gecko) Chrome/150.0.7871.46 Mobile Safari/537.36 (compatible; Googlebot/2.1; +http://www.google.com/bot.html)"
66.249.64.171 - - [03/Jul/2026:19:47:05 +0200] "GET /index.php/?h=42003396801100 HTTP/1.1" 301 - "-" "Mozilla/5.0 (Linux; Android 6.0.1; Nexus 5X Build/MMB29P) AppleWebKit/537.36 (KHTML, like Gecko) Chrome/150.0.7871.46 Mobile Safari/537.36 (compatible; Googlebot/2.1; +http://www.google.com/bot.html)"
66.249.64.169 - - [03/Jul/2026:19:49:27 +0200] "GET /?h=14520712041100 HTTP/1.1" 301 313 "-" "Mozilla/5.0 (compatible; Googlebot/2.1; +http://www.google.com/bot.html)"
66.249.64.169 - - [03/Jul/2026:19:49:28 +0200] "GET /index.php/?h=14520712041100 HTTP/1.1" 301 - "-" "Mozilla/5.0 (compatible; Googlebot/2.1; +http://www.google.com/bot.html)"
185.136.148.252 - - [03/Jul/2026:19:49:53 +0200] "POST /xmlrpc.php HTTP/2.0" 403 52 "-" "WordPress/XMLRPC Client"
66.249.64.171 - - [03/Jul/2026:19:50:12 +0200] "GET /?h=15402155801100 HTTP/1.1" 301 313 "-" "Mozilla/5.0 (Linux; Android 6.0.1; Nexus 5X Build/MMB29P) AppleWebKit/537.36 (KHTML, like Gecko) Chrome/150.0.7871.46 Mobile Safari/537.36 (compatible; Googlebot/2.1; +http://www.google.com/bot.html)"
66.249.64.169 - - [03/Jul/2026:19:50:12 +0200] "GET /index.php/?h=15402155801100 HTTP/1.1" 301 - "-" "Mozilla/5.0 (Linux; Android 6.0.1; Nexus 5X Build/MMB29P) AppleWebKit/537.36 (KHTML, like Gecko) Chrome/150.0.7871.46 Mobile Safari/537.36 (compatible; Googlebot/2.1; +http://www.google.com/bot.html)"
66.249.64.169 - - [03/Jul/2026:19:51:11 +0200] "GET /productSearch/pictureSearch?id=44059536921100 HTTP/1.1" 301 314 "-" "Mozilla/5.0 (Linux; Android 6.0.1; Nexus 5X Build/MMB29P) AppleWebKit/537.36 (KHTML, like Gecko) Chrome/150.0.7871.46 Mobile Safari/537.36 (compatible; Googlebot/2.1; +http://www.google.com/bot.html)"
66.249.64.170 - - [03/Jul/2026:19:51:11 +0200] "GET /index.php/?id=44059536921100 HTTP/1.1" 301 - "-" "Mozilla/5.0 (Linux; Android 6.0.1; Nexus 5X Build/MMB29P) AppleWebKit/537.36 (KHTML, like Gecko) Chrome/150.0.7871.46 Mobile Safari/537.36 (compatible; Googlebot/2.1; +http://www.google.com/bot.html)"
66.249.64.169 - - [03/Jul/2026:19:51:26 +0200] "GET /?h=37171062441100 HTTP/1.1" 301 313 "-" "Mozilla/5.0 (Linux; Android 6.0.1; Nexus 5X Build/MMB29P) AppleWebKit/537.36 (KHTML, like Gecko) Chrome/150.0.7871.46 Mobile Safari/537.36 (compatible; Googlebot/2.1; +http://www.google.com/bot.html)"
66.249.64.170 - - [03/Jul/2026:19:51:27 +0200] "GET /index.php/?h=37171062441100 HTTP/1.1" 301 - "-" "Mozilla/5.0 (Linux; Android 6.0.1; Nexus 5X Build/MMB29P) AppleWebKit/537.36 (KHTML, like Gecko) Chrome/150.0.7871.46 Mobile Safari/537.36 (compatible; Googlebot/2.1; +http://www.google.com/bot.html)"
66.249.64.170 - - [03/Jul/2026:19:51:27 +0200] "GET /?h=21780157401100 HTTP/1.1" 301 313 "-" "Mozilla/5.0 (Linux; Android 6.0.1; Nexus 5X Build/MMB29P) AppleWebKit/537.36 (KHTML, like Gecko) Chrome/150.0.7871.46 Mobile Safari/537.36 (compatible; Googlebot/2.1; +http://www.google.com/bot.html)"
66.249.64.169 - - [03/Jul/2026:19:51:27 +0200] "GET /index.php/?h=21780157401100 HTTP/1.1" 301 - "-" "Mozilla/5.0 (Linux; Android 6.0.1; Nexus 5X Build/MMB29P) AppleWebKit/537.36 (KHTML, like Gecko) Chrome/150.0.7871.46 Mobile Safari/537.36 (compatible; Googlebot/2.1; +http://www.google.com/bot.html)"
66.249.64.169 - - [03/Jul/2026:19:52:53 +0200] "GET /?h=32716368201100 HTTP/1.1" 301 313 "-" "Mozilla/5.0 (Linux; Android 6.0.1; Nexus 5X Build/MMB29P) AppleWebKit/537.36 (KHTML, like Gecko) Chrome/150.0.7871.46 Mobile Safari/537.36 (compatible; Googlebot/2.1; +http://www.google.com/bot.html)"
66.249.64.170 - - [03/Jul/2026:19:52:53 +0200] "GET /index.php/?h=32716368201100 HTTP/1.1" 301 - "-" "Mozilla/5.0 (Linux; Android 6.0.1; Nexus 5X Build/MMB29P) AppleWebKit/537.36 (KHTML, like Gecko) Chrome/150.0.7871.46 Mobile Safari/537.36 (compatible; Googlebot/2.1; +http://www.google.com/bot.html)"
66.249.64.170 - - [03/Jul/2026:19:53:26 +0200] "GET /?h=29966254121100 HTTP/1.1" 301 313 "-" "Mozilla/5.0 (Linux; Android 6.0.1; Nexus 5X Build/MMB29P) AppleWebKit/537.36 (KHTML, like Gecko) Chrome/150.0.7871.46 Mobile Safari/537.36 (compatible; Googlebot/2.1; +http://www.google.com/bot.html)"
