147.185.132.118 - - [01/Jul/2026:14:20:18 +0200] "GET /wp-login.php HTTP/1.1" 200 8337 "http://65.108.235.243:80/wp-login.php" "Hello from Palo Alto Networks, find out more about our scans in https://docs-cortex.paloaltonetworks.com/r/1/Cortex-Xpanse/Scanning-activity"
65.108.235.243 - - [01/Jul/2026:14:26:10 +0200] "POST /wp-cron.php?doing_wp_cron=1782908770.6075139045715332031250 HTTP/1.1" 200 1 "-" "WordPress/7.0; https://mantova.elettroservicegroup.it"
192.132.130.7 - - [01/Jul/2026:14:26:05 +0200] "GET /wp-login.php HTTP/2.0" 200 2571 "-" "Mozilla/5.0 (Windows NT 10.0; Win64; x64) AppleWebKit/537.36 (KHTML, like Gecko) Chrome/121.0.0.0 Safari/537.36 Edg/121.0.0.0"
192.132.130.7 - - [01/Jul/2026:14:26:11 +0200] "GET /wp-includes/js/dist/dom-ready.min.js?ver=a06281ae5cf5500e9317 HTTP/2.0" 200 398 "https://mantova.elettroservicegroup.it/wp-login.php" "Mozilla/5.0 (Windows NT 10.0; Win64; x64) AppleWebKit/537.36 (KHTML, like Gecko) Chrome/121.0.0.0 Safari/537.36 Edg/121.0.0.0"
192.132.130.7 - - [01/Jul/2026:14:26:11 +0200] "GET /wp-admin/js/password-strength-meter.min.js?ver=7.0 HTTP/2.0" 200 560 "https://mantova.elettroservicegroup.it/wp-login.php" "Mozilla/5.0 (Windows NT 10.0; Win64; x64) AppleWebKit/537.36 (KHTML, like Gecko) Chrome/121.0.0.0 Safari/537.36 Edg/121.0.0.0"
192.132.130.7 - - [01/Jul/2026:14:26:11 +0200] "GET /wp-includes/js/dist/a11y.min.js?ver=af934e5259bc51b8718e HTTP/2.0" 200 915 "https://mantova.elettroservicegroup.it/wp-login.php" "Mozilla/5.0 (Windows NT 10.0; Win64; x64) AppleWebKit/537.36 (KHTML, like Gecko) Chrome/121.0.0.0 Safari/537.36 Edg/121.0.0.0"
192.132.130.7 - - [01/Jul/2026:14:26:11 +0200] "GET /wp-includes/js/dist/i18n.min.js?ver=781d11515ad3d91786ec HTTP/2.0" 200 2333 "https://mantova.elettroservicegroup.it/wp-login.php" "Mozilla/5.0 (Windows NT 10.0; Win64; x64) AppleWebKit/537.36 (KHTML, like Gecko) Chrome/121.0.0.0 Safari/537.36 Edg/121.0.0.0"
192.132.130.7 - - [01/Jul/2026:14:26:11 +0200] "GET /wp-includes/js/wp-util.min.js?ver=7.0 HTTP/2.0" 200 693 "https://mantova.elettroservicegroup.it/wp-login.php" "Mozilla/5.0 (Windows NT 10.0; Win64; x64) AppleWebKit/537.36 (KHTML, like Gecko) Chrome/121.0.0.0 Safari/537.36 Edg/121.0.0.0"
192.132.130.7 - - [01/Jul/2026:14:26:11 +0200] "GET /wp-admin/js/user-profile.min.js?ver=7.0 HTTP/2.0" 200 2891 "https://mantova.elettroservicegroup.it/wp-login.php" "Mozilla/5.0 (Windows NT 10.0; Win64; x64) AppleWebKit/537.36 (KHTML, like Gecko) Chrome/121.0.0.0 Safari/537.36 Edg/121.0.0.0"
192.132.130.7 - - [01/Jul/2026:14:26:11 +0200] "GET /wp-includes/js/underscore.min.js?ver=1.13.8 HTTP/2.0" 200 7243 "https://mantova.elettroservicegroup.it/wp-login.php" "Mozilla/5.0 (Windows NT 10.0; Win64; x64) AppleWebKit/537.36 (KHTML, like Gecko) Chrome/121.0.0.0 Safari/537.36 Edg/121.0.0.0"
192.132.130.7 - - [01/Jul/2026:14:26:11 +0200] "GET /wp-admin/load-styles.php?c=1&dir=ltr&load%5Bchunk_0%5D=dashicons,buttons,forms,l10n,wp-base-styles,login&ver=7.0 HTTP/2.0" 200 45751 "https://mantova.elettroservicegroup.it/wp-login.php" "Mozilla/5.0 (Windows NT 10.0; Win64; x64) AppleWebKit/537.36 (KHTML, like Gecko) Chrome/121.0.0.0 Safari/537.36 Edg/121.0.0.0"
192.132.130.7 - - [01/Jul/2026:14:26:11 +0200] "GET /wp-admin/load-scripts.php?c=1&load%5Bchunk_0%5D=clipboard,jquery-core,jquery-migrate,zxcvbn-async,wp-hooks&ver=7.0 HTTP/2.0" 200 37674 "https://mantova.elettroservicegroup.it/wp-login.php" "Mozilla/5.0 (Windows NT 10.0; Win64; x64) AppleWebKit/537.36 (KHTML, like Gecko) Chrome/121.0.0.0 Safari/537.36 Edg/121.0.0.0"
192.132.130.7 - - [01/Jul/2026:14:26:12 +0200] "GET /wp-admin/images/wordpress-logo-gray.svg?ver=20260303 HTTP/2.0" 200 765 "https://mantova.elettroservicegroup.it/wp-admin/load-styles.php?c=1&dir=ltr&load%5Bchunk_0%5D=dashicons,buttons,forms,l10n,wp-base-styles,login&ver=7.0" "Mozilla/5.0 (Windows NT 10.0; Win64; x64) AppleWebKit/537.36 (KHTML, like Gecko) Chrome/121.0.0.0 Safari/537.36 Edg/121.0.0.0"
192.132.130.7 - - [01/Jul/2026:14:26:12 +0200] "GET /wp-includes/js/zxcvbn.min.js HTTP/2.0" 200 387992 "https://mantova.elettroservicegroup.it/wp-login.php" "Mozilla/5.0 (Windows NT 10.0; Win64; x64) AppleWebKit/537.36 (KHTML, like Gecko) Chrome/121.0.0.0 Safari/537.36 Edg/121.0.0.0"
65.108.235.243 - - [01/Jul/2026:14:26:21 +0200] "POST /wp-cron.php?doing_wp_cron=1782908781.4164369106292724609375 HTTP/1.1" 200 1 "-" "WordPress/7.0; https://mantova.elettroservicegroup.it"
192.132.130.7 - - [01/Jul/2026:14:26:20 +0200] "POST /wp-login.php HTTP/2.0" 200 2691 "https://mantova.elettroservicegroup.it/wp-login.php" "Mozilla/5.0 (Windows NT 10.0; Win64; x64) AppleWebKit/537.36 (KHTML, like Gecko) Chrome/121.0.0.0 Safari/537.36 Edg/121.0.0.0"
192.132.130.7 - - [01/Jul/2026:14:26:22 +0200] "GET /wp-includes/js/dist/dom-ready.min.js?ver=a06281ae5cf5500e9317 HTTP/2.0" 200 398 "https://mantova.elettroservicegroup.it/wp-login.php" "Mozilla/5.0 (Windows NT 10.0; Win64; x64) AppleWebKit/537.36 (KHTML, like Gecko) Chrome/121.0.0.0 Safari/537.36 Edg/121.0.0.0"
192.132.130.7 - - [01/Jul/2026:14:26:22 +0200] "GET /wp-admin/js/password-strength-meter.min.js?ver=7.0 HTTP/2.0" 200 560 "https://mantova.elettroservicegroup.it/wp-login.php" "Mozilla/5.0 (Windows NT 10.0; Win64; x64) AppleWebKit/537.36 (KHTML, like Gecko) Chrome/121.0.0.0 Safari/537.36 Edg/121.0.0.0"
192.132.130.7 - - [01/Jul/2026:14:26:22 +0200] "GET /wp-includes/js/wp-util.min.js?ver=7.0 HTTP/2.0" 200 693 "https://mantova.elettroservicegroup.it/wp-login.php" "Mozilla/5.0 (Windows NT 10.0; Win64; x64) AppleWebKit/537.36 (KHTML, like Gecko) Chrome/121.0.0.0 Safari/537.36 Edg/121.0.0.0"
192.132.130.7 - - [01/Jul/2026:14:26:22 +0200] "GET /wp-includes/js/dist/a11y.min.js?ver=af934e5259bc51b8718e HTTP/2.0" 200 915 "https://mantova.elettroservicegroup.it/wp-login.php" "Mozilla/5.0 (Windows NT 10.0; Win64; x64) AppleWebKit/537.36 (KHTML, like Gecko) Chrome/121.0.0.0 Safari/537.36 Edg/121.0.0.0"
192.132.130.7 - - [01/Jul/2026:14:26:22 +0200] "GET /wp-includes/js/dist/i18n.min.js?ver=781d11515ad3d91786ec HTTP/2.0" 200 2333 "https://mantova.elettroservicegroup.it/wp-login.php" "Mozilla/5.0 (Windows NT 10.0; Win64; x64) AppleWebKit/537.36 (KHTML, like Gecko) Chrome/121.0.0.0 Safari/537.36 Edg/121.0.0.0"
192.132.130.7 - - [01/Jul/2026:14:26:22 +0200] "GET /wp-admin/js/user-profile.min.js?ver=7.0 HTTP/2.0" 200 2891 "https://mantova.elettroservicegroup.it/wp-login.php" "Mozilla/5.0 (Windows NT 10.0; Win64; x64) AppleWebKit/537.36 (KHTML, like Gecko) Chrome/121.0.0.0 Safari/537.36 Edg/121.0.0.0"
192.132.130.7 - - [01/Jul/2026:14:26:22 +0200] "GET /wp-includes/js/underscore.min.js?ver=1.13.8 HTTP/2.0" 200 7243 "https://mantova.elettroservicegroup.it/wp-login.php" "Mozilla/5.0 (Windows NT 10.0; Win64; x64) AppleWebKit/537.36 (KHTML, like Gecko) Chrome/121.0.0.0 Safari/537.36 Edg/121.0.0.0"
192.132.130.7 - - [01/Jul/2026:14:26:22 +0200] "GET /wp-admin/load-styles.php?c=1&dir=ltr&load%5Bchunk_0%5D=dashicons,buttons,forms,l10n,wp-base-styles,login&ver=7.0 HTTP/2.0" 200 45751 "https://mantova.elettroservicegroup.it/wp-login.php" "Mozilla/5.0 (Windows NT 10.0; Win64; x64) AppleWebKit/537.36 (KHTML, like Gecko) Chrome/121.0.0.0 Safari/537.36 Edg/121.0.0.0"
192.132.130.7 - - [01/Jul/2026:14:26:22 +0200] "GET /wp-admin/load-scripts.php?c=1&load%5Bchunk_0%5D=clipboard,jquery-core,jquery-migrate,zxcvbn-async,wp-hooks&ver=7.0 HTTP/2.0" 200 37674 "https://mantova.elettroservicegroup.it/wp-login.php" "Mozilla/5.0 (Windows NT 10.0; Win64; x64) AppleWebKit/537.36 (KHTML, like Gecko) Chrome/121.0.0.0 Safari/537.36 Edg/121.0.0.0"
192.132.130.7 - - [01/Jul/2026:14:26:22 +0200] "GET /wp-admin/images/wordpress-logo-gray.svg?ver=20260303 HTTP/2.0" 200 765 "https://mantova.elettroservicegroup.it/wp-admin/load-styles.php?c=1&dir=ltr&load%5Bchunk_0%5D=dashicons,buttons,forms,l10n,wp-base-styles,login&ver=7.0" "Mozilla/5.0 (Windows NT 10.0; Win64; x64) AppleWebKit/537.36 (KHTML, like Gecko) Chrome/121.0.0.0 Safari/537.36 Edg/121.0.0.0"
17.22.237.193 - - [01/Jul/2026:14:26:38 +0200] "GET /robots.txt HTTP/2.0" 200 193 "-" "Mozilla/5.0 (Macintosh; Intel Mac OS X 10_15_7) AppleWebKit/605.1.15 (KHTML, like Gecko) Version/17.4 Safari/605.1.15 (Applebot/0.1; +http://www.apple.com/go/applebot)"
17.22.237.193 - - [01/Jul/2026:14:26:39 +0200] "GET /feed/?attachment_id=14437 HTTP/2.0" 200 754 "-" "Mozilla/5.0 (Macintosh; Intel Mac OS X 10_15_7) AppleWebKit/605.1.15 (KHTML, like Gecko) Version/17.4 Safari/605.1.15 (Applebot/0.1; +http://www.apple.com/go/applebot)"
65.108.235.243 - - [01/Jul/2026:15:50:57 +0200] "POST /wp-cron.php?doing_wp_cron=1782913857.3112299442291259765625 HTTP/1.1" 200 1 "-" "WordPress/7.0; https://mantova.elettroservicegroup.it"
198.235.24.229 - - [01/Jul/2026:15:50:51 +0200] "GET / HTTP/1.1" 500 25892 "-" "Hello from Palo Alto Networks, find out more about our scans in https://docs-cortex.paloaltonetworks.com/r/1/Cortex-Xpanse/Scanning-activity"
65.108.235.243 - - [01/Jul/2026:15:50:58 +0200] "POST /wp-json/complianz/v1/wsc-scan HTTP/1.1" 400 88 "-" "WordPress/7.0; https://mantova.elettroservicegroup.it"
65.108.235.243 - - [01/Jul/2026:15:51:20 +0200] "POST /wp-cron.php?doing_wp_cron=1782913880.3157029151916503906250 HTTP/1.1" 200 1 "-" "WordPress/7.0; https://mantova.elettroservicegroup.it"
209.135.168.165 - - [01/Jul/2026:15:51:19 +0200] "GET / HTTP/1.1" 301 - "-" "Mozilla/5.0 (Windows NT 10.0; Win64; x64) AppleWebKit/537.36 (KHTML, like Gecko) Chrome/136.0.0.0 Safari/537.36 (Silvy X Ran)"
161.118.169.38 - - [01/Jul/2026:15:51:37 +0200] "GET /.env.local HTTP/1.1" 301 - "-" "Mozilla/5.0 (Windows NT 10.0; Win64; x64) AppleWebKit/537.36 (KHTML, like Gecko) Chrome/136.0.0.0 Safari/537.36 (Silvy X Ran)"
146.59.183.16 - - [01/Jul/2026:15:51:48 +0200] "GET /.env.development HTTP/1.1" 301 - "-" "Mozilla/5.0 (Windows NT 10.0; Win64; x64) AppleWebKit/537.36 (KHTML, like Gecko) Chrome/136.0.0.0 Safari/537.36 (Silvy X Ran)"
209.135.168.165 - - [01/Jul/2026:15:51:59 +0200] "GET /.env.test HTTP/1.1" 301 - "-" "Mozilla/5.0 (Windows NT 10.0; Win64; x64) AppleWebKit/537.36 (KHTML, like Gecko) Chrome/136.0.0.0 Safari/537.36 (Silvy X Ran)"
211.175.22.56 - - [01/Jul/2026:15:52:02 +0200] "GET /.env.staging HTTP/1.1" 301 - "-" "Mozilla/5.0 (Windows NT 10.0; Win64; x64) AppleWebKit/537.36 (KHTML, like Gecko) Chrome/136.0.0.0 Safari/537.36 (Silvy X Ran)"
209.135.168.165 - - [01/Jul/2026:15:52:03 +0200] "GET /.env.backup HTTP/1.1" 301 - "-" "Mozilla/5.0 (Windows NT 10.0; Win64; x64) AppleWebKit/537.36 (KHTML, like Gecko) Chrome/136.0.0.0 Safari/537.36 (Silvy X Ran)"
43.134.219.52 - - [01/Jul/2026:15:52:12 +0200] "GET /.env.old HTTP/1.1" 301 - "-" "Mozilla/5.0 (Windows NT 10.0; Win64; x64) AppleWebKit/537.36 (KHTML, like Gecko) Chrome/136.0.0.0 Safari/537.36 (Silvy X Ran)"
65.108.235.243 - - [01/Jul/2026:15:52:20 +0200] "POST /wp-cron.php?doing_wp_cron=1782913940.9127480983734130859375 HTTP/1.1" 200 1 "-" "WordPress/7.0; https://mantova.elettroservicegroup.it"
43.134.219.52 - - [01/Jul/2026:15:52:20 +0200] "GET /.env.bak HTTP/1.1" 301 - "-" "Mozilla/5.0 (Windows NT 10.0; Win64; x64) AppleWebKit/537.36 (KHTML, like Gecko) Chrome/136.0.0.0 Safari/537.36 (Silvy X Ran)"
43.134.219.52 - - [01/Jul/2026:15:52:24 +0200] "GET /.env.tmp HTTP/1.1" 301 - "-" "Mozilla/5.0 (Windows NT 10.0; Win64; x64) AppleWebKit/537.36 (KHTML, like Gecko) Chrome/136.0.0.0 Safari/537.36 (Silvy X Ran)"
47.128.23.200 - - [01/Jul/2026:16:05:45 +0200] "GET /robots.txt HTTP/1.1" 200 11815 "-" "Mozilla/5.0 (Linux; Android 5.0) AppleWebKit/537.36 (KHTML, like Gecko) Mobile Safari/537.36 (compatible; Bytespider; spider-feedback@bytedance.com)"
65.108.235.243 - - [01/Jul/2026:16:41:32 +0200] "POST /wp-cron.php?doing_wp_cron=1782916892.6180019378662109375000 HTTP/1.1" 200 1 "-" "WordPress/7.0; https://mantova.elettroservicegroup.it"
34.181.165.103 - - [01/Jul/2026:16:41:28 +0200] "GET /.git/config HTTP/1.1" 301 - "-" "-"
209.50.168.34 - - [01/Jul/2026:16:42:10 +0200] "GET /wp-login.php HTTP/1.1" 200 8337 "-" "Mozilla/5.0 (Windows NT 10.0; Win64; x64) AppleWebKit/537.36 (KHTML, like Gecko) Chrome/143.0.0.0 Safari/537.36"
65.108.235.243 - - [01/Jul/2026:16:42:16 +0200] "POST /wp-cron.php?doing_wp_cron=1782916936.0037319660186767578125 HTTP/1.1" 200 1 "-" "WordPress/7.0; https://mantova.elettroservicegroup.it"
209.50.168.34 - - [01/Jul/2026:16:42:15 +0200] "POST /wp-login.php HTTP/1.1" 302 - "https://mantova.elettroservicegroup.it/wp-login.php" "Mozilla/5.0 (Windows NT 10.0; Win64; x64) AppleWebKit/537.36 (KHTML, like Gecko) Chrome/143.0.0.0 Safari/537.36"
209.50.168.34 - - [01/Jul/2026:16:42:16 +0200] "GET /wp-admin/ HTTP/1.1" 200 1230866 "https://mantova.elettroservicegroup.it/wp-login.php" "Mozilla/5.0 (Windows NT 10.0; Win64; x64) AppleWebKit/537.36 (KHTML, like Gecko) Chrome/143.0.0.0 Safari/537.36"
209.50.168.34 - - [01/Jul/2026:16:42:19 +0200] "GET /wp-admin/plugin-install.php HTTP/1.1" 200 576400 "https://mantova.elettroservicegroup.it/wp-login.php" "Mozilla/5.0 (Windows NT 10.0; Win64; x64) AppleWebKit/537.36 (KHTML, like Gecko) Chrome/143.0.0.0 Safari/537.36"
209.50.168.34 - - [01/Jul/2026:16:42:21 +0200] "GET /wp-admin/plugin-install.php HTTP/1.1" 200 576400 "https://mantova.elettroservicegroup.it/wp-login.php" "Mozilla/5.0 (Windows NT 10.0; Win64; x64) AppleWebKit/537.36 (KHTML, like Gecko) Chrome/143.0.0.0 Safari/537.36"
209.50.168.34 - - [01/Jul/2026:16:42:25 +0200] "GET /wp-admin/profile.php HTTP/1.1" 200 877547 "https://mantova.elettroservicegroup.it/wp-admin/profile.php" "Mozilla/5.0 (Windows NT 10.0; Win64; x64) AppleWebKit/537.36 (KHTML, like Gecko) Chrome/143.0.0.0 Safari/537.36"
209.50.168.34 - - [01/Jul/2026:16:42:27 +0200] "POST /wp-admin/profile.php HTTP/1.1" 302 - "https://mantova.elettroservicegroup.it/wp-admin/profile.php" "Mozilla/5.0 (Windows NT 10.0; Win64; x64) AppleWebKit/537.36 (KHTML, like Gecko) Chrome/143.0.0.0 Safari/537.36"
209.50.168.34 - - [01/Jul/2026:16:42:29 +0200] "GET /wp-admin/profile.php?updated=1 HTTP/1.1" 200 877731 "https://mantova.elettroservicegroup.it/wp-admin/profile.php" "Mozilla/5.0 (Windows NT 10.0; Win64; x64) AppleWebKit/537.36 (KHTML, like Gecko) Chrome/143.0.0.0 Safari/537.36"
209.50.168.34 - - [01/Jul/2026:16:42:32 +0200] "GET /wp-admin/users.php?role=administrator HTTP/1.1" 200 536379 "https://mantova.elettroservicegroup.it/wp-admin/users.php" "Mozilla/5.0 (Windows NT 10.0; Win64; x64) AppleWebKit/537.36 (KHTML, like Gecko) Chrome/143.0.0.0 Safari/537.36"
209.50.168.34 - - [01/Jul/2026:16:42:34 +0200] "GET /wp-admin/users.php?action=delete&user=1&_wpnonce=7b335fb935 HTTP/1.1" 200 525355 "https://mantova.elettroservicegroup.it/wp-admin/users.php" "Mozilla/5.0 (Windows NT 10.0; Win64; x64) AppleWebKit/537.36 (KHTML, like Gecko) Chrome/143.0.0.0 Safari/537.36"
209.50.168.34 - - [01/Jul/2026:16:42:35 +0200] "POST /wp-admin/users.php?action=delete&user=1&_wpnonce=7b335fb935 HTTP/1.1" 500 3749 "https://mantova.elettroservicegroup.it/wp-admin/users.php" "Mozilla/5.0 (Windows NT 10.0; Win64; x64) AppleWebKit/537.36 (KHTML, like Gecko) Chrome/143.0.0.0 Safari/537.36"
65.108.235.243 - - [01/Jul/2026:17:30:33 +0200] "POST /wp-cron.php?doing_wp_cron=1782919833.6743199825286865234375 HTTP/1.1" 200 1 "-" "WordPress/7.0; https://mantova.elettroservicegroup.it"
104.210.140.132 - - [01/Jul/2026:17:30:32 +0200] "GET /robots.txt HTTP/2.0" 200 107 "-" "Mozilla/5.0 (Macintosh; Intel Mac OS X 10_15_7) AppleWebKit/537.36 (KHTML, like Gecko) Chrome/131.0.0.0 Safari/537.36; compatible; OAI-SearchBot/1.0; +https://openai.com/searchbot"
65.108.235.243 - - [01/Jul/2026:17:30:33 +0200] "POST /wp-json/complianz/v1/wsc-scan HTTP/1.1" 400 88 "-" "WordPress/7.0; https://mantova.elettroservicegroup.it"
65.108.235.243 - - [01/Jul/2026:17:30:41 +0200] "GET /?wp_scrape_key=4384278fabc1c0ef5b608cd1b4a4f974&wp_scrape_nonce=1782919839 HTTP/1.1" 500 4765 "-" "WordPress/7.0; https://mantova.elettroservicegroup.it"
65.108.235.243 - - [01/Jul/2026:17:30:46 +0200] "GET /?wp_scrape_key=4384278fabc1c0ef5b608cd1b4a4f974&wp_scrape_nonce=1782919839 HTTP/1.1" 503 587 "-" "WordPress/7.0; https://mantova.elettroservicegroup.it"
65.108.235.243 - - [01/Jul/2026:19:10:47 +0200] "POST /wp-cron.php?doing_wp_cron=1782925847.8243710994720458984375 HTTP/1.1" 200 1 "-" "WordPress/7.0; https://mantova.elettroservicegroup.it"
114.119.137.153 - - [01/Jul/2026:19:10:43 +0200] "GET /robots.txt HTTP/1.1" 200 107 "https://mantova.elettroservicegroup.it/robots.txt" "Mozilla/5.0 (Windows NT 10.0; Win64; x64) AppleWebKit/537.36 (KHTML, like Gecko) Chrome/148.0.0.0 Safari/537.36"
65.108.235.243 - - [01/Jul/2026:19:10:51 +0200] "POST /wp-json/complianz/v1/wsc-scan HTTP/1.1" 400 88 "-" "WordPress/7.0; https://mantova.elettroservicegroup.it"
65.108.235.243 - - [01/Jul/2026:20:12:04 +0200] "POST /wp-cron.php?doing_wp_cron=1782929524.2106690406799316406250 HTTP/1.1" 200 1 "-" "WordPress/7.0; https://mantova.elettroservicegroup.it"
198.235.24.219 - - [01/Jul/2026:20:11:59 +0200] "GET /wp-login.php HTTP/1.1" 200 8337 "-" "Hello from Palo Alto Networks, find out more about our scans in https://docs-cortex.paloaltonetworks.com/r/1/Cortex-Xpanse/Scanning-activity"
65.108.235.243 - - [01/Jul/2026:20:12:05 +0200] "POST /wp-json/complianz/v1/wsc-scan HTTP/1.1" 400 88 "-" "WordPress/7.0; https://mantova.elettroservicegroup.it"
65.108.235.243 - - [01/Jul/2026:21:31:04 +0200] "POST /wp-cron.php?doing_wp_cron=1782934264.2190780639648437500000 HTTP/1.1" 200 1 "-" "WordPress/7.0; https://mantova.elettroservicegroup.it"
112.39.81.253 - - [01/Jul/2026:21:30:57 +0200] "GET / HTTP/2.0" 500 5336 "-" "Mozilla/5.0 (Linux; Android 6.0; Nexus 5 Build/MRA58N) AppleWebKit/537.36 (KHTML, like Gecko) Chrome/41.0.7478.1407 Mobile Safari/537.36"
65.108.235.243 - - [01/Jul/2026:21:31:06 +0200] "POST /wp-json/complianz/v1/wsc-scan HTTP/1.1" 400 88 "-" "WordPress/7.0; https://mantova.elettroservicegroup.it"
128.241.65.134 - - [01/Jul/2026:21:31:06 +0200] "GET /wp-content/uploads/elementor/css/post-14146.css?ver=1782934263 HTTP/2.0" 200 428 "https://mantova.elettroservicegroup.it/" "Mozilla/5.0 (Linux; Android 6.0; Nexus 5 Build/MRA58N) AppleWebKit/537.36 (KHTML, like Gecko) Chrome/41.0.7478.1407 Mobile Safari/537.36"
128.241.65.134 - - [01/Jul/2026:21:31:06 +0200] "GET /wp-content/plugins/elementor/assets/css/widget-icon-list.min.css?ver=3.24.3 HTTP/2.0" 200 928 "https://mantova.elettroservicegroup.it/" "Mozilla/5.0 (Linux; Android 6.0; Nexus 5 Build/MRA58N) AppleWebKit/537.36 (KHTML, like Gecko) Chrome/41.0.7478.1407 Mobile Safari/537.36"
128.241.65.134 - - [01/Jul/2026:21:31:06 +0200] "GET /wp-content/plugins/wpfront-notification-bar/css/wpfront-notification-bar.min.css?ver=3.5.1.05102 HTTP/2.0" 200 665 "https://mantova.elettroservicegroup.it/" "Mozilla/5.0 (Linux; Android 6.0; Nexus 5 Build/MRA58N) AppleWebKit/537.36 (KHTML, like Gecko) Chrome/41.0.7478.1407 Mobile Safari/537.36"
128.241.65.134 - - [01/Jul/2026:21:31:06 +0200] "GET /wp-content/plugins/all-in-one-seo-pack/dist/Lite/assets/css/table-of-contents/global.e90f6d47.css?ver=4.9.8 HTTP/2.0" 200 420 "https://mantova.elettroservicegroup.it/" "Mozilla/5.0 (Linux; Android 6.0; Nexus 5 Build/MRA58N) AppleWebKit/537.36 (KHTML, like Gecko) Chrome/41.0.7478.1407 Mobile Safari/537.36"
128.241.65.134 - - [01/Jul/2026:21:31:06 +0200] "GET /wp-content/uploads/elementor/css/post-14366.css?ver=1782934264 HTTP/2.0" 200 304 "https://mantova.elettroservicegroup.it/" "Mozilla/5.0 (Linux; Android 6.0; Nexus 5 Build/MRA58N) AppleWebKit/537.36 (KHTML, like Gecko) Chrome/41.0.7478.1407 Mobile Safari/537.36"
128.241.65.134 - - [01/Jul/2026:21:31:06 +0200] "GET /wp-content/plugins/header-footer-elementor/assets/css/header-footer-elementor.css?ver=2.9.0 HTTP/2.0" 200 260 "https://mantova.elettroservicegroup.it/" "Mozilla/5.0 (Linux; Android 6.0; Nexus 5 Build/MRA58N) AppleWebKit/537.36 (KHTML, like Gecko) Chrome/41.0.7478.1407 Mobile Safari/537.36"
128.241.65.134 - - [01/Jul/2026:21:31:06 +0200] "GET /wp-content/plugins/elementor/assets/lib/eicons/css/elementor-icons.min.css?ver=5.50.0 HTTP/2.0" 200 4125 "https://mantova.elettroservicegroup.it/" "Mozilla/5.0 (Linux; Android 6.0; Nexus 5 Build/MRA58N) AppleWebKit/537.36 (KHTML, like Gecko) Chrome/41.0.7478.1407 Mobile Safari/537.36"
128.241.65.134 - - [01/Jul/2026:21:31:06 +0200] "GET /wp-includes/css/dist/block-library/style.min.css?ver=7.0 HTTP/2.0" 200 15998 "https://mantova.elettroservicegroup.it/" "Mozilla/5.0 (Linux; Android 6.0; Nexus 5 Build/MRA58N) AppleWebKit/537.36 (KHTML, like Gecko) Chrome/41.0.7478.1407 Mobile Safari/537.36"
128.241.65.134 - - [01/Jul/2026:21:31:06 +0200] "GET /wp-content/plugins/elementor/assets/lib/font-awesome/css/v4-shims.min.css?ver=4.1.4 HTTP/2.0" 200 3986 "https://mantova.elettroservicegroup.it/" "Mozilla/5.0 (Linux; Android 6.0; Nexus 5 Build/MRA58N) AppleWebKit/537.36 (KHTML, like Gecko) Chrome/41.0.7478.1407 Mobile Safari/537.36"
128.241.65.134 - - [01/Jul/2026:21:31:06 +0200] "GET /wp-content/plugins/elementor/assets/lib/font-awesome/css/all.min.css?ver=4.1.4 HTTP/2.0" 200 12402 "https://mantova.elettroservicegroup.it/" "Mozilla/5.0 (Linux; Android 6.0; Nexus 5 Build/MRA58N) AppleWebKit/537.36 (KHTML, like Gecko) Chrome/41.0.7478.1407 Mobile Safari/537.36"
128.241.65.134 - - [01/Jul/2026:21:31:06 +0200] "GET /wp-content/plugins/header-footer-elementor/inc/widgets-css/frontend.css?ver=2.9.0 HTTP/2.0" 200 8711 "https://mantova.elettroservicegroup.it/" "Mozilla/5.0 (Linux; Android 6.0; Nexus 5 Build/MRA58N) AppleWebKit/537.36 (KHTML, like Gecko) Chrome/41.0.7478.1407 Mobile Safari/537.36"
128.241.65.134 - - [01/Jul/2026:21:31:06 +0200] "GET /wp-content/plugins/elementor/assets/css/widget-social-icons.min.css?ver=3.24.0 HTTP/2.0" 200 1039 "https://mantova.elettroservicegroup.it/" "Mozilla/5.0 (Linux; Android 6.0; Nexus 5 Build/MRA58N) AppleWebKit/537.36 (KHTML, like Gecko) Chrome/41.0.7478.1407 Mobile Safari/537.36"
128.241.65.134 - - [01/Jul/2026:21:31:06 +0200] "GET /wp-content/plugins/essential-addons-for-elementor-lite/assets/front-end/css/view/general.min.css?ver=6.6.9 HTTP/2.0" 200 1422 "https://mantova.elettroservicegroup.it/" "Mozilla/5.0 (Linux; Android 6.0; Nexus 5 Build/MRA58N) AppleWebKit/537.36 (KHTML, like Gecko) Chrome/41.0.7478.1407 Mobile Safari/537.36"
128.241.65.134 - - [01/Jul/2026:21:31:06 +0200] "GET /wp-content/plugins/elementor/assets/lib/font-awesome/css/solid.css?ver=5.15.3 HTTP/2.0" 200 299 "https://mantova.elettroservicegroup.it/" "Mozilla/5.0 (Linux; Android 6.0; Nexus 5 Build/MRA58N) AppleWebKit/537.36 (KHTML, like Gecko) Chrome/41.0.7478.1407 Mobile Safari/537.36"
128.241.65.134 - - [01/Jul/2026:21:31:06 +0200] "GET /wp-content/uploads/elementor/google-fonts/css/robotoslab.css?ver=1742253597 HTTP/2.0" 200 717 "https://mantova.elettroservicegroup.it/" "Mozilla/5.0 (Linux; Android 6.0; Nexus 5 Build/MRA58N) AppleWebKit/537.36 (KHTML, like Gecko) Chrome/41.0.7478.1407 Mobile Safari/537.36"
128.241.65.134 - - [01/Jul/2026:21:31:06 +0200] "GET /wp-content/plugins/gp-premium/menu-plus/functions/css/sticky.min.css?ver=2.5.6 HTTP/2.0" 200 421 "https://mantova.elettroservicegroup.it/" "Mozilla/5.0 (Linux; Android 6.0; Nexus 5 Build/MRA58N) AppleWebKit/537.36 (KHTML, like Gecko) Chrome/41.0.7478.1407 Mobile Safari/537.36"
128.241.65.134 - - [01/Jul/2026:21:31:06 +0200] "GET /wp-content/plugins/gp-premium/blog/functions/css/style.min.css?ver=2.5.6 HTTP/2.0" 200 1018 "https://mantova.elettroservicegroup.it/" "Mozilla/5.0 (Linux; Android 6.0; Nexus 5 Build/MRA58N) AppleWebKit/537.36 (KHTML, like Gecko) Chrome/41.0.7478.1407 Mobile Safari/537.36"
128.241.65.134 - - [01/Jul/2026:21:31:06 +0200] "GET /wp-content/uploads/elementor/google-fonts/css/roboto.css?ver=1742253595 HTTP/2.0" 200 1885 "https://mantova.elettroservicegroup.it/" "Mozilla/5.0 (Linux; Android 6.0; Nexus 5 Build/MRA58N) AppleWebKit/537.36 (KHTML, like Gecko) Chrome/41.0.7478.1407 Mobile Safari/537.36"
128.241.65.134 - - [01/Jul/2026:21:31:06 +0200] "GET /wp-content/plugins/elementor/assets/css/frontend.min.css?ver=4.1.4 HTTP/2.0" 200 6618 "https://mantova.elettroservicegroup.it/" "Mozilla/5.0 (Linux; Android 6.0; Nexus 5 Build/MRA58N) AppleWebKit/537.36 (KHTML, like Gecko) Chrome/41.0.7478.1407 Mobile Safari/537.36"
128.241.65.134 - - [01/Jul/2026:21:31:06 +0200] "GET /wp-content/plugins/elementor/assets/lib/font-awesome/css/fontawesome.css?ver=5.15.3 HTTP/2.0" 200 12535 "https://mantova.elettroservicegroup.it/" "Mozilla/5.0 (Linux; Android 6.0; Nexus 5 Build/MRA58N) AppleWebKit/537.36 (KHTML, like Gecko) Chrome/41.0.7478.1407 Mobile Safari/537.36"
128.241.65.134 - - [01/Jul/2026:21:31:07 +0200] "GET /wp-content/plugins/elementor/assets/lib/font-awesome/css/brands.css?ver=5.15.3 HTTP/2.0" 200 298 "https://mantova.elettroservicegroup.it/" "Mozilla/5.0 (Linux; Android 6.0; Nexus 5 Build/MRA58N) AppleWebKit/537.36 (KHTML, like Gecko) Chrome/41.0.7478.1407 Mobile Safari/537.36"
128.241.65.134 - - [01/Jul/2026:21:31:07 +0200] "GET /wp-content/plugins/gp-premium/menu-plus/functions/css/navigation-branding.min.css?ver=2.5.6 HTTP/2.0" 200 586 "https://mantova.elettroservicegroup.it/" "Mozilla/5.0 (Linux; Android 6.0; Nexus 5 Build/MRA58N) AppleWebKit/537.36 (KHTML, like Gecko) Chrome/41.0.7478.1407 Mobile Safari/537.36"
128.241.65.134 - - [01/Jul/2026:21:31:07 +0200] "GET /wp-content/plugins/complianz-gdpr-premium/assets/css/cookieblocker.min.css?ver=1781535626 HTTP/2.0" 200 615 "https://mantova.elettroservicegroup.it/" "Mozilla/5.0 (Linux; Android 6.0; Nexus 5 Build/MRA58N) AppleWebKit/537.36 (KHTML, like Gecko) Chrome/41.0.7478.1407 Mobile Safari/537.36"
128.241.65.134 - - [01/Jul/2026:21:31:07 +0200] "GET /wp-content/plugins/wpfront-notification-bar/js/wpfront-notification-bar.min.js?ver=3.5.1.05102 HTTP/2.0" 200 1497 "https://mantova.elettroservicegroup.it/" "Mozilla/5.0 (Linux; Android 6.0; Nexus 5 Build/MRA58N) AppleWebKit/537.36 (KHTML, like Gecko) Chrome/41.0.7478.1407 Mobile Safari/537.36"
128.241.65.134 - - [01/Jul/2026:21:31:07 +0200] "GET /wp-content/plugins/elementor/assets/lib/font-awesome/js/v4-shims.min.js?ver=4.1.4 HTTP/2.0" 200 4043 "https://mantova.elettroservicegroup.it/" "Mozilla/5.0 (Linux; Android 6.0; Nexus 5 Build/MRA58N) AppleWebKit/537.36 (KHTML, like Gecko) Chrome/41.0.7478.1407 Mobile Safari/537.36"
128.241.65.134 - - [01/Jul/2026:21:31:07 +0200] "GET /wp-content/plugins/elementor/assets/lib/eicons/css/elementor-icons.min.css?ver=5.34.0 HTTP/2.0" 200 4125 "https://mantova.elettroservicegroup.it/" "Mozilla/5.0 (Linux; Android 6.0; Nexus 5 Build/MRA58N) AppleWebKit/537.36 (KHTML, like Gecko) Chrome/41.0.7478.1407 Mobile Safari/537.36"
128.241.65.134 - - [01/Jul/2026:21:31:07 +0200] "GET /wp-includes/js/jquery/jquery-migrate.min.js?ver=3.4.1 HTTP/2.0" 200 4685 "https://mantova.elettroservicegroup.it/" "Mozilla/5.0 (Linux; Android 6.0; Nexus 5 Build/MRA58N) AppleWebKit/537.36 (KHTML, like Gecko) Chrome/41.0.7478.1407 Mobile Safari/537.36"
128.241.65.134 - - [01/Jul/2026:21:31:07 +0200] "GET /wp-includes/js/jquery/jquery.min.js?ver=3.7.1 HTTP/2.0" 200 29769 "https://mantova.elettroservicegroup.it/" "Mozilla/5.0 (Linux; Android 6.0; Nexus 5 Build/MRA58N) AppleWebKit/537.36 (KHTML, like Gecko) Chrome/41.0.7478.1407 Mobile Safari/537.36"
65.108.235.243 - - [01/Jul/2026:22:59:45 +0200] "POST /wp-cron.php?doing_wp_cron=1782939585.8042778968811035156250 HTTP/1.1" 200 1 "-" "WordPress/7.0; https://mantova.elettroservicegroup.it"
66.249.64.97 - - [01/Jul/2026:22:59:40 +0200] "GET /robots.txt HTTP/1.1" 200 107 "-" "Mozilla/5.0 (compatible; Googlebot/2.1; +http://www.google.com/bot.html)"
65.108.235.243 - - [01/Jul/2026:22:59:47 +0200] "POST /wp-json/complianz/v1/wsc-scan HTTP/1.1" 400 88 "-" "WordPress/7.0; https://mantova.elettroservicegroup.it"
66.249.64.96 - - [01/Jul/2026:22:59:46 +0200] "GET /termini-e-condizioni/ HTTP/1.1" 500 5066 "-" "Mozilla/5.0 (Linux; Android 6.0.1; Nexus 5X Build/MMB29P) AppleWebKit/537.36 (KHTML, like Gecko) Chrome/149.0.7827.200 Mobile Safari/537.36 (compatible; Googlebot/2.1; +http://www.google.com/bot.html)"
65.108.235.243 - - [02/Jul/2026:00:03:42 +0200] "POST /wp-json/complianz/v1/wsc-scan HTTP/1.1" 400 88 "-" "WordPress/7.0; https://mantova.elettroservicegroup.it"
65.108.235.243 - - [02/Jul/2026:02:03:47 +0200] "POST /wp-json/complianz/v1/wsc-scan HTTP/1.1" 400 88 "-" "WordPress/7.0; https://mantova.elettroservicegroup.it"
65.108.235.243 - - [02/Jul/2026:02:06:57 +0200] "POST /wp-cron.php?doing_wp_cron=1782950817.8906559944152832031250 HTTP/1.1" 200 1 "-" "WordPress/7.0; https://mantova.elettroservicegroup.it"
52.167.144.234 - - [02/Jul/2026:02:06:54 +0200] "GET /sitemap.xml HTTP/2.0" 200 336 "-" "Mozilla/5.0 AppleWebKit/537.36 (KHTML, like Gecko; compatible; bingbot/2.0; +http://www.bing.com/bingbot.htm) Chrome/116.0.1938.76 Safari/537.36"
65.108.235.243 - - [02/Jul/2026:02:09:22 +0200] "POST /wp-cron.php?doing_wp_cron=1782950962.2365109920501708984375 HTTP/1.1" 200 1 "-" "WordPress/7.0; https://mantova.elettroservicegroup.it"
40.77.167.12 - - [02/Jul/2026:02:09:16 +0200] "GET /team-3/ HTTP/2.0" 500 5429 "-" "Mozilla/5.0 AppleWebKit/537.36 (KHTML, like Gecko; compatible; bingbot/2.0; +http://www.bing.com/bingbot.htm) Chrome/116.0.1938.76 Safari/537.36"
65.108.235.243 - - [02/Jul/2026:02:19:15 +0200] "POST /wp-cron.php?doing_wp_cron=1782951555.2967100143432617187500 HTTP/1.1" 200 1 "-" "WordPress/7.0; https://mantova.elettroservicegroup.it"
66.132.172.223 - - [02/Jul/2026:02:19:10 +0200] "GET / HTTP/1.1" 301 - "-" "Mozilla/5.0 (compatible; CensysInspect/1.1; +https://about.censys.io/)"
66.132.172.223 - - [02/Jul/2026:02:19:26 +0200] "GET / HTTP/1.1" 500 25892 "-" "Mozilla/5.0 (compatible; CensysInspect/1.1; +https://about.censys.io/)"
66.132.172.223 - - [02/Jul/2026:02:19:47 +0200] "GET /wp-json/?_fields=name,description,home,gmt_offset,timezone_string,namespaces HTTP/1.1" 200 11731 "-" "Mozilla/5.0 (compatible; CensysInspect/1.1; +https://about.censys.io/)"
66.132.172.223 - - [02/Jul/2026:02:19:52 +0200] "GET / HTTP/1.1" 421 362 "-" "Mozilla/5.0 (compatible; CensysInspect/1.1; +https://about.censys.io/)"
65.108.235.243 - - [02/Jul/2026:02:51:14 +0200] "POST /wp-cron.php?doing_wp_cron=1782953474.5850698947906494140625 HTTP/1.1" 200 1 "-" "WordPress/7.0; https://mantova.elettroservicegroup.it"
66.132.172.195 - - [02/Jul/2026:02:51:13 +0200] "GET / HTTP/1.1" 500 25892 "-" "Mozilla/5.0 (compatible; CensysInspect/1.1; +https://about.censys.io/)"
66.132.172.195 - - [02/Jul/2026:02:52:38 +0200] "GET /wp-json/?_fields=name,description,home,gmt_offset,timezone_string,namespaces HTTP/1.1" 200 11796 "-" "Mozilla/5.0 (compatible; CensysInspect/1.1; +https://about.censys.io/)"
66.132.172.195 - - [02/Jul/2026:02:52:48 +0200] "GET / HTTP/1.1" 421 362 "-" "Mozilla/5.0 (compatible; CensysInspect/1.1; +https://about.censys.io/)"
74.7.227.7 - - [02/Jul/2026:04:23:29 +0200] "GET /sitemap.xml HTTP/2.0" 415 335 "-" "Mozilla/5.0 AppleWebKit/537.36 (KHTML, like Gecko; compatible; GPTBot/1.4; +https://openai.com/gptbot)"
65.108.235.243 - - [02/Jul/2026:04:23:33 +0200] "POST /wp-cron.php?doing_wp_cron=1782959013.5925970077514648437500 HTTP/1.1" 200 1 "-" "WordPress/7.0; https://mantova.elettroservicegroup.it"
74.7.175.176 - - [02/Jul/2026:04:23:29 +0200] "GET /robots.txt HTTP/2.0" 200 107 "-" "Mozilla/5.0 (Macintosh; Intel Mac OS X 10_15_7) AppleWebKit/537.36 (KHTML, like Gecko) Chrome/131.0.0.0 Safari/537.36; compatible; OAI-SearchBot/1.4; robots.txt; +https://openai.com/searchbot"
65.108.235.243 - - [02/Jul/2026:04:23:35 +0200] "POST /wp-json/complianz/v1/wsc-scan HTTP/1.1" 400 88 "-" "WordPress/7.0; https://mantova.elettroservicegroup.it"
65.108.235.243 - - [02/Jul/2026:04:26:26 +0200] "POST /wp-cron.php?doing_wp_cron=1782959186.4927470684051513671875 HTTP/1.1" 200 1 "-" "WordPress/7.0; https://mantova.elettroservicegroup.it"
74.7.227.7 - - [02/Jul/2026:04:26:23 +0200] "GET /sitemap.rss HTTP/2.0" 404 383 "-" "Mozilla/5.0 AppleWebKit/537.36 (KHTML, like Gecko; compatible; GPTBot/1.4; +https://openai.com/gptbot)"
65.108.235.243 - - [02/Jul/2026:04:52:52 +0200] "POST /wp-cron.php?doing_wp_cron=1782960772.6072390079498291015625 HTTP/1.1" 200 1 "-" "WordPress/7.0; https://mantova.elettroservicegroup.it"
66.249.64.97 - - [02/Jul/2026:04:52:47 +0200] "GET / HTTP/1.1" 500 5336 "-" "Mozilla/5.0 (Linux; Android 6.0.1; Nexus 5X Build/MMB29P) AppleWebKit/537.36 (KHTML, like Gecko) Chrome/149.0.7827.200 Mobile Safari/537.36 (compatible; Googlebot/2.1; +http://www.google.com/bot.html)"
66.132.195.51 - - [02/Jul/2026:05:42:28 +0200] "GET /wp-json/?_fields=name,description,home,gmt_offset,timezone_string,namespaces HTTP/1.1" 200 11870 "-" "Mozilla/5.0 (compatible; CensysInspect/1.1; +https://about.censys.io/)"
65.108.235.243 - - [02/Jul/2026:05:54:07 +0200] "POST /wp-json/complianz/v1/wsc-scan HTTP/1.1" 400 88 "-" "WordPress/7.0; https://mantova.elettroservicegroup.it"
65.108.235.243 - - [02/Jul/2026:05:54:15 +0200] "GET /?wp_scrape_key=a4427a15f5b27dba7596534a26b3912b&wp_scrape_nonce=1782964453 HTTP/1.1" 500 4763 "-" "WordPress/7.0; https://mantova.elettroservicegroup.it"
213.226.177.216 - - [02/Jul/2026:06:14:41 +0200] "POST /xmlrpc.php HTTP/1.1" 200 11789 "-" "Mozilla/5.0 (Windows NT 10.0; Win64; x64) AppleWebKit/537.36"
162.120.188.15 - - [02/Jul/2026:10:45:51 +0200] "GET /assistenza-frigoriferi/ HTTP/2.0" 500 5065 "https://www.google.com/" "Mozilla/5.0 (Windows NT 10.0; Win64; x64) AppleWebKit/537.36 (KHTML, like Gecko) Chrome/149.0.0.0 Safari/537.36"
65.108.235.243 - - [02/Jul/2026:10:45:56 +0200] "POST /wp-cron.php?doing_wp_cron=1782981956.2973771095275878906250 HTTP/1.1" 200 1 "-" "WordPress/7.0; https://mantova.elettroservicegroup.it"
142.250.32.103 - - [02/Jul/2026:10:45:51 +0200] "GET /.well-known/traffic-advice HTTP/1.1" 500 5057 "-" "Chrome Privacy Preserving Prefetch Proxy"
72.14.201.23 - - [02/Jul/2026:10:45:57 +0200] "GET /assistenza-frigoriferi/ HTTP/2.0" 500 5065 "https://www.google.com/" "Mozilla/5.0 (Windows NT 10.0; Win64; x64) AppleWebKit/537.36 (KHTML, like Gecko) Chrome/149.0.0.0 Safari/537.36"
65.108.235.243 - - [02/Jul/2026:10:45:57 +0200] "POST /wp-json/complianz/v1/wsc-scan HTTP/1.1" 400 88 "-" "WordPress/7.0; https://mantova.elettroservicegroup.it"
65.108.235.243 - - [02/Jul/2026:11:18:41 +0200] "POST /wp-cron.php?doing_wp_cron=1782983921.2978489398956298828125 HTTP/1.1" 200 1 "-" "WordPress/7.0; https://mantova.elettroservicegroup.it"
65.108.235.243 - - [02/Jul/2026:11:18:41 +0200] "POST /wp-cron.php?doing_wp_cron=1782983921.2979509830474853515625 HTTP/1.1" 200 1 "-" "WordPress/7.0; https://mantova.elettroservicegroup.it"
65.108.235.243 - - [02/Jul/2026:11:18:41 +0200] "POST /wp-cron.php?doing_wp_cron=1782983921.2978489398956298828125 HTTP/1.1" 200 1 "-" "WordPress/7.0; https://mantova.elettroservicegroup.it"
65.108.235.243 - - [02/Jul/2026:11:18:41 +0200] "POST /wp-cron.php?doing_wp_cron=1782983921.2978360652923583984375 HTTP/1.1" 200 1 "-" "WordPress/7.0; https://mantova.elettroservicegroup.it"
95.108.213.251 - - [02/Jul/2026:11:18:39 +0200] "GET /robots.txt HTTP/1.1" 200 193 "-" "Mozilla/5.0 (compatible; YandexBot/3.0; +http://yandex.com/bots)"
95.108.213.221 - - [02/Jul/2026:11:18:37 +0200] "GET /robots.txt HTTP/1.1" 200 193 "-" "Mozilla/5.0 (compatible; YandexBot/3.0; +http://yandex.com/bots)"
65.108.235.243 - - [02/Jul/2026:11:18:41 +0200] "POST /wp-cron.php?doing_wp_cron=1782983921.2979938983917236328125 HTTP/1.1" 200 1 "-" "WordPress/7.0; https://mantova.elettroservicegroup.it"
95.108.213.128 - - [02/Jul/2026:11:18:36 +0200] "GET /robots.txt HTTP/1.1" 200 193 "-" "Mozilla/5.0 (compatible; YandexBot/3.0; +http://yandex.com/bots)"
87.250.224.218 - - [02/Jul/2026:11:18:39 +0200] "GET /robots.txt HTTP/1.1" 200 193 "-" "Mozilla/5.0 (compatible; YandexBot/3.0; +http://yandex.com/bots)"
87.250.224.101 - - [02/Jul/2026:11:18:35 +0200] "GET /robots.txt HTTP/1.1" 200 193 "-" "Mozilla/5.0 (compatible; YandexBot/3.0; +http://yandex.com/bots)"
213.180.203.35 - - [02/Jul/2026:11:18:40 +0200] "GET /robots.txt HTTP/1.1" 200 193 "-" "Mozilla/5.0 (compatible; YandexBot/3.0; +http://yandex.com/bots)"
95.108.213.111 - - [02/Jul/2026:11:18:41 +0200] "GET /robots.txt HTTP/1.1" 200 193 "-" "Mozilla/5.0 (compatible; YandexBot/3.0; +http://yandex.com/bots)"
95.108.213.186 - - [02/Jul/2026:11:18:42 +0200] "GET /robots.txt HTTP/1.1" 200 193 "-" "Mozilla/5.0 (compatible; YandexBot/3.0; +http://yandex.com/bots)"
95.108.213.119 - - [02/Jul/2026:11:18:43 +0200] "GET /robots.txt HTTP/1.1" 200 193 "-" "Mozilla/5.0 (compatible; YandexBot/3.0; +http://yandex.com/bots)"
95.108.213.237 - - [02/Jul/2026:11:18:44 +0200] "GET /robots.txt HTTP/1.1" 200 193 "-" "Mozilla/5.0 (compatible; YandexBot/3.0; +http://yandex.com/bots)"
65.108.235.243 - - [02/Jul/2026:11:32:01 +0200] "POST /wp-cron.php?doing_wp_cron=1782984721.0901260375976562500000 HTTP/1.1" 200 1 "-" "WordPress/7.0; https://mantova.elettroservicegroup.it"
66.249.64.97 - - [02/Jul/2026:11:31:56 +0200] "GET /addl-sitemap.xml HTTP/1.1" 200 368 "-" "Mozilla/5.0 (compatible; Googlebot/2.1; +http://www.google.com/bot.html)"
37.120.155.18 - - [02/Jul/2026:12:03:50 +0200] "GET /wp-login.php HTTP/2.0" 200 11715 "https://mantova.elettroservicegroup.it/" "Mozilla/5.0 (Windows NT 10.0; Win64; x64) AppleWebKit/537.36 (KHTML, like Gecko) Chrome/146.0.0.0 Safari/537.36"
37.120.155.18 - - [02/Jul/2026:12:03:51 +0200] "GET /z0f76a1d14fd21a8fb5fd0d03e0fdc3d3cedae52f?wsidchk=7116230&pdata=https%253A%252F%252Fmantova.elettroservicegroup.it%252Fwp-login.php&id=7fa3b767c460b54a2be4d49030b349c7&ts=1782986630 HTTP/2.0" 302 275 "https://mantova.elettroservicegroup.it/wp-login.php" "Mozilla/5.0 (Windows NT 10.0; Win64; x64) AppleWebKit/537.36 (KHTML, like Gecko) Chrome/146.0.0.0 Safari/537.36"
65.108.235.243 - - [02/Jul/2026:12:03:54 +0200] "POST /wp-cron.php?doing_wp_cron=1782986633.9918100833892822265625 HTTP/1.1" 200 1 "-" "WordPress/7.0; https://mantova.elettroservicegroup.it"
37.120.155.18 - - [02/Jul/2026:12:03:51 +0200] "GET /wp-login.php HTTP/2.0" 200 2570 "https://mantova.elettroservicegroup.it/wp-login.php" "Mozilla/5.0 (Windows NT 10.0; Win64; x64) AppleWebKit/537.36 (KHTML, like Gecko) Chrome/146.0.0.0 Safari/537.36"
37.120.155.18 - - [02/Jul/2026:12:03:54 +0200] "GET /wp-includes/js/dist/dom-ready.min.js?ver=a06281ae5cf5500e9317 HTTP/2.0" 200 398 "https://mantova.elettroservicegroup.it/wp-login.php" "Mozilla/5.0 (Windows NT 10.0; Win64; x64) AppleWebKit/537.36 (KHTML, like Gecko) Chrome/146.0.0.0 Safari/537.36"
37.120.155.18 - - [02/Jul/2026:12:03:54 +0200] "GET /wp-includes/js/dist/a11y.min.js?ver=af934e5259bc51b8718e HTTP/2.0" 200 915 "https://mantova.elettroservicegroup.it/wp-login.php" "Mozilla/5.0 (Windows NT 10.0; Win64; x64) AppleWebKit/537.36 (KHTML, like Gecko) Chrome/146.0.0.0 Safari/537.36"
37.120.155.18 - - [02/Jul/2026:12:03:54 +0200] "GET /wp-admin/js/password-strength-meter.min.js?ver=7.0 HTTP/2.0" 200 560 "https://mantova.elettroservicegroup.it/wp-login.php" "Mozilla/5.0 (Windows NT 10.0; Win64; x64) AppleWebKit/537.36 (KHTML, like Gecko) Chrome/146.0.0.0 Safari/537.36"
37.120.155.18 - - [02/Jul/2026:12:03:54 +0200] "GET /wp-includes/js/dist/i18n.min.js?ver=781d11515ad3d91786ec HTTP/2.0" 200 2333 "https://mantova.elettroservicegroup.it/wp-login.php" "Mozilla/5.0 (Windows NT 10.0; Win64; x64) AppleWebKit/537.36 (KHTML, like Gecko) Chrome/146.0.0.0 Safari/537.36"
37.120.155.18 - - [02/Jul/2026:12:03:54 +0200] "GET /wp-includes/js/wp-util.min.js?ver=7.0 HTTP/2.0" 200 693 "https://mantova.elettroservicegroup.it/wp-login.php" "Mozilla/5.0 (Windows NT 10.0; Win64; x64) AppleWebKit/537.36 (KHTML, like Gecko) Chrome/146.0.0.0 Safari/537.36"
37.120.155.18 - - [02/Jul/2026:12:03:54 +0200] "GET /wp-admin/js/user-profile.min.js?ver=7.0 HTTP/2.0" 200 2891 "https://mantova.elettroservicegroup.it/wp-login.php" "Mozilla/5.0 (Windows NT 10.0; Win64; x64) AppleWebKit/537.36 (KHTML, like Gecko) Chrome/146.0.0.0 Safari/537.36"
37.120.155.18 - - [02/Jul/2026:12:03:54 +0200] "GET /wp-includes/js/underscore.min.js?ver=1.13.8 HTTP/2.0" 200 7243 "https://mantova.elettroservicegroup.it/wp-login.php" "Mozilla/5.0 (Windows NT 10.0; Win64; x64) AppleWebKit/537.36 (KHTML, like Gecko) Chrome/146.0.0.0 Safari/537.36"
37.120.155.18 - - [02/Jul/2026:12:03:54 +0200] "GET /wp-admin/load-styles.php?c=1&dir=ltr&load%5Bchunk_0%5D=dashicons,buttons,forms,l10n,wp-base-styles,login&ver=7.0 HTTP/2.0" 200 45751 "https://mantova.elettroservicegroup.it/wp-login.php" "Mozilla/5.0 (Windows NT 10.0; Win64; x64) AppleWebKit/537.36 (KHTML, like Gecko) Chrome/146.0.0.0 Safari/537.36"
37.120.155.18 - - [02/Jul/2026:12:03:54 +0200] "GET /wp-admin/load-scripts.php?c=1&load%5Bchunk_0%5D=clipboard,jquery-core,jquery-migrate,zxcvbn-async,wp-hooks&ver=7.0 HTTP/2.0" 200 37674 "https://mantova.elettroservicegroup.it/wp-login.php" "Mozilla/5.0 (Windows NT 10.0; Win64; x64) AppleWebKit/537.36 (KHTML, like Gecko) Chrome/146.0.0.0 Safari/537.36"
37.120.155.18 - - [02/Jul/2026:12:03:54 +0200] "GET /wp-admin/images/wordpress-logo-gray.svg?ver=20260303 HTTP/2.0" 200 765 "https://mantova.elettroservicegroup.it/wp-admin/load-styles.php?c=1&dir=ltr&load%5Bchunk_0%5D=dashicons,buttons,forms,l10n,wp-base-styles,login&ver=7.0" "Mozilla/5.0 (Windows NT 10.0; Win64; x64) AppleWebKit/537.36 (KHTML, like Gecko) Chrome/146.0.0.0 Safari/537.36"
37.120.155.18 - - [02/Jul/2026:12:03:54 +0200] "GET /wp-includes/js/zxcvbn.min.js HTTP/2.0" 200 387992 "https://mantova.elettroservicegroup.it/wp-login.php" "Mozilla/5.0 (Windows NT 10.0; Win64; x64) AppleWebKit/537.36 (KHTML, like Gecko) Chrome/146.0.0.0 Safari/537.36"
37.120.155.18 - - [02/Jul/2026:12:03:54 +0200] "GET /favicon.ico HTTP/2.0" 200 1 "https://mantova.elettroservicegroup.it/wp-login.php" "Mozilla/5.0 (Windows NT 10.0; Win64; x64) AppleWebKit/537.36 (KHTML, like Gecko) Chrome/146.0.0.0 Safari/537.36"
65.108.235.243 - - [02/Jul/2026:12:03:54 +0200] "POST /wp-json/complianz/v1/wsc-scan HTTP/1.1" 400 88 "-" "WordPress/7.0; https://mantova.elettroservicegroup.it"
37.120.155.18 - - [02/Jul/2026:12:03:57 +0200] "POST /wp-login.php HTTP/2.0" 200 2691 "https://mantova.elettroservicegroup.it/wp-login.php" "Mozilla/5.0 (Windows NT 10.0; Win64; x64) AppleWebKit/537.36 (KHTML, like Gecko) Chrome/146.0.0.0 Safari/537.36"
37.120.155.18 - - [02/Jul/2026:12:03:58 +0200] "GET /favicon.ico HTTP/2.0" 200 1 "https://mantova.elettroservicegroup.it/wp-login.php" "Mozilla/5.0 (Windows NT 10.0; Win64; x64) AppleWebKit/537.36 (KHTML, like Gecko) Chrome/146.0.0.0 Safari/537.36"
37.120.155.18 - - [02/Jul/2026:12:04:01 +0200] "POST /xmlrpc.php HTTP/1.1" 403 52 "-" "Mozilla/5.0 (Windows NT 10.0; Win64; x64) AppleWebKit/537.36 (KHTML, like Gecko) Chrome/146.0.0.0 Safari/537.36"