51.68.111.218 - - [04/Jul/2026:16:04:10 +0200] "GET /robots.txt HTTP/1.1" 403 - "-" "Mozilla/5.0 (compatible; MJ12bot/v2.0.5; http://mj12bot.com/)"
158.160.136.28 - - [04/Jul/2026:16:28:14 +0200] "GET /wp-json/wp/v2/posts HTTP/1.1" 200 11700 "-" "Mozilla/5.0 (Windows NT 10.0; Win64; x64) AppleWebKit/537.36 (KHTML, like Gecko) Chrome/120.0.0.0 Safari/537.36"
47.128.23.210 - - [04/Jul/2026:16:34:27 +0200] "GET /robots.txt HTTP/1.1" 200 11685 "-" "Mozilla/5.0 (Linux; Android 5.0) AppleWebKit/537.36 (KHTML, like Gecko) Mobile Safari/537.36 (compatible; Bytespider; spider-feedback@bytedance.com)"
101.33.55.204 - - [04/Jul/2026:17:01:58 +0200] "GET / HTTP/1.1" 200 11670 "-" "Mozilla/5.0 (iPhone; CPU iPhone OS 13_2_3 like Mac OS X) AppleWebKit/605.1.15 (KHTML, like Gecko) Version/13.0.3 Mobile/15E148 Safari/604.1"
65.108.235.243 - - [04/Jul/2026:17:06:15 +0200] "POST /wp-cron.php?doing_wp_cron=1783177575.6928899288177490234375 HTTP/1.1" 200 1 "-" "WordPress/7.0; https://elettroservicegroup.it"
43.140.247.223 - - [04/Jul/2026:17:06:08 +0200] "GET / HTTP/1.1" 301 - "-" "Mozilla/5.0 (iPhone; CPU iPhone OS 13_2_3 like Mac OS X) AppleWebKit/605.1.15 (KHTML, like Gecko) Version/13.0.3 Mobile/15E148 Safari/604.1"
65.108.235.243 - - [04/Jul/2026:17:22:00 +0200] "POST /wp-cron.php?doing_wp_cron=1783178520.7079999446868896484375 HTTP/1.1" 200 1 "-" "WordPress/7.0; https://elettroservicegroup.it"
144.172.112.70 - - [04/Jul/2026:17:21:53 +0200] "HEAD /bkp.zip HTTP/1.1" 404 - "-" "python-requests/2.27.1"
43.167.241.46 - - [04/Jul/2026:17:51:27 +0200] "GET / HTTP/1.1" 200 11760 "-" "Mozilla/5.0 (iPhone; CPU iPhone OS 13_2_3 like Mac OS X) AppleWebKit/605.1.15 (KHTML, like Gecko) Version/13.0.3 Mobile/15E148 Safari/604.1"
65.108.235.243 - - [04/Jul/2026:18:05:30 +0200] "POST /wp-cron.php?doing_wp_cron=1783181130.2987658977508544921875 HTTP/1.1" 200 1 "-" "WordPress/7.0; https://elettroservicegroup.it"
66.249.65.201 - - [04/Jul/2026:18:05:22 +0200] "GET /robots.txt HTTP/1.1" 301 1 "-" "Mozilla/5.0 (compatible; Googlebot/2.1; +http://www.google.com/bot.html)"
192.178.4.103 - - [04/Jul/2026:18:05:30 +0200] "GET /robots.txt HTTP/1.1" 200 99 "-" "Mozilla/5.0 (compatible; Googlebot/2.1; +http://www.google.com/bot.html)"
66.249.65.199 - - [04/Jul/2026:18:05:33 +0200] "GET / HTTP/1.1" 301 1 "-" "Mozilla/5.0 (Linux; Android 6.0.1; Nexus 5X Build/MMB29P) AppleWebKit/537.36 (KHTML, like Gecko) Chrome/150.0.7871.46 Mobile Safari/537.36 (compatible; Googlebot/2.1; +http://www.google.com/bot.html)"
34.123.170.104 - - [04/Jul/2026:19:06:00 +0200] "GET / HTTP/1.1" 200 11642 "-" "Mozilla/5.0 (X11; Linux x86_64) AppleWebKit/537.36 (KHTML, like Gecko) Chrome/125.0.0.0 Safari/537.36"
65.108.235.243 - - [04/Jul/2026:19:06:04 +0200] "POST /wp-cron.php?doing_wp_cron=1783184764.2941060066223144531250 HTTP/1.1" 200 1 "-" "WordPress/7.0; https://elettroservicegroup.it"
34.72.176.129 - - [04/Jul/2026:19:06:01 +0200] "GET /z0f76a1d14fd21a8fb5fd0d03e0fdc3d3cedae52f?wsidchk=7183766&pdata=http%253A%252F%252Felettroservicegroup.it&id=7fa3b767c460b54a2be4d49030b349c7&ts=1783184760 HTTP/1.1" 404 83860 "http://elettroservicegroup.it/" "Mozilla/5.0 (X11; Linux x86_64) AppleWebKit/537.36 (KHTML, like Gecko) Chrome/125.0.0.0 Safari/537.36"
34.72.176.129 - - [04/Jul/2026:19:06:04 +0200] "GET /wp-content/plugins/header-footer-elementor/inc/widgets-css/frontend.css?ver=2.9.0 HTTP/1.1" 200 11860 "http://elettroservicegroup.it/z0f76a1d14fd21a8fb5fd0d03e0fdc3d3cedae52f?wsidchk=7183766&pdata=http%253A%252F%252Felettroservicegroup.it&id=7fa3b767c460b54a2be4d49030b349c7&ts=1783184760" "Mozilla/5.0 (X11; Linux x86_64) AppleWebKit/537.36 (KHTML, like Gecko) Chrome/125.0.0.0 Safari/537.36"
34.123.170.104 - - [04/Jul/2026:19:06:04 +0200] "GET /wp-includes/css/dist/block-library/style.min.css?ver=7.0 HTTP/1.1" 200 11798 "http://elettroservicegroup.it/z0f76a1d14fd21a8fb5fd0d03e0fdc3d3cedae52f?wsidchk=7183766&pdata=http%253A%252F%252Felettroservicegroup.it&id=7fa3b767c460b54a2be4d49030b349c7&ts=1783184760" "Mozilla/5.0 (X11; Linux x86_64) AppleWebKit/537.36 (KHTML, like Gecko) Chrome/125.0.0.0 Safari/537.36"
104.197.69.115 - - [04/Jul/2026:19:06:04 +0200] "GET /wp-content/plugins/complianz-gdpr-premium/assets/css/cookieblocker.min.css?ver=1783097327 HTTP/1.1" 200 11818 "http://elettroservicegroup.it/z0f76a1d14fd21a8fb5fd0d03e0fdc3d3cedae52f?wsidchk=7183766&pdata=http%253A%252F%252Felettroservicegroup.it&id=7fa3b767c460b54a2be4d49030b349c7&ts=1783184760" "Mozilla/5.0 (X11; Linux x86_64) AppleWebKit/537.36 (KHTML, like Gecko) Chrome/125.0.0.0 Safari/537.36"
34.123.170.104 - - [04/Jul/2026:19:06:04 +0200] "GET /wp-content/plugins/all-in-one-seo-pack/dist/Lite/assets/css/table-of-contents/global.e90f6d47.css?ver=4.9.7.2 HTTP/1.1" 200 11859 "http://elettroservicegroup.it/z0f76a1d14fd21a8fb5fd0d03e0fdc3d3cedae52f?wsidchk=7183766&pdata=http%253A%252F%252Felettroservicegroup.it&id=7fa3b767c460b54a2be4d49030b349c7&ts=1783184760" "Mozilla/5.0 (X11; Linux x86_64) AppleWebKit/537.36 (KHTML, like Gecko) Chrome/125.0.0.0 Safari/537.36"
34.72.176.129 - - [04/Jul/2026:19:06:04 +0200] "GET /wp-content/plugins/header-footer-elementor/assets/css/header-footer-elementor.css?ver=2.9.0 HTTP/1.1" 200 11870 "http://elettroservicegroup.it/z0f76a1d14fd21a8fb5fd0d03e0fdc3d3cedae52f?wsidchk=7183766&pdata=http%253A%252F%252Felettroservicegroup.it&id=7fa3b767c460b54a2be4d49030b349c7&ts=1783184760" "Mozilla/5.0 (X11; Linux x86_64) AppleWebKit/537.36 (KHTML, like Gecko) Chrome/125.0.0.0 Safari/537.36"
34.122.147.229 - - [04/Jul/2026:19:06:04 +0200] "GET /wp-content/plugins/elementor/assets/lib/eicons/css/elementor-icons.min.css?ver=5.49.0 HTTP/1.1" 200 11857 "http://elettroservicegroup.it/z0f76a1d14fd21a8fb5fd0d03e0fdc3d3cedae52f?wsidchk=7183766&pdata=http%253A%252F%252Felettroservicegroup.it&id=7fa3b767c460b54a2be4d49030b349c7&ts=1783184760" "Mozilla/5.0 (X11; Linux x86_64) AppleWebKit/537.36 (KHTML, like Gecko) Chrome/125.0.0.0 Safari/537.36"
104.197.69.115 - - [04/Jul/2026:19:06:05 +0200] "GET /wp-content/plugins/elementor/assets/css/frontend.min.css?ver=4.1.1 HTTP/1.1" 200 11760 "http://elettroservicegroup.it/z0f76a1d14fd21a8fb5fd0d03e0fdc3d3cedae52f?wsidchk=7183766&pdata=http%253A%252F%252Felettroservicegroup.it&id=7fa3b767c460b54a2be4d49030b349c7&ts=1783184760" "Mozilla/5.0 (X11; Linux x86_64) AppleWebKit/537.36 (KHTML, like Gecko) Chrome/125.0.0.0 Safari/537.36"
34.72.176.129 - - [04/Jul/2026:19:06:05 +0200] "GET /wp-content/uploads/elementor/css/post-14146.css?ver=1783177689 HTTP/1.1" 200 11779 "http://elettroservicegroup.it/z0f76a1d14fd21a8fb5fd0d03e0fdc3d3cedae52f?wsidchk=7183766&pdata=http%253A%252F%252Felettroservicegroup.it&id=7fa3b767c460b54a2be4d49030b349c7&ts=1783184760" "Mozilla/5.0 (X11; Linux x86_64) AppleWebKit/537.36 (KHTML, like Gecko) Chrome/125.0.0.0 Safari/537.36"
34.72.176.129 - - [04/Jul/2026:19:06:05 +0200] "GET /wp-content/plugins/elementor/assets/lib/font-awesome/css/all.min.css?ver=4.1.1 HTTP/1.1" 200 11801 "http://elettroservicegroup.it/z0f76a1d14fd21a8fb5fd0d03e0fdc3d3cedae52f?wsidchk=7183766&pdata=http%253A%252F%252Felettroservicegroup.it&id=7fa3b767c460b54a2be4d49030b349c7&ts=1783184760" "Mozilla/5.0 (X11; Linux x86_64) AppleWebKit/537.36 (KHTML, like Gecko) Chrome/125.0.0.0 Safari/537.36"
34.72.176.129 - - [04/Jul/2026:19:06:05 +0200] "GET /wp-content/plugins/elementor/assets/lib/font-awesome/css/v4-shims.min.css?ver=4.1.1 HTTP/1.1" 200 11806 "http://elettroservicegroup.it/z0f76a1d14fd21a8fb5fd0d03e0fdc3d3cedae52f?wsidchk=7183766&pdata=http%253A%252F%252Felettroservicegroup.it&id=7fa3b767c460b54a2be4d49030b349c7&ts=1783184760" "Mozilla/5.0 (X11; Linux x86_64) AppleWebKit/537.36 (KHTML, like Gecko) Chrome/125.0.0.0 Safari/537.36"
34.122.147.229 - - [04/Jul/2026:19:06:05 +0200] "GET /wp-content/uploads/elementor/css/post-14366.css?ver=1783178520 HTTP/1.1" 200 11747 "http://elettroservicegroup.it/z0f76a1d14fd21a8fb5fd0d03e0fdc3d3cedae52f?wsidchk=7183766&pdata=http%253A%252F%252Felettroservicegroup.it&id=7fa3b767c460b54a2be4d49030b349c7&ts=1783184760" "Mozilla/5.0 (X11; Linux x86_64) AppleWebKit/537.36 (KHTML, like Gecko) Chrome/125.0.0.0 Safari/537.36"
34.72.176.129 - - [04/Jul/2026:19:06:05 +0200] "GET /wp-content/themes/generatepress/assets/css/main.min.css?ver=3.6.1 HTTP/1.1" 200 11784 "http://elettroservicegroup.it/z0f76a1d14fd21a8fb5fd0d03e0fdc3d3cedae52f?wsidchk=7183766&pdata=http%253A%252F%252Felettroservicegroup.it&id=7fa3b767c460b54a2be4d49030b349c7&ts=1783184760" "Mozilla/5.0 (X11; Linux x86_64) AppleWebKit/537.36 (KHTML, like Gecko) Chrome/125.0.0.0 Safari/537.36"
104.197.69.115 - - [04/Jul/2026:19:06:05 +0200] "GET /wp-content/plugins/elementor/assets/lib/eicons/css/elementor-icons.min.css?ver=5.34.0 HTTP/1.1" 200 11783 "http://elettroservicegroup.it/z0f76a1d14fd21a8fb5fd0d03e0fdc3d3cedae52f?wsidchk=7183766&pdata=http%253A%252F%252Felettroservicegroup.it&id=7fa3b767c460b54a2be4d49030b349c7&ts=1783184760" "Mozilla/5.0 (X11; Linux x86_64) AppleWebKit/537.36 (KHTML, like Gecko) Chrome/125.0.0.0 Safari/537.36"
104.197.69.115 - - [04/Jul/2026:19:06:05 +0200] "GET /wp-content/plugins/elementor/assets/css/widget-icon-list.min.css?ver=3.24.3 HTTP/1.1" 200 11769 "http://elettroservicegroup.it/z0f76a1d14fd21a8fb5fd0d03e0fdc3d3cedae52f?wsidchk=7183766&pdata=http%253A%252F%252Felettroservicegroup.it&id=7fa3b767c460b54a2be4d49030b349c7&ts=1783184760" "Mozilla/5.0 (X11; Linux x86_64) AppleWebKit/537.36 (KHTML, like Gecko) Chrome/125.0.0.0 Safari/537.36"
34.123.170.104 - - [04/Jul/2026:19:06:05 +0200] "GET /wp-content/plugins/elementor/assets/css/widget-social-icons.min.css?ver=3.24.0 HTTP/1.1" 200 11877 "http://elettroservicegroup.it/z0f76a1d14fd21a8fb5fd0d03e0fdc3d3cedae52f?wsidchk=7183766&pdata=http%253A%252F%252Felettroservicegroup.it&id=7fa3b767c460b54a2be4d49030b349c7&ts=1783184760" "Mozilla/5.0 (X11; Linux x86_64) AppleWebKit/537.36 (KHTML, like Gecko) Chrome/125.0.0.0 Safari/537.36"
34.72.176.129 - - [04/Jul/2026:19:06:05 +0200] "GET /wp-content/plugins/elementor/assets/lib/font-awesome/css/fontawesome.css?ver=5.15.3 HTTP/1.1" 200 11806 "http://elettroservicegroup.it/z0f76a1d14fd21a8fb5fd0d03e0fdc3d3cedae52f?wsidchk=7183766&pdata=http%253A%252F%252Felettroservicegroup.it&id=7fa3b767c460b54a2be4d49030b349c7&ts=1783184760" "Mozilla/5.0 (X11; Linux x86_64) AppleWebKit/537.36 (KHTML, like Gecko) Chrome/125.0.0.0 Safari/537.36"
34.123.170.104 - - [04/Jul/2026:19:06:05 +0200] "GET /wp-content/plugins/elementor/assets/lib/font-awesome/css/brands.css?ver=5.15.3 HTTP/1.1" 200 11881 "http://elettroservicegroup.it/z0f76a1d14fd21a8fb5fd0d03e0fdc3d3cedae52f?wsidchk=7183766&pdata=http%253A%252F%252Felettroservicegroup.it&id=7fa3b767c460b54a2be4d49030b349c7&ts=1783184760" "Mozilla/5.0 (X11; Linux x86_64) AppleWebKit/537.36 (KHTML, like Gecko) Chrome/125.0.0.0 Safari/537.36"
34.122.147.229 - - [04/Jul/2026:19:06:05 +0200] "GET /wp-content/plugins/elementor/assets/lib/font-awesome/css/solid.css?ver=5.15.3 HTTP/1.1" 200 11768 "http://elettroservicegroup.it/z0f76a1d14fd21a8fb5fd0d03e0fdc3d3cedae52f?wsidchk=7183766&pdata=http%253A%252F%252Felettroservicegroup.it&id=7fa3b767c460b54a2be4d49030b349c7&ts=1783184760" "Mozilla/5.0 (X11; Linux x86_64) AppleWebKit/537.36 (KHTML, like Gecko) Chrome/125.0.0.0 Safari/537.36"
104.197.69.115 - - [04/Jul/2026:19:06:05 +0200] "GET /wp-content/plugins/gp-premium/blog/functions/css/featured-images.min.css?ver=2.5.5 HTTP/1.1" 200 11778 "http://elettroservicegroup.it/z0f76a1d14fd21a8fb5fd0d03e0fdc3d3cedae52f?wsidchk=7183766&pdata=http%253A%252F%252Felettroservicegroup.it&id=7fa3b767c460b54a2be4d49030b349c7&ts=1783184760" "Mozilla/5.0 (X11; Linux x86_64) AppleWebKit/537.36 (KHTML, like Gecko) Chrome/125.0.0.0 Safari/537.36"
34.122.147.229 - - [04/Jul/2026:19:06:06 +0200] "GET /wp-content/plugins/gp-premium/menu-plus/functions/css/navigation-branding-flex.min.css?ver=2.5.5 HTTP/1.1" 200 11948 "http://elettroservicegroup.it/z0f76a1d14fd21a8fb5fd0d03e0fdc3d3cedae52f?wsidchk=7183766&pdata=http%253A%252F%252Felettroservicegroup.it&id=7fa3b767c460b54a2be4d49030b349c7&ts=1783184760" "Mozilla/5.0 (X11; Linux x86_64) AppleWebKit/537.36 (KHTML, like Gecko) Chrome/125.0.0.0 Safari/537.36"
34.123.170.104 - - [04/Jul/2026:19:06:06 +0200] "GET /wp-includes/js/jquery/jquery.min.js?ver=3.7.1 HTTP/1.1" 404 87706 "http://elettroservicegroup.it/z0f76a1d14fd21a8fb5fd0d03e0fdc3d3cedae52f?wsidchk=7183766&pdata=http%253A%252F%252Felettroservicegroup.it&id=7fa3b767c460b54a2be4d49030b349c7&ts=1783184760" "Mozilla/5.0 (X11; Linux x86_64) AppleWebKit/537.36 (KHTML, like Gecko) Chrome/125.0.0.0 Safari/537.36"
104.197.69.115 - - [04/Jul/2026:19:06:08 +0200] "GET /wp-content/plugins/elementor/assets/lib/font-awesome/js/v4-shims.min.js?ver=4.1.1 HTTP/1.1" 404 87986 "http://elettroservicegroup.it/z0f76a1d14fd21a8fb5fd0d03e0fdc3d3cedae52f?wsidchk=7183766&pdata=http%253A%252F%252Felettroservicegroup.it&id=7fa3b767c460b54a2be4d49030b349c7&ts=1783184760" "Mozilla/5.0 (X11; Linux x86_64) AppleWebKit/537.36 (KHTML, like Gecko) Chrome/125.0.0.0 Safari/537.36"
34.122.147.229 - - [04/Jul/2026:19:06:08 +0200] "GET /wp-includes/js/jquery/jquery-migrate.min.js?ver=3.4.1 HTTP/1.1" 404 87762 "http://elettroservicegroup.it/z0f76a1d14fd21a8fb5fd0d03e0fdc3d3cedae52f?wsidchk=7183766&pdata=http%253A%252F%252Felettroservicegroup.it&id=7fa3b767c460b54a2be4d49030b349c7&ts=1783184760" "Mozilla/5.0 (X11; Linux x86_64) AppleWebKit/537.36 (KHTML, like Gecko) Chrome/125.0.0.0 Safari/537.36"
34.122.147.229 - - [04/Jul/2026:19:06:09 +0200] "GET /wp-content/plugins/complianz-gdpr-premium/DNSMPD/script.min.js?ver=1783097329 HTTP/1.1" 404 87902 "http://elettroservicegroup.it/z0f76a1d14fd21a8fb5fd0d03e0fdc3d3cedae52f?wsidchk=7183766&pdata=http%253A%252F%252Felettroservicegroup.it&id=7fa3b767c460b54a2be4d49030b349c7&ts=1783184760" "Mozilla/5.0 (X11; Linux x86_64) AppleWebKit/537.36 (KHTML, like Gecko) Chrome/125.0.0.0 Safari/537.36"
34.72.176.129 - - [04/Jul/2026:19:06:09 +0200] "GET /wp-content/plugins/gp-premium/menu-plus/functions/js/sticky.min.js?ver=2.5.5 HTTP/1.1" 404 87944 "http://elettroservicegroup.it/z0f76a1d14fd21a8fb5fd0d03e0fdc3d3cedae52f?wsidchk=7183766&pdata=http%253A%252F%252Felettroservicegroup.it&id=7fa3b767c460b54a2be4d49030b349c7&ts=1783184760" "Mozilla/5.0 (X11; Linux x86_64) AppleWebKit/537.36 (KHTML, like Gecko) Chrome/125.0.0.0 Safari/537.36"
34.123.170.104 - - [04/Jul/2026:19:06:11 +0200] "GET /wp-content/plugins/elementor/assets/js/webpack.runtime.min.js?ver=4.1.1 HTTP/1.1" 404 87902 "http://elettroservicegroup.it/z0f76a1d14fd21a8fb5fd0d03e0fdc3d3cedae52f?wsidchk=7183766&pdata=http%253A%252F%252Felettroservicegroup.it&id=7fa3b767c460b54a2be4d49030b349c7&ts=1783184760" "Mozilla/5.0 (X11; Linux x86_64) AppleWebKit/537.36 (KHTML, like Gecko) Chrome/125.0.0.0 Safari/537.36"
34.122.147.229 - - [04/Jul/2026:19:06:11 +0200] "GET /wp-content/themes/generatepress/assets/js/back-to-top.min.js?ver=3.6.1 HTTP/1.1" 404 87895 "http://elettroservicegroup.it/z0f76a1d14fd21a8fb5fd0d03e0fdc3d3cedae52f?wsidchk=7183766&pdata=http%253A%252F%252Felettroservicegroup.it&id=7fa3b767c460b54a2be4d49030b349c7&ts=1783184760" "Mozilla/5.0 (X11; Linux x86_64) AppleWebKit/537.36 (KHTML, like Gecko) Chrome/125.0.0.0 Safari/537.36"
34.72.176.129 - - [04/Jul/2026:19:06:11 +0200] "GET /wp-content/themes/generatepress/assets/js/menu.min.js?ver=3.6.1 HTTP/1.1" 404 87846 "http://elettroservicegroup.it/z0f76a1d14fd21a8fb5fd0d03e0fdc3d3cedae52f?wsidchk=7183766&pdata=http%253A%252F%252Felettroservicegroup.it&id=7fa3b767c460b54a2be4d49030b349c7&ts=1783184760" "Mozilla/5.0 (X11; Linux x86_64) AppleWebKit/537.36 (KHTML, like Gecko) Chrome/125.0.0.0 Safari/537.36"
104.197.69.115 - - [04/Jul/2026:19:06:11 +0200] "GET /wp-content/plugins/elementor/assets/js/frontend-modules.min.js?ver=4.1.1 HTTP/1.1" 404 87909 "http://elettroservicegroup.it/z0f76a1d14fd21a8fb5fd0d03e0fdc3d3cedae52f?wsidchk=7183766&pdata=http%253A%252F%252Felettroservicegroup.it&id=7fa3b767c460b54a2be4d49030b349c7&ts=1783184760" "Mozilla/5.0 (X11; Linux x86_64) AppleWebKit/537.36 (KHTML, like Gecko) Chrome/125.0.0.0 Safari/537.36"
34.72.176.129 - - [04/Jul/2026:19:06:12 +0200] "GET /wp-includes/js/jquery/ui/core.min.js?ver=1.13.3 HTTP/1.1" 404 87720 "http://elettroservicegroup.it/z0f76a1d14fd21a8fb5fd0d03e0fdc3d3cedae52f?wsidchk=7183766&pdata=http%253A%252F%252Felettroservicegroup.it&id=7fa3b767c460b54a2be4d49030b349c7&ts=1783184760" "Mozilla/5.0 (X11; Linux x86_64) AppleWebKit/537.36 (KHTML, like Gecko) Chrome/125.0.0.0 Safari/537.36"
34.123.170.104 - - [04/Jul/2026:19:06:12 +0200] "GET /wp-content/plugins/elementor/assets/js/frontend.min.js?ver=4.1.1 HTTP/1.1" 404 87853 "http://elettroservicegroup.it/z0f76a1d14fd21a8fb5fd0d03e0fdc3d3cedae52f?wsidchk=7183766&pdata=http%253A%252F%252Felettroservicegroup.it&id=7fa3b767c460b54a2be4d49030b349c7&ts=1783184760" "Mozilla/5.0 (X11; Linux x86_64) AppleWebKit/537.36 (KHTML, like Gecko) Chrome/125.0.0.0 Safari/537.36"
34.122.147.229 - - [04/Jul/2026:19:06:15 +0200] "GET /wp-content/plugins/google-analytics-for-wordpress/assets/js/frontend-gtag.min.js?ver=10.2.2 HTTP/1.1" 404 88035 "http://elettroservicegroup.it/z0f76a1d14fd21a8fb5fd0d03e0fdc3d3cedae52f?wsidchk=7183766&pdata=http%253A%252F%252Felettroservicegroup.it&id=7fa3b767c460b54a2be4d49030b349c7&ts=1783184760" "Mozilla/5.0 (X11; Linux x86_64) AppleWebKit/537.36 (KHTML, like Gecko) Chrome/125.0.0.0 Safari/537.36"
34.123.170.104 - - [04/Jul/2026:19:06:15 +0200] "GET /wp-content/plugins/complianz-gdpr-premium/cookiebanner/js/complianz.min.js?ver=1783097327 HTTP/1.1" 404 87993 "http://elettroservicegroup.it/z0f76a1d14fd21a8fb5fd0d03e0fdc3d3cedae52f?wsidchk=7183766&pdata=http%253A%252F%252Felettroservicegroup.it&id=7fa3b767c460b54a2be4d49030b349c7&ts=1783184760" "Mozilla/5.0 (X11; Linux x86_64) AppleWebKit/537.36 (KHTML, like Gecko) Chrome/125.0.0.0 Safari/537.36"
65.108.235.243 - - [04/Jul/2026:20:11:51 +0200] "POST /wp-cron.php?doing_wp_cron=1783188711.7028748989105224609375 HTTP/1.1" 200 1 "-" "WordPress/7.0; https://elettroservicegroup.it"
65.108.235.243 - - [04/Jul/2026:20:11:51 +0200] "POST /wp-cron.php?doing_wp_cron=1783188711.7031669616699218750000 HTTP/1.1" 200 1 "-" "WordPress/7.0; https://elettroservicegroup.it"
66.249.65.201 - - [04/Jul/2026:20:11:44 +0200] "GET / HTTP/1.1" 301 1 "-" "Mozilla/5.0 (Linux; Android 6.0.1; Nexus 5X Build/MMB29P) AppleWebKit/537.36 (KHTML, like Gecko) Chrome/99.0.4844.84 Mobile Safari/537.36 (compatible; Googlebot/2.1; +http://www.google.com/bot.html)"
66.249.65.200 - - [04/Jul/2026:20:11:43 +0200] "GET / HTTP/1.1" 301 1 "-" "Mozilla/5.0 (compatible; Googlebot/2.1; +http://www.google.com/bot.html)"
14.225.208.110 - - [04/Jul/2026:20:25:18 +0200] "GET / HTTP/1.1" 200 11768 "https://google.com/" "Mozilla/5.0 (Windows NT 10.0; Win64; x64; rv:152.0) Gecko/20100101 Firefox/152.0"
43.135.142.7 - - [04/Jul/2026:21:10:24 +0200] "GET / HTTP/1.1" 200 11712 "-" "Mozilla/5.0 (iPhone; CPU iPhone OS 13_2_3 like Mac OS X) AppleWebKit/605.1.15 (KHTML, like Gecko) Version/13.0.3 Mobile/15E148 Safari/604.1"
65.108.235.243 - - [04/Jul/2026:21:35:42 +0200] "POST /wp-cron.php?doing_wp_cron=1783193742.7298650741577148437500 HTTP/1.1" 200 1 "-" "WordPress/7.0; https://elettroservicegroup.it"
216.244.66.196 - - [04/Jul/2026:21:35:32 +0200] "GET /robots.txt HTTP/1.1" 200 177 "-" "Mozilla/5.0 (compatible; DotBot/1.2; +https://opensiteexplorer.org/dotbot; help@moz.com)"
65.108.235.243 - - [04/Jul/2026:21:37:53 +0200] "POST /wp-cron.php?doing_wp_cron=1783193873.6938889026641845703125 HTTP/1.1" 200 1 "-" "WordPress/7.0; https://elettroservicegroup.it"
216.244.66.196 - - [04/Jul/2026:21:37:46 +0200] "GET /comments/feed/ HTTP/1.1" 200 812 "-" "Mozilla/5.0 (compatible; DotBot/1.2; +https://opensiteexplorer.org/dotbot; help@moz.com)"
185.242.3.90 - - [04/Jul/2026:21:48:34 +0200] "GET / HTTP/1.1" 200 11696 "-" "-"
43.157.191.20 - - [04/Jul/2026:22:09:31 +0200] "GET / HTTP/1.1" 200 11696 "-" "Mozilla/5.0 (iPhone; CPU iPhone OS 13_2_3 like Mac OS X) AppleWebKit/605.1.15 (KHTML, like Gecko) Version/13.0.3 Mobile/15E148 Safari/604.1"
65.108.235.243 - - [04/Jul/2026:22:20:05 +0200] "POST /wp-cron.php?doing_wp_cron=1783196405.4522919654846191406250 HTTP/1.1" 200 1 "-" "WordPress/7.0; https://elettroservicegroup.it"
216.244.66.196 - - [04/Jul/2026:22:20:03 +0200] "GET /robots.txt HTTP/1.1" 200 177 "-" "Mozilla/5.0 (compatible; DotBot/1.2; +https://opensiteexplorer.org/dotbot; help@moz.com)"
65.108.235.243 - - [04/Jul/2026:22:22:38 +0200] "POST /wp-cron.php?doing_wp_cron=1783196558.1095180511474609375000 HTTP/1.1" 200 1 "-" "WordPress/7.0; https://elettroservicegroup.it"
216.244.66.196 - - [04/Jul/2026:22:22:30 +0200] "GET /imprint/ HTTP/1.1" 200 87812 "-" "Mozilla/5.0 (compatible; DotBot/1.2; +https://opensiteexplorer.org/dotbot; help@moz.com)"
65.108.235.243 - - [04/Jul/2026:22:29:52 +0200] "POST /wp-cron.php?doing_wp_cron=1783196992.6022291183471679687500 HTTP/1.1" 200 1 "-" "WordPress/7.0; https://elettroservicegroup.it"
49.233.45.47 - - [04/Jul/2026:22:29:44 +0200] "GET / HTTP/1.1" 301 - "-" "Mozilla/5.0 (iPhone; CPU iPhone OS 13_2_3 like Mac OS X) AppleWebKit/605.1.15 (KHTML, like Gecko) Version/13.0.3 Mobile/15E148 Safari/604.1"
65.108.235.243 - - [04/Jul/2026:22:47:55 +0200] "POST /wp-cron.php?doing_wp_cron=1783198075.0994069576263427734375 HTTP/1.1" 200 1 "-" "WordPress/7.0; https://elettroservicegroup.it"
85.203.36.209 - - [04/Jul/2026:22:47:46 +0200] "GET /000.php HTTP/1.1" 404 83394 "-" "Go-http-client/1.1"
85.203.36.209 - - [04/Jul/2026:22:47:55 +0200] "GET /wp-admin/css/index.php HTTP/1.1" 301 - "-" "Go-http-client/1.1"
85.203.36.209 - - [04/Jul/2026:22:47:57 +0200] "GET /wp-admin/css/ HTTP/1.1" 404 83512 "http://elettroservicegroup.it/wp-admin/css/index.php" "Go-http-client/1.1"
85.203.36.209 - - [04/Jul/2026:22:47:59 +0200] "GET /wp-content/plugins/index.php HTTP/1.1" 200 - "-" "Go-http-client/1.1"
85.203.36.209 - - [04/Jul/2026:22:47:59 +0200] "GET /wp-content/index.php HTTP/1.1" 200 - "-" "Go-http-client/1.1"
65.108.235.243 - - [04/Jul/2026:22:48:01 +0200] "POST /wp-cron.php?doing_wp_cron=1783198081.6049509048461914062500 HTTP/1.1" 200 1 "-" "WordPress/7.0; https://elettroservicegroup.it"
85.203.36.209 - - [04/Jul/2026:22:48:00 +0200] "GET //wp-content/plugins/fix/up.php HTTP/1.1" 301 - "-" "Go-http-client/1.1"
85.203.36.209 - - [04/Jul/2026:22:48:02 +0200] "GET /wp-content/plugins/fix/up.php HTTP/1.1" 404 83655 "http://elettroservicegroup.it//wp-content/plugins/fix/up.php" "Go-http-client/1.1"
65.108.235.243 - - [04/Jul/2026:22:53:55 +0200] "POST /wp-cron.php?doing_wp_cron=1783198434.9988889694213867187500 HTTP/1.1" 200 1 "-" "WordPress/7.0; https://elettroservicegroup.it"
192.36.53.210 - - [04/Jul/2026:22:53:46 +0200] "GET /robots.txt HTTP/1.1" 200 126 "-" "Mozilla/5.0 (Macintosh; Intel Mac OS X 10_15_7) AppleWebKit/605.1.15 (KHTML, like Gecko) Version/17.3.1 Safari/605.1.1"
93.158.71.185 - - [04/Jul/2026:22:53:55 +0200] "GET / HTTP/1.1" 301 - "-" "Mozilla/5.0 (Macintosh; Intel Mac OS X 10_15_7) AppleWebKit/605.1.15 (KHTML, like Gecko) Version/17.3.1 Safari/605.1.1"