47.128.23.239 - - [30/Jun/2026:14:53:09 +0200] "GET /post-3-2/ HTTP/2.0" 200 11743 "-" "Mozilla/5.0 (Linux; Android 5.0) AppleWebKit/537.36 (KHTML, like Gecko) Mobile Safari/537.36 (compatible; Bytespider; spider-feedback@bytedance.com)"
65.108.235.243 - - [30/Jun/2026:14:56:43 +0200] "POST /wp-cron.php?doing_wp_cron=1782824203.8917829990386962890625 HTTP/1.1" 200 1 "-" "WordPress/7.0; https://mantova.elettroservicegroup.it"
198.235.24.43 - - [30/Jun/2026:14:56:39 +0200] "GET / HTTP/1.1" 301 - "-" "Hello from Palo Alto Networks, find out more about our scans in https://docs-cortex.paloaltonetworks.com/r/1/Cortex-Xpanse/Scanning-activity"
65.108.235.243 - - [30/Jun/2026:14:56:45 +0200] "POST /wp-json/complianz/v1/wsc-scan HTTP/1.1" 400 88 "-" "WordPress/7.0; https://mantova.elettroservicegroup.it"
198.235.24.43 - - [30/Jun/2026:14:56:44 +0200] "GET / HTTP/1.1" 500 26631 "-" "Hello from Palo Alto Networks, find out more about our scans in https://docs-cortex.paloaltonetworks.com/r/1/Cortex-Xpanse/Scanning-activity"
47.128.23.248 - - [30/Jun/2026:14:57:12 +0200] "GET /post-3-2/ HTTP/2.0" 200 11751 "-" "Mozilla/5.0 (Linux; Android 5.0) AppleWebKit/537.36 (KHTML, like Gecko) Mobile Safari/537.36 (compatible; Bytespider; spider-feedback@bytedance.com)"
192.42.116.117 - - [30/Jun/2026:14:58:37 +0200] "GET /wp-login.php HTTP/2.0" 200 11719 "-" "Mozilla/5.0 (Macintosh; Intel Mac OS X 10_15_7) AppleWebKit/605.1.15 (KHTML, like Gecko) Version/18.0 Safari/605.1.15"
192.42.116.109 - - [30/Jun/2026:15:00:08 +0200] "POST /xmlrpc.php HTTP/2.0" 200 11770 "-" "Mozilla/5.0 (Macintosh; Intel Mac OS X 10_15_7) AppleWebKit/605.1.15 (KHTML, like Gecko) Version/18.0 Safari/605.1.15"
192.42.116.20 - - [30/Jun/2026:15:01:00 +0200] "POST /xmlrpc.php HTTP/2.0" 200 11693 "-" "Mozilla/5.0 (Macintosh; Intel Mac OS X 10_15_7) AppleWebKit/605.1.15 (KHTML, like Gecko) Version/18.0 Safari/605.1.15"
192.42.116.63 - - [30/Jun/2026:15:01:01 +0200] "POST /xmlrpc.php HTTP/2.0" 200 11669 "-" "Mozilla/5.0 (Macintosh; Intel Mac OS X 10_15_7) AppleWebKit/605.1.15 (KHTML, like Gecko) Version/18.0 Safari/605.1.15"
193.189.100.202 - - [30/Jun/2026:15:05:46 +0200] "GET /wp-login.php HTTP/2.0" 200 11737 "-" "Mozilla/5.0 (Macintosh; Intel Mac OS X 10_15_7) AppleWebKit/605.1.15 (KHTML, like Gecko) Version/18.0 Safari/605.1.15"
185.220.101.96 - - [30/Jun/2026:15:05:54 +0200] "GET /wp-login.php HTTP/2.0" 200 11862 "-" "Mozilla/5.0 (Macintosh; Intel Mac OS X 10_15_7) AppleWebKit/605.1.15 (KHTML, like Gecko) Version/18.0 Safari/605.1.15"
185.220.101.41 - - [30/Jun/2026:15:06:57 +0200] "GET /wp-login.php HTTP/2.0" 200 11822 "-" "Mozilla/5.0 (Windows NT 10.0; Win64; x64) AppleWebKit/537.36 (KHTML, like Gecko) Chrome/124.0.0.0 Safari/537.36"
109.70.100.13 - - [30/Jun/2026:15:07:08 +0200] "GET /wp-login.php HTTP/2.0" 200 11782 "-" "Mozilla/5.0 (Windows NT 10.0; Win64; x64; rv:133.0) Gecko/20100101 Firefox/133.0"
109.70.100.13 - - [30/Jun/2026:15:07:59 +0200] "GET /wp-login.php HTTP/2.0" 200 11786 "-" "Mozilla/5.0 (Windows NT 10.0; Win64; x64) AppleWebKit/537.36 (KHTML, like Gecko) Chrome/124.0.0.0 Safari/537.36"
185.93.107.52 - - [30/Jun/2026:15:08:37 +0200] "GET /wp-login.php HTTP/2.0" 200 11719 "-" "Mozilla/5.0 (Windows NT 10.0; Win64; x64) AppleWebKit/537.36 (KHTML, like Gecko) Chrome/124.0.0.0 Safari/537.36"
185.93.107.52 - - [30/Jun/2026:15:08:37 +0200] "GET /wp-login.php HTTP/2.0" 200 11752 "-" "Mozilla/5.0 (Macintosh; Intel Mac OS X 10_15_7) AppleWebKit/605.1.15 (KHTML, like Gecko) Version/18.0 Safari/605.1.15"
185.93.107.52 - - [30/Jun/2026:15:08:37 +0200] "GET /wp-login.php HTTP/2.0" 200 11686 "-" "Mozilla/5.0 (Windows NT 10.0; Win64; x64; rv:133.0) Gecko/20100101 Firefox/133.0"
185.93.107.52 - - [30/Jun/2026:15:08:38 +0200] "GET /wp-login.php HTTP/2.0" 200 11756 "-" "Mozilla/5.0 (Macintosh; Intel Mac OS X 10_15_7) AppleWebKit/605.1.15 (KHTML, like Gecko) Version/18.0 Safari/605.1.15"
185.93.107.52 - - [30/Jun/2026:15:08:38 +0200] "GET /wp-login.php HTTP/2.0" 200 11756 "-" "Mozilla/5.0 (Macintosh; Intel Mac OS X 10_15_7) AppleWebKit/605.1.15 (KHTML, like Gecko) Version/18.0 Safari/605.1.15"
185.93.107.52 - - [30/Jun/2026:15:08:38 +0200] "GET /wp-login.php HTTP/2.0" 200 11706 "-" "Mozilla/5.0 (Windows NT 10.0; Win64; x64; rv:133.0) Gecko/20100101 Firefox/133.0"
185.93.107.52 - - [30/Jun/2026:15:08:38 +0200] "GET /wp-login.php HTTP/2.0" 200 11756 "-" "Mozilla/5.0 (Macintosh; Intel Mac OS X 10_15_7) AppleWebKit/605.1.15 (KHTML, like Gecko) Version/18.0 Safari/605.1.15"
185.93.107.52 - - [30/Jun/2026:15:08:38 +0200] "GET /wp-login.php HTTP/2.0" 200 11756 "-" "Mozilla/5.0 (Macintosh; Intel Mac OS X 10_15_7) AppleWebKit/605.1.15 (KHTML, like Gecko) Version/18.0 Safari/605.1.15"
185.93.107.52 - - [30/Jun/2026:15:08:38 +0200] "GET /wp-login.php HTTP/2.0" 200 11706 "-" "Mozilla/5.0 (Windows NT 10.0; Win64; x64; rv:133.0) Gecko/20100101 Firefox/133.0"
185.93.107.52 - - [30/Jun/2026:15:08:38 +0200] "GET /wp-login.php HTTP/2.0" 200 11706 "-" "Mozilla/5.0 (Windows NT 10.0; Win64; x64; rv:133.0) Gecko/20100101 Firefox/133.0"
65.108.235.243 - - [30/Jun/2026:15:14:21 +0200] "POST /wp-cron.php?doing_wp_cron=1782825261.4920589923858642578125 HTTP/1.1" 200 1 "-" "WordPress/7.0; https://mantova.elettroservicegroup.it"
217.181.91.1 - - [30/Jun/2026:15:14:17 +0200] "HEAD / HTTP/1.1" 200 - "-" "curl/7.88.1"
3.18.186.238 - - [30/Jun/2026:15:19:06 +0200] "GET / HTTP/1.1" 500 26631 "-" "visionheight.com/scan Mozilla/5.0 (Macintosh; Intel Mac OS X 10_15_7) Chrome/126.0.0.0 Safari/537.36"
185.198.37.149 - - [30/Jun/2026:15:49:13 +0200] "POST /xmlrpc.php HTTP/1.1" 403 52 "-" "curl/7.88.1"
185.198.37.149 - - [30/Jun/2026:15:49:13 +0200] "POST /xmlrpc.php HTTP/1.1" 403 52 "-" "Wget/1.21.4"
185.198.37.149 - - [30/Jun/2026:15:49:14 +0200] "POST /xmlrpc.php HTTP/1.1" 403 52 "-" "curl/7.88.1"
65.108.235.243 - - [30/Jun/2026:15:49:14 +0200] "POST /wp-cron.php?doing_wp_cron=1782827354.3061730861663818359375 HTTP/1.1" 200 1 "-" "WordPress/7.0; https://mantova.elettroservicegroup.it"
185.101.252.35 - - [30/Jun/2026:15:49:10 +0200] "HEAD / HTTP/1.1" 200 - "-" "Wget/1.21.4"
107.174.25.108 - - [30/Jun/2026:15:49:15 +0200] "GET /wp-login.php HTTP/1.1" 200 9036 "-" "curl/8.6.0"
107.174.25.108 - - [30/Jun/2026:15:49:17 +0200] "POST /wp-login.php HTTP/1.1" 302 - "https://mantova.elettroservicegroup.it/wp-login.php" "Wget/1.21.4"
107.174.25.108 - - [30/Jun/2026:15:49:18 +0200] "GET /wp-admin/ HTTP/1.1" 200 1231483 "https://mantova.elettroservicegroup.it/wp-login.php" "Wget/1.21.4"
107.174.25.108 - - [30/Jun/2026:15:49:23 +0200] "GET /wp-admin/plugins.php HTTP/1.1" 200 613937 "-" "Wget/1.21.4"
65.108.235.243 - - [30/Jun/2026:15:50:39 +0200] "POST /wp-cron.php?doing_wp_cron=1782827439.8051660060882568359375 HTTP/1.1" 200 1 "-" "WordPress/7.0; https://mantova.elettroservicegroup.it"
107.174.25.108 - - [30/Jun/2026:15:50:35 +0200] "HEAD /wp-admin/ HTTP/1.1" 302 - "-" "curl/8.6.0"
107.174.25.108 - - [30/Jun/2026:15:50:40 +0200] "HEAD /wp-login.php?redirect_to=https%3A%2F%2Fmantova.elettroservicegroup.it%2Fwp-admin%2F&reauth=1 HTTP/1.1" 200 - "https://mantova.elettroservicegroup.it/wp-admin/" "curl/8.6.0"
107.174.25.108 - - [30/Jun/2026:15:50:41 +0200] "GET /wp-admin/admin.php?page=wc-orders HTTP/1.1" 403 2579 "-" "curl/8.6.0"
107.174.25.108 - - [30/Jun/2026:15:50:41 +0200] "GET /wp-admin/edit.php?post_type=shop_order HTTP/1.1" 500 2572 "-" "curl/8.6.0"
107.174.25.108 - - [30/Jun/2026:15:50:43 +0200] "GET /wp-admin/admin.php?page=wc-reports&range=year HTTP/1.1" 403 2579 "-" "Wget/1.21.4"
107.174.25.108 - - [30/Jun/2026:15:50:45 +0200] "GET /wp-admin/admin.php?page=wc-reports&range=last_month HTTP/1.1" 403 2579 "-" "curl/7.88.1"
107.174.25.108 - - [30/Jun/2026:15:50:46 +0200] "GET /wp-admin/admin.php?page=wc-reports&range=month HTTP/1.1" 403 2579 "-" "curl/7.88.1"
107.174.25.108 - - [30/Jun/2026:15:50:48 +0200] "GET /wp-login.php HTTP/1.1" 200 9036 "-" "curl/7.88.1"
107.174.25.108 - - [30/Jun/2026:15:50:50 +0200] "POST /wp-login.php HTTP/1.1" 302 - "https://mantova.elettroservicegroup.it/wp-login.php" "curl/8.6.0"
107.174.25.108 - - [30/Jun/2026:15:50:52 +0200] "GET /wp-admin/ HTTP/1.1" 200 1231482 "https://mantova.elettroservicegroup.it/wp-login.php" "curl/8.6.0"
107.174.25.108 - - [30/Jun/2026:15:50:55 +0200] "GET /wp-admin/admin.php?page=wc-orders HTTP/1.1" 403 2579 "-" "curl/7.88.1"
107.174.25.108 - - [30/Jun/2026:15:50:55 +0200] "GET /wp-admin/edit.php?post_type=shop_order HTTP/1.1" 500 2572 "-" "curl/7.88.1"
107.174.25.108 - - [30/Jun/2026:15:50:57 +0200] "GET /wp-admin/admin.php?page=wc-reports&range=year HTTP/1.1" 403 2579 "-" "curl/7.88.1"
107.174.25.108 - - [30/Jun/2026:15:50:58 +0200] "GET /wp-admin/admin.php?page=wc-reports&range=last_month HTTP/1.1" 403 2579 "-" "Wget/1.21.4"
107.174.25.108 - - [30/Jun/2026:15:51:00 +0200] "GET /wp-admin/admin.php?page=wc-reports&range=month HTTP/1.1" 403 2579 "-" "Wget/1.21.4"
199.180.9.136 - - [30/Jun/2026:15:51:02 +0200] "HEAD /wp-admin/ HTTP/1.1" 302 - "-" "curl/8.6.0"
199.180.9.136 - - [30/Jun/2026:15:51:04 +0200] "HEAD /wp-login.php?redirect_to=https%3A%2F%2Fmantova.elettroservicegroup.it%2Fwp-admin%2F&reauth=1 HTTP/1.1" 200 - "https://mantova.elettroservicegroup.it/wp-admin/" "curl/8.6.0"
199.180.9.136 - - [30/Jun/2026:15:51:06 +0200] "GET /wp-admin/admin.php?page=wc-orders HTTP/1.1" 403 2579 "-" "curl/8.6.0"
199.180.9.136 - - [30/Jun/2026:15:51:06 +0200] "GET /wp-admin/edit.php?post_type=shop_order HTTP/1.1" 500 2572 "-" "curl/8.6.0"
199.180.9.136 - - [30/Jun/2026:15:51:08 +0200] "GET /wp-admin/admin.php?page=wc-reports&range=year HTTP/1.1" 403 2579 "-" "Wget/1.21.4"
199.180.9.136 - - [30/Jun/2026:15:51:10 +0200] "GET /wp-admin/admin.php?page=wc-reports&range=last_month HTTP/1.1" 403 2579 "-" "Wget/1.21.4"
199.180.9.136 - - [30/Jun/2026:15:51:11 +0200] "GET /wp-admin/admin.php?page=wc-reports&range=month HTTP/1.1" 403 2579 "-" "Wget/1.21.4"
199.180.9.136 - - [30/Jun/2026:15:51:13 +0200] "GET /wp-login.php HTTP/1.1" 200 9036 "-" "curl/8.6.0"
65.108.235.243 - - [30/Jun/2026:15:51:15 +0200] "POST /wp-cron.php?doing_wp_cron=1782827475.9391169548034667968750 HTTP/1.1" 200 1 "-" "WordPress/7.0; https://mantova.elettroservicegroup.it"
199.180.9.136 - - [30/Jun/2026:15:51:15 +0200] "POST /wp-login.php HTTP/1.1" 302 - "https://mantova.elettroservicegroup.it/wp-login.php" "Wget/1.21.4"
199.180.9.136 - - [30/Jun/2026:15:51:17 +0200] "GET /wp-admin/ HTTP/1.1" 200 1231483 "https://mantova.elettroservicegroup.it/wp-login.php" "Wget/1.21.4"
199.180.9.136 - - [30/Jun/2026:15:51:19 +0200] "GET /wp-admin/admin.php?page=wc-orders HTTP/1.1" 403 2579 "-" "Wget/1.21.4"
199.180.9.136 - - [30/Jun/2026:15:51:19 +0200] "GET /wp-admin/edit.php?post_type=shop_order HTTP/1.1" 500 2572 "-" "Wget/1.21.4"
199.180.9.136 - - [30/Jun/2026:15:51:21 +0200] "GET /wp-admin/admin.php?page=wc-reports&range=year HTTP/1.1" 403 2579 "-" "curl/8.6.0"
199.180.9.136 - - [30/Jun/2026:15:51:23 +0200] "GET /wp-admin/admin.php?page=wc-reports&range=last_month HTTP/1.1" 403 2579 "-" "curl/7.88.1"
199.180.9.136 - - [30/Jun/2026:15:51:25 +0200] "GET /wp-admin/admin.php?page=wc-reports&range=month HTTP/1.1" 403 2579 "-" "Wget/1.21.4"
65.108.235.243 - - [30/Jun/2026:16:18:45 +0200] "POST /wp-cron.php?doing_wp_cron=1782829125.3044970035552978515625 HTTP/1.1" 200 1 "-" "WordPress/7.0; https://mantova.elettroservicegroup.it"
37.120.155.18 - - [30/Jun/2026:16:18:39 +0200] "GET /wp-login.php HTTP/2.0" 200 2692 "https://mantova.elettroservicegroup.it/" "Mozilla/5.0 (Windows NT 10.0; Win64; x64) AppleWebKit/537.36 (KHTML, like Gecko) Chrome/146.0.0.0 Safari/537.36"
37.120.155.18 - - [30/Jun/2026:16:18:45 +0200] "GET /wp-includes/js/dist/dom-ready.min.js?ver=a06281ae5cf5500e9317 HTTP/2.0" 200 398 "https://mantova.elettroservicegroup.it/wp-login.php" "Mozilla/5.0 (Windows NT 10.0; Win64; x64) AppleWebKit/537.36 (KHTML, like Gecko) Chrome/146.0.0.0 Safari/537.36"
37.120.155.18 - - [30/Jun/2026:16:18:45 +0200] "GET /wp-admin/js/password-strength-meter.min.js?ver=7.0 HTTP/2.0" 200 560 "https://mantova.elettroservicegroup.it/wp-login.php" "Mozilla/5.0 (Windows NT 10.0; Win64; x64) AppleWebKit/537.36 (KHTML, like Gecko) Chrome/146.0.0.0 Safari/537.36"
37.120.155.18 - - [30/Jun/2026:16:18:45 +0200] "GET /wp-includes/js/dist/i18n.min.js?ver=781d11515ad3d91786ec HTTP/2.0" 200 2333 "https://mantova.elettroservicegroup.it/wp-login.php" "Mozilla/5.0 (Windows NT 10.0; Win64; x64) AppleWebKit/537.36 (KHTML, like Gecko) Chrome/146.0.0.0 Safari/537.36"
37.120.155.18 - - [30/Jun/2026:16:18:45 +0200] "GET /wp-includes/js/wp-util.min.js?ver=7.0 HTTP/2.0" 200 693 "https://mantova.elettroservicegroup.it/wp-login.php" "Mozilla/5.0 (Windows NT 10.0; Win64; x64) AppleWebKit/537.36 (KHTML, like Gecko) Chrome/146.0.0.0 Safari/537.36"
37.120.155.18 - - [30/Jun/2026:16:18:45 +0200] "GET /wp-admin/js/user-profile.min.js?ver=7.0 HTTP/2.0" 200 2891 "https://mantova.elettroservicegroup.it/wp-login.php" "Mozilla/5.0 (Windows NT 10.0; Win64; x64) AppleWebKit/537.36 (KHTML, like Gecko) Chrome/146.0.0.0 Safari/537.36"
37.120.155.18 - - [30/Jun/2026:16:18:45 +0200] "GET /wp-includes/js/dist/a11y.min.js?ver=af934e5259bc51b8718e HTTP/2.0" 200 915 "https://mantova.elettroservicegroup.it/wp-login.php" "Mozilla/5.0 (Windows NT 10.0; Win64; x64) AppleWebKit/537.36 (KHTML, like Gecko) Chrome/146.0.0.0 Safari/537.36"
37.120.155.18 - - [30/Jun/2026:16:18:45 +0200] "GET /wp-includes/js/underscore.min.js?ver=1.13.8 HTTP/2.0" 200 7243 "https://mantova.elettroservicegroup.it/wp-login.php" "Mozilla/5.0 (Windows NT 10.0; Win64; x64) AppleWebKit/537.36 (KHTML, like Gecko) Chrome/146.0.0.0 Safari/537.36"
37.120.155.18 - - [30/Jun/2026:16:18:45 +0200] "GET /wp-admin/load-styles.php?c=1&dir=ltr&load%5Bchunk_0%5D=dashicons,buttons,forms,l10n,wp-base-styles,login&ver=7.0 HTTP/2.0" 200 45751 "https://mantova.elettroservicegroup.it/wp-login.php" "Mozilla/5.0 (Windows NT 10.0; Win64; x64) AppleWebKit/537.36 (KHTML, like Gecko) Chrome/146.0.0.0 Safari/537.36"
37.120.155.18 - - [30/Jun/2026:16:18:45 +0200] "GET /wp-admin/load-scripts.php?c=1&load%5Bchunk_0%5D=clipboard,jquery-core,jquery-migrate,zxcvbn-async,wp-hooks&ver=7.0 HTTP/2.0" 200 37674 "https://mantova.elettroservicegroup.it/wp-login.php" "Mozilla/5.0 (Windows NT 10.0; Win64; x64) AppleWebKit/537.36 (KHTML, like Gecko) Chrome/146.0.0.0 Safari/537.36"
37.120.155.18 - - [30/Jun/2026:16:18:45 +0200] "GET /wp-admin/images/wordpress-logo-gray.svg?ver=20260303 HTTP/2.0" 200 765 "https://mantova.elettroservicegroup.it/wp-admin/load-styles.php?c=1&dir=ltr&load%5Bchunk_0%5D=dashicons,buttons,forms,l10n,wp-base-styles,login&ver=7.0" "Mozilla/5.0 (Windows NT 10.0; Win64; x64) AppleWebKit/537.36 (KHTML, like Gecko) Chrome/146.0.0.0 Safari/537.36"
37.120.155.18 - - [30/Jun/2026:16:18:45 +0200] "GET /wp-content/uploads/2021/10/cropped-cropped-cropped-cropped-logo_white_background-192x192.png HTTP/2.0" 200 19089 "https://mantova.elettroservicegroup.it/wp-login.php" "Mozilla/5.0 (Windows NT 10.0; Win64; x64) AppleWebKit/537.36 (KHTML, like Gecko) Chrome/146.0.0.0 Safari/537.36"
37.120.155.18 - - [30/Jun/2026:16:18:45 +0200] "GET /wp-includes/js/zxcvbn.min.js HTTP/2.0" 200 387992 "https://mantova.elettroservicegroup.it/wp-login.php" "Mozilla/5.0 (Windows NT 10.0; Win64; x64) AppleWebKit/537.36 (KHTML, like Gecko) Chrome/146.0.0.0 Safari/537.36"
65.108.235.243 - - [30/Jun/2026:16:18:46 +0200] "POST /wp-json/complianz/v1/wsc-scan HTTP/1.1" 400 88 "-" "WordPress/7.0; https://mantova.elettroservicegroup.it"
37.120.155.18 - - [30/Jun/2026:16:18:48 +0200] "POST /wp-login.php HTTP/2.0" 200 2806 "https://mantova.elettroservicegroup.it/wp-login.php" "Mozilla/5.0 (Windows NT 10.0; Win64; x64) AppleWebKit/537.36 (KHTML, like Gecko) Chrome/146.0.0.0 Safari/537.36"
37.120.155.18 - - [30/Jun/2026:16:18:49 +0200] "GET /wp-content/uploads/2021/10/cropped-cropped-cropped-cropped-logo_white_background-192x192.png HTTP/2.0" 200 19089 "https://mantova.elettroservicegroup.it/wp-login.php" "Mozilla/5.0 (Windows NT 10.0; Win64; x64) AppleWebKit/537.36 (KHTML, like Gecko) Chrome/146.0.0.0 Safari/537.36"
37.120.155.18 - - [30/Jun/2026:16:18:51 +0200] "POST /xmlrpc.php HTTP/1.1" 403 52 "-" "Mozilla/5.0 (Windows NT 10.0; Win64; x64) AppleWebKit/537.36 (KHTML, like Gecko) Chrome/146.0.0.0 Safari/537.36"
65.108.235.243 - - [30/Jun/2026:16:32:44 +0200] "POST /wp-cron.php?doing_wp_cron=1782829964.0896949768066406250000 HTTP/1.1" 200 1 "-" "WordPress/7.0; https://mantova.elettroservicegroup.it"
65.108.235.243 - - [30/Jun/2026:16:32:44 +0200] "POST /wp-cron.php?doing_wp_cron=1782829964.0896840095520019531250 HTTP/1.1" 200 1 "-" "WordPress/7.0; https://mantova.elettroservicegroup.it"
66.249.89.162 - - [30/Jun/2026:16:32:38 +0200] "GET /google7314dfe990a7168a.html HTTP/1.1" 500 5198 "-" "Mozilla/5.0 (compatible; Google-Site-Verification/1.0)"
66.249.89.160 - - [30/Jun/2026:16:32:38 +0200] "GET /google55316814aab7cfe2.html HTTP/1.1" 500 5197 "-" "Mozilla/5.0 (compatible; Google-Site-Verification/1.0)"
65.108.235.243 - - [30/Jun/2026:16:33:50 +0200] "POST /wp-cron.php?doing_wp_cron=1782830030.6017909049987792968750 HTTP/1.1" 200 1 "-" "WordPress/7.0; https://mantova.elettroservicegroup.it"
65.108.235.243 - - [30/Jun/2026:16:33:50 +0200] "POST /wp-cron.php?doing_wp_cron=1782830030.6016669273376464843750 HTTP/1.1" 200 1 "-" "WordPress/7.0; https://mantova.elettroservicegroup.it"
66.249.89.161 - - [30/Jun/2026:16:33:44 +0200] "GET /google7314dfe990a7168a.html HTTP/1.1" 500 5198 "-" "Mozilla/5.0 (compatible; Google-Site-Verification/1.0)"
66.249.89.160 - - [30/Jun/2026:16:33:44 +0200] "GET /google55316814aab7cfe2.html HTTP/1.1" 500 5197 "-" "Mozilla/5.0 (compatible; Google-Site-Verification/1.0)"
66.249.89.162 - - [30/Jun/2026:16:34:51 +0200] "GET /google7314dfe990a7168a.html HTTP/1.1" 500 5198 "-" "Mozilla/5.0 (compatible; Google-Site-Verification/1.0)"
65.108.235.243 - - [30/Jun/2026:16:34:58 +0200] "POST /wp-cron.php?doing_wp_cron=1782830097.9082291126251220703125 HTTP/1.1" 200 1 "-" "WordPress/7.0; https://mantova.elettroservicegroup.it"
66.249.89.160 - - [30/Jun/2026:16:34:51 +0200] "GET /google55316814aab7cfe2.html HTTP/1.1" 500 5197 "-" "Mozilla/5.0 (compatible; Google-Site-Verification/1.0)"
66.249.89.160 - - [30/Jun/2026:16:35:58 +0200] "GET /google55316814aab7cfe2.html HTTP/1.1" 500 5197 "-" "Mozilla/5.0 (compatible; Google-Site-Verification/1.0)"
65.108.235.243 - - [30/Jun/2026:16:36:04 +0200] "POST /wp-cron.php?doing_wp_cron=1782830164.4965190887451171875000 HTTP/1.1" 200 1 "-" "WordPress/7.0; https://mantova.elettroservicegroup.it"
66.249.89.161 - - [30/Jun/2026:16:35:58 +0200] "GET /google7314dfe990a7168a.html HTTP/1.1" 500 5198 "-" "Mozilla/5.0 (compatible; Google-Site-Verification/1.0)"
65.108.235.243 - - [30/Jun/2026:16:48:19 +0200] "POST /wp-cron.php?doing_wp_cron=1782830899.2944209575653076171875 HTTP/1.1" 200 1 "-" "WordPress/7.0; https://mantova.elettroservicegroup.it"
52.167.144.212 - - [30/Jun/2026:16:48:13 +0200] "GET /assistenza-frigoriferi/ HTTP/2.0" 500 5191 "-" "Mozilla/5.0 AppleWebKit/537.36 (KHTML, like Gecko; compatible; bingbot/2.0; +http://www.bing.com/bingbot.htm) Chrome/116.0.1938.76 Safari/537.36"