31.134.13.207 - - [29/Jun/2026:19:12:32 +0200] "GET /wp-login.php HTTP/2.0" 200 3238 "-" "Mozilla/5.0 (Windows NT 10.0; Win64; x64; rv:133.0) Gecko/20100101 Firefox/133.0"
31.134.13.207 - - [29/Jun/2026:19:12:34 +0200] "POST /wp-login.php HTTP/2.0" 200 3362 "https://piacenza.elettroservicegroup.it/wp-login.php" "Mozilla/5.0 (Windows NT 10.0; Win64; x64; rv:133.0) Gecko/20100101 Firefox/133.0"
199.96.165.16 - - [29/Jun/2026:19:12:37 +0200] "GET /wp-login.php HTTP/2.0" 200 11694 "-" "Mozilla/5.0 (Windows NT 10.0; Win64; x64; rv:133.0) Gecko/20100101 Firefox/133.0"
31.134.0.35 - - [29/Jun/2026:19:12:41 +0200] "GET /wp-login.php HTTP/2.0" 200 3238 "-" "Mozilla/5.0 (Windows NT 10.0; Win64; x64; rv:133.0) Gecko/20100101 Firefox/133.0"
31.134.0.35 - - [29/Jun/2026:19:12:43 +0200] "POST /wp-login.php HTTP/2.0" 200 3362 "https://piacenza.elettroservicegroup.it/wp-login.php" "Mozilla/5.0 (Windows NT 10.0; Win64; x64; rv:133.0) Gecko/20100101 Firefox/133.0"
45.155.166.27 - - [29/Jun/2026:19:12:47 +0200] "GET /wp-login.php HTTP/2.0" 200 3238 "-" "Mozilla/5.0 (Windows NT 10.0; Win64; x64; rv:133.0) Gecko/20100101 Firefox/133.0"
45.155.166.27 - - [29/Jun/2026:19:12:49 +0200] "POST /wp-login.php HTTP/2.0" 200 3362 "https://piacenza.elettroservicegroup.it/wp-login.php" "Mozilla/5.0 (Windows NT 10.0; Win64; x64; rv:133.0) Gecko/20100101 Firefox/133.0"
65.108.235.243 - - [29/Jun/2026:19:12:54 +0200] "POST /wp-cron.php?doing_wp_cron=1782753174.4439959526062011718750 HTTP/1.1" 200 1 "-" "WordPress/7.0; https://piacenza.elettroservicegroup.it"
64.49.36.205 - - [29/Jun/2026:19:12:53 +0200] "GET /wp-login.php HTTP/2.0" 200 3238 "-" "Mozilla/5.0 (Windows NT 10.0; Win64; x64; rv:133.0) Gecko/20100101 Firefox/133.0"
64.49.36.205 - - [29/Jun/2026:19:12:55 +0200] "POST /wp-login.php HTTP/2.0" 200 3362 "https://piacenza.elettroservicegroup.it/wp-login.php" "Mozilla/5.0 (Windows NT 10.0; Win64; x64; rv:133.0) Gecko/20100101 Firefox/133.0"
140.235.169.241 - - [29/Jun/2026:19:12:59 +0200] "GET /wp-login.php HTTP/2.0" 200 3238 "-" "Mozilla/5.0 (Windows NT 10.0; Win64; x64; rv:133.0) Gecko/20100101 Firefox/133.0"
140.235.169.241 - - [29/Jun/2026:19:13:00 +0200] "POST /wp-login.php HTTP/2.0" 200 3362 "https://piacenza.elettroservicegroup.it/wp-login.php" "Mozilla/5.0 (Windows NT 10.0; Win64; x64; rv:133.0) Gecko/20100101 Firefox/133.0"
45.135.3.26 - - [29/Jun/2026:19:13:07 +0200] "GET /wp-login.php HTTP/2.0" 200 11688 "-" "Mozilla/5.0 (Windows NT 10.0; Win64; x64; rv:133.0) Gecko/20100101 Firefox/133.0"
212.87.216.227 - - [29/Jun/2026:19:13:09 +0200] "GET /wp-login.php HTTP/2.0" 200 3238 "-" "Mozilla/5.0 (Windows NT 10.0; Win64; x64) AppleWebKit/537.36 (KHTML, like Gecko) Chrome/124.0.0.0 Safari/537.36"
212.87.216.227 - - [29/Jun/2026:19:13:10 +0200] "POST /wp-login.php HTTP/2.0" 200 3362 "https://piacenza.elettroservicegroup.it/wp-login.php" "Mozilla/5.0 (Windows NT 10.0; Win64; x64) AppleWebKit/537.36 (KHTML, like Gecko) Chrome/124.0.0.0 Safari/537.36"
64.49.39.219 - - [29/Jun/2026:19:13:13 +0200] "GET /wp-login.php HTTP/2.0" 200 3238 "-" "Mozilla/5.0 (Windows NT 10.0; Win64; x64) AppleWebKit/537.36 (KHTML, like Gecko) Chrome/124.0.0.0 Safari/537.36"
64.49.39.219 - - [29/Jun/2026:19:13:15 +0200] "POST /wp-login.php HTTP/2.0" 200 3362 "https://piacenza.elettroservicegroup.it/wp-login.php" "Mozilla/5.0 (Windows NT 10.0; Win64; x64) AppleWebKit/537.36 (KHTML, like Gecko) Chrome/124.0.0.0 Safari/537.36"
167.253.19.218 - - [29/Jun/2026:19:13:20 +0200] "GET /wp-login.php HTTP/2.0" 200 3238 "-" "Mozilla/5.0 (Windows NT 10.0; Win64; x64) AppleWebKit/537.36 (KHTML, like Gecko) Chrome/124.0.0.0 Safari/537.36"
167.253.19.218 - - [29/Jun/2026:19:13:20 +0200] "POST /wp-login.php HTTP/2.0" 200 3362 "https://piacenza.elettroservicegroup.it/wp-login.php" "Mozilla/5.0 (Windows NT 10.0; Win64; x64) AppleWebKit/537.36 (KHTML, like Gecko) Chrome/124.0.0.0 Safari/537.36"
65.108.235.243 - - [29/Jun/2026:19:13:24 +0200] "POST /wp-cron.php?doing_wp_cron=1782753204.7398591041564941406250 HTTP/1.1" 200 1 "-" "WordPress/7.0; https://piacenza.elettroservicegroup.it"
185.77.220.188 - - [29/Jun/2026:19:13:24 +0200] "GET /wp-login.php HTTP/2.0" 200 3238 "-" "Mozilla/5.0 (Windows NT 10.0; Win64; x64) AppleWebKit/537.36 (KHTML, like Gecko) Chrome/124.0.0.0 Safari/537.36"
65.108.235.243 - - [29/Jun/2026:19:13:35 +0200] "POST /wp-cron.php?doing_wp_cron=1782753215.0500819683074951171875 HTTP/1.1" 200 1 "-" "WordPress/7.0; https://piacenza.elettroservicegroup.it"
45.155.166.162 - - [29/Jun/2026:19:13:32 +0200] "POST /wp-login.php HTTP/2.0" 200 3362 "https://piacenza.elettroservicegroup.it/wp-login.php" "Mozilla/5.0 (Windows NT 10.0; Win64; x64) AppleWebKit/537.36 (KHTML, like Gecko) Chrome/124.0.0.0 Safari/537.36"
91.132.125.194 - - [29/Jun/2026:19:13:37 +0200] "GET /wp-login.php HTTP/2.0" 200 3238 "-" "Mozilla/5.0 (Windows NT 10.0; Win64; x64) AppleWebKit/537.36 (KHTML, like Gecko) Chrome/124.0.0.0 Safari/537.36"
91.132.125.194 - - [29/Jun/2026:19:13:37 +0200] "POST /wp-login.php HTTP/2.0" 200 3362 "https://piacenza.elettroservicegroup.it/wp-login.php" "Mozilla/5.0 (Windows NT 10.0; Win64; x64) AppleWebKit/537.36 (KHTML, like Gecko) Chrome/124.0.0.0 Safari/537.36"
31.134.14.178 - - [29/Jun/2026:19:13:40 +0200] "GET /wp-login.php HTTP/2.0" 200 3238 "-" "Mozilla/5.0 (Windows NT 10.0; Win64; x64) AppleWebKit/537.36 (KHTML, like Gecko) Chrome/124.0.0.0 Safari/537.36"
31.134.14.178 - - [29/Jun/2026:19:13:40 +0200] "POST /wp-login.php HTTP/2.0" 200 3362 "https://piacenza.elettroservicegroup.it/wp-login.php" "Mozilla/5.0 (Windows NT 10.0; Win64; x64) AppleWebKit/537.36 (KHTML, like Gecko) Chrome/124.0.0.0 Safari/537.36"
194.180.236.122 - - [29/Jun/2026:19:13:46 +0200] "GET /wp-login.php HTTP/2.0" 200 3238 "-" "Mozilla/5.0 (Windows NT 10.0; Win64; x64) AppleWebKit/537.36 (KHTML, like Gecko) Chrome/124.0.0.0 Safari/537.36"
194.180.236.122 - - [29/Jun/2026:19:13:46 +0200] "POST /wp-login.php HTTP/2.0" 200 3362 "https://piacenza.elettroservicegroup.it/wp-login.php" "Mozilla/5.0 (Windows NT 10.0; Win64; x64) AppleWebKit/537.36 (KHTML, like Gecko) Chrome/124.0.0.0 Safari/537.36"
199.96.167.35 - - [29/Jun/2026:19:13:49 +0200] "GET /wp-login.php HTTP/2.0" 200 3238 "-" "Mozilla/5.0 (Windows NT 10.0; Win64; x64) AppleWebKit/537.36 (KHTML, like Gecko) Chrome/124.0.0.0 Safari/537.36"
199.96.167.35 - - [29/Jun/2026:19:13:50 +0200] "POST /wp-login.php HTTP/2.0" 200 3362 "https://piacenza.elettroservicegroup.it/wp-login.php" "Mozilla/5.0 (Windows NT 10.0; Win64; x64) AppleWebKit/537.36 (KHTML, like Gecko) Chrome/124.0.0.0 Safari/537.36"
194.180.233.159 - - [29/Jun/2026:19:13:54 +0200] "GET /wp-login.php HTTP/2.0" 200 3238 "-" "Mozilla/5.0 (Windows NT 10.0; Win64; x64) AppleWebKit/537.36 (KHTML, like Gecko) Chrome/124.0.0.0 Safari/537.36"
194.180.233.159 - - [29/Jun/2026:19:13:55 +0200] "POST /wp-login.php HTTP/2.0" 200 3362 "https://piacenza.elettroservicegroup.it/wp-login.php" "Mozilla/5.0 (Windows NT 10.0; Win64; x64) AppleWebKit/537.36 (KHTML, like Gecko) Chrome/124.0.0.0 Safari/537.36"
199.96.165.240 - - [29/Jun/2026:19:13:58 +0200] "GET /wp-login.php HTTP/2.0" 200 3238 "-" "Mozilla/5.0 (Windows NT 10.0; Win64; x64) AppleWebKit/537.36 (KHTML, like Gecko) Chrome/124.0.0.0 Safari/537.36"
199.96.165.240 - - [29/Jun/2026:19:14:00 +0200] "POST /wp-login.php HTTP/2.0" 200 3362 "https://piacenza.elettroservicegroup.it/wp-login.php" "Mozilla/5.0 (Windows NT 10.0; Win64; x64) AppleWebKit/537.36 (KHTML, like Gecko) Chrome/124.0.0.0 Safari/537.36"
65.108.235.243 - - [29/Jun/2026:19:14:06 +0200] "POST /wp-cron.php?doing_wp_cron=1782753246.2371709346771240234375 HTTP/1.1" 200 1 "-" "WordPress/7.0; https://piacenza.elettroservicegroup.it"
194.99.25.98 - - [29/Jun/2026:19:14:04 +0200] "GET /wp-login.php HTTP/2.0" 200 3238 "-" "Mozilla/5.0 (Windows NT 10.0; Win64; x64) AppleWebKit/537.36 (KHTML, like Gecko) Chrome/124.0.0.0 Safari/537.36"
194.99.25.98 - - [29/Jun/2026:19:14:06 +0200] "POST /wp-login.php HTTP/2.0" 200 3362 "https://piacenza.elettroservicegroup.it/wp-login.php" "Mozilla/5.0 (Windows NT 10.0; Win64; x64) AppleWebKit/537.36 (KHTML, like Gecko) Chrome/124.0.0.0 Safari/537.36"
31.134.1.25 - - [29/Jun/2026:19:14:17 +0200] "GET /wp-login.php HTTP/2.0" 200 3238 "-" "Mozilla/5.0 (Windows NT 10.0; Win64; x64) AppleWebKit/537.36 (KHTML, like Gecko) Chrome/124.0.0.0 Safari/537.36"
31.134.1.25 - - [29/Jun/2026:19:14:18 +0200] "POST /wp-login.php HTTP/2.0" 200 3362 "https://piacenza.elettroservicegroup.it/wp-login.php" "Mozilla/5.0 (Windows NT 10.0; Win64; x64) AppleWebKit/537.36 (KHTML, like Gecko) Chrome/124.0.0.0 Safari/537.36"
31.134.11.205 - - [29/Jun/2026:19:14:21 +0200] "GET /wp-login.php HTTP/2.0" 200 3238 "-" "Mozilla/5.0 (Windows NT 10.0; Win64; x64) AppleWebKit/537.36 (KHTML, like Gecko) Chrome/124.0.0.0 Safari/537.36"
31.134.11.205 - - [29/Jun/2026:19:14:22 +0200] "POST /wp-login.php HTTP/2.0" 200 3362 "https://piacenza.elettroservicegroup.it/wp-login.php" "Mozilla/5.0 (Windows NT 10.0; Win64; x64) AppleWebKit/537.36 (KHTML, like Gecko) Chrome/124.0.0.0 Safari/537.36"
65.108.235.243 - - [29/Jun/2026:19:14:26 +0200] "POST /wp-cron.php?doing_wp_cron=1782753266.8421170711517333984375 HTTP/1.1" 200 1 "-" "WordPress/7.0; https://piacenza.elettroservicegroup.it"
194.180.232.61 - - [29/Jun/2026:19:14:26 +0200] "GET /wp-login.php HTTP/2.0" 200 3238 "-" "Mozilla/5.0 (Windows NT 10.0; Win64; x64) AppleWebKit/537.36 (KHTML, like Gecko) Chrome/124.0.0.0 Safari/537.36"
194.180.232.61 - - [29/Jun/2026:19:14:27 +0200] "POST /wp-login.php HTTP/2.0" 200 3362 "https://piacenza.elettroservicegroup.it/wp-login.php" "Mozilla/5.0 (Windows NT 10.0; Win64; x64) AppleWebKit/537.36 (KHTML, like Gecko) Chrome/124.0.0.0 Safari/537.36"
64.49.37.177 - - [29/Jun/2026:19:14:31 +0200] "GET /wp-login.php HTTP/2.0" 200 3238 "-" "Mozilla/5.0 (Windows NT 10.0; Win64; x64) AppleWebKit/537.36 (KHTML, like Gecko) Chrome/124.0.0.0 Safari/537.36"
64.49.37.177 - - [29/Jun/2026:19:14:32 +0200] "POST /wp-login.php HTTP/2.0" 200 3362 "https://piacenza.elettroservicegroup.it/wp-login.php" "Mozilla/5.0 (Windows NT 10.0; Win64; x64) AppleWebKit/537.36 (KHTML, like Gecko) Chrome/124.0.0.0 Safari/537.36"
192.101.67.176 - - [29/Jun/2026:19:14:34 +0200] "GET /wp-login.php HTTP/2.0" 200 3238 "-" "Mozilla/5.0 (Windows NT 10.0; Win64; x64) AppleWebKit/537.36 (KHTML, like Gecko) Chrome/124.0.0.0 Safari/537.36"
65.108.235.243 - - [29/Jun/2026:19:14:35 +0200] "POST /wp-cron.php?doing_wp_cron=1782753275.7323720455169677734375 HTTP/1.1" 200 1 "-" "WordPress/7.0; https://piacenza.elettroservicegroup.it"
192.101.67.176 - - [29/Jun/2026:19:14:34 +0200] "POST /wp-login.php HTTP/2.0" 200 3362 "https://piacenza.elettroservicegroup.it/wp-login.php" "Mozilla/5.0 (Windows NT 10.0; Win64; x64) AppleWebKit/537.36 (KHTML, like Gecko) Chrome/124.0.0.0 Safari/537.36"
65.108.235.243 - - [29/Jun/2026:19:14:35 +0200] "GET /cookie-policy/ HTTP/1.1" 200 18008 "-" "WP Fastest Cache Preload Bot"
65.108.235.243 - - [29/Jun/2026:19:14:37 +0200] "GET /termini-e-condizioni/ HTTP/1.1" 200 17571 "-" "WP Fastest Cache Preload Bot"
91.132.125.217 - - [29/Jun/2026:19:14:37 +0200] "GET /wp-login.php HTTP/2.0" 200 3238 "-" "Mozilla/5.0 (Windows NT 10.0; Win64; x64) AppleWebKit/537.36 (KHTML, like Gecko) Chrome/124.0.0.0 Safari/537.36"
65.108.235.243 - - [29/Jun/2026:19:14:37 +0200] "GET /cookie-policy-ue/ HTTP/1.1" 200 19422 "-" "WP Fastest Cache Preload Bot"
91.132.125.217 - - [29/Jun/2026:19:14:38 +0200] "POST /wp-login.php HTTP/2.0" 200 3362 "https://piacenza.elettroservicegroup.it/wp-login.php" "Mozilla/5.0 (Windows NT 10.0; Win64; x64) AppleWebKit/537.36 (KHTML, like Gecko) Chrome/124.0.0.0 Safari/537.36"
65.108.235.243 - - [29/Jun/2026:19:14:40 +0200] "GET /informativa-privacy/ HTTP/1.1" 200 19816 "-" "WP Fastest Cache Preload Bot"
65.108.235.243 - - [29/Jun/2026:19:14:44 +0200] "POST /wp-cron.php?doing_wp_cron=1782753284.4542260169982910156250 HTTP/1.1" 200 1 "-" "WordPress/7.0; https://piacenza.elettroservicegroup.it"
45.136.27.83 - - [29/Jun/2026:19:14:43 +0200] "GET /wp-login.php HTTP/2.0" 200 3238 "-" "Mozilla/5.0 (Windows NT 10.0; Win64; x64) AppleWebKit/537.36 (KHTML, like Gecko) Chrome/124.0.0.0 Safari/537.36"
45.136.27.83 - - [29/Jun/2026:19:14:45 +0200] "POST /wp-login.php HTTP/2.0" 200 3362 "https://piacenza.elettroservicegroup.it/wp-login.php" "Mozilla/5.0 (Windows NT 10.0; Win64; x64) AppleWebKit/537.36 (KHTML, like Gecko) Chrome/124.0.0.0 Safari/537.36"
31.134.10.139 - - [29/Jun/2026:19:14:47 +0200] "GET /wp-login.php HTTP/2.0" 200 3238 "-" "Mozilla/5.0 (Windows NT 10.0; Win64; x64) AppleWebKit/537.36 (KHTML, like Gecko) Chrome/124.0.0.0 Safari/537.36"
31.134.10.139 - - [29/Jun/2026:19:14:48 +0200] "POST /wp-login.php HTTP/2.0" 200 3362 "https://piacenza.elettroservicegroup.it/wp-login.php" "Mozilla/5.0 (Windows NT 10.0; Win64; x64) AppleWebKit/537.36 (KHTML, like Gecko) Chrome/124.0.0.0 Safari/537.36"
89.19.34.79 - - [29/Jun/2026:19:14:58 +0200] "GET /wp-login.php HTTP/2.0" 200 3238 "-" "Mozilla/5.0 (Windows NT 10.0; Win64; x64) AppleWebKit/537.36 (KHTML, like Gecko) Chrome/124.0.0.0 Safari/537.36"
89.19.34.79 - - [29/Jun/2026:19:14:59 +0200] "POST /wp-login.php HTTP/2.0" 200 3362 "https://piacenza.elettroservicegroup.it/wp-login.php" "Mozilla/5.0 (Windows NT 10.0; Win64; x64) AppleWebKit/537.36 (KHTML, like Gecko) Chrome/124.0.0.0 Safari/537.36"
45.147.235.160 - - [29/Jun/2026:19:15:02 +0200] "GET /wp-login.php HTTP/2.0" 200 3238 "-" "Mozilla/5.0 (Windows NT 10.0; Win64; x64) AppleWebKit/537.36 (KHTML, like Gecko) Chrome/124.0.0.0 Safari/537.36"
45.147.235.160 - - [29/Jun/2026:19:15:04 +0200] "POST /wp-login.php HTTP/2.0" 200 3362 "https://piacenza.elettroservicegroup.it/wp-login.php" "Mozilla/5.0 (Windows NT 10.0; Win64; x64) AppleWebKit/537.36 (KHTML, like Gecko) Chrome/124.0.0.0 Safari/537.36"
45.136.24.137 - - [29/Jun/2026:19:15:09 +0200] "GET /wp-login.php HTTP/2.0" 200 3238 "-" "Mozilla/5.0 (Windows NT 10.0; Win64; x64) AppleWebKit/537.36 (KHTML, like Gecko) Chrome/124.0.0.0 Safari/537.36"
45.136.24.137 - - [29/Jun/2026:19:15:11 +0200] "POST /wp-login.php HTTP/2.0" 200 3362 "https://piacenza.elettroservicegroup.it/wp-login.php" "Mozilla/5.0 (Windows NT 10.0; Win64; x64) AppleWebKit/537.36 (KHTML, like Gecko) Chrome/124.0.0.0 Safari/537.36"
31.134.14.243 - - [29/Jun/2026:19:15:13 +0200] "GET /wp-login.php HTTP/2.0" 200 3238 "-" "Mozilla/5.0 (Windows NT 10.0; Win64; x64) AppleWebKit/537.36 (KHTML, like Gecko) Chrome/124.0.0.0 Safari/537.36"
31.134.14.243 - - [29/Jun/2026:19:15:13 +0200] "POST /wp-login.php HTTP/2.0" 200 3362 "https://piacenza.elettroservicegroup.it/wp-login.php" "Mozilla/5.0 (Windows NT 10.0; Win64; x64) AppleWebKit/537.36 (KHTML, like Gecko) Chrome/124.0.0.0 Safari/537.36"
65.108.235.243 - - [29/Jun/2026:19:15:17 +0200] "POST /wp-cron.php?doing_wp_cron=1782753317.2391099929809570312500 HTTP/1.1" 200 1 "-" "WordPress/7.0; https://piacenza.elettroservicegroup.it"
192.101.67.164 - - [29/Jun/2026:19:15:15 +0200] "GET /wp-login.php HTTP/2.0" 200 3238 "-" "Mozilla/5.0 (Windows NT 10.0; Win64; x64) AppleWebKit/537.36 (KHTML, like Gecko) Chrome/124.0.0.0 Safari/537.36"
192.101.67.164 - - [29/Jun/2026:19:15:17 +0200] "POST /wp-login.php HTTP/2.0" 200 3362 "https://piacenza.elettroservicegroup.it/wp-login.php" "Mozilla/5.0 (Windows NT 10.0; Win64; x64) AppleWebKit/537.36 (KHTML, like Gecko) Chrome/124.0.0.0 Safari/537.36"
45.147.234.93 - - [29/Jun/2026:19:15:21 +0200] "GET /wp-login.php HTTP/2.0" 200 3238 "-" "Mozilla/5.0 (Windows NT 10.0; Win64; x64) AppleWebKit/537.36 (KHTML, like Gecko) Chrome/124.0.0.0 Safari/537.36"
45.147.234.93 - - [29/Jun/2026:19:15:23 +0200] "POST /wp-login.php HTTP/2.0" 200 3362 "https://piacenza.elettroservicegroup.it/wp-login.php" "Mozilla/5.0 (Windows NT 10.0; Win64; x64) AppleWebKit/537.36 (KHTML, like Gecko) Chrome/124.0.0.0 Safari/537.36"
65.108.235.243 - - [29/Jun/2026:19:15:27 +0200] "POST /wp-cron.php?doing_wp_cron=1782753327.0385329723358154296875 HTTP/1.1" 200 1 "-" "WordPress/7.0; https://piacenza.elettroservicegroup.it"
140.235.0.109 - - [29/Jun/2026:19:15:25 +0200] "GET /wp-login.php HTTP/2.0" 200 3238 "-" "Mozilla/5.0 (Windows NT 10.0; Win64; x64) AppleWebKit/537.36 (KHTML, like Gecko) Chrome/124.0.0.0 Safari/537.36"
140.235.0.109 - - [29/Jun/2026:19:15:27 +0200] "POST /wp-login.php HTTP/2.0" 200 3362 "https://piacenza.elettroservicegroup.it/wp-login.php" "Mozilla/5.0 (Windows NT 10.0; Win64; x64) AppleWebKit/537.36 (KHTML, like Gecko) Chrome/124.0.0.0 Safari/537.36"
199.96.165.225 - - [29/Jun/2026:19:15:31 +0200] "GET /wp-login.php HTTP/2.0" 200 3238 "-" "Mozilla/5.0 (Windows NT 10.0; Win64; x64) AppleWebKit/537.36 (KHTML, like Gecko) Chrome/124.0.0.0 Safari/537.36"
199.96.165.225 - - [29/Jun/2026:19:15:32 +0200] "POST /wp-login.php HTTP/2.0" 200 3362 "https://piacenza.elettroservicegroup.it/wp-login.php" "Mozilla/5.0 (Windows NT 10.0; Win64; x64) AppleWebKit/537.36 (KHTML, like Gecko) Chrome/124.0.0.0 Safari/537.36"
31.134.9.218 - - [29/Jun/2026:19:15:35 +0200] "GET /wp-login.php HTTP/2.0" 200 3238 "-" "Mozilla/5.0 (Windows NT 10.0; Win64; x64) AppleWebKit/537.36 (KHTML, like Gecko) Chrome/124.0.0.0 Safari/537.36"
31.134.9.218 - - [29/Jun/2026:19:15:36 +0200] "POST /wp-login.php HTTP/2.0" 200 3362 "https://piacenza.elettroservicegroup.it/wp-login.php" "Mozilla/5.0 (Windows NT 10.0; Win64; x64) AppleWebKit/537.36 (KHTML, like Gecko) Chrome/124.0.0.0 Safari/537.36"
45.136.24.75 - - [29/Jun/2026:19:15:44 +0200] "GET /wp-login.php HTTP/2.0" 200 11696 "-" "Mozilla/5.0 (Windows NT 10.0; Win64; x64) AppleWebKit/537.36 (KHTML, like Gecko) Chrome/124.0.0.0 Safari/537.36"
65.108.235.243 - - [29/Jun/2026:19:15:48 +0200] "POST /wp-cron.php?doing_wp_cron=1782753348.0385489463806152343750 HTTP/1.1" 200 1 "-" "WordPress/7.0; https://piacenza.elettroservicegroup.it"
212.87.219.19 - - [29/Jun/2026:19:15:46 +0200] "GET /wp-login.php HTTP/2.0" 200 3238 "-" "Mozilla/5.0 (Windows NT 10.0; Win64; x64) AppleWebKit/537.36 (KHTML, like Gecko) Chrome/124.0.0.0 Safari/537.36"
212.87.219.19 - - [29/Jun/2026:19:15:48 +0200] "POST /wp-login.php HTTP/2.0" 200 3362 "https://piacenza.elettroservicegroup.it/wp-login.php" "Mozilla/5.0 (Windows NT 10.0; Win64; x64) AppleWebKit/537.36 (KHTML, like Gecko) Chrome/124.0.0.0 Safari/537.36"
89.19.34.175 - - [29/Jun/2026:19:15:52 +0200] "GET /wp-login.php HTTP/2.0" 200 3238 "-" "Mozilla/5.0 (Windows NT 10.0; Win64; x64) AppleWebKit/537.36 (KHTML, like Gecko) Chrome/124.0.0.0 Safari/537.36"
89.19.34.175 - - [29/Jun/2026:19:15:58 +0200] "POST /wp-login.php HTTP/2.0" 200 3362 "https://piacenza.elettroservicegroup.it/wp-login.php" "Mozilla/5.0 (Windows NT 10.0; Win64; x64) AppleWebKit/537.36 (KHTML, like Gecko) Chrome/124.0.0.0 Safari/537.36"
194.180.237.156 - - [29/Jun/2026:19:16:00 +0200] "GET /wp-login.php HTTP/2.0" 200 3238 "-" "Mozilla/5.0 (Windows NT 10.0; Win64; x64) AppleWebKit/537.36 (KHTML, like Gecko) Chrome/124.0.0.0 Safari/537.36"
194.180.237.156 - - [29/Jun/2026:19:16:01 +0200] "POST /wp-login.php HTTP/2.0" 200 3362 "https://piacenza.elettroservicegroup.it/wp-login.php" "Mozilla/5.0 (Windows NT 10.0; Win64; x64) AppleWebKit/537.36 (KHTML, like Gecko) Chrome/124.0.0.0 Safari/537.36"
31.134.0.240 - - [29/Jun/2026:19:16:04 +0200] "GET /wp-login.php HTTP/2.0" 200 3238 "-" "Mozilla/5.0 (Windows NT 10.0; Win64; x64) AppleWebKit/537.36 (KHTML, like Gecko) Chrome/124.0.0.0 Safari/537.36"
31.134.0.240 - - [29/Jun/2026:19:16:05 +0200] "POST /wp-login.php HTTP/2.0" 200 3362 "https://piacenza.elettroservicegroup.it/wp-login.php" "Mozilla/5.0 (Windows NT 10.0; Win64; x64) AppleWebKit/537.36 (KHTML, like Gecko) Chrome/124.0.0.0 Safari/537.36"
31.134.7.22 - - [29/Jun/2026:19:16:09 +0200] "GET /wp-login.php HTTP/2.0" 200 3238 "-" "Mozilla/5.0 (Windows NT 10.0; Win64; x64) AppleWebKit/537.36 (KHTML, like Gecko) Chrome/124.0.0.0 Safari/537.36"
31.134.7.22 - - [29/Jun/2026:19:16:10 +0200] "POST /wp-login.php HTTP/2.0" 200 3362 "https://piacenza.elettroservicegroup.it/wp-login.php" "Mozilla/5.0 (Windows NT 10.0; Win64; x64) AppleWebKit/537.36 (KHTML, like Gecko) Chrome/124.0.0.0 Safari/537.36"
64.49.39.228 - - [29/Jun/2026:19:16:13 +0200] "GET /wp-login.php HTTP/2.0" 200 3238 "-" "Mozilla/5.0 (Windows NT 10.0; Win64; x64) AppleWebKit/537.36 (KHTML, like Gecko) Chrome/124.0.0.0 Safari/537.36"
64.49.39.228 - - [29/Jun/2026:19:16:15 +0200] "POST /wp-login.php HTTP/2.0" 200 3362 "https://piacenza.elettroservicegroup.it/wp-login.php" "Mozilla/5.0 (Windows NT 10.0; Win64; x64) AppleWebKit/537.36 (KHTML, like Gecko) Chrome/124.0.0.0 Safari/537.36"
65.108.235.243 - - [29/Jun/2026:19:16:19 +0200] "POST /wp-cron.php?doing_wp_cron=1782753379.3477039337158203125000 HTTP/1.1" 200 1 "-" "WordPress/7.0; https://piacenza.elettroservicegroup.it"
140.235.0.116 - - [29/Jun/2026:19:16:18 +0200] "GET /wp-login.php HTTP/2.0" 200 3238 "-" "Mozilla/5.0 (Windows NT 10.0; Win64; x64) AppleWebKit/537.36 (KHTML, like Gecko) Chrome/124.0.0.0 Safari/537.36"
140.235.0.116 - - [29/Jun/2026:19:16:19 +0200] "POST /wp-login.php HTTP/2.0" 200 3362 "https://piacenza.elettroservicegroup.it/wp-login.php" "Mozilla/5.0 (Windows NT 10.0; Win64; x64) AppleWebKit/537.36 (KHTML, like Gecko) Chrome/124.0.0.0 Safari/537.36"
65.108.235.243 - - [29/Jun/2026:20:34:53 +0200] "POST /wp-cron.php?doing_wp_cron=1782758093.4451179504394531250000 HTTP/1.1" 200 1 "-" "WordPress/7.0; https://piacenza.elettroservicegroup.it"
66.249.64.166 - - [29/Jun/2026:20:34:44 +0200] "GET /robots.txt HTTP/1.1" 200 108 "-" "Mozilla/5.0 (compatible; Googlebot/2.1; +http://www.google.com/bot.html)"
66.249.64.166 - - [29/Jun/2026:20:34:54 +0200] "GET /assistenza-condizionatori/ HTTP/1.1" 404 16265 "-" "Mozilla/5.0 (Linux; Android 6.0.1; Nexus 5X Build/MMB29P) AppleWebKit/537.36 (KHTML, like Gecko) Chrome/148.0.7778.96 Mobile Safari/537.36 (compatible; Googlebot/2.1; +http://www.google.com/bot.html)"
65.108.235.243 - - [29/Jun/2026:20:34:56 +0200] "POST /wp-json/complianz/v1/wsc-scan HTTP/1.1" 400 88 "-" "WordPress/7.0; https://piacenza.elettroservicegroup.it"
65.108.235.243 - - [29/Jun/2026:20:34:58 +0200] "GET /assistenza-frigoriferi/ HTTP/1.1" 200 19895 "-" "WP Fastest Cache Preload Bot"
65.108.235.243 - - [29/Jun/2026:20:35:01 +0200] "GET /assistenza-lavastoviglie/ HTTP/1.1" 200 19949 "-" "WP Fastest Cache Preload Bot"
65.108.235.243 - - [29/Jun/2026:20:35:04 +0200] "GET /assistenza-asciugatrici/ HTTP/1.1" 200 19703 "-" "WP Fastest Cache Preload Bot"
65.108.235.243 - - [29/Jun/2026:20:35:06 +0200] "GET /assistenza-lavatrici/ HTTP/1.1" 200 19447 "-" "WP Fastest Cache Preload Bot"
43.157.156.190 - - [29/Jun/2026:20:49:48 +0200] "GET / HTTP/1.1" 200 23714 "http://piacenza.elettroservicegroup.it" "Mozilla/5.0 (iPhone; CPU iPhone OS 13_2_3 like Mac OS X) AppleWebKit/605.1.15 (KHTML, like Gecko) Version/13.0.3 Mobile/15E148 Safari/604.1"
65.108.235.243 - - [29/Jun/2026:20:49:48 +0200] "GET / HTTP/1.1" 200 21818 "-" "WP Fastest Cache Preload Bot"
5.195.173.134 - - [29/Jun/2026:21:05:16 +0200] "GET /assistenza-miele-piacenza/ HTTP/2.0" 200 22074 "-" "Mozilla/5.0 (Linux; Android 10; K) AppleWebKit/537.36 (KHTML, like Gecko) Chrome/149.0.0.0 Mobile Safari/537.36"
5.195.173.133 - - [29/Jun/2026:21:05:17 +0200] "GET /assistenza-miele-piacenza/ HTTP/2.0" 200 22074 "-" "Mozilla/5.0 (iPhone; CPU iPhone OS 18_7 like Mac OS X) AppleWebKit/605.1.15 (KHTML, like Gecko) Version/26.4 Mobile/15E148 Safari/604.1"
5.195.173.134 - - [29/Jun/2026:21:05:17 +0200] "GET /wp-content/cache/wpfc-minified/lkeozi6d/2b8mf.css HTTP/2.0" 200 7521 "https://piacenza.elettroservicegroup.it/assistenza-miele-piacenza/" "Mozilla/5.0 (Linux; Android 10; K) AppleWebKit/537.36 (KHTML, like Gecko) Chrome/149.0.0.0 Mobile Safari/537.36"
5.195.173.134 - - [29/Jun/2026:21:05:17 +0200] "GET /wp-content/cache/wpfc-minified/98f2uwim/2b8mf.css HTTP/2.0" 200 418 "https://piacenza.elettroservicegroup.it/assistenza-miele-piacenza/" "Mozilla/5.0 (Linux; Android 10; K) AppleWebKit/537.36 (KHTML, like Gecko) Chrome/149.0.0.0 Mobile Safari/537.36"
5.195.173.134 - - [29/Jun/2026:21:05:17 +0200] "GET /wp-content/uploads/elementor/css/post-14366.css?ver=1782443029 HTTP/2.0" 200 302 "https://piacenza.elettroservicegroup.it/assistenza-miele-piacenza/" "Mozilla/5.0 (Linux; Android 10; K) AppleWebKit/537.36 (KHTML, like Gecko) Chrome/149.0.0.0 Mobile Safari/537.36"
5.195.173.134 - - [29/Jun/2026:21:05:17 +0200] "GET /wp-content/uploads/2022/08/ASCIUGATRICE-TECNIC-4-300x225.jpg HTTP/2.0" 200 16834 "https://piacenza.elettroservicegroup.it/assistenza-miele-piacenza/" "Mozilla/5.0 (Linux; Android 10; K) AppleWebKit/537.36 (KHTML, like Gecko) Chrome/149.0.0.0 Mobile Safari/537.36"
5.195.173.134 - - [29/Jun/2026:21:05:17 +0200] "GET /wp-content/uploads/elementor/css/post-14146.css?ver=1782443029 HTTP/2.0" 200 428 "https://piacenza.elettroservicegroup.it/assistenza-miele-piacenza/" "Mozilla/5.0 (Linux; Android 10; K) AppleWebKit/537.36 (KHTML, like Gecko) Chrome/149.0.0.0 Mobile Safari/537.36"
5.195.173.134 - - [29/Jun/2026:21:05:17 +0200] "GET /wp-content/plugins/gp-premium/menu-plus/functions/js/sticky.min.js?ver=2.5.5 HTTP/2.0" 200 2670 "https://piacenza.elettroservicegroup.it/assistenza-miele-piacenza/" "Mozilla/5.0 (Linux; Android 10; K) AppleWebKit/537.36 (KHTML, like Gecko) Chrome/149.0.0.0 Mobile Safari/537.36"
5.195.173.134 - - [29/Jun/2026:21:05:17 +0200] "GET /wp-content/cache/wpfc-minified/qha2vzve/2b8mf.css HTTP/2.0" 200 11343 "https://piacenza.elettroservicegroup.it/assistenza-miele-piacenza/" "Mozilla/5.0 (Linux; Android 10; K) AppleWebKit/537.36 (KHTML, like Gecko) Chrome/149.0.0.0 Mobile Safari/537.36"
5.195.173.134 - - [29/Jun/2026:21:05:17 +0200] "GET /wp-content/cache/wpfc-minified/5g6kml4/2bdz9.css HTTP/2.0" 200 16441 "https://piacenza.elettroservicegroup.it/assistenza-miele-piacenza/" "Mozilla/5.0 (Linux; Android 10; K) AppleWebKit/537.36 (KHTML, like Gecko) Chrome/149.0.0.0 Mobile Safari/537.36"
5.195.173.134 - - [29/Jun/2026:21:05:17 +0200] "GET /wp-content/uploads/elementor/css/post-16971.css?ver=1782454559 HTTP/2.0" 200 2085 "https://piacenza.elettroservicegroup.it/assistenza-miele-piacenza/" "Mozilla/5.0 (Linux; Android 10; K) AppleWebKit/537.36 (KHTML, like Gecko) Chrome/149.0.0.0 Mobile Safari/537.36"
5.195.173.134 - - [29/Jun/2026:21:05:17 +0200] "GET /wp-content/cache/wpfc-minified/9h35mpo4/2b8mf.css HTTP/2.0" 200 4410 "https://piacenza.elettroservicegroup.it/assistenza-miele-piacenza/" "Mozilla/5.0 (Linux; Android 10; K) AppleWebKit/537.36 (KHTML, like Gecko) Chrome/149.0.0.0 Mobile Safari/537.36"
5.195.173.134 - - [29/Jun/2026:21:05:17 +0200] "GET /wp-content/cache/wpfc-minified/30gnld0u/2b8mf.css HTTP/2.0" 200 19038 "https://piacenza.elettroservicegroup.it/assistenza-miele-piacenza/" "Mozilla/5.0 (Linux; Android 10; K) AppleWebKit/537.36 (KHTML, like Gecko) Chrome/149.0.0.0 Mobile Safari/537.36"
5.195.173.134 - - [29/Jun/2026:21:05:17 +0200] "GET /wp-content/uploads/2021/10/cropped-cropped-cropped-logo_white_background.png HTTP/2.0" 200 10924 "https://piacenza.elettroservicegroup.it/assistenza-miele-piacenza/" "Mozilla/5.0 (Linux; Android 10; K) AppleWebKit/537.36 (KHTML, like Gecko) Chrome/149.0.0.0 Mobile Safari/537.36"
5.195.173.133 - - [29/Jun/2026:21:05:18 +0200] "GET /wp-content/cache/wpfc-minified/lkeozi6d/2b8mf.css HTTP/2.0" 200 7521 "https://piacenza.elettroservicegroup.it/assistenza-miele-piacenza/" "Mozilla/5.0 (iPhone; CPU iPhone OS 18_7 like Mac OS X) AppleWebKit/605.1.15 (KHTML, like Gecko) Version/26.4 Mobile/15E148 Safari/604.1"
5.195.173.134 - - [29/Jun/2026:21:05:17 +0200] "GET /wp-content/cache/wpfc-minified/6ykfum2g/2bdz9.css HTTP/2.0" 200 14492 "https://piacenza.elettroservicegroup.it/assistenza-miele-piacenza/" "Mozilla/5.0 (Linux; Android 10; K) AppleWebKit/537.36 (KHTML, like Gecko) Chrome/149.0.0.0 Mobile Safari/537.36"
5.195.173.134 - - [29/Jun/2026:21:05:17 +0200] "GET /wp-content/cache/wpfc-minified/kajgjpa1/2b8mf.js HTTP/2.0" 200 37594 "https://piacenza.elettroservicegroup.it/assistenza-miele-piacenza/" "Mozilla/5.0 (Linux; Android 10; K) AppleWebKit/537.36 (KHTML, like Gecko) Chrome/149.0.0.0 Mobile Safari/537.36"
5.195.173.133 - - [29/Jun/2026:21:05:18 +0200] "GET /wp-content/uploads/2022/08/ASCIUGATRICE-TECNIC-4.jpg HTTP/2.0" 200 43278 "https://piacenza.elettroservicegroup.it/assistenza-miele-piacenza/" "Mozilla/5.0 (iPhone; CPU iPhone OS 18_7 like Mac OS X) AppleWebKit/605.1.15 (KHTML, like Gecko) Version/26.4 Mobile/15E148 Safari/604.1"
5.195.173.133 - - [29/Jun/2026:21:05:18 +0200] "GET /wp-content/cache/wpfc-minified/98f2uwim/2b8mf.css HTTP/2.0" 200 418 "https://piacenza.elettroservicegroup.it/assistenza-miele-piacenza/" "Mozilla/5.0 (iPhone; CPU iPhone OS 18_7 like Mac OS X) AppleWebKit/605.1.15 (KHTML, like Gecko) Version/26.4 Mobile/15E148 Safari/604.1"
5.195.173.133 - - [29/Jun/2026:21:05:18 +0200] "GET /wp-content/uploads/elementor/css/post-14146.css?ver=1782443029 HTTP/2.0" 200 428 "https://piacenza.elettroservicegroup.it/assistenza-miele-piacenza/" "Mozilla/5.0 (iPhone; CPU iPhone OS 18_7 like Mac OS X) AppleWebKit/605.1.15 (KHTML, like Gecko) Version/26.4 Mobile/15E148 Safari/604.1"
5.195.173.133 - - [29/Jun/2026:21:05:18 +0200] "GET /wp-content/uploads/elementor/css/post-14366.css?ver=1782443029 HTTP/2.0" 200 302 "https://piacenza.elettroservicegroup.it/assistenza-miele-piacenza/" "Mozilla/5.0 (iPhone; CPU iPhone OS 18_7 like Mac OS X) AppleWebKit/605.1.15 (KHTML, like Gecko) Version/26.4 Mobile/15E148 Safari/604.1"
5.195.173.133 - - [29/Jun/2026:21:05:18 +0200] "GET /wp-content/uploads/elementor/css/post-16971.css?ver=1782454559 HTTP/2.0" 200 2085 "https://piacenza.elettroservicegroup.it/assistenza-miele-piacenza/" "Mozilla/5.0 (iPhone; CPU iPhone OS 18_7 like Mac OS X) AppleWebKit/605.1.15 (KHTML, like Gecko) Version/26.4 Mobile/15E148 Safari/604.1"
5.195.173.133 - - [29/Jun/2026:21:05:18 +0200] "GET /wp-content/uploads/2021/10/cropped-cropped-cropped-logo_white_background.png HTTP/2.0" 200 10924 "https://piacenza.elettroservicegroup.it/assistenza-miele-piacenza/" "Mozilla/5.0 (iPhone; CPU iPhone OS 18_7 like Mac OS X) AppleWebKit/605.1.15 (KHTML, like Gecko) Version/26.4 Mobile/15E148 Safari/604.1"
5.195.173.133 - - [29/Jun/2026:21:05:18 +0200] "GET /wp-content/plugins/gp-premium/menu-plus/functions/js/sticky.min.js?ver=2.5.5 HTTP/2.0" 200 2670 "https://piacenza.elettroservicegroup.it/assistenza-miele-piacenza/" "Mozilla/5.0 (iPhone; CPU iPhone OS 18_7 like Mac OS X) AppleWebKit/605.1.15 (KHTML, like Gecko) Version/26.4 Mobile/15E148 Safari/604.1"
5.195.173.133 - - [29/Jun/2026:21:05:18 +0200] "GET /wp-content/cache/wpfc-minified/9h35mpo4/2b8mf.css HTTP/2.0" 200 4410 "https://piacenza.elettroservicegroup.it/assistenza-miele-piacenza/" "Mozilla/5.0 (iPhone; CPU iPhone OS 18_7 like Mac OS X) AppleWebKit/605.1.15 (KHTML, like Gecko) Version/26.4 Mobile/15E148 Safari/604.1"
5.195.173.133 - - [29/Jun/2026:21:05:18 +0200] "GET /wp-content/cache/wpfc-minified/qha2vzve/2b8mf.css HTTP/2.0" 200 11343 "https://piacenza.elettroservicegroup.it/assistenza-miele-piacenza/" "Mozilla/5.0 (iPhone; CPU iPhone OS 18_7 like Mac OS X) AppleWebKit/605.1.15 (KHTML, like Gecko) Version/26.4 Mobile/15E148 Safari/604.1"
5.195.173.133 - - [29/Jun/2026:21:05:18 +0200] "GET /wp-content/cache/wpfc-minified/5g6kml4/2bdz9.css HTTP/2.0" 200 16441 "https://piacenza.elettroservicegroup.it/assistenza-miele-piacenza/" "Mozilla/5.0 (iPhone; CPU iPhone OS 18_7 like Mac OS X) AppleWebKit/605.1.15 (KHTML, like Gecko) Version/26.4 Mobile/15E148 Safari/604.1"
5.195.173.133 - - [29/Jun/2026:21:05:18 +0200] "GET /wp-content/cache/wpfc-minified/6ykfum2g/2bdz9.css HTTP/2.0" 200 14492 "https://piacenza.elettroservicegroup.it/assistenza-miele-piacenza/" "Mozilla/5.0 (iPhone; CPU iPhone OS 18_7 like Mac OS X) AppleWebKit/605.1.15 (KHTML, like Gecko) Version/26.4 Mobile/15E148 Safari/604.1"
5.195.173.133 - - [29/Jun/2026:21:05:18 +0200] "GET /wp-content/cache/wpfc-minified/30gnld0u/2b8mf.css HTTP/2.0" 200 19038 "https://piacenza.elettroservicegroup.it/assistenza-miele-piacenza/" "Mozilla/5.0 (iPhone; CPU iPhone OS 18_7 like Mac OS X) AppleWebKit/605.1.15 (KHTML, like Gecko) Version/26.4 Mobile/15E148 Safari/604.1"
5.195.173.133 - - [29/Jun/2026:21:05:18 +0200] "GET /wp-content/cache/wpfc-minified/kajgjpa1/2b8mf.js HTTP/2.0" 200 37594 "https://piacenza.elettroservicegroup.it/assistenza-miele-piacenza/" "Mozilla/5.0 (iPhone; CPU iPhone OS 18_7 like Mac OS X) AppleWebKit/605.1.15 (KHTML, like Gecko) Version/26.4 Mobile/15E148 Safari/604.1"
5.195.173.134 - - [29/Jun/2026:21:05:18 +0200] "GET /wp-content/plugins/elementor/assets/js/webpack.runtime.min.js?ver=4.1.4 HTTP/2.0" 200 2340 "https://piacenza.elettroservicegroup.it/assistenza-miele-piacenza/" "Mozilla/5.0 (Linux; Android 10; K) AppleWebKit/537.36 (KHTML, like Gecko) Chrome/149.0.0.0 Mobile Safari/537.36"
5.195.173.134 - - [29/Jun/2026:21:05:19 +0200] "GET /wp-content/plugins/elementor/assets/js/frontend-modules.min.js?ver=4.1.4 HTTP/2.0" 200 15454 "https://piacenza.elettroservicegroup.it/assistenza-miele-piacenza/" "Mozilla/5.0 (Linux; Android 10; K) AppleWebKit/537.36 (KHTML, like Gecko) Chrome/149.0.0.0 Mobile Safari/537.36"
5.195.173.134 - - [29/Jun/2026:21:05:19 +0200] "GET /wp-includes/js/jquery/ui/core.min.js?ver=1.13.3 HTTP/2.0" 200 6820 "https://piacenza.elettroservicegroup.it/assistenza-miele-piacenza/" "Mozilla/5.0 (Linux; Android 10; K) AppleWebKit/537.36 (KHTML, like Gecko) Chrome/149.0.0.0 Mobile Safari/537.36"
5.195.173.133 - - [29/Jun/2026:21:05:19 +0200] "GET /wp-content/plugins/elementor/assets/js/webpack.runtime.min.js?ver=4.1.4 HTTP/2.0" 200 2340 "https://piacenza.elettroservicegroup.it/assistenza-miele-piacenza/" "Mozilla/5.0 (iPhone; CPU iPhone OS 18_7 like Mac OS X) AppleWebKit/605.1.15 (KHTML, like Gecko) Version/26.4 Mobile/15E148 Safari/604.1"
5.195.173.134 - - [29/Jun/2026:21:05:19 +0200] "GET /wp-content/themes/generatepress/assets/js/back-to-top.min.js?ver=3.6.1 HTTP/2.0" 200 336 "https://piacenza.elettroservicegroup.it/assistenza-miele-piacenza/" "Mozilla/5.0 (Linux; Android 10; K) AppleWebKit/537.36 (KHTML, like Gecko) Chrome/149.0.0.0 Mobile Safari/537.36"
5.195.173.134 - - [29/Jun/2026:21:05:19 +0200] "GET /wp-content/themes/generatepress/assets/js/menu.min.js?ver=3.6.1 HTTP/2.0" 200 1688 "https://piacenza.elettroservicegroup.it/assistenza-miele-piacenza/" "Mozilla/5.0 (Linux; Android 10; K) AppleWebKit/537.36 (KHTML, like Gecko) Chrome/149.0.0.0 Mobile Safari/537.36"
5.195.173.134 - - [29/Jun/2026:21:05:19 +0200] "GET /wp-content/uploads/elementor/google-fonts/fonts/roboto-kfo7cnqeu92fr1me7ksn66agldtyluama3yuba.woff2 HTTP/2.0" 200 40132 "https://piacenza.elettroservicegroup.it/wp-content/cache/wpfc-minified/6ykfum2g/2bdz9.css" "Mozilla/5.0 (Linux; Android 10; K) AppleWebKit/537.36 (KHTML, like Gecko) Chrome/149.0.0.0 Mobile Safari/537.36"
5.195.173.134 - - [29/Jun/2026:21:05:19 +0200] "GET /wp-content/plugins/elementor/assets/lib/font-awesome/webfonts/fa-regular-400.woff2 HTTP/2.0" 200 13277 "https://piacenza.elettroservicegroup.it/wp-content/cache/wpfc-minified/5g6kml4/2bdz9.css" "Mozilla/5.0 (Linux; Android 10; K) AppleWebKit/537.36 (KHTML, like Gecko) Chrome/149.0.0.0 Mobile Safari/537.36"
5.195.173.134 - - [29/Jun/2026:21:05:19 +0200] "GET /wp-content/plugins/elementor/assets/lib/font-awesome/webfonts/fa-solid-900.woff2 HTTP/2.0" 200 78201 "https://piacenza.elettroservicegroup.it/wp-content/cache/wpfc-minified/5g6kml4/2bdz9.css" "Mozilla/5.0 (Linux; Android 10; K) AppleWebKit/537.36 (KHTML, like Gecko) Chrome/149.0.0.0 Mobile Safari/537.36"
5.195.173.134 - - [29/Jun/2026:21:05:19 +0200] "GET /wp-content/plugins/complianz-gdpr-premium/cookiebanner/js/complianz.min.js?ver=1781539588 HTTP/2.0" 200 10762 "https://piacenza.elettroservicegroup.it/assistenza-miele-piacenza/" "Mozilla/5.0 (Linux; Android 10; K) AppleWebKit/537.36 (KHTML, like Gecko) Chrome/149.0.0.0 Mobile Safari/537.36"
5.195.173.134 - - [29/Jun/2026:21:05:19 +0200] "GET /wp-content/plugins/elementor/assets/js/frontend.min.js?ver=4.1.4 HTTP/2.0" 200 10140 "https://piacenza.elettroservicegroup.it/assistenza-miele-piacenza/" "Mozilla/5.0 (Linux; Android 10; K) AppleWebKit/537.36 (KHTML, like Gecko) Chrome/149.0.0.0 Mobile Safari/537.36"
5.195.173.133 - - [29/Jun/2026:21:05:19 +0200] "GET /wp-content/plugins/elementor/assets/js/frontend-modules.min.js?ver=4.1.4 HTTP/2.0" 200 15454 "https://piacenza.elettroservicegroup.it/assistenza-miele-piacenza/" "Mozilla/5.0 (iPhone; CPU iPhone OS 18_7 like Mac OS X) AppleWebKit/605.1.15 (KHTML, like Gecko) Version/26.4 Mobile/15E148 Safari/604.1"
5.195.173.133 - - [29/Jun/2026:21:05:20 +0200] "GET /wp-includes/js/jquery/ui/core.min.js?ver=1.13.3 HTTP/2.0" 200 6820 "https://piacenza.elettroservicegroup.it/assistenza-miele-piacenza/" "Mozilla/5.0 (iPhone; CPU iPhone OS 18_7 like Mac OS X) AppleWebKit/605.1.15 (KHTML, like Gecko) Version/26.4 Mobile/15E148 Safari/604.1"
5.195.173.133 - - [29/Jun/2026:21:05:20 +0200] "GET /wp-content/plugins/elementor/assets/js/frontend.min.js?ver=4.1.4 HTTP/2.0" 200 10140 "https://piacenza.elettroservicegroup.it/assistenza-miele-piacenza/" "Mozilla/5.0 (iPhone; CPU iPhone OS 18_7 like Mac OS X) AppleWebKit/605.1.15 (KHTML, like Gecko) Version/26.4 Mobile/15E148 Safari/604.1"
5.195.173.133 - - [29/Jun/2026:21:05:20 +0200] "GET /wp-content/uploads/2022/01/TECNICO-FRIGO-768x512.jpg HTTP/2.0" 200 50318 "https://piacenza.elettroservicegroup.it/assistenza-miele-piacenza/" "Mozilla/5.0 (iPhone; CPU iPhone OS 18_7 like Mac OS X) AppleWebKit/605.1.15 (KHTML, like Gecko) Version/26.4 Mobile/15E148 Safari/604.1"
5.195.173.133 - - [29/Jun/2026:21:05:20 +0200] "GET /wp-content/themes/generatepress/assets/js/back-to-top.min.js?ver=3.6.1 HTTP/2.0" 200 336 "https://piacenza.elettroservicegroup.it/assistenza-miele-piacenza/" "Mozilla/5.0 (iPhone; CPU iPhone OS 18_7 like Mac OS X) AppleWebKit/605.1.15 (KHTML, like Gecko) Version/26.4 Mobile/15E148 Safari/604.1"
5.195.173.133 - - [29/Jun/2026:21:05:20 +0200] "GET /wp-content/themes/generatepress/assets/js/menu.min.js?ver=3.6.1 HTTP/2.0" 200 1688 "https://piacenza.elettroservicegroup.it/assistenza-miele-piacenza/" "Mozilla/5.0 (iPhone; CPU iPhone OS 18_7 like Mac OS X) AppleWebKit/605.1.15 (KHTML, like Gecko) Version/26.4 Mobile/15E148 Safari/604.1"
5.195.173.133 - - [29/Jun/2026:21:05:20 +0200] "GET /wp-content/plugins/elementor/assets/lib/font-awesome/webfonts/fa-solid-900.woff2 HTTP/2.0" 200 78201 "https://piacenza.elettroservicegroup.it/wp-content/cache/wpfc-minified/5g6kml4/2bdz9.css" "Mozilla/5.0 (iPhone; CPU iPhone OS 18_7 like Mac OS X) AppleWebKit/605.1.15 (KHTML, like Gecko) Version/26.4 Mobile/15E148 Safari/604.1"
5.195.173.133 - - [29/Jun/2026:21:05:20 +0200] "GET /wp-content/plugins/elementor/assets/lib/font-awesome/webfonts/fa-regular-400.woff2 HTTP/2.0" 200 13277 "https://piacenza.elettroservicegroup.it/wp-content/cache/wpfc-minified/5g6kml4/2bdz9.css" "Mozilla/5.0 (iPhone; CPU iPhone OS 18_7 like Mac OS X) AppleWebKit/605.1.15 (KHTML, like Gecko) Version/26.4 Mobile/15E148 Safari/604.1"
5.195.173.133 - - [29/Jun/2026:21:05:20 +0200] "GET /wp-content/plugins/complianz-gdpr-premium/cookiebanner/js/complianz.min.js?ver=1781539588 HTTP/2.0" 200 10762 "https://piacenza.elettroservicegroup.it/assistenza-miele-piacenza/" "Mozilla/5.0 (iPhone; CPU iPhone OS 18_7 like Mac OS X) AppleWebKit/605.1.15 (KHTML, like Gecko) Version/26.4 Mobile/15E148 Safari/604.1"
5.195.173.134 - - [29/Jun/2026:21:05:21 +0200] "GET /wp-content/plugins/elementor/assets/js/section-frontend-handlers.d85ab872da118940910d.bundle.min.js HTTP/2.0" 200 230 "https://piacenza.elettroservicegroup.it/assistenza-miele-piacenza/" "Mozilla/5.0 (Linux; Android 10; K) AppleWebKit/537.36 (KHTML, like Gecko) Chrome/149.0.0.0 Mobile Safari/537.36"
5.195.173.134 - - [29/Jun/2026:21:05:21 +0200] "GET /wp-content/plugins/elementor/assets/js/text-editor.45609661e409413f1cef.bundle.min.js HTTP/2.0" 200 592 "https://piacenza.elettroservicegroup.it/assistenza-miele-piacenza/" "Mozilla/5.0 (Linux; Android 10; K) AppleWebKit/537.36 (KHTML, like Gecko) Chrome/149.0.0.0 Mobile Safari/537.36"
5.195.173.134 - - [29/Jun/2026:21:05:21 +0200] "GET /wp-content/plugins/elementor/assets/js/shared-frontend-handlers.03caa53373b56d3bab67.bundle.min.js HTTP/2.0" 200 2515 "https://piacenza.elettroservicegroup.it/assistenza-miele-piacenza/" "Mozilla/5.0 (Linux; Android 10; K) AppleWebKit/537.36 (KHTML, like Gecko) Chrome/149.0.0.0 Mobile Safari/537.36"
5.195.173.133 - - [29/Jun/2026:21:05:22 +0200] "GET /wp-content/uploads/2022/08/COPERTINA-4-768x384.png HTTP/2.0" 200 165615 "https://piacenza.elettroservicegroup.it/assistenza-miele-piacenza/" "Mozilla/5.0 (iPhone; CPU iPhone OS 18_7 like Mac OS X) AppleWebKit/605.1.15 (KHTML, like Gecko) Version/26.4 Mobile/15E148 Safari/604.1"
5.195.173.133 - - [29/Jun/2026:21:05:22 +0200] "GET /wp-content/uploads/elementor/google-fonts/fonts/roboto-kfo7cnqeu92fr1me7ksn66agldtyluama3yuba.woff2 HTTP/2.0" 200 40132 "https://piacenza.elettroservicegroup.it/wp-content/cache/wpfc-minified/6ykfum2g/2bdz9.css" "Mozilla/5.0 (iPhone; CPU iPhone OS 18_7 like Mac OS X) AppleWebKit/605.1.15 (KHTML, like Gecko) Version/26.4 Mobile/15E148 Safari/604.1"
5.195.173.133 - - [29/Jun/2026:21:05:22 +0200] "GET /wp-content/plugins/elementor/assets/js/section-frontend-handlers.d85ab872da118940910d.bundle.min.js HTTP/2.0" 200 230 "https://piacenza.elettroservicegroup.it/assistenza-miele-piacenza/" "Mozilla/5.0 (iPhone; CPU iPhone OS 18_7 like Mac OS X) AppleWebKit/605.1.15 (KHTML, like Gecko) Version/26.4 Mobile/15E148 Safari/604.1"
5.195.173.133 - - [29/Jun/2026:21:05:23 +0200] "GET /wp-content/plugins/elementor/assets/js/shared-frontend-handlers.03caa53373b56d3bab67.bundle.min.js HTTP/2.0" 200 2515 "https://piacenza.elettroservicegroup.it/assistenza-miele-piacenza/" "Mozilla/5.0 (iPhone; CPU iPhone OS 18_7 like Mac OS X) AppleWebKit/605.1.15 (KHTML, like Gecko) Version/26.4 Mobile/15E148 Safari/604.1"
5.195.173.133 - - [29/Jun/2026:21:05:23 +0200] "GET /wp-content/plugins/elementor/assets/js/text-editor.45609661e409413f1cef.bundle.min.js HTTP/2.0" 200 592 "https://piacenza.elettroservicegroup.it/assistenza-miele-piacenza/" "Mozilla/5.0 (iPhone; CPU iPhone OS 18_7 like Mac OS X) AppleWebKit/605.1.15 (KHTML, like Gecko) Version/26.4 Mobile/15E148 Safari/604.1"
5.195.173.134 - - [29/Jun/2026:21:05:26 +0200] "GET /wp-content/uploads/2021/10/cropped-cropped-cropped-cropped-logo_white_background-32x32.png HTTP/2.0" 200 716 "https://piacenza.elettroservicegroup.it/assistenza-miele-piacenza/" "Mozilla/5.0 (Linux; Android 10; K) AppleWebKit/537.36 (KHTML, like Gecko) Chrome/149.0.0.0 Mobile Safari/537.36"
5.195.173.133 - - [29/Jun/2026:21:05:22 +0200] "GET /wp-json/complianz/v1/banner?lang=it&locale=it_IT&token=wdtyq HTTP/2.0" 200 81 "https://piacenza.elettroservicegroup.it/assistenza-miele-piacenza/" "Mozilla/5.0 (iPhone; CPU iPhone OS 18_7 like Mac OS X) AppleWebKit/605.1.15 (KHTML, like Gecko) Version/26.4 Mobile/15E148 Safari/604.1"
65.108.235.243 - - [29/Jun/2026:21:05:28 +0200] "POST /wp-cron.php?doing_wp_cron=1782759928.6460380554199218750000 HTTP/1.1" 200 1 "-" "WordPress/7.0; https://piacenza.elettroservicegroup.it"
5.195.173.134 - - [29/Jun/2026:21:05:21 +0200] "GET /wp-json/complianz/v1/banner?lang=it&locale=it_IT&token=uvjwu HTTP/2.0" 200 81 "https://piacenza.elettroservicegroup.it/assistenza-miele-piacenza/" "Mozilla/5.0 (Linux; Android 10; K) AppleWebKit/537.36 (KHTML, like Gecko) Chrome/149.0.0.0 Mobile Safari/537.36"
5.195.173.133 - - [29/Jun/2026:21:05:29 +0200] "GET /wp-content/uploads/complianz/css/banner-1-optin.css?v=40 HTTP/2.0" 200 2857 "https://piacenza.elettroservicegroup.it/assistenza-miele-piacenza/" "Mozilla/5.0 (iPhone; CPU iPhone OS 18_7 like Mac OS X) AppleWebKit/605.1.15 (KHTML, like Gecko) Version/26.4 Mobile/15E148 Safari/604.1"
5.195.173.134 - - [29/Jun/2026:21:05:29 +0200] "GET /wp-content/uploads/complianz/css/banner-1-optin.css?v=40 HTTP/2.0" 200 2857 "https://piacenza.elettroservicegroup.it/assistenza-miele-piacenza/" "Mozilla/5.0 (Linux; Android 10; K) AppleWebKit/537.36 (KHTML, like Gecko) Chrome/149.0.0.0 Mobile Safari/537.36"
5.195.173.133 - - [29/Jun/2026:21:05:20 +0200] "GET /wp-content/uploads/2022/08/Assistenza-e-Riparazioni-miele-Bologna-e1660926164611.png HTTP/2.0" 404 16292 "https://piacenza.elettroservicegroup.it/assistenza-miele-piacenza/" "Mozilla/5.0 (iPhone; CPU iPhone OS 18_7 like Mac OS X) AppleWebKit/605.1.15 (KHTML, like Gecko) Version/26.4 Mobile/15E148 Safari/604.1"
5.195.173.133 - - [29/Jun/2026:21:05:29 +0200] "GET /wp-json/complianz/v1/cookie_data HTTP/2.0" 200 69 "https://piacenza.elettroservicegroup.it/assistenza-miele-piacenza/" "Mozilla/5.0 (iPhone; CPU iPhone OS 18_7 like Mac OS X) AppleWebKit/605.1.15 (KHTML, like Gecko) Version/26.4 Mobile/15E148 Safari/604.1"
5.195.173.134 - - [29/Jun/2026:21:05:29 +0200] "GET /wp-json/complianz/v1/cookie_data HTTP/2.0" 200 69 "https://piacenza.elettroservicegroup.it/assistenza-miele-piacenza/" "Mozilla/5.0 (Linux; Android 10; K) AppleWebKit/537.36 (KHTML, like Gecko) Chrome/149.0.0.0 Mobile Safari/537.36"
5.195.173.133 - - [29/Jun/2026:21:05:32 +0200] "GET /wp-content/uploads/2021/10/cropped-cropped-cropped-cropped-logo_white_background-32x32.png HTTP/2.0" 200 716 "https://piacenza.elettroservicegroup.it/assistenza-miele-piacenza/" "Mozilla/5.0 (iPhone; CPU iPhone OS 18_7 like Mac OS X) AppleWebKit/605.1.15 (KHTML, like Gecko) Version/26.4 Mobile/15E148 Safari/604.1"
5.195.173.134 - - [29/Jun/2026:21:05:32 +0200] "POST /wp-json/complianz/v1/track HTTP/2.0" 200 20 "https://piacenza.elettroservicegroup.it/assistenza-miele-piacenza/" "Mozilla/5.0 (Linux; Android 10; K) AppleWebKit/537.36 (KHTML, like Gecko) Chrome/149.0.0.0 Mobile Safari/537.36"
65.108.235.243 - - [29/Jun/2026:21:52:32 +0200] "POST /wp-cron.php?doing_wp_cron=1782762752.3435070514678955078125 HTTP/1.1" 200 1 "-" "WordPress/7.0; https://piacenza.elettroservicegroup.it"
65.108.235.243 - - [29/Jun/2026:21:52:38 +0200] "POST /wp-json/complianz/v1/wsc-scan HTTP/1.1" 400 88 "-" "WordPress/7.0; https://piacenza.elettroservicegroup.it"
65.108.235.243 - - [29/Jun/2026:21:52:39 +0200] "GET /imprint/ HTTP/1.1" 200 17185 "-" "WP Fastest Cache Preload Bot"
65.108.235.243 - - [29/Jun/2026:21:52:41 +0200] "GET /dichiarazione-sulla-privacy-ue/ HTTP/1.1" 200 19687 "-" "WP Fastest Cache Preload Bot"
65.108.235.243 - - [29/Jun/2026:21:52:44 +0200] "GET /assistenza-whirlpool-piacenza/ HTTP/1.1" 200 21855 "-" "WP Fastest Cache Preload Bot"
65.108.235.243 - - [29/Jun/2026:21:52:46 +0200] "GET /assistenza-smeg-piacenza/ HTTP/1.1" 200 21802 "-" "WP Fastest Cache Preload Bot"
65.108.235.243 - - [29/Jun/2026:21:52:47 +0200] "GET / HTTP/1.1" 200 21818 "-" "WP Fastest Cache Preload Bot"
94.46.2.99 - - [29/Jun/2026:23:48:05 +0200] "GET /wp-content/uploads/2022/01/logo-rex-electrolux-1-768x768-1-e1642606786775-300x154.jpg HTTP/2.0" 200 6425 "https://piacenza.elettroservicegroup.it/assistenza-rex-electrolux-piacenza/" "Mozilla/5.0 (Macintosh; Intel Mac OS X 10_15_7) AppleWebKit/537.36 (KHTML, like Gecko) Chrome/130.0.0.0 Safari/537.36"
95.175.74.82 - - [29/Jun/2026:23:54:15 +0200] "GET /wp-content/uploads/2022/01/tecnico-elettro-1-300x200.jpg HTTP/2.0" 200 15134 "https://piacenza.elettroservicegroup.it/assistenza-lavatrici-aeg-piacenza/" "Mozilla/5.0 (Macintosh; Intel Mac OS X 10_15_7) AppleWebKit/537.36 (KHTML, like Gecko) Chrome/130.0.0.0 Safari/537.36"
74.7.242.25 - - [30/Jun/2026:00:49:05 +0200] "GET /sitemap.xml HTTP/2.0" 415 333 "-" "Mozilla/5.0 AppleWebKit/537.36 (KHTML, like Gecko; compatible; GPTBot/1.4; +https://openai.com/gptbot)"
65.108.235.243 - - [30/Jun/2026:00:49:07 +0200] "POST /wp-cron.php?doing_wp_cron=1782773347.6510720252990722656250 HTTP/1.1" 200 1 "-" "WordPress/7.0; https://piacenza.elettroservicegroup.it"
74.7.228.55 - - [30/Jun/2026:00:49:05 +0200] "GET /robots.txt HTTP/2.0" 200 108 "-" "Mozilla/5.0 (Macintosh; Intel Mac OS X 10_15_7) AppleWebKit/537.36 (KHTML, like Gecko) Chrome/131.0.0.0 Safari/537.36; compatible; OAI-SearchBot/1.4; robots.txt; +https://openai.com/searchbot"
65.108.235.243 - - [30/Jun/2026:00:49:08 +0200] "POST /wp-json/complianz/v1/wsc-scan HTTP/1.1" 400 88 "-" "WordPress/7.0; https://piacenza.elettroservicegroup.it"
65.108.235.243 - - [30/Jun/2026:00:49:08 +0200] "GET /imprint/ HTTP/1.1" 200 17181 "-" "WP Fastest Cache Preload Bot"
65.108.235.243 - - [30/Jun/2026:00:49:08 +0200] "GET /dichiarazione-sulla-privacy-ue/ HTTP/1.1" 200 19685 "-" "WP Fastest Cache Preload Bot"
65.108.235.243 - - [30/Jun/2026:00:49:09 +0200] "GET /assistenza-whirlpool-piacenza/ HTTP/1.1" 200 21855 "-" "WP Fastest Cache Preload Bot"
65.108.235.243 - - [30/Jun/2026:00:49:12 +0200] "GET /assistenza-smeg-piacenza/ HTTP/1.1" 200 21801 "-" "WP Fastest Cache Preload Bot"
65.108.235.243 - - [30/Jun/2026:00:53:16 +0200] "POST /wp-cron.php?doing_wp_cron=1782773596.6374928951263427734375 HTTP/1.1" 200 1 "-" "WordPress/7.0; https://piacenza.elettroservicegroup.it"
74.7.242.25 - - [30/Jun/2026:00:53:11 +0200] "GET /sitemap.rss HTTP/2.0" 415 1299 "-" "Mozilla/5.0 AppleWebKit/537.36 (KHTML, like Gecko; compatible; GPTBot/1.4; +https://openai.com/gptbot)"
65.108.235.243 - - [30/Jun/2026:00:53:18 +0200] "GET /assistenza-siemens-piacenza/ HTTP/1.1" 200 21986 "-" "WP Fastest Cache Preload Bot"
65.108.235.243 - - [30/Jun/2026:00:53:20 +0200] "GET /assistenza-rex-electrolux-piacenza/ HTTP/1.1" 200 21846 "-" "WP Fastest Cache Preload Bot"
65.108.235.243 - - [30/Jun/2026:00:53:22 +0200] "GET /assistenza-miele-piacenza/ HTTP/1.1" 200 22098 "-" "WP Fastest Cache Preload Bot"
65.108.235.243 - - [30/Jun/2026:00:53:25 +0200] "GET /assistenza-lavatrici-whirlpool-piacenza/ HTTP/1.1" 200 21964 "-" "WP Fastest Cache Preload Bot"
43.161.217.205 - - [30/Jun/2026:01:21:59 +0200] "GET / HTTP/1.1" 200 23714 "http://piacenza.elettroservicegroup.it" "Mozilla/5.0 (iPhone; CPU iPhone OS 13_2_3 like Mac OS X) AppleWebKit/605.1.15 (KHTML, like Gecko) Version/13.0.3 Mobile/15E148 Safari/604.1"
