65.108.235.243 - - [30/Jun/2026:01:21:59 +0200] "GET /assistenza-lavatrici-smeg-piacenza/ HTTP/1.1" 200 21710 "-" "WP Fastest Cache Preload Bot"
65.108.235.243 - - [30/Jun/2026:01:22:00 +0200] "GET /assistenza-lavatrici-rex-electrolux-piacenza/ HTTP/1.1" 200 21679 "-" "WP Fastest Cache Preload Bot"
65.108.235.243 - - [30/Jun/2026:01:22:01 +0200] "GET /assistenza-lavatrici-indesit-piacenza/ HTTP/1.1" 200 21704 "-" "WP Fastest Cache Preload Bot"
65.108.235.243 - - [30/Jun/2026:01:22:03 +0200] "GET /assistenza-lavatrici-bosch-piacenza/ HTTP/1.1" 200 21747 "-" "WP Fastest Cache Preload Bot"
65.108.235.243 - - [30/Jun/2026:02:13:54 +0200] "POST /wp-cron.php?doing_wp_cron=1782778434.5043909549713134765625 HTTP/1.1" 200 1 "-" "WordPress/7.0; https://piacenza.elettroservicegroup.it"
40.77.167.132 - - [30/Jun/2026:02:13:52 +0200] "GET /assistenza-bosch-castel-san-giovanni/ HTTP/2.0" 404 16303 "-" "Mozilla/5.0 AppleWebKit/537.36 (KHTML, like Gecko; compatible; bingbot/2.0; +http://www.bing.com/bingbot.htm) Chrome/116.0.1938.76 Safari/537.36"
65.108.235.243 - - [30/Jun/2026:02:13:56 +0200] "POST /wp-json/complianz/v1/wsc-scan HTTP/1.1" 400 88 "-" "WordPress/7.0; https://piacenza.elettroservicegroup.it"
65.108.235.243 - - [30/Jun/2026:02:13:58 +0200] "GET /assistenza-lavatrici-ariston-piacenza/ HTTP/1.1" 200 21766 "-" "WP Fastest Cache Preload Bot"
65.108.235.243 - - [30/Jun/2026:02:14:00 +0200] "GET /assistenza-lavatrici-aeg-piacenza/ HTTP/1.1" 200 21769 "-" "WP Fastest Cache Preload Bot"
65.108.235.243 - - [30/Jun/2026:02:14:01 +0200] "GET /assistenza-lavatrici-piacenza/ HTTP/1.1" 200 22017 "-" "WP Fastest Cache Preload Bot"
65.108.235.243 - - [30/Jun/2026:02:14:04 +0200] "GET /assistenza-lavastoviglie-whirlpool-piacenza/ HTTP/1.1" 200 21716 "-" "WP Fastest Cache Preload Bot"
65.108.235.243 - - [30/Jun/2026:02:26:23 +0200] "POST /wp-cron.php?doing_wp_cron=1782779183.3016479015350341796875 HTTP/1.1" 200 1 "-" "WordPress/7.0; https://piacenza.elettroservicegroup.it"
66.249.64.166 - - [30/Jun/2026:02:26:20 +0200] "GET /assistenza-lavatrici-castel-san-giovanni/ HTTP/1.1" 404 16281 "-" "Mozilla/5.0 (Linux; Android 6.0.1; Nexus 5X Build/MMB29P) AppleWebKit/537.36 (KHTML, like Gecko) Chrome/148.0.7778.96 Mobile Safari/537.36 (compatible; Googlebot/2.1; +http://www.google.com/bot.html)"
65.108.235.243 - - [30/Jun/2026:02:26:25 +0200] "GET /assistenza-lavastoviglie-smeg-piacenza/ HTTP/1.1" 200 21661 "-" "WP Fastest Cache Preload Bot"
65.108.235.243 - - [30/Jun/2026:02:26:28 +0200] "GET /assistenza-lavastoviglie-rex-electrolux-piacenza/ HTTP/1.1" 200 21624 "-" "WP Fastest Cache Preload Bot"
65.108.235.243 - - [30/Jun/2026:02:26:29 +0200] "GET /assistenza-lavastoviglie-indesit-piacenza/ HTTP/1.1" 200 22127 "-" "WP Fastest Cache Preload Bot"
65.108.235.243 - - [30/Jun/2026:02:26:31 +0200] "GET /assistenza-lavastoviglie-bosch-piacenza/ HTTP/1.1" 200 22151 "-" "WP Fastest Cache Preload Bot"
3.217.128.115 - - [30/Jun/2026:02:42:13 +0200] "GET / HTTP/1.1" 200 23714 "-" "Mozilla/5.0 (Windows NT 10.0; Win64; x64) AppleWebKit/537.36 (KHTML, like Gecko) Chrome/138.0.7204.97 Safari/537.36"
65.108.235.243 - - [30/Jun/2026:02:42:14 +0200] "GET /assistenza-lavastoviglie-ariston-piacenza/ HTTP/1.1" 200 22087 "-" "WP Fastest Cache Preload Bot"
65.108.235.243 - - [30/Jun/2026:02:42:14 +0200] "GET /assistenza-lavastoviglie-aeg-piacenza/ HTTP/1.1" 200 22144 "-" "WP Fastest Cache Preload Bot"
65.108.235.243 - - [30/Jun/2026:02:42:14 +0200] "GET /assistenza-lavastoviglie-piacenza/ HTTP/1.1" 200 21763 "-" "WP Fastest Cache Preload Bot"
65.108.235.243 - - [30/Jun/2026:02:42:15 +0200] "GET /assistenza-indesit-piacenza/ HTTP/1.1" 200 21797 "-" "WP Fastest Cache Preload Bot"
185.186.38.201 - - [30/Jun/2026:03:18:40 +0200] "GET / HTTP/1.1" 200 23714 "-" "Mozilla/5.0 (Windows NT 10.0; Win64; x64) AppleWebKit/537.36 (KHTML, like Gecko) Chrome/120.0.0.0 Safari/537.36"
65.108.235.243 - - [30/Jun/2026:03:18:46 +0200] "POST /wp-cron.php?doing_wp_cron=1782782326.4744260311126708984375 HTTP/1.1" 200 1 "-" "WordPress/7.0; https://piacenza.elettroservicegroup.it"
181.114.163.73 - - [30/Jun/2026:03:18:44 +0200] "GET /wp-login.php HTTP/1.1" 200 3042 "-" "Mozilla/5.0 (Windows NT 10.0; Win64; x64) AppleWebKit/537.36 (KHTML, like Gecko) Chrome/120.0.0.0 Safari/537.36"
65.108.235.243 - - [30/Jun/2026:03:18:47 +0200] "POST /wp-json/complianz/v1/wsc-scan HTTP/1.1" 400 88 "-" "WordPress/7.0; https://piacenza.elettroservicegroup.it"
65.108.235.243 - - [30/Jun/2026:03:18:47 +0200] "GET /assistenza-candy-piacenza/ HTTP/1.1" 200 21894 "-" "WP Fastest Cache Preload Bot"
181.114.163.73 - - [30/Jun/2026:03:18:48 +0200] "POST /wp-login.php HTTP/1.1" 200 3170 "https://piacenza.elettroservicegroup.it/wp-login.php" "Mozilla/5.0 (Windows NT 10.0; Win64; x64) AppleWebKit/537.36 (KHTML, like Gecko) Chrome/120.0.0.0 Safari/537.36"
65.108.235.243 - - [30/Jun/2026:03:18:47 +0200] "GET /assistenza-bosch-piacenza/ HTTP/1.1" 200 21897 "-" "WP Fastest Cache Preload Bot"
65.108.235.243 - - [30/Jun/2026:03:18:48 +0200] "GET /assistenza-ariston-piacenza/ HTTP/1.1" 200 21885 "-" "WP Fastest Cache Preload Bot"
65.108.235.243 - - [30/Jun/2026:03:18:49 +0200] "GET /assistenza-aeg-piacenza/ HTTP/1.1" 200 21885 "-" "WP Fastest Cache Preload Bot"
217.113.25.42 - - [30/Jun/2026:03:18:56 +0200] "POST /wp-login.php HTTP/1.1" 200 3170 "https://piacenza.elettroservicegroup.it/wp-login.php" "Mozilla/5.0 (Windows NT 10.0; Win64; x64) AppleWebKit/537.36 (KHTML, like Gecko) Chrome/120.0.0.0 Safari/537.36"
196.179.148.95 - - [30/Jun/2026:03:19:04 +0200] "POST /wp-login.php HTTP/1.1" 200 3170 "https://piacenza.elettroservicegroup.it/wp-login.php" "Mozilla/5.0 (Windows NT 10.0; Win64; x64) AppleWebKit/537.36 (KHTML, like Gecko) Chrome/120.0.0.0 Safari/537.36"
196.179.148.95 - - [30/Jun/2026:03:19:08 +0200] "POST /xmlrpc.php HTTP/1.1" 403 52 "-" "WordPress/5.0; https://piacenza.elettroservicegroup.it"
44.195.140.35 - - [30/Jun/2026:04:27:35 +0200] "GET / HTTP/1.1" 200 23714 "-" "Mozilla/5.0 AppleWebKit/605.1.15 (KHTML, like Gecko) Chrome/139.0.0.0 Safari/605.1.15"
65.108.235.243 - - [30/Jun/2026:04:57:42 +0200] "POST /wp-cron.php?doing_wp_cron=1782788262.8965098857879638671875 HTTP/1.1" 200 1 "-" "WordPress/7.0; https://piacenza.elettroservicegroup.it"
2.196.140.11 - - [30/Jun/2026:04:57:36 +0200] "GET /assistenza-condizionatori/ HTTP/1.1" 404 85107 "-" "Mozilla/5.0 (X11; Ubuntu; Linux i686; rv:24.0) Gecko/20100101 Firefox/24.0 Chrome/80.0.3987.132 Safari/537.36"
65.108.235.243 - - [30/Jun/2026:04:57:44 +0200] "GET /cookie-policy/ HTTP/1.1" 200 18008 "-" "WP Fastest Cache Preload Bot"
65.108.235.243 - - [30/Jun/2026:04:57:47 +0200] "GET /termini-e-condizioni/ HTTP/1.1" 200 17569 "-" "WP Fastest Cache Preload Bot"
65.108.235.243 - - [30/Jun/2026:04:57:49 +0200] "GET /cookie-policy-ue/ HTTP/1.1" 200 19431 "-" "WP Fastest Cache Preload Bot"
65.108.235.243 - - [30/Jun/2026:04:57:51 +0200] "GET /informativa-privacy/ HTTP/1.1" 200 19815 "-" "WP Fastest Cache Preload Bot"
65.108.235.243 - - [30/Jun/2026:04:57:54 +0200] "POST /wp-json/complianz/v1/wsc-scan HTTP/1.1" 400 88 "-" "WordPress/7.0; https://piacenza.elettroservicegroup.it"
65.108.235.243 - - [30/Jun/2026:04:58:30 +0200] "POST /wp-cron.php?doing_wp_cron=1782788310.2090210914611816406250 HTTP/1.1" 200 1 "-" "WordPress/7.0; https://piacenza.elettroservicegroup.it"
2.196.140.11 - - [30/Jun/2026:04:58:28 +0200] "GET /assistenza-condizionatori/ HTTP/1.1" 404 85107 "-" "Mozilla/5.0 (X11; Ubuntu; Linux i686; rv:24.0) Gecko/20100101 Firefox/24.0 Chrome/80.0.3987.132 Safari/537.36"
43.153.54.138 - - [30/Jun/2026:06:11:52 +0200] "GET / HTTP/1.1" 200 23714 "http://piacenza.elettroservicegroup.it" "Mozilla/5.0 (iPhone; CPU iPhone OS 13_2_3 like Mac OS X) AppleWebKit/605.1.15 (KHTML, like Gecko) Version/13.0.3 Mobile/15E148 Safari/604.1"
65.108.235.243 - - [30/Jun/2026:06:11:52 +0200] "GET /assistenza-frigoriferi/ HTTP/1.1" 200 19894 "-" "WP Fastest Cache Preload Bot"
65.108.235.243 - - [30/Jun/2026:06:11:55 +0200] "GET /assistenza-lavastoviglie/ HTTP/1.1" 200 19947 "-" "WP Fastest Cache Preload Bot"
65.108.235.243 - - [30/Jun/2026:06:11:58 +0200] "GET /assistenza-asciugatrici/ HTTP/1.1" 200 19702 "-" "WP Fastest Cache Preload Bot"
65.108.235.243 - - [30/Jun/2026:06:12:00 +0200] "GET /assistenza-lavatrici/ HTTP/1.1" 200 19445 "-" "WP Fastest Cache Preload Bot"
65.108.235.243 - - [30/Jun/2026:06:12:07 +0200] "POST /wp-json/complianz/v1/wsc-scan HTTP/1.1" 400 88 "-" "WordPress/7.0; https://piacenza.elettroservicegroup.it"
186.22.54.197 - - [30/Jun/2026:06:22:54 +0200] "POST /xmlrpc.php HTTP/1.1" 403 52 "-" "Mozilla/5.0 (Windows NT 10.0; Win64; x64) AppleWebKit/537.36"
182.253.95.65 - - [30/Jun/2026:06:22:56 +0200] "GET / HTTP/1.1" 200 23714 "-" "Mozilla/5.0 (Windows NT 10.0; Win64; x64) AppleWebKit/537.36 (KHTML, like Gecko) Chrome/120.0.0.0 Safari/537.36"
65.108.235.243 - - [30/Jun/2026:06:23:08 +0200] "POST /wp-cron.php?doing_wp_cron=1782793388.1993339061737060546875 HTTP/1.1" 200 1 "-" "WordPress/7.0; https://piacenza.elettroservicegroup.it"
182.253.95.65 - - [30/Jun/2026:06:22:59 +0200] "GET /wp-login.php HTTP/1.1" 200 3042 "-" "Mozilla/5.0 (Windows NT 10.0; Win64; x64) AppleWebKit/537.36 (KHTML, like Gecko) Chrome/120.0.0.0 Safari/537.36"
182.253.95.65 - - [30/Jun/2026:06:23:11 +0200] "GET /wp-login.php?wp_lang=en_US HTTP/1.1" 200 2254 "-" "Mozilla/5.0 (Windows NT 10.0; Win64; x64) AppleWebKit/537.36 (KHTML, like Gecko) Chrome/120.0.0.0 Safari/537.36"
65.108.235.243 - - [30/Jun/2026:06:23:11 +0200] "GET / HTTP/1.1" 200 21817 "-" "WP Fastest Cache Preload Bot"
182.253.95.65 - - [30/Jun/2026:06:23:14 +0200] "POST /wp-login.php HTTP/1.1" 200 2421 "https://piacenza.elettroservicegroup.it" "Mozilla/5.0 (Windows NT 10.0; Win64; x64) AppleWebKit/537.36 (KHTML, like Gecko) Chrome/120.0.0.0 Safari/537.36"
109.248.55.135 - - [30/Jun/2026:06:46:15 +0200] "POST /xmlrpc.php HTTP/1.1" 403 52 "-" "Python-xmlrpc/3.10"
109.248.55.135 - - [30/Jun/2026:06:46:22 +0200] "GET /wp-login.php HTTP/1.1" 200 3042 "-" "Mozilla/5.0 (Macintosh; Intel Mac OS X 10_12_6) AppleWebKit/603.3.8 (KHTML, like Gecko) Version/10.1.2 Safari/603.3.8"
65.108.235.243 - - [30/Jun/2026:06:46:26 +0200] "POST /wp-cron.php?doing_wp_cron=1782794786.1086330413818359375000 HTTP/1.1" 200 1 "-" "WordPress/7.0; https://piacenza.elettroservicegroup.it"
109.248.55.135 - - [30/Jun/2026:06:46:25 +0200] "GET /wp-login.php HTTP/1.1" 200 3042 "-" "Mozilla/5.0 (Macintosh; Intel Mac OS X 10_12_6) AppleWebKit/603.3.8 (KHTML, like Gecko) Version/10.1.2 Safari/603.3.8"
109.248.55.135 - - [30/Jun/2026:06:46:27 +0200] "GET /wp-admin/post-new.php HTTP/1.1" 302 - "-" "Mozilla/5.0 (Macintosh; Intel Mac OS X 10_12_6) AppleWebKit/603.3.8 (KHTML, like Gecko) Version/10.1.2 Safari/603.3.8"
109.248.55.135 - - [30/Jun/2026:06:46:27 +0200] "GET /wp-login.php?redirect_to=https%3A%2F%2Fpiacenza.elettroservicegroup.it%2Fwp-admin%2Fpost-new.php&reauth=1 HTTP/1.1" 200 3045 "-" "Mozilla/5.0 (Macintosh; Intel Mac OS X 10_12_6) AppleWebKit/603.3.8 (KHTML, like Gecko) Version/10.1.2 Safari/603.3.8"
65.108.235.243 - - [30/Jun/2026:06:59:52 +0200] "POST /wp-cron.php?doing_wp_cron=1782795592.2299370765686035156250 HTTP/1.1" 200 1 "-" "WordPress/7.0; https://piacenza.elettroservicegroup.it"
40.77.167.101 - - [30/Jun/2026:06:59:50 +0200] "GET /robots.txt HTTP/2.0" 200 108 "-" "Mozilla/5.0 AppleWebKit/537.36 (KHTML, like Gecko; compatible; bingbot/2.0; +http://www.bing.com/bingbot.htm) Chrome/116.0.1938.76 Safari/537.36"
65.108.235.243 - - [30/Jun/2026:06:59:52 +0200] "GET /imprint/ HTTP/1.1" 200 17178 "-" "WP Fastest Cache Preload Bot"
65.108.235.243 - - [30/Jun/2026:06:59:53 +0200] "GET /dichiarazione-sulla-privacy-ue/ HTTP/1.1" 200 19684 "-" "WP Fastest Cache Preload Bot"
65.108.235.243 - - [30/Jun/2026:06:59:53 +0200] "GET /assistenza-whirlpool-piacenza/ HTTP/1.1" 200 21855 "-" "WP Fastest Cache Preload Bot"
65.108.235.243 - - [30/Jun/2026:06:59:53 +0200] "GET /assistenza-smeg-piacenza/ HTTP/1.1" 200 21801 "-" "WP Fastest Cache Preload Bot"
65.108.235.243 - - [30/Jun/2026:06:59:54 +0200] "GET / HTTP/1.1" 200 21816 "-" "WP Fastest Cache Preload Bot"
40.77.167.243 - - [30/Jun/2026:06:59:57 +0200] "GET /white-air-conditioning-and-a-stream-of-fresh-cold-air-on-a-background-of-a-gray-wall-the-concept-of-heat-cool-air-cooling-freshness-2/ HTTP/2.0" 200 17294 "-" "Mozilla/5.0 AppleWebKit/537.36 (KHTML, like Gecko; compatible; bingbot/2.0; +http://www.bing.com/bingbot.htm) Chrome/116.0.1938.76 Safari/537.36"
65.108.235.243 - - [30/Jun/2026:09:03:39 +0200] "POST /wp-cron.php?doing_wp_cron=1782803019.7945940494537353515625 HTTP/1.1" 200 1 "-" "WordPress/7.0; https://piacenza.elettroservicegroup.it"
17.241.227.253 - - [30/Jun/2026:09:03:38 +0200] "GET /robots.txt HTTP/2.0" 200 132 "-" "Mozilla/5.0 (Macintosh; Intel Mac OS X 10_15_7) AppleWebKit/605.1.15 (KHTML, like Gecko) Version/17.4 Safari/605.1.15 (Applebot/0.1; +http://www.apple.com/go/applebot)"
17.241.227.253 - - [30/Jun/2026:09:03:40 +0200] "GET /sfondo-miele-jpg/ HTTP/2.0" 200 18390 "-" "Mozilla/5.0 (Macintosh; Intel Mac OS X 10_15_7) AppleWebKit/605.1.15 (KHTML, like Gecko) Version/17.4 Safari/605.1.15 (Applebot/0.1; +http://www.apple.com/go/applebot)"
65.108.235.243 - - [30/Jun/2026:09:03:40 +0200] "POST /wp-json/complianz/v1/wsc-scan HTTP/1.1" 400 88 "-" "WordPress/7.0; https://piacenza.elettroservicegroup.it"
65.108.235.243 - - [30/Jun/2026:09:03:40 +0200] "GET /imprint/ HTTP/1.1" 200 17185 "-" "WP Fastest Cache Preload Bot"
65.108.235.243 - - [30/Jun/2026:09:03:41 +0200] "GET /dichiarazione-sulla-privacy-ue/ HTTP/1.1" 200 19674 "-" "WP Fastest Cache Preload Bot"
65.108.235.243 - - [30/Jun/2026:09:03:41 +0200] "GET /assistenza-whirlpool-piacenza/ HTTP/1.1" 200 21854 "-" "WP Fastest Cache Preload Bot"
65.108.235.243 - - [30/Jun/2026:09:03:42 +0200] "GET /assistenza-smeg-piacenza/ HTTP/1.1" 200 21800 "-" "WP Fastest Cache Preload Bot"
47.128.23.51 - - [30/Jun/2026:09:06:11 +0200] "GET /robots.txt HTTP/1.1" 200 11696 "-" "Mozilla/5.0 (Linux; Android 5.0) AppleWebKit/537.36 (KHTML, like Gecko) Mobile Safari/537.36 (compatible; Bytespider; spider-feedback@bytedance.com)"
17.241.227.23 - - [30/Jun/2026:09:12:30 +0200] "GET /wp-content/cache/wpfc-minified/jno40hfd/2b8mf.css HTTP/2.0" 200 23329 "https://piacenza.elettroservicegroup.it/sfondo-miele-jpg/" "Mozilla/5.0 (Macintosh; Intel Mac OS X 10_15_7) AppleWebKit/605.1.15 (KHTML, like Gecko) Version/17.4 Safari/605.1.15 (Applebot/0.1; +http://www.apple.com/go/applebot)"
17.241.227.23 - - [30/Jun/2026:09:12:31 +0200] "GET /wp-content/cache/wpfc-minified/qha2vzve/2b8mf.css HTTP/2.0" 200 11343 "https://piacenza.elettroservicegroup.it/sfondo-miele-jpg/" "Mozilla/5.0 (Macintosh; Intel Mac OS X 10_15_7) AppleWebKit/605.1.15 (KHTML, like Gecko) Version/17.4 Safari/605.1.15 (Applebot/0.1; +http://www.apple.com/go/applebot)"
17.241.227.23 - - [30/Jun/2026:09:12:33 +0200] "GET /wp-content/cache/wpfc-minified/98f2uwim/2b8mf.css HTTP/2.0" 200 418 "https://piacenza.elettroservicegroup.it/sfondo-miele-jpg/" "Mozilla/5.0 (Macintosh; Intel Mac OS X 10_15_7) AppleWebKit/605.1.15 (KHTML, like Gecko) Version/17.4 Safari/605.1.15 (Applebot/0.1; +http://www.apple.com/go/applebot)"
17.241.227.23 - - [30/Jun/2026:09:12:34 +0200] "GET /wp-content/uploads/elementor/css/post-14146.css?ver=1782443029 HTTP/2.0" 200 428 "https://piacenza.elettroservicegroup.it/sfondo-miele-jpg/" "Mozilla/5.0 (Macintosh; Intel Mac OS X 10_15_7) AppleWebKit/605.1.15 (KHTML, like Gecko) Version/17.4 Safari/605.1.15 (Applebot/0.1; +http://www.apple.com/go/applebot)"
17.241.227.23 - - [30/Jun/2026:09:12:36 +0200] "GET /wp-content/cache/wpfc-minified/32rneldi/2b8mf.css HTTP/2.0" 200 15849 "https://piacenza.elettroservicegroup.it/sfondo-miele-jpg/" "Mozilla/5.0 (Macintosh; Intel Mac OS X 10_15_7) AppleWebKit/605.1.15 (KHTML, like Gecko) Version/17.4 Safari/605.1.15 (Applebot/0.1; +http://www.apple.com/go/applebot)"
17.241.227.23 - - [30/Jun/2026:09:12:37 +0200] "GET /wp-content/uploads/elementor/css/post-14366.css?ver=1782443029 HTTP/2.0" 200 302 "https://piacenza.elettroservicegroup.it/sfondo-miele-jpg/" "Mozilla/5.0 (Macintosh; Intel Mac OS X 10_15_7) AppleWebKit/605.1.15 (KHTML, like Gecko) Version/17.4 Safari/605.1.15 (Applebot/0.1; +http://www.apple.com/go/applebot)"
17.241.227.23 - - [30/Jun/2026:09:12:39 +0200] "GET /wp-content/cache/wpfc-minified/e6ekqzwv/2b8mf.css HTTP/2.0" 200 4741 "https://piacenza.elettroservicegroup.it/sfondo-miele-jpg/" "Mozilla/5.0 (Macintosh; Intel Mac OS X 10_15_7) AppleWebKit/605.1.15 (KHTML, like Gecko) Version/17.4 Safari/605.1.15 (Applebot/0.1; +http://www.apple.com/go/applebot)"
17.241.227.23 - - [30/Jun/2026:09:12:40 +0200] "GET /wp-content/cache/wpfc-minified/30gnld0u/2b8mf.css HTTP/2.0" 200 19038 "https://piacenza.elettroservicegroup.it/sfondo-miele-jpg/" "Mozilla/5.0 (Macintosh; Intel Mac OS X 10_15_7) AppleWebKit/605.1.15 (KHTML, like Gecko) Version/17.4 Safari/605.1.15 (Applebot/0.1; +http://www.apple.com/go/applebot)"
17.241.227.23 - - [30/Jun/2026:09:12:41 +0200] "GET /wp-content/cache/wpfc-minified/kmqim6e1/2b8mf.css HTTP/2.0" 200 2040 "https://piacenza.elettroservicegroup.it/sfondo-miele-jpg/" "Mozilla/5.0 (Macintosh; Intel Mac OS X 10_15_7) AppleWebKit/605.1.15 (KHTML, like Gecko) Version/17.4 Safari/605.1.15 (Applebot/0.1; +http://www.apple.com/go/applebot)"
17.241.227.23 - - [30/Jun/2026:09:12:43 +0200] "GET /wp-content/cache/wpfc-minified/kajgjpa1/2b8mf.js HTTP/2.0" 200 37594 "https://piacenza.elettroservicegroup.it/sfondo-miele-jpg/" "Mozilla/5.0 (Macintosh; Intel Mac OS X 10_15_7) AppleWebKit/605.1.15 (KHTML, like Gecko) Version/17.4 Safari/605.1.15 (Applebot/0.1; +http://www.apple.com/go/applebot)"
17.241.227.23 - - [30/Jun/2026:09:12:44 +0200] "GET /wp-content/plugins/gp-premium/menu-plus/functions/js/sticky.min.js?ver=2.5.5 HTTP/2.0" 200 2670 "https://piacenza.elettroservicegroup.it/sfondo-miele-jpg/" "Mozilla/5.0 (Macintosh; Intel Mac OS X 10_15_7) AppleWebKit/605.1.15 (KHTML, like Gecko) Version/17.4 Safari/605.1.15 (Applebot/0.1; +http://www.apple.com/go/applebot)"
17.241.227.23 - - [30/Jun/2026:09:12:46 +0200] "GET /wp-content/themes/generatepress/assets/js/menu.min.js?ver=3.6.1 HTTP/2.0" 200 1688 "https://piacenza.elettroservicegroup.it/sfondo-miele-jpg/" "Mozilla/5.0 (Macintosh; Intel Mac OS X 10_15_7) AppleWebKit/605.1.15 (KHTML, like Gecko) Version/17.4 Safari/605.1.15 (Applebot/0.1; +http://www.apple.com/go/applebot)"
17.241.227.23 - - [30/Jun/2026:09:12:47 +0200] "GET /wp-content/themes/generatepress/assets/js/back-to-top.min.js?ver=3.6.1 HTTP/2.0" 200 336 "https://piacenza.elettroservicegroup.it/sfondo-miele-jpg/" "Mozilla/5.0 (Macintosh; Intel Mac OS X 10_15_7) AppleWebKit/605.1.15 (KHTML, like Gecko) Version/17.4 Safari/605.1.15 (Applebot/0.1; +http://www.apple.com/go/applebot)"
17.241.227.23 - - [30/Jun/2026:09:12:49 +0200] "GET /wp-content/plugins/complianz-gdpr-premium/cookiebanner/js/complianz.min.js?ver=1781539588 HTTP/2.0" 200 10762 "https://piacenza.elettroservicegroup.it/sfondo-miele-jpg/" "Mozilla/5.0 (Macintosh; Intel Mac OS X 10_15_7) AppleWebKit/605.1.15 (KHTML, like Gecko) Version/17.4 Safari/605.1.15 (Applebot/0.1; +http://www.apple.com/go/applebot)"
17.241.227.23 - - [30/Jun/2026:09:12:50 +0200] "GET /wp-content/plugins/elementor/assets/js/webpack.runtime.min.js?ver=4.1.4 HTTP/2.0" 200 2340 "https://piacenza.elettroservicegroup.it/sfondo-miele-jpg/" "Mozilla/5.0 (Macintosh; Intel Mac OS X 10_15_7) AppleWebKit/605.1.15 (KHTML, like Gecko) Version/17.4 Safari/605.1.15 (Applebot/0.1; +http://www.apple.com/go/applebot)"
17.241.227.23 - - [30/Jun/2026:09:12:52 +0200] "GET /wp-content/plugins/elementor/assets/js/frontend-modules.min.js?ver=4.1.4 HTTP/2.0" 200 15454 "https://piacenza.elettroservicegroup.it/sfondo-miele-jpg/" "Mozilla/5.0 (Macintosh; Intel Mac OS X 10_15_7) AppleWebKit/605.1.15 (KHTML, like Gecko) Version/17.4 Safari/605.1.15 (Applebot/0.1; +http://www.apple.com/go/applebot)"
17.241.227.23 - - [30/Jun/2026:09:12:53 +0200] "GET /wp-includes/js/jquery/ui/core.min.js?ver=1.13.3 HTTP/2.0" 200 6820 "https://piacenza.elettroservicegroup.it/sfondo-miele-jpg/" "Mozilla/5.0 (Macintosh; Intel Mac OS X 10_15_7) AppleWebKit/605.1.15 (KHTML, like Gecko) Version/17.4 Safari/605.1.15 (Applebot/0.1; +http://www.apple.com/go/applebot)"
17.241.227.23 - - [30/Jun/2026:09:12:54 +0200] "GET /wp-content/plugins/elementor/assets/js/frontend.min.js?ver=4.1.4 HTTP/2.0" 200 10140 "https://piacenza.elettroservicegroup.it/sfondo-miele-jpg/" "Mozilla/5.0 (Macintosh; Intel Mac OS X 10_15_7) AppleWebKit/605.1.15 (KHTML, like Gecko) Version/17.4 Safari/605.1.15 (Applebot/0.1; +http://www.apple.com/go/applebot)"
17.241.227.23 - - [30/Jun/2026:09:12:56 +0200] "GET /wp-includes/js/comment-reply.min.js?ver=7.0 HTTP/2.0" 200 1248 "https://piacenza.elettroservicegroup.it/sfondo-miele-jpg/" "Mozilla/5.0 (Macintosh; Intel Mac OS X 10_15_7) AppleWebKit/605.1.15 (KHTML, like Gecko) Version/17.4 Safari/605.1.15 (Applebot/0.1; +http://www.apple.com/go/applebot)"
17.241.227.23 - - [30/Jun/2026:09:12:59 +0200] "GET /wp-content/plugins/elementor/assets/js/lightbox.570c05c5a283cfb6b223.bundle.min.js HTTP/2.0" 200 9102 "https://piacenza.elettroservicegroup.it/sfondo-miele-jpg/" "Mozilla/5.0 (Macintosh; Intel Mac OS X 10_15_7) AppleWebKit/605.1.15 (KHTML, like Gecko) Version/17.4 Safari/605.1.15 (Applebot/0.1; +http://www.apple.com/go/applebot)"
65.108.235.243 - - [30/Jun/2026:09:12:59 +0200] "POST /wp-cron.php?doing_wp_cron=1782803579.5326309204101562500000 HTTP/1.1" 200 1 "-" "WordPress/7.0; https://piacenza.elettroservicegroup.it"
17.241.227.23 - - [30/Jun/2026:09:12:57 +0200] "GET /wp-json/complianz/v1/banner?lang=it&locale=it_IT&token=vxdak HTTP/2.0" 200 81 "https://piacenza.elettroservicegroup.it/sfondo-miele-jpg/" "Mozilla/5.0 (Macintosh; Intel Mac OS X 10_15_7) AppleWebKit/605.1.15 (KHTML, like Gecko) Version/17.4 Safari/605.1.15 (Applebot/0.1; +http://www.apple.com/go/applebot)"
17.241.227.23 - - [30/Jun/2026:09:13:00 +0200] "GET /wp-content/plugins/elementor/assets/lib/dialog/dialog.min.js?ver=4.9.3 HTTP/2.0" 200 3595 "https://piacenza.elettroservicegroup.it/sfondo-miele-jpg/" "Mozilla/5.0 (Macintosh; Intel Mac OS X 10_15_7) AppleWebKit/605.1.15 (KHTML, like Gecko) Version/17.4 Safari/605.1.15 (Applebot/0.1; +http://www.apple.com/go/applebot)"
65.108.235.243 - - [30/Jun/2026:09:13:00 +0200] "GET /assistenza-siemens-piacenza/ HTTP/1.1" 200 21984 "-" "WP Fastest Cache Preload Bot"
65.108.235.243 - - [30/Jun/2026:09:13:01 +0200] "GET /assistenza-rex-electrolux-piacenza/ HTTP/1.1" 200 21844 "-" "WP Fastest Cache Preload Bot"
65.108.235.243 - - [30/Jun/2026:09:13:01 +0200] "GET /assistenza-miele-piacenza/ HTTP/1.1" 200 22096 "-" "WP Fastest Cache Preload Bot"
17.241.227.23 - - [30/Jun/2026:09:13:02 +0200] "GET /wp-content/plugins/elementor/assets/js/397f2d183c19202777d6.bundle.min.js HTTP/2.0" 200 8477 "https://piacenza.elettroservicegroup.it/sfondo-miele-jpg/" "Mozilla/5.0 (Macintosh; Intel Mac OS X 10_15_7) AppleWebKit/605.1.15 (KHTML, like Gecko) Version/17.4 Safari/605.1.15 (Applebot/0.1; +http://www.apple.com/go/applebot)"
65.108.235.243 - - [30/Jun/2026:09:13:01 +0200] "GET /assistenza-lavatrici-whirlpool-piacenza/ HTTP/1.1" 200 21963 "-" "WP Fastest Cache Preload Bot"
17.241.227.23 - - [30/Jun/2026:09:13:03 +0200] "GET /wp-content/plugins/elementor/assets/css/conditionals/dialog.min.css?ver=4.1.4 HTTP/2.0" 200 1428 "https://piacenza.elettroservicegroup.it/sfondo-miele-jpg/" "Mozilla/5.0 (Macintosh; Intel Mac OS X 10_15_7) AppleWebKit/605.1.15 (KHTML, like Gecko) Version/17.4 Safari/605.1.15 (Applebot/0.1; +http://www.apple.com/go/applebot)"
17.241.227.23 - - [30/Jun/2026:09:13:05 +0200] "GET /wp-content/plugins/elementor/assets/lib/share-link/share-link.min.js?ver=4.1.4 HTTP/2.0" 200 1077 "https://piacenza.elettroservicegroup.it/sfondo-miele-jpg/" "Mozilla/5.0 (Macintosh; Intel Mac OS X 10_15_7) AppleWebKit/605.1.15 (KHTML, like Gecko) Version/17.4 Safari/605.1.15 (Applebot/0.1; +http://www.apple.com/go/applebot)"
17.241.227.23 - - [30/Jun/2026:09:13:06 +0200] "GET /wp-content/plugins/elementor/assets/lib/swiper/v8/css/swiper.min.css?ver=8.4.5 HTTP/2.0" 200 4251 "https://piacenza.elettroservicegroup.it/sfondo-miele-jpg/" "Mozilla/5.0 (Macintosh; Intel Mac OS X 10_15_7) AppleWebKit/605.1.15 (KHTML, like Gecko) Version/17.4 Safari/605.1.15 (Applebot/0.1; +http://www.apple.com/go/applebot)"
17.241.227.23 - - [30/Jun/2026:09:13:07 +0200] "GET /wp-content/plugins/elementor/assets/css/conditionals/lightbox.min.css?ver=4.1.4 HTTP/2.0" 200 1760 "https://piacenza.elettroservicegroup.it/sfondo-miele-jpg/" "Mozilla/5.0 (Macintosh; Intel Mac OS X 10_15_7) AppleWebKit/605.1.15 (KHTML, like Gecko) Version/17.4 Safari/605.1.15 (Applebot/0.1; +http://www.apple.com/go/applebot)"
17.241.227.23 - - [30/Jun/2026:09:13:09 +0200] "GET /wp-content/plugins/elementor/assets/js/section-frontend-handlers.d85ab872da118940910d.bundle.min.js HTTP/2.0" 200 230 "https://piacenza.elettroservicegroup.it/sfondo-miele-jpg/" "Mozilla/5.0 (Macintosh; Intel Mac OS X 10_15_7) AppleWebKit/605.1.15 (KHTML, like Gecko) Version/17.4 Safari/605.1.15 (Applebot/0.1; +http://www.apple.com/go/applebot)"
17.241.227.23 - - [30/Jun/2026:09:13:10 +0200] "GET /wp-content/plugins/elementor/assets/js/shared-frontend-handlers.03caa53373b56d3bab67.bundle.min.js HTTP/2.0" 200 2515 "https://piacenza.elettroservicegroup.it/sfondo-miele-jpg/" "Mozilla/5.0 (Macintosh; Intel Mac OS X 10_15_7) AppleWebKit/605.1.15 (KHTML, like Gecko) Version/17.4 Safari/605.1.15 (Applebot/0.1; +http://www.apple.com/go/applebot)"
17.241.227.23 - - [30/Jun/2026:09:13:12 +0200] "GET /wp-content/plugins/elementor/assets/js/text-editor.45609661e409413f1cef.bundle.min.js HTTP/2.0" 200 592 "https://piacenza.elettroservicegroup.it/sfondo-miele-jpg/" "Mozilla/5.0 (Macintosh; Intel Mac OS X 10_15_7) AppleWebKit/605.1.15 (KHTML, like Gecko) Version/17.4 Safari/605.1.15 (Applebot/0.1; +http://www.apple.com/go/applebot)"
17.241.227.23 - - [30/Jun/2026:09:13:13 +0200] "GET /wp-content/uploads/complianz/css/banner-1-optin.css?v=40 HTTP/2.0" 200 2857 "https://piacenza.elettroservicegroup.it/sfondo-miele-jpg/" "Mozilla/5.0 (Macintosh; Intel Mac OS X 10_15_7) AppleWebKit/605.1.15 (KHTML, like Gecko) Version/17.4 Safari/605.1.15 (Applebot/0.1; +http://www.apple.com/go/applebot)"
17.241.227.23 - - [30/Jun/2026:09:13:15 +0200] "GET /wp-json/complianz/v1/cookie_data HTTP/2.0" 200 69 "https://piacenza.elettroservicegroup.it/sfondo-miele-jpg/" "Mozilla/5.0 (Macintosh; Intel Mac OS X 10_15_7) AppleWebKit/605.1.15 (KHTML, like Gecko) Version/17.4 Safari/605.1.15 (Applebot/0.1; +http://www.apple.com/go/applebot)"
65.108.235.243 - - [30/Jun/2026:09:18:23 +0200] "GET /assistenza-lavatrici-smeg-piacenza/ HTTP/1.1" 200 21710 "-" "WP Fastest Cache Preload Bot"
65.108.235.243 - - [30/Jun/2026:09:18:25 +0200] "GET /assistenza-lavatrici-rex-electrolux-piacenza/ HTTP/1.1" 200 21678 "-" "WP Fastest Cache Preload Bot"
65.108.235.243 - - [30/Jun/2026:09:18:27 +0200] "GET /assistenza-lavatrici-indesit-piacenza/ HTTP/1.1" 200 21704 "-" "WP Fastest Cache Preload Bot"
65.108.235.243 - - [30/Jun/2026:09:18:30 +0200] "GET /assistenza-lavatrici-bosch-piacenza/ HTTP/1.1" 200 21747 "-" "WP Fastest Cache Preload Bot"
65.108.235.243 - - [30/Jun/2026:09:20:39 +0200] "GET /assistenza-lavatrici-ariston-piacenza/ HTTP/1.1" 200 21766 "-" "WP Fastest Cache Preload Bot"
65.108.235.243 - - [30/Jun/2026:09:20:41 +0200] "GET /assistenza-lavatrici-aeg-piacenza/ HTTP/1.1" 200 21770 "-" "WP Fastest Cache Preload Bot"
65.108.235.243 - - [30/Jun/2026:09:20:43 +0200] "GET /assistenza-lavatrici-piacenza/ HTTP/1.1" 200 22017 "-" "WP Fastest Cache Preload Bot"
65.108.235.243 - - [30/Jun/2026:09:20:45 +0200] "GET /assistenza-lavastoviglie-whirlpool-piacenza/ HTTP/1.1" 200 21716 "-" "WP Fastest Cache Preload Bot"
65.108.235.243 - - [30/Jun/2026:09:29:29 +0200] "GET /assistenza-lavastoviglie-smeg-piacenza/ HTTP/1.1" 200 21661 "-" "WP Fastest Cache Preload Bot"
65.108.235.243 - - [30/Jun/2026:09:29:31 +0200] "GET /assistenza-lavastoviglie-rex-electrolux-piacenza/ HTTP/1.1" 200 21624 "-" "WP Fastest Cache Preload Bot"
65.108.235.243 - - [30/Jun/2026:09:29:34 +0200] "GET /assistenza-lavastoviglie-indesit-piacenza/ HTTP/1.1" 200 22128 "-" "WP Fastest Cache Preload Bot"
65.108.235.243 - - [30/Jun/2026:09:29:36 +0200] "GET /assistenza-lavastoviglie-bosch-piacenza/ HTTP/1.1" 200 22151 "-" "WP Fastest Cache Preload Bot"
65.108.235.243 - - [30/Jun/2026:09:29:43 +0200] "GET /assistenza-lavastoviglie-ariston-piacenza/ HTTP/1.1" 200 22087 "-" "WP Fastest Cache Preload Bot"
65.108.235.243 - - [30/Jun/2026:09:29:46 +0200] "GET /assistenza-lavastoviglie-aeg-piacenza/ HTTP/1.1" 200 22144 "-" "WP Fastest Cache Preload Bot"
65.108.235.243 - - [30/Jun/2026:09:29:47 +0200] "GET /assistenza-lavastoviglie-piacenza/ HTTP/1.1" 200 21763 "-" "WP Fastest Cache Preload Bot"
65.108.235.243 - - [30/Jun/2026:09:29:48 +0200] "GET /assistenza-indesit-piacenza/ HTTP/1.1" 200 21796 "-" "WP Fastest Cache Preload Bot"
65.108.235.243 - - [30/Jun/2026:09:34:43 +0200] "GET /assistenza-candy-piacenza/ HTTP/1.1" 200 21894 "-" "WP Fastest Cache Preload Bot"
65.108.235.243 - - [30/Jun/2026:09:34:46 +0200] "GET /assistenza-bosch-piacenza/ HTTP/1.1" 200 21897 "-" "WP Fastest Cache Preload Bot"
65.108.235.243 - - [30/Jun/2026:09:34:49 +0200] "GET /assistenza-ariston-piacenza/ HTTP/1.1" 200 21884 "-" "WP Fastest Cache Preload Bot"
65.108.235.243 - - [30/Jun/2026:09:34:51 +0200] "GET /assistenza-aeg-piacenza/ HTTP/1.1" 200 21885 "-" "WP Fastest Cache Preload Bot"
65.108.235.243 - - [30/Jun/2026:09:36:41 +0200] "POST /wp-cron.php?doing_wp_cron=1782805001.1058380603790283203125 HTTP/1.1" 200 1 "-" "WordPress/7.0; https://piacenza.elettroservicegroup.it"
40.77.167.101 - - [30/Jun/2026:09:36:36 +0200] "GET /robots.txt HTTP/2.0" 301 1 "-" "Mozilla/5.0 AppleWebKit/537.36 (KHTML, like Gecko; compatible; bingbot/2.0; +http://www.bing.com/bingbot.htm) Chrome/116.0.1938.76 Safari/537.36"
40.77.167.101 - - [30/Jun/2026:09:36:41 +0200] "GET /robots.txt HTTP/2.0" 200 108 "-" "Mozilla/5.0 AppleWebKit/537.36 (KHTML, like Gecko; compatible; bingbot/2.0; +http://www.bing.com/bingbot.htm) Chrome/116.0.1938.76 Safari/537.36"
52.167.144.237 - - [30/Jun/2026:09:36:51 +0200] "GET /sfondo-aeg/ HTTP/2.0" 301 1 "-" "Mozilla/5.0 AppleWebKit/537.36 (KHTML, like Gecko; compatible; bingbot/2.0; +http://www.bing.com/bingbot.htm) Chrome/116.0.1938.76 Safari/537.36"
65.108.235.243 - - [30/Jun/2026:10:02:58 +0200] "POST /wp-cron.php?doing_wp_cron=1782806578.2988049983978271484375 HTTP/1.1" 200 1 "-" "WordPress/7.0; https://piacenza.elettroservicegroup.it"
65.108.235.243 - - [30/Jun/2026:10:02:58 +0200] "POST /wp-cron.php?doing_wp_cron=1782806578.2988049983978271484375 HTTP/1.1" 200 1 "-" "WordPress/7.0; https://piacenza.elettroservicegroup.it"
173.252.70.57 - - [30/Jun/2026:10:02:53 +0200] "GET /robots.txt HTTP/2.0" 200 - "-" "facebookexternalhit/1.1 (+http://www.facebook.com/externalhit_uatext.php)"
173.252.70.45 - - [30/Jun/2026:10:02:55 +0200] "GET /robots.txt HTTP/2.0" 200 195 "-" "facebookexternalhit/1.1 (+http://www.facebook.com/externalhit_uatext.php)"
65.108.235.243 - - [30/Jun/2026:10:03:00 +0200] "GET /cookie-policy/ HTTP/1.1" 200 18008 "-" "WP Fastest Cache Preload Bot"
65.108.235.243 - - [30/Jun/2026:10:03:00 +0200] "GET /cookie-policy/ HTTP/1.1" 200 18008 "-" "WP Fastest Cache Preload Bot"
65.108.235.243 - - [30/Jun/2026:10:03:03 +0200] "GET /termini-e-condizioni/ HTTP/1.1" 200 17569 "-" "WP Fastest Cache Preload Bot"
65.108.235.243 - - [30/Jun/2026:10:03:03 +0200] "GET /termini-e-condizioni/ HTTP/1.1" 200 17569 "-" "WP Fastest Cache Preload Bot"
65.108.235.243 - - [30/Jun/2026:10:03:05 +0200] "GET /cookie-policy-ue/ HTTP/1.1" 200 19423 "-" "WP Fastest Cache Preload Bot"
65.108.235.243 - - [30/Jun/2026:10:03:05 +0200] "GET /cookie-policy-ue/ HTTP/1.1" 200 19427 "-" "WP Fastest Cache Preload Bot"
65.108.235.243 - - [30/Jun/2026:10:03:08 +0200] "GET /informativa-privacy/ HTTP/1.1" 200 19815 "-" "WP Fastest Cache Preload Bot"
65.108.235.243 - - [30/Jun/2026:10:03:08 +0200] "GET /informativa-privacy/ HTTP/1.1" 200 19815 "-" "WP Fastest Cache Preload Bot"