65.108.235.243 - - [05/Jun/2026:14:17:12 +0200] "POST /wp-cron.php?doing_wp_cron=1780661832.3288919925689697265625 HTTP/1.1" 200 1 "-" "WordPress/7.0; https://elettroservicegroup.it"
104.210.140.132 - - [05/Jun/2026:14:17:10 +0200] "GET /robots.txt HTTP/2.0" 200 99 "-" "Mozilla/5.0 (Macintosh; Intel Mac OS X 10_15_7) AppleWebKit/537.36 (KHTML, like Gecko) Chrome/131.0.0.0 Safari/537.36; compatible; OAI-SearchBot/1.0; +https://openai.com/searchbot"
65.108.235.243 - - [05/Jun/2026:14:50:07 +0200] "POST /wp-cron.php?doing_wp_cron=1780663807.4837849140167236328125 HTTP/1.1" 200 1 "-" "WordPress/7.0; https://elettroservicegroup.it"
216.73.216.176 - - [05/Jun/2026:14:50:05 +0200] "GET /robots.txt HTTP/2.0" 200 99 "-" "Mozilla/5.0 AppleWebKit/537.36 (KHTML, like Gecko; compatible; ClaudeBot/1.0; +claudebot@anthropic.com)"
216.73.216.176 - - [05/Jun/2026:14:50:08 +0200] "GET /wp-content/plugins/wordfence/modules/login-security/js/login.1778685035.js HTTP/2.0" 200 5237 "-" "Mozilla/5.0 AppleWebKit/537.36 (KHTML, like Gecko; compatible; ClaudeBot/1.0; +claudebot@anthropic.com)"
45.227.254.11 - - [05/Jun/2026:15:24:58 +0200] "GET / HTTP/1.1" 200 23104 "-" "Mozilla/5.0 (Windows NT 10.0; Win64; x64) AppleWebKit/537.36"
65.108.235.243 - - [05/Jun/2026:15:24:58 +0200] "POST /wp-admin/admin-ajax.php?action=wordfence_testAjax HTTP/1.1" 200 16 "-" "WordPress/7.0; https://elettroservicegroup.it"
45.227.254.11 - - [05/Jun/2026:15:24:58 +0200] "GET /wp-content/plugins/wp-google-map-gold/wp-google-map-gold.php HTTP/1.1" 404 82958 "-" "Mozilla/5.0 (Windows NT 10.0; Win64; x64) AppleWebKit/537.36"
45.227.254.11 - - [05/Jun/2026:15:25:00 +0200] "GET /wp-content/plugins/wp-google-map-gold/assets/css/wpgmp_all_frontend.css HTTP/1.1" 404 86739 "-" "Mozilla/5.0 (Windows NT 10.0; Win64; x64) AppleWebKit/537.36"
65.108.235.243 - - [05/Jun/2026:15:24:59 +0200] "GET /wp-admin/admin-ajax.php?action=wordfence_doScan&isFork=0&scanMode=quick&cronKey=ee50281ae16bc44eac53ad7c15bf8054&signature=775f06999d41c74a1fe77c7002fdf7d2e7aff13912d11403ecd63f890a690b25 HTTP/1.1" 200 1 "-" "WordPress/7.0; https://elettroservicegroup.it"
65.108.235.243 - - [05/Jun/2026:15:25:02 +0200] "POST /wp-cron.php?doing_wp_cron=1780665902.3758339881896972656250 HTTP/1.1" 200 1 "-" "WordPress/7.0; https://elettroservicegroup.it"
45.227.254.11 - - [05/Jun/2026:15:25:01 +0200] "GET /wp-content/plugins/wp-google-map-gold/assets/js/maps.js HTTP/1.1" 404 86627 "-" "Mozilla/5.0 (Windows NT 10.0; Win64; x64) AppleWebKit/537.36"
45.227.254.11 - - [05/Jun/2026:15:25:02 +0200] "GET /wp-content/plugins/wp-google-map-gold/core/cache/google-web-fonts.txt HTTP/1.1" 404 82859 "-" "Mozilla/5.0 (Windows NT 10.0; Win64; x64) AppleWebKit/537.36"
65.108.235.243 - - [05/Jun/2026:16:00:25 +0200] "POST /wp-cron.php?doing_wp_cron=1780668025.5072829723358154296875 HTTP/1.1" 200 1 "-" "WordPress/7.0; https://elettroservicegroup.it"
216.73.216.176 - - [05/Jun/2026:16:00:22 +0200] "GET /robots.txt HTTP/2.0" 200 99 "-" "Mozilla/5.0 AppleWebKit/537.36 (KHTML, like Gecko; compatible; ClaudeBot/1.0; +claudebot@anthropic.com)"
216.73.216.176 - - [05/Jun/2026:16:00:25 +0200] "GET /sitemap.rss HTTP/2.0" 200 722 "-" "Mozilla/5.0 AppleWebKit/537.36 (KHTML, like Gecko; compatible; ClaudeBot/1.0; +claudebot@anthropic.com)"
65.108.235.243 - - [05/Jun/2026:16:38:06 +0200] "POST /wp-cron.php?doing_wp_cron=1780670286.1806600093841552734375 HTTP/1.1" 200 1 "-" "WordPress/7.0; https://elettroservicegroup.it"
216.73.216.176 - - [05/Jun/2026:16:38:04 +0200] "GET /sitemap.xml HTTP/2.0" 200 311 "-" "Mozilla/5.0 AppleWebKit/537.36 (KHTML, like Gecko; compatible; ClaudeBot/1.0; +claudebot@anthropic.com)"
65.108.235.243 - - [05/Jun/2026:17:11:49 +0200] "POST /wp-cron.php?doing_wp_cron=1780672309.5679190158843994140625 HTTP/1.1" 200 1 "-" "WordPress/7.0; https://elettroservicegroup.it"
52.167.144.66 - - [05/Jun/2026:17:11:47 +0200] "GET /robots.txt HTTP/2.0" 200 99 "-" "Mozilla/5.0 AppleWebKit/537.36 (KHTML, like Gecko; compatible; bingbot/2.0; +http://www.bing.com/bingbot.htm) Chrome/116.0.1938.76 Safari/537.36"
65.108.235.243 - - [05/Jun/2026:17:12:00 +0200] "POST /wp-cron.php?doing_wp_cron=1780672320.1566588878631591796875 HTTP/1.1" 200 1 "-" "WordPress/7.0; https://elettroservicegroup.it"
40.77.167.75 - - [05/Jun/2026:17:11:59 +0200] "GET /sitemap.xml HTTP/2.0" 200 311 "-" "Mozilla/5.0 AppleWebKit/537.36 (KHTML, like Gecko; compatible; bingbot/2.0; +http://www.bing.com/bingbot.htm) Chrome/116.0.1938.76 Safari/537.36"
65.108.235.243 - - [05/Jun/2026:17:41:08 +0200] "POST /wp-cron.php?doing_wp_cron=1780674068.7570250034332275390625 HTTP/1.1" 200 1 "-" "WordPress/7.0; https://elettroservicegroup.it"
216.73.216.169 - - [05/Jun/2026:17:41:04 +0200] "GET /robots.txt HTTP/2.0" 200 99 "-" "Mozilla/5.0 AppleWebKit/537.36 (KHTML, like Gecko; compatible; ClaudeBot/1.0; +claudebot@anthropic.com)"
216.73.216.169 - - [05/Jun/2026:17:41:15 +0200] "GET /sitemap.rss HTTP/2.0" 200 722 "-" "Mozilla/5.0 AppleWebKit/537.36 (KHTML, like Gecko; compatible; ClaudeBot/1.0; +claudebot@anthropic.com)"
65.108.235.243 - - [05/Jun/2026:17:48:17 +0200] "POST /wp-cron.php?doing_wp_cron=1780674497.7475349903106689453125 HTTP/1.1" 200 1 "-" "WordPress/7.0; https://elettroservicegroup.it"
66.93.97.98 - - [05/Jun/2026:17:48:12 +0200] "GET / HTTP/2.0" 301 1 "-" "Mozilla/5.0 (Windows NT 10.0; Win64; x64) AppleWebKit/537.36 (KHTML, like Gecko) Chrome/145.0.0.0 Safari/537.36"
51.68.107.154 - - [05/Jun/2026:18:31:20 +0200] "GET /robots.txt HTTP/1.1" 403 - "-" "Mozilla/5.0 (compatible; MJ12bot/v2.0.5; http://mj12bot.com/)"
65.108.235.243 - - [05/Jun/2026:19:44:17 +0200] "POST /wp-cron.php?doing_wp_cron=1780681457.7542378902435302734375 HTTP/1.1" 200 1 "-" "WordPress/7.0; https://elettroservicegroup.it"
216.73.217.100 - - [05/Jun/2026:19:44:16 +0200] "GET /robots.txt HTTP/2.0" 200 99 "-" "Mozilla/5.0 AppleWebKit/537.36 (KHTML, like Gecko; compatible; ClaudeBot/1.0; +claudebot@anthropic.com)"
216.73.217.100 - - [05/Jun/2026:19:44:17 +0200] "GET /sitemap.rss HTTP/2.0" 200 722 "-" "Mozilla/5.0 AppleWebKit/537.36 (KHTML, like Gecko; compatible; ClaudeBot/1.0; +claudebot@anthropic.com)"
216.73.217.100 - - [05/Jun/2026:19:44:18 +0200] "GET /sitemap.xml HTTP/2.0" 200 311 "-" "Mozilla/5.0 AppleWebKit/537.36 (KHTML, like Gecko; compatible; ClaudeBot/1.0; +claudebot@anthropic.com)"
34.42.34.237 - - [05/Jun/2026:19:45:21 +0200] "POST / HTTP/1.1" 200 11708 "https://elettroservicegroup.it/" "Mozilla/5.0 (Windows NT 10.0; Win64; x64) AppleWebKit/537.36 (KHTML, like Gecko) Chrome/145.0.0.0 Safari/537.36"
65.108.235.243 - - [05/Jun/2026:20:07:05 +0200] "POST /wp-cron.php?doing_wp_cron=1780682825.5490698814392089843750 HTTP/1.1" 200 1 "-" "WordPress/7.0; https://elettroservicegroup.it"
169.224.66.12 - - [05/Jun/2026:20:07:01 +0200] "GET /wp-content/uploads/2021/10/marchi-uniti.jpg HTTP/1.1" 404 17496 "https://elettroservicegroup.it/" "Mozilla/5.0 (Windows NT 6.3; WOW64) AppleWebKit/537.36 (KHTML, like Gecko) Chrome/68.0.3440.84 Safari/537.36 OPR/54.0.2952.71"
17.246.19.13 - - [05/Jun/2026:20:07:39 +0200] "GET /comments/feed/ HTTP/2.0" 200 447 "-" "Mozilla/5.0 (Macintosh; Intel Mac OS X 10_15_7) AppleWebKit/605.1.15 (KHTML, like Gecko) Version/17.4 Safari/605.1.15 (Applebot/0.1; +http://www.apple.com/go/applebot)"
34.148.133.226 - - [05/Jun/2026:20:15:19 +0200] "HEAD / HTTP/2.0" 200 139482 "http://elettroservicegroup.it/" "Mozilla/5.0 (Macintosh; Intel Mac OS X 15_0) AppleWebKit/537.36 (KHTML, like Gecko) Chrome/125.0.6422.141 Safari/537.36"
65.108.235.243 - - [05/Jun/2026:20:25:53 +0200] "POST /wp-cron.php?doing_wp_cron=1780683953.7471361160278320312500 HTTP/1.1" 200 1 "-" "WordPress/7.0; https://elettroservicegroup.it"
114.119.137.98 - - [05/Jun/2026:20:25:48 +0200] "GET /dichiarazione-sulla-privacy-ue HTTP/1.1" 301 1 "https://elettroservicegroup.it/termini-e-condizioni" "Mozilla/5.0 (Linux; Android 7.0;) AppleWebKit/537.36 (HTML, like Gecko) Mobile Safari/537.36 (compatible; PetalBot;+https://webmaster.petalsearch.com/site/petalbot)"
114.119.137.98 - - [05/Jun/2026:20:25:54 +0200] "GET /dichiarazione-sulla-privacy-ue/ HTTP/1.1" 200 20835 "https://elettroservicegroup.it/termini-e-condizioni" "Mozilla/5.0 (Linux; Android 7.0;) AppleWebKit/537.36 (HTML, like Gecko) Mobile Safari/537.36 (compatible; PetalBot;+https://webmaster.petalsearch.com/site/petalbot)"
151.18.168.149 - - [05/Jun/2026:20:27:22 +0200] "GET /chi-siamo/ HTTP/2.0" 200 22028 "https://parma.elettroservicegroup.it/" "Mozilla/5.0 (Macintosh; Intel Mac OS X 10_15_7) AppleWebKit/605.1.15 (KHTML, like Gecko) Version/17.14 Safari/605.1.15"
151.18.168.149 - - [05/Jun/2026:20:27:22 +0200] "GET /wp-content/cache/wpfc-minified/10hpkmg7/84jtm.css HTTP/2.0" 200 418 "https://elettroservicegroup.it/chi-siamo/" "Mozilla/5.0 (Macintosh; Intel Mac OS X 10_15_7) AppleWebKit/605.1.15 (KHTML, like Gecko) Version/17.14 Safari/605.1.15"
151.18.168.149 - - [05/Jun/2026:20:27:22 +0200] "GET /wp-content/uploads/elementor/css/post-14146.css?ver=1780456321 HTTP/2.0" 200 428 "https://elettroservicegroup.it/chi-siamo/" "Mozilla/5.0 (Macintosh; Intel Mac OS X 10_15_7) AppleWebKit/605.1.15 (KHTML, like Gecko) Version/17.14 Safari/605.1.15"
151.18.168.149 - - [05/Jun/2026:20:27:22 +0200] "GET /wp-content/uploads/elementor/css/post-15145.css?ver=1780456322 HTTP/2.0" 200 704 "https://elettroservicegroup.it/chi-siamo/" "Mozilla/5.0 (Macintosh; Intel Mac OS X 10_15_7) AppleWebKit/605.1.15 (KHTML, like Gecko) Version/17.14 Safari/605.1.15"
151.18.168.149 - - [05/Jun/2026:20:27:22 +0200] "GET /wp-content/uploads/2021/10/cropped-cropped-cropped-logo_white_background.png HTTP/2.0" 200 38971 "https://elettroservicegroup.it/chi-siamo/" "Mozilla/5.0 (Macintosh; Intel Mac OS X 10_15_7) AppleWebKit/605.1.15 (KHTML, like Gecko) Version/17.14 Safari/605.1.15"
151.18.168.149 - - [05/Jun/2026:20:27:22 +0200] "GET /wp-content/uploads/elementor/css/post-14366.css?ver=1780456321 HTTP/2.0" 200 310 "https://elettroservicegroup.it/chi-siamo/" "Mozilla/5.0 (Macintosh; Intel Mac OS X 10_15_7) AppleWebKit/605.1.15 (KHTML, like Gecko) Version/17.14 Safari/605.1.15"
151.18.168.149 - - [05/Jun/2026:20:27:22 +0200] "GET /wp-content/cache/wpfc-minified/fspqf2ba/84jtm.css HTTP/2.0" 200 16112 "https://elettroservicegroup.it/chi-siamo/" "Mozilla/5.0 (Macintosh; Intel Mac OS X 10_15_7) AppleWebKit/605.1.15 (KHTML, like Gecko) Version/17.14 Safari/605.1.15"
151.18.168.149 - - [05/Jun/2026:20:27:22 +0200] "GET /wp-content/cache/wpfc-minified/eh40z7s2/84jtm.css HTTP/2.0" 200 11323 "https://elettroservicegroup.it/chi-siamo/" "Mozilla/5.0 (Macintosh; Intel Mac OS X 10_15_7) AppleWebKit/605.1.15 (KHTML, like Gecko) Version/17.14 Safari/605.1.15"
151.18.168.149 - - [05/Jun/2026:20:27:22 +0200] "GET /wp-content/cache/wpfc-minified/7ahyfouu/84jtm.css HTTP/2.0" 200 4410 "https://elettroservicegroup.it/chi-siamo/" "Mozilla/5.0 (Macintosh; Intel Mac OS X 10_15_7) AppleWebKit/605.1.15 (KHTML, like Gecko) Version/17.14 Safari/605.1.15"
151.18.168.149 - - [05/Jun/2026:20:27:22 +0200] "GET /wp-content/cache/wpfc-minified/965h9meg/84jtm.js HTTP/2.0" 200 8743 "https://elettroservicegroup.it/chi-siamo/" "Mozilla/5.0 (Macintosh; Intel Mac OS X 10_15_7) AppleWebKit/605.1.15 (KHTML, like Gecko) Version/17.14 Safari/605.1.15"
151.18.168.149 - - [05/Jun/2026:20:27:22 +0200] "GET /wp-content/cache/wpfc-minified/m8vzkiox/84jtm.css HTTP/2.0" 200 23329 "https://elettroservicegroup.it/chi-siamo/" "Mozilla/5.0 (Macintosh; Intel Mac OS X 10_15_7) AppleWebKit/605.1.15 (KHTML, like Gecko) Version/17.14 Safari/605.1.15"
151.18.168.149 - - [05/Jun/2026:20:27:22 +0200] "GET /wp-content/cache/wpfc-minified/dih7xtos/84jtm.css HTTP/2.0" 200 19016 "https://elettroservicegroup.it/chi-siamo/" "Mozilla/5.0 (Macintosh; Intel Mac OS X 10_15_7) AppleWebKit/605.1.15 (KHTML, like Gecko) Version/17.14 Safari/605.1.15"
151.18.168.149 - - [05/Jun/2026:20:27:22 +0200] "GET /wp-content/cache/wpfc-minified/6yk1ya41/84jtm.css HTTP/2.0" 200 14481 "https://elettroservicegroup.it/chi-siamo/" "Mozilla/5.0 (Macintosh; Intel Mac OS X 10_15_7) AppleWebKit/605.1.15 (KHTML, like Gecko) Version/17.14 Safari/605.1.15"
151.18.168.149 - - [05/Jun/2026:20:27:22 +0200] "GET /wp-content/cache/wpfc-minified/kdwvm73z/84jtm.js HTTP/2.0" 200 32843 "https://elettroservicegroup.it/chi-siamo/" "Mozilla/5.0 (Macintosh; Intel Mac OS X 10_15_7) AppleWebKit/605.1.15 (KHTML, like Gecko) Version/17.14 Safari/605.1.15"
151.18.168.149 - - [05/Jun/2026:20:27:22 +0200] "GET /wp-content/plugins/gp-premium/menu-plus/functions/js/sticky.min.js?ver=2.5.5 HTTP/2.0" 200 2670 "https://elettroservicegroup.it/chi-siamo/" "Mozilla/5.0 (Macintosh; Intel Mac OS X 10_15_7) AppleWebKit/605.1.15 (KHTML, like Gecko) Version/17.14 Safari/605.1.15"
151.18.168.149 - - [05/Jun/2026:20:27:22 +0200] "GET /wp-content/plugins/elementor/assets/js/webpack.runtime.min.js?ver=4.1.1 HTTP/2.0" 200 2340 "https://elettroservicegroup.it/chi-siamo/" "Mozilla/5.0 (Macintosh; Intel Mac OS X 10_15_7) AppleWebKit/605.1.15 (KHTML, like Gecko) Version/17.14 Safari/605.1.15"
151.18.168.149 - - [05/Jun/2026:20:27:22 +0200] "GET /wp-content/plugins/elementor/assets/js/frontend-modules.min.js?ver=4.1.1 HTTP/2.0" 200 15454 "https://elettroservicegroup.it/chi-siamo/" "Mozilla/5.0 (Macintosh; Intel Mac OS X 10_15_7) AppleWebKit/605.1.15 (KHTML, like Gecko) Version/17.14 Safari/605.1.15"
151.18.168.149 - - [05/Jun/2026:20:27:22 +0200] "GET /wp-includes/js/jquery/ui/core.min.js?ver=1.13.3 HTTP/2.0" 200 6820 "https://elettroservicegroup.it/chi-siamo/" "Mozilla/5.0 (Macintosh; Intel Mac OS X 10_15_7) AppleWebKit/605.1.15 (KHTML, like Gecko) Version/17.14 Safari/605.1.15"
151.18.168.149 - - [05/Jun/2026:20:27:22 +0200] "GET /wp-content/plugins/elementor/assets/js/frontend.min.js?ver=4.1.1 HTTP/2.0" 200 10140 "https://elettroservicegroup.it/chi-siamo/" "Mozilla/5.0 (Macintosh; Intel Mac OS X 10_15_7) AppleWebKit/605.1.15 (KHTML, like Gecko) Version/17.14 Safari/605.1.15"
151.18.168.149 - - [05/Jun/2026:20:27:22 +0200] "GET /wp-content/themes/generatepress/assets/js/menu.min.js?ver=3.6.1 HTTP/2.0" 200 1688 "https://elettroservicegroup.it/chi-siamo/" "Mozilla/5.0 (Macintosh; Intel Mac OS X 10_15_7) AppleWebKit/605.1.15 (KHTML, like Gecko) Version/17.14 Safari/605.1.15"
151.18.168.149 - - [05/Jun/2026:20:27:22 +0200] "GET /wp-content/themes/generatepress/assets/js/back-to-top.min.js?ver=3.6.1 HTTP/2.0" 200 336 "https://elettroservicegroup.it/chi-siamo/" "Mozilla/5.0 (Macintosh; Intel Mac OS X 10_15_7) AppleWebKit/605.1.15 (KHTML, like Gecko) Version/17.14 Safari/605.1.15"
151.18.168.149 - - [05/Jun/2026:20:27:22 +0200] "GET /wp-content/plugins/complianz-gdpr-premium/cookiebanner/js/complianz.min.js?ver=1780325960 HTTP/2.0" 200 10708 "https://elettroservicegroup.it/chi-siamo/" "Mozilla/5.0 (Macintosh; Intel Mac OS X 10_15_7) AppleWebKit/605.1.15 (KHTML, like Gecko) Version/17.14 Safari/605.1.15"
151.18.168.149 - - [05/Jun/2026:20:27:24 +0200] "GET /wp-content/uploads/2026/05/COPERTINA-11-300x150-1.png HTTP/2.0" 200 30285 "https://elettroservicegroup.it/chi-siamo/" "Mozilla/5.0 (Macintosh; Intel Mac OS X 10_15_7) AppleWebKit/605.1.15 (KHTML, like Gecko) Version/17.14 Safari/605.1.15"
151.18.168.149 - - [05/Jun/2026:20:27:24 +0200] "GET /wp-content/plugins/elementor/assets/lib/font-awesome/webfonts/fa-regular-400.woff2 HTTP/2.0" 200 13277 "https://elettroservicegroup.it/chi-siamo/" "Mozilla/5.0 (Macintosh; Intel Mac OS X 10_15_7) AppleWebKit/605.1.15 (KHTML, like Gecko) Version/17.14 Safari/605.1.15"
151.18.168.149 - - [05/Jun/2026:20:27:24 +0200] "GET /wp-content/plugins/elementor/assets/lib/font-awesome/webfonts/fa-solid-900.woff2 HTTP/2.0" 200 78201 "https://elettroservicegroup.it/chi-siamo/" "Mozilla/5.0 (Macintosh; Intel Mac OS X 10_15_7) AppleWebKit/605.1.15 (KHTML, like Gecko) Version/17.14 Safari/605.1.15"
151.18.168.149 - - [05/Jun/2026:20:27:24 +0200] "GET /wp-content/uploads/elementor/google-fonts/fonts/robotoslab-bngmuxzytxpivibgjjsb6ufn5qu.woff2 HTTP/2.0" 200 34328 "https://elettroservicegroup.it/chi-siamo/" "Mozilla/5.0 (Macintosh; Intel Mac OS X 10_15_7) AppleWebKit/605.1.15 (KHTML, like Gecko) Version/17.14 Safari/605.1.15"
151.18.168.149 - - [05/Jun/2026:20:27:24 +0200] "GET /wp-content/plugins/elementor/assets/js/section-frontend-handlers.d85ab872da118940910d.bundle.min.js HTTP/2.0" 200 230 "https://elettroservicegroup.it/chi-siamo/" "Mozilla/5.0 (Macintosh; Intel Mac OS X 10_15_7) AppleWebKit/605.1.15 (KHTML, like Gecko) Version/17.14 Safari/605.1.15"
151.18.168.149 - - [05/Jun/2026:20:27:24 +0200] "GET /wp-content/plugins/elementor/assets/js/text-editor.45609661e409413f1cef.bundle.min.js HTTP/2.0" 200 592 "https://elettroservicegroup.it/chi-siamo/" "Mozilla/5.0 (Macintosh; Intel Mac OS X 10_15_7) AppleWebKit/605.1.15 (KHTML, like Gecko) Version/17.14 Safari/605.1.15"
151.18.168.149 - - [05/Jun/2026:20:27:24 +0200] "GET /wp-content/plugins/elementor/assets/js/shared-frontend-handlers.03caa53373b56d3bab67.bundle.min.js HTTP/2.0" 200 2515 "https://elettroservicegroup.it/chi-siamo/" "Mozilla/5.0 (Macintosh; Intel Mac OS X 10_15_7) AppleWebKit/605.1.15 (KHTML, like Gecko) Version/17.14 Safari/605.1.15"
151.18.168.149 - - [05/Jun/2026:20:27:25 +0200] "GET /wp-content/uploads/2026/05/RECENSIONI-gOOGLE.png HTTP/2.0" 200 5052 "https://elettroservicegroup.it/chi-siamo/" "Mozilla/5.0 (Macintosh; Intel Mac OS X 10_15_7) AppleWebKit/605.1.15 (KHTML, like Gecko) Version/17.14 Safari/605.1.15"
151.18.168.149 - - [05/Jun/2026:20:27:25 +0200] "GET /wp-content/uploads/2021/10/cropped-cropped-cropped-cropped-logo_white_background-32x32.png HTTP/2.0" 200 1525 "https://elettroservicegroup.it/chi-siamo/" "Mozilla/5.0 (Macintosh; Intel Mac OS X 10_15_7) AppleWebKit/605.1.15 (KHTML, like Gecko) Version/17.14 Safari/605.1.15"
151.18.168.149 - - [05/Jun/2026:20:27:25 +0200] "GET /wp-content/uploads/2021/10/cropped-cropped-cropped-cropped-logo_white_background-192x192.png HTTP/2.0" 200 19089 "https://elettroservicegroup.it/chi-siamo/" "Mozilla/5.0 (Macintosh; Intel Mac OS X 10_15_7) AppleWebKit/605.1.15 (KHTML, like Gecko) Version/17.14 Safari/605.1.15"
151.18.168.149 - - [05/Jun/2026:20:27:26 +0200] "GET /wp-content/uploads/2021/10/COPERTINA.png HTTP/2.0" 200 238875 "https://elettroservicegroup.it/chi-siamo/" "Mozilla/5.0 (Macintosh; Intel Mac OS X 10_15_7) AppleWebKit/605.1.15 (KHTML, like Gecko) Version/17.14 Safari/605.1.15"
65.108.235.243 - - [05/Jun/2026:20:27:26 +0200] "POST /wp-cron.php?doing_wp_cron=1780684046.8464229106903076171875 HTTP/1.1" 200 1 "-" "WordPress/7.0; https://elettroservicegroup.it"
151.18.168.149 - - [05/Jun/2026:20:27:24 +0200] "GET /wp-json/complianz/v1/banner?lang=it&locale=it_IT&token=dpcwg HTTP/2.0" 200 83 "https://elettroservicegroup.it/chi-siamo/" "Mozilla/5.0 (Macintosh; Intel Mac OS X 10_15_7) AppleWebKit/605.1.15 (KHTML, like Gecko) Version/17.14 Safari/605.1.15"
151.18.168.149 - - [05/Jun/2026:20:27:28 +0200] "GET /wp-content/uploads/complianz/css/banner-1-optin.css?v=45 HTTP/2.0" 200 2651 "https://elettroservicegroup.it/chi-siamo/" "Mozilla/5.0 (Macintosh; Intel Mac OS X 10_15_7) AppleWebKit/605.1.15 (KHTML, like Gecko) Version/17.14 Safari/605.1.15"
151.18.168.149 - - [05/Jun/2026:20:27:28 +0200] "GET /wp-json/complianz/v1/cookie_data HTTP/2.0" 200 97 "https://elettroservicegroup.it/chi-siamo/" "Mozilla/5.0 (Macintosh; Intel Mac OS X 10_15_7) AppleWebKit/605.1.15 (KHTML, like Gecko) Version/17.14 Safari/605.1.15"
151.18.168.149 - - [05/Jun/2026:20:27:31 +0200] "GET /wp-content/plugins/complianz-gdpr-premium/assets/images/placeholders/google-maps-minimal-1280x920.jpg HTTP/2.0" 200 55264 "https://elettroservicegroup.it/chi-siamo/" "Mozilla/5.0 (Macintosh; Intel Mac OS X 10_15_7) AppleWebKit/605.1.15 (KHTML, like Gecko) Version/17.14 Safari/605.1.15"
91.227.114.42 - - [05/Jun/2026:20:32:30 +0200] "GET /wp-content/plugins/link-whisper/readme.txt HTTP/2.0" 200 11875 "-" "Mozilla/5.0 (X11; Linux x86_64) AppleWebKit/537.36 (KHTML, like Gecko) Chrome/149.0.0.0 Safari/537.36"
91.227.114.42 - - [05/Jun/2026:20:33:23 +0200] "GET /z0f76a1d14fd21a8fb5fd0d03e0fdc3d3cedae52f?id=7fa3b767c460b54a2be4d49030b349c7&pdata=https%253A%252F%252Felettroservicegroup.it%252Fwp-content%252Fplugins%252Flink-whisper%252Freadme.txt&ts=1780684350&wsidchk=6932116 HTTP/2.0" 302 297 "-" "Mozilla/5.0 (X11; Linux x86_64) AppleWebKit/537.36 (KHTML, like Gecko) Chrome/149.0.0.0 Safari/537.36"
65.108.235.243 - - [05/Jun/2026:20:33:26 +0200] "POST /wp-cron.php?doing_wp_cron=1780684406.2655489444732666015625 HTTP/1.1" 200 1 "-" "WordPress/7.0; https://elettroservicegroup.it"
65.108.235.243 - - [05/Jun/2026:20:33:25 +0200] "POST /?wordfence_syncAttackData=1780684405.5649 HTTP/1.1" 200 1 "-" "WordPress/7.0; https://elettroservicegroup.it"
65.108.235.243 - - [05/Jun/2026:20:33:26 +0200] "POST /wp-cron.php?doing_wp_cron=1780684406.9406709671020507812500 HTTP/1.1" 200 1 "-" "WordPress/7.0; https://elettroservicegroup.it"
91.227.114.42 - - [05/Jun/2026:20:33:23 +0200] "GET /wp-content/plugins/link-whisper/readme.txt HTTP/2.0" 404 17621 "https://elettroservicegroup.it/z0f76a1d14fd21a8fb5fd0d03e0fdc3d3cedae52f?id=7fa3b767c460b54a2be4d49030b349c7&pdata=https%253A%252F%252Felettroservicegroup.it%252Fwp-content%252Fplugins%252Flink-whisper%252Freadme.txt&ts=1780684350&wsidchk=6932116" "Mozilla/5.0 (X11; Linux x86_64) AppleWebKit/537.36 (KHTML, like Gecko) Chrome/149.0.0.0 Safari/537.36"
91.227.114.42 - - [05/Jun/2026:20:33:26 +0200] "GET /wp-content/plugins/link-whisper/readme.txt HTTP/2.0" 404 17496 "-" "Mozilla/5.0 (X11; Linux x86_64) AppleWebKit/537.36 (KHTML, like Gecko) Chrome/149.0.0.0 Safari/537.36"
91.227.114.42 - - [05/Jun/2026:20:33:27 +0200] "GET /wp-content/plugins/link-whisper/readme.txt HTTP/2.0" 404 17496 "-" "Mozilla/5.0 (X11; Linux x86_64) AppleWebKit/537.36 (KHTML, like Gecko) Chrome/149.0.0.0 Safari/537.36"
91.227.114.42 - - [05/Jun/2026:20:33:28 +0200] "GET /wp-json HTTP/2.0" 200 18270 "-" "Mozilla/5.0 (X11; Linux x86_64) AppleWebKit/537.36 (KHTML, like Gecko) Chrome/149.0.0.0 Safari/537.36"
91.227.114.42 - - [05/Jun/2026:20:33:28 +0200] "GET / HTTP/2.0" 200 21194 "-" "Mozilla/5.0 (X11; Linux x86_64) AppleWebKit/537.36 (KHTML, like Gecko) Chrome/149.0.0.0 Safari/537.36"