34.145.20.167 - - [09/Jun/2026:04:30:53 +0200] "GET /wp-includes/js/jquery/jquery.min.js?ver=3.7.1 HTTP/1.1" 200 29769 "-" "Mozilla/5.0 (Linux; Android 12; Pixel 6) AppleWebKit/537.36 (KHTML, like Gecko) Chrome/114.0.0.0 Mobile Safari/537.36"
34.145.20.167 - - [09/Jun/2026:04:30:54 +0200] "GET /xmlrpc.php?rsd HTTP/1.1" 403 52 "-" "Mozilla/5.0 (Linux; Android 12; Pixel 6) AppleWebKit/537.36 (KHTML, like Gecko) Chrome/114.0.0.0 Mobile Safari/537.36"
34.145.20.167 - - [09/Jun/2026:04:30:54 +0200] "GET /wp-content/uploads/2021/10/cropped-cropped-cropped-logo_white_background.png HTTP/1.1" 200 38971 "-" "Mozilla/5.0 (Linux; Android 12; Pixel 6) AppleWebKit/537.36 (KHTML, like Gecko) Chrome/114.0.0.0 Mobile Safari/537.36"
34.145.20.167 - - [09/Jun/2026:04:30:54 +0200] "GET /wp-content/plugins/header-footer-elementor/assets/css/header-footer-elementor.css?ver=2.8.8 HTTP/1.1" 200 260 "-" "Mozilla/5.0 (Linux; Android 12; Pixel 6) AppleWebKit/537.36 (KHTML, like Gecko) Chrome/114.0.0.0 Mobile Safari/537.36"
34.145.20.167 - - [09/Jun/2026:04:30:54 +0200] "GET /wp-content/plugins/elementor/assets/css/widget-spacer.min.css?ver=4.1.1 HTTP/1.1" 200 287 "-" "Mozilla/5.0 (Linux; Android 12; Pixel 6) AppleWebKit/537.36 (KHTML, like Gecko) Chrome/114.0.0.0 Mobile Safari/537.36"
34.145.20.167 - - [09/Jun/2026:04:30:54 +0200] "GET /wp-content/plugins/gp-premium/menu-plus/functions/js/sticky.min.js?ver=2.5.5 HTTP/1.1" 200 2670 "-" "Mozilla/5.0 (Linux; Android 12; Pixel 6) AppleWebKit/537.36 (KHTML, like Gecko) Chrome/114.0.0.0 Mobile Safari/537.36"
34.145.20.167 - - [09/Jun/2026:04:30:54 +0200] "GET /wp-content/themes/generatepress/assets/js/menu.min.js?ver=3.6.1 HTTP/1.1" 200 1688 "-" "Mozilla/5.0 (Linux; Android 12; Pixel 6) AppleWebKit/537.36 (KHTML, like Gecko) Chrome/114.0.0.0 Mobile Safari/537.36"
34.145.20.167 - - [09/Jun/2026:04:30:54 +0200] "GET /wp-content/uploads/2021/10/cropped-cropped-cropped-cropped-logo_white_background-192x192.png HTTP/1.1" 200 19089 "-" "Mozilla/5.0 (Linux; Android 12; Pixel 6) AppleWebKit/537.36 (KHTML, like Gecko) Chrome/114.0.0.0 Mobile Safari/537.36"
34.145.20.167 - - [09/Jun/2026:04:30:54 +0200] "GET /wp-content/themes/generatepress/assets/js/back-to-top.min.js?ver=3.6.1 HTTP/1.1" 200 336 "-" "Mozilla/5.0 (Linux; Android 12; Pixel 6) AppleWebKit/537.36 (KHTML, like Gecko) Chrome/114.0.0.0 Mobile Safari/537.36"
34.145.20.167 - - [09/Jun/2026:04:30:54 +0200] "GET /wp-content/plugins/elementor/assets/lib/animations/styles/bounceIn.min.css?ver=4.1.1 HTTP/1.1" 200 186 "-" "Mozilla/5.0 (Linux; Android 12; Pixel 6) AppleWebKit/537.36 (KHTML, like Gecko) Chrome/114.0.0.0 Mobile Safari/537.36"
34.145.20.167 - - [09/Jun/2026:04:30:54 +0200] "GET /wp-content/plugins/elementor/assets/css/widget-heading.min.css?ver=4.1.1 HTTP/1.1" 200 127 "-" "Mozilla/5.0 (Linux; Android 12; Pixel 6) AppleWebKit/537.36 (KHTML, like Gecko) Chrome/114.0.0.0 Mobile Safari/537.36"
34.145.20.167 - - [09/Jun/2026:04:30:54 +0200] "GET /wp-content/uploads/elementor/css/post-14146.css?ver=1780585075 HTTP/1.1" 200 428 "-" "Mozilla/5.0 (Linux; Android 12; Pixel 6) AppleWebKit/537.36 (KHTML, like Gecko) Chrome/114.0.0.0 Mobile Safari/537.36"
34.145.20.167 - - [09/Jun/2026:04:30:54 +0200] "GET /wp-content/uploads/elementor/google-fonts/css/robotoslab.css?ver=1742274091 HTTP/1.1" 200 708 "-" "Mozilla/5.0 (Linux; Android 12; Pixel 6) AppleWebKit/537.36 (KHTML, like Gecko) Chrome/114.0.0.0 Mobile Safari/537.36"
34.145.20.167 - - [09/Jun/2026:04:30:54 +0200] "GET /wp-content/plugins/complianz-gdpr-premium/cookiebanner/js/complianz.min.js?ver=1780325960 HTTP/1.1" 200 10708 "-" "Mozilla/5.0 (Linux; Android 12; Pixel 6) AppleWebKit/537.36 (KHTML, like Gecko) Chrome/114.0.0.0 Mobile Safari/537.36"
34.145.20.167 - - [09/Jun/2026:04:30:54 +0200] "GET /wp-content/plugins/header-footer-elementor/inc/widgets-css/frontend.css?ver=2.8.8 HTTP/1.1" 200 8711 "-" "Mozilla/5.0 (Linux; Android 12; Pixel 6) AppleWebKit/537.36 (KHTML, like Gecko) Chrome/114.0.0.0 Mobile Safari/537.36"
34.145.20.167 - - [09/Jun/2026:04:30:54 +0200] "GET /wp-content/uploads/elementor/google-fonts/css/roboto.css?ver=1742274089 HTTP/1.1" 200 1874 "-" "Mozilla/5.0 (Linux; Android 12; Pixel 6) AppleWebKit/537.36 (KHTML, like Gecko) Chrome/114.0.0.0 Mobile Safari/537.36"
34.145.20.167 - - [09/Jun/2026:04:30:54 +0200] "GET /wp-includes/js/jquery/jquery-migrate.min.js?ver=3.4.1 HTTP/1.1" 200 4685 "-" "Mozilla/5.0 (Linux; Android 12; Pixel 6) AppleWebKit/537.36 (KHTML, like Gecko) Chrome/114.0.0.0 Mobile Safari/537.36"
34.145.20.167 - - [09/Jun/2026:04:30:54 +0200] "GET /wp-content/themes/generatepress/assets/css/main.min.css?ver=3.6.1 HTTP/1.1" 200 4410 "-" "Mozilla/5.0 (Linux; Android 12; Pixel 6) AppleWebKit/537.36 (KHTML, like Gecko) Chrome/114.0.0.0 Mobile Safari/537.36"
34.145.20.167 - - [09/Jun/2026:04:30:54 +0200] "GET /wp-content/plugins/elementor/assets/js/webpack.runtime.min.js?ver=4.1.1 HTTP/1.1" 200 2340 "-" "Mozilla/5.0 (Linux; Android 12; Pixel 6) AppleWebKit/537.36 (KHTML, like Gecko) Chrome/114.0.0.0 Mobile Safari/537.36"
34.145.20.167 - - [09/Jun/2026:04:30:54 +0200] "GET /wp-content/plugins/elementor/assets/lib/font-awesome/css/solid.min.css?ver=5.15.3 HTTP/1.1" 200 286 "-" "Mozilla/5.0 (Linux; Android 12; Pixel 6) AppleWebKit/537.36 (KHTML, like Gecko) Chrome/114.0.0.0 Mobile Safari/537.36"
34.145.20.167 - - [09/Jun/2026:04:30:54 +0200] "GET /wp-content/plugins/complianz-gdpr-premium/assets/css/cookieblocker.min.css?ver=1780325961 HTTP/1.1" 200 615 "-" "Mozilla/5.0 (Linux; Android 12; Pixel 6) AppleWebKit/537.36 (KHTML, like Gecko) Chrome/114.0.0.0 Mobile Safari/537.36"
34.145.20.167 - - [09/Jun/2026:04:30:54 +0200] "GET /wp-content/uploads/elementor/css/post-14366.css?ver=1780585077 HTTP/1.1" 200 310 "-" "Mozilla/5.0 (Linux; Android 12; Pixel 6) AppleWebKit/537.36 (KHTML, like Gecko) Chrome/114.0.0.0 Mobile Safari/537.36"
34.145.20.167 - - [09/Jun/2026:04:30:54 +0200] "GET /wp-content/plugins/elementor/assets/css/widget-social-icons.min.css?ver=3.24.0 HTTP/1.1" 200 1039 "-" "Mozilla/5.0 (Linux; Android 12; Pixel 6) AppleWebKit/537.36 (KHTML, like Gecko) Chrome/114.0.0.0 Mobile Safari/537.36"
34.145.20.167 - - [09/Jun/2026:04:30:54 +0200] "GET /wp-content/plugins/elementor/assets/lib/font-awesome/css/v4-shims.min.css?ver=4.1.1 HTTP/1.1" 200 3986 "-" "Mozilla/5.0 (Linux; Android 12; Pixel 6) AppleWebKit/537.36 (KHTML, like Gecko) Chrome/114.0.0.0 Mobile Safari/537.36"
34.145.20.167 - - [09/Jun/2026:04:30:54 +0200] "GET /wp-content/plugins/elementor/assets/css/widget-icon-list.min.css?ver=3.24.3 HTTP/1.1" 200 928 "-" "Mozilla/5.0 (Linux; Android 12; Pixel 6) AppleWebKit/537.36 (KHTML, like Gecko) Chrome/114.0.0.0 Mobile Safari/537.36"
34.145.20.167 - - [09/Jun/2026:04:30:54 +0200] "GET /wp-content/plugins/elementor/assets/lib/font-awesome/css/regular.min.css?ver=5.15.3 HTTP/1.1" 200 282 "-" "Mozilla/5.0 (Linux; Android 12; Pixel 6) AppleWebKit/537.36 (KHTML, like Gecko) Chrome/114.0.0.0 Mobile Safari/537.36"
34.145.20.167 - - [09/Jun/2026:04:30:54 +0200] "GET /wp-content/plugins/elementor/assets/js/frontend.min.js?ver=4.1.1 HTTP/1.1" 200 10140 "-" "Mozilla/5.0 (Linux; Android 12; Pixel 6) AppleWebKit/537.36 (KHTML, like Gecko) Chrome/114.0.0.0 Mobile Safari/537.36"
34.145.20.167 - - [09/Jun/2026:04:30:54 +0200] "GET /wp-content/plugins/elementor/assets/lib/font-awesome/js/v4-shims.min.js?ver=4.1.1 HTTP/1.1" 200 4043 "-" "Mozilla/5.0 (Linux; Android 12; Pixel 6) AppleWebKit/537.36 (KHTML, like Gecko) Chrome/114.0.0.0 Mobile Safari/537.36"
34.145.20.167 - - [09/Jun/2026:04:30:54 +0200] "GET /wp-content/plugins/google-analytics-for-wordpress/assets/js/frontend-gtag.min.js?ver=10.2.2 HTTP/1.1" 200 3075 "-" "Mozilla/5.0 (Linux; Android 12; Pixel 6) AppleWebKit/537.36 (KHTML, like Gecko) Chrome/114.0.0.0 Mobile Safari/537.36"
34.145.20.167 - - [09/Jun/2026:04:30:54 +0200] "GET /wp-content/plugins/elementor/assets/lib/eicons/css/elementor-icons.min.css?ver=5.49.0 HTTP/1.1" 200 4115 "-" "Mozilla/5.0 (Linux; Android 12; Pixel 6) AppleWebKit/537.36 (KHTML, like Gecko) Chrome/114.0.0.0 Mobile Safari/537.36"
34.145.20.167 - - [09/Jun/2026:04:30:54 +0200] "GET /wp-content/plugins/all-in-one-seo-pack/dist/Lite/assets/css/table-of-contents/global.e90f6d47.css?ver=4.9.7.2 HTTP/1.1" 200 420 "-" "Mozilla/5.0 (Linux; Android 12; Pixel 6) AppleWebKit/537.36 (KHTML, like Gecko) Chrome/114.0.0.0 Mobile Safari/537.36"
34.145.20.167 - - [09/Jun/2026:04:30:54 +0200] "GET /wp-content/plugins/gp-premium/menu-plus/functions/css/navigation-branding-flex.min.css?ver=2.5.5 HTTP/1.1" 200 542 "-" "Mozilla/5.0 (Linux; Android 12; Pixel 6) AppleWebKit/537.36 (KHTML, like Gecko) Chrome/114.0.0.0 Mobile Safari/537.36"
34.145.20.167 - - [09/Jun/2026:04:30:54 +0200] "GET /wp-content/plugins/elementor/assets/lib/eicons/css/elementor-icons.min.css?ver=5.34.0 HTTP/1.1" 200 4115 "-" "Mozilla/5.0 (Linux; Android 12; Pixel 6) AppleWebKit/537.36 (KHTML, like Gecko) Chrome/114.0.0.0 Mobile Safari/537.36"
34.145.20.167 - - [09/Jun/2026:04:30:54 +0200] "GET /wp-content/plugins/elementor/assets/lib/font-awesome/css/fontawesome.min.css?ver=5.15.3 HTTP/1.1" 200 12179 "-" "Mozilla/5.0 (Linux; Android 12; Pixel 6) AppleWebKit/537.36 (KHTML, like Gecko) Chrome/114.0.0.0 Mobile Safari/537.36"
34.145.20.167 - - [09/Jun/2026:04:30:54 +0200] "GET /wp-content/plugins/elementor/assets/lib/font-awesome/css/all.min.css?ver=4.1.1 HTTP/1.1" 200 12402 "-" "Mozilla/5.0 (Linux; Android 12; Pixel 6) AppleWebKit/537.36 (KHTML, like Gecko) Chrome/114.0.0.0 Mobile Safari/537.36"
34.145.20.167 - - [09/Jun/2026:04:30:54 +0200] "GET /wp-content/plugins/elementor/assets/css/frontend.min.css?ver=4.1.1 HTTP/1.1" 200 6618 "-" "Mozilla/5.0 (Linux; Android 12; Pixel 6) AppleWebKit/537.36 (KHTML, like Gecko) Chrome/114.0.0.0 Mobile Safari/537.36"
34.145.20.167 - - [09/Jun/2026:04:30:54 +0200] "GET /wp-content/plugins/elementor/assets/lib/font-awesome/css/fontawesome.css?ver=5.15.3 HTTP/1.1" 200 12535 "-" "Mozilla/5.0 (Linux; Android 12; Pixel 6) AppleWebKit/537.36 (KHTML, like Gecko) Chrome/114.0.0.0 Mobile Safari/537.36"
34.145.20.167 - - [09/Jun/2026:04:30:53 +0200] "GET /feed/ HTTP/1.1" 200 500 "-" "Mozilla/5.0 (Linux; Android 12; Pixel 6) AppleWebKit/537.36 (KHTML, like Gecko) Chrome/114.0.0.0 Mobile Safari/537.36"
34.145.20.167 - - [09/Jun/2026:04:30:53 +0200] "GET /wp-json/oembed/1.0/embed?url=https://elettroservicegroup.it/ HTTP/1.1" 200 953 "-" "Mozilla/5.0 (Linux; Android 12; Pixel 6) AppleWebKit/537.36 (KHTML, like Gecko) Chrome/114.0.0.0 Mobile Safari/537.36"
34.145.20.167 - - [09/Jun/2026:04:30:54 +0200] "GET /comments/feed/ HTTP/1.1" 200 383 "-" "Mozilla/5.0 (Linux; Android 12; Pixel 6) AppleWebKit/537.36 (KHTML, like Gecko) Chrome/114.0.0.0 Mobile Safari/537.36"
34.145.20.167 - - [09/Jun/2026:04:30:54 +0200] "GET /wp-json/ HTTP/1.1" 200 18270 "-" "Mozilla/5.0 (Linux; Android 12; Pixel 6) AppleWebKit/537.36 (KHTML, like Gecko) Chrome/114.0.0.0 Mobile Safari/537.36"
34.145.20.167 - - [09/Jun/2026:04:30:54 +0200] "GET /wp-json/oembed/1.0/embed?url=https://elettroservicegroup.it/&format=xml HTTP/1.1" 200 962 "-" "Mozilla/5.0 (Linux; Android 12; Pixel 6) AppleWebKit/537.36 (KHTML, like Gecko) Chrome/114.0.0.0 Mobile Safari/537.36"
34.145.20.167 - - [09/Jun/2026:04:30:54 +0200] "GET /wp-json/wp/v2/pages/13305 HTTP/1.1" 200 4935 "-" "Mozilla/5.0 (Linux; Android 12; Pixel 6) AppleWebKit/537.36 (KHTML, like Gecko) Chrome/114.0.0.0 Mobile Safari/537.36"
34.145.20.167 - - [09/Jun/2026:04:30:53 +0200] "GET /chi-siamo/ HTTP/1.1" 200 21860 "-" "Mozilla/5.0 (Linux; Android 12; Pixel 6) AppleWebKit/537.36 (KHTML, like Gecko) Chrome/114.0.0.0 Mobile Safari/537.36"
34.145.20.167 - - [09/Jun/2026:04:30:54 +0200] "GET / HTTP/1.1" 200 21448 "-" "Mozilla/5.0 (Linux; Android 12; Pixel 6) AppleWebKit/537.36 (KHTML, like Gecko) Chrome/114.0.0.0 Mobile Safari/537.36"
34.145.20.167 - - [09/Jun/2026:04:30:54 +0200] "GET /termini-e-condizioni/ HTTP/1.1" 200 18785 "-" "Mozilla/5.0 (Linux; Android 12; Pixel 6) AppleWebKit/537.36 (KHTML, like Gecko) Chrome/114.0.0.0 Mobile Safari/537.36"
34.145.20.167 - - [09/Jun/2026:04:30:54 +0200] "GET /dichiarazione-sulla-privacy-ue/ HTTP/1.1" 200 20835 "-" "Mozilla/5.0 (Linux; Android 12; Pixel 6) AppleWebKit/537.36 (KHTML, like Gecko) Chrome/114.0.0.0 Mobile Safari/537.36"
34.145.20.167 - - [09/Jun/2026:04:30:54 +0200] "GET / HTTP/1.1" 200 21448 "-" "Mozilla/5.0 (Linux; Android 12; Pixel 6) AppleWebKit/537.36 (KHTML, like Gecko) Chrome/114.0.0.0 Mobile Safari/537.36"
65.108.235.243 - - [09/Jun/2026:04:30:59 +0200] "POST /wp-cron.php?doing_wp_cron=1780972259.3311150074005126953125 HTTP/1.1" 200 1 "-" "WordPress/7.0; https://elettroservicegroup.it"
34.145.20.167 - - [09/Jun/2026:04:30:54 +0200] "GET / HTTP/1.1" 200 21448 "-" "Mozilla/5.0 (Linux; Android 12; Pixel 6) AppleWebKit/537.36 (KHTML, like Gecko) Chrome/114.0.0.0 Mobile Safari/537.36"
34.145.20.167 - - [09/Jun/2026:04:30:54 +0200] "GET /imprint/ HTTP/1.1" 200 17784 "-" "Mozilla/5.0 (Linux; Android 12; Pixel 6) AppleWebKit/537.36 (KHTML, like Gecko) Chrome/114.0.0.0 Mobile Safari/537.36"
34.145.20.167 - - [09/Jun/2026:04:30:54 +0200] "GET /cookie-policy-ue/ HTTP/1.1" 200 20582 "-" "Mozilla/5.0 (Linux; Android 12; Pixel 6) AppleWebKit/537.36 (KHTML, like Gecko) Chrome/114.0.0.0 Mobile Safari/537.36"
172.71.147.85 - - [09/Jun/2026:04:34:00 +0200] "POST /xmlrpc.php HTTP/2.0" 403 52 "-" "AppsScript-XMLRPC"
65.108.235.243 - - [09/Jun/2026:04:34:11 +0200] "POST /wp-cron.php?doing_wp_cron=1780972451.8712999820709228515625 HTTP/1.1" 200 1 "-" "WordPress/7.0; https://elettroservicegroup.it"
172.71.147.85 - - [09/Jun/2026:04:34:05 +0200] "GET /wp-admin/ HTTP/2.0" 302 1 "-" "Mozilla/5.0 (AppsScript)"
172.71.147.85 - - [09/Jun/2026:04:34:16 +0200] "GET /wp-login.php?redirect_to=https%3A%2F%2Felettroservicegroup.it%2Fwp-admin%2F&reauth=1 HTTP/2.0" 200 5212 "https://elettroservicegroup.it/" "Mozilla/5.0 (AppsScript)"
172.71.147.85 - - [09/Jun/2026:04:34:24 +0200] "GET /wp-login.php?redirect_to=https%3A%2F%2Felettroservicegroup.it%2Fwp-admin%2F&reauth=1 HTTP/2.0" 200 5212 "https://elettroservicegroup.it/" "Mozilla/5.0 (AppsScript)"
172.71.147.85 - - [09/Jun/2026:04:34:29 +0200] "POST /wp-login.php HTTP/2.0" 200 5333 "https://elettroservicegroup.it/wp-login.php?redirect_to=https%3A%2F%2Felettroservicegroup.it%2Fwp-admin%2F&reauth=1" "Mozilla/5.0 (AppsScript)"
172.71.147.86 - - [09/Jun/2026:04:34:35 +0200] "GET /wp-admin/ HTTP/2.0" 302 1 "https://elettroservicegroup.it/wp-login.php?redirect_to=https%3A%2F%2Felettroservicegroup.it%2Fwp-admin%2F&reauth=1" "Mozilla/5.0 (AppsScript)"
65.108.235.243 - - [09/Jun/2026:04:54:45 +0200] "POST /wp-cron.php?doing_wp_cron=1780973684.9441089630126953125000 HTTP/1.1" 200 1 "-" "WordPress/7.0; https://elettroservicegroup.it"
65.108.235.243 - - [09/Jun/2026:04:54:43 +0200] "POST /?wordfence_syncAttackData=1780973683.3439 HTTP/1.1" 200 1 "-" "WordPress/7.0; https://elettroservicegroup.it"
103.120.170.76 - - [09/Jun/2026:04:54:41 +0200] "GET /wp-content/plugins/burst-statistics/readme.txt HTTP/1.1" 404 82684 "-" "Mozilla/5.0 (Windows NT 10.0; Win64; x64) AppleWebKit/537.36 (KHTML, like Gecko) Chrome/131.0"
103.120.170.76 - - [09/Jun/2026:04:54:54 +0200] "GET / HTTP/1.1" 415 139372 "-" "Mozilla/5.0 (Windows NT 10.0; Win64; x64) AppleWebKit/537.36 (KHTML, like Gecko) Chrome/131.0"
65.108.235.243 - - [09/Jun/2026:04:54:57 +0200] "POST /?wordfence_syncAttackData=1780973697.5469 HTTP/1.1" 200 1 "-" "WordPress/7.0; https://elettroservicegroup.it"
103.120.170.76 - - [09/Jun/2026:04:54:59 +0200] "GET / HTTP/1.1" 415 139372 "-" "Mozilla/5.0 (Windows NT 10.0; Win64; x64) AppleWebKit/537.36 (KHTML, like Gecko) Chrome/131.0"
65.108.235.243 - - [09/Jun/2026:04:55:03 +0200] "POST /wp-cron.php?doing_wp_cron=1780973703.8574190139770507812500 HTTP/1.1" 200 1 "-" "WordPress/7.0; https://elettroservicegroup.it"
103.120.170.76 - - [09/Jun/2026:04:55:03 +0200] "GET /wp-json/ HTTP/1.1" 415 338866 "-" "Mozilla/5.0 (Windows NT 10.0; Win64; x64) AppleWebKit/537.36 (KHTML, like Gecko) Chrome/131.0"
103.120.170.76 - - [09/Jun/2026:04:55:05 +0200] "GET /?rest_route=/ HTTP/1.1" 301 - "-" "Mozilla/5.0 (Windows NT 10.0; Win64; x64) AppleWebKit/537.36 (KHTML, like Gecko) Chrome/131.0"
103.120.170.76 - - [09/Jun/2026:04:55:06 +0200] "GET /?rest_route=/ HTTP/1.1" 301 - "-" "Mozilla/5.0 (Windows NT 10.0; Win64; x64) AppleWebKit/537.36 (KHTML, like Gecko) Chrome/131.0"
103.120.170.76 - - [09/Jun/2026:04:55:17 +0200] "GET /?rest_route=/ HTTP/1.1" 301 - "-" "Mozilla/5.0 (Windows NT 10.0; Win64; x64) AppleWebKit/537.36 (KHTML, like Gecko) Chrome/131.0"
103.120.170.76 - - [09/Jun/2026:04:55:21 +0200] "GET /wp-content/plugins/burst-statistics/assets/js/burst.js HTTP/1.1" 404 86444 "-" "Mozilla/5.0 (Windows NT 10.0; Win64; x64) AppleWebKit/537.36 (KHTML, like Gecko) Chrome/131.0"
103.120.170.76 - - [09/Jun/2026:04:55:22 +0200] "GET /wp-content/plugins/burst-statistics/assets/js/burst-cookie.js HTTP/1.1" 404 86493 "-" "Mozilla/5.0 (Windows NT 10.0; Win64; x64) AppleWebKit/537.36 (KHTML, like Gecko) Chrome/131.0"
103.120.170.76 - - [09/Jun/2026:04:55:23 +0200] "GET /wp-content/plugins/burst-statistics/assets/css/burst.css HTTP/1.1" 404 86458 "-" "Mozilla/5.0 (Windows NT 10.0; Win64; x64) AppleWebKit/537.36 (KHTML, like Gecko) Chrome/131.0"
103.120.170.76 - - [09/Jun/2026:04:55:25 +0200] "GET /wp-content/plugins/burst-statistics/burst.php HTTP/1.1" 404 82677 "-" "Mozilla/5.0 (Windows NT 10.0; Win64; x64) AppleWebKit/537.36 (KHTML, like Gecko) Chrome/131.0"
103.120.170.76 - - [09/Jun/2026:04:55:31 +0200] "GET /wp-content/plugins/burst-statistics/changelog.txt HTTP/1.1" 404 82705 "-" "Mozilla/5.0 (Windows NT 10.0; Win64; x64) AppleWebKit/537.36 (KHTML, like Gecko) Chrome/131.0"
103.120.170.76 - - [09/Jun/2026:04:55:37 +0200] "GET /feed/ HTTP/1.1" 415 1229 "-" "Mozilla/5.0 (Windows NT 10.0; Win64; x64) AppleWebKit/537.36 (KHTML, like Gecko) Chrome/131.0"
103.120.170.76 - - [09/Jun/2026:04:55:40 +0200] "GET /rss/ HTTP/1.1" 301 - "-" "Mozilla/5.0 (Windows NT 10.0; Win64; x64) AppleWebKit/537.36 (KHTML, like Gecko) Chrome/131.0"
103.120.170.76 - - [09/Jun/2026:04:55:42 +0200] "GET /feed/ HTTP/1.1" 415 1229 "-" "Mozilla/5.0 (Windows NT 10.0; Win64; x64) AppleWebKit/537.36 (KHTML, like Gecko) Chrome/131.0"
103.120.170.76 - - [09/Jun/2026:04:55:44 +0200] "GET /atom/ HTTP/1.1" 301 - "-" "Mozilla/5.0 (Windows NT 10.0; Win64; x64) AppleWebKit/537.36 (KHTML, like Gecko) Chrome/131.0"
65.108.235.243 - - [09/Jun/2026:04:56:21 +0200] "POST /wp-cron.php?doing_wp_cron=1780973781.8951740264892578125000 HTTP/1.1" 200 1 "-" "WordPress/7.0; https://elettroservicegroup.it"
180.120.116.59 - - [09/Jun/2026:04:56:21 +0200] "GET / HTTP/2.0" 200 21448 "-" "Mozilla/5.0 (Linux; Android 8.0; Pixel 2 Build/OPD3.170816.012) AppleWebKit/537.36 (KHTML, like Gecko) Chrome/51.0.6398.1180 Mobile Safari/537.36"
65.108.235.243 - - [09/Jun/2026:05:53:02 +0200] "POST /wp-cron.php?doing_wp_cron=1780977182.0206539630889892578125 HTTP/1.1" 200 1 "-" "WordPress/7.0; https://elettroservicegroup.it"
216.73.216.36 - - [09/Jun/2026:05:53:00 +0200] "GET /robots.txt HTTP/2.0" 200 99 "-" "Mozilla/5.0 AppleWebKit/537.36 (KHTML, like Gecko; compatible; ClaudeBot/1.0; +claudebot@anthropic.com)"
216.73.216.36 - - [09/Jun/2026:05:53:02 +0200] "GET /sitemap.xml HTTP/2.0" 200 310 "-" "Mozilla/5.0 AppleWebKit/537.36 (KHTML, like Gecko; compatible; ClaudeBot/1.0; +claudebot@anthropic.com)"
149.19.169.65 - - [09/Jun/2026:06:00:41 +0200] "POST /xmlrpc.php HTTP/1.1" 200 11732 "-" "Mozilla/5.0 (Windows NT 10.0; Win64; x64) AppleWebKit/537.36"
102.129.234.217 - - [09/Jun/2026:07:34:43 +0200] "GET / HTTP/1.1" 200 23080 "-" "Mozilla/5.0 (X11; Ubuntu; Linux x86_64; rv:126.0) Gecko/20100101 Firefox/126.0"
65.108.235.243 - - [09/Jun/2026:07:34:46 +0200] "POST /wp-cron.php?doing_wp_cron=1780983286.0476019382476806640625 HTTP/1.1" 200 1 "-" "WordPress/7.0; https://elettroservicegroup.it"
65.108.235.243 - - [09/Jun/2026:07:34:45 +0200] "POST /?wordfence_syncAttackData=1780983285.1892 HTTP/1.1" 200 1 "-" "WordPress/7.0; https://elettroservicegroup.it"
65.108.235.243 - - [09/Jun/2026:07:43:47 +0200] "POST /wp-cron.php?doing_wp_cron=1780983827.2368280887603759765625 HTTP/1.1" 200 1 "-" "WordPress/7.0; https://elettroservicegroup.it"
66.249.64.97 - - [09/Jun/2026:07:43:45 +0200] "GET /2026/05/31/casino-bonus-benvenuto-200-primo-deposito/ HTTP/1.1" 404 17506 "-" "Mozilla/5.0 (Linux; Android 6.0.1; Nexus 5X Build/MMB29P) AppleWebKit/537.36 (KHTML, like Gecko) Chrome/148.0.7778.96 Mobile Safari/537.36 (compatible; Googlebot/2.1; +http://www.google.com/bot.html)"
65.108.235.243 - - [09/Jun/2026:07:52:44 +0200] "POST /wp-cron.php?doing_wp_cron=1780984364.2519330978393554687500 HTTP/1.1" 200 1 "-" "WordPress/7.0; https://elettroservicegroup.it"
216.73.216.36 - - [09/Jun/2026:07:52:42 +0200] "GET /robots.txt HTTP/2.0" 200 99 "-" "Mozilla/5.0 AppleWebKit/537.36 (KHTML, like Gecko; compatible; ClaudeBot/1.0; +claudebot@anthropic.com)"
84.21.190.140 - - [09/Jun/2026:07:55:22 +0200] "HEAD / HTTP/2.0" 200 21209 "-" "Mozilla/5.0 (X11; Linux x86_64) AppleWebKit/537.36 (KHTML, like Gecko) Chrome/149.0.0.0 Safari/537.36"
65.108.235.243 - - [09/Jun/2026:08:49:01 +0200] "POST /wp-cron.php?doing_wp_cron=1780987741.6458361148834228515625 HTTP/1.1" 200 1 "-" "WordPress/7.0; https://elettroservicegroup.it"
66.249.64.97 - - [09/Jun/2026:08:48:55 +0200] "GET /2026/05/31/lazybar-casino-bonus-benvenuto-senza-deposito/ HTTP/1.1" 404 17507 "-" "Mozilla/5.0 (Linux; Android 6.0.1; Nexus 5X Build/MMB29P) AppleWebKit/537.36 (KHTML, like Gecko) Chrome/148.0.7778.96 Mobile Safari/537.36 (compatible; Googlebot/2.1; +http://www.google.com/bot.html)"
130.49.115.235 - - [09/Jun/2026:08:56:07 +0200] "POST /xmlrpc.php HTTP/2.0" 200 11702 "-" "Mozilla/5.0 (Windows NT 10.0; Win64; x64; rv:133.0) Gecko/20100101 Firefox/133.0"
193.203.8.38 - - [09/Jun/2026:08:57:51 +0200] "POST /xmlrpc.php HTTP/2.0" 403 52 "-" "Mozilla/5.0 (Windows NT 10.0; Win64; x64) AppleWebKit/537.36 (KHTML, like Gecko) Chrome/124.0.0.0 Safari/537.36"
130.49.78.110 - - [09/Jun/2026:08:59:26 +0200] "POST /xmlrpc.php HTTP/2.0" 200 11872 "-" "Mozilla/5.0 (Windows NT 10.0; Win64; x64; rv:133.0) Gecko/20100101 Firefox/133.0"
65.108.235.243 - - [09/Jun/2026:08:59:50 +0200] "POST /wp-cron.php?doing_wp_cron=1780988390.6537590026855468750000 HTTP/1.1" 200 1 "-" "WordPress/7.0; https://elettroservicegroup.it"
66.249.64.98 - - [09/Jun/2026:08:59:43 +0200] "GET /2026/05/31/codici-promo-casino/ HTTP/1.1" 404 17490 "-" "Mozilla/5.0 (Linux; Android 6.0.1; Nexus 5X Build/MMB29P) AppleWebKit/537.36 (KHTML, like Gecko) Chrome/148.0.7778.96 Mobile Safari/537.36 (compatible; Googlebot/2.1; +http://www.google.com/bot.html)"
77.81.65.206 - - [09/Jun/2026:09:01:05 +0200] "POST /xmlrpc.php HTTP/2.0" 200 11802 "-" "Mozilla/5.0 (Macintosh; Intel Mac OS X 10_15_7) AppleWebKit/605.1.15 (KHTML, like Gecko) Version/18.0 Safari/605.1.15"
193.203.9.54 - - [09/Jun/2026:09:04:08 +0200] "GET /wp-login.php HTTP/2.0" 200 11758 "-" "Mozilla/5.0 (Windows NT 10.0; Win64; x64) AppleWebKit/537.36 (KHTML, like Gecko) Chrome/124.0.0.0 Safari/537.36"
45.148.232.199 - - [09/Jun/2026:09:05:35 +0200] "GET /wp-login.php HTTP/2.0" 200 11774 "-" "Mozilla/5.0 (Windows NT 10.0; Win64; x64) AppleWebKit/537.36 (KHTML, like Gecko) Chrome/124.0.0.0 Safari/537.36"
77.220.194.98 - - [09/Jun/2026:09:07:06 +0200] "GET /wp-login.php HTTP/2.0" 200 11717 "-" "Mozilla/5.0 (Windows NT 10.0; Win64; x64; rv:133.0) Gecko/20100101 Firefox/133.0"
65.108.235.243 - - [09/Jun/2026:09:08:29 +0200] "POST /wp-cron.php?doing_wp_cron=1780988909.0611131191253662109375 HTTP/1.1" 200 1 "-" "WordPress/7.0; https://elettroservicegroup.it"
155.212.109.146 - - [09/Jun/2026:09:08:21 +0200] "GET /wp-login.php HTTP/2.0" 200 5162 "-" "Mozilla/5.0 (Macintosh; Intel Mac OS X 10_15_7) AppleWebKit/605.1.15 (KHTML, like Gecko) Version/18.0 Safari/605.1.15"
65.108.235.243 - - [09/Jun/2026:09:11:18 +0200] "POST /wp-cron.php?doing_wp_cron=1780989078.1805651187896728515625 HTTP/1.1" 200 1 "-" "WordPress/7.0; https://elettroservicegroup.it"
216.73.216.36 - - [09/Jun/2026:09:11:16 +0200] "GET /robots.txt HTTP/2.0" 200 99 "-" "Mozilla/5.0 AppleWebKit/537.36 (KHTML, like Gecko; compatible; ClaudeBot/1.0; +claudebot@anthropic.com)"
216.73.216.36 - - [09/Jun/2026:09:11:18 +0200] "GET /sitemap.xml HTTP/2.0" 200 310 "-" "Mozilla/5.0 AppleWebKit/537.36 (KHTML, like Gecko; compatible; ClaudeBot/1.0; +claudebot@anthropic.com)"
65.108.235.243 - - [09/Jun/2026:09:38:11 +0200] "POST /wp-cron.php?doing_wp_cron=1780990691.0888690948486328125000 HTTP/1.1" 200 1 "-" "WordPress/7.0; https://elettroservicegroup.it"
66.249.64.98 - - [09/Jun/2026:09:38:09 +0200] "GET /2023/09/17/vavada-ee/ HTTP/1.1" 404 17468 "-" "Mozilla/5.0 (Linux; Android 6.0.1; Nexus 5X Build/MMB29P) AppleWebKit/537.36 (KHTML, like Gecko) Chrome/148.0.7778.96 Mobile Safari/537.36 (compatible; Googlebot/2.1; +http://www.google.com/bot.html)"
65.108.235.243 - - [09/Jun/2026:09:47:42 +0200] "POST /wp-cron.php?doing_wp_cron=1780991262.8563680648803710937500 HTTP/1.1" 200 1 "-" "WordPress/7.0; https://elettroservicegroup.it"
87.250.224.6 - - [09/Jun/2026:09:47:41 +0200] "GET /robots.txt HTTP/1.1" 200 177 "-" "Mozilla/5.0 (compatible; YandexBot/3.0; +http://yandex.com/bots)"
213.180.203.224 - - [09/Jun/2026:09:47:43 +0200] "GET /wp-content/uploads/2021/10/cropped-cropped-cropped-cropped-logo_white_background-32x32.png HTTP/2.0" 200 1525 "-" "Mozilla/5.0 (compatible; YandexFavicons/1.0; +http://yandex.com/bots)"
65.108.235.243 - - [09/Jun/2026:09:48:49 +0200] "POST /wp-cron.php?doing_wp_cron=1780991329.5638720989227294921875 HTTP/1.1" 200 1 "-" "WordPress/7.0; https://elettroservicegroup.it"
216.73.216.36 - - [09/Jun/2026:09:48:47 +0200] "GET /sitemap.rss HTTP/2.0" 200 730 "-" "Mozilla/5.0 AppleWebKit/537.36 (KHTML, like Gecko; compatible; ClaudeBot/1.0; +claudebot@anthropic.com)"
162.120.188.142 - - [09/Jun/2026:09:54:12 +0200] "GET / HTTP/2.0" 200 21209 "https://www.google.com/" "Mozilla/5.0 (Windows NT 10.0; Win64; x64) AppleWebKit/537.36 (KHTML, like Gecko) Chrome/148.0.0.0 Safari/537.36"
65.108.235.243 - - [09/Jun/2026:09:54:14 +0200] "POST /wp-cron.php?doing_wp_cron=1780991654.2529520988464355468750 HTTP/1.1" 200 1 "-" "WordPress/7.0; https://elettroservicegroup.it"
142.250.32.32 - - [09/Jun/2026:09:54:12 +0200] "GET /.well-known/traffic-advice HTTP/1.1" 404 17507 "-" "Chrome Privacy Preserving Prefetch Proxy"
93.42.224.210 - - [09/Jun/2026:09:54:27 +0200] "GET /wp-content/uploads/elementor/css/post-14366.css?ver=1780585077 HTTP/2.0" 200 310 "https://elettroservicegroup.it/" "Mozilla/5.0 (Windows NT 10.0; Win64; x64) AppleWebKit/537.36 (KHTML, like Gecko) Chrome/148.0.0.0 Safari/537.36"
93.42.224.210 - - [09/Jun/2026:09:54:27 +0200] "GET /wp-content/uploads/elementor/css/post-13305.css?ver=1780585077 HTTP/2.0" 200 2452 "https://elettroservicegroup.it/" "Mozilla/5.0 (Windows NT 10.0; Win64; x64) AppleWebKit/537.36 (KHTML, like Gecko) Chrome/148.0.0.0 Safari/537.36"
93.42.224.210 - - [09/Jun/2026:09:54:27 +0200] "GET /wp-content/cache/wpfc-minified/21nu4lni/84jtm.css HTTP/2.0" 200 7521 "https://elettroservicegroup.it/" "Mozilla/5.0 (Windows NT 10.0; Win64; x64) AppleWebKit/537.36 (KHTML, like Gecko) Chrome/148.0.0.0 Safari/537.36"
93.42.224.210 - - [09/Jun/2026:09:54:27 +0200] "GET /wp-content/cache/wpfc-minified/eh40z7s2/84jtm.css HTTP/2.0" 200 11323 "https://elettroservicegroup.it/" "Mozilla/5.0 (Windows NT 10.0; Win64; x64) AppleWebKit/537.36 (KHTML, like Gecko) Chrome/148.0.0.0 Safari/537.36"
93.42.224.210 - - [09/Jun/2026:09:54:27 +0200] "GET /wp-content/cache/wpfc-minified/degfepky/84jto.css HTTP/2.0" 200 16384 "https://elettroservicegroup.it/" "Mozilla/5.0 (Windows NT 10.0; Win64; x64) AppleWebKit/537.36 (KHTML, like Gecko) Chrome/148.0.0.0 Safari/537.36"
93.42.224.210 - - [09/Jun/2026:09:54:27 +0200] "GET /wp-content/cache/wpfc-minified/dih7xtos/84jtm.css HTTP/2.0" 200 19016 "https://elettroservicegroup.it/" "Mozilla/5.0 (Windows NT 10.0; Win64; x64) AppleWebKit/537.36 (KHTML, like Gecko) Chrome/148.0.0.0 Safari/537.36"
93.42.224.210 - - [09/Jun/2026:09:54:27 +0200] "GET /wp-content/cache/wpfc-minified/10hpkmg7/84jtm.css HTTP/2.0" 200 418 "https://elettroservicegroup.it/" "Mozilla/5.0 (Windows NT 10.0; Win64; x64) AppleWebKit/537.36 (KHTML, like Gecko) Chrome/148.0.0.0 Safari/537.36"
93.42.224.210 - - [09/Jun/2026:09:54:27 +0200] "GET /wp-content/uploads/elementor/css/post-14146.css?ver=1780585075 HTTP/2.0" 200 428 "https://elettroservicegroup.it/" "Mozilla/5.0 (Windows NT 10.0; Win64; x64) AppleWebKit/537.36 (KHTML, like Gecko) Chrome/148.0.0.0 Safari/537.36"
93.42.224.210 - - [09/Jun/2026:09:54:27 +0200] "GET /wp-content/cache/wpfc-minified/7ahyfouu/84jtm.css HTTP/2.0" 200 4410 "https://elettroservicegroup.it/" "Mozilla/5.0 (Windows NT 10.0; Win64; x64) AppleWebKit/537.36 (KHTML, like Gecko) Chrome/148.0.0.0 Safari/537.36"
93.42.224.210 - - [09/Jun/2026:09:54:27 +0200] "GET /wp-content/cache/wpfc-minified/6yk1ya41/84jtm.css HTTP/2.0" 200 14481 "https://elettroservicegroup.it/" "Mozilla/5.0 (Windows NT 10.0; Win64; x64) AppleWebKit/537.36 (KHTML, like Gecko) Chrome/148.0.0.0 Safari/537.36"
93.42.224.210 - - [09/Jun/2026:09:54:27 +0200] "GET /wp-content/cache/wpfc-minified/965h9meg/84jtm.js HTTP/2.0" 200 8743 "https://elettroservicegroup.it/" "Mozilla/5.0 (Windows NT 10.0; Win64; x64) AppleWebKit/537.36 (KHTML, like Gecko) Chrome/148.0.0.0 Safari/537.36"
93.42.224.210 - - [09/Jun/2026:09:54:27 +0200] "GET /wp-content/cache/wpfc-minified/kdwvm73z/84jtm.js HTTP/2.0" 200 32843 "https://elettroservicegroup.it/" "Mozilla/5.0 (Windows NT 10.0; Win64; x64) AppleWebKit/537.36 (KHTML, like Gecko) Chrome/148.0.0.0 Safari/537.36"
93.42.224.210 - - [09/Jun/2026:09:54:27 +0200] "GET /wp-content/uploads/2021/10/cropped-cropped-cropped-logo_white_background.png HTTP/2.0" 200 38971 "https://elettroservicegroup.it/" "Mozilla/5.0 (Windows NT 10.0; Win64; x64) AppleWebKit/537.36 (KHTML, like Gecko) Chrome/148.0.0.0 Safari/537.36"
93.42.224.210 - - [09/Jun/2026:09:54:27 +0200] "GET /wp-content/plugins/elementor/assets/js/webpack.runtime.min.js?ver=4.1.1 HTTP/2.0" 200 2340 "https://elettroservicegroup.it/" "Mozilla/5.0 (Windows NT 10.0; Win64; x64) AppleWebKit/537.36 (KHTML, like Gecko) Chrome/148.0.0.0 Safari/537.36"
93.42.224.210 - - [09/Jun/2026:09:54:27 +0200] "GET /wp-content/plugins/gp-premium/menu-plus/functions/js/sticky.min.js?ver=2.5.5 HTTP/2.0" 200 2670 "https://elettroservicegroup.it/" "Mozilla/5.0 (Windows NT 10.0; Win64; x64) AppleWebKit/537.36 (KHTML, like Gecko) Chrome/148.0.0.0 Safari/537.36"
93.42.224.210 - - [09/Jun/2026:09:54:27 +0200] "GET /wp-content/themes/generatepress/assets/js/back-to-top.min.js?ver=3.6.1 HTTP/2.0" 200 336 "https://elettroservicegroup.it/" "Mozilla/5.0 (Windows NT 10.0; Win64; x64) AppleWebKit/537.36 (KHTML, like Gecko) Chrome/148.0.0.0 Safari/537.36"
93.42.224.210 - - [09/Jun/2026:09:54:27 +0200] "GET /wp-content/themes/generatepress/assets/js/menu.min.js?ver=3.6.1 HTTP/2.0" 200 1688 "https://elettroservicegroup.it/" "Mozilla/5.0 (Windows NT 10.0; Win64; x64) AppleWebKit/537.36 (KHTML, like Gecko) Chrome/148.0.0.0 Safari/537.36"
93.42.224.210 - - [09/Jun/2026:09:54:27 +0200] "GET /wp-includes/js/jquery/ui/core.min.js?ver=1.13.3 HTTP/2.0" 200 6820 "https://elettroservicegroup.it/" "Mozilla/5.0 (Windows NT 10.0; Win64; x64) AppleWebKit/537.36 (KHTML, like Gecko) Chrome/148.0.0.0 Safari/537.36"
93.42.224.210 - - [09/Jun/2026:09:54:27 +0200] "GET /wp-content/plugins/elementor/assets/js/frontend.min.js?ver=4.1.1 HTTP/2.0" 200 10140 "https://elettroservicegroup.it/" "Mozilla/5.0 (Windows NT 10.0; Win64; x64) AppleWebKit/537.36 (KHTML, like Gecko) Chrome/148.0.0.0 Safari/537.36"
93.42.224.210 - - [09/Jun/2026:09:54:27 +0200] "GET /wp-content/plugins/complianz-gdpr-premium/cookiebanner/js/complianz.min.js?ver=1780325960 HTTP/2.0" 200 10708 "https://elettroservicegroup.it/" "Mozilla/5.0 (Windows NT 10.0; Win64; x64) AppleWebKit/537.36 (KHTML, like Gecko) Chrome/148.0.0.0 Safari/537.36"
93.42.224.210 - - [09/Jun/2026:09:54:27 +0200] "GET /wp-content/plugins/elementor/assets/js/frontend-modules.min.js?ver=4.1.1 HTTP/2.0" 200 15454 "https://elettroservicegroup.it/" "Mozilla/5.0 (Windows NT 10.0; Win64; x64) AppleWebKit/537.36 (KHTML, like Gecko) Chrome/148.0.0.0 Safari/537.36"
93.42.224.210 - - [09/Jun/2026:09:54:27 +0200] "GET /wp-content/uploads/2021/10/COPERTINA-1.png HTTP/2.0" 200 238875 "https://elettroservicegroup.it/wp-content/uploads/elementor/css/post-13305.css?ver=1780585077" "Mozilla/5.0 (Windows NT 10.0; Win64; x64) AppleWebKit/537.36 (KHTML, like Gecko) Chrome/148.0.0.0 Safari/537.36"
93.42.224.210 - - [09/Jun/2026:09:54:27 +0200] "GET /wp-content/uploads/2021/10/TECNICO-ELETTRODOMESTICI.jpg HTTP/2.0" 200 24210 "https://elettroservicegroup.it/wp-content/uploads/elementor/css/post-13305.css?ver=1780585077" "Mozilla/5.0 (Windows NT 10.0; Win64; x64) AppleWebKit/537.36 (KHTML, like Gecko) Chrome/148.0.0.0 Safari/537.36"
93.42.224.210 - - [09/Jun/2026:09:54:27 +0200] "GET /wp-content/plugins/elementor/assets/lib/font-awesome/webfonts/fa-regular-400.woff2 HTTP/2.0" 200 13277 "https://elettroservicegroup.it/wp-content/cache/wpfc-minified/degfepky/84jto.css" "Mozilla/5.0 (Windows NT 10.0; Win64; x64) AppleWebKit/537.36 (KHTML, like Gecko) Chrome/148.0.0.0 Safari/537.36"
93.42.224.210 - - [09/Jun/2026:09:54:27 +0200] "GET /wp-content/uploads/elementor/google-fonts/fonts/roboto-kfo7cnqeu92fr1me7ksn66agldtyluama3yuba.woff2 HTTP/2.0" 200 40132 "https://elettroservicegroup.it/wp-content/cache/wpfc-minified/6yk1ya41/84jtm.css" "Mozilla/5.0 (Windows NT 10.0; Win64; x64) AppleWebKit/537.36 (KHTML, like Gecko) Chrome/148.0.0.0 Safari/537.36"
93.42.224.210 - - [09/Jun/2026:09:54:27 +0200] "GET /wp-content/plugins/elementor/assets/lib/font-awesome/webfonts/fa-solid-900.woff2 HTTP/2.0" 200 78201 "https://elettroservicegroup.it/wp-content/cache/wpfc-minified/degfepky/84jto.css" "Mozilla/5.0 (Windows NT 10.0; Win64; x64) AppleWebKit/537.36 (KHTML, like Gecko) Chrome/148.0.0.0 Safari/537.36"
93.42.224.210 - - [09/Jun/2026:09:54:27 +0200] "GET /wp-content/plugins/elementor/assets/js/section-frontend-handlers.d85ab872da118940910d.bundle.min.js HTTP/2.0" 200 230 "https://elettroservicegroup.it/" "Mozilla/5.0 (Windows NT 10.0; Win64; x64) AppleWebKit/537.36 (KHTML, like Gecko) Chrome/148.0.0.0 Safari/537.36"
93.42.224.210 - - [09/Jun/2026:09:54:27 +0200] "GET /wp-content/plugins/elementor/assets/js/text-editor.45609661e409413f1cef.bundle.min.js HTTP/2.0" 200 592 "https://elettroservicegroup.it/" "Mozilla/5.0 (Windows NT 10.0; Win64; x64) AppleWebKit/537.36 (KHTML, like Gecko) Chrome/148.0.0.0 Safari/537.36"
93.42.224.210 - - [09/Jun/2026:09:54:27 +0200] "GET /wp-content/plugins/elementor/assets/js/shared-frontend-handlers.03caa53373b56d3bab67.bundle.min.js HTTP/2.0" 200 2515 "https://elettroservicegroup.it/" "Mozilla/5.0 (Windows NT 10.0; Win64; x64) AppleWebKit/537.36 (KHTML, like Gecko) Chrome/148.0.0.0 Safari/537.36"
93.42.224.210 - - [09/Jun/2026:09:54:27 +0200] "GET /wp-json/complianz/v1/banner?lang=it&locale=it_IT&token=fbwep HTTP/2.0" 200 83 "https://elettroservicegroup.it/" "Mozilla/5.0 (Windows NT 10.0; Win64; x64) AppleWebKit/537.36 (KHTML, like Gecko) Chrome/148.0.0.0 Safari/537.36"
93.42.224.210 - - [09/Jun/2026:09:54:28 +0200] "GET /wp-content/uploads/2021/10/cropped-cropped-cropped-cropped-logo_white_background-32x32.png HTTP/2.0" 200 1525 "https://elettroservicegroup.it/" "Mozilla/5.0 (Windows NT 10.0; Win64; x64) AppleWebKit/537.36 (KHTML, like Gecko) Chrome/148.0.0.0 Safari/537.36"
93.42.224.210 - - [09/Jun/2026:09:54:28 +0200] "GET /wp-content/uploads/complianz/css/banner-1-optin.css?v=45 HTTP/2.0" 200 2651 "https://elettroservicegroup.it/" "Mozilla/5.0 (Windows NT 10.0; Win64; x64) AppleWebKit/537.36 (KHTML, like Gecko) Chrome/148.0.0.0 Safari/537.36"
93.42.224.210 - - [09/Jun/2026:09:54:28 +0200] "GET /wp-json/complianz/v1/cookie_data HTTP/2.0" 200 97 "https://elettroservicegroup.it/" "Mozilla/5.0 (Windows NT 10.0; Win64; x64) AppleWebKit/537.36 (KHTML, like Gecko) Chrome/148.0.0.0 Safari/537.36"
93.42.224.210 - - [09/Jun/2026:09:54:28 +0200] "POST /wp-json/complianz/v1/track HTTP/2.0" 200 20 "https://elettroservicegroup.it/" "Mozilla/5.0 (Windows NT 10.0; Win64; x64) AppleWebKit/537.36 (KHTML, like Gecko) Chrome/148.0.0.0 Safari/537.36"
65.108.235.243 - - [09/Jun/2026:10:12:04 +0200] "POST /wp-cron.php?doing_wp_cron=1780992724.3355519771575927734375 HTTP/1.1" 200 1 "-" "WordPress/7.0; https://elettroservicegroup.it"
162.35.161.168 - - [09/Jun/2026:10:11:52 +0200] "GET /livewire/preview-file/123 HTTP/1.1" 404 82706 "-" "Mozilla/5.0 (Windows NT 10.0; Win64; x64) AppleWebKit/537.36 (KHTML, like Gecko) Chrome/125.0.0.0 Safari/537.36"
65.108.235.243 - - [09/Jun/2026:10:15:40 +0200] "POST /wp-cron.php?doing_wp_cron=1780992940.8605690002441406250000 HTTP/1.1" 200 1 "-" "WordPress/7.0; https://elettroservicegroup.it"
66.249.64.96 - - [09/Jun/2026:10:15:39 +0200] "GET /robots.txt HTTP/1.1" 200 99 "-" "Mozilla/5.0 (compatible; Googlebot/2.1; +http://www.google.com/bot.html)"
66.249.64.98 - - [09/Jun/2026:10:15:41 +0200] "GET /2026/05/31/migliori-casino-non-aams-crypto/ HTTP/1.1" 404 17498 "-" "Mozilla/5.0 (Linux; Android 6.0.1; Nexus 5X Build/MMB29P) AppleWebKit/537.36 (KHTML, like Gecko) Chrome/148.0.7778.96 Mobile Safari/537.36 (compatible; Googlebot/2.1; +http://www.google.com/bot.html)"
65.108.235.243 - - [09/Jun/2026:10:24:40 +0200] "POST /wp-cron.php?doing_wp_cron=1780993480.2618041038513183593750 HTTP/1.1" 200 1 "-" "WordPress/7.0; https://elettroservicegroup.it"
66.249.64.97 - - [09/Jun/2026:10:24:38 +0200] "GET /2026/05/31/blackjack-lucky-lucky-side-bet-conviene/ HTTP/1.1" 404 17500 "-" "Mozilla/5.0 (Linux; Android 6.0.1; Nexus 5X Build/MMB29P) AppleWebKit/537.36 (KHTML, like Gecko) Chrome/148.0.7778.96 Mobile Safari/537.36 (compatible; Googlebot/2.1; +http://www.google.com/bot.html)"
65.108.235.243 - - [09/Jun/2026:10:36:08 +0200] "POST /wp-cron.php?doing_wp_cron=1780994168.4554049968719482421875 HTTP/1.1" 200 1 "-" "WordPress/7.0; https://elettroservicegroup.it"
66.249.64.98 - - [09/Jun/2026:10:36:06 +0200] "GET /?p=16203 HTTP/1.1" 404 17457 "-" "Mozilla/5.0 (Linux; Android 6.0.1; Nexus 5X Build/MMB29P) AppleWebKit/537.36 (KHTML, like Gecko) Chrome/148.0.7778.96 Mobile Safari/537.36 (compatible; Googlebot/2.1; +http://www.google.com/bot.html)"
195.178.110.48 - - [09/Jun/2026:10:39:26 +0200] "GET / HTTP/1.1" 415 139372 "-" "Mozilla/5.0 (Windows NT 10.0; Win64; x64) AppleWebKit/537.36 Chrome/122.0.0.0 Safari/537.36"
195.178.110.48 - - [09/Jun/2026:10:39:28 +0200] "POST / HTTP/1.1" 200 11733 "-" "Mozilla/5.0 (X11; Linux x86_64) AppleWebKit/537.36 Chrome/122.0.0.0 Safari/537.36"
162.120.188.139 - - [09/Jun/2026:10:55:22 +0200] "GET / HTTP/2.0" 200 21209 "https://www.google.com/" "Mozilla/5.0 (Windows NT 10.0; Win64; x64) AppleWebKit/537.36 (KHTML, like Gecko) Chrome/148.0.0.0 Safari/537.36"
65.108.235.243 - - [09/Jun/2026:10:55:25 +0200] "POST /wp-cron.php?doing_wp_cron=1780995325.6443679332733154296875 HTTP/1.1" 200 1 "-" "WordPress/7.0; https://elettroservicegroup.it"
142.250.32.32 - - [09/Jun/2026:10:55:21 +0200] "GET /.well-known/traffic-advice HTTP/1.1" 404 17507 "-" "Chrome Privacy Preserving Prefetch Proxy"
205.210.31.96 - - [09/Jun/2026:10:57:06 +0200] "GET / HTTP/1.1" 200 139356 "-" "Hello from Palo Alto Networks, find out more about our scans in https://docs-cortex.paloaltonetworks.com/r/1/Cortex-Xpanse/Scanning-activity"
98.92.171.141 - - [09/Jun/2026:11:58:32 +0200] "GET / HTTP/2.0" 200 23080 "http://elettroservicegroup.it/" "Go-http-client/2.0"