54.223.181.192 - - [08/Jun/2026:21:10:32 +0200] "GET /wp-content/plugins/elementor/assets/js/webpack.runtime.min.js?ver=4.1.1 HTTP/2.0" 200 2340 "https://elettroservicegroup.it/" "Mozilla/5.0 (Linux; Android 5.0; SM-G900P Build/LRX21T) AppleWebKit/537.36 (KHTML, like Gecko) Chrome/49.0.8908.1239 Mobile Safari/537.36"
54.223.181.192 - - [08/Jun/2026:21:10:32 +0200] "GET /wp-content/plugins/google-analytics-for-wordpress/assets/js/frontend-gtag.min.js?ver=10.2.2 HTTP/2.0" 200 3075 "https://elettroservicegroup.it/" "Mozilla/5.0 (Linux; Android 5.0; SM-G900P Build/LRX21T) AppleWebKit/537.36 (KHTML, like Gecko) Chrome/49.0.8908.1239 Mobile Safari/537.36"
54.223.181.192 - - [08/Jun/2026:21:10:32 +0200] "GET /wp-includes/js/jquery/ui/core.min.js?ver=1.13.3 HTTP/2.0" 200 6820 "https://elettroservicegroup.it/" "Mozilla/5.0 (Linux; Android 5.0; SM-G900P Build/LRX21T) AppleWebKit/537.36 (KHTML, like Gecko) Chrome/49.0.8908.1239 Mobile Safari/537.36"
54.223.181.192 - - [08/Jun/2026:21:10:32 +0200] "GET /wp-content/plugins/elementor/assets/js/frontend.min.js?ver=4.1.1 HTTP/2.0" 200 10140 "https://elettroservicegroup.it/" "Mozilla/5.0 (Linux; Android 5.0; SM-G900P Build/LRX21T) AppleWebKit/537.36 (KHTML, like Gecko) Chrome/49.0.8908.1239 Mobile Safari/537.36"
54.223.181.192 - - [08/Jun/2026:21:10:32 +0200] "GET /wp-content/plugins/elementor/assets/js/frontend-modules.min.js?ver=4.1.1 HTTP/2.0" 200 15454 "https://elettroservicegroup.it/" "Mozilla/5.0 (Linux; Android 5.0; SM-G900P Build/LRX21T) AppleWebKit/537.36 (KHTML, like Gecko) Chrome/49.0.8908.1239 Mobile Safari/537.36"
54.223.181.192 - - [08/Jun/2026:21:10:32 +0200] "GET /wp-content/plugins/complianz-gdpr-premium/cookiebanner/js/complianz.min.js?ver=1780325960 HTTP/2.0" 200 10708 "https://elettroservicegroup.it/" "Mozilla/5.0 (Linux; Android 5.0; SM-G900P Build/LRX21T) AppleWebKit/537.36 (KHTML, like Gecko) Chrome/49.0.8908.1239 Mobile Safari/537.36"
54.223.181.192 - - [08/Jun/2026:21:10:32 +0200] "GET /wp-content/uploads/2021/10/TECNICO-ELETTRODOMESTICI.jpg HTTP/2.0" 206 500 "https://elettroservicegroup.it/wp-content/uploads/elementor/css/post-13305.css?ver=1780585077" "Mozilla/5.0 (Linux; Android 5.0; SM-G900P Build/LRX21T) AppleWebKit/537.36 (KHTML, like Gecko) Chrome/49.0.8908.1239 Mobile Safari/537.36"
54.223.181.192 - - [08/Jun/2026:21:10:32 +0200] "GET /wp-content/plugins/elementor/assets/js/text-editor.45609661e409413f1cef.bundle.min.js HTTP/2.0" 200 592 "https://elettroservicegroup.it/" "Mozilla/5.0 (Linux; Android 5.0; SM-G900P Build/LRX21T) AppleWebKit/537.36 (KHTML, like Gecko) Chrome/49.0.8908.1239 Mobile Safari/537.36"
54.223.181.192 - - [08/Jun/2026:21:10:32 +0200] "GET /wp-content/plugins/elementor/assets/js/section-frontend-handlers.d85ab872da118940910d.bundle.min.js HTTP/2.0" 200 230 "https://elettroservicegroup.it/" "Mozilla/5.0 (Linux; Android 5.0; SM-G900P Build/LRX21T) AppleWebKit/537.36 (KHTML, like Gecko) Chrome/49.0.8908.1239 Mobile Safari/537.36"
54.223.181.192 - - [08/Jun/2026:21:10:32 +0200] "GET /wp-content/plugins/elementor/assets/js/shared-frontend-handlers.03caa53373b56d3bab67.bundle.min.js HTTP/2.0" 200 2515 "https://elettroservicegroup.it/" "Mozilla/5.0 (Linux; Android 5.0; SM-G900P Build/LRX21T) AppleWebKit/537.36 (KHTML, like Gecko) Chrome/49.0.8908.1239 Mobile Safari/537.36"
54.223.181.192 - - [08/Jun/2026:21:10:33 +0200] "GET /wp-content/uploads/2021/10/TECNICO-ELETTRODOMESTICI.jpg HTTP/2.0" 304 - "https://elettroservicegroup.it/wp-content/uploads/elementor/css/post-13305.css?ver=1780585077" "Mozilla/5.0 (Linux; Android 5.0; SM-G900P Build/LRX21T) AppleWebKit/537.36 (KHTML, like Gecko) Chrome/49.0.8908.1239 Mobile Safari/537.36"
54.223.181.192 - - [08/Jun/2026:21:10:32 +0200] "GET /wp-json/complianz/v1/banner?lang=it&locale=it_IT&token=kxxde HTTP/2.0" 200 83 "https://elettroservicegroup.it/" "Mozilla/5.0 (Linux; Android 5.0; SM-G900P Build/LRX21T) AppleWebKit/537.36 (KHTML, like Gecko) Chrome/49.0.8908.1239 Mobile Safari/537.36"
54.223.181.192 - - [08/Jun/2026:21:10:33 +0200] "GET /wp-content/uploads/complianz/css/banner-1-optin.css?v=45 HTTP/2.0" 200 2651 "https://elettroservicegroup.it/" "Mozilla/5.0 (Linux; Android 5.0; SM-G900P Build/LRX21T) AppleWebKit/537.36 (KHTML, like Gecko) Chrome/49.0.8908.1239 Mobile Safari/537.36"
54.223.181.192 - - [08/Jun/2026:21:10:33 +0200] "GET /wp-content/uploads/2021/10/TECNICO-ELETTRODOMESTICI.jpg HTTP/2.0" 206 23710 "https://elettroservicegroup.it/wp-content/uploads/elementor/css/post-13305.css?ver=1780585077" "Mozilla/5.0 (Linux; Android 5.0; SM-G900P Build/LRX21T) AppleWebKit/537.36 (KHTML, like Gecko) Chrome/49.0.8908.1239 Mobile Safari/537.36"
54.223.181.192 - - [08/Jun/2026:21:10:33 +0200] "GET /wp-json/complianz/v1/cookie_data HTTP/2.0" 200 97 "https://elettroservicegroup.it/" "Mozilla/5.0 (Linux; Android 5.0; SM-G900P Build/LRX21T) AppleWebKit/537.36 (KHTML, like Gecko) Chrome/49.0.8908.1239 Mobile Safari/537.36"
65.108.235.243 - - [08/Jun/2026:21:13:37 +0200] "POST /wp-cron.php?doing_wp_cron=1780946017.8419759273529052734375 HTTP/1.1" 200 1 "-" "WordPress/7.0; https://elettroservicegroup.it"
151.81.18.191 - - [08/Jun/2026:21:13:36 +0200] "GET / HTTP/2.0" 200 - "-" "Mozilla/5.0 (iPhone; CPU iPhone OS 18_7 like Mac OS X) AppleWebKit/605.1.15 (KHTML, like Gecko) Version/18.7.6 Mobile/15E148 Safari/604.1"
65.108.235.243 - - [08/Jun/2026:21:14:32 +0200] "POST /wp-cron.php?doing_wp_cron=1780946072.3892970085144042968750 HTTP/1.1" 200 1 "-" "WordPress/7.0; https://elettroservicegroup.it"
151.81.18.191 - - [08/Jun/2026:21:14:30 +0200] "GET / HTTP/2.0" 200 - "-" "Mozilla/5.0 (iPhone; CPU iPhone OS 18_7 like Mac OS X) AppleWebKit/605.1.15 (KHTML, like Gecko) Version/18.7.6 Mobile/15E148 Safari/604.1"
216.73.217.114 - - [08/Jun/2026:21:35:23 +0200] "GET /robots.txt HTTP/2.0" 401 53 "-" "Mozilla/5.0 AppleWebKit/537.36 (KHTML, like Gecko; compatible; ClaudeBot/1.0; +claudebot@anthropic.com)"
65.108.235.243 - - [08/Jun/2026:22:15:44 +0200] "POST /wp-cron.php?doing_wp_cron=1780949744.4169590473175048828125 HTTP/1.1" 200 1 "-" "WordPress/7.0; https://elettroservicegroup.it"
209.87.169.163 - - [08/Jun/2026:22:15:42 +0200] "GET /wp-login.php HTTP/1.1" 200 5545 "-" "Mozilla/5.0 (Windows NT 10.0; Win64; rv:143.0) Gecko/20100101 Firefox/143.0"
209.87.169.163 - - [08/Jun/2026:22:15:44 +0200] "GET /?author=1 HTTP/1.1" 404 69123 "-" "Mozilla/5.0 (Macintosh; Intel Mac OS X 10_15_7) AppleWebKit/605.1.15 Version/17.0 Safari/605.1.15"
65.108.235.243 - - [08/Jun/2026:22:15:46 +0200] "POST /wp-cron.php?doing_wp_cron=1780949746.8757250308990478515625 HTTP/1.1" 200 1 "-" "WordPress/7.0; https://elettroservicegroup.it"
209.87.169.166 - - [08/Jun/2026:22:15:46 +0200] "GET /?rest_route=/wp/v2/users HTTP/1.1" 401 108 "-" "Mozilla/5.0 (Macintosh; Intel Mac OS X 10_15_7) AppleWebKit/605.1.15 Version/17.0 Safari/605.1.15"
209.87.169.166 - - [08/Jun/2026:22:15:47 +0200] "GET /feed HTTP/1.1" 301 - "-" "Mozilla/5.0 (Windows NT 10.0; Win64; rv:143.0) Gecko/20100101 Firefox/143.0"
209.87.169.166 - - [08/Jun/2026:22:15:47 +0200] "GET /feed/ HTTP/1.1" 200 572 "-" "Mozilla/5.0 (Windows NT 10.0; Win64; rv:143.0) Gecko/20100101 Firefox/143.0"
77.75.79.17 - - [08/Jun/2026:22:51:53 +0200] "GET /sitemap.rss HTTP/1.1" 200 820 "-" "Mozilla/5.0 (compatible; SeznamBot/4.0; +https://o-seznam.cz/napoveda/vyhledavani/en/seznambot-crawler/)"
65.108.235.243 - - [08/Jun/2026:22:51:57 +0200] "POST /wp-cron.php?doing_wp_cron=1780951917.7690320014953613281250 HTTP/1.1" 200 1 "-" "WordPress/7.0; https://elettroservicegroup.it"
77.75.77.17 - - [08/Jun/2026:22:51:53 +0200] "GET /robots.txt HTTP/1.1" 200 126 "-" "Mozilla/5.0 (compatible; SeznamBot/4.0; +https://o-seznam.cz/napoveda/vyhledavani/en/seznambot-crawler/)"
65.108.235.243 - - [08/Jun/2026:22:56:41 +0200] "POST /wp-cron.php?doing_wp_cron=1780952201.7772300243377685546875 HTTP/1.1" 200 1 "-" "WordPress/7.0; https://elettroservicegroup.it"
35.93.104.44 - - [08/Jun/2026:22:56:33 +0200] "GET /robots.txt HTTP/2.0" 200 126 "-" "Mozilla/5.0 (compatible; wpbot/1.4; +https://forms.gle/ajBaxygz9jSR8p8G9)"
35.93.104.44 - - [08/Jun/2026:22:56:42 +0200] "GET / HTTP/2.0" 200 23080 "-" "Mozilla/5.0 (compatible; wpbot/1.4; +https://forms.gle/ajBaxygz9jSR8p8G9)"
65.108.235.243 - - [08/Jun/2026:23:22:07 +0200] "POST /wp-cron.php?doing_wp_cron=1780953727.6159501075744628906250 HTTP/1.1" 200 1 "-" "WordPress/7.0; https://elettroservicegroup.it"
104.210.140.142 - - [08/Jun/2026:23:22:05 +0200] "GET /robots.txt HTTP/2.0" 200 99 "-" "Mozilla/5.0 (Macintosh; Intel Mac OS X 10_15_7) AppleWebKit/537.36 (KHTML, like Gecko) Chrome/131.0.0.0 Safari/537.36; compatible; OAI-SearchBot/1.0; +https://openai.com/searchbot"
216.73.217.177 - - [08/Jun/2026:23:28:21 +0200] "GET /robots.txt HTTP/2.0" 401 53 "-" "Mozilla/5.0 AppleWebKit/537.36 (KHTML, like Gecko; compatible; ClaudeBot/1.0; +claudebot@anthropic.com)"
34.23.88.5 - - [08/Jun/2026:23:28:49 +0200] "HEAD / HTTP/2.0" 200 139356 "http://elettroservicegroup.it/" "Mozilla/5.0 (X11; Linux x86_64) AppleWebKit/537.36 (KHTML, like Gecko) Chrome/125.0.6422.76 Safari/537.36"
65.108.235.243 - - [08/Jun/2026:23:56:18 +0200] "POST /wp-cron.php?doing_wp_cron=1780955778.5342760086059570312500 HTTP/1.1" 200 1 "-" "WordPress/7.0; https://elettroservicegroup.it"
20.51.61.81 - - [08/Jun/2026:23:56:11 +0200] "POST /wp/xmlrpc.php HTTP/1.1" 404 82591 "-" "Mozilla/5.0 (Windows NT 10.0; Win64; x64) AppleWebKit/537.36 (KHTML, like Gecko) Chrome/124.0.0.0 Safari/537.36"
193.163.89.82 - - [09/Jun/2026:00:07:11 +0200] "GET /alfa.php HTTP/1.1" 200 11715 "-" "Mozilla/5.0 (Windows NT 10.0; Win64; x64) AppleWebKit/537.36 (KHTML, like Gecko) Chrome/120.0.0.0 Safari/537.36"
193.163.89.82 - - [09/Jun/2026:00:07:11 +0200] "GET /xck_bc89.php HTTP/1.1" 200 11719 "-" "Mozilla/5.0 (Windows NT 10.0; Win64; x64) AppleWebKit/537.36 (KHTML, like Gecko) Chrome/120.0.0.0 Safari/537.36"
185.77.220.65 - - [09/Jun/2026:00:07:11 +0200] "GET /c99.php HTTP/1.1" 200 11737 "-" "Mozilla/5.0 (Windows NT 10.0; Win64; x64) AppleWebKit/537.36 (KHTML, like Gecko) Chrome/120.0.0.0 Safari/537.36"
45.145.128.97 - - [09/Jun/2026:00:07:12 +0200] "GET /shell.php HTTP/1.1" 200 11781 "-" "Mozilla/5.0 (Windows NT 10.0; Win64; x64) AppleWebKit/537.36 (KHTML, like Gecko) Chrome/120.0.0.0 Safari/537.36"
185.77.220.65 - - [09/Jun/2026:00:07:13 +0200] "GET /xck_d055.php HTTP/1.1" 200 11748 "-" "Mozilla/5.0 (Windows NT 10.0; Win64; x64) AppleWebKit/537.36 (KHTML, like Gecko) Chrome/120.0.0.0 Safari/537.36"
45.145.128.97 - - [09/Jun/2026:00:07:13 +0200] "GET /xck_847d.php HTTP/1.1" 200 11849 "-" "Mozilla/5.0 (Windows NT 10.0; Win64; x64) AppleWebKit/537.36 (KHTML, like Gecko) Chrome/120.0.0.0 Safari/537.36"
94.103.84.74 - - [09/Jun/2026:00:13:33 +0200] "GET /wp-login.php HTTP/2.0" 200 11787 "-" "Mozilla/5.0 (Windows NT 10.0; Win64; x64) AppleWebKit/537.36 (KHTML, like Gecko) Chrome/124.0.0.0 Safari/537.36"
94.103.84.74 - - [09/Jun/2026:00:13:36 +0200] "POST /xmlrpc.php HTTP/2.0" 200 11716 "-" "Mozilla/5.0 (Macintosh; Intel Mac OS X 10_15_7) AppleWebKit/605.1.15 (KHTML, like Gecko) Version/18.0 Safari/605.1.15"
64.137.10.73 - - [09/Jun/2026:00:13:39 +0200] "POST /xmlrpc.php HTTP/2.0" 403 52 "-" "Mozilla/5.0 (Macintosh; Intel Mac OS X 10_15_7) AppleWebKit/605.1.15 (KHTML, like Gecko) Version/18.0 Safari/605.1.15"
185.230.14.208 - - [09/Jun/2026:00:13:42 +0200] "POST /xmlrpc.php HTTP/2.0" 403 52 "-" "Mozilla/5.0 (Windows NT 10.0; Win64; x64; rv:133.0) Gecko/20100101 Firefox/133.0"
107.158.93.76 - - [09/Jun/2026:00:13:47 +0200] "POST /xmlrpc.php HTTP/2.0" 200 11690 "-" "Mozilla/5.0 (Windows NT 10.0; Win64; x64) AppleWebKit/537.36 (KHTML, like Gecko) Chrome/124.0.0.0 Safari/537.36"
64.137.10.119 - - [09/Jun/2026:00:13:53 +0200] "POST /xmlrpc.php HTTP/2.0" 403 52 "-" "Mozilla/5.0 (Windows NT 10.0; Win64; x64) AppleWebKit/537.36 (KHTML, like Gecko) Chrome/124.0.0.0 Safari/537.36"
77.90.154.97 - - [09/Jun/2026:00:13:57 +0200] "POST /xmlrpc.php HTTP/2.0" 200 11751 "-" "Mozilla/5.0 (Windows NT 10.0; Win64; x64; rv:133.0) Gecko/20100101 Firefox/133.0"
107.158.19.140 - - [09/Jun/2026:00:14:02 +0200] "POST /xmlrpc.php HTTP/2.0" 403 52 "-" "Mozilla/5.0 (Windows NT 10.0; Win64; x64) AppleWebKit/537.36 (KHTML, like Gecko) Chrome/124.0.0.0 Safari/537.36"
86.53.89.18 - - [09/Jun/2026:00:14:08 +0200] "POST /xmlrpc.php HTTP/2.0" 200 11746 "-" "Mozilla/5.0 (Windows NT 10.0; Win64; x64) AppleWebKit/537.36 (KHTML, like Gecko) Chrome/124.0.0.0 Safari/537.36"
130.117.139.146 - - [09/Jun/2026:00:14:11 +0200] "POST /xmlrpc.php HTTP/2.0" 200 11882 "-" "Mozilla/5.0 (Windows NT 10.0; Win64; x64) AppleWebKit/537.36 (KHTML, like Gecko) Chrome/124.0.0.0 Safari/537.36"
66.253.7.250 - - [09/Jun/2026:00:14:13 +0200] "POST /xmlrpc.php HTTP/2.0" 200 11812 "-" "Mozilla/5.0 (Windows NT 10.0; Win64; x64; rv:133.0) Gecko/20100101 Firefox/133.0"
107.158.19.26 - - [09/Jun/2026:00:14:19 +0200] "POST /xmlrpc.php HTTP/2.0" 200 11756 "-" "Mozilla/5.0 (Macintosh; Intel Mac OS X 10_15_7) AppleWebKit/605.1.15 (KHTML, like Gecko) Version/18.0 Safari/605.1.15"
94.103.84.74 - - [09/Jun/2026:00:14:27 +0200] "GET /wp-login.php HTTP/2.0" 200 11823 "-" "Mozilla/5.0 (Windows NT 10.0; Win64; x64) AppleWebKit/537.36 (KHTML, like Gecko) Chrome/124.0.0.0 Safari/537.36"
77.90.154.207 - - [09/Jun/2026:00:14:31 +0200] "GET /wp-login.php HTTP/2.0" 200 11768 "-" "Mozilla/5.0 (Windows NT 10.0; Win64; x64) AppleWebKit/537.36 (KHTML, like Gecko) Chrome/124.0.0.0 Safari/537.36"
75.75.254.247 - - [09/Jun/2026:00:14:37 +0200] "GET /wp-login.php HTTP/2.0" 200 11718 "-" "Mozilla/5.0 (Windows NT 10.0; Win64; x64; rv:133.0) Gecko/20100101 Firefox/133.0"
86.53.89.18 - - [09/Jun/2026:00:14:40 +0200] "GET /wp-login.php HTTP/2.0" 200 11824 "-" "Mozilla/5.0 (Macintosh; Intel Mac OS X 10_15_7) AppleWebKit/605.1.15 (KHTML, like Gecko) Version/18.0 Safari/605.1.15"
65.108.235.243 - - [09/Jun/2026:00:14:45 +0200] "POST /wp-cron.php?doing_wp_cron=1780956885.5168130397796630859375 HTTP/1.1" 200 1 "-" "WordPress/7.0; https://elettroservicegroup.it"
107.158.19.140 - - [09/Jun/2026:00:14:43 +0200] "GET /wp-login.php HTTP/2.0" 200 5160 "-" "Mozilla/5.0 (Macintosh; Intel Mac OS X 10_15_7) AppleWebKit/605.1.15 (KHTML, like Gecko) Version/18.0 Safari/605.1.15"
107.158.19.140 - - [09/Jun/2026:00:14:47 +0200] "POST /wp-login.php HTTP/2.0" 503 6745 "https://elettroservicegroup.it/wp-login.php" "Mozilla/5.0 (Macintosh; Intel Mac OS X 10_15_7) AppleWebKit/605.1.15 (KHTML, like Gecko) Version/18.0 Safari/605.1.15"
207.228.200.97 - - [09/Jun/2026:00:14:56 +0200] "GET /wp-login.php HTTP/2.0" 200 5160 "-" "Mozilla/5.0 (Macintosh; Intel Mac OS X 10_15_7) AppleWebKit/605.1.15 (KHTML, like Gecko) Version/18.0 Safari/605.1.15"
207.228.200.97 - - [09/Jun/2026:00:14:58 +0200] "POST /wp-login.php HTTP/2.0" 503 6745 "https://elettroservicegroup.it/wp-login.php" "Mozilla/5.0 (Macintosh; Intel Mac OS X 10_15_7) AppleWebKit/605.1.15 (KHTML, like Gecko) Version/18.0 Safari/605.1.15"
65.108.235.243 - - [09/Jun/2026:00:15:04 +0200] "POST /wp-cron.php?doing_wp_cron=1780956904.8678820133209228515625 HTTP/1.1" 200 1 "-" "WordPress/7.0; https://elettroservicegroup.it"
185.230.14.208 - - [09/Jun/2026:00:15:02 +0200] "GET /wp-login.php HTTP/2.0" 200 5160 "-" "Mozilla/5.0 (Macintosh; Intel Mac OS X 10_15_7) AppleWebKit/605.1.15 (KHTML, like Gecko) Version/18.0 Safari/605.1.15"
185.230.14.208 - - [09/Jun/2026:00:15:07 +0200] "POST /wp-login.php HTTP/2.0" 503 6745 "https://elettroservicegroup.it/wp-login.php" "Mozilla/5.0 (Macintosh; Intel Mac OS X 10_15_7) AppleWebKit/605.1.15 (KHTML, like Gecko) Version/18.0 Safari/605.1.15"
207.228.202.18 - - [09/Jun/2026:00:15:12 +0200] "GET /wp-login.php HTTP/2.0" 200 5160 "-" "Mozilla/5.0 (Macintosh; Intel Mac OS X 10_15_7) AppleWebKit/605.1.15 (KHTML, like Gecko) Version/18.0 Safari/605.1.15"
207.228.202.18 - - [09/Jun/2026:00:15:14 +0200] "POST /wp-login.php HTTP/2.0" 503 6745 "https://elettroservicegroup.it/wp-login.php" "Mozilla/5.0 (Macintosh; Intel Mac OS X 10_15_7) AppleWebKit/605.1.15 (KHTML, like Gecko) Version/18.0 Safari/605.1.15"
65.108.235.243 - - [09/Jun/2026:00:15:20 +0200] "POST /wp-cron.php?doing_wp_cron=1780956920.2835419178009033203125 HTTP/1.1" 200 1 "-" "WordPress/7.0; https://elettroservicegroup.it"
64.137.10.73 - - [09/Jun/2026:00:15:19 +0200] "GET /wp-login.php HTTP/2.0" 200 5160 "-" "Mozilla/5.0 (Macintosh; Intel Mac OS X 10_15_7) AppleWebKit/605.1.15 (KHTML, like Gecko) Version/18.0 Safari/605.1.15"
64.137.10.73 - - [09/Jun/2026:00:15:21 +0200] "POST /wp-login.php HTTP/2.0" 503 6745 "https://elettroservicegroup.it/wp-login.php" "Mozilla/5.0 (Macintosh; Intel Mac OS X 10_15_7) AppleWebKit/605.1.15 (KHTML, like Gecko) Version/18.0 Safari/605.1.15"
130.117.139.136 - - [09/Jun/2026:00:15:26 +0200] "GET /wp-login.php HTTP/2.0" 200 5160 "-" "Mozilla/5.0 (Macintosh; Intel Mac OS X 10_15_7) AppleWebKit/605.1.15 (KHTML, like Gecko) Version/18.0 Safari/605.1.15"
130.117.139.136 - - [09/Jun/2026:00:15:27 +0200] "POST /wp-login.php HTTP/2.0" 503 6745 "https://elettroservicegroup.it/wp-login.php" "Mozilla/5.0 (Macintosh; Intel Mac OS X 10_15_7) AppleWebKit/605.1.15 (KHTML, like Gecko) Version/18.0 Safari/605.1.15"
207.228.202.188 - - [09/Jun/2026:00:15:33 +0200] "GET /wp-login.php HTTP/2.0" 200 11777 "-" "Mozilla/5.0 (Macintosh; Intel Mac OS X 10_15_7) AppleWebKit/605.1.15 (KHTML, like Gecko) Version/18.0 Safari/605.1.15"
130.117.139.146 - - [09/Jun/2026:00:15:37 +0200] "GET /wp-login.php HTTP/2.0" 200 11754 "-" "Mozilla/5.0 (Macintosh; Intel Mac OS X 10_15_7) AppleWebKit/605.1.15 (KHTML, like Gecko) Version/18.0 Safari/605.1.15"
185.230.14.163 - - [09/Jun/2026:00:15:39 +0200] "GET /wp-login.php HTTP/2.0" 200 11854 "-" "Mozilla/5.0 (Windows NT 10.0; Win64; x64) AppleWebKit/537.36 (KHTML, like Gecko) Chrome/124.0.0.0 Safari/537.36"
107.158.92.45 - - [09/Jun/2026:00:15:44 +0200] "GET /wp-login.php HTTP/2.0" 200 5160 "-" "Mozilla/5.0 (Windows NT 10.0; Win64; x64; rv:133.0) Gecko/20100101 Firefox/133.0"
107.158.92.45 - - [09/Jun/2026:00:15:46 +0200] "POST /wp-login.php HTTP/2.0" 503 6745 "https://elettroservicegroup.it/wp-login.php" "Mozilla/5.0 (Windows NT 10.0; Win64; x64; rv:133.0) Gecko/20100101 Firefox/133.0"
65.108.235.243 - - [09/Jun/2026:00:15:53 +0200] "POST /wp-cron.php?doing_wp_cron=1780956953.3534889221191406250000 HTTP/1.1" 200 1 "-" "WordPress/7.0; https://elettroservicegroup.it"
206.206.91.247 - - [09/Jun/2026:00:15:53 +0200] "GET /wp-login.php HTTP/2.0" 200 5160 "-" "Mozilla/5.0 (Windows NT 10.0; Win64; x64; rv:133.0) Gecko/20100101 Firefox/133.0"
206.206.91.247 - - [09/Jun/2026:00:15:55 +0200] "POST /wp-login.php HTTP/2.0" 503 6745 "https://elettroservicegroup.it/wp-login.php" "Mozilla/5.0 (Windows NT 10.0; Win64; x64; rv:133.0) Gecko/20100101 Firefox/133.0"
207.228.201.42 - - [09/Jun/2026:00:15:59 +0200] "GET /wp-login.php HTTP/2.0" 200 11787 "-" "Mozilla/5.0 (Windows NT 10.0; Win64; x64; rv:133.0) Gecko/20100101 Firefox/133.0"
65.108.235.243 - - [09/Jun/2026:00:16:07 +0200] "POST /wp-cron.php?doing_wp_cron=1780956967.8737449645996093750000 HTTP/1.1" 200 1 "-" "WordPress/7.0; https://elettroservicegroup.it"
104.234.48.109 - - [09/Jun/2026:00:16:06 +0200] "GET /wp-login.php HTTP/2.0" 200 5160 "-" "Mozilla/5.0 (Windows NT 10.0; Win64; x64) AppleWebKit/537.36 (KHTML, like Gecko) Chrome/124.0.0.0 Safari/537.36"
104.234.48.109 - - [09/Jun/2026:00:16:09 +0200] "POST /wp-login.php HTTP/2.0" 503 6745 "https://elettroservicegroup.it/wp-login.php" "Mozilla/5.0 (Windows NT 10.0; Win64; x64) AppleWebKit/537.36 (KHTML, like Gecko) Chrome/124.0.0.0 Safari/537.36"
77.107.81.29 - - [09/Jun/2026:00:16:17 +0200] "GET /wp-login.php HTTP/2.0" 200 11807 "-" "Mozilla/5.0 (Windows NT 10.0; Win64; x64) AppleWebKit/537.36 (KHTML, like Gecko) Chrome/124.0.0.0 Safari/537.36"
130.117.139.10 - - [09/Jun/2026:00:16:19 +0200] "GET /wp-login.php HTTP/2.0" 200 11834 "-" "Mozilla/5.0 (Windows NT 10.0; Win64; x64; rv:133.0) Gecko/20100101 Firefox/133.0"
65.108.235.243 - - [09/Jun/2026:00:16:25 +0200] "POST /wp-cron.php?doing_wp_cron=1780956985.8888680934906005859375 HTTP/1.1" 200 1 "-" "WordPress/7.0; https://elettroservicegroup.it"
38.101.116.74 - - [09/Jun/2026:00:16:25 +0200] "GET /wp-login.php HTTP/2.0" 200 5160 "-" "Mozilla/5.0 (Macintosh; Intel Mac OS X 10_15_7) AppleWebKit/605.1.15 (KHTML, like Gecko) Version/18.0 Safari/605.1.15"
38.101.116.74 - - [09/Jun/2026:00:16:29 +0200] "POST /wp-login.php HTTP/2.0" 503 6745 "https://elettroservicegroup.it/wp-login.php" "Mozilla/5.0 (Macintosh; Intel Mac OS X 10_15_7) AppleWebKit/605.1.15 (KHTML, like Gecko) Version/18.0 Safari/605.1.15"
154.62.174.124 - - [09/Jun/2026:00:16:31 +0200] "GET /wp-login.php HTTP/2.0" 200 11793 "-" "Mozilla/5.0 (Macintosh; Intel Mac OS X 10_15_7) AppleWebKit/605.1.15 (KHTML, like Gecko) Version/18.0 Safari/605.1.15"
94.103.84.74 - - [09/Jun/2026:00:16:34 +0200] "GET /wp-login.php HTTP/2.0" 200 11733 "-" "Mozilla/5.0 (Macintosh; Intel Mac OS X 10_15_7) AppleWebKit/605.1.15 (KHTML, like Gecko) Version/18.0 Safari/605.1.15"
185.230.14.159 - - [09/Jun/2026:00:16:39 +0200] "GET /wp-login.php HTTP/2.0" 200 11718 "-" "Mozilla/5.0 (Windows NT 10.0; Win64; x64; rv:133.0) Gecko/20100101 Firefox/133.0"
207.228.200.214 - - [09/Jun/2026:00:16:42 +0200] "GET /wp-login.php HTTP/2.0" 200 5160 "-" "Mozilla/5.0 (Macintosh; Intel Mac OS X 10_15_7) AppleWebKit/605.1.15 (KHTML, like Gecko) Version/18.0 Safari/605.1.15"
207.228.200.214 - - [09/Jun/2026:00:16:46 +0200] "POST /wp-login.php HTTP/2.0" 503 6745 "https://elettroservicegroup.it/wp-login.php" "Mozilla/5.0 (Macintosh; Intel Mac OS X 10_15_7) AppleWebKit/605.1.15 (KHTML, like Gecko) Version/18.0 Safari/605.1.15"
185.230.14.82 - - [09/Jun/2026:00:16:54 +0200] "GET /wp-login.php HTTP/2.0" 200 5160 "-" "Mozilla/5.0 (Macintosh; Intel Mac OS X 10_15_7) AppleWebKit/605.1.15 (KHTML, like Gecko) Version/18.0 Safari/605.1.15"
65.108.235.243 - - [09/Jun/2026:00:16:57 +0200] "POST /wp-cron.php?doing_wp_cron=1780957017.4418299198150634765625 HTTP/1.1" 200 1 "-" "WordPress/7.0; https://elettroservicegroup.it"
185.230.14.82 - - [09/Jun/2026:00:16:56 +0200] "POST /wp-login.php HTTP/2.0" 503 6745 "https://elettroservicegroup.it/wp-login.php" "Mozilla/5.0 (Macintosh; Intel Mac OS X 10_15_7) AppleWebKit/605.1.15 (KHTML, like Gecko) Version/18.0 Safari/605.1.15"
65.108.235.243 - - [09/Jun/2026:00:17:01 +0200] "POST /wp-cron.php?doing_wp_cron=1780957021.1249599456787109375000 HTTP/1.1" 200 1 "-" "WordPress/7.0; https://elettroservicegroup.it"
104.233.16.21 - - [09/Jun/2026:00:17:00 +0200] "GET /wp-login.php HTTP/2.0" 200 5160 "-" "Mozilla/5.0 (Macintosh; Intel Mac OS X 10_15_7) AppleWebKit/605.1.15 (KHTML, like Gecko) Version/18.0 Safari/605.1.15"
104.233.16.21 - - [09/Jun/2026:00:17:01 +0200] "POST /wp-login.php HTTP/2.0" 503 6745 "https://elettroservicegroup.it/wp-login.php" "Mozilla/5.0 (Macintosh; Intel Mac OS X 10_15_7) AppleWebKit/605.1.15 (KHTML, like Gecko) Version/18.0 Safari/605.1.15"
107.158.92.45 - - [09/Jun/2026:00:17:09 +0200] "GET /wp-login.php HTTP/2.0" 503 6555 "-" "Mozilla/5.0 (Macintosh; Intel Mac OS X 10_15_7) AppleWebKit/605.1.15 (KHTML, like Gecko) Version/18.0 Safari/605.1.15"
65.108.235.243 - - [09/Jun/2026:00:17:11 +0200] "POST /?wordfence_syncAttackData=1780957031.6945 HTTP/1.1" 200 1 "-" "WordPress/7.0; https://elettroservicegroup.it"
130.117.139.62 - - [09/Jun/2026:00:17:11 +0200] "GET /wp-login.php HTTP/2.0" 200 5160 "-" "Mozilla/5.0 (Macintosh; Intel Mac OS X 10_15_7) AppleWebKit/605.1.15 (KHTML, like Gecko) Version/18.0 Safari/605.1.15"
130.117.139.62 - - [09/Jun/2026:00:17:14 +0200] "POST /wp-login.php HTTP/2.0" 503 6745 "https://elettroservicegroup.it/wp-login.php" "Mozilla/5.0 (Macintosh; Intel Mac OS X 10_15_7) AppleWebKit/605.1.15 (KHTML, like Gecko) Version/18.0 Safari/605.1.15"
104.234.48.135 - - [09/Jun/2026:00:17:20 +0200] "GET /wp-login.php HTTP/2.0" 200 11804 "-" "Mozilla/5.0 (Macintosh; Intel Mac OS X 10_15_7) AppleWebKit/605.1.15 (KHTML, like Gecko) Version/18.0 Safari/605.1.15"
154.62.174.124 - - [09/Jun/2026:00:17:29 +0200] "GET /wp-login.php HTTP/2.0" 200 11808 "-" "Mozilla/5.0 (Windows NT 10.0; Win64; x64) AppleWebKit/537.36 (KHTML, like Gecko) Chrome/124.0.0.0 Safari/537.36"
204.77.128.100 - - [09/Jun/2026:00:17:37 +0200] "GET /wp-login.php HTTP/2.0" 200 11844 "-" "Mozilla/5.0 (Macintosh; Intel Mac OS X 10_15_7) AppleWebKit/605.1.15 (KHTML, like Gecko) Version/18.0 Safari/605.1.15"
75.75.254.247 - - [09/Jun/2026:00:17:46 +0200] "GET /wp-login.php HTTP/2.0" 200 11788 "-" "Mozilla/5.0 (Windows NT 10.0; Win64; x64; rv:133.0) Gecko/20100101 Firefox/133.0"
185.230.14.208 - - [09/Jun/2026:00:17:49 +0200] "GET /wp-login.php HTTP/2.0" 503 6554 "-" "Mozilla/5.0 (Macintosh; Intel Mac OS X 10_15_7) AppleWebKit/605.1.15 (KHTML, like Gecko) Version/18.0 Safari/605.1.15"
104.234.48.109 - - [09/Jun/2026:00:17:54 +0200] "GET /wp-login.php HTTP/2.0" 503 6554 "-" "Mozilla/5.0 (Macintosh; Intel Mac OS X 10_15_7) AppleWebKit/605.1.15 (KHTML, like Gecko) Version/18.0 Safari/605.1.15"
207.228.201.60 - - [09/Jun/2026:00:17:58 +0200] "GET /wp-login.php HTTP/2.0" 200 11817 "-" "Mozilla/5.0 (Macintosh; Intel Mac OS X 10_15_7) AppleWebKit/605.1.15 (KHTML, like Gecko) Version/18.0 Safari/605.1.15"
207.228.201.42 - - [09/Jun/2026:00:18:02 +0200] "GET /wp-login.php HTTP/2.0" 200 11862 "-" "Mozilla/5.0 (Macintosh; Intel Mac OS X 10_15_7) AppleWebKit/605.1.15 (KHTML, like Gecko) Version/18.0 Safari/605.1.15"
130.117.139.10 - - [09/Jun/2026:00:18:06 +0200] "GET /wp-login.php HTTP/2.0" 200 11838 "-" "Mozilla/5.0 (Windows NT 10.0; Win64; x64; rv:133.0) Gecko/20100101 Firefox/133.0"
207.228.200.97 - - [09/Jun/2026:00:18:11 +0200] "GET /wp-login.php HTTP/2.0" 503 6554 "-" "Mozilla/5.0 (Macintosh; Intel Mac OS X 10_15_7) AppleWebKit/605.1.15 (KHTML, like Gecko) Version/18.0 Safari/605.1.15"
107.158.92.23 - - [09/Jun/2026:00:18:15 +0200] "GET /wp-login.php HTTP/2.0" 200 11762 "-" "Mozilla/5.0 (Macintosh; Intel Mac OS X 10_15_7) AppleWebKit/605.1.15 (KHTML, like Gecko) Version/18.0 Safari/605.1.15"
77.90.154.207 - - [09/Jun/2026:00:18:26 +0200] "GET /wp-login.php HTTP/2.0" 200 11904 "-" "Mozilla/5.0 (Macintosh; Intel Mac OS X 10_15_7) AppleWebKit/605.1.15 (KHTML, like Gecko) Version/18.0 Safari/605.1.15"
77.107.81.29 - - [09/Jun/2026:00:18:29 +0200] "GET /wp-login.php HTTP/2.0" 200 11844 "-" "Mozilla/5.0 (Macintosh; Intel Mac OS X 10_15_7) AppleWebKit/605.1.15 (KHTML, like Gecko) Version/18.0 Safari/605.1.15"
66.253.7.250 - - [09/Jun/2026:00:18:33 +0200] "GET /wp-login.php HTTP/2.0" 200 11782 "-" "Mozilla/5.0 (Windows NT 10.0; Win64; x64) AppleWebKit/537.36 (KHTML, like Gecko) Chrome/124.0.0.0 Safari/537.36"
94.103.84.74 - - [09/Jun/2026:00:18:38 +0200] "GET /wp-login.php HTTP/2.0" 200 11738 "-" "Mozilla/5.0 (Macintosh; Intel Mac OS X 10_15_7) AppleWebKit/605.1.15 (KHTML, like Gecko) Version/18.0 Safari/605.1.15"
77.90.154.97 - - [09/Jun/2026:00:18:42 +0200] "GET /wp-login.php HTTP/2.0" 200 11794 "-" "Mozilla/5.0 (Windows NT 10.0; Win64; x64) AppleWebKit/537.36 (KHTML, like Gecko) Chrome/124.0.0.0 Safari/537.36"
206.206.91.192 - - [09/Jun/2026:00:18:44 +0200] "GET /wp-login.php HTTP/2.0" 200 11794 "-" "Mozilla/5.0 (Windows NT 10.0; Win64; x64) AppleWebKit/537.36 (KHTML, like Gecko) Chrome/124.0.0.0 Safari/537.36"
130.117.139.10 - - [09/Jun/2026:00:18:47 +0200] "GET /wp-login.php HTTP/2.0" 200 11713 "-" "Mozilla/5.0 (Windows NT 10.0; Win64; x64) AppleWebKit/537.36 (KHTML, like Gecko) Chrome/124.0.0.0 Safari/537.36"
204.77.128.48 - - [09/Jun/2026:00:18:50 +0200] "GET /wp-login.php HTTP/2.0" 200 11819 "-" "Mozilla/5.0 (Windows NT 10.0; Win64; x64) AppleWebKit/537.36 (KHTML, like Gecko) Chrome/124.0.0.0 Safari/537.36"
65.108.235.243 - - [09/Jun/2026:00:18:56 +0200] "POST /wp-cron.php?doing_wp_cron=1780957136.7830729484558105468750 HTTP/1.1" 200 1 "-" "WordPress/7.0; https://elettroservicegroup.it"
65.108.235.243 - - [09/Jun/2026:00:18:56 +0200] "POST /?wordfence_syncAttackData=1780957136.1675 HTTP/1.1" 200 1 "-" "WordPress/7.0; https://elettroservicegroup.it"
64.137.10.119 - - [09/Jun/2026:00:18:54 +0200] "GET /wp-login.php HTTP/2.0" 200 5160 "-" "Mozilla/5.0 (Macintosh; Intel Mac OS X 10_15_7) AppleWebKit/605.1.15 (KHTML, like Gecko) Version/18.0 Safari/605.1.15"
65.108.235.243 - - [09/Jun/2026:00:19:09 +0200] "POST /wp-cron.php?doing_wp_cron=1780957149.7778611183166503906250 HTTP/1.1" 200 1 "-" "WordPress/7.0; https://elettroservicegroup.it"
64.137.10.119 - - [09/Jun/2026:00:19:07 +0200] "POST /wp-login.php HTTP/2.0" 503 6745 "https://elettroservicegroup.it/wp-login.php" "Mozilla/5.0 (Macintosh; Intel Mac OS X 10_15_7) AppleWebKit/605.1.15 (KHTML, like Gecko) Version/18.0 Safari/605.1.15"
185.230.14.163 - - [09/Jun/2026:00:19:15 +0200] "GET /wp-login.php HTTP/2.0" 200 11728 "-" "Mozilla/5.0 (Macintosh; Intel Mac OS X 10_15_7) AppleWebKit/605.1.15 (KHTML, like Gecko) Version/18.0 Safari/605.1.15"
130.117.139.62 - - [09/Jun/2026:00:19:16 +0200] "GET /wp-login.php HTTP/2.0" 503 6555 "-" "Mozilla/5.0 (Windows NT 10.0; Win64; x64) AppleWebKit/537.36 (KHTML, like Gecko) Chrome/124.0.0.0 Safari/537.36"
107.158.19.140 - - [09/Jun/2026:00:19:23 +0200] "GET /wp-login.php HTTP/2.0" 503 6555 "-" "Mozilla/5.0 (Windows NT 10.0; Win64; x64) AppleWebKit/537.36 (KHTML, like Gecko) Chrome/124.0.0.0 Safari/537.36"
65.108.235.243 - - [09/Jun/2026:00:19:29 +0200] "POST /?wordfence_syncAttackData=1780957169.8774 HTTP/1.1" 200 1 "-" "WordPress/7.0; https://elettroservicegroup.it"
107.158.19.197 - - [09/Jun/2026:00:19:29 +0200] "GET /wp-login.php HTTP/2.0" 200 5160 "-" "Mozilla/5.0 (Windows NT 10.0; Win64; x64) AppleWebKit/537.36 (KHTML, like Gecko) Chrome/124.0.0.0 Safari/537.36"
107.158.19.197 - - [09/Jun/2026:00:19:33 +0200] "POST /wp-login.php HTTP/2.0" 503 6745 "https://elettroservicegroup.it/wp-login.php" "Mozilla/5.0 (Windows NT 10.0; Win64; x64) AppleWebKit/537.36 (KHTML, like Gecko) Chrome/124.0.0.0 Safari/537.36"
75.75.255.134 - - [09/Jun/2026:00:19:38 +0200] "GET /wp-login.php HTTP/2.0" 200 11753 "-" "Mozilla/5.0 (Windows NT 10.0; Win64; x64) AppleWebKit/537.36 (KHTML, like Gecko) Chrome/124.0.0.0 Safari/537.36"
206.206.91.247 - - [09/Jun/2026:00:19:42 +0200] "GET /wp-login.php HTTP/2.0" 503 6555 "-" "Mozilla/5.0 (Macintosh; Intel Mac OS X 10_15_7) AppleWebKit/605.1.15 (KHTML, like Gecko) Version/18.0 Safari/605.1.15"
65.108.235.243 - - [09/Jun/2026:00:19:47 +0200] "POST /wp-cron.php?doing_wp_cron=1780957187.1658909320831298828125 HTTP/1.1" 200 1 "-" "WordPress/7.0; https://elettroservicegroup.it"
65.108.235.243 - - [09/Jun/2026:00:19:45 +0200] "POST /?wordfence_syncAttackData=1780957185.6791 HTTP/1.1" 200 1 "-" "WordPress/7.0; https://elettroservicegroup.it"
77.90.154.117 - - [09/Jun/2026:00:19:44 +0200] "GET /wp-login.php HTTP/2.0" 200 5160 "-" "Mozilla/5.0 (Macintosh; Intel Mac OS X 10_15_7) AppleWebKit/605.1.15 (KHTML, like Gecko) Version/18.0 Safari/605.1.15"
77.90.154.117 - - [09/Jun/2026:00:19:51 +0200] "POST /wp-login.php HTTP/2.0" 503 6745 "https://elettroservicegroup.it/wp-login.php" "Mozilla/5.0 (Macintosh; Intel Mac OS X 10_15_7) AppleWebKit/605.1.15 (KHTML, like Gecko) Version/18.0 Safari/605.1.15"
38.75.196.151 - - [09/Jun/2026:00:19:57 +0200] "GET /wp-login.php HTTP/2.0" 200 11814 "-" "Mozilla/5.0 (Macintosh; Intel Mac OS X 10_15_7) AppleWebKit/605.1.15 (KHTML, like Gecko) Version/18.0 Safari/605.1.15"
107.158.19.26 - - [09/Jun/2026:00:20:01 +0200] "GET /wp-login.php HTTP/2.0" 200 11737 "-" "Mozilla/5.0 (Windows NT 10.0; Win64; x64) AppleWebKit/537.36 (KHTML, like Gecko) Chrome/124.0.0.0 Safari/537.36"
207.228.201.42 - - [09/Jun/2026:00:20:08 +0200] "GET /wp-login.php HTTP/2.0" 200 11818 "-" "Mozilla/5.0 (Windows NT 10.0; Win64; x64; rv:133.0) Gecko/20100101 Firefox/133.0"
130.117.139.136 - - [09/Jun/2026:00:20:16 +0200] "GET /wp-login.php HTTP/2.0" 503 6554 "-" "Mozilla/5.0 (Windows NT 10.0; Win64; x64; rv:133.0) Gecko/20100101 Firefox/133.0"
38.101.116.74 - - [09/Jun/2026:00:20:21 +0200] "GET /wp-login.php HTTP/2.0" 503 6554 "-" "Mozilla/5.0 (Windows NT 10.0; Win64; x64; rv:133.0) Gecko/20100101 Firefox/133.0"
86.53.89.18 - - [09/Jun/2026:00:20:25 +0200] "GET /wp-login.php HTTP/2.0" 200 11742 "-" "Mozilla/5.0 (Windows NT 10.0; Win64; x64; rv:133.0) Gecko/20100101 Firefox/133.0"
104.234.48.109 - - [09/Jun/2026:00:20:32 +0200] "GET /wp-login.php HTTP/2.0" 503 6554 "-" "Mozilla/5.0 (Windows NT 10.0; Win64; x64) AppleWebKit/537.36 (KHTML, like Gecko) Chrome/124.0.0.0 Safari/537.36"
77.107.81.29 - - [09/Jun/2026:00:20:35 +0200] "GET /wp-login.php HTTP/2.0" 200 11838 "-" "Mozilla/5.0 (Windows NT 10.0; Win64; x64) AppleWebKit/537.36 (KHTML, like Gecko) Chrome/124.0.0.0 Safari/537.36"
94.103.84.74 - - [09/Jun/2026:00:20:36 +0200] "GET /wp-login.php HTTP/2.0" 200 11833 "-" "Mozilla/5.0 (Macintosh; Intel Mac OS X 10_15_7) AppleWebKit/605.1.15 (KHTML, like Gecko) Version/18.0 Safari/605.1.15"
75.75.255.134 - - [09/Jun/2026:00:20:40 +0200] "GET /wp-login.php HTTP/2.0" 200 11828 "-" "Mozilla/5.0 (Windows NT 10.0; Win64; x64) AppleWebKit/537.36 (KHTML, like Gecko) Chrome/124.0.0.0 Safari/537.36"
65.108.235.243 - - [09/Jun/2026:00:20:53 +0200] "POST /wp-cron.php?doing_wp_cron=1780957253.7712719440460205078125 HTTP/1.1" 200 1 "-" "WordPress/7.0; https://elettroservicegroup.it"
65.108.235.243 - - [09/Jun/2026:00:20:50 +0200] "POST /?wordfence_syncAttackData=1780957250.6723 HTTP/1.1" 200 1 "-" "WordPress/7.0; https://elettroservicegroup.it"
204.77.129.230 - - [09/Jun/2026:00:20:43 +0200] "GET /wp-login.php HTTP/2.0" 200 5160 "-" "Mozilla/5.0 (Macintosh; Intel Mac OS X 10_15_7) AppleWebKit/605.1.15 (KHTML, like Gecko) Version/18.0 Safari/605.1.15"
65.108.235.243 - - [09/Jun/2026:00:21:00 +0200] "POST /wp-cron.php?doing_wp_cron=1780957260.2661750316619873046875 HTTP/1.1" 200 1 "-" "WordPress/7.0; https://elettroservicegroup.it"
204.77.129.230 - - [09/Jun/2026:00:20:56 +0200] "POST /wp-login.php HTTP/2.0" 503 6745 "https://elettroservicegroup.it/wp-login.php" "Mozilla/5.0 (Macintosh; Intel Mac OS X 10_15_7) AppleWebKit/605.1.15 (KHTML, like Gecko) Version/18.0 Safari/605.1.15"
206.206.91.192 - - [09/Jun/2026:00:21:06 +0200] "GET /wp-login.php HTTP/2.0" 200 11913 "-" "Mozilla/5.0 (Macintosh; Intel Mac OS X 10_15_7) AppleWebKit/605.1.15 (KHTML, like Gecko) Version/18.0 Safari/605.1.15"
185.230.14.208 - - [09/Jun/2026:00:21:11 +0200] "GET /wp-login.php HTTP/2.0" 503 6554 "-" "Mozilla/5.0 (Windows NT 10.0; Win64; x64) AppleWebKit/537.36 (KHTML, like Gecko) Chrome/124.0.0.0 Safari/537.36"
207.228.201.60 - - [09/Jun/2026:00:21:17 +0200] "GET /wp-login.php HTTP/2.0" 200 11849 "-" "Mozilla/5.0 (Windows NT 10.0; Win64; x64) AppleWebKit/537.36 (KHTML, like Gecko) Chrome/124.0.0.0 Safari/537.36"
207.228.201.42 - - [09/Jun/2026:00:21:22 +0200] "GET /wp-login.php HTTP/2.0" 200 11848 "-" "Mozilla/5.0 (Windows NT 10.0; Win64; x64) AppleWebKit/537.36 (KHTML, like Gecko) Chrome/124.0.0.0 Safari/537.36"
185.230.14.112 - - [09/Jun/2026:00:21:26 +0200] "GET /wp-login.php HTTP/2.0" 200 11757 "-" "Mozilla/5.0 (Macintosh; Intel Mac OS X 10_15_7) AppleWebKit/605.1.15 (KHTML, like Gecko) Version/18.0 Safari/605.1.15"
107.158.92.23 - - [09/Jun/2026:00:21:31 +0200] "GET /wp-login.php HTTP/2.0" 200 11839 "-" "Mozilla/5.0 (Windows NT 10.0; Win64; x64; rv:133.0) Gecko/20100101 Firefox/133.0"
207.228.203.76 - - [09/Jun/2026:00:21:36 +0200] "GET /wp-login.php HTTP/2.0" 200 11869 "-" "Mozilla/5.0 (Windows NT 10.0; Win64; x64) AppleWebKit/537.36 (KHTML, like Gecko) Chrome/124.0.0.0 Safari/537.36"
185.230.14.82 - - [09/Jun/2026:00:21:37 +0200] "GET /wp-login.php HTTP/2.0" 200 11858 "-" "Mozilla/5.0 (Macintosh; Intel Mac OS X 10_15_7) AppleWebKit/605.1.15 (KHTML, like Gecko) Version/18.0 Safari/605.1.15"
107.158.93.76 - - [09/Jun/2026:00:21:41 +0200] "GET /wp-login.php HTTP/2.0" 200 11743 "-" "Mozilla/5.0 (Windows NT 10.0; Win64; x64) AppleWebKit/537.36 (KHTML, like Gecko) Chrome/124.0.0.0 Safari/537.36"
185.230.14.163 - - [09/Jun/2026:00:21:43 +0200] "GET /wp-login.php HTTP/2.0" 200 11713 "-" "Mozilla/5.0 (Windows NT 10.0; Win64; x64) AppleWebKit/537.36 (KHTML, like Gecko) Chrome/124.0.0.0 Safari/537.36"
104.234.48.242 - - [09/Jun/2026:00:21:45 +0200] "GET /wp-login.php HTTP/2.0" 200 11742 "-" "Mozilla/5.0 (Windows NT 10.0; Win64; x64; rv:133.0) Gecko/20100101 Firefox/133.0"
206.206.91.247 - - [09/Jun/2026:00:21:49 +0200] "GET /wp-login.php HTTP/2.0" 200 11757 "-" "Mozilla/5.0 (Macintosh; Intel Mac OS X 10_15_7) AppleWebKit/605.1.15 (KHTML, like Gecko) Version/18.0 Safari/605.1.15"
107.158.19.197 - - [09/Jun/2026:00:21:52 +0200] "GET /wp-login.php HTTP/2.0" 200 11883 "-" "Mozilla/5.0 (Macintosh; Intel Mac OS X 10_15_7) AppleWebKit/605.1.15 (KHTML, like Gecko) Version/18.0 Safari/605.1.15"
66.253.7.250 - - [09/Jun/2026:00:21:57 +0200] "GET /wp-login.php HTTP/2.0" 200 11809 "-" "Mozilla/5.0 (Windows NT 10.0; Win64; x64) AppleWebKit/537.36 (KHTML, like Gecko) Chrome/124.0.0.0 Safari/537.36"
130.117.139.62 - - [09/Jun/2026:00:22:06 +0200] "GET /wp-login.php HTTP/2.0" 200 11764 "-" "Mozilla/5.0 (Macintosh; Intel Mac OS X 10_15_7) AppleWebKit/605.1.15 (KHTML, like Gecko) Version/18.0 Safari/605.1.15"
207.228.202.18 - - [09/Jun/2026:00:22:08 +0200] "GET /wp-login.php HTTP/2.0" 200 11769 "-" "Mozilla/5.0 (Windows NT 10.0; Win64; x64; rv:133.0) Gecko/20100101 Firefox/133.0"
86.53.89.18 - - [09/Jun/2026:00:22:14 +0200] "GET /wp-login.php HTTP/2.0" 200 11859 "-" "Mozilla/5.0 (Windows NT 10.0; Win64; x64) AppleWebKit/537.36 (KHTML, like Gecko) Chrome/124.0.0.0 Safari/537.36"
94.103.84.74 - - [09/Jun/2026:00:22:16 +0200] "GET /wp-login.php HTTP/2.0" 200 11739 "-" "Mozilla/5.0 (Macintosh; Intel Mac OS X 10_15_7) AppleWebKit/605.1.15 (KHTML, like Gecko) Version/18.0 Safari/605.1.15"
185.230.14.82 - - [09/Jun/2026:00:22:20 +0200] "GET /wp-login.php HTTP/2.0" 200 11692 "-" "Mozilla/5.0 (Windows NT 10.0; Win64; x64) AppleWebKit/537.36 (KHTML, like Gecko) Chrome/124.0.0.0 Safari/537.36"
206.206.91.192 - - [09/Jun/2026:00:22:25 +0200] "GET /wp-login.php HTTP/2.0" 200 11819 "-" "Mozilla/5.0 (Windows NT 10.0; Win64; x64) AppleWebKit/537.36 (KHTML, like Gecko) Chrome/124.0.0.0 Safari/537.36"
77.107.81.29 - - [09/Jun/2026:00:22:29 +0200] "GET /wp-login.php HTTP/2.0" 200 11849 "-" "Mozilla/5.0 (Windows NT 10.0; Win64; x64; rv:133.0) Gecko/20100101 Firefox/133.0"
107.158.19.197 - - [09/Jun/2026:00:22:34 +0200] "GET /wp-login.php HTTP/2.0" 200 11758 "-" "Mozilla/5.0 (Windows NT 10.0; Win64; x64) AppleWebKit/537.36 (KHTML, like Gecko) Chrome/124.0.0.0 Safari/537.36"
64.137.10.119 - - [09/Jun/2026:00:22:36 +0200] "GET /wp-login.php HTTP/2.0" 503 6554 "-" "Mozilla/5.0 (Windows NT 10.0; Win64; x64) AppleWebKit/537.36 (KHTML, like Gecko) Chrome/124.0.0.0 Safari/537.36"
104.234.48.109 - - [09/Jun/2026:00:22:47 +0200] "GET /wp-login.php HTTP/2.0" 503 6554 "-" "Mozilla/5.0 (Windows NT 10.0; Win64; x64) AppleWebKit/537.36 (KHTML, like Gecko) Chrome/124.0.0.0 Safari/537.36"
77.90.154.207 - - [09/Jun/2026:00:22:54 +0200] "GET /wp-login.php HTTP/2.0" 200 11797 "-" "Mozilla/5.0 (Windows NT 10.0; Win64; x64) AppleWebKit/537.36 (KHTML, like Gecko) Chrome/124.0.0.0 Safari/537.36"
66.253.7.250 - - [09/Jun/2026:00:22:57 +0200] "GET /wp-login.php HTTP/2.0" 200 11753 "-" "Mozilla/5.0 (Macintosh; Intel Mac OS X 10_15_7) AppleWebKit/605.1.15 (KHTML, like Gecko) Version/18.0 Safari/605.1.15"
107.158.92.45 - - [09/Jun/2026:00:23:05 +0200] "GET /wp-login.php HTTP/2.0" 200 11739 "-" "Mozilla/5.0 (Windows NT 10.0; Win64; x64; rv:133.0) Gecko/20100101 Firefox/133.0"
65.108.235.243 - - [09/Jun/2026:00:23:11 +0200] "POST /wp-cron.php?doing_wp_cron=1780957391.8570990562438964843750 HTTP/1.1" 200 1 "-" "WordPress/7.0; https://elettroservicegroup.it"
65.108.235.243 - - [09/Jun/2026:00:23:11 +0200] "POST /?wordfence_syncAttackData=1780957391.4043 HTTP/1.1" 200 1 "-" "WordPress/7.0; https://elettroservicegroup.it"
204.77.129.251 - - [09/Jun/2026:00:23:10 +0200] "GET /wp-login.php HTTP/2.0" 200 5160 "-" "Mozilla/5.0 (Windows NT 10.0; Win64; x64) AppleWebKit/537.36 (KHTML, like Gecko) Chrome/124.0.0.0 Safari/537.36"
204.77.129.251 - - [09/Jun/2026:00:23:13 +0200] "POST /wp-login.php HTTP/2.0" 503 6745 "https://elettroservicegroup.it/wp-login.php" "Mozilla/5.0 (Windows NT 10.0; Win64; x64) AppleWebKit/537.36 (KHTML, like Gecko) Chrome/124.0.0.0 Safari/537.36"
130.117.139.10 - - [09/Jun/2026:00:23:24 +0200] "GET /wp-login.php HTTP/2.0" 200 11859 "-" "Mozilla/5.0 (Windows NT 10.0; Win64; x64) AppleWebKit/537.36 (KHTML, like Gecko) Chrome/124.0.0.0 Safari/537.36"
130.117.139.136 - - [09/Jun/2026:00:23:27 +0200] "GET /wp-login.php HTTP/2.0" 200 11778 "-" "Mozilla/5.0 (Windows NT 10.0; Win64; x64) AppleWebKit/537.36 (KHTML, like Gecko) Chrome/124.0.0.0 Safari/537.36"
185.230.14.208 - - [09/Jun/2026:00:23:31 +0200] "GET /wp-login.php HTTP/2.0" 503 6554 "-" "Mozilla/5.0 (Windows NT 10.0; Win64; x64; rv:133.0) Gecko/20100101 Firefox/133.0"
204.77.129.215 - - [09/Jun/2026:00:23:36 +0200] "GET /wp-login.php HTTP/2.0" 200 11753 "-" "Mozilla/5.0 (Windows NT 10.0; Win64; x64; rv:133.0) Gecko/20100101 Firefox/133.0"
65.108.235.243 - - [09/Jun/2026:00:23:45 +0200] "POST /wp-cron.php?doing_wp_cron=1780957425.1723380088806152343750 HTTP/1.1" 200 1 "-" "WordPress/7.0; https://elettroservicegroup.it"
65.108.235.243 - - [09/Jun/2026:00:23:43 +0200] "POST /?wordfence_syncAttackData=1780957423.5781 HTTP/1.1" 200 1 "-" "WordPress/7.0; https://elettroservicegroup.it"
161.123.5.72 - - [09/Jun/2026:00:23:42 +0200] "GET /wp-login.php HTTP/2.0" 200 5160 "-" "Mozilla/5.0 (Windows NT 10.0; Win64; x64; rv:133.0) Gecko/20100101 Firefox/133.0"
161.123.5.72 - - [09/Jun/2026:00:23:50 +0200] "POST /wp-login.php HTTP/2.0" 503 6745 "https://elettroservicegroup.it/wp-login.php" "Mozilla/5.0 (Windows NT 10.0; Win64; x64; rv:133.0) Gecko/20100101 Firefox/133.0"
207.228.202.188 - - [09/Jun/2026:00:24:03 +0200] "GET /wp-login.php HTTP/2.0" 200 11781 "-" "Mozilla/5.0 (Windows NT 10.0; Win64; x64; rv:133.0) Gecko/20100101 Firefox/133.0"
104.234.48.242 - - [09/Jun/2026:00:24:08 +0200] "GET /wp-login.php HTTP/2.0" 200 11762 "-" "Mozilla/5.0 (Windows NT 10.0; Win64; x64; rv:133.0) Gecko/20100101 Firefox/133.0"
207.228.200.214 - - [09/Jun/2026:00:24:13 +0200] "GET /wp-login.php HTTP/2.0" 200 11874 "-" "Mozilla/5.0 (Macintosh; Intel Mac OS X 10_15_7) AppleWebKit/605.1.15 (KHTML, like Gecko) Version/18.0 Safari/605.1.15"
205.164.115.67 - - [09/Jun/2026:00:24:22 +0200] "GET /wp-login.php HTTP/2.0" 200 11783 "-" "Mozilla/5.0 (Macintosh; Intel Mac OS X 10_15_7) AppleWebKit/605.1.15 (KHTML, like Gecko) Version/18.0 Safari/605.1.15"
130.117.139.146 - - [09/Jun/2026:00:24:26 +0200] "GET /wp-login.php HTTP/2.0" 200 11818 "-" "Mozilla/5.0 (Windows NT 10.0; Win64; x64) AppleWebKit/537.36 (KHTML, like Gecko) Chrome/124.0.0.0 Safari/537.36"
65.108.235.243 - - [09/Jun/2026:00:50:02 +0200] "POST /wp-cron.php?doing_wp_cron=1780959002.7823860645294189453125 HTTP/1.1" 200 1 "-" "WordPress/7.0; https://elettroservicegroup.it"
216.73.217.177 - - [09/Jun/2026:00:50:00 +0200] "GET /robots.txt HTTP/2.0" 200 99 "-" "Mozilla/5.0 AppleWebKit/537.36 (KHTML, like Gecko; compatible; ClaudeBot/1.0; +claudebot@anthropic.com)"
216.73.217.177 - - [09/Jun/2026:00:50:04 +0200] "GET /sitemap.rss HTTP/2.0" 200 732 "-" "Mozilla/5.0 AppleWebKit/537.36 (KHTML, like Gecko; compatible; ClaudeBot/1.0; +claudebot@anthropic.com)"
34.162.128.214 - - [09/Jun/2026:00:52:14 +0200] "GET /wp-json/gravitysmtp/v1/tests/mock-data?page=gravitysmtp-settings HTTP/1.1" 200 11841 "-" "Mozilla/5.0 (Windows; U; Windows NT 6.0 x64; en-US; rv:1.9pre) Gecko/2008072421 Minefield/3.0.2pre"
34.162.128.214 - - [09/Jun/2026:00:52:14 +0200] "GET /wp-json/gravitysmtp/v1/config HTTP/1.1" 200 11765 "-" "Mozilla/5.0 (iPhone; CPU iPhone OS 11_4 like Mac OS X) AppleWebKit/604.1.34 (KHTML, like Gecko) CriOS/76.0.3809.81 Mobile/15E148 Safari/604.1"
34.162.128.214 - - [09/Jun/2026:00:52:14 +0200] "GET /wp-json/wp/v2/settings HTTP/1.1" 200 11895 "-" "Mozilla/4.0 (compatible; Linux 2.6.22) NetFront/3.4 Kindle/2.0 (screen 600x800)"
34.162.128.214 - - [09/Jun/2026:00:52:14 +0200] "GET /wp-json/gravitysmtp/v1/settings HTTP/1.1" 200 11869 "-" "Mozilla/5.0 (Windows NT 6.1; Win64; x64) AppleWebKit/537.36 (KHTML, like Gecko) Chrome/72.0.3626.121 Safari/537.36"
34.162.128.214 - - [09/Jun/2026:00:52:14 +0200] "GET /wp-json/gravitysmtp/v1/tests/mock-data HTTP/1.1" 200 11842 "-" "Mozilla/5.0 (Linux; Android 7.0; EVA-L09) AppleWebKit/537.36 (KHTML, like Gecko) Chrome/76.0.3809.111 Mobile Safari/537.36"
31.76.140.158 - - [09/Jun/2026:01:00:53 +0200] "GET /wp-content/uploads/2021/10/cropped-cropped-cropped-logo_white_background.png HTTP/1.1" 200 38971 "-" "Mozilla/5.0 (compatible; crawler)"
77.73.129.46 - - [09/Jun/2026:01:19:10 +0200] "GET / HTTP/1.1" 200 11773 "-" "Mozilla/5.0 (Windows NT 10.0; Win64; x64) AppleWebKit/537.36 (KHTML, like Gecko) Chrome/72.0.3626.109 Safari/537.36"
65.108.235.243 - - [09/Jun/2026:02:06:39 +0200] "POST /wp-cron.php?doing_wp_cron=1780963599.0353369712829589843750 HTTP/1.1" 200 1 "-" "WordPress/7.0; https://elettroservicegroup.it"
66.249.64.98 - - [09/Jun/2026:02:06:31 +0200] "GET /wp-sitemap-posts-post-1.xml HTTP/1.1" 404 17503 "-" "Mozilla/5.0 (compatible; Googlebot/2.1; +http://www.google.com/bot.html)"
120.240.178.153 - - [09/Jun/2026:03:54:40 +0200] "GET /robots.txt HTTP/1.1" 200 11718 "-" "Mozilla/5.0 (Windows NT 10.0; Win64; x64) AppleWebKit/537.36 (KHTML, like Gecko) Chrome/64.0.3150.59 Safari/537.36 Edge/18.18362"
192.42.116.47 - - [09/Jun/2026:04:01:36 +0200] "GET / HTTP/1.1" 200 11744 "-" "Mozilla/5.0 (Linux; Android 14; SM-S928B) AppleWebKit/537.36 (KHTML, like Gecko) Chrome/124.0.0.0 Mobile Safari/537.36"
192.42.116.47 - - [09/Jun/2026:04:01:37 +0200] "GET /wp-json/ HTTP/1.1" 200 11787 "-" "Mozilla/5.0 (Linux; Android 14; SM-S928B) AppleWebKit/537.36 (KHTML, like Gecko) Chrome/124.0.0.0 Mobile Safari/537.36"
65.108.235.243 - - [09/Jun/2026:04:09:38 +0200] "POST /wp-cron.php?doing_wp_cron=1780970978.6275029182434082031250 HTTP/1.1" 200 1 "-" "WordPress/7.0; https://elettroservicegroup.it"
5.255.231.71 - - [09/Jun/2026:04:09:35 +0200] "GET /robots.txt HTTP/1.1" 200 177 "-" "Mozilla/5.0 (compatible; YandexBot/3.0; +http://yandex.com/bots)"
5.255.231.54 - - [09/Jun/2026:04:09:39 +0200] "GET /wp-content/uploads/2021/10/cropped-cropped-cropped-cropped-logo_white_background-192x192.png HTTP/2.0" 200 19089 "-" "Mozilla/5.0 (compatible; YandexFavicons/1.0; +http://yandex.com/bots)"
213.180.203.90 - - [09/Jun/2026:04:10:50 +0200] "GET /sitemap.xml HTTP/2.0" 200 363 "-" "Mozilla/5.0 (compatible; YandexBot/3.0; +http://yandex.com/bots)"
65.108.235.243 - - [09/Jun/2026:04:10:57 +0200] "POST /wp-cron.php?doing_wp_cron=1780971057.2345991134643554687500 HTTP/1.1" 200 1 "-" "WordPress/7.0; https://elettroservicegroup.it"
95.108.213.213 - - [09/Jun/2026:04:10:53 +0200] "GET /sitemap.rss HTTP/2.0" 200 691 "-" "Mozilla/5.0 (compatible; YandexBot/3.0; +http://yandex.com/bots)"
65.108.235.243 - - [09/Jun/2026:04:14:37 +0200] "POST /wp-cron.php?doing_wp_cron=1780971277.2774059772491455078125 HTTP/1.1" 200 1 "-" "WordPress/7.0; https://elettroservicegroup.it"
216.73.216.36 - - [09/Jun/2026:04:14:35 +0200] "GET /robots.txt HTTP/2.0" 200 99 "-" "Mozilla/5.0 AppleWebKit/537.36 (KHTML, like Gecko; compatible; ClaudeBot/1.0; +claudebot@anthropic.com)"
216.73.216.36 - - [09/Jun/2026:04:14:54 +0200] "GET /sitemap.rss HTTP/2.0" 200 730 "-" "Mozilla/5.0 AppleWebKit/537.36 (KHTML, like Gecko; compatible; ClaudeBot/1.0; +claudebot@anthropic.com)"
65.108.235.243 - - [09/Jun/2026:04:30:51 +0200] "POST /wp-cron.php?doing_wp_cron=1780972251.2286469936370849609375 HTTP/1.1" 200 1 "-" "WordPress/7.0; https://elettroservicegroup.it"
34.145.20.167 - - [09/Jun/2026:04:30:48 +0200] "GET / HTTP/1.1" 200 21448 "-" "Mozilla/5.0 (Linux; Android 12; Pixel 6) AppleWebKit/537.36 (KHTML, like Gecko) Chrome/114.0.0.0 Mobile Safari/537.36"
34.145.20.167 - - [09/Jun/2026:04:30:52 +0200] "GET /wp-content/uploads/2021/10/cropped-cropped-cropped-cropped-logo_white_background-180x180.png HTTP/1.1" 200 21353 "-" "Mozilla/5.0 (Linux; Android 12; Pixel 6) AppleWebKit/537.36 (KHTML, like Gecko) Chrome/114.0.0.0 Mobile Safari/537.36"
34.145.20.167 - - [09/Jun/2026:04:30:53 +0200] "GET /wp-content/plugins/elementor/assets/lib/animations/styles/zoomIn.min.css?ver=4.1.1 HTTP/1.1" 200 87 "-" "Mozilla/5.0 (Linux; Android 12; Pixel 6) AppleWebKit/537.36 (KHTML, like Gecko) Chrome/114.0.0.0 Mobile Safari/537.36"
34.145.20.167 - - [09/Jun/2026:04:30:53 +0200] "GET /wp-content/plugins/elementor/assets/lib/font-awesome/css/brands.css?ver=5.15.3 HTTP/1.1" 200 298 "-" "Mozilla/5.0 (Linux; Android 12; Pixel 6) AppleWebKit/537.36 (KHTML, like Gecko) Chrome/114.0.0.0 Mobile Safari/537.36"
34.145.20.167 - - [09/Jun/2026:04:30:53 +0200] "GET /wp-content/uploads/2021/10/cropped-cropped-cropped-cropped-logo_white_background-32x32.png HTTP/1.1" 200 1525 "-" "Mozilla/5.0 (Linux; Android 12; Pixel 6) AppleWebKit/537.36 (KHTML, like Gecko) Chrome/114.0.0.0 Mobile Safari/537.36"
34.145.20.167 - - [09/Jun/2026:04:30:53 +0200] "GET /wp-content/plugins/elementor/assets/lib/font-awesome/css/solid.css?ver=5.15.3 HTTP/1.1" 200 299 "-" "Mozilla/5.0 (Linux; Android 12; Pixel 6) AppleWebKit/537.36 (KHTML, like Gecko) Chrome/114.0.0.0 Mobile Safari/537.36"
34.145.20.167 - - [09/Jun/2026:04:30:53 +0200] "GET /wp-content/uploads/elementor/css/post-13305.css?ver=1780585077 HTTP/1.1" 200 2452 "-" "Mozilla/5.0 (Linux; Android 12; Pixel 6) AppleWebKit/537.36 (KHTML, like Gecko) Chrome/114.0.0.0 Mobile Safari/537.36"
34.145.20.167 - - [09/Jun/2026:04:30:53 +0200] "GET /wp-includes/js/jquery/ui/core.min.js?ver=1.13.3 HTTP/1.1" 200 6820 "-" "Mozilla/5.0 (Linux; Android 12; Pixel 6) AppleWebKit/537.36 (KHTML, like Gecko) Chrome/114.0.0.0 Mobile Safari/537.36"
34.145.20.167 - - [09/Jun/2026:04:30:53 +0200] "GET /wp-content/plugins/elementor/assets/js/frontend-modules.min.js?ver=4.1.1 HTTP/1.1" 200 15454 "-" "Mozilla/5.0 (Linux; Android 12; Pixel 6) AppleWebKit/537.36 (KHTML, like Gecko) Chrome/114.0.0.0 Mobile Safari/537.36"
