65.108.235.243 - - [16/Jun/2026:14:56:47 +0200] "POST /wp-cron.php?doing_wp_cron=1781614607.0191540718078613281250 HTTP/1.1" 200 1 "-" "WordPress/7.0; https://parma.elettroservicegroup.it"
40.77.167.7 - - [16/Jun/2026:14:56:44 +0200] "GET /assistenza-lavatrici-whirlpool-busseto/ HTTP/2.0" 200 22818 "-" "Mozilla/5.0 AppleWebKit/537.36 (KHTML, like Gecko; compatible; bingbot/2.0; +http://www.bing.com/bingbot.htm) Chrome/116.0.1938.76 Safari/537.36"
65.108.235.243 - - [16/Jun/2026:15:58:21 +0200] "POST /wp-cron.php?doing_wp_cron=1781618301.9129929542541503906250 HTTP/1.1" 200 1 "-" "WordPress/7.0; https://parma.elettroservicegroup.it"
216.73.217.139 - - [16/Jun/2026:15:58:16 +0200] "GET /robots.txt HTTP/2.0" 200 104 "-" "Mozilla/5.0 AppleWebKit/537.36 (KHTML, like Gecko; compatible; ClaudeBot/1.0; +claudebot@anthropic.com)"
65.108.235.243 - - [16/Jun/2026:15:58:22 +0200] "POST /wp-json/complianz/v1/wsc-scan HTTP/1.1" 400 88 "-" "WordPress/7.0; https://parma.elettroservicegroup.it"
65.108.235.243 - - [16/Jun/2026:16:23:49 +0200] "POST /wp-cron.php?doing_wp_cron=1781619829.4462299346923828125000 HTTP/1.1" 200 1 "-" "WordPress/7.0; https://parma.elettroservicegroup.it"
74.7.227.134 - - [16/Jun/2026:16:23:48 +0200] "GET /sitemap.rss HTTP/2.0" 200 1348 "-" "Mozilla/5.0 AppleWebKit/537.36 (KHTML, like Gecko; compatible; GPTBot/1.4; +https://openai.com/gptbot)"
66.249.89.133 - - [16/Jun/2026:16:31:50 +0200] "GET /wp-content/plugins/elementor/assets/lib/font-awesome/css/brands.css?ver=5.15.3 HTTP/1.1" 200 298 "https://parma.elettroservicegroup.it/assistenza-lavastoviglie-parma/" "AdsBot-Google (+http://www.google.com/adsbot.html)"
66.249.89.133 - - [16/Jun/2026:16:31:50 +0200] "GET /wp-content/plugins/elementor/assets/css/widget-spacer.min.css?ver=4.1.3 HTTP/1.1" 200 287 "https://parma.elettroservicegroup.it/assistenza-lavastoviglie-parma/" "AdsBot-Google (+http://www.google.com/adsbot.html)"
66.249.89.133 - - [16/Jun/2026:16:31:50 +0200] "GET /wp-content/uploads/elementor/google-fonts/css/robotoslab.css?ver=1742280362 HTTP/1.1" 200 715 "https://parma.elettroservicegroup.it/assistenza-lavastoviglie-parma/" "AdsBot-Google (+http://www.google.com/adsbot.html)"
66.249.89.133 - - [16/Jun/2026:16:31:51 +0200] "GET /wp-content/plugins/header-footer-elementor/inc/widgets-css/frontend.css?ver=2.8.8 HTTP/1.1" 200 8711 "https://parma.elettroservicegroup.it/assistenza-lavastoviglie-parma/" "AdsBot-Google (+http://www.google.com/adsbot.html)"
66.249.89.133 - - [16/Jun/2026:16:31:51 +0200] "GET /wp-content/plugins/elementor/assets/lib/font-awesome/css/fontawesome.min.css?ver=5.15.3 HTTP/1.1" 200 12179 "https://parma.elettroservicegroup.it/assistenza-lavastoviglie-parma/" "AdsBot-Google (+http://www.google.com/adsbot.html)"
66.249.89.133 - - [16/Jun/2026:16:31:52 +0200] "GET /wp-includes/js/jquery/jquery.min.js?ver=3.7.1 HTTP/1.1" 200 29769 "https://parma.elettroservicegroup.it/assistenza-lavastoviglie-parma/" "AdsBot-Google (+http://www.google.com/adsbot.html)"
66.249.89.133 - - [16/Jun/2026:16:31:52 +0200] "GET /wp-content/plugins/elementor/assets/css/frontend.min.css?ver=4.1.3 HTTP/1.1" 200 6618 "https://parma.elettroservicegroup.it/assistenza-lavastoviglie-parma/" "AdsBot-Google (+http://www.google.com/adsbot.html)"
66.249.89.133 - - [16/Jun/2026:16:31:53 +0200] "GET /wp-content/plugins/elementor/assets/lib/eicons/css/elementor-icons.min.css?ver=5.34.0 HTTP/1.1" 200 4115 "https://parma.elettroservicegroup.it/assistenza-lavastoviglie-parma/" "AdsBot-Google (+http://www.google.com/adsbot.html)"
66.249.89.133 - - [16/Jun/2026:16:31:53 +0200] "GET /wp-content/plugins/header-footer-elementor/assets/css/header-footer-elementor.css?ver=2.8.8 HTTP/1.1" 200 260 "https://parma.elettroservicegroup.it/assistenza-lavastoviglie-parma/" "AdsBot-Google (+http://www.google.com/adsbot.html)"
66.249.89.133 - - [16/Jun/2026:16:31:53 +0200] "GET /wp-content/plugins/elementor/assets/lib/font-awesome/css/regular.min.css?ver=5.15.3 HTTP/1.1" 200 282 "https://parma.elettroservicegroup.it/assistenza-lavastoviglie-parma/" "AdsBot-Google (+http://www.google.com/adsbot.html)"
66.249.89.133 - - [16/Jun/2026:16:31:53 +0200] "GET /wp-content/plugins/elementor/assets/lib/font-awesome/css/fontawesome.css?ver=5.15.3 HTTP/1.1" 200 12535 "https://parma.elettroservicegroup.it/assistenza-lavastoviglie-parma/" "AdsBot-Google (+http://www.google.com/adsbot.html)"
66.249.89.133 - - [16/Jun/2026:16:31:54 +0200] "GET /wp-content/plugins/elementor/assets/lib/font-awesome/css/v4-shims.min.css?ver=4.1.3 HTTP/1.1" 200 3986 "https://parma.elettroservicegroup.it/assistenza-lavastoviglie-parma/" "AdsBot-Google (+http://www.google.com/adsbot.html)"
66.249.89.133 - - [16/Jun/2026:16:31:54 +0200] "GET /wp-content/plugins/gp-premium/menu-plus/functions/js/sticky.min.js?ver=2.5.5 HTTP/1.1" 200 2670 "https://parma.elettroservicegroup.it/assistenza-lavastoviglie-parma/" "AdsBot-Google (+http://www.google.com/adsbot.html)"
66.249.89.133 - - [16/Jun/2026:16:31:54 +0200] "GET /wp-content/plugins/elementor/assets/lib/font-awesome/js/v4-shims.min.js?ver=4.1.3 HTTP/1.1" 200 4043 "https://parma.elettroservicegroup.it/assistenza-lavastoviglie-parma/" "AdsBot-Google (+http://www.google.com/adsbot.html)"
66.249.89.133 - - [16/Jun/2026:16:31:55 +0200] "GET /wp-content/plugins/elementor/assets/css/widget-icon-list.min.css?ver=3.24.3 HTTP/1.1" 200 928 "https://parma.elettroservicegroup.it/assistenza-lavastoviglie-parma/" "AdsBot-Google (+http://www.google.com/adsbot.html)"
66.249.89.133 - - [16/Jun/2026:16:31:55 +0200] "GET /wp-content/plugins/elementor/assets/lib/eicons/css/elementor-icons.min.css?ver=5.49.0 HTTP/1.1" 200 4115 "https://parma.elettroservicegroup.it/assistenza-lavastoviglie-parma/" "AdsBot-Google (+http://www.google.com/adsbot.html)"
66.249.89.133 - - [16/Jun/2026:16:31:55 +0200] "GET /wp-content/plugins/elementor/assets/lib/animations/styles/bounceIn.min.css?ver=4.1.3 HTTP/1.1" 200 186 "https://parma.elettroservicegroup.it/assistenza-lavastoviglie-parma/" "AdsBot-Google (+http://www.google.com/adsbot.html)"
66.249.89.133 - - [16/Jun/2026:16:31:56 +0200] "GET /wp-content/uploads/elementor/google-fonts/css/roboto.css?ver=1742280360 HTTP/1.1" 200 1880 "https://parma.elettroservicegroup.it/assistenza-lavastoviglie-parma/" "AdsBot-Google (+http://www.google.com/adsbot.html)"
66.249.89.133 - - [16/Jun/2026:16:31:56 +0200] "GET /wp-includes/js/jquery/jquery-migrate.min.js?ver=3.4.1 HTTP/1.1" 200 4685 "https://parma.elettroservicegroup.it/assistenza-lavastoviglie-parma/" "AdsBot-Google (+http://www.google.com/adsbot.html)"
66.249.89.133 - - [16/Jun/2026:16:31:56 +0200] "GET /wp-content/plugins/elementor/assets/css/widget-social-icons.min.css?ver=3.24.0 HTTP/1.1" 200 1039 "https://parma.elettroservicegroup.it/assistenza-lavastoviglie-parma/" "AdsBot-Google (+http://www.google.com/adsbot.html)"
66.249.89.133 - - [16/Jun/2026:16:31:59 +0200] "GET /wp-content/plugins/elementor/assets/lib/font-awesome/css/all.min.css?ver=4.1.3 HTTP/1.1" 200 12402 "https://parma.elettroservicegroup.it/assistenza-lavastoviglie-parma/" "AdsBot-Google (+http://www.google.com/adsbot.html)"
66.249.89.133 - - [16/Jun/2026:16:32:00 +0200] "GET /wp-content/plugins/elementor/assets/css/widget-heading.min.css?ver=4.1.3 HTTP/1.1" 200 127 "https://parma.elettroservicegroup.it/assistenza-lavastoviglie-parma/" "AdsBot-Google (+http://www.google.com/adsbot.html)"
66.249.89.133 - - [16/Jun/2026:16:32:01 +0200] "GET /wp-content/plugins/elementor/assets/lib/font-awesome/css/solid.min.css?ver=5.15.3 HTTP/1.1" 200 286 "https://parma.elettroservicegroup.it/assistenza-lavastoviglie-parma/" "AdsBot-Google (+http://www.google.com/adsbot.html)"
66.249.89.133 - - [16/Jun/2026:16:32:01 +0200] "GET /wp-content/plugins/all-in-one-seo-pack/dist/Lite/assets/css/table-of-contents/global.e90f6d47.css?ver=4.9.8 HTTP/1.1" 200 420 "https://parma.elettroservicegroup.it/assistenza-lavastoviglie-parma/" "AdsBot-Google (+http://www.google.com/adsbot.html)"
66.249.89.133 - - [16/Jun/2026:16:32:01 +0200] "GET /wp-content/plugins/elementor/assets/lib/font-awesome/css/solid.css?ver=5.15.3 HTTP/1.1" 200 299 "https://parma.elettroservicegroup.it/assistenza-lavastoviglie-parma/" "AdsBot-Google (+http://www.google.com/adsbot.html)"
66.249.89.133 - - [16/Jun/2026:16:32:03 +0200] "GET /wp-content/plugins/elementor/assets/lib/animations/styles/zoomIn.min.css?ver=4.1.3 HTTP/1.1" 200 87 "https://parma.elettroservicegroup.it/assistenza-lavastoviglie-parma/" "AdsBot-Google (+http://www.google.com/adsbot.html)"
66.249.89.133 - - [16/Jun/2026:16:32:04 +0200] "GET /wp-content/themes/generatepress/assets/css/main.min.css?ver=3.6.1 HTTP/1.1" 200 4410 "https://parma.elettroservicegroup.it/assistenza-lavastoviglie-parma/" "AdsBot-Google (+http://www.google.com/adsbot.html)"
66.249.89.133 - - [16/Jun/2026:16:32:04 +0200] "GET /wp-content/plugins/gp-premium/menu-plus/functions/css/navigation-branding-flex.min.css?ver=2.5.5 HTTP/1.1" 200 542 "https://parma.elettroservicegroup.it/assistenza-lavastoviglie-parma/" "AdsBot-Google (+http://www.google.com/adsbot.html)"
66.249.89.133 - - [16/Jun/2026:16:32:04 +0200] "GET /wp-content/plugins/elementor/assets/js/webpack.runtime.min.js?ver=4.1.3 HTTP/1.1" 200 2340 "https://parma.elettroservicegroup.it/assistenza-lavastoviglie-parma/" "AdsBot-Google (+http://www.google.com/adsbot.html)"
66.249.89.133 - - [16/Jun/2026:16:32:05 +0200] "GET /wp-content/plugins/elementor/assets/js/frontend-modules.min.js?ver=4.1.3 HTTP/1.1" 200 15454 "https://parma.elettroservicegroup.it/assistenza-lavastoviglie-parma/" "AdsBot-Google (+http://www.google.com/adsbot.html)"
66.249.89.133 - - [16/Jun/2026:16:32:15 +0200] "GET /wp-content/themes/generatepress/assets/js/menu.min.js?ver=3.6.1 HTTP/1.1" 200 1688 "https://parma.elettroservicegroup.it/assistenza-lavastoviglie-parma/" "AdsBot-Google (+http://www.google.com/adsbot.html)"
66.249.89.133 - - [16/Jun/2026:16:32:15 +0200] "GET /wp-content/themes/generatepress/assets/js/back-to-top.min.js?ver=3.6.1 HTTP/1.1" 200 336 "https://parma.elettroservicegroup.it/assistenza-lavastoviglie-parma/" "AdsBot-Google (+http://www.google.com/adsbot.html)"
66.249.89.133 - - [16/Jun/2026:16:32:15 +0200] "GET /wp-includes/js/jquery/ui/core.min.js?ver=1.13.3 HTTP/1.1" 200 6820 "https://parma.elettroservicegroup.it/assistenza-lavastoviglie-parma/" "AdsBot-Google (+http://www.google.com/adsbot.html)"
66.249.89.133 - - [16/Jun/2026:16:32:16 +0200] "GET /wp-content/uploads/burst/js/burst.min.js?ver=1781603717 HTTP/1.1" 200 3381 "https://parma.elettroservicegroup.it/assistenza-lavastoviglie-parma/" "AdsBot-Google (+http://www.google.com/adsbot.html)"
66.249.89.133 - - [16/Jun/2026:16:32:16 +0200] "GET /wp-content/plugins/elementor/assets/js/frontend.min.js?ver=4.1.3 HTTP/1.1" 200 10140 "https://parma.elettroservicegroup.it/assistenza-lavastoviglie-parma/" "AdsBot-Google (+http://www.google.com/adsbot.html)"
66.249.89.133 - - [16/Jun/2026:16:32:16 +0200] "GET /wp-content/plugins/elementor/assets/lib/font-awesome/webfonts/fa-solid-900.woff2 HTTP/1.1" 200 78201 "https://parma.elettroservicegroup.it/wp-content/plugins/elementor/assets/lib/font-awesome/css/all.min.css?ver=4.1.3" "AdsBot-Google (+http://www.google.com/adsbot.html)"
66.249.89.133 - - [16/Jun/2026:16:32:16 +0200] "GET /wp-content/uploads/elementor/google-fonts/fonts/roboto-kfo7cnqeu92fr1me7ksn66agldtyluama3yuba.woff2 HTTP/1.1" 200 40132 "https://parma.elettroservicegroup.it/wp-content/uploads/elementor/google-fonts/css/roboto.css?ver=1742280360" "AdsBot-Google (+http://www.google.com/adsbot.html)"
66.249.89.133 - - [16/Jun/2026:16:32:17 +0200] "GET /wp-content/plugins/elementor/assets/lib/font-awesome/webfonts/fa-regular-400.woff2 HTTP/1.1" 200 13277 "https://parma.elettroservicegroup.it/wp-content/plugins/elementor/assets/lib/font-awesome/css/all.min.css?ver=4.1.3" "AdsBot-Google (+http://www.google.com/adsbot.html)"
66.249.89.133 - - [16/Jun/2026:16:32:17 +0200] "GET /wp-content/plugins/burst-statistics/assets/js/timeme/timeme.min.js?ver=1780499187 HTTP/1.1" 200 1835 "https://parma.elettroservicegroup.it/assistenza-lavastoviglie-parma/" "AdsBot-Google (+http://www.google.com/adsbot.html)"
65.108.235.243 - - [16/Jun/2026:16:32:28 +0200] "POST /wp-cron.php?doing_wp_cron=1781620348.4086139202117919921875 HTTP/1.1" 200 1 "-" "WordPress/7.0; https://parma.elettroservicegroup.it"
66.249.89.133 - - [16/Jun/2026:16:32:20 +0200] "GET /wp-json/complianz/v1/banner?lang=it&locale=it_IT&token=kofaq HTTP/1.1" 200 81 "https://parma.elettroservicegroup.it/assistenza-lavastoviglie-parma/" "AdsBot-Google (+http://www.google.com/adsbot.html)"
66.249.89.133 - - [16/Jun/2026:16:32:28 +0200] "GET /wp-content/uploads/complianz/css/banner-1-optin.css?v=46 HTTP/1.1" 200 2857 "https://parma.elettroservicegroup.it/assistenza-lavastoviglie-parma/" "AdsBot-Google (+http://www.google.com/adsbot.html)"
66.249.89.133 - - [16/Jun/2026:16:32:29 +0200] "GET /wp-json/complianz/v1/cookie_data HTTP/1.1" 200 81 "https://parma.elettroservicegroup.it/assistenza-lavastoviglie-parma/" "AdsBot-Google (+http://www.google.com/adsbot.html)"
66.249.89.133 - - [16/Jun/2026:16:32:30 +0200] "GET /wp-content/plugins/elementor/assets/js/shared-frontend-handlers.03caa53373b56d3bab67.bundle.min.js HTTP/1.1" 200 2515 "https://parma.elettroservicegroup.it/assistenza-lavastoviglie-parma/" "AdsBot-Google (+http://www.google.com/adsbot.html)"
66.249.89.133 - - [16/Jun/2026:16:32:31 +0200] "GET /wp-content/plugins/elementor/assets/js/text-editor.45609661e409413f1cef.bundle.min.js HTTP/1.1" 200 592 "https://parma.elettroservicegroup.it/assistenza-lavastoviglie-parma/" "AdsBot-Google (+http://www.google.com/adsbot.html)"
66.249.89.133 - - [16/Jun/2026:16:32:31 +0200] "GET /wp-content/plugins/elementor/assets/js/section-frontend-handlers.d85ab872da118940910d.bundle.min.js HTTP/1.1" 200 230 "https://parma.elettroservicegroup.it/assistenza-lavastoviglie-parma/" "AdsBot-Google (+http://www.google.com/adsbot.html)"
65.108.235.243 - - [16/Jun/2026:16:37:40 +0200] "POST /wp-cron.php?doing_wp_cron=1781620660.9147648811340332031250 HTTP/1.1" 200 1 "-" "WordPress/7.0; https://parma.elettroservicegroup.it"
74.7.227.134 - - [16/Jun/2026:16:37:38 +0200] "GET /sitemap.xml HTTP/2.0" 200 313 "-" "Mozilla/5.0 AppleWebKit/537.36 (KHTML, like Gecko; compatible; GPTBot/1.4; +https://openai.com/gptbot)"
65.108.235.243 - - [16/Jun/2026:16:40:25 +0200] "POST /wp-cron.php?doing_wp_cron=1781620825.7114000320434570312500 HTTP/1.1" 200 1 "-" "WordPress/7.0; https://parma.elettroservicegroup.it"
66.249.64.69 - - [16/Jun/2026:16:40:17 +0200] "GET /assistenza-candy-parma/ HTTP/1.1" 200 22731 "-" "Mozilla/5.0 (Linux; Android 6.0.1; Nexus 5X Build/MMB29P) AppleWebKit/537.36 (KHTML, like Gecko) Chrome/148.0.7778.96 Mobile Safari/537.36 (compatible; Googlebot/2.1; +http://www.google.com/bot.html)"
65.108.235.243 - - [16/Jun/2026:16:41:48 +0200] "POST /wp-cron.php?doing_wp_cron=1781620908.3150498867034912109375 HTTP/1.1" 200 1 "-" "WordPress/7.0; https://parma.elettroservicegroup.it"
66.249.89.133 - - [16/Jun/2026:16:41:45 +0200] "GET /assistenza-forni-elettrici-/ HTTP/1.1" 200 20838 "-" "Mozilla/5.0 (Linux; Android 6.0.1; Nexus 5X Build/MMB29P) AppleWebKit/537.36 (KHTML, like Gecko) Chrome/148.0.7778.96 Mobile Safari/537.36 (compatible; AdsBot-Google-Mobile; +http://www.google.com/mobile/adsbot.html)"
66.249.89.134 - - [16/Jun/2026:16:41:50 +0200] "GET /wp-content/uploads/elementor/css/post-15288.css?ver=1781535848 HTTP/1.1" 200 1981 "https://parma.elettroservicegroup.it/assistenza-forni-elettrici-/" "AdsBot-Google (+http://www.google.com/adsbot.html)"
66.249.89.134 - - [16/Jun/2026:16:41:51 +0200] "GET /wp-content/plugins/elementor/assets/css/widget-image.min.css?ver=4.1.3 HTTP/1.1" 200 96 "https://parma.elettroservicegroup.it/assistenza-forni-elettrici-/" "AdsBot-Google (+http://www.google.com/adsbot.html)"
66.249.89.133 - - [16/Jun/2026:16:41:51 +0200] "GET /wp-content/plugins/all-in-one-seo-pack/dist/Lite/assets/css/table-of-contents/global.e90f6d47.css?ver=4.9.8 HTTP/1.1" 200 420 "https://parma.elettroservicegroup.it/assistenza-forni-elettrici-/" "AdsBot-Google (+http://www.google.com/adsbot.html)"
65.108.235.243 - - [16/Jun/2026:16:42:15 +0200] "POST /wp-cron.php?doing_wp_cron=1781620935.8442258834838867187500 HTTP/1.1" 200 1 "-" "WordPress/7.0; https://parma.elettroservicegroup.it"
66.249.89.133 - - [16/Jun/2026:16:42:15 +0200] "GET /wp-json/complianz/v1/banner?lang=it&locale=it_IT&token=elxap HTTP/1.1" 200 81 "https://parma.elettroservicegroup.it/assistenza-forni-elettrici-/" "AdsBot-Google (+http://www.google.com/adsbot.html)"
66.249.64.69 - - [16/Jun/2026:16:43:05 +0200] "GET /wp-content/plugins/complianz-gdpr-premium/assets/css/cookieblocker.min.css?ver=1780704000 HTTP/1.1" 200 615 "https://parma.elettroservicegroup.it/assistenza-candy-parma/" "Mozilla/5.0 (Linux; Android 6.0.1; Nexus 5X Build/MMB29P) AppleWebKit/537.36 (KHTML, like Gecko) Chrome/148.0.7778.96 Mobile Safari/537.36 (compatible; Googlebot/2.1; +http://www.google.com/bot.html)"
66.249.64.71 - - [16/Jun/2026:16:43:05 +0200] "GET /wp-content/plugins/all-in-one-seo-pack/dist/Lite/assets/css/table-of-contents/global.e90f6d47.css?ver=4.9.8 HTTP/1.1" 200 420 "https://parma.elettroservicegroup.it/assistenza-candy-parma/" "Mozilla/5.0 (Linux; Android 6.0.1; Nexus 5X Build/MMB29P) AppleWebKit/537.36 (KHTML, like Gecko) Chrome/148.0.7778.96 Mobile Safari/537.36 (compatible; Googlebot/2.1; +http://www.google.com/bot.html)"
66.249.64.69 - - [16/Jun/2026:16:43:05 +0200] "GET /wp-content/plugins/header-footer-elementor/assets/css/header-footer-elementor.css?ver=2.8.8 HTTP/1.1" 200 260 "https://parma.elettroservicegroup.it/assistenza-candy-parma/" "Mozilla/5.0 (Linux; Android 6.0.1; Nexus 5X Build/MMB29P) AppleWebKit/537.36 (KHTML, like Gecko) Chrome/148.0.7778.96 Mobile Safari/537.36 (compatible; Googlebot/2.1; +http://www.google.com/bot.html)"
66.249.64.71 - - [16/Jun/2026:16:43:05 +0200] "GET /wp-content/uploads/elementor/css/post-17278.css?ver=1780704000 HTTP/1.1" 200 2143 "https://parma.elettroservicegroup.it/assistenza-candy-parma/" "Mozilla/5.0 (Linux; Android 6.0.1; Nexus 5X Build/MMB29P) AppleWebKit/537.36 (KHTML, like Gecko) Chrome/148.0.7778.96 Mobile Safari/537.36 (compatible; Googlebot/2.1; +http://www.google.com/bot.html)"
66.249.64.70 - - [16/Jun/2026:16:43:06 +0200] "GET /wp-content/uploads/burst/js/burst.min.js?ver=1780704000 HTTP/1.1" 200 3381 "https://parma.elettroservicegroup.it/assistenza-candy-parma/" "Mozilla/5.0 (Linux; Android 6.0.1; Nexus 5X Build/MMB29P) AppleWebKit/537.36 (KHTML, like Gecko) Chrome/148.0.7778.96 Mobile Safari/537.36 (compatible; Googlebot/2.1; +http://www.google.com/bot.html)"
66.249.64.71 - - [16/Jun/2026:16:43:07 +0200] "GET /wp-content/plugins/complianz-gdpr-premium/cookiebanner/js/complianz.min.js?ver=1780704000 HTTP/1.1" 200 10762 "https://parma.elettroservicegroup.it/assistenza-candy-parma/" "Mozilla/5.0 (Linux; Android 6.0.1; Nexus 5X Build/MMB29P) AppleWebKit/537.36 (KHTML, like Gecko) Chrome/148.0.7778.96 Mobile Safari/537.36 (compatible; Googlebot/2.1; +http://www.google.com/bot.html)"
65.108.235.243 - - [16/Jun/2026:16:43:10 +0200] "POST /wp-cron.php?doing_wp_cron=1781620990.1267280578613281250000 HTTP/1.1" 200 1 "-" "WordPress/7.0; https://parma.elettroservicegroup.it"
66.249.64.71 - - [16/Jun/2026:16:43:07 +0200] "GET /wp-json/complianz/v1/banner?lang=it&locale=it_IT&token=haffc HTTP/1.1" 200 81 "https://parma.elettroservicegroup.it/assistenza-candy-parma/" "Mozilla/5.0 (Linux; Android 6.0.1; Nexus 5X Build/MMB29P) AppleWebKit/537.36 (KHTML, like Gecko) Chrome/148.0.7778.96 Mobile Safari/537.36 (compatible; Googlebot/2.1; +http://www.google.com/bot.html)"
66.249.64.70 - - [16/Jun/2026:16:43:10 +0200] "GET /wp-json/complianz/v1/cookie_data HTTP/1.1" 200 81 "https://parma.elettroservicegroup.it/assistenza-candy-parma/" "Mozilla/5.0 (Linux; Android 6.0.1; Nexus 5X Build/MMB29P) AppleWebKit/537.36 (KHTML, like Gecko) Chrome/148.0.7778.96 Mobile Safari/537.36 (compatible; Googlebot/2.1; +http://www.google.com/bot.html)"
66.249.64.70 - - [16/Jun/2026:16:43:11 +0200] "GET /wp-content/plugins/elementor/assets/js/section-frontend-handlers.d85ab872da118940910d.bundle.min.js HTTP/1.1" 200 230 "https://parma.elettroservicegroup.it/assistenza-candy-parma/" "Mozilla/5.0 (Linux; Android 6.0.1; Nexus 5X Build/MMB29P) AppleWebKit/537.36 (KHTML, like Gecko) Chrome/148.0.7778.96 Mobile Safari/537.36 (compatible; Googlebot/2.1; +http://www.google.com/bot.html)"
47.128.23.35 - - [16/Jun/2026:16:43:23 +0200] "GET /robots.txt HTTP/1.1" 403 189 "-" "Mozilla/5.0 (Linux; Android 5.0) AppleWebKit/537.36 (KHTML, like Gecko) Mobile Safari/537.36 (compatible; Bytespider; spider-feedback@bytedance.com)"
104.28.98.58 - - [16/Jun/2026:17:02:24 +0200] "POST /wp-content/plugins/burst-statistics/endpoint.php HTTP/2.0" 200 1 "https://parma.elettroservicegroup.it/assistenza-lavastoviglie/?gad_source=1&gad_campaignid=23795906066&gbraid=0AAAABDgs-LQlwW0zIsff0f384Rlkh87HU&gclid=CjwKCAjw6MPRBhBTEiwAd-7Mr9ezby_ZiIDLMGs3qQhA1sM12uk8nQdc4w0Q1N8BJIj3Xx5sW2Yk1hoCrXcQAvD_BwE" "Mozilla/5.0 (iPhone; CPU iPhone OS 18_7 like Mac OS X) AppleWebKit/605.1.15 (KHTML, like Gecko) Version/26.5 Mobile/15E148 Safari/604.1"
65.108.235.243 - - [16/Jun/2026:17:02:27 +0200] "POST /wp-cron.php?doing_wp_cron=1781622147.5114738941192626953125 HTTP/1.1" 200 1 "-" "WordPress/7.0; https://parma.elettroservicegroup.it"
104.28.98.58 - - [16/Jun/2026:17:02:24 +0200] "GET /wp-json/complianz/v1/banner?lang=it&locale=it_IT&token=shmty HTTP/2.0" 200 81 "https://parma.elettroservicegroup.it/assistenza-lavastoviglie/?gad_source=1&gad_campaignid=23795906066&gbraid=0AAAABDgs-LQlwW0zIsff0f384Rlkh87HU&gclid=CjwKCAjw6MPRBhBTEiwAd-7Mr9ezby_ZiIDLMGs3qQhA1sM12uk8nQdc4w0Q1N8BJIj3Xx5sW2Yk1hoCrXcQAvD_BwE" "Mozilla/5.0 (iPhone; CPU iPhone OS 18_7 like Mac OS X) AppleWebKit/605.1.15 (KHTML, like Gecko) Version/26.5 Mobile/15E148 Safari/604.1"
104.28.98.58 - - [16/Jun/2026:17:02:28 +0200] "GET /wp-content/uploads/complianz/css/banner-1-optin.css?v=46 HTTP/2.0" 304 - "https://parma.elettroservicegroup.it/assistenza-lavastoviglie/?gad_source=1&gad_campaignid=23795906066&gbraid=0AAAABDgs-LQlwW0zIsff0f384Rlkh87HU&gclid=CjwKCAjw6MPRBhBTEiwAd-7Mr9ezby_ZiIDLMGs3qQhA1sM12uk8nQdc4w0Q1N8BJIj3Xx5sW2Yk1hoCrXcQAvD_BwE" "Mozilla/5.0 (iPhone; CPU iPhone OS 18_7 like Mac OS X) AppleWebKit/605.1.15 (KHTML, like Gecko) Version/26.5 Mobile/15E148 Safari/604.1"
104.28.98.58 - - [16/Jun/2026:17:02:28 +0200] "POST /wp-content/plugins/burst-statistics/endpoint.php HTTP/2.0" 200 1 "https://parma.elettroservicegroup.it/assistenza-lavastoviglie/?gad_source=1&gad_campaignid=23795906066&gbraid=0AAAABDgs-LQlwW0zIsff0f384Rlkh87HU&gclid=CjwKCAjw6MPRBhBTEiwAd-7Mr9ezby_ZiIDLMGs3qQhA1sM12uk8nQdc4w0Q1N8BJIj3Xx5sW2Yk1hoCrXcQAvD_BwE" "Mozilla/5.0 (iPhone; CPU iPhone OS 18_7 like Mac OS X) AppleWebKit/605.1.15 (KHTML, like Gecko) Version/26.5 Mobile/15E148 Safari/604.1"
104.28.98.58 - - [16/Jun/2026:17:02:29 +0200] "POST /wp-content/plugins/burst-statistics/endpoint.php HTTP/2.0" 200 1 "https://parma.elettroservicegroup.it/assistenza-lavastoviglie/?gad_source=1&gad_campaignid=23795906066&gbraid=0AAAABDgs-LQlwW0zIsff0f384Rlkh87HU&gclid=CjwKCAjw6MPRBhBTEiwAd-7Mr9ezby_ZiIDLMGs3qQhA1sM12uk8nQdc4w0Q1N8BJIj3Xx5sW2Yk1hoCrXcQAvD_BwE" "Mozilla/5.0 (iPhone; CPU iPhone OS 18_7 like Mac OS X) AppleWebKit/605.1.15 (KHTML, like Gecko) Version/26.5 Mobile/15E148 Safari/604.1"
104.28.98.58 - - [16/Jun/2026:17:02:28 +0200] "GET /wp-json/complianz/v1/cookie_data HTTP/2.0" 200 - "https://parma.elettroservicegroup.it/assistenza-lavastoviglie/?gad_source=1&gad_campaignid=23795906066&gbraid=0AAAABDgs-LQlwW0zIsff0f384Rlkh87HU&gclid=CjwKCAjw6MPRBhBTEiwAd-7Mr9ezby_ZiIDLMGs3qQhA1sM12uk8nQdc4w0Q1N8BJIj3Xx5sW2Yk1hoCrXcQAvD_BwE" "Mozilla/5.0 (iPhone; CPU iPhone OS 18_7 like Mac OS X) AppleWebKit/605.1.15 (KHTML, like Gecko) Version/26.5 Mobile/15E148 Safari/604.1"
65.108.235.243 - - [16/Jun/2026:17:02:29 +0200] "POST /wp-json/complianz/v1/wsc-scan HTTP/1.1" 400 88 "-" "WordPress/7.0; https://parma.elettroservicegroup.it"
65.108.235.243 - - [16/Jun/2026:17:06:17 +0200] "POST /wp-cron.php?doing_wp_cron=1781622377.3148829936981201171875 HTTP/1.1" 200 1 "-" "WordPress/7.0; https://parma.elettroservicegroup.it"
216.73.217.139 - - [16/Jun/2026:17:06:15 +0200] "GET /robots.txt HTTP/2.0" 200 104 "-" "Mozilla/5.0 AppleWebKit/537.36 (KHTML, like Gecko; compatible; ClaudeBot/1.0; +claudebot@anthropic.com)"
216.73.217.139 - - [16/Jun/2026:17:06:37 +0200] "GET /sitemap.xml HTTP/2.0" 200 313 "-" "Mozilla/5.0 AppleWebKit/537.36 (KHTML, like Gecko; compatible; ClaudeBot/1.0; +claudebot@anthropic.com)"
216.73.217.139 - - [16/Jun/2026:17:06:37 +0200] "GET /sitemap.rss HTTP/2.0" 200 1347 "-" "Mozilla/5.0 AppleWebKit/537.36 (KHTML, like Gecko; compatible; ClaudeBot/1.0; +claudebot@anthropic.com)"
65.108.235.243 - - [16/Jun/2026:17:20:34 +0200] "POST /wp-cron.php?doing_wp_cron=1781623234.8361439704895019531250 HTTP/1.1" 200 1 "-" "WordPress/7.0; https://parma.elettroservicegroup.it"
34.170.189.242 - - [16/Jun/2026:17:20:32 +0200] "GET /.env HTTP/1.1" 301 1 "-" "Mozilla/5.0 (Macintosh; Intel Mac OS X 10_15_7) AppleWebKit/537.36 (KHTML, like Gecko) Chrome/142.0.0.0 Safari/537.36"
212.28.171.54 - - [16/Jun/2026:17:30:56 +0200] "GET / HTTP/2.0" 200 22283 "https://www.google.com/" "Mozilla/5.0 (Windows NT 10.0; Win64; x64) AppleWebKit/537.36 (KHTML, like Gecko) Chrome/148.0.0.0 Safari/537.36"
212.28.171.54 - - [16/Jun/2026:17:30:59 +0200] "GET /wp-content/cache/wpfc-minified/9aoba38s/2riv0.css HTTP/2.0" 200 418 "https://parma.elettroservicegroup.it/" "Mozilla/5.0 (Windows NT 10.0; Win64; x64) AppleWebKit/537.36 (KHTML, like Gecko) Chrome/148.0.0.0 Safari/537.36"
212.28.171.54 - - [16/Jun/2026:17:30:59 +0200] "GET /wp-content/cache/wpfc-minified/f4mpgdct/2riv0.css HTTP/2.0" 200 7521 "https://parma.elettroservicegroup.it/" "Mozilla/5.0 (Windows NT 10.0; Win64; x64) AppleWebKit/537.36 (KHTML, like Gecko) Chrome/148.0.0.0 Safari/537.36"
212.28.171.54 - - [16/Jun/2026:17:30:59 +0200] "GET /wp-content/cache/wpfc-minified/mbb024jo/2riv0.css HTTP/2.0" 200 11331 "https://parma.elettroservicegroup.it/" "Mozilla/5.0 (Windows NT 10.0; Win64; x64) AppleWebKit/537.36 (KHTML, like Gecko) Chrome/148.0.0.0 Safari/537.36"
212.28.171.54 - - [16/Jun/2026:17:30:59 +0200] "GET /wp-content/cache/wpfc-minified/qaafat52/2rsys.css HTTP/2.0" 200 16433 "https://parma.elettroservicegroup.it/" "Mozilla/5.0 (Windows NT 10.0; Win64; x64) AppleWebKit/537.36 (KHTML, like Gecko) Chrome/148.0.0.0 Safari/537.36"
65.108.235.243 - - [16/Jun/2026:17:31:03 +0200] "POST /wp-cron.php?doing_wp_cron=1781623863.0065190792083740234375 HTTP/1.1" 200 1 "-" "WordPress/7.0; https://parma.elettroservicegroup.it"
65.108.235.243 - - [16/Jun/2026:17:31:03 +0200] "POST /wp-cron.php?doing_wp_cron=1781623863.0059480667114257812500 HTTP/1.1" 200 1 "-" "WordPress/7.0; https://parma.elettroservicegroup.it"
65.108.235.243 - - [16/Jun/2026:17:31:03 +0200] "POST /wp-cron.php?doing_wp_cron=1781623863.0062661170959472656250 HTTP/1.1" 200 1 "-" "WordPress/7.0; https://parma.elettroservicegroup.it"
212.28.171.54 - - [16/Jun/2026:17:31:00 +0200] "GET /wp-content/uploads/elementor/css/post-14366.css?ver=1781190898 HTTP/2.0" 404 18266 "https://parma.elettroservicegroup.it/" "Mozilla/5.0 (Windows NT 10.0; Win64; x64) AppleWebKit/537.36 (KHTML, like Gecko) Chrome/148.0.0.0 Safari/537.36"
212.28.171.54 - - [16/Jun/2026:17:30:59 +0200] "GET /wp-content/uploads/elementor/css/post-14146.css?ver=1781190898 HTTP/2.0" 404 18264 "https://parma.elettroservicegroup.it/" "Mozilla/5.0 (Windows NT 10.0; Win64; x64) AppleWebKit/537.36 (KHTML, like Gecko) Chrome/148.0.0.0 Safari/537.36"
212.28.171.54 - - [16/Jun/2026:17:30:59 +0200] "GET /wp-content/uploads/elementor/css/post-14227.css?ver=1781192142 HTTP/2.0" 404 18276 "https://parma.elettroservicegroup.it/" "Mozilla/5.0 (Windows NT 10.0; Win64; x64) AppleWebKit/537.36 (KHTML, like Gecko) Chrome/148.0.0.0 Safari/537.36"
212.28.171.54 - - [16/Jun/2026:17:31:03 +0200] "GET /wp-content/cache/wpfc-minified/eqzpooq2/2riv0.css HTTP/2.0" 200 4410 "https://parma.elettroservicegroup.it/" "Mozilla/5.0 (Windows NT 10.0; Win64; x64) AppleWebKit/537.36 (KHTML, like Gecko) Chrome/148.0.0.0 Safari/537.36"
212.28.171.54 - - [16/Jun/2026:17:31:03 +0200] "GET /wp-content/cache/wpfc-minified/bwue548/2riv0.css HTTP/2.0" 200 19030 "https://parma.elettroservicegroup.it/" "Mozilla/5.0 (Windows NT 10.0; Win64; x64) AppleWebKit/537.36 (KHTML, like Gecko) Chrome/148.0.0.0 Safari/537.36"
212.28.171.54 - - [16/Jun/2026:17:31:03 +0200] "GET /wp-content/cache/wpfc-minified/fpvwzn7j/2riv0.css HTTP/2.0" 200 14485 "https://parma.elettroservicegroup.it/" "Mozilla/5.0 (Windows NT 10.0; Win64; x64) AppleWebKit/537.36 (KHTML, like Gecko) Chrome/148.0.0.0 Safari/537.36"
212.28.171.54 - - [16/Jun/2026:17:31:03 +0200] "GET /wp-content/uploads/2021/10/cropped-cropped-cropped-logo_white_background.png HTTP/2.0" 200 38971 "https://parma.elettroservicegroup.it/" "Mozilla/5.0 (Windows NT 10.0; Win64; x64) AppleWebKit/537.36 (KHTML, like Gecko) Chrome/148.0.0.0 Safari/537.36"
212.28.171.54 - - [16/Jun/2026:17:31:03 +0200] "GET /wp-content/uploads/2021/10/cropped-logo_white_background.png HTTP/2.0" 200 16623 "https://parma.elettroservicegroup.it/" "Mozilla/5.0 (Windows NT 10.0; Win64; x64) AppleWebKit/537.36 (KHTML, like Gecko) Chrome/148.0.0.0 Safari/537.36"
212.28.171.54 - - [16/Jun/2026:17:31:03 +0200] "GET /wp-content/plugins/gp-premium/menu-plus/functions/js/sticky.min.js?ver=2.5.5 HTTP/2.0" 200 2670 "https://parma.elettroservicegroup.it/" "Mozilla/5.0 (Windows NT 10.0; Win64; x64) AppleWebKit/537.36 (KHTML, like Gecko) Chrome/148.0.0.0 Safari/537.36"
212.28.171.54 - - [16/Jun/2026:17:31:03 +0200] "GET /wp-content/cache/wpfc-minified/1yrs8cf2/2riv0.js HTTP/2.0" 200 42415 "https://parma.elettroservicegroup.it/" "Mozilla/5.0 (Windows NT 10.0; Win64; x64) AppleWebKit/537.36 (KHTML, like Gecko) Chrome/148.0.0.0 Safari/537.36"
212.28.171.54 - - [16/Jun/2026:17:31:03 +0200] "GET /wp-content/plugins/elementor/assets/js/webpack.runtime.min.js?ver=4.1.3 HTTP/2.0" 200 2340 "https://parma.elettroservicegroup.it/" "Mozilla/5.0 (Windows NT 10.0; Win64; x64) AppleWebKit/537.36 (KHTML, like Gecko) Chrome/148.0.0.0 Safari/537.36"
212.28.171.54 - - [16/Jun/2026:17:31:03 +0200] "GET /wp-content/plugins/elementor/assets/js/frontend-modules.min.js?ver=4.1.3 HTTP/2.0" 200 15454 "https://parma.elettroservicegroup.it/" "Mozilla/5.0 (Windows NT 10.0; Win64; x64) AppleWebKit/537.36 (KHTML, like Gecko) Chrome/148.0.0.0 Safari/537.36"
212.28.171.54 - - [16/Jun/2026:17:31:03 +0200] "GET /wp-includes/js/jquery/ui/core.min.js?ver=1.13.3 HTTP/2.0" 200 6820 "https://parma.elettroservicegroup.it/" "Mozilla/5.0 (Windows NT 10.0; Win64; x64) AppleWebKit/537.36 (KHTML, like Gecko) Chrome/148.0.0.0 Safari/537.36"
212.28.171.54 - - [16/Jun/2026:17:31:03 +0200] "GET /wp-content/plugins/elementor/assets/js/frontend.min.js?ver=4.1.3 HTTP/2.0" 200 10140 "https://parma.elettroservicegroup.it/" "Mozilla/5.0 (Windows NT 10.0; Win64; x64) AppleWebKit/537.36 (KHTML, like Gecko) Chrome/148.0.0.0 Safari/537.36"
212.28.171.54 - - [16/Jun/2026:17:31:03 +0200] "GET /wp-content/themes/generatepress/assets/js/menu.min.js?ver=3.6.1 HTTP/2.0" 200 1688 "https://parma.elettroservicegroup.it/" "Mozilla/5.0 (Windows NT 10.0; Win64; x64) AppleWebKit/537.36 (KHTML, like Gecko) Chrome/148.0.0.0 Safari/537.36"
212.28.171.54 - - [16/Jun/2026:17:31:03 +0200] "GET /wp-content/themes/generatepress/assets/js/back-to-top.min.js?ver=3.6.1 HTTP/2.0" 200 336 "https://parma.elettroservicegroup.it/" "Mozilla/5.0 (Windows NT 10.0; Win64; x64) AppleWebKit/537.36 (KHTML, like Gecko) Chrome/148.0.0.0 Safari/537.36"
212.28.171.54 - - [16/Jun/2026:17:31:03 +0200] "GET /wp-content/plugins/complianz-gdpr-premium/cookiebanner/js/complianz.min.js?ver=1780326315 HTTP/2.0" 200 10762 "https://parma.elettroservicegroup.it/" "Mozilla/5.0 (Windows NT 10.0; Win64; x64) AppleWebKit/537.36 (KHTML, like Gecko) Chrome/148.0.0.0 Safari/537.36"
212.28.171.54 - - [16/Jun/2026:17:31:03 +0200] "GET /wp-content/uploads/elementor/google-fonts/fonts/robotoslab-bngmuxzytxpivibgjjsb6ufn5qu.woff2 HTTP/2.0" 200 34328 "https://parma.elettroservicegroup.it/wp-content/cache/wpfc-minified/fpvwzn7j/2riv0.css" "Mozilla/5.0 (Windows NT 10.0; Win64; x64) AppleWebKit/537.36 (KHTML, like Gecko) Chrome/148.0.0.0 Safari/537.36"
212.28.171.54 - - [16/Jun/2026:17:31:03 +0200] "GET /wp-content/plugins/elementor/assets/lib/font-awesome/webfonts/fa-solid-900.woff2 HTTP/2.0" 200 78201 "https://parma.elettroservicegroup.it/wp-content/cache/wpfc-minified/qaafat52/2rsys.css" "Mozilla/5.0 (Windows NT 10.0; Win64; x64) AppleWebKit/537.36 (KHTML, like Gecko) Chrome/148.0.0.0 Safari/537.36"
212.28.171.54 - - [16/Jun/2026:17:31:03 +0200] "GET /wp-content/plugins/elementor/assets/lib/font-awesome/webfonts/fa-regular-400.woff2 HTTP/2.0" 200 13277 "https://parma.elettroservicegroup.it/wp-content/cache/wpfc-minified/qaafat52/2rsys.css" "Mozilla/5.0 (Windows NT 10.0; Win64; x64) AppleWebKit/537.36 (KHTML, like Gecko) Chrome/148.0.0.0 Safari/537.36"
212.28.171.54 - - [16/Jun/2026:17:31:03 +0200] "GET /wp-content/plugins/elementor/assets/js/section-frontend-handlers.d85ab872da118940910d.bundle.min.js HTTP/2.0" 200 230 "https://parma.elettroservicegroup.it/" "Mozilla/5.0 (Windows NT 10.0; Win64; x64) AppleWebKit/537.36 (KHTML, like Gecko) Chrome/148.0.0.0 Safari/537.36"
212.28.171.54 - - [16/Jun/2026:17:31:03 +0200] "GET /wp-content/plugins/elementor/assets/js/shared-frontend-handlers.03caa53373b56d3bab67.bundle.min.js HTTP/2.0" 200 2515 "https://parma.elettroservicegroup.it/" "Mozilla/5.0 (Windows NT 10.0; Win64; x64) AppleWebKit/537.36 (KHTML, like Gecko) Chrome/148.0.0.0 Safari/537.36"
212.28.171.54 - - [16/Jun/2026:17:31:03 +0200] "GET /wp-content/plugins/elementor/assets/js/text-editor.45609661e409413f1cef.bundle.min.js HTTP/2.0" 200 592 "https://parma.elettroservicegroup.it/" "Mozilla/5.0 (Windows NT 10.0; Win64; x64) AppleWebKit/537.36 (KHTML, like Gecko) Chrome/148.0.0.0 Safari/537.36"
212.28.171.54 - - [16/Jun/2026:17:31:04 +0200] "GET /wp-content/uploads/2021/10/cropped-cropped-cropped-cropped-logo_white_background-32x32.png HTTP/2.0" 200 1525 "https://parma.elettroservicegroup.it/" "Mozilla/5.0 (Windows NT 10.0; Win64; x64) AppleWebKit/537.36 (KHTML, like Gecko) Chrome/148.0.0.0 Safari/537.36"
212.28.171.54 - - [16/Jun/2026:17:31:04 +0200] "POST /wp-content/plugins/burst-statistics/endpoint.php HTTP/2.0" 200 1 "https://parma.elettroservicegroup.it/" "Mozilla/5.0 (Windows NT 10.0; Win64; x64) AppleWebKit/537.36 (KHTML, like Gecko) Chrome/148.0.0.0 Safari/537.36"
212.28.171.54 - - [16/Jun/2026:17:31:03 +0200] "GET /wp-json/complianz/v1/banner?lang=it&locale=it_IT&token=tagjk HTTP/2.0" 200 81 "https://parma.elettroservicegroup.it/" "Mozilla/5.0 (Windows NT 10.0; Win64; x64) AppleWebKit/537.36 (KHTML, like Gecko) Chrome/148.0.0.0 Safari/537.36"
212.28.171.54 - - [16/Jun/2026:17:31:05 +0200] "POST /wp-json/complianz/v1/track HTTP/2.0" 200 20 "https://parma.elettroservicegroup.it/" "Mozilla/5.0 (Windows NT 10.0; Win64; x64) AppleWebKit/537.36 (KHTML, like Gecko) Chrome/148.0.0.0 Safari/537.36"
212.28.171.54 - - [16/Jun/2026:17:34:27 +0200] "GET /wp-content/uploads/2021/10/copertina-Riparazione_Lavastoviglie-.jpg HTTP/2.0" 200 35425 "https://parma.elettroservicegroup.it/" "Mozilla/5.0 (Windows NT 10.0; Win64; x64) AppleWebKit/537.36 (KHTML, like Gecko) Chrome/148.0.0.0 Safari/537.36"
212.28.171.54 - - [16/Jun/2026:17:34:27 +0200] "GET /wp-content/uploads/2021/11/Frigorifero-combinato-e1634459015932.jpg HTTP/2.0" 200 84397 "https://parma.elettroservicegroup.it/" "Mozilla/5.0 (Windows NT 10.0; Win64; x64) AppleWebKit/537.36 (KHTML, like Gecko) Chrome/148.0.0.0 Safari/537.36"
212.28.171.54 - - [16/Jun/2026:17:34:27 +0200] "GET /wp-content/uploads/2021/10/TECNICO-FRIGO-2.jpg HTTP/2.0" 200 45005 "https://parma.elettroservicegroup.it/" "Mozilla/5.0 (Windows NT 10.0; Win64; x64) AppleWebKit/537.36 (KHTML, like Gecko) Chrome/148.0.0.0 Safari/537.36"
212.28.171.54 - - [16/Jun/2026:17:34:27 +0200] "GET /wp-content/uploads/2022/01/TECNIC-LAVATRICE-5-768x432.jpg HTTP/2.0" 200 50994 "https://parma.elettroservicegroup.it/" "Mozilla/5.0 (Windows NT 10.0; Win64; x64) AppleWebKit/537.36 (KHTML, like Gecko) Chrome/148.0.0.0 Safari/537.36"
212.28.171.54 - - [16/Jun/2026:17:34:27 +0200] "GET /wp-content/uploads/2021/11/condizionatore-bonus-1024x683.jpg HTTP/2.0" 200 55996 "https://parma.elettroservicegroup.it/" "Mozilla/5.0 (Windows NT 10.0; Win64; x64) AppleWebKit/537.36 (KHTML, like Gecko) Chrome/148.0.0.0 Safari/537.36"
212.28.171.54 - - [16/Jun/2026:17:34:27 +0200] "GET /wp-content/uploads/2021/11/forno-c-1024x682.jpg HTTP/2.0" 200 79989 "https://parma.elettroservicegroup.it/" "Mozilla/5.0 (Windows NT 10.0; Win64; x64) AppleWebKit/537.36 (KHTML, like Gecko) Chrome/148.0.0.0 Safari/537.36"
212.28.171.54 - - [16/Jun/2026:17:34:27 +0200] "GET /wp-content/uploads/2021/11/asko-e1634463631713-1024x675.jpg HTTP/2.0" 200 85925 "https://parma.elettroservicegroup.it/" "Mozilla/5.0 (Windows NT 10.0; Win64; x64) AppleWebKit/537.36 (KHTML, like Gecko) Chrome/148.0.0.0 Safari/537.36"
212.28.171.54 - - [16/Jun/2026:17:34:27 +0200] "GET /wp-content/uploads/2021/11/copertina-washing-machine-2668472_1920-1024x683.jpg HTTP/2.0" 200 106509 "https://parma.elettroservicegroup.it/" "Mozilla/5.0 (Windows NT 10.0; Win64; x64) AppleWebKit/537.36 (KHTML, like Gecko) Chrome/148.0.0.0 Safari/537.36"
212.28.171.54 - - [16/Jun/2026:17:34:33 +0200] "POST /wp-content/plugins/burst-statistics/endpoint.php HTTP/2.0" 200 1 "https://parma.elettroservicegroup.it/" "Mozilla/5.0 (Windows NT 10.0; Win64; x64) AppleWebKit/537.36 (KHTML, like Gecko) Chrome/148.0.0.0 Safari/537.36"
212.28.171.54 - - [16/Jun/2026:17:34:37 +0200] "POST /wp-content/plugins/burst-statistics/endpoint.php HTTP/2.0" 200 1 "https://parma.elettroservicegroup.it/" "Mozilla/5.0 (Windows NT 10.0; Win64; x64) AppleWebKit/537.36 (KHTML, like Gecko) Chrome/148.0.0.0 Safari/537.36"
212.28.171.54 - - [16/Jun/2026:17:38:09 +0200] "POST /wp-content/plugins/burst-statistics/endpoint.php HTTP/2.0" 200 1 "https://parma.elettroservicegroup.it/" "Mozilla/5.0 (Windows NT 10.0; Win64; x64) AppleWebKit/537.36 (KHTML, like Gecko) Chrome/148.0.0.0 Safari/537.36"
91.199.163.63 - - [16/Jun/2026:17:45:22 +0200] "POST / HTTP/1.1" 415 161085 "-" "Mozilla/5.0 Nxploited-UP/1.0"
65.108.235.243 - - [16/Jun/2026:17:45:30 +0200] "POST /wp-cron.php?doing_wp_cron=1781624730.1041469573974609375000 HTTP/1.1" 200 1 "-" "WordPress/7.0; https://parma.elettroservicegroup.it"
65.108.235.243 - - [16/Jun/2026:17:45:28 +0200] "POST /?wordfence_syncAttackData=1781624728.1063 HTTP/1.1" 200 1 "-" "WordPress/7.0; https://parma.elettroservicegroup.it"
91.199.163.63 - - [16/Jun/2026:17:45:27 +0200] "GET /wp-content/plugins/Nxploited_20f110/readme.txt HTTP/1.1" 404 87947 "-" "Mozilla/5.0 Nxploited-UP/1.0"
91.199.163.63 - - [16/Jun/2026:17:45:31 +0200] "POST / HTTP/1.1" 415 161085 "-" "Mozilla/5.0 Nxploited-UP/1.0"
91.199.163.63 - - [16/Jun/2026:17:45:32 +0200] "GET /wp-content/plugins/Nxploited_20f110/readme.txt HTTP/1.1" 404 87947 "-" "Mozilla/5.0 Nxploited-UP/1.0"
91.199.163.63 - - [16/Jun/2026:17:45:34 +0200] "POST / HTTP/1.1" 415 161085 "-" "Mozilla/5.0 Nxploited-UP/1.0"
91.199.163.63 - - [16/Jun/2026:17:45:35 +0200] "GET /wp-content/plugins/Nxploited_20f110/readme.txt HTTP/1.1" 404 87947 "-" "Mozilla/5.0 Nxploited-UP/1.0"
91.199.163.63 - - [16/Jun/2026:17:45:37 +0200] "POST / HTTP/1.1" 415 161085 "-" "Mozilla/5.0 Nxploited-UP/1.0"
91.199.163.63 - - [16/Jun/2026:17:45:38 +0200] "GET /wp-content/plugins/Nxploited_20f110/readme.txt HTTP/1.1" 404 87947 "-" "Mozilla/5.0 Nxploited-UP/1.0"
91.199.163.63 - - [16/Jun/2026:17:45:39 +0200] "POST / HTTP/1.1" 415 161085 "-" "Mozilla/5.0 Nxploited-UP/1.0"
65.108.235.243 - - [16/Jun/2026:17:45:40 +0200] "POST /?wordfence_syncAttackData=1781624740.9 HTTP/1.1" 200 1 "-" "WordPress/7.0; https://parma.elettroservicegroup.it"
65.108.235.243 - - [16/Jun/2026:17:45:42 +0200] "POST /wp-cron.php?doing_wp_cron=1781624742.5200040340423583984375 HTTP/1.1" 200 1 "-" "WordPress/7.0; https://parma.elettroservicegroup.it"
91.199.163.63 - - [16/Jun/2026:17:45:40 +0200] "GET /wp-content/plugins/Nxploited_20f110/readme.txt HTTP/1.1" 404 87947 "-" "Mozilla/5.0 Nxploited-UP/1.0"
91.199.163.63 - - [16/Jun/2026:17:45:42 +0200] "POST / HTTP/1.1" 415 161085 "-" "Mozilla/5.0 Nxploited-UP/1.0"
91.199.163.63 - - [16/Jun/2026:17:45:43 +0200] "GET /wp-content/plugins/Nxploited_20f110/readme.txt HTTP/1.1" 404 87947 "-" "Mozilla/5.0 Nxploited-UP/1.0"
91.199.163.63 - - [16/Jun/2026:17:45:45 +0200] "POST / HTTP/1.1" 415 161085 "-" "Mozilla/5.0 Nxploited-UP/1.0"
91.199.163.63 - - [16/Jun/2026:17:45:45 +0200] "GET /wp-content/plugins/Nxploited_20f110/readme.txt HTTP/1.1" 404 87947 "-" "Mozilla/5.0 Nxploited-UP/1.0"
91.199.163.63 - - [16/Jun/2026:17:45:47 +0200] "POST / HTTP/1.1" 415 161085 "-" "Mozilla/5.0 Nxploited-UP/1.0"
91.199.163.63 - - [16/Jun/2026:17:45:48 +0200] "GET /wp-content/plugins/Nxploited_20f110/readme.txt HTTP/1.1" 404 87947 "-" "Mozilla/5.0 Nxploited-UP/1.0"
91.199.163.63 - - [16/Jun/2026:17:45:48 +0200] "POST / HTTP/1.1" 415 161085 "-" "Mozilla/5.0 Nxploited-UP/1.0"
91.199.163.63 - - [16/Jun/2026:17:45:49 +0200] "GET /wp-content/plugins/Nxploited_20f110/readme.txt HTTP/1.1" 404 87947 "-" "Mozilla/5.0 Nxploited-UP/1.0"
91.199.163.63 - - [16/Jun/2026:17:45:49 +0200] "POST / HTTP/1.1" 415 161085 "-" "Mozilla/5.0 Nxploited-UP/1.0"
65.108.235.243 - - [16/Jun/2026:17:45:50 +0200] "POST /wp-cron.php?doing_wp_cron=1781624750.8046889305114746093750 HTTP/1.1" 200 1 "-" "WordPress/7.0; https://parma.elettroservicegroup.it"
65.108.235.243 - - [16/Jun/2026:17:45:50 +0200] "POST /?wordfence_syncAttackData=1781624750.3462 HTTP/1.1" 200 1 "-" "WordPress/7.0; https://parma.elettroservicegroup.it"
65.108.235.243 - - [16/Jun/2026:17:45:52 +0200] "POST /wp-cron.php?doing_wp_cron=1781624752.2031409740447998046875 HTTP/1.1" 200 1 "-" "WordPress/7.0; https://parma.elettroservicegroup.it"
91.199.163.63 - - [16/Jun/2026:17:45:50 +0200] "GET /wp-content/plugins/Nxploited_20f110/readme.txt HTTP/1.1" 404 87947 "-" "Mozilla/5.0 Nxploited-UP/1.0"
91.199.163.63 - - [16/Jun/2026:17:45:52 +0200] "POST / HTTP/1.1" 415 161085 "-" "Mozilla/5.0 Nxploited-UP/1.0"
91.199.163.63 - - [16/Jun/2026:17:45:53 +0200] "GET /wp-content/plugins/Nxploited_20f110/readme.txt HTTP/1.1" 404 87947 "-" "Mozilla/5.0 Nxploited-UP/1.0"
91.199.163.63 - - [16/Jun/2026:17:45:55 +0200] "POST / HTTP/1.1" 415 161085 "-" "Mozilla/5.0 Nxploited-UP/1.0"
91.199.163.63 - - [16/Jun/2026:17:45:55 +0200] "GET /wp-content/plugins/Nxploited_20f110/readme.txt HTTP/1.1" 404 87947 "-" "Mozilla/5.0 Nxploited-UP/1.0"
91.199.163.63 - - [16/Jun/2026:17:45:58 +0200] "POST / HTTP/1.1" 415 161085 "-" "Mozilla/5.0 Nxploited-UP/1.0"
65.108.235.243 - - [16/Jun/2026:17:45:59 +0200] "POST /?wordfence_syncAttackData=1781624759.5095 HTTP/1.1" 200 1 "-" "WordPress/7.0; https://parma.elettroservicegroup.it"
91.199.163.63 - - [16/Jun/2026:17:45:58 +0200] "GET /wp-content/plugins/Nxploited_20f110/readme.txt HTTP/1.1" 404 87947 "-" "Mozilla/5.0 Nxploited-UP/1.0"
91.199.163.63 - - [16/Jun/2026:17:46:02 +0200] "POST / HTTP/1.1" 415 161085 "-" "Mozilla/5.0 Nxploited-UP/1.0"
91.199.163.63 - - [16/Jun/2026:17:46:03 +0200] "GET /wp-content/plugins/Nxploited_20f110/readme.txt HTTP/1.1" 404 87947 "-" "Mozilla/5.0 Nxploited-UP/1.0"
91.199.163.63 - - [16/Jun/2026:17:46:05 +0200] "POST / HTTP/1.1" 415 161085 "-" "Mozilla/5.0 Nxploited-UP/1.0"
91.199.163.63 - - [16/Jun/2026:17:46:06 +0200] "GET /wp-content/plugins/Nxploited_20f110/readme.txt HTTP/1.1" 404 87947 "-" "Mozilla/5.0 Nxploited-UP/1.0"
91.199.163.63 - - [16/Jun/2026:17:46:08 +0200] "POST / HTTP/1.1" 415 161085 "-" "Mozilla/5.0 Nxploited-UP/1.0"
65.108.235.243 - - [16/Jun/2026:17:46:09 +0200] "POST /?wordfence_syncAttackData=1781624769.2124 HTTP/1.1" 200 1 "-" "WordPress/7.0; https://parma.elettroservicegroup.it"
91.199.163.63 - - [16/Jun/2026:17:46:08 +0200] "GET /wp-content/plugins/Nxploited_20f110/readme.txt HTTP/1.1" 404 87947 "-" "Mozilla/5.0 Nxploited-UP/1.0"
91.199.163.63 - - [16/Jun/2026:17:46:11 +0200] "POST / HTTP/1.1" 415 161085 "-" "Mozilla/5.0 Nxploited-UP/1.0"
91.199.163.63 - - [16/Jun/2026:17:46:11 +0200] "GET /wp-content/plugins/Nxploited_20f110/readme.txt HTTP/1.1" 404 87947 "-" "Mozilla/5.0 Nxploited-UP/1.0"
91.199.163.63 - - [16/Jun/2026:17:46:13 +0200] "POST / HTTP/1.1" 415 161085 "-" "Mozilla/5.0 Nxploited-UP/1.0"
91.199.163.63 - - [16/Jun/2026:17:46:14 +0200] "GET /wp-content/plugins/Nxploited_20f110/readme.txt HTTP/1.1" 404 87947 "-" "Mozilla/5.0 Nxploited-UP/1.0"
91.199.163.63 - - [16/Jun/2026:17:46:16 +0200] "POST / HTTP/1.1" 415 161085 "-" "Mozilla/5.0 Nxploited-UP/1.0"
91.199.163.63 - - [16/Jun/2026:17:46:16 +0200] "GET /wp-content/plugins/Nxploited_20f110/readme.txt HTTP/1.1" 404 87947 "-" "Mozilla/5.0 Nxploited-UP/1.0"
91.199.163.63 - - [16/Jun/2026:17:46:17 +0200] "POST / HTTP/1.1" 415 161085 "-" "Mozilla/5.0 Nxploited-UP/1.0"
91.199.163.63 - - [16/Jun/2026:17:46:17 +0200] "GET /wp-content/plugins/Nxploited_20f110/readme.txt HTTP/1.1" 404 87947 "-" "Mozilla/5.0 Nxploited-UP/1.0"
91.199.163.63 - - [16/Jun/2026:17:46:19 +0200] "POST / HTTP/1.1" 415 161085 "-" "Mozilla/5.0 Nxploited-UP/1.0"
65.108.235.243 - - [16/Jun/2026:17:46:20 +0200] "POST /?wordfence_syncAttackData=1781624780.116 HTTP/1.1" 200 1 "-" "WordPress/7.0; https://parma.elettroservicegroup.it"
91.199.163.63 - - [16/Jun/2026:17:46:19 +0200] "GET /wp-content/plugins/Nxploited_20f110/readme.txt HTTP/1.1" 404 87947 "-" "Mozilla/5.0 Nxploited-UP/1.0"
91.199.163.63 - - [16/Jun/2026:17:46:22 +0200] "GET /wp-content/plugins/Nxploited_20f110/readme.txt HTTP/1.1" 404 87947 "-" "Mozilla/5.0 Nxploited-UP/1.0"
91.199.163.63 - - [16/Jun/2026:17:46:23 +0200] "GET / HTTP/1.1" 415 161085 "-" "Mozilla/5.0 Nxploited-UP/1.0"
91.199.163.63 - - [16/Jun/2026:17:46:25 +0200] "GET / HTTP/1.1" 415 161085 "-" "Mozilla/5.0 Nxploited-UP/1.0"
91.199.163.63 - - [16/Jun/2026:17:46:26 +0200] "GET / HTTP/1.1" 415 161085 "-" "Mozilla/5.0 Nxploited-UP/1.0"
91.199.163.63 - - [16/Jun/2026:17:46:27 +0200] "GET / HTTP/1.1" 415 161085 "-" "Mozilla/5.0 Nxploited-UP/1.0"
91.199.163.63 - - [16/Jun/2026:17:46:29 +0200] "GET / HTTP/1.1" 415 161085 "-" "Mozilla/5.0 Nxploited-UP/1.0"
65.108.235.243 - - [16/Jun/2026:17:46:31 +0200] "POST /?wordfence_syncAttackData=1781624791.105 HTTP/1.1" 200 1 "-" "WordPress/7.0; https://parma.elettroservicegroup.it"
91.199.163.63 - - [16/Jun/2026:17:46:32 +0200] "GET / HTTP/1.1" 415 161085 "-" "Mozilla/5.0 Nxploited-UP/1.0"
91.199.163.63 - - [16/Jun/2026:17:46:35 +0200] "GET / HTTP/1.1" 415 161085 "-" "Mozilla/5.0 Nxploited-UP/1.0"
91.199.163.63 - - [16/Jun/2026:17:46:36 +0200] "GET / HTTP/1.1" 415 161085 "-" "Mozilla/5.0 Nxploited-UP/1.0"
91.199.163.63 - - [16/Jun/2026:17:46:38 +0200] "GET / HTTP/1.1" 415 161085 "-" "Mozilla/5.0 Nxploited-UP/1.0"
65.108.235.243 - - [16/Jun/2026:17:46:42 +0200] "POST /?wordfence_syncAttackData=1781624802.4164 HTTP/1.1" 200 1 "-" "WordPress/7.0; https://parma.elettroservicegroup.it"
91.199.163.63 - - [16/Jun/2026:17:46:44 +0200] "GET / HTTP/1.1" 415 161085 "-" "Mozilla/5.0 Nxploited-UP/1.0"
91.199.163.63 - - [16/Jun/2026:17:46:49 +0200] "GET / HTTP/1.1" 415 161085 "-" "Mozilla/5.0 Nxploited-UP/1.0"
65.108.235.243 - - [16/Jun/2026:17:46:53 +0200] "POST /?wordfence_syncAttackData=1781624813.3001 HTTP/1.1" 200 1 "-" "WordPress/7.0; https://parma.elettroservicegroup.it"
91.199.163.63 - - [16/Jun/2026:17:46:55 +0200] "GET / HTTP/1.1" 415 161085 "-" "Mozilla/5.0 Nxploited-UP/1.0"
65.108.235.243 - - [16/Jun/2026:17:46:53 +0200] "POST /?wordfence_syncAttackData=1781624813.7087 HTTP/1.1" 200 22530 "-" "WordPress/7.0; https://parma.elettroservicegroup.it"
91.199.163.63 - - [16/Jun/2026:17:46:59 +0200] "GET / HTTP/1.1" 415 161085 "-" "Mozilla/5.0 Nxploited-UP/1.0"
91.199.163.63 - - [16/Jun/2026:17:47:03 +0200] "GET / HTTP/1.1" 415 161085 "-" "Mozilla/5.0 Nxploited-UP/1.0"
65.108.235.243 - - [16/Jun/2026:17:47:04 +0200] "POST /?wordfence_syncAttackData=1781624824.5005 HTTP/1.1" 200 1 "-" "WordPress/7.0; https://parma.elettroservicegroup.it"
91.199.163.63 - - [16/Jun/2026:17:47:05 +0200] "GET / HTTP/1.1" 415 161085 "-" "Mozilla/5.0 Nxploited-UP/1.0"
91.199.163.63 - - [16/Jun/2026:17:47:07 +0200] "GET / HTTP/1.1" 415 161085 "-" "Mozilla/5.0 Nxploited-UP/1.0"
91.199.163.63 - - [16/Jun/2026:17:47:08 +0200] "GET / HTTP/1.1" 415 161085 "-" "Mozilla/5.0 Nxploited-UP/1.0"
91.199.163.63 - - [16/Jun/2026:17:47:11 +0200] "GET / HTTP/1.1" 415 161085 "-" "Mozilla/5.0 Nxploited-UP/1.0"
65.108.235.243 - - [16/Jun/2026:17:47:16 +0200] "POST /wp-cron.php?doing_wp_cron=1781624836.0995450019836425781250 HTTP/1.1" 200 1 "-" "WordPress/7.0; https://parma.elettroservicegroup.it"
65.108.235.243 - - [16/Jun/2026:17:47:15 +0200] "POST /?wordfence_syncAttackData=1781624835.1163 HTTP/1.1" 200 1 "-" "WordPress/7.0; https://parma.elettroservicegroup.it"
91.199.163.63 - - [16/Jun/2026:17:47:16 +0200] "GET / HTTP/1.1" 415 161085 "-" "Mozilla/5.0 Nxploited-UP/1.0"
91.199.163.63 - - [16/Jun/2026:17:47:21 +0200] "GET / HTTP/1.1" 415 161085 "-" "Mozilla/5.0 Nxploited-UP/1.0"
65.108.235.243 - - [16/Jun/2026:17:47:26 +0200] "POST /?wordfence_syncAttackData=1781624846.0149 HTTP/1.1" 200 1 "-" "WordPress/7.0; https://parma.elettroservicegroup.it"
91.199.163.63 - - [16/Jun/2026:17:47:28 +0200] "GET / HTTP/1.1" 415 161085 "-" "Mozilla/5.0 Nxploited-UP/1.0"
65.108.235.243 - - [16/Jun/2026:18:07:57 +0200] "POST /wp-cron.php?doing_wp_cron=1781626077.7416789531707763671875 HTTP/1.1" 200 1 "-" "WordPress/7.0; https://parma.elettroservicegroup.it"
65.108.235.243 - - [16/Jun/2026:18:07:57 +0200] "POST /?wordfence_syncAttackData=1781626077.3028 HTTP/1.1" 200 1 "-" "WordPress/7.0; https://parma.elettroservicegroup.it"
