34.70.139.217 - - [16/Jun/2026:18:07:59 +0200] "GET / HTTP/2.0" 200 161085 "http://www.parma.elettroservicegroup.it" "Mozilla/5.0 (compatible; CMS-Checker/1.0; +https://example.com)"
65.108.235.243 - - [16/Jun/2026:18:08:00 +0200] "POST /wp-json/complianz/v1/wsc-scan HTTP/1.1" 400 88 "-" "WordPress/7.0; https://parma.elettroservicegroup.it"
34.70.139.217 - - [16/Jun/2026:19:04:06 +0200] "GET / HTTP/1.1" 200 161085 "-" "Mozilla/5.0 (Windows NT 10.0; Win64; x64) AppleWebKit/537.36 (KHTML, like Gecko) Chrome/78.0.3904.108 Safari/537.36"
34.70.139.217 - - [16/Jun/2026:19:04:07 +0200] "GET //wp-includes/wlwmanifest.xml HTTP/1.1" 301 - "-" "Mozilla/5.0 (Windows NT 10.0; Win64; x64) AppleWebKit/537.36 (KHTML, like Gecko) Chrome/78.0.3904.108 Safari/537.36"
34.70.139.217 - - [16/Jun/2026:19:04:07 +0200] "GET //xmlrpc.php?rsd HTTP/1.1" 403 52 "-" "Mozilla/5.0 (Windows NT 10.0; Win64; x64) AppleWebKit/537.36 (KHTML, like Gecko) Chrome/78.0.3904.108 Safari/537.36"
34.70.139.217 - - [16/Jun/2026:19:04:07 +0200] "GET / HTTP/1.1" 200 161085 "-" "Mozilla/5.0 (Windows NT 10.0; Win64; x64) AppleWebKit/537.36 (KHTML, like Gecko) Chrome/78.0.3904.108 Safari/537.36"
34.70.139.217 - - [16/Jun/2026:19:04:08 +0200] "GET //?author=1 HTTP/1.1" 404 75624 "-" "Mozilla/5.0 (Windows NT 10.0; Win64; x64) AppleWebKit/537.36 (KHTML, like Gecko) Chrome/78.0.3904.108 Safari/537.36"
34.70.139.217 - - [16/Jun/2026:19:04:09 +0200] "GET //?author=2 HTTP/1.1" 404 75624 "-" "Mozilla/5.0 (Windows NT 10.0; Win64; x64) AppleWebKit/537.36 (KHTML, like Gecko) Chrome/78.0.3904.108 Safari/537.36"
34.70.139.217 - - [16/Jun/2026:19:04:09 +0200] "GET //wp-json/wp/v2/users/ HTTP/1.1" 401 108 "-" "Mozilla/5.0 (Windows NT 10.0; Win64; x64) AppleWebKit/537.36 (KHTML, like Gecko) Chrome/78.0.3904.108 Safari/537.36"
34.70.139.217 - - [16/Jun/2026:19:04:10 +0200] "GET //wp-json/oembed/1.0/embed?url=https://parma.elettroservicegroup.it/ HTTP/1.1" 200 2201 "-" "Mozilla/5.0 (Windows NT 10.0; Win64; x64) AppleWebKit/537.36 (KHTML, like Gecko) Chrome/78.0.3904.108 Safari/537.36"
34.70.139.217 - - [16/Jun/2026:19:04:10 +0200] "POST //xmlrpc.php HTTP/1.1" 403 52 "-" "Mozilla/5.0 (Windows NT 10.0; Win64; x64) AppleWebKit/537.36 (KHTML, like Gecko) Chrome/78.0.3904.108 Safari/537.36"
65.108.235.243 - - [16/Jun/2026:19:12:17 +0200] "POST /wp-cron.php?doing_wp_cron=1781629937.4133229255676269531250 HTTP/1.1" 200 1 "-" "WordPress/7.0; https://parma.elettroservicegroup.it"
95.75.21.58 - - [16/Jun/2026:19:12:07 +0200] "GET /assistenza-rex-electrolux-parma/ HTTP/2.0" 200 - "https://www.google.com/" "Mozilla/5.0 (iPhone; CPU iPhone OS 18_7 like Mac OS X) AppleWebKit/605.1.15 (KHTML, like Gecko) Version/26.4 Mobile/15E148 Safari/604.1"
95.75.21.58 - - [16/Jun/2026:19:12:14 +0200] "GET /assistenza-rex-electrolux-parma/ HTTP/2.0" 200 - "https://www.google.com/" "Mozilla/5.0 (iPhone; CPU iPhone OS 18_7 like Mac OS X) AppleWebKit/605.1.15 (KHTML, like Gecko) Version/26.4 Mobile/15E148 Safari/604.1"
95.75.21.58 - - [16/Jun/2026:19:12:16 +0200] "GET /assistenza-rex-electrolux-parma/ HTTP/2.0" 200 22880 "https://www.google.com/" "Mozilla/5.0 (iPhone; CPU iPhone OS 18_7 like Mac OS X) AppleWebKit/605.1.15 (KHTML, like Gecko) Version/26.4 Mobile/15E148 Safari/604.1"
95.75.21.58 - - [16/Jun/2026:19:12:19 +0200] "GET /wp-content/plugins/header-footer-elementor/inc/widgets-css/frontend.css?ver=2.8.8 HTTP/2.0" 200 8711 "https://parma.elettroservicegroup.it/assistenza-rex-electrolux-parma/" "Mozilla/5.0 (iPhone; CPU iPhone OS 18_7 like Mac OS X) AppleWebKit/605.1.15 (KHTML, like Gecko) Version/26.4 Mobile/15E148 Safari/604.1"
95.75.21.58 - - [16/Jun/2026:19:12:19 +0200] "GET /wp-content/plugins/complianz-gdpr-premium/assets/css/cookieblocker.min.css?ver=1781535761 HTTP/2.0" 200 615 "https://parma.elettroservicegroup.it/assistenza-rex-electrolux-parma/" "Mozilla/5.0 (iPhone; CPU iPhone OS 18_7 like Mac OS X) AppleWebKit/605.1.15 (KHTML, like Gecko) Version/26.4 Mobile/15E148 Safari/604.1"
95.75.21.58 - - [16/Jun/2026:19:12:19 +0200] "GET /wp-content/plugins/all-in-one-seo-pack/dist/Lite/assets/css/table-of-contents/global.e90f6d47.css?ver=4.9.8 HTTP/2.0" 200 420 "https://parma.elettroservicegroup.it/assistenza-rex-electrolux-parma/" "Mozilla/5.0 (iPhone; CPU iPhone OS 18_7 like Mac OS X) AppleWebKit/605.1.15 (KHTML, like Gecko) Version/26.4 Mobile/15E148 Safari/604.1"
95.75.21.58 - - [16/Jun/2026:19:12:19 +0200] "GET /wp-content/plugins/header-footer-elementor/assets/css/header-footer-elementor.css?ver=2.8.8 HTTP/2.0" 200 260 "https://parma.elettroservicegroup.it/assistenza-rex-electrolux-parma/" "Mozilla/5.0 (iPhone; CPU iPhone OS 18_7 like Mac OS X) AppleWebKit/605.1.15 (KHTML, like Gecko) Version/26.4 Mobile/15E148 Safari/604.1"
95.75.21.58 - - [16/Jun/2026:19:12:19 +0200] "GET /wp-content/uploads/elementor/css/post-14146.css?ver=1781623862 HTTP/2.0" 200 428 "https://parma.elettroservicegroup.it/assistenza-rex-electrolux-parma/" "Mozilla/5.0 (iPhone; CPU iPhone OS 18_7 like Mac OS X) AppleWebKit/605.1.15 (KHTML, like Gecko) Version/26.4 Mobile/15E148 Safari/604.1"
95.75.21.58 - - [16/Jun/2026:19:12:19 +0200] "GET /wp-content/plugins/elementor/assets/css/frontend.min.css?ver=4.1.3 HTTP/2.0" 200 6618 "https://parma.elettroservicegroup.it/assistenza-rex-electrolux-parma/" "Mozilla/5.0 (iPhone; CPU iPhone OS 18_7 like Mac OS X) AppleWebKit/605.1.15 (KHTML, like Gecko) Version/26.4 Mobile/15E148 Safari/604.1"
95.75.21.58 - - [16/Jun/2026:19:12:19 +0200] "GET /wp-content/plugins/elementor/assets/lib/font-awesome/css/v4-shims.min.css?ver=4.1.3 HTTP/2.0" 200 3986 "https://parma.elettroservicegroup.it/assistenza-rex-electrolux-parma/" "Mozilla/5.0 (iPhone; CPU iPhone OS 18_7 like Mac OS X) AppleWebKit/605.1.15 (KHTML, like Gecko) Version/26.4 Mobile/15E148 Safari/604.1"
95.75.21.58 - - [16/Jun/2026:19:12:19 +0200] "GET /wp-content/plugins/elementor/assets/lib/eicons/css/elementor-icons.min.css?ver=5.49.0 HTTP/2.0" 200 4115 "https://parma.elettroservicegroup.it/assistenza-rex-electrolux-parma/" "Mozilla/5.0 (iPhone; CPU iPhone OS 18_7 like Mac OS X) AppleWebKit/605.1.15 (KHTML, like Gecko) Version/26.4 Mobile/15E148 Safari/604.1"
95.75.21.58 - - [16/Jun/2026:19:12:19 +0200] "GET /wp-content/plugins/elementor/assets/lib/font-awesome/css/all.min.css?ver=4.1.3 HTTP/2.0" 200 12402 "https://parma.elettroservicegroup.it/assistenza-rex-electrolux-parma/" "Mozilla/5.0 (iPhone; CPU iPhone OS 18_7 like Mac OS X) AppleWebKit/605.1.15 (KHTML, like Gecko) Version/26.4 Mobile/15E148 Safari/604.1"
95.75.21.58 - - [16/Jun/2026:19:12:19 +0200] "GET /wp-content/plugins/elementor/assets/css/widget-image.min.css?ver=4.1.3 HTTP/2.0" 200 96 "https://parma.elettroservicegroup.it/assistenza-rex-electrolux-parma/" "Mozilla/5.0 (iPhone; CPU iPhone OS 18_7 like Mac OS X) AppleWebKit/605.1.15 (KHTML, like Gecko) Version/26.4 Mobile/15E148 Safari/604.1"
95.75.21.58 - - [16/Jun/2026:19:12:19 +0200] "GET /wp-content/plugins/elementor/assets/css/widget-spacer.min.css?ver=4.1.3 HTTP/2.0" 200 287 "https://parma.elettroservicegroup.it/assistenza-rex-electrolux-parma/" "Mozilla/5.0 (iPhone; CPU iPhone OS 18_7 like Mac OS X) AppleWebKit/605.1.15 (KHTML, like Gecko) Version/26.4 Mobile/15E148 Safari/604.1"
95.75.21.58 - - [16/Jun/2026:19:12:19 +0200] "GET /wp-content/plugins/elementor/assets/css/widget-heading.min.css?ver=4.1.3 HTTP/2.0" 200 127 "https://parma.elettroservicegroup.it/assistenza-rex-electrolux-parma/" "Mozilla/5.0 (iPhone; CPU iPhone OS 18_7 like Mac OS X) AppleWebKit/605.1.15 (KHTML, like Gecko) Version/26.4 Mobile/15E148 Safari/604.1"
95.75.21.58 - - [16/Jun/2026:19:12:19 +0200] "GET /wp-content/plugins/elementor/assets/lib/animations/styles/bounceIn.min.css?ver=4.1.3 HTTP/2.0" 200 186 "https://parma.elettroservicegroup.it/assistenza-rex-electrolux-parma/" "Mozilla/5.0 (iPhone; CPU iPhone OS 18_7 like Mac OS X) AppleWebKit/605.1.15 (KHTML, like Gecko) Version/26.4 Mobile/15E148 Safari/604.1"
95.75.21.58 - - [16/Jun/2026:19:12:19 +0200] "GET /wp-content/plugins/elementor/assets/lib/animations/styles/zoomIn.min.css?ver=4.1.3 HTTP/2.0" 200 87 "https://parma.elettroservicegroup.it/assistenza-rex-electrolux-parma/" "Mozilla/5.0 (iPhone; CPU iPhone OS 18_7 like Mac OS X) AppleWebKit/605.1.15 (KHTML, like Gecko) Version/26.4 Mobile/15E148 Safari/604.1"
95.75.21.58 - - [16/Jun/2026:19:12:19 +0200] "GET /wp-content/uploads/elementor/css/post-14366.css?ver=1781623862 HTTP/2.0" 200 302 "https://parma.elettroservicegroup.it/assistenza-rex-electrolux-parma/" "Mozilla/5.0 (iPhone; CPU iPhone OS 18_7 like Mac OS X) AppleWebKit/605.1.15 (KHTML, like Gecko) Version/26.4 Mobile/15E148 Safari/604.1"
95.75.21.58 - - [16/Jun/2026:19:12:19 +0200] "GET /wp-content/uploads/elementor/css/post-17354.css?ver=1781629937 HTTP/2.0" 200 2167 "https://parma.elettroservicegroup.it/assistenza-rex-electrolux-parma/" "Mozilla/5.0 (iPhone; CPU iPhone OS 18_7 like Mac OS X) AppleWebKit/605.1.15 (KHTML, like Gecko) Version/26.4 Mobile/15E148 Safari/604.1"
95.75.21.58 - - [16/Jun/2026:19:12:19 +0200] "GET /wp-content/themes/generatepress/assets/css/main.min.css?ver=3.6.1 HTTP/2.0" 200 4410 "https://parma.elettroservicegroup.it/assistenza-rex-electrolux-parma/" "Mozilla/5.0 (iPhone; CPU iPhone OS 18_7 like Mac OS X) AppleWebKit/605.1.15 (KHTML, like Gecko) Version/26.4 Mobile/15E148 Safari/604.1"
95.75.21.58 - - [16/Jun/2026:19:12:19 +0200] "GET /wp-content/plugins/elementor/assets/lib/font-awesome/css/brands.css?ver=5.15.3 HTTP/2.0" 200 298 "https://parma.elettroservicegroup.it/assistenza-rex-electrolux-parma/" "Mozilla/5.0 (iPhone; CPU iPhone OS 18_7 like Mac OS X) AppleWebKit/605.1.15 (KHTML, like Gecko) Version/26.4 Mobile/15E148 Safari/604.1"
95.75.21.58 - - [16/Jun/2026:19:12:19 +0200] "GET /wp-content/plugins/elementor/assets/lib/font-awesome/css/solid.css?ver=5.15.3 HTTP/2.0" 200 299 "https://parma.elettroservicegroup.it/assistenza-rex-electrolux-parma/" "Mozilla/5.0 (iPhone; CPU iPhone OS 18_7 like Mac OS X) AppleWebKit/605.1.15 (KHTML, like Gecko) Version/26.4 Mobile/15E148 Safari/604.1"
95.75.21.58 - - [16/Jun/2026:19:12:19 +0200] "GET /wp-content/plugins/gp-premium/menu-plus/functions/css/navigation-branding-flex.min.css?ver=2.5.5 HTTP/2.0" 200 542 "https://parma.elettroservicegroup.it/assistenza-rex-electrolux-parma/" "Mozilla/5.0 (iPhone; CPU iPhone OS 18_7 like Mac OS X) AppleWebKit/605.1.15 (KHTML, like Gecko) Version/26.4 Mobile/15E148 Safari/604.1"
95.75.21.58 - - [16/Jun/2026:19:12:19 +0200] "GET /wp-content/uploads/elementor/google-fonts/css/robotoslab.css?ver=1742280362 HTTP/2.0" 200 715 "https://parma.elettroservicegroup.it/assistenza-rex-electrolux-parma/" "Mozilla/5.0 (iPhone; CPU iPhone OS 18_7 like Mac OS X) AppleWebKit/605.1.15 (KHTML, like Gecko) Version/26.4 Mobile/15E148 Safari/604.1"
95.75.21.58 - - [16/Jun/2026:19:12:19 +0200] "GET /wp-content/plugins/elementor/assets/css/widget-icon-list.min.css?ver=3.24.3 HTTP/2.0" 200 928 "https://parma.elettroservicegroup.it/assistenza-rex-electrolux-parma/" "Mozilla/5.0 (iPhone; CPU iPhone OS 18_7 like Mac OS X) AppleWebKit/605.1.15 (KHTML, like Gecko) Version/26.4 Mobile/15E148 Safari/604.1"
95.75.21.58 - - [16/Jun/2026:19:12:19 +0200] "GET /wp-content/plugins/elementor/assets/css/widget-social-icons.min.css?ver=3.24.0 HTTP/2.0" 200 1039 "https://parma.elettroservicegroup.it/assistenza-rex-electrolux-parma/" "Mozilla/5.0 (iPhone; CPU iPhone OS 18_7 like Mac OS X) AppleWebKit/605.1.15 (KHTML, like Gecko) Version/26.4 Mobile/15E148 Safari/604.1"
95.75.21.58 - - [16/Jun/2026:19:12:19 +0200] "GET /wp-content/plugins/elementor/assets/lib/eicons/css/elementor-icons.min.css?ver=5.34.0 HTTP/2.0" 200 4115 "https://parma.elettroservicegroup.it/assistenza-rex-electrolux-parma/" "Mozilla/5.0 (iPhone; CPU iPhone OS 18_7 like Mac OS X) AppleWebKit/605.1.15 (KHTML, like Gecko) Version/26.4 Mobile/15E148 Safari/604.1"
95.75.21.58 - - [16/Jun/2026:19:12:19 +0200] "GET /wp-content/uploads/elementor/google-fonts/css/roboto.css?ver=1742280360 HTTP/2.0" 200 1880 "https://parma.elettroservicegroup.it/assistenza-rex-electrolux-parma/" "Mozilla/5.0 (iPhone; CPU iPhone OS 18_7 like Mac OS X) AppleWebKit/605.1.15 (KHTML, like Gecko) Version/26.4 Mobile/15E148 Safari/604.1"
95.75.21.58 - - [16/Jun/2026:19:12:19 +0200] "GET /wp-content/plugins/elementor/assets/lib/font-awesome/css/solid.min.css?ver=5.15.3 HTTP/2.0" 200 286 "https://parma.elettroservicegroup.it/assistenza-rex-electrolux-parma/" "Mozilla/5.0 (iPhone; CPU iPhone OS 18_7 like Mac OS X) AppleWebKit/605.1.15 (KHTML, like Gecko) Version/26.4 Mobile/15E148 Safari/604.1"
95.75.21.58 - - [16/Jun/2026:19:12:19 +0200] "GET /wp-content/plugins/elementor/assets/lib/font-awesome/css/regular.min.css?ver=5.15.3 HTTP/2.0" 200 282 "https://parma.elettroservicegroup.it/assistenza-rex-electrolux-parma/" "Mozilla/5.0 (iPhone; CPU iPhone OS 18_7 like Mac OS X) AppleWebKit/605.1.15 (KHTML, like Gecko) Version/26.4 Mobile/15E148 Safari/604.1"
95.75.21.58 - - [16/Jun/2026:19:12:19 +0200] "GET /wp-content/plugins/burst-statistics/assets/js/timeme/timeme.min.js?ver=1780499187 HTTP/2.0" 200 1835 "https://parma.elettroservicegroup.it/assistenza-rex-electrolux-parma/" "Mozilla/5.0 (iPhone; CPU iPhone OS 18_7 like Mac OS X) AppleWebKit/605.1.15 (KHTML, like Gecko) Version/26.4 Mobile/15E148 Safari/604.1"
95.75.21.58 - - [16/Jun/2026:19:12:19 +0200] "GET /wp-content/uploads/burst/js/burst.min.js?ver=1781603717 HTTP/2.0" 200 3381 "https://parma.elettroservicegroup.it/assistenza-rex-electrolux-parma/" "Mozilla/5.0 (iPhone; CPU iPhone OS 18_7 like Mac OS X) AppleWebKit/605.1.15 (KHTML, like Gecko) Version/26.4 Mobile/15E148 Safari/604.1"
95.75.21.58 - - [16/Jun/2026:19:12:19 +0200] "GET /wp-content/plugins/elementor/assets/lib/font-awesome/js/v4-shims.min.js?ver=4.1.3 HTTP/2.0" 200 4043 "https://parma.elettroservicegroup.it/assistenza-rex-electrolux-parma/" "Mozilla/5.0 (iPhone; CPU iPhone OS 18_7 like Mac OS X) AppleWebKit/605.1.15 (KHTML, like Gecko) Version/26.4 Mobile/15E148 Safari/604.1"
95.75.21.58 - - [16/Jun/2026:19:12:19 +0200] "GET /wp-content/plugins/elementor/assets/lib/font-awesome/css/fontawesome.css?ver=5.15.3 HTTP/2.0" 200 12535 "https://parma.elettroservicegroup.it/assistenza-rex-electrolux-parma/" "Mozilla/5.0 (iPhone; CPU iPhone OS 18_7 like Mac OS X) AppleWebKit/605.1.15 (KHTML, like Gecko) Version/26.4 Mobile/15E148 Safari/604.1"
65.108.235.243 - - [16/Jun/2026:19:12:19 +0200] "POST /wp-json/complianz/v1/wsc-scan HTTP/1.1" 400 88 "-" "WordPress/7.0; https://parma.elettroservicegroup.it"
95.75.21.58 - - [16/Jun/2026:19:12:19 +0200] "GET /wp-content/uploads/2021/10/cropped-cropped-cropped-logo_white_background.png HTTP/2.0" 200 38971 "https://parma.elettroservicegroup.it/assistenza-rex-electrolux-parma/" "Mozilla/5.0 (iPhone; CPU iPhone OS 18_7 like Mac OS X) AppleWebKit/605.1.15 (KHTML, like Gecko) Version/26.4 Mobile/15E148 Safari/604.1"
95.75.21.58 - - [16/Jun/2026:19:12:19 +0200] "GET /wp-content/plugins/elementor/assets/lib/font-awesome/css/fontawesome.min.css?ver=5.15.3 HTTP/2.0" 200 12179 "https://parma.elettroservicegroup.it/assistenza-rex-electrolux-parma/" "Mozilla/5.0 (iPhone; CPU iPhone OS 18_7 like Mac OS X) AppleWebKit/605.1.15 (KHTML, like Gecko) Version/26.4 Mobile/15E148 Safari/604.1"
95.75.21.58 - - [16/Jun/2026:19:12:19 +0200] "GET /wp-includes/js/jquery/jquery-migrate.min.js?ver=3.4.1 HTTP/2.0" 200 4685 "https://parma.elettroservicegroup.it/assistenza-rex-electrolux-parma/" "Mozilla/5.0 (iPhone; CPU iPhone OS 18_7 like Mac OS X) AppleWebKit/605.1.15 (KHTML, like Gecko) Version/26.4 Mobile/15E148 Safari/604.1"
95.75.21.58 - - [16/Jun/2026:19:12:19 +0200] "GET /wp-content/plugins/gp-premium/menu-plus/functions/js/sticky.min.js?ver=2.5.5 HTTP/2.0" 200 2670 "https://parma.elettroservicegroup.it/assistenza-rex-electrolux-parma/" "Mozilla/5.0 (iPhone; CPU iPhone OS 18_7 like Mac OS X) AppleWebKit/605.1.15 (KHTML, like Gecko) Version/26.4 Mobile/15E148 Safari/604.1"
95.75.21.58 - - [16/Jun/2026:19:12:19 +0200] "GET /wp-content/plugins/elementor/assets/js/webpack.runtime.min.js?ver=4.1.3 HTTP/2.0" 200 2340 "https://parma.elettroservicegroup.it/assistenza-rex-electrolux-parma/" "Mozilla/5.0 (iPhone; CPU iPhone OS 18_7 like Mac OS X) AppleWebKit/605.1.15 (KHTML, like Gecko) Version/26.4 Mobile/15E148 Safari/604.1"
95.75.21.58 - - [16/Jun/2026:19:12:19 +0200] "GET /wp-content/plugins/elementor/assets/js/frontend-modules.min.js?ver=4.1.3 HTTP/2.0" 200 15454 "https://parma.elettroservicegroup.it/assistenza-rex-electrolux-parma/" "Mozilla/5.0 (iPhone; CPU iPhone OS 18_7 like Mac OS X) AppleWebKit/605.1.15 (KHTML, like Gecko) Version/26.4 Mobile/15E148 Safari/604.1"
95.75.21.58 - - [16/Jun/2026:19:12:19 +0200] "GET /wp-includes/js/jquery/ui/core.min.js?ver=1.13.3 HTTP/2.0" 200 6820 "https://parma.elettroservicegroup.it/assistenza-rex-electrolux-parma/" "Mozilla/5.0 (iPhone; CPU iPhone OS 18_7 like Mac OS X) AppleWebKit/605.1.15 (KHTML, like Gecko) Version/26.4 Mobile/15E148 Safari/604.1"
95.75.21.58 - - [16/Jun/2026:19:12:19 +0200] "GET /wp-content/plugins/elementor/assets/js/frontend.min.js?ver=4.1.3 HTTP/2.0" 200 10140 "https://parma.elettroservicegroup.it/assistenza-rex-electrolux-parma/" "Mozilla/5.0 (iPhone; CPU iPhone OS 18_7 like Mac OS X) AppleWebKit/605.1.15 (KHTML, like Gecko) Version/26.4 Mobile/15E148 Safari/604.1"
95.75.21.58 - - [16/Jun/2026:19:12:19 +0200] "GET /wp-content/themes/generatepress/assets/js/menu.min.js?ver=3.6.1 HTTP/2.0" 200 1688 "https://parma.elettroservicegroup.it/assistenza-rex-electrolux-parma/" "Mozilla/5.0 (iPhone; CPU iPhone OS 18_7 like Mac OS X) AppleWebKit/605.1.15 (KHTML, like Gecko) Version/26.4 Mobile/15E148 Safari/604.1"
95.75.21.58 - - [16/Jun/2026:19:12:19 +0200] "GET /wp-content/themes/generatepress/assets/js/back-to-top.min.js?ver=3.6.1 HTTP/2.0" 200 336 "https://parma.elettroservicegroup.it/assistenza-rex-electrolux-parma/" "Mozilla/5.0 (iPhone; CPU iPhone OS 18_7 like Mac OS X) AppleWebKit/605.1.15 (KHTML, like Gecko) Version/26.4 Mobile/15E148 Safari/604.1"
95.75.21.58 - - [16/Jun/2026:19:12:19 +0200] "GET /wp-content/plugins/complianz-gdpr-premium/cookiebanner/js/complianz.min.js?ver=1781535760 HTTP/2.0" 200 10762 "https://parma.elettroservicegroup.it/assistenza-rex-electrolux-parma/" "Mozilla/5.0 (iPhone; CPU iPhone OS 18_7 like Mac OS X) AppleWebKit/605.1.15 (KHTML, like Gecko) Version/26.4 Mobile/15E148 Safari/604.1"
95.75.21.58 - - [16/Jun/2026:19:12:19 +0200] "GET /wp-includes/js/jquery/jquery.min.js?ver=3.7.1 HTTP/2.0" 200 29769 "https://parma.elettroservicegroup.it/assistenza-rex-electrolux-parma/" "Mozilla/5.0 (iPhone; CPU iPhone OS 18_7 like Mac OS X) AppleWebKit/605.1.15 (KHTML, like Gecko) Version/26.4 Mobile/15E148 Safari/604.1"
95.75.21.58 - - [16/Jun/2026:19:12:20 +0200] "GET /wp-content/uploads/2021/10/cropped-logo_white_background.png HTTP/2.0" 200 16623 "https://parma.elettroservicegroup.it/assistenza-rex-electrolux-parma/" "Mozilla/5.0 (iPhone; CPU iPhone OS 18_7 like Mac OS X) AppleWebKit/605.1.15 (KHTML, like Gecko) Version/26.4 Mobile/15E148 Safari/604.1"
95.75.21.58 - - [16/Jun/2026:19:12:20 +0200] "GET /wp-content/uploads/2022/01/elett5-2.jpg HTTP/2.0" 200 11223 "https://parma.elettroservicegroup.it/assistenza-rex-electrolux-parma/" "Mozilla/5.0 (iPhone; CPU iPhone OS 18_7 like Mac OS X) AppleWebKit/605.1.15 (KHTML, like Gecko) Version/26.4 Mobile/15E148 Safari/604.1"
95.75.21.58 - - [16/Jun/2026:19:12:20 +0200] "GET /wp-content/uploads/elementor/google-fonts/fonts/roboto-kfo7cnqeu92fr1me7ksn66agldtyluama3yuba.woff2 HTTP/2.0" 200 40132 "https://parma.elettroservicegroup.it/assistenza-rex-electrolux-parma/" "Mozilla/5.0 (iPhone; CPU iPhone OS 18_7 like Mac OS X) AppleWebKit/605.1.15 (KHTML, like Gecko) Version/26.4 Mobile/15E148 Safari/604.1"
95.75.21.58 - - [16/Jun/2026:19:12:20 +0200] "GET /wp-content/plugins/elementor/assets/lib/font-awesome/webfonts/fa-regular-400.woff2 HTTP/2.0" 200 13277 "https://parma.elettroservicegroup.it/assistenza-rex-electrolux-parma/" "Mozilla/5.0 (iPhone; CPU iPhone OS 18_7 like Mac OS X) AppleWebKit/605.1.15 (KHTML, like Gecko) Version/26.4 Mobile/15E148 Safari/604.1"
95.75.21.58 - - [16/Jun/2026:19:12:20 +0200] "GET /wp-content/plugins/elementor/assets/lib/font-awesome/webfonts/fa-solid-900.woff2 HTTP/2.0" 200 78201 "https://parma.elettroservicegroup.it/assistenza-rex-electrolux-parma/" "Mozilla/5.0 (iPhone; CPU iPhone OS 18_7 like Mac OS X) AppleWebKit/605.1.15 (KHTML, like Gecko) Version/26.4 Mobile/15E148 Safari/604.1"
95.75.21.58 - - [16/Jun/2026:19:12:20 +0200] "GET /wp-content/plugins/elementor/assets/js/section-frontend-handlers.d85ab872da118940910d.bundle.min.js HTTP/2.0" 200 230 "https://parma.elettroservicegroup.it/assistenza-rex-electrolux-parma/" "Mozilla/5.0 (iPhone; CPU iPhone OS 18_7 like Mac OS X) AppleWebKit/605.1.15 (KHTML, like Gecko) Version/26.4 Mobile/15E148 Safari/604.1"
95.75.21.58 - - [16/Jun/2026:19:12:20 +0200] "GET /wp-content/plugins/elementor/assets/js/text-editor.45609661e409413f1cef.bundle.min.js HTTP/2.0" 200 592 "https://parma.elettroservicegroup.it/assistenza-rex-electrolux-parma/" "Mozilla/5.0 (iPhone; CPU iPhone OS 18_7 like Mac OS X) AppleWebKit/605.1.15 (KHTML, like Gecko) Version/26.4 Mobile/15E148 Safari/604.1"
95.75.21.58 - - [16/Jun/2026:19:12:20 +0200] "GET /wp-content/plugins/elementor/assets/js/shared-frontend-handlers.03caa53373b56d3bab67.bundle.min.js HTTP/2.0" 200 2515 "https://parma.elettroservicegroup.it/assistenza-rex-electrolux-parma/" "Mozilla/5.0 (iPhone; CPU iPhone OS 18_7 like Mac OS X) AppleWebKit/605.1.15 (KHTML, like Gecko) Version/26.4 Mobile/15E148 Safari/604.1"
95.75.21.58 - - [16/Jun/2026:19:12:20 +0200] "GET /wp-content/uploads/2022/01/tecnico-elettro-2.jpg HTTP/2.0" 200 59916 "https://parma.elettroservicegroup.it/assistenza-rex-electrolux-parma/" "Mozilla/5.0 (iPhone; CPU iPhone OS 18_7 like Mac OS X) AppleWebKit/605.1.15 (KHTML, like Gecko) Version/26.4 Mobile/15E148 Safari/604.1"
95.75.21.58 - - [16/Jun/2026:19:12:20 +0200] "GET /wp-json/complianz/v1/banner?lang=it&locale=it_IT&token=qhuue HTTP/2.0" 200 81 "https://parma.elettroservicegroup.it/assistenza-rex-electrolux-parma/" "Mozilla/5.0 (iPhone; CPU iPhone OS 18_7 like Mac OS X) AppleWebKit/605.1.15 (KHTML, like Gecko) Version/26.4 Mobile/15E148 Safari/604.1"
95.75.21.58 - - [16/Jun/2026:19:12:20 +0200] "POST /wp-content/plugins/burst-statistics/endpoint.php HTTP/2.0" 200 1 "https://parma.elettroservicegroup.it/assistenza-rex-electrolux-parma/" "Mozilla/5.0 (iPhone; CPU iPhone OS 18_7 like Mac OS X) AppleWebKit/605.1.15 (KHTML, like Gecko) Version/26.4 Mobile/15E148 Safari/604.1"
95.75.21.58 - - [16/Jun/2026:19:12:20 +0200] "GET /wp-content/uploads/complianz/css/banner-1-optin.css?v=46 HTTP/2.0" 200 2857 "https://parma.elettroservicegroup.it/assistenza-rex-electrolux-parma/" "Mozilla/5.0 (iPhone; CPU iPhone OS 18_7 like Mac OS X) AppleWebKit/605.1.15 (KHTML, like Gecko) Version/26.4 Mobile/15E148 Safari/604.1"
95.75.21.58 - - [16/Jun/2026:19:12:20 +0200] "GET /wp-json/complianz/v1/cookie_data HTTP/2.0" 200 81 "https://parma.elettroservicegroup.it/assistenza-rex-electrolux-parma/" "Mozilla/5.0 (iPhone; CPU iPhone OS 18_7 like Mac OS X) AppleWebKit/605.1.15 (KHTML, like Gecko) Version/26.4 Mobile/15E148 Safari/604.1"
95.75.21.58 - - [16/Jun/2026:19:12:21 +0200] "GET /wp-content/uploads/2021/10/cropped-cropped-cropped-cropped-logo_white_background-192x192.png HTTP/2.0" 200 19089 "https://parma.elettroservicegroup.it/assistenza-rex-electrolux-parma/" "Mozilla/5.0 (iPhone; CPU iPhone OS 18_7 like Mac OS X) AppleWebKit/605.1.15 (KHTML, like Gecko) Version/26.4 Mobile/15E148 Safari/604.1"
95.75.21.58 - - [16/Jun/2026:19:12:21 +0200] "GET /wp-content/uploads/2021/10/cropped-cropped-cropped-cropped-logo_white_background-32x32.png HTTP/2.0" 200 1525 "https://parma.elettroservicegroup.it/assistenza-rex-electrolux-parma/" "Mozilla/5.0 (iPhone; CPU iPhone OS 18_7 like Mac OS X) AppleWebKit/605.1.15 (KHTML, like Gecko) Version/26.4 Mobile/15E148 Safari/604.1"
95.75.21.58 - - [16/Jun/2026:19:12:23 +0200] "POST /wp-json/complianz/v1/track HTTP/2.0" 200 20 "https://parma.elettroservicegroup.it/assistenza-rex-electrolux-parma/" "Mozilla/5.0 (iPhone; CPU iPhone OS 18_7 like Mac OS X) AppleWebKit/605.1.15 (KHTML, like Gecko) Version/26.4 Mobile/15E148 Safari/604.1"
95.75.21.58 - - [16/Jun/2026:19:12:36 +0200] "POST /wp-content/plugins/burst-statistics/endpoint.php HTTP/2.0" 200 1 "https://parma.elettroservicegroup.it/assistenza-rex-electrolux-parma/" "Mozilla/5.0 (iPhone; CPU iPhone OS 18_7 like Mac OS X) AppleWebKit/605.1.15 (KHTML, like Gecko) Version/26.4 Mobile/15E148 Safari/604.1"
95.75.21.58 - - [16/Jun/2026:19:13:03 +0200] "POST /wp-content/plugins/burst-statistics/endpoint.php HTTP/2.0" 200 1 "https://parma.elettroservicegroup.it/assistenza-rex-electrolux-parma/" "Mozilla/5.0 (iPhone; CPU iPhone OS 18_7 like Mac OS X) AppleWebKit/605.1.15 (KHTML, like Gecko) Version/26.4 Mobile/15E148 Safari/604.1"
65.108.235.243 - - [16/Jun/2026:19:45:36 +0200] "POST /wp-cron.php?doing_wp_cron=1781631936.1002480983734130859375 HTTP/1.1" 200 1 "-" "WordPress/7.0; https://parma.elettroservicegroup.it"
195.63.31.106 - - [16/Jun/2026:19:45:24 +0200] "GET /wp-login.php HTTP/2.0" 200 3299 "-" "Mozilla/5.0 (Windows NT 10.0; Win64; x64; rv:133.0) Gecko/20100101 Firefox/133.0"
195.63.31.106 - - [16/Jun/2026:19:45:37 +0200] "GET /wp-login.php?wp_lang=en_US HTTP/2.0" 200 2532 "-" "Mozilla/5.0 (Windows NT 10.0; Win64; x64) AppleWebKit/537.36 (KHTML, like Gecko) Chrome/124.0.0.0 Safari/537.36"
195.63.31.106 - - [16/Jun/2026:19:45:39 +0200] "POST /wp-login.php?wp_lang=en_US HTTP/2.0" 200 2651 "https://parma.elettroservicegroup.it/wp-login.php?wp_lang=en_US" "Mozilla/5.0 (Windows NT 10.0; Win64; x64) AppleWebKit/537.36 (KHTML, like Gecko) Chrome/124.0.0.0 Safari/537.36"
65.108.235.243 - - [16/Jun/2026:19:45:45 +0200] "POST /wp-cron.php?doing_wp_cron=1781631945.5092859268188476562500 HTTP/1.1" 200 1 "-" "WordPress/7.0; https://parma.elettroservicegroup.it"
209.50.165.21 - - [16/Jun/2026:19:45:43 +0200] "GET /wp-login.php?wp_lang=en_US HTTP/2.0" 200 2532 "-" "Mozilla/5.0 (Windows NT 10.0; Win64; x64) AppleWebKit/537.36 (KHTML, like Gecko) Chrome/124.0.0.0 Safari/537.36"
209.50.165.21 - - [16/Jun/2026:19:45:46 +0200] "POST /wp-login.php?wp_lang=en_US HTTP/2.0" 200 2651 "https://parma.elettroservicegroup.it/wp-login.php?wp_lang=en_US" "Mozilla/5.0 (Windows NT 10.0; Win64; x64) AppleWebKit/537.36 (KHTML, like Gecko) Chrome/124.0.0.0 Safari/537.36"
65.108.235.243 - - [16/Jun/2026:19:45:52 +0200] "POST /wp-cron.php?doing_wp_cron=1781631952.8045690059661865234375 HTTP/1.1" 200 1 "-" "WordPress/7.0; https://parma.elettroservicegroup.it"
209.50.168.53 - - [16/Jun/2026:19:45:50 +0200] "GET /wp-login.php?wp_lang=en_US HTTP/2.0" 200 2532 "-" "Mozilla/5.0 (Macintosh; Intel Mac OS X 10_15_7) AppleWebKit/605.1.15 (KHTML, like Gecko) Version/18.0 Safari/605.1.15"
209.50.168.53 - - [16/Jun/2026:19:45:53 +0200] "POST /wp-login.php?wp_lang=en_US HTTP/2.0" 200 2651 "https://parma.elettroservicegroup.it/wp-login.php?wp_lang=en_US" "Mozilla/5.0 (Macintosh; Intel Mac OS X 10_15_7) AppleWebKit/605.1.15 (KHTML, like Gecko) Version/18.0 Safari/605.1.15"
65.108.235.243 - - [16/Jun/2026:19:46:00 +0200] "POST /wp-cron.php?doing_wp_cron=1781631960.6080639362335205078125 HTTP/1.1" 200 1 "-" "WordPress/7.0; https://parma.elettroservicegroup.it"
45.3.37.120 - - [16/Jun/2026:19:45:58 +0200] "GET /wp-login.php?wp_lang=en_US HTTP/2.0" 200 2532 "-" "Mozilla/5.0 (Macintosh; Intel Mac OS X 10_15_7) AppleWebKit/605.1.15 (KHTML, like Gecko) Version/18.0 Safari/605.1.15"
45.3.37.120 - - [16/Jun/2026:19:46:01 +0200] "POST /wp-login.php?wp_lang=en_US HTTP/2.0" 200 2651 "https://parma.elettroservicegroup.it/wp-login.php?wp_lang=en_US" "Mozilla/5.0 (Macintosh; Intel Mac OS X 10_15_7) AppleWebKit/605.1.15 (KHTML, like Gecko) Version/18.0 Safari/605.1.15"
209.50.176.85 - - [16/Jun/2026:19:46:06 +0200] "GET /wp-login.php?wp_lang=en_US HTTP/2.0" 200 2532 "-" "Mozilla/5.0 (Windows NT 10.0; Win64; x64; rv:133.0) Gecko/20100101 Firefox/133.0"
65.108.235.243 - - [16/Jun/2026:19:46:12 +0200] "POST /wp-cron.php?doing_wp_cron=1781631972.5064690113067626953125 HTTP/1.1" 200 1 "-" "WordPress/7.0; https://parma.elettroservicegroup.it"
209.50.176.85 - - [16/Jun/2026:19:46:09 +0200] "POST /wp-login.php?wp_lang=en_US HTTP/2.0" 200 2651 "https://parma.elettroservicegroup.it/wp-login.php?wp_lang=en_US" "Mozilla/5.0 (Windows NT 10.0; Win64; x64; rv:133.0) Gecko/20100101 Firefox/133.0"
216.26.231.98 - - [16/Jun/2026:19:46:14 +0200] "GET /wp-login.php?wp_lang=en_US HTTP/2.0" 200 2532 "-" "Mozilla/5.0 (Windows NT 10.0; Win64; x64) AppleWebKit/537.36 (KHTML, like Gecko) Chrome/124.0.0.0 Safari/537.36"
216.26.231.98 - - [16/Jun/2026:19:46:16 +0200] "POST /wp-login.php?wp_lang=en_US HTTP/2.0" 200 2651 "https://parma.elettroservicegroup.it/wp-login.php?wp_lang=en_US" "Mozilla/5.0 (Windows NT 10.0; Win64; x64) AppleWebKit/537.36 (KHTML, like Gecko) Chrome/124.0.0.0 Safari/537.36"
104.207.41.211 - - [16/Jun/2026:19:46:19 +0200] "GET /wp-login.php?wp_lang=en_US HTTP/2.0" 200 11757 "-" "Mozilla/5.0 (Windows NT 10.0; Win64; x64) AppleWebKit/537.36 (KHTML, like Gecko) Chrome/124.0.0.0 Safari/537.36"
209.50.167.58 - - [16/Jun/2026:19:46:20 +0200] "GET /wp-login.php?wp_lang=en_US HTTP/2.0" 200 2532 "-" "Mozilla/5.0 (Windows NT 10.0; Win64; x64; rv:133.0) Gecko/20100101 Firefox/133.0"
209.50.167.58 - - [16/Jun/2026:19:46:21 +0200] "POST /wp-login.php?wp_lang=en_US HTTP/2.0" 200 2651 "https://parma.elettroservicegroup.it/wp-login.php?wp_lang=en_US" "Mozilla/5.0 (Windows NT 10.0; Win64; x64; rv:133.0) Gecko/20100101 Firefox/133.0"
216.26.237.209 - - [16/Jun/2026:19:46:22 +0200] "GET /wp-login.php?wp_lang=en_US HTTP/2.0" 200 11798 "-" "Mozilla/5.0 (Macintosh; Intel Mac OS X 10_15_7) AppleWebKit/605.1.15 (KHTML, like Gecko) Version/18.0 Safari/605.1.15"
65.111.23.25 - - [16/Jun/2026:19:46:23 +0200] "GET /wp-login.php?wp_lang=en_US HTTP/2.0" 200 11812 "-" "Mozilla/5.0 (Windows NT 10.0; Win64; x64) AppleWebKit/537.36 (KHTML, like Gecko) Chrome/124.0.0.0 Safari/537.36"
104.207.41.25 - - [16/Jun/2026:19:46:24 +0200] "GET /wp-login.php?wp_lang=en_US HTTP/2.0" 200 2532 "-" "Mozilla/5.0 (Windows NT 10.0; Win64; x64) AppleWebKit/537.36 (KHTML, like Gecko) Chrome/124.0.0.0 Safari/537.36"
104.207.41.25 - - [16/Jun/2026:19:46:25 +0200] "POST /wp-login.php?wp_lang=en_US HTTP/2.0" 200 2651 "https://parma.elettroservicegroup.it/wp-login.php?wp_lang=en_US" "Mozilla/5.0 (Windows NT 10.0; Win64; x64) AppleWebKit/537.36 (KHTML, like Gecko) Chrome/124.0.0.0 Safari/537.36"
151.123.176.64 - - [16/Jun/2026:19:46:27 +0200] "GET /wp-login.php?wp_lang=en_US HTTP/2.0" 200 2532 "-" "Mozilla/5.0 (Windows NT 10.0; Win64; x64) AppleWebKit/537.36 (KHTML, like Gecko) Chrome/124.0.0.0 Safari/537.36"
151.123.176.64 - - [16/Jun/2026:19:46:27 +0200] "POST /wp-login.php?wp_lang=en_US HTTP/2.0" 200 2651 "https://parma.elettroservicegroup.it/wp-login.php?wp_lang=en_US" "Mozilla/5.0 (Windows NT 10.0; Win64; x64) AppleWebKit/537.36 (KHTML, like Gecko) Chrome/124.0.0.0 Safari/537.36"
65.111.6.115 - - [16/Jun/2026:19:46:30 +0200] "GET /wp-login.php?wp_lang=en_US HTTP/2.0" 200 2532 "-" "Mozilla/5.0 (Windows NT 10.0; Win64; x64; rv:133.0) Gecko/20100101 Firefox/133.0"
65.111.6.115 - - [16/Jun/2026:19:46:31 +0200] "POST /wp-login.php?wp_lang=en_US HTTP/2.0" 200 2651 "https://parma.elettroservicegroup.it/wp-login.php?wp_lang=en_US" "Mozilla/5.0 (Windows NT 10.0; Win64; x64; rv:133.0) Gecko/20100101 Firefox/133.0"
209.50.171.181 - - [16/Jun/2026:19:46:33 +0200] "GET /wp-login.php?wp_lang=en_US HTTP/2.0" 200 2532 "-" "Mozilla/5.0 (Macintosh; Intel Mac OS X 10_15_7) AppleWebKit/605.1.15 (KHTML, like Gecko) Version/18.0 Safari/605.1.15"
209.50.171.181 - - [16/Jun/2026:19:46:34 +0200] "POST /wp-login.php?wp_lang=en_US HTTP/2.0" 200 2651 "https://parma.elettroservicegroup.it/wp-login.php?wp_lang=en_US" "Mozilla/5.0 (Macintosh; Intel Mac OS X 10_15_7) AppleWebKit/605.1.15 (KHTML, like Gecko) Version/18.0 Safari/605.1.15"
198.235.24.60 - - [16/Jun/2026:20:29:37 +0200] "GET / HTTP/1.1" 200 161085 "-" "Hello from Palo Alto Networks, find out more about our scans in https://docs-cortex.paloaltonetworks.com/r/1/Cortex-Xpanse/Scanning-activity"
65.108.235.243 - - [16/Jun/2026:20:32:00 +0200] "POST /wp-json/complianz/v1/wsc-scan HTTP/1.1" 400 88 "-" "WordPress/7.0; https://parma.elettroservicegroup.it"
65.108.235.243 - - [16/Jun/2026:20:32:00 +0200] "POST /wp-admin/admin-ajax.php?action=wordfence_testAjax HTTP/1.1" 200 16 "-" "WordPress/7.0; https://parma.elettroservicegroup.it"
65.108.235.243 - - [16/Jun/2026:20:32:01 +0200] "GET /wp-admin/admin-ajax.php?action=wordfence_doScan&isFork=0&scanMode=quick&cronKey=e973be250d7f85001be2d4c1167731c9&signature=dd0b8ca42627826eebf6f1708d667d1432ead07be0d24e3ef37188aee569b303 HTTP/1.1" 200 1 "-" "WordPress/7.0; https://parma.elettroservicegroup.it"
141.98.11.134 - - [16/Jun/2026:20:42:54 +0200] "GET / HTTP/1.1" 200 11774 "-" "Mozilla/5.0 (X11; Linux x86_64) AppleWebKit/537.36"
65.108.235.243 - - [16/Jun/2026:21:26:16 +0200] "POST /wp-cron.php?doing_wp_cron=1781637976.7737081050872802734375 HTTP/1.1" 200 1 "-" "WordPress/7.0; https://parma.elettroservicegroup.it"
216.73.217.139 - - [16/Jun/2026:21:26:14 +0200] "GET /robots.txt HTTP/2.0" 200 104 "-" "Mozilla/5.0 AppleWebKit/537.36 (KHTML, like Gecko; compatible; ClaudeBot/1.0; +claudebot@anthropic.com)"
65.108.235.243 - - [16/Jun/2026:21:26:31 +0200] "POST /wp-cron.php?doing_wp_cron=1781637991.0370590686798095703125 HTTP/1.1" 200 1 "-" "WordPress/7.0; https://parma.elettroservicegroup.it"
216.73.217.139 - - [16/Jun/2026:21:26:30 +0200] "GET /sitemap.xml HTTP/2.0" 200 314 "-" "Mozilla/5.0 AppleWebKit/537.36 (KHTML, like Gecko; compatible; ClaudeBot/1.0; +claudebot@anthropic.com)"
65.108.235.243 - - [16/Jun/2026:21:38:46 +0200] "POST /wp-cron.php?doing_wp_cron=1781638726.8300259113311767578125 HTTP/1.1" 200 1 "-" "WordPress/7.0; https://parma.elettroservicegroup.it"
183.253.72.63 - - [16/Jun/2026:21:38:44 +0200] "GET /wp-content/plugins/wp-file-manager/lib/php/connector.minimal.php HTTP/1.1" 404 17023 "-" "python-requests/2.32.5"
65.108.235.243 - - [16/Jun/2026:21:38:47 +0200] "POST /wp-json/complianz/v1/wsc-scan HTTP/1.1" 400 88 "-" "WordPress/7.0; https://parma.elettroservicegroup.it"
183.253.72.63 - - [16/Jun/2026:21:38:48 +0200] "GET /filemanager/connectors/php/connector.php HTTP/1.1" 404 17011 "-" "python-requests/2.32.5"
65.108.235.243 - - [16/Jun/2026:21:38:50 +0200] "POST /wp-cron.php?doing_wp_cron=1781638730.9122529029846191406250 HTTP/1.1" 200 1 "-" "WordPress/7.0; https://parma.elettroservicegroup.it"
183.253.72.63 - - [16/Jun/2026:21:38:50 +0200] "GET /filemanager/connectors/php/connector.minimal.php HTTP/1.1" 404 17015 "-" "python-requests/2.32.5"
183.253.72.63 - - [16/Jun/2026:21:38:53 +0200] "GET /filemanager/connectors/php/elFinderConnector.class.php HTTP/1.1" 404 17025 "-" "python-requests/2.32.5"
183.253.72.63 - - [16/Jun/2026:21:38:56 +0200] "GET /elfinder/php/connector.minimal.php HTTP/1.1" 404 17011 "-" "python-requests/2.32.5"
65.108.235.243 - - [16/Jun/2026:21:38:59 +0200] "POST /wp-cron.php?doing_wp_cron=1781638739.7588999271392822265625 HTTP/1.1" 200 1 "-" "WordPress/7.0; https://parma.elettroservicegroup.it"
183.253.72.63 - - [16/Jun/2026:21:38:59 +0200] "GET /elfinder/php/connector.minimal.php HTTP/1.1" 404 17011 "-" "python-requests/2.32.5"
183.253.72.63 - - [16/Jun/2026:21:39:01 +0200] "GET /elfinder/connector.minimal.php HTTP/1.1" 404 17010 "-" "python-requests/2.32.5"
183.253.72.63 - - [16/Jun/2026:21:39:04 +0200] "GET /elFinder/php/connector.minimal.php HTTP/1.1" 404 17011 "-" "python-requests/2.32.5"
183.253.72.63 - - [16/Jun/2026:21:39:09 +0200] "GET /lib/elfinder/php/connector.minimal.php HTTP/1.1" 404 17017 "-" "python-requests/2.32.5"
65.108.235.243 - - [16/Jun/2026:21:45:43 +0200] "POST /wp-cron.php?doing_wp_cron=1781639143.8592600822448730468750 HTTP/1.1" 200 1 "-" "WordPress/7.0; https://parma.elettroservicegroup.it"
52.167.144.19 - - [16/Jun/2026:21:45:40 +0200] "GET /assistenza-lavatrici/ HTTP/2.0" 200 20609 "-" "Mozilla/5.0 AppleWebKit/537.36 (KHTML, like Gecko; compatible; bingbot/2.0; +http://www.bing.com/bingbot.htm) Chrome/116.0.1938.76 Safari/537.36"
65.108.235.243 - - [16/Jun/2026:21:55:18 +0200] "POST /wp-cron.php?doing_wp_cron=1781639718.1616630554199218750000 HTTP/1.1" 200 1 "-" "WordPress/7.0; https://parma.elettroservicegroup.it"
151.5.3.4 - - [16/Jun/2026:21:55:15 +0200] "GET /robots.txt HTTP/1.1" 301 1 "-" "Mozilla/5.0 (compatible; Googlebot/2.1; +http://www.google.com/bot.html)"
65.108.235.243 - - [16/Jun/2026:21:55:29 +0200] "POST /wp-cron.php?doing_wp_cron=1781639729.1133530139923095703125 HTTP/1.1" 200 1 "-" "WordPress/7.0; https://parma.elettroservicegroup.it"
151.5.9.4 - - [16/Jun/2026:21:55:27 +0200] "GET /robots.txt HTTP/1.1" 200 104 "-" "Mozilla/5.0 (compatible; Googlebot/2.1; +http://www.google.com/bot.html)"
151.5.13.11 - - [16/Jun/2026:21:55:33 +0200] "GET /assistenza-candy-parma//?gclid=EAIaIQobChMIwPu5t4qs3AIVAQAAAB0BAAAAEAAYACAAEgJVzfD_BwE&gclsrc=aw.ds HTTP/1.1" 301 1 "-" "Mozilla/5.0 (X11; Linux x86_64) AppleWebKit/537.36 (KHTML, like Gecko) Chrome/148.0.7778.96 Safari/537.36 Google-Macaron-Detection-Automation"
65.108.235.243 - - [16/Jun/2026:22:22:35 +0200] "POST /wp-cron.php?doing_wp_cron=1781641355.1290988922119140625000 HTTP/1.1" 200 1 "-" "WordPress/7.0; https://parma.elettroservicegroup.it"
200.155.179.252 - - [16/Jun/2026:22:22:28 +0200] "GET /assistenza-lavatrici-parma/ HTTP/2.0" 200 22767 "-" "Mozilla/5.0 (Linux; Android 6.0; Nexus 5 Build/MRA58N) AppleWebKit/537.36 (KHTML, like Gecko) Chrome/46.0.6427.1421 Mobile Safari/537.36"
141.98.240.187 - - [16/Jun/2026:22:22:38 +0200] "GET /wp-content/plugins/elementor/assets/lib/animations/styles/zoomIn.min.css?ver=4.1.3 HTTP/2.0" 200 87 "https://parma.elettroservicegroup.it/assistenza-lavatrici-parma/" "Mozilla/5.0 (Linux; Android 6.0; Nexus 5 Build/MRA58N) AppleWebKit/537.36 (KHTML, like Gecko) Chrome/46.0.6427.1421 Mobile Safari/537.36"
141.98.240.187 - - [16/Jun/2026:22:22:38 +0200] "GET /wp-content/plugins/all-in-one-seo-pack/dist/Lite/assets/css/table-of-contents/global.e90f6d47.css?ver=4.9.8 HTTP/2.0" 200 420 "https://parma.elettroservicegroup.it/assistenza-lavatrici-parma/" "Mozilla/5.0 (Linux; Android 6.0; Nexus 5 Build/MRA58N) AppleWebKit/537.36 (KHTML, like Gecko) Chrome/46.0.6427.1421 Mobile Safari/537.36"
141.98.240.187 - - [16/Jun/2026:22:22:38 +0200] "GET /wp-content/uploads/elementor/css/post-14146.css?ver=1781623862 HTTP/2.0" 200 428 "https://parma.elettroservicegroup.it/assistenza-lavatrici-parma/" "Mozilla/5.0 (Linux; Android 6.0; Nexus 5 Build/MRA58N) AppleWebKit/537.36 (KHTML, like Gecko) Chrome/46.0.6427.1421 Mobile Safari/537.36"
141.98.240.187 - - [16/Jun/2026:22:22:38 +0200] "GET /wp-content/plugins/elementor/assets/lib/eicons/css/elementor-icons.min.css?ver=5.49.0 HTTP/2.0" 200 4115 "https://parma.elettroservicegroup.it/assistenza-lavatrici-parma/" "Mozilla/5.0 (Linux; Android 6.0; Nexus 5 Build/MRA58N) AppleWebKit/537.36 (KHTML, like Gecko) Chrome/46.0.6427.1421 Mobile Safari/537.36"
141.98.240.187 - - [16/Jun/2026:22:22:38 +0200] "GET /wp-content/themes/generatepress/assets/css/main.min.css?ver=3.6.1 HTTP/2.0" 200 4410 "https://parma.elettroservicegroup.it/assistenza-lavatrici-parma/" "Mozilla/5.0 (Linux; Android 6.0; Nexus 5 Build/MRA58N) AppleWebKit/537.36 (KHTML, like Gecko) Chrome/46.0.6427.1421 Mobile Safari/537.36"
141.98.240.187 - - [16/Jun/2026:22:22:38 +0200] "GET /wp-content/plugins/header-footer-elementor/inc/widgets-css/frontend.css?ver=2.8.8 HTTP/2.0" 200 8711 "https://parma.elettroservicegroup.it/assistenza-lavatrici-parma/" "Mozilla/5.0 (Linux; Android 6.0; Nexus 5 Build/MRA58N) AppleWebKit/537.36 (KHTML, like Gecko) Chrome/46.0.6427.1421 Mobile Safari/537.36"
141.98.240.187 - - [16/Jun/2026:22:22:38 +0200] "GET /wp-content/plugins/elementor/assets/lib/font-awesome/css/v4-shims.min.css?ver=4.1.3 HTTP/2.0" 200 3986 "https://parma.elettroservicegroup.it/assistenza-lavatrici-parma/" "Mozilla/5.0 (Linux; Android 6.0; Nexus 5 Build/MRA58N) AppleWebKit/537.36 (KHTML, like Gecko) Chrome/46.0.6427.1421 Mobile Safari/537.36"
141.98.240.187 - - [16/Jun/2026:22:22:38 +0200] "GET /wp-content/plugins/elementor/assets/lib/eicons/css/elementor-icons.min.css?ver=5.34.0 HTTP/2.0" 200 4115 "https://parma.elettroservicegroup.it/assistenza-lavatrici-parma/" "Mozilla/5.0 (Linux; Android 6.0; Nexus 5 Build/MRA58N) AppleWebKit/537.36 (KHTML, like Gecko) Chrome/46.0.6427.1421 Mobile Safari/537.36"
141.98.240.187 - - [16/Jun/2026:22:22:38 +0200] "GET /wp-content/plugins/elementor/assets/css/frontend.min.css?ver=4.1.3 HTTP/2.0" 200 6618 "https://parma.elettroservicegroup.it/assistenza-lavatrici-parma/" "Mozilla/5.0 (Linux; Android 6.0; Nexus 5 Build/MRA58N) AppleWebKit/537.36 (KHTML, like Gecko) Chrome/46.0.6427.1421 Mobile Safari/537.36"
141.98.240.187 - - [16/Jun/2026:22:22:38 +0200] "GET /wp-content/plugins/complianz-gdpr-premium/assets/css/cookieblocker.min.css?ver=1781535761 HTTP/2.0" 200 615 "https://parma.elettroservicegroup.it/assistenza-lavatrici-parma/" "Mozilla/5.0 (Linux; Android 6.0; Nexus 5 Build/MRA58N) AppleWebKit/537.36 (KHTML, like Gecko) Chrome/46.0.6427.1421 Mobile Safari/537.36"
141.98.240.187 - - [16/Jun/2026:22:22:38 +0200] "GET /wp-content/uploads/elementor/css/post-17314.css?ver=1781641354 HTTP/2.0" 200 2271 "https://parma.elettroservicegroup.it/assistenza-lavatrici-parma/" "Mozilla/5.0 (Linux; Android 6.0; Nexus 5 Build/MRA58N) AppleWebKit/537.36 (KHTML, like Gecko) Chrome/46.0.6427.1421 Mobile Safari/537.36"
141.98.240.187 - - [16/Jun/2026:22:22:38 +0200] "GET /wp-content/plugins/header-footer-elementor/assets/css/header-footer-elementor.css?ver=2.8.8 HTTP/2.0" 200 260 "https://parma.elettroservicegroup.it/assistenza-lavatrici-parma/" "Mozilla/5.0 (Linux; Android 6.0; Nexus 5 Build/MRA58N) AppleWebKit/537.36 (KHTML, like Gecko) Chrome/46.0.6427.1421 Mobile Safari/537.36"
141.98.240.187 - - [16/Jun/2026:22:22:38 +0200] "GET /wp-content/plugins/elementor/assets/lib/animations/styles/bounceIn.min.css?ver=4.1.3 HTTP/2.0" 200 186 "https://parma.elettroservicegroup.it/assistenza-lavatrici-parma/" "Mozilla/5.0 (Linux; Android 6.0; Nexus 5 Build/MRA58N) AppleWebKit/537.36 (KHTML, like Gecko) Chrome/46.0.6427.1421 Mobile Safari/537.36"
141.98.240.187 - - [16/Jun/2026:22:22:38 +0200] "GET /wp-content/plugins/elementor/assets/css/widget-spacer.min.css?ver=4.1.3 HTTP/2.0" 200 287 "https://parma.elettroservicegroup.it/assistenza-lavatrici-parma/" "Mozilla/5.0 (Linux; Android 6.0; Nexus 5 Build/MRA58N) AppleWebKit/537.36 (KHTML, like Gecko) Chrome/46.0.6427.1421 Mobile Safari/537.36"
141.98.240.187 - - [16/Jun/2026:22:22:38 +0200] "GET /wp-content/plugins/elementor/assets/css/widget-heading.min.css?ver=4.1.3 HTTP/2.0" 200 127 "https://parma.elettroservicegroup.it/assistenza-lavatrici-parma/" "Mozilla/5.0 (Linux; Android 6.0; Nexus 5 Build/MRA58N) AppleWebKit/537.36 (KHTML, like Gecko) Chrome/46.0.6427.1421 Mobile Safari/537.36"
141.98.240.187 - - [16/Jun/2026:22:22:38 +0200] "GET /wp-content/uploads/elementor/css/post-14366.css?ver=1781623862 HTTP/2.0" 200 302 "https://parma.elettroservicegroup.it/assistenza-lavatrici-parma/" "Mozilla/5.0 (Linux; Android 6.0; Nexus 5 Build/MRA58N) AppleWebKit/537.36 (KHTML, like Gecko) Chrome/46.0.6427.1421 Mobile Safari/537.36"
141.98.240.187 - - [16/Jun/2026:22:22:38 +0200] "GET /wp-content/plugins/elementor/assets/css/widget-icon-list.min.css?ver=3.24.3 HTTP/2.0" 200 928 "https://parma.elettroservicegroup.it/assistenza-lavatrici-parma/" "Mozilla/5.0 (Linux; Android 6.0; Nexus 5 Build/MRA58N) AppleWebKit/537.36 (KHTML, like Gecko) Chrome/46.0.6427.1421 Mobile Safari/537.36"
141.98.240.187 - - [16/Jun/2026:22:22:38 +0200] "GET /wp-content/plugins/elementor/assets/lib/font-awesome/css/solid.css?ver=5.15.3 HTTP/2.0" 200 299 "https://parma.elettroservicegroup.it/assistenza-lavatrici-parma/" "Mozilla/5.0 (Linux; Android 6.0; Nexus 5 Build/MRA58N) AppleWebKit/537.36 (KHTML, like Gecko) Chrome/46.0.6427.1421 Mobile Safari/537.36"
141.98.240.187 - - [16/Jun/2026:22:22:38 +0200] "GET /wp-content/plugins/elementor/assets/css/widget-social-icons.min.css?ver=3.24.0 HTTP/2.0" 200 1039 "https://parma.elettroservicegroup.it/assistenza-lavatrici-parma/" "Mozilla/5.0 (Linux; Android 6.0; Nexus 5 Build/MRA58N) AppleWebKit/537.36 (KHTML, like Gecko) Chrome/46.0.6427.1421 Mobile Safari/537.36"
141.98.240.187 - - [16/Jun/2026:22:22:38 +0200] "GET /wp-content/plugins/elementor/assets/lib/font-awesome/css/brands.css?ver=5.15.3 HTTP/2.0" 200 298 "https://parma.elettroservicegroup.it/assistenza-lavatrici-parma/" "Mozilla/5.0 (Linux; Android 6.0; Nexus 5 Build/MRA58N) AppleWebKit/537.36 (KHTML, like Gecko) Chrome/46.0.6427.1421 Mobile Safari/537.36"
141.98.240.187 - - [16/Jun/2026:22:22:38 +0200] "GET /wp-content/plugins/gp-premium/menu-plus/functions/css/navigation-branding-flex.min.css?ver=2.5.5 HTTP/2.0" 200 542 "https://parma.elettroservicegroup.it/assistenza-lavatrici-parma/" "Mozilla/5.0 (Linux; Android 6.0; Nexus 5 Build/MRA58N) AppleWebKit/537.36 (KHTML, like Gecko) Chrome/46.0.6427.1421 Mobile Safari/537.36"
141.98.240.187 - - [16/Jun/2026:22:22:38 +0200] "GET /wp-content/plugins/elementor/assets/lib/font-awesome/css/all.min.css?ver=4.1.3 HTTP/2.0" 200 12402 "https://parma.elettroservicegroup.it/assistenza-lavatrici-parma/" "Mozilla/5.0 (Linux; Android 6.0; Nexus 5 Build/MRA58N) AppleWebKit/537.36 (KHTML, like Gecko) Chrome/46.0.6427.1421 Mobile Safari/537.36"
141.98.240.187 - - [16/Jun/2026:22:22:38 +0200] "GET /wp-content/plugins/elementor/assets/lib/font-awesome/css/fontawesome.css?ver=5.15.3 HTTP/2.0" 200 12535 "https://parma.elettroservicegroup.it/assistenza-lavatrici-parma/" "Mozilla/5.0 (Linux; Android 6.0; Nexus 5 Build/MRA58N) AppleWebKit/537.36 (KHTML, like Gecko) Chrome/46.0.6427.1421 Mobile Safari/537.36"
141.98.240.187 - - [16/Jun/2026:22:22:38 +0200] "GET /wp-content/uploads/elementor/google-fonts/css/robotoslab.css?ver=1742280362 HTTP/2.0" 200 715 "https://parma.elettroservicegroup.it/assistenza-lavatrici-parma/" "Mozilla/5.0 (Linux; Android 6.0; Nexus 5 Build/MRA58N) AppleWebKit/537.36 (KHTML, like Gecko) Chrome/46.0.6427.1421 Mobile Safari/537.36"
141.98.240.187 - - [16/Jun/2026:22:22:38 +0200] "GET /wp-content/uploads/elementor/google-fonts/css/roboto.css?ver=1742280360 HTTP/2.0" 200 1880 "https://parma.elettroservicegroup.it/assistenza-lavatrici-parma/" "Mozilla/5.0 (Linux; Android 6.0; Nexus 5 Build/MRA58N) AppleWebKit/537.36 (KHTML, like Gecko) Chrome/46.0.6427.1421 Mobile Safari/537.36"
141.98.240.187 - - [16/Jun/2026:22:22:38 +0200] "GET /wp-content/plugins/elementor/assets/lib/font-awesome/css/solid.min.css?ver=5.15.3 HTTP/2.0" 200 286 "https://parma.elettroservicegroup.it/assistenza-lavatrici-parma/" "Mozilla/5.0 (Linux; Android 6.0; Nexus 5 Build/MRA58N) AppleWebKit/537.36 (KHTML, like Gecko) Chrome/46.0.6427.1421 Mobile Safari/537.36"
141.98.240.187 - - [16/Jun/2026:22:22:38 +0200] "GET /wp-content/plugins/elementor/assets/lib/font-awesome/css/fontawesome.min.css?ver=5.15.3 HTTP/2.0" 200 12179 "https://parma.elettroservicegroup.it/assistenza-lavatrici-parma/" "Mozilla/5.0 (Linux; Android 6.0; Nexus 5 Build/MRA58N) AppleWebKit/537.36 (KHTML, like Gecko) Chrome/46.0.6427.1421 Mobile Safari/537.36"
141.98.240.187 - - [16/Jun/2026:22:22:38 +0200] "GET /wp-content/plugins/elementor/assets/lib/font-awesome/css/regular.min.css?ver=5.15.3 HTTP/2.0" 200 282 "https://parma.elettroservicegroup.it/assistenza-lavatrici-parma/" "Mozilla/5.0 (Linux; Android 6.0; Nexus 5 Build/MRA58N) AppleWebKit/537.36 (KHTML, like Gecko) Chrome/46.0.6427.1421 Mobile Safari/537.36"
141.98.240.187 - - [16/Jun/2026:22:22:38 +0200] "GET /wp-includes/js/jquery/jquery.min.js?ver=3.7.1 HTTP/2.0" 200 29769 "https://parma.elettroservicegroup.it/assistenza-lavatrici-parma/" "Mozilla/5.0 (Linux; Android 6.0; Nexus 5 Build/MRA58N) AppleWebKit/537.36 (KHTML, like Gecko) Chrome/46.0.6427.1421 Mobile Safari/537.36"
141.98.240.187 - - [16/Jun/2026:22:22:38 +0200] "GET /wp-includes/js/jquery/jquery-migrate.min.js?ver=3.4.1 HTTP/2.0" 200 4685 "https://parma.elettroservicegroup.it/assistenza-lavatrici-parma/" "Mozilla/5.0 (Linux; Android 6.0; Nexus 5 Build/MRA58N) AppleWebKit/537.36 (KHTML, like Gecko) Chrome/46.0.6427.1421 Mobile Safari/537.36"
141.98.240.187 - - [16/Jun/2026:22:22:38 +0200] "GET /wp-content/plugins/elementor/assets/lib/font-awesome/js/v4-shims.min.js?ver=4.1.3 HTTP/2.0" 200 4043 "https://parma.elettroservicegroup.it/assistenza-lavatrici-parma/" "Mozilla/5.0 (Linux; Android 6.0; Nexus 5 Build/MRA58N) AppleWebKit/537.36 (KHTML, like Gecko) Chrome/46.0.6427.1421 Mobile Safari/537.36"
141.98.240.187 - - [16/Jun/2026:22:22:38 +0200] "GET /wp-content/uploads/2021/10/cropped-cropped-cropped-logo_white_background.png HTTP/2.0" 206 500 "https://parma.elettroservicegroup.it/assistenza-lavatrici-parma/" "Mozilla/5.0 (Linux; Android 6.0; Nexus 5 Build/MRA58N) AppleWebKit/537.36 (KHTML, like Gecko) Chrome/46.0.6427.1421 Mobile Safari/537.36"
141.98.240.187 - - [16/Jun/2026:22:22:38 +0200] "GET /wp-content/uploads/2021/10/cropped-logo_white_background.png HTTP/2.0" 206 500 "https://parma.elettroservicegroup.it/assistenza-lavatrici-parma/" "Mozilla/5.0 (Linux; Android 6.0; Nexus 5 Build/MRA58N) AppleWebKit/537.36 (KHTML, like Gecko) Chrome/46.0.6427.1421 Mobile Safari/537.36"
141.98.240.187 - - [16/Jun/2026:22:22:38 +0200] "GET /wp-content/plugins/gp-premium/menu-plus/functions/js/sticky.min.js?ver=2.5.5 HTTP/2.0" 200 2670 "https://parma.elettroservicegroup.it/assistenza-lavatrici-parma/" "Mozilla/5.0 (Linux; Android 6.0; Nexus 5 Build/MRA58N) AppleWebKit/537.36 (KHTML, like Gecko) Chrome/46.0.6427.1421 Mobile Safari/537.36"
