57.131.49.81 - - [05/Jun/2026:14:48:43 +0200] "POST /wp-json/server-wall/v1/plugin_update HTTP/1.1" 200 11765 "-" "Mozilla/5.0 (compatible; WP-Security/1.0)"
57.131.49.81 - - [05/Jun/2026:14:48:44 +0200] "POST /?sw_p=1 HTTP/1.1" 200 11831 "-" "Mozilla/5.0 (compatible; WP-Security/1.0)"
65.108.235.243 - - [05/Jun/2026:14:48:54 +0200] "POST /wp-cron.php?doing_wp_cron=1780663734.5320079326629638671875 HTTP/1.1" 200 1 "-" "WordPress/7.0; https://brescia.elettroservicegroup.it"
76.32.25.49 - - [05/Jun/2026:14:48:46 +0200] "POST /wp-json/server-wall/v1/plugin_update HTTP/1.1" 404 136 "-" "Mozilla/5.0 (compatible; WP-Security/1.0)"
76.32.25.49 - - [05/Jun/2026:14:48:55 +0200] "POST /?rest_route=/server-wall/v1/plugin_update HTTP/1.1" 404 136 "-" "Mozilla/5.0 (compatible; WP-Security/1.0)"
76.32.25.49 - - [05/Jun/2026:14:48:57 +0200] "POST /?sw_p=1 HTTP/1.1" 200 96455 "-" "Mozilla/5.0 (compatible; WP-Security/1.0)"
172.59.219.233 - - [05/Jun/2026:14:49:02 +0200] "POST /wp-json/server-wall/v1/plugin_update HTTP/1.1" 404 136 "-" "Mozilla/5.0 (compatible; WP-Security/1.0)"
172.59.219.233 - - [05/Jun/2026:14:49:05 +0200] "POST /?rest_route=/server-wall/v1/plugin_update HTTP/1.1" 404 136 "-" "Mozilla/5.0 (compatible; WP-Security/1.0)"
172.59.219.233 - - [05/Jun/2026:14:49:06 +0200] "POST /?sw_p=1 HTTP/1.1" 200 96455 "-" "Mozilla/5.0 (compatible; WP-Security/1.0)"
98.109.59.189 - - [05/Jun/2026:14:49:09 +0200] "HEAD /wp-login.php HTTP/1.1" 200 - "-" "Mozilla/5.0 (Windows NT 10.0; Win64; x64) AppleWebKit/537.36 (KHTML, like Gecko) Chrome/124.0.0.0 Safari/537.36"
98.109.59.189 - - [05/Jun/2026:14:49:10 +0200] "GET /wp-login.php HTTP/1.1" 200 9036 "-" "Go-http-client/1.1"
98.109.59.189 - - [05/Jun/2026:14:49:11 +0200] "POST /wp-login.php HTTP/1.1" 200 9467 "https://brescia.elettroservicegroup.it/wp-login.php" "Mozilla/5.0 (Windows NT 10.0; Win64; x64) AppleWebKit/537.36 (KHTML, like Gecko) Chrome/124.0.0.0 Safari/537.36"
65.108.235.243 - - [05/Jun/2026:14:49:29 +0200] "POST /wp-cron.php?doing_wp_cron=1780663769.1445040702819824218750 HTTP/1.1" 200 1 "-" "WordPress/7.0; https://brescia.elettroservicegroup.it"
74.50.144.123 - - [05/Jun/2026:14:49:28 +0200] "HEAD /wp-login.php HTTP/1.1" 200 - "-" "Mozilla/5.0 (Windows NT 10.0; Win64; x64) AppleWebKit/537.36 (KHTML, like Gecko) Chrome/124.0.0.0 Safari/537.36"
74.50.144.123 - - [05/Jun/2026:14:49:29 +0200] "GET /wp-login.php HTTP/1.1" 200 9036 "-" "Go-http-client/1.1"
74.50.144.123 - - [05/Jun/2026:14:49:30 +0200] "POST /wp-login.php HTTP/1.1" 200 9467 "https://brescia.elettroservicegroup.it/wp-login.php" "Mozilla/5.0 (Windows NT 10.0; Win64; x64) AppleWebKit/537.36 (KHTML, like Gecko) Chrome/124.0.0.0 Safari/537.36"
57.131.49.81 - - [05/Jun/2026:14:50:50 +0200] "POST /wp-json/server-wall/v1/ping HTTP/1.1" 200 11792 "-" "Mozilla/5.0 (compatible; WP-Security/1.0)"
57.131.49.81 - - [05/Jun/2026:14:50:50 +0200] "POST /?rest_route=/server-wall/v1/ping HTTP/1.1" 200 11801 "-" "Mozilla/5.0 (compatible; WP-Security/1.0)"
57.131.49.81 - - [05/Jun/2026:14:50:50 +0200] "POST /?sw_p=1 HTTP/1.1" 200 11770 "-" "Mozilla/5.0 (compatible; WP-Security/1.0)"
65.108.235.243 - - [05/Jun/2026:14:50:54 +0200] "POST /wp-cron.php?doing_wp_cron=1780663854.5037379264831542968750 HTTP/1.1" 200 1 "-" "WordPress/7.0; https://brescia.elettroservicegroup.it"
70.126.32.159 - - [05/Jun/2026:14:50:53 +0200] "POST /wp-json/server-wall/v1/ping HTTP/1.1" 404 136 "-" "Mozilla/5.0 (compatible; WP-Security/1.0)"
70.126.32.159 - - [05/Jun/2026:14:50:54 +0200] "POST /?rest_route=/server-wall/v1/ping HTTP/1.1" 404 136 "-" "Mozilla/5.0 (compatible; WP-Security/1.0)"
70.126.32.159 - - [05/Jun/2026:14:50:55 +0200] "POST /?sw_p=1 HTTP/1.1" 200 96455 "-" "Mozilla/5.0 (compatible; WP-Security/1.0)"
174.194.1.120 - - [05/Jun/2026:14:50:59 +0200] "POST /wp-json/server-wall/v1/ping HTTP/1.1" 404 136 "-" "Mozilla/5.0 (compatible; WP-Security/1.0)"
174.194.1.120 - - [05/Jun/2026:14:50:59 +0200] "POST /?rest_route=/server-wall/v1/ping HTTP/1.1" 404 136 "-" "Mozilla/5.0 (compatible; WP-Security/1.0)"
174.194.1.120 - - [05/Jun/2026:14:50:59 +0200] "POST /?sw_p=1 HTTP/1.1" 200 96455 "-" "Mozilla/5.0 (compatible; WP-Security/1.0)"
65.108.235.243 - - [05/Jun/2026:16:00:55 +0200] "POST /wp-cron.php?doing_wp_cron=1780668055.3318760395050048828125 HTTP/1.1" 200 1 "-" "WordPress/7.0; https://brescia.elettroservicegroup.it"
66.249.70.8 - - [05/Jun/2026:16:00:52 +0200] "GET /attachment-sitemap.xml HTTP/1.1" 200 2434 "-" "Mozilla/5.0 (compatible; Googlebot/2.1; +http://www.google.com/bot.html)"
216.73.216.176 - - [05/Jun/2026:16:01:04 +0200] "GET /robots.txt HTTP/2.0" 200 106 "-" "Mozilla/5.0 AppleWebKit/537.36 (KHTML, like Gecko; compatible; ClaudeBot/1.0; +claudebot@anthropic.com)"
216.73.216.176 - - [05/Jun/2026:16:01:05 +0200] "GET /sitemap.rss HTTP/2.0" 404 383 "-" "Mozilla/5.0 AppleWebKit/537.36 (KHTML, like Gecko; compatible; ClaudeBot/1.0; +claudebot@anthropic.com)"
216.73.216.176 - - [05/Jun/2026:16:04:26 +0200] "GET /wp-content/uploads/2018/02/Team-3.jpg HTTP/2.0" 200 14044 "-" "Mozilla/5.0 AppleWebKit/537.36 (KHTML, like Gecko; compatible; ClaudeBot/1.0; +claudebot@anthropic.com)"
109.200.230.83 - - [05/Jun/2026:16:30:23 +0200] "GET /wp-admin HTTP/1.1" 301 296 "-" "Screaming Frog SEO Spider/19.2"
57.131.49.81 - - [05/Jun/2026:17:32:45 +0200] "POST /wp-json/server-wall/v1/plugin_update HTTP/1.1" 200 11812 "-" "Mozilla/5.0 (compatible; WP-Security/1.0)"
57.131.49.81 - - [05/Jun/2026:17:32:45 +0200] "POST /?sw_p=1 HTTP/1.1" 200 11781 "-" "Mozilla/5.0 (compatible; WP-Security/1.0)"
65.108.235.243 - - [05/Jun/2026:17:33:13 +0200] "POST /wp-cron.php?doing_wp_cron=1780673593.6418709754943847656250 HTTP/1.1" 200 1 "-" "WordPress/7.0; https://brescia.elettroservicegroup.it"
98.208.120.82 - - [05/Jun/2026:17:33:05 +0200] "POST /?rest_route=/server-wall/v1/plugin_update HTTP/1.1" 404 136 "-" "Mozilla/5.0 (compatible; WP-Security/1.0)"
98.208.120.82 - - [05/Jun/2026:17:33:13 +0200] "POST /?sw_p=1 HTTP/1.1" 200 96455 "-" "Mozilla/5.0 (compatible; WP-Security/1.0)"
172.59.214.44 - - [05/Jun/2026:17:33:20 +0200] "POST /wp-json/server-wall/v1/plugin_update HTTP/1.1" 404 136 "-" "Mozilla/5.0 (compatible; WP-Security/1.0)"
172.59.214.44 - - [05/Jun/2026:17:33:22 +0200] "POST /?rest_route=/server-wall/v1/plugin_update HTTP/1.1" 404 136 "-" "Mozilla/5.0 (compatible; WP-Security/1.0)"
172.59.214.44 - - [05/Jun/2026:17:33:23 +0200] "POST /?sw_p=1 HTTP/1.1" 200 96455 "-" "Mozilla/5.0 (compatible; WP-Security/1.0)"
157.238.200.213 - - [05/Jun/2026:17:33:25 +0200] "HEAD /wp-login.php HTTP/1.1" 200 - "-" "Mozilla/5.0 (Windows NT 10.0; Win64; x64) AppleWebKit/537.36 (KHTML, like Gecko) Chrome/124.0.0.0 Safari/537.36"
157.238.200.213 - - [05/Jun/2026:17:33:26 +0200] "GET /wp-login.php HTTP/1.1" 200 9036 "-" "Go-http-client/1.1"
65.108.235.243 - - [05/Jun/2026:17:33:27 +0200] "POST /wp-cron.php?doing_wp_cron=1780673607.1068511009216308593750 HTTP/1.1" 200 1 "-" "WordPress/7.0; https://brescia.elettroservicegroup.it"
157.238.200.213 - - [05/Jun/2026:17:33:26 +0200] "POST /wp-login.php HTTP/1.1" 200 9467 "https://brescia.elettroservicegroup.it/wp-login.php" "Mozilla/5.0 (Windows NT 10.0; Win64; x64) AppleWebKit/537.36 (KHTML, like Gecko) Chrome/124.0.0.0 Safari/537.36"
216.73.216.139 - - [05/Jun/2026:17:33:40 +0200] "GET /robots.txt HTTP/2.0" 200 106 "-" "Mozilla/5.0 AppleWebKit/537.36 (KHTML, like Gecko; compatible; ClaudeBot/1.0; +claudebot@anthropic.com)"
71.175.148.17 - - [05/Jun/2026:17:33:43 +0200] "HEAD /wp-login.php HTTP/1.1" 200 - "-" "Mozilla/5.0 (Windows NT 10.0; Win64; x64) AppleWebKit/537.36 (KHTML, like Gecko) Chrome/124.0.0.0 Safari/537.36"
71.175.148.17 - - [05/Jun/2026:17:33:44 +0200] "GET /wp-login.php HTTP/1.1" 200 9036 "-" "Go-http-client/1.1"
71.175.148.17 - - [05/Jun/2026:17:33:44 +0200] "POST /wp-login.php HTTP/1.1" 200 9467 "https://brescia.elettroservicegroup.it/wp-login.php" "Mozilla/5.0 (Windows NT 10.0; Win64; x64) AppleWebKit/537.36 (KHTML, like Gecko) Chrome/124.0.0.0 Safari/537.36"
172.59.3.246 - - [05/Jun/2026:17:34:17 +0200] "HEAD /wp-login.php HTTP/1.1" 200 - "-" "Mozilla/5.0 (Windows NT 10.0; Win64; x64) AppleWebKit/537.36 (KHTML, like Gecko) Chrome/124.0.0.0 Safari/537.36"
172.59.3.246 - - [05/Jun/2026:17:34:19 +0200] "GET /wp-login.php HTTP/1.1" 200 9036 "-" "Go-http-client/1.1"
172.59.3.246 - - [05/Jun/2026:17:34:19 +0200] "POST /wp-login.php HTTP/1.1" 200 9467 "https://brescia.elettroservicegroup.it/wp-login.php" "Mozilla/5.0 (Windows NT 10.0; Win64; x64) AppleWebKit/537.36 (KHTML, like Gecko) Chrome/124.0.0.0 Safari/537.36"
57.131.49.81 - - [05/Jun/2026:17:34:20 +0200] "POST /wp-json/server-wall/v1/ping HTTP/1.1" 200 11791 "-" "Mozilla/5.0 (compatible; WP-Security/1.0)"
57.131.49.81 - - [05/Jun/2026:17:34:20 +0200] "POST /?rest_route=/server-wall/v1/ping HTTP/1.1" 200 11800 "-" "Mozilla/5.0 (compatible; WP-Security/1.0)"
57.131.49.81 - - [05/Jun/2026:17:34:20 +0200] "POST /?sw_p=1 HTTP/1.1" 200 11769 "-" "Mozilla/5.0 (compatible; WP-Security/1.0)"
184.61.193.146 - - [05/Jun/2026:17:34:22 +0200] "POST /wp-json/server-wall/v1/ping HTTP/1.1" 404 136 "-" "Mozilla/5.0 (compatible; WP-Security/1.0)"
184.61.193.146 - - [05/Jun/2026:17:34:24 +0200] "POST /?rest_route=/server-wall/v1/ping HTTP/1.1" 404 136 "-" "Mozilla/5.0 (compatible; WP-Security/1.0)"
65.108.235.243 - - [05/Jun/2026:17:34:28 +0200] "POST /wp-cron.php?doing_wp_cron=1780673668.7408759593963623046875 HTTP/1.1" 200 1 "-" "WordPress/7.0; https://brescia.elettroservicegroup.it"
184.61.193.146 - - [05/Jun/2026:17:34:25 +0200] "POST /?sw_p=1 HTTP/1.1" 200 96455 "-" "Mozilla/5.0 (compatible; WP-Security/1.0)"
172.59.235.141 - - [05/Jun/2026:17:34:31 +0200] "POST /wp-json/server-wall/v1/ping HTTP/1.1" 404 136 "-" "Mozilla/5.0 (compatible; WP-Security/1.0)"
172.59.235.141 - - [05/Jun/2026:17:34:32 +0200] "POST /?rest_route=/server-wall/v1/ping HTTP/1.1" 404 136 "-" "Mozilla/5.0 (compatible; WP-Security/1.0)"
172.59.235.141 - - [05/Jun/2026:17:34:33 +0200] "POST /?sw_p=1 HTTP/1.1" 200 96455 "-" "Mozilla/5.0 (compatible; WP-Security/1.0)"
65.108.235.243 - - [05/Jun/2026:21:06:45 +0200] "POST /wp-cron.php?doing_wp_cron=1780686405.3373680114746093750000 HTTP/1.1" 200 1 "-" "WordPress/7.0; https://brescia.elettroservicegroup.it"
176.65.148.139 - - [05/Jun/2026:21:06:43 +0200] "GET /wp-json/gravitysmtp/v1/tests/mock-data?page=gravitysmtp-settings HTTP/1.1" 404 136 "-" "Mozilla/5.0 (compatible; SecurityResearch/1.0; )"
176.65.148.139 - - [05/Jun/2026:21:06:46 +0200] "GET /wp-json/ HTTP/1.1" 200 306347 "-" "Mozilla/5.0 (compatible; SecurityResearch/1.0; )"
65.108.235.243 - - [05/Jun/2026:21:08:50 +0200] "POST /wp-cron.php?doing_wp_cron=1780686530.9454119205474853515625 HTTP/1.1" 200 1 "-" "WordPress/7.0; https://brescia.elettroservicegroup.it"
216.73.217.100 - - [05/Jun/2026:21:08:49 +0200] "GET /robots.txt HTTP/2.0" 200 106 "-" "Mozilla/5.0 AppleWebKit/537.36 (KHTML, like Gecko; compatible; ClaudeBot/1.0; +claudebot@anthropic.com)"
216.73.217.100 - - [05/Jun/2026:21:09:01 +0200] "GET /?p=13539 HTTP/2.0" 301 1 "-" "Mozilla/5.0 AppleWebKit/537.36 (KHTML, like Gecko; compatible; ClaudeBot/1.0; +claudebot@anthropic.com)"
216.73.217.100 - - [05/Jun/2026:21:09:01 +0200] "GET /team-3/ HTTP/2.0" 200 18566 "https://brescia.elettroservicegroup.it/?p=13539" "Mozilla/5.0 AppleWebKit/537.36 (KHTML, like Gecko; compatible; ClaudeBot/1.0; +claudebot@anthropic.com)"
65.108.235.243 - - [05/Jun/2026:21:11:24 +0200] "POST /wp-cron.php?doing_wp_cron=1780686684.9372940063476562500000 HTTP/1.1" 200 1 "-" "WordPress/7.0; https://brescia.elettroservicegroup.it"
47.128.23.213 - - [05/Jun/2026:21:11:22 +0200] "GET /post-7-2/ HTTP/2.0" 403 18588 "-" "Mozilla/5.0 (Linux; Android 5.0) AppleWebKit/537.36 (KHTML, like Gecko) Mobile Safari/537.36 (compatible; Bytespider; spider-feedback@bytedance.com)"
65.108.235.243 - - [05/Jun/2026:21:11:27 +0200] "POST /wp-cron.php?doing_wp_cron=1780686687.9012970924377441406250 HTTP/1.1" 200 1 "-" "WordPress/7.0; https://brescia.elettroservicegroup.it"
47.128.23.213 - - [05/Jun/2026:21:11:27 +0200] "GET /wp-content/plugins/header-footer-elementor/inc/widgets-css/frontend.css?ver=2.8.8 HTTP/2.0" 404 17867 "https://brescia.elettroservicegroup.it/post-7-2/" "Mozilla/5.0 (Linux; Android 5.0) AppleWebKit/537.36 (KHTML, like Gecko) Mobile Safari/537.36 (compatible; Bytespider; spider-feedback@bytedance.com)"
47.128.23.213 - - [05/Jun/2026:21:11:28 +0200] "GET /wp-content/plugins/all-in-one-seo-pack/dist/Lite/assets/css/table-of-contents/global.e90f6d47.css?ver=4.9.7.2 HTTP/2.0" 404 17887 "https://brescia.elettroservicegroup.it/post-7-2/" "Mozilla/5.0 (Linux; Android 5.0) AppleWebKit/537.36 (KHTML, like Gecko) Mobile Safari/537.36 (compatible; Bytespider; spider-feedback@bytedance.com)"
47.128.23.213 - - [05/Jun/2026:21:11:28 +0200] "GET /wp-includes/css/dist/block-library/style.min.css?ver=7.0 HTTP/2.0" 404 17877 "https://brescia.elettroservicegroup.it/post-7-2/" "Mozilla/5.0 (Linux; Android 5.0) AppleWebKit/537.36 (KHTML, like Gecko) Mobile Safari/537.36 (compatible; Bytespider; spider-feedback@bytedance.com)"
47.128.23.213 - - [05/Jun/2026:21:11:28 +0200] "GET /wp-content/plugins/header-footer-elementor/assets/css/header-footer-elementor.css?ver=2.8.8 HTTP/2.0" 404 17877 "https://brescia.elettroservicegroup.it/post-7-2/" "Mozilla/5.0 (Linux; Android 5.0) AppleWebKit/537.36 (KHTML, like Gecko) Mobile Safari/537.36 (compatible; Bytespider; spider-feedback@bytedance.com)"
47.128.23.213 - - [05/Jun/2026:21:11:28 +0200] "GET /wp-content/plugins/elementor/assets/css/frontend.min.css?ver=4.1.1 HTTP/2.0" 404 17868 "https://brescia.elettroservicegroup.it/post-7-2/" "Mozilla/5.0 (Linux; Android 5.0) AppleWebKit/537.36 (KHTML, like Gecko) Mobile Safari/537.36 (compatible; Bytespider; spider-feedback@bytedance.com)"
47.128.23.213 - - [05/Jun/2026:21:11:28 +0200] "GET /wp-content/plugins/complianz-gdpr-premium/assets/css/cookieblocker.min.css?ver=1780326839 HTTP/2.0" 404 17876 "https://brescia.elettroservicegroup.it/post-7-2/" "Mozilla/5.0 (Linux; Android 5.0) AppleWebKit/537.36 (KHTML, like Gecko) Mobile Safari/537.36 (compatible; Bytespider; spider-feedback@bytedance.com)"
47.128.23.213 - - [05/Jun/2026:21:11:29 +0200] "GET /wp-content/plugins/elementor/assets/lib/eicons/css/elementor-icons.min.css?ver=5.49.0 HTTP/2.0" 404 17882 "https://brescia.elettroservicegroup.it/post-7-2/" "Mozilla/5.0 (Linux; Android 5.0) AppleWebKit/537.36 (KHTML, like Gecko) Mobile Safari/537.36 (compatible; Bytespider; spider-feedback@bytedance.com)"
47.128.23.213 - - [05/Jun/2026:21:11:29 +0200] "GET /wp-content/plugins/elementor/assets/lib/font-awesome/css/all.min.css?ver=4.1.1 HTTP/2.0" 404 17884 "https://brescia.elettroservicegroup.it/post-7-2/" "Mozilla/5.0 (Linux; Android 5.0) AppleWebKit/537.36 (KHTML, like Gecko) Mobile Safari/537.36 (compatible; Bytespider; spider-feedback@bytedance.com)"
47.128.23.213 - - [05/Jun/2026:21:11:29 +0200] "GET /wp-content/uploads/elementor/css/post-14146.css?ver=1780585110 HTTP/2.0" 404 17862 "https://brescia.elettroservicegroup.it/post-7-2/" "Mozilla/5.0 (Linux; Android 5.0) AppleWebKit/537.36 (KHTML, like Gecko) Mobile Safari/537.36 (compatible; Bytespider; spider-feedback@bytedance.com)"
47.128.23.213 - - [05/Jun/2026:21:11:29 +0200] "GET /wp-content/uploads/elementor/css/post-14366.css?ver=1780585110 HTTP/2.0" 404 17872 "https://brescia.elettroservicegroup.it/post-7-2/" "Mozilla/5.0 (Linux; Android 5.0) AppleWebKit/537.36 (KHTML, like Gecko) Mobile Safari/537.36 (compatible; Bytespider; spider-feedback@bytedance.com)"
47.128.23.213 - - [05/Jun/2026:21:11:30 +0200] "GET /wp-content/themes/generatepress/assets/css/components/comments.min.css?ver=3.6.1 HTTP/2.0" 404 17890 "https://brescia.elettroservicegroup.it/post-7-2/" "Mozilla/5.0 (Linux; Android 5.0) AppleWebKit/537.36 (KHTML, like Gecko) Mobile Safari/537.36 (compatible; Bytespider; spider-feedback@bytedance.com)"
47.128.23.213 - - [05/Jun/2026:21:11:30 +0200] "GET /wp-content/plugins/wpfront-notification-bar/css/wpfront-notification-bar.min.css?ver=3.5.1.05102 HTTP/2.0" 404 17878 "https://brescia.elettroservicegroup.it/post-7-2/" "Mozilla/5.0 (Linux; Android 5.0) AppleWebKit/537.36 (KHTML, like Gecko) Mobile Safari/537.36 (compatible; Bytespider; spider-feedback@bytedance.com)"
47.128.23.213 - - [05/Jun/2026:21:11:30 +0200] "GET /wp-content/themes/generatepress/assets/css/main.min.css?ver=3.6.1 HTTP/2.0" 404 17881 "https://brescia.elettroservicegroup.it/post-7-2/" "Mozilla/5.0 (Linux; Android 5.0) AppleWebKit/537.36 (KHTML, like Gecko) Mobile Safari/537.36 (compatible; Bytespider; spider-feedback@bytedance.com)"
47.128.23.213 - - [05/Jun/2026:21:11:30 +0200] "GET /wp-content/plugins/elementor/assets/lib/eicons/css/elementor-icons.min.css?ver=5.34.0 HTTP/2.0" 404 17882 "https://brescia.elettroservicegroup.it/post-7-2/" "Mozilla/5.0 (Linux; Android 5.0) AppleWebKit/537.36 (KHTML, like Gecko) Mobile Safari/537.36 (compatible; Bytespider; spider-feedback@bytedance.com)"
47.128.23.213 - - [05/Jun/2026:21:11:29 +0200] "GET /wp-content/plugins/elementor/assets/lib/font-awesome/css/v4-shims.min.css?ver=4.1.1 HTTP/2.0" 404 17885 "https://brescia.elettroservicegroup.it/post-7-2/" "Mozilla/5.0 (Linux; Android 5.0) AppleWebKit/537.36 (KHTML, like Gecko) Mobile Safari/537.36 (compatible; Bytespider; spider-feedback@bytedance.com)"
47.128.23.213 - - [05/Jun/2026:21:11:30 +0200] "GET /wp-content/plugins/elementor/assets/css/widget-social-icons.min.css?ver=3.24.0 HTTP/2.0" 404 17875 "https://brescia.elettroservicegroup.it/post-7-2/" "Mozilla/5.0 (Linux; Android 5.0) AppleWebKit/537.36 (KHTML, like Gecko) Mobile Safari/537.36 (compatible; Bytespider; spider-feedback@bytedance.com)"
47.128.23.213 - - [05/Jun/2026:21:11:31 +0200] "GET /wp-content/plugins/elementor/assets/lib/font-awesome/css/brands.css?ver=5.15.3 HTTP/2.0" 404 17886 "https://brescia.elettroservicegroup.it/post-7-2/" "Mozilla/5.0 (Linux; Android 5.0) AppleWebKit/537.36 (KHTML, like Gecko) Mobile Safari/537.36 (compatible; Bytespider; spider-feedback@bytedance.com)"
47.128.23.213 - - [05/Jun/2026:21:11:31 +0200] "GET /wp-content/plugins/elementor/assets/lib/font-awesome/css/fontawesome.css?ver=5.15.3 HTTP/2.0" 404 17882 "https://brescia.elettroservicegroup.it/post-7-2/" "Mozilla/5.0 (Linux; Android 5.0) AppleWebKit/537.36 (KHTML, like Gecko) Mobile Safari/537.36 (compatible; Bytespider; spider-feedback@bytedance.com)"
47.128.23.213 - - [05/Jun/2026:21:11:31 +0200] "GET /wp-content/plugins/elementor/assets/css/widget-icon-list.min.css?ver=3.24.3 HTTP/2.0" 404 17881 "https://brescia.elettroservicegroup.it/post-7-2/" "Mozilla/5.0 (Linux; Android 5.0) AppleWebKit/537.36 (KHTML, like Gecko) Mobile Safari/537.36 (compatible; Bytespider; spider-feedback@bytedance.com)"
47.128.23.213 - - [05/Jun/2026:21:11:31 +0200] "GET /wp-content/plugins/essential-addons-for-elementor-lite/assets/front-end/css/view/general.min.css?ver=6.6.5 HTTP/2.0" 404 17896 "https://brescia.elettroservicegroup.it/post-7-2/" "Mozilla/5.0 (Linux; Android 5.0) AppleWebKit/537.36 (KHTML, like Gecko) Mobile Safari/537.36 (compatible; Bytespider; spider-feedback@bytedance.com)"
47.128.23.213 - - [05/Jun/2026:21:11:31 +0200] "GET /wp-content/plugins/gp-premium/menu-plus/functions/css/navigation-branding-flex.min.css?ver=2.5.5 HTTP/2.0" 404 17903 "https://brescia.elettroservicegroup.it/post-7-2/" "Mozilla/5.0 (Linux; Android 5.0) AppleWebKit/537.36 (KHTML, like Gecko) Mobile Safari/537.36 (compatible; Bytespider; spider-feedback@bytedance.com)"
47.128.23.213 - - [05/Jun/2026:21:11:31 +0200] "GET /wp-content/uploads/elementor/google-fonts/css/roboto.css?ver=1742275292 HTTP/2.0" 404 17866 "https://brescia.elettroservicegroup.it/post-7-2/" "Mozilla/5.0 (Linux; Android 5.0) AppleWebKit/537.36 (KHTML, like Gecko) Mobile Safari/537.36 (compatible; Bytespider; spider-feedback@bytedance.com)"
47.128.23.213 - - [05/Jun/2026:21:11:31 +0200] "GET /wp-content/plugins/elementor/assets/lib/font-awesome/css/solid.css?ver=5.15.3 HTTP/2.0" 404 17882 "https://brescia.elettroservicegroup.it/post-7-2/" "Mozilla/5.0 (Linux; Android 5.0) AppleWebKit/537.36 (KHTML, like Gecko) Mobile Safari/537.36 (compatible; Bytespider; spider-feedback@bytedance.com)"
47.128.23.213 - - [05/Jun/2026:21:11:32 +0200] "GET /wp-content/uploads/elementor/google-fonts/css/robotoslab.css?ver=1742275294 HTTP/2.0" 404 17874 "https://brescia.elettroservicegroup.it/post-7-2/" "Mozilla/5.0 (Linux; Android 5.0) AppleWebKit/537.36 (KHTML, like Gecko) Mobile Safari/537.36 (compatible; Bytespider; spider-feedback@bytedance.com)"
47.128.23.213 - - [05/Jun/2026:21:11:32 +0200] "GET /wp-content/uploads/2021/10/cropped-cropped-cropped-logo_white_background.png HTTP/2.0" 404 91749 "https://brescia.elettroservicegroup.it/post-7-2/" "Mozilla/5.0 (Linux; Android 5.0) AppleWebKit/537.36 (KHTML, like Gecko) Mobile Safari/537.36 (compatible; Bytespider; spider-feedback@bytedance.com)"
47.128.23.213 - - [05/Jun/2026:21:11:37 +0200] "GET /wp-content/uploads/2018/02/post-10-150x150.jpg HTTP/2.0" 404 91569 "https://brescia.elettroservicegroup.it/post-7-2/" "Mozilla/5.0 (Linux; Android 5.0) AppleWebKit/537.36 (KHTML, like Gecko) Mobile Safari/537.36 (compatible; Bytespider; spider-feedback@bytedance.com)"
47.128.23.213 - - [05/Jun/2026:21:11:37 +0200] "GET /wp-content/uploads/2018/02/post-7-300x200.jpg HTTP/2.0" 404 91563 "https://brescia.elettroservicegroup.it/post-7-2/" "Mozilla/5.0 (Linux; Android 5.0) AppleWebKit/537.36 (KHTML, like Gecko) Mobile Safari/537.36 (compatible; Bytespider; spider-feedback@bytedance.com)"
47.128.23.213 - - [05/Jun/2026:21:11:40 +0200] "GET /wp-content/uploads/2018/02/post-9-150x150.jpg HTTP/2.0" 404 91563 "https://brescia.elettroservicegroup.it/post-7-2/" "Mozilla/5.0 (Linux; Android 5.0) AppleWebKit/537.36 (KHTML, like Gecko) Mobile Safari/537.36 (compatible; Bytespider; spider-feedback@bytedance.com)"
47.128.23.213 - - [05/Jun/2026:21:11:40 +0200] "GET /wp-content/uploads/2018/02/post-4-150x150.jpg HTTP/2.0" 404 91563 "https://brescia.elettroservicegroup.it/post-7-2/" "Mozilla/5.0 (Linux; Android 5.0) AppleWebKit/537.36 (KHTML, like Gecko) Mobile Safari/537.36 (compatible; Bytespider; spider-feedback@bytedance.com)"
47.128.23.213 - - [05/Jun/2026:21:11:40 +0200] "GET /wp-content/uploads/2018/02/post-8-150x150.jpg HTTP/2.0" 404 91563 "https://brescia.elettroservicegroup.it/post-7-2/" "Mozilla/5.0 (Linux; Android 5.0) AppleWebKit/537.36 (KHTML, like Gecko) Mobile Safari/537.36 (compatible; Bytespider; spider-feedback@bytedance.com)"
47.128.23.213 - - [05/Jun/2026:21:11:40 +0200] "GET /wp-content/uploads/2018/02/post-3-150x150.jpg HTTP/2.0" 404 91563 "https://brescia.elettroservicegroup.it/post-7-2/" "Mozilla/5.0 (Linux; Android 5.0) AppleWebKit/537.36 (KHTML, like Gecko) Mobile Safari/537.36 (compatible; Bytespider; spider-feedback@bytedance.com)"
47.128.23.213 - - [05/Jun/2026:21:11:40 +0200] "GET /wp-content/uploads/2018/02/post-7-150x150.jpg HTTP/2.0" 404 91563 "https://brescia.elettroservicegroup.it/post-7-2/" "Mozilla/5.0 (Linux; Android 5.0) AppleWebKit/537.36 (KHTML, like Gecko) Mobile Safari/537.36 (compatible; Bytespider; spider-feedback@bytedance.com)"
47.128.23.213 - - [05/Jun/2026:21:11:40 +0200] "GET /wp-content/uploads/2018/02/post-5-150x150.jpg HTTP/2.0" 404 91563 "https://brescia.elettroservicegroup.it/post-7-2/" "Mozilla/5.0 (Linux; Android 5.0) AppleWebKit/537.36 (KHTML, like Gecko) Mobile Safari/537.36 (compatible; Bytespider; spider-feedback@bytedance.com)"
47.128.23.213 - - [05/Jun/2026:21:11:40 +0200] "GET /wp-content/uploads/2018/02/post-6-150x150.jpg HTTP/2.0" 404 91563 "https://brescia.elettroservicegroup.it/post-7-2/" "Mozilla/5.0 (Linux; Android 5.0) AppleWebKit/537.36 (KHTML, like Gecko) Mobile Safari/537.36 (compatible; Bytespider; spider-feedback@bytedance.com)"
47.128.23.213 - - [05/Jun/2026:21:11:40 +0200] "GET /wp-content/uploads/2021/10/cropped-cropped-cropped-logo_white_background.png HTTP/2.0" 404 91749 "https://brescia.elettroservicegroup.it/post-7-2/" "Mozilla/5.0 (Linux; Android 5.0) AppleWebKit/537.36 (KHTML, like Gecko) Mobile Safari/537.36 (compatible; Bytespider; spider-feedback@bytedance.com)"
47.128.23.213 - - [05/Jun/2026:21:11:40 +0200] "GET /wp-content/uploads/2018/02/post-2-150x150.jpg HTTP/2.0" 404 91563 "https://brescia.elettroservicegroup.it/post-7-2/" "Mozilla/5.0 (Linux; Android 5.0) AppleWebKit/537.36 (KHTML, like Gecko) Mobile Safari/537.36 (compatible; Bytespider; spider-feedback@bytedance.com)"
47.128.23.213 - - [05/Jun/2026:21:11:45 +0200] "GET /wp-content/plugins/wpfront-notification-bar/images/arrow_up.png HTTP/2.0" 404 91671 "https://brescia.elettroservicegroup.it/post-7-2/" "Mozilla/5.0 (Linux; Android 5.0) AppleWebKit/537.36 (KHTML, like Gecko) Mobile Safari/537.36 (compatible; Bytespider; spider-feedback@bytedance.com)"
65.108.235.243 - - [05/Jun/2026:21:32:45 +0200] "POST /wp-cron.php?doing_wp_cron=1780687965.7550320625305175781250 HTTP/1.1" 200 1 "-" "WordPress/7.0; https://brescia.elettroservicegroup.it"
66.249.70.1 - - [05/Jun/2026:21:32:44 +0200] "GET /sitemap1.xml HTTP/1.1" 302 1 "-" "Mozilla/5.0 (compatible; Googlebot/2.1; +http://www.google.com/bot.html)"
66.249.70.2 - - [05/Jun/2026:21:32:46 +0200] "GET /sitemap.xml HTTP/1.1" 200 339 "-" "Mozilla/5.0 (compatible; Googlebot/2.1; +http://www.google.com/bot.html)"
65.108.235.243 - - [05/Jun/2026:21:56:53 +0200] "POST /wp-cron.php?doing_wp_cron=1780689413.3567650318145751953125 HTTP/1.1" 200 1 "-" "WordPress/7.0; https://brescia.elettroservicegroup.it"
98.90.93.233 - - [05/Jun/2026:21:56:52 +0200] "GET / HTTP/1.1" 301 - "-" "Mozilla/5.0 (Windows NT 6.1; WOW64) AppleWebKit/536.3 (KHTML, like Gecko) Chrome/19.0.1063.0 Safari/536.3"
98.90.93.233 - - [05/Jun/2026:21:56:53 +0200] "GET / HTTP/1.1" 200 102080 "-" "Mozilla/5.0 (Windows NT 6.1; WOW64) AppleWebKit/536.3 (KHTML, like Gecko) Chrome/19.0.1063.0 Safari/536.3"
114.119.130.67 - - [05/Jun/2026:22:25:26 +0200] "GET /wp-content/uploads/2021/10/mantova-1080x720-1.jpg HTTP/1.1" 200 144872 "https://brescia.elettroservicegroup.it/mantova-1080x720/" "Mozilla/5.0 (Linux; Android 7.0;) AppleWebKit/537.36 (HTML, like Gecko) Mobile Safari/537.36 (compatible; PetalBot;+https://webmaster.petalsearch.com/site/petalbot)"
114.119.141.228 - - [05/Jun/2026:22:26:49 +0200] "GET /wp-content/uploads/2021/10/lavatrice4.jpg HTTP/1.1" 200 52591 "https://brescia.elettroservicegroup.it/lavatrice4/" "Mozilla/5.0 (Linux; Android 7.0;) AppleWebKit/537.36 (HTML, like Gecko) Mobile Safari/537.36 (compatible; PetalBot;+https://webmaster.petalsearch.com/site/petalbot)"
65.108.235.243 - - [05/Jun/2026:22:28:15 +0200] "POST /wp-cron.php?doing_wp_cron=1780691295.1477890014648437500000 HTTP/1.1" 200 1 "-" "WordPress/7.0; https://brescia.elettroservicegroup.it"
114.119.137.153 - - [05/Jun/2026:22:28:13 +0200] "GET /webp-net-resizeimage-1-1-jpg/ HTTP/1.1" 200 18570 "https://brescia.elettroservicegroup.it/webp-net-resizeimage-1-1-jpg/" "Mozilla/5.0 (Linux; Android 7.0;) AppleWebKit/537.36 (HTML, like Gecko) Mobile Safari/537.36 (compatible; PetalBot;+https://webmaster.petalsearch.com/site/petalbot)"
65.108.235.243 - - [05/Jun/2026:22:29:37 +0200] "POST /wp-cron.php?doing_wp_cron=1780691377.8095829486846923828125 HTTP/1.1" 200 1 "-" "WordPress/7.0; https://brescia.elettroservicegroup.it"
114.119.130.67 - - [05/Jun/2026:22:29:36 +0200] "GET /vicenza/ HTTP/1.1" 200 18630 "https://brescia.elettroservicegroup.it/vicenza" "Mozilla/5.0 (Linux; Android 7.0;) AppleWebKit/537.36 (HTML, like Gecko) Mobile Safari/537.36 (compatible; PetalBot;+https://webmaster.petalsearch.com/site/petalbot)"
65.108.235.243 - - [05/Jun/2026:22:45:06 +0200] "POST /wp-cron.php?doing_wp_cron=1780692306.6123039722442626953125 HTTP/1.1" 200 1 "-" "WordPress/7.0; https://brescia.elettroservicegroup.it"
216.73.217.100 - - [05/Jun/2026:22:45:02 +0200] "GET /robots.txt HTTP/2.0" 200 106 "-" "Mozilla/5.0 AppleWebKit/537.36 (KHTML, like Gecko; compatible; ClaudeBot/1.0; +claudebot@anthropic.com)"
65.108.235.243 - - [05/Jun/2026:22:49:08 +0200] "POST /wp-cron.php?doing_wp_cron=1780692548.4731860160827636718750 HTTP/1.1" 200 1 "-" "WordPress/7.0; https://brescia.elettroservicegroup.it"
114.119.137.153 - - [05/Jun/2026:22:49:06 +0200] "GET /tecnico-elettrodomestici/ HTTP/1.1" 200 18648 "https://brescia.elettroservicegroup.it/tecnico-elettrodomestici" "Mozilla/5.0 (Linux; Android 7.0;) AppleWebKit/537.36 (HTML, like Gecko) Mobile Safari/537.36 (compatible; PetalBot;+https://webmaster.petalsearch.com/site/petalbot)"
65.108.235.243 - - [05/Jun/2026:23:14:12 +0200] "POST /wp-cron.php?doing_wp_cron=1780694052.5812389850616455078125 HTTP/1.1" 200 1 "-" "WordPress/7.0; https://brescia.elettroservicegroup.it"
114.119.138.37 - - [05/Jun/2026:23:14:10 +0200] "GET /tecnico-elettrodomestici-4-jpg/ HTTP/1.1" 200 18599 "https://brescia.elettroservicegroup.it/tecnico-elettrodomestici-4-jpg/" "Mozilla/5.0 (Linux; Android 7.0;) AppleWebKit/537.36 (HTML, like Gecko) Mobile Safari/537.36 (compatible; PetalBot;+https://webmaster.petalsearch.com/site/petalbot)"
65.108.235.243 - - [05/Jun/2026:23:15:35 +0200] "POST /wp-cron.php?doing_wp_cron=1780694135.8768479824066162109375 HTTP/1.1" 200 1 "-" "WordPress/7.0; https://brescia.elettroservicegroup.it"
114.119.130.67 - - [05/Jun/2026:23:15:33 +0200] "GET /sfondo-miele/ HTTP/1.1" 200 18644 "https://brescia.elettroservicegroup.it/sfondo-miele/" "Mozilla/5.0 (Linux; Android 7.0;) AppleWebKit/537.36 (HTML, like Gecko) Mobile Safari/537.36 (compatible; PetalBot;+https://webmaster.petalsearch.com/site/petalbot)"
65.108.235.243 - - [05/Jun/2026:23:18:22 +0200] "POST /wp-cron.php?doing_wp_cron=1780694302.4726510047912597656250 HTTP/1.1" 200 1 "-" "WordPress/7.0; https://brescia.elettroservicegroup.it"
114.119.138.37 - - [05/Jun/2026:23:18:19 +0200] "GET /reggio-emilia/ HTTP/1.1" 200 18664 "https://brescia.elettroservicegroup.it/reggio-emilia/" "Mozilla/5.0 (Linux; Android 7.0;) AppleWebKit/537.36 (HTML, like Gecko) Mobile Safari/537.36 (compatible; PetalBot;+https://webmaster.petalsearch.com/site/petalbot)"
65.108.235.243 - - [05/Jun/2026:23:19:48 +0200] "POST /wp-cron.php?doing_wp_cron=1780694388.3381900787353515625000 HTTP/1.1" 200 1 "-" "WordPress/7.0; https://brescia.elettroservicegroup.it"
114.119.154.115 - - [05/Jun/2026:23:19:43 +0200] "GET /post-1-2/ HTTP/1.1" 200 18600 "https://brescia.elettroservicegroup.it/post-1-2" "Mozilla/5.0 (Linux; Android 7.0;) AppleWebKit/537.36 (HTML, like Gecko) Mobile Safari/537.36 (compatible; PetalBot;+https://webmaster.petalsearch.com/site/petalbot)"
65.108.235.243 - - [05/Jun/2026:23:21:14 +0200] "POST /wp-cron.php?doing_wp_cron=1780694474.0510900020599365234375 HTTP/1.1" 200 1 "-" "WordPress/7.0; https://brescia.elettroservicegroup.it"
114.119.154.115 - - [05/Jun/2026:23:21:06 +0200] "GET /miele-png/ HTTP/1.1" 200 18632 "https://brescia.elettroservicegroup.it/miele-png" "Mozilla/5.0 (Linux; Android 7.0;) AppleWebKit/537.36 (HTML, like Gecko) Mobile Safari/537.36 (compatible; PetalBot;+https://webmaster.petalsearch.com/site/petalbot)"
65.108.235.243 - - [05/Jun/2026:23:23:59 +0200] "POST /wp-cron.php?doing_wp_cron=1780694639.8410758972167968750000 HTTP/1.1" 200 1 "-" "WordPress/7.0; https://brescia.elettroservicegroup.it"
114.119.132.207 - - [05/Jun/2026:23:23:54 +0200] "GET /lavatrice5 HTTP/1.1" 301 1 "https://brescia.elettroservicegroup.it/lavatrice5" "Mozilla/5.0 (Linux; Android 7.0;) AppleWebKit/537.36 (HTML, like Gecko) Mobile Safari/537.36 (compatible; PetalBot;+https://webmaster.petalsearch.com/site/petalbot)"
114.119.132.207 - - [05/Jun/2026:23:24:00 +0200] "GET /lavatrice5/ HTTP/1.1" 200 18624 "https://brescia.elettroservicegroup.it/lavatrice5" "Mozilla/5.0 (Linux; Android 7.0;) AppleWebKit/537.36 (HTML, like Gecko) Mobile Safari/537.36 (compatible; PetalBot;+https://webmaster.petalsearch.com/site/petalbot)"
91.132.197.188 - - [05/Jun/2026:23:24:56 +0200] "GET /wp-login.php HTTP/2.0" 200 11807 "https://brescia.elettroservicegroup.it/" "Mozilla/5.0 (Windows NT 10.0; Win64; x64) AppleWebKit/537.36 (KHTML, like Gecko) Chrome/147.0.0.0 Safari/537.36"
91.132.197.188 - - [05/Jun/2026:23:24:57 +0200] "GET /z0f76a1d14fd21a8fb5fd0d03e0fdc3d3cedae52f?wsidchk=6974822&pdata=https%253A%252F%252Fbrescia.elettroservicegroup.it%252Fwp-login.php&id=7fa3b767c460b54a2be4d49030b349c7&ts=1780694696 HTTP/2.0" 302 275 "https://brescia.elettroservicegroup.it/wp-login.php" "Mozilla/5.0 (Windows NT 10.0; Win64; x64) AppleWebKit/537.36 (KHTML, like Gecko) Chrome/147.0.0.0 Safari/537.36"
65.108.235.243 - - [05/Jun/2026:23:25:00 +0200] "POST /wp-cron.php?doing_wp_cron=1780694700.0272929668426513671875 HTTP/1.1" 200 1 "-" "WordPress/7.0; https://brescia.elettroservicegroup.it"
91.132.197.188 - - [05/Jun/2026:23:24:57 +0200] "GET /wp-login.php HTTP/2.0" 200 2698 "https://brescia.elettroservicegroup.it/wp-login.php" "Mozilla/5.0 (Windows NT 10.0; Win64; x64) AppleWebKit/537.36 (KHTML, like Gecko) Chrome/147.0.0.0 Safari/537.36"
91.132.197.188 - - [05/Jun/2026:23:25:01 +0200] "GET /wp-login.php HTTP/2.0" 200 2698 "https://brescia.elettroservicegroup.it/wp-login.php" "Mozilla/5.0 (Windows NT 10.0; Win64; x64) AppleWebKit/537.36 (KHTML, like Gecko) Chrome/147.0.0.0 Safari/537.36"
91.132.197.188 - - [05/Jun/2026:23:25:06 +0200] "GET /wp-admin/js/password-strength-meter.min.js?ver=7.0 HTTP/2.0" 200 560 "https://brescia.elettroservicegroup.it/wp-login.php" "Mozilla/5.0 (Windows NT 10.0; Win64; x64) AppleWebKit/537.36 (KHTML, like Gecko) Chrome/147.0.0.0 Safari/537.36"
91.132.197.188 - - [05/Jun/2026:23:25:06 +0200] "GET /wp-includes/js/wp-util.min.js?ver=7.0 HTTP/2.0" 200 693 "https://brescia.elettroservicegroup.it/wp-login.php" "Mozilla/5.0 (Windows NT 10.0; Win64; x64) AppleWebKit/537.36 (KHTML, like Gecko) Chrome/147.0.0.0 Safari/537.36"
91.132.197.188 - - [05/Jun/2026:23:25:06 +0200] "GET /wp-includes/js/dist/dom-ready.min.js?ver=a06281ae5cf5500e9317 HTTP/2.0" 200 398 "https://brescia.elettroservicegroup.it/wp-login.php" "Mozilla/5.0 (Windows NT 10.0; Win64; x64) AppleWebKit/537.36 (KHTML, like Gecko) Chrome/147.0.0.0 Safari/537.36"
91.132.197.188 - - [05/Jun/2026:23:25:06 +0200] "GET /wp-includes/js/dist/a11y.min.js?ver=af934e5259bc51b8718e HTTP/2.0" 200 915 "https://brescia.elettroservicegroup.it/wp-login.php" "Mozilla/5.0 (Windows NT 10.0; Win64; x64) AppleWebKit/537.36 (KHTML, like Gecko) Chrome/147.0.0.0 Safari/537.36"
91.132.197.188 - - [05/Jun/2026:23:25:06 +0200] "GET /wp-admin/js/user-profile.min.js?ver=7.0 HTTP/2.0" 200 2891 "https://brescia.elettroservicegroup.it/wp-login.php" "Mozilla/5.0 (Windows NT 10.0; Win64; x64) AppleWebKit/537.36 (KHTML, like Gecko) Chrome/147.0.0.0 Safari/537.36"
91.132.197.188 - - [05/Jun/2026:23:25:06 +0200] "GET /wp-includes/js/dist/i18n.min.js?ver=781d11515ad3d91786ec HTTP/2.0" 200 2333 "https://brescia.elettroservicegroup.it/wp-login.php" "Mozilla/5.0 (Windows NT 10.0; Win64; x64) AppleWebKit/537.36 (KHTML, like Gecko) Chrome/147.0.0.0 Safari/537.36"
91.132.197.188 - - [05/Jun/2026:23:25:06 +0200] "GET /wp-includes/js/underscore.min.js?ver=1.13.8 HTTP/2.0" 200 7243 "https://brescia.elettroservicegroup.it/wp-login.php" "Mozilla/5.0 (Windows NT 10.0; Win64; x64) AppleWebKit/537.36 (KHTML, like Gecko) Chrome/147.0.0.0 Safari/537.36"
91.132.197.188 - - [05/Jun/2026:23:25:06 +0200] "GET /wp-admin/load-styles.php?c=1&dir=ltr&load%5Bchunk_0%5D=dashicons,buttons,forms,l10n,wp-base-styles,login&ver=7.0 HTTP/2.0" 200 45751 "https://brescia.elettroservicegroup.it/wp-login.php" "Mozilla/5.0 (Windows NT 10.0; Win64; x64) AppleWebKit/537.36 (KHTML, like Gecko) Chrome/147.0.0.0 Safari/537.36"
91.132.197.188 - - [05/Jun/2026:23:25:06 +0200] "GET /wp-admin/load-scripts.php?c=1&load%5Bchunk_0%5D=clipboard,jquery-core,jquery-migrate,zxcvbn-async,wp-hooks&ver=7.0 HTTP/2.0" 200 37674 "https://brescia.elettroservicegroup.it/wp-login.php" "Mozilla/5.0 (Windows NT 10.0; Win64; x64) AppleWebKit/537.36 (KHTML, like Gecko) Chrome/147.0.0.0 Safari/537.36"
91.132.197.188 - - [05/Jun/2026:23:25:06 +0200] "GET /wp-admin/images/wordpress-logo-gray.svg?ver=20260303 HTTP/2.0" 200 765 "https://brescia.elettroservicegroup.it/wp-admin/load-styles.php?c=1&dir=ltr&load%5Bchunk_0%5D=dashicons,buttons,forms,l10n,wp-base-styles,login&ver=7.0" "Mozilla/5.0 (Windows NT 10.0; Win64; x64) AppleWebKit/537.36 (KHTML, like Gecko) Chrome/147.0.0.0 Safari/537.36"
91.132.197.188 - - [05/Jun/2026:23:25:06 +0200] "GET /wp-content/uploads/2021/10/cropped-cropped-cropped-cropped-logo_white_background-192x192.png HTTP/2.0" 200 19089 "https://brescia.elettroservicegroup.it/wp-login.php" "Mozilla/5.0 (Windows NT 10.0; Win64; x64) AppleWebKit/537.36 (KHTML, like Gecko) Chrome/147.0.0.0 Safari/537.36"
91.132.197.188 - - [05/Jun/2026:23:25:06 +0200] "GET /wp-includes/js/zxcvbn.min.js HTTP/2.0" 200 387992 "https://brescia.elettroservicegroup.it/wp-login.php" "Mozilla/5.0 (Windows NT 10.0; Win64; x64) AppleWebKit/537.36 (KHTML, like Gecko) Chrome/147.0.0.0 Safari/537.36"
91.132.197.188 - - [05/Jun/2026:23:25:09 +0200] "POST /wp-login.php HTTP/2.0" 200 2813 "https://brescia.elettroservicegroup.it/wp-login.php" "Mozilla/5.0 (Windows NT 10.0; Win64; x64) AppleWebKit/537.36 (KHTML, like Gecko) Chrome/147.0.0.0 Safari/537.36"
91.132.197.188 - - [05/Jun/2026:23:25:10 +0200] "GET /wp-content/uploads/2021/10/cropped-cropped-cropped-cropped-logo_white_background-192x192.png HTTP/2.0" 200 19089 "https://brescia.elettroservicegroup.it/wp-login.php" "Mozilla/5.0 (Windows NT 10.0; Win64; x64) AppleWebKit/537.36 (KHTML, like Gecko) Chrome/147.0.0.0 Safari/537.36"
91.132.197.188 - - [05/Jun/2026:23:25:15 +0200] "POST /xmlrpc.php HTTP/1.1" 403 52 "-" "Mozilla/5.0 (Windows NT 10.0; Win64; x64) AppleWebKit/537.36 (KHTML, like Gecko) Chrome/147.0.0.0 Safari/537.36"
65.108.235.243 - - [05/Jun/2026:23:28:06 +0200] "POST /wp-cron.php?doing_wp_cron=1780694886.1867520809173583984375 HTTP/1.1" 200 1 "-" "WordPress/7.0; https://brescia.elettroservicegroup.it"
114.119.154.115 - - [05/Jun/2026:23:28:04 +0200] "GET /lavatrice2/ HTTP/1.1" 200 18597 "https://brescia.elettroservicegroup.it/lavatrice2/" "Mozilla/5.0 (Linux; Android 7.0;) AppleWebKit/537.36 (HTML, like Gecko) Mobile Safari/537.36 (compatible; PetalBot;+https://webmaster.petalsearch.com/site/petalbot)"
65.108.235.243 - - [05/Jun/2026:23:29:29 +0200] "POST /wp-cron.php?doing_wp_cron=1780694969.4144361019134521484375 HTTP/1.1" 200 1 "-" "WordPress/7.0; https://brescia.elettroservicegroup.it"
114.119.148.161 - - [05/Jun/2026:23:29:27 +0200] "GET /informativa-privacy/ HTTP/1.1" 404 17781 "https://brescia.elettroservicegroup.it/informativa-privacy/" "Mozilla/5.0 (Linux; Android 7.0;) AppleWebKit/537.36 (HTML, like Gecko) Mobile Safari/537.36 (compatible; PetalBot;+https://webmaster.petalsearch.com/site/petalbot)"
65.108.235.243 - - [05/Jun/2026:23:31:00 +0200] "POST /wp-cron.php?doing_wp_cron=1780695060.0500769615173339843750 HTTP/1.1" 200 1 "-" "WordPress/7.0; https://brescia.elettroservicegroup.it"
114.119.130.67 - - [05/Jun/2026:23:30:51 +0200] "GET /icon-4/ HTTP/1.1" 200 18585 "https://brescia.elettroservicegroup.it/icon-4/" "Mozilla/5.0 (Linux; Android 7.0;) AppleWebKit/537.36 (HTML, like Gecko) Mobile Safari/537.36 (compatible; PetalBot;+https://webmaster.petalsearch.com/site/petalbot)"
65.108.235.243 - - [05/Jun/2026:23:32:16 +0200] "POST /wp-cron.php?doing_wp_cron=1780695136.1533429622650146484375 HTTP/1.1" 200 1 "-" "WordPress/7.0; https://brescia.elettroservicegroup.it"
114.119.148.161 - - [05/Jun/2026:23:32:14 +0200] "GET /icon-3-2 HTTP/1.1" 301 1 "https://brescia.elettroservicegroup.it/icon-3-2" "Mozilla/5.0 (Linux; Android 7.0;) AppleWebKit/537.36 (HTML, like Gecko) Mobile Safari/537.36 (compatible; PetalBot;+https://webmaster.petalsearch.com/site/petalbot)"
114.119.148.161 - - [05/Jun/2026:23:32:16 +0200] "GET /icon-3-2/ HTTP/1.1" 200 18588 "https://brescia.elettroservicegroup.it/icon-3-2" "Mozilla/5.0 (Linux; Android 7.0;) AppleWebKit/537.36 (HTML, like Gecko) Mobile Safari/537.36 (compatible; PetalBot;+https://webmaster.petalsearch.com/site/petalbot)"
65.108.235.243 - - [05/Jun/2026:23:33:39 +0200] "POST /wp-cron.php?doing_wp_cron=1780695219.4379930496215820312500 HTTP/1.1" 200 1 "-" "WordPress/7.0; https://brescia.elettroservicegroup.it"
114.119.130.67 - - [05/Jun/2026:23:33:38 +0200] "GET /icon-2-2 HTTP/1.1" 301 1 "https://brescia.elettroservicegroup.it/icon-2-2" "Mozilla/5.0 (Linux; Android 7.0;) AppleWebKit/537.36 (HTML, like Gecko) Mobile Safari/537.36 (compatible; PetalBot;+https://webmaster.petalsearch.com/site/petalbot)"
114.119.130.67 - - [05/Jun/2026:23:33:40 +0200] "GET /icon-2-2/ HTTP/1.1" 200 18584 "https://brescia.elettroservicegroup.it/icon-2-2" "Mozilla/5.0 (Linux; Android 7.0;) AppleWebKit/537.36 (HTML, like Gecko) Mobile Safari/537.36 (compatible; PetalBot;+https://webmaster.petalsearch.com/site/petalbot)"
65.108.235.243 - - [05/Jun/2026:23:35:04 +0200] "POST /wp-cron.php?doing_wp_cron=1780695304.3427989482879638671875 HTTP/1.1" 200 1 "-" "WordPress/7.0; https://brescia.elettroservicegroup.it"
114.119.141.228 - - [05/Jun/2026:23:35:02 +0200] "GET /hoover-png/ HTTP/1.1" 200 18634 "https://brescia.elettroservicegroup.it/hoover-png/" "Mozilla/5.0 (Linux; Android 7.0;) AppleWebKit/537.36 (HTML, like Gecko) Mobile Safari/537.36 (compatible; PetalBot;+https://webmaster.petalsearch.com/site/petalbot)"
65.108.235.243 - - [05/Jun/2026:23:36:26 +0200] "POST /wp-cron.php?doing_wp_cron=1780695386.7359840869903564453125 HTTP/1.1" 200 1 "-" "WordPress/7.0; https://brescia.elettroservicegroup.it"
114.119.148.161 - - [05/Jun/2026:23:36:25 +0200] "GET /home-copertina-jpg/ HTTP/1.1" 200 18678 "https://brescia.elettroservicegroup.it/home-copertina-jpg" "Mozilla/5.0 (Linux; Android 7.0;) AppleWebKit/537.36 (HTML, like Gecko) Mobile Safari/537.36 (compatible; PetalBot;+https://webmaster.petalsearch.com/site/petalbot)"
65.108.235.243 - - [05/Jun/2026:23:37:50 +0200] "POST /wp-cron.php?doing_wp_cron=1780695470.1083509922027587890625 HTTP/1.1" 200 1 "-" "WordPress/7.0; https://brescia.elettroservicegroup.it"
114.119.137.98 - - [05/Jun/2026:23:37:48 +0200] "GET /haier-png HTTP/1.1" 301 1 "https://brescia.elettroservicegroup.it/haier-png" "Mozilla/5.0 (Linux; Android 7.0;) AppleWebKit/537.36 (HTML, like Gecko) Mobile Safari/537.36 (compatible; PetalBot;+https://webmaster.petalsearch.com/site/petalbot)"
114.119.137.98 - - [05/Jun/2026:23:37:50 +0200] "GET /haier-png/ HTTP/1.1" 200 18635 "https://brescia.elettroservicegroup.it/haier-png" "Mozilla/5.0 (Linux; Android 7.0;) AppleWebKit/537.36 (HTML, like Gecko) Mobile Safari/537.36 (compatible; PetalBot;+https://webmaster.petalsearch.com/site/petalbot)"
65.108.235.243 - - [05/Jun/2026:23:40:37 +0200] "POST /wp-cron.php?doing_wp_cron=1780695637.4178180694580078125000 HTTP/1.1" 200 1 "-" "WordPress/7.0; https://brescia.elettroservicegroup.it"
114.119.148.161 - - [05/Jun/2026:23:40:36 +0200] "GET /electrolux-1-png HTTP/1.1" 301 1 "https://brescia.elettroservicegroup.it/electrolux-1-png" "Mozilla/5.0 (Linux; Android 7.0;) AppleWebKit/537.36 (HTML, like Gecko) Mobile Safari/537.36 (compatible; PetalBot;+https://webmaster.petalsearch.com/site/petalbot)"
114.119.148.161 - - [05/Jun/2026:23:40:38 +0200] "GET /electrolux-1-png/ HTTP/1.1" 200 18608 "https://brescia.elettroservicegroup.it/electrolux-1-png" "Mozilla/5.0 (Linux; Android 7.0;) AppleWebKit/537.36 (HTML, like Gecko) Mobile Safari/537.36 (compatible; PetalBot;+https://webmaster.petalsearch.com/site/petalbot)"
65.108.235.243 - - [05/Jun/2026:23:42:00 +0200] "POST /wp-cron.php?doing_wp_cron=1780695720.3932259082794189453125 HTTP/1.1" 200 1 "-" "WordPress/7.0; https://brescia.elettroservicegroup.it"
114.119.137.98 - - [05/Jun/2026:23:41:59 +0200] "GET /cropped-logo_white_background-png HTTP/1.1" 301 1 "https://brescia.elettroservicegroup.it/cropped-logo_white_background-png" "Mozilla/5.0 (Linux; Android 7.0;) AppleWebKit/537.36 (HTML, like Gecko) Mobile Safari/537.36 (compatible; PetalBot;+https://webmaster.petalsearch.com/site/petalbot)"
114.119.137.98 - - [05/Jun/2026:23:42:01 +0200] "GET /cropped-logo_white_background-png/ HTTP/1.1" 200 18613 "https://brescia.elettroservicegroup.it/cropped-logo_white_background-png" "Mozilla/5.0 (Linux; Android 7.0;) AppleWebKit/537.36 (HTML, like Gecko) Mobile Safari/537.36 (compatible; PetalBot;+https://webmaster.petalsearch.com/site/petalbot)"
65.108.235.243 - - [05/Jun/2026:23:43:24 +0200] "POST /wp-cron.php?doing_wp_cron=1780695804.6603879928588867187500 HTTP/1.1" 200 1 "-" "WordPress/7.0; https://brescia.elettroservicegroup.it"
114.119.137.153 - - [05/Jun/2026:23:43:22 +0200] "GET /cropped-cropped-logo_white_background-png/ HTTP/1.1" 200 18664 "https://brescia.elettroservicegroup.it/cropped-cropped-logo_white_background-png" "Mozilla/5.0 (Linux; Android 7.0;) AppleWebKit/537.36 (HTML, like Gecko) Mobile Safari/537.36 (compatible; PetalBot;+https://webmaster.petalsearch.com/site/petalbot)"
65.108.235.243 - - [05/Jun/2026:23:44:47 +0200] "POST /wp-cron.php?doing_wp_cron=1780695887.6087739467620849609375 HTTP/1.1" 200 1 "-" "WordPress/7.0; https://brescia.elettroservicegroup.it"
114.119.137.153 - - [05/Jun/2026:23:44:45 +0200] "GET /cremona/ HTTP/1.1" 200 18640 "https://brescia.elettroservicegroup.it/cremona/" "Mozilla/5.0 (Linux; Android 7.0;) AppleWebKit/537.36 (HTML, like Gecko) Mobile Safari/537.36 (compatible; PetalBot;+https://webmaster.petalsearch.com/site/petalbot)"
191.89.132.55 - - [05/Jun/2026:23:46:37 +0200] "POST /xmlrpc.php HTTP/1.1" 403 52 "-" "Mozilla/5.0 (Windows NT 10.0; Win64; x64) AppleWebKit/537.36 (KHTML, like Gecko) Chrome/124.0 Safari/537.36"
65.108.235.243 - - [05/Jun/2026:23:46:47 +0200] "POST /wp-cron.php?doing_wp_cron=1780696007.2399749755859375000000 HTTP/1.1" 200 1 "-" "WordPress/7.0; https://brescia.elettroservicegroup.it"
177.72.167.205 - - [05/Jun/2026:23:46:39 +0200] "POST /wp-login.php HTTP/1.1" 200 9467 "-" "Mozilla/5.0 (Windows NT 10.0; Win64; x64) AppleWebKit/537.36 (KHTML, like Gecko) Chrome/124.0 Safari/537.36"
65.108.235.243 - - [05/Jun/2026:23:51:46 +0200] "POST /wp-cron.php?doing_wp_cron=1780696306.0514969825744628906250 HTTP/1.1" 200 1 "-" "WordPress/7.0; https://brescia.elettroservicegroup.it"
114.119.138.37 - - [05/Jun/2026:23:51:44 +0200] "GET /copertina-washing-machine-2668472_1920-jpg/ HTTP/1.1" 200 18685 "https://brescia.elettroservicegroup.it/copertina-washing-machine-2668472_1920-jpg/" "Mozilla/5.0 (Linux; Android 7.0;) AppleWebKit/537.36 (HTML, like Gecko) Mobile Safari/537.36 (compatible; PetalBot;+https://webmaster.petalsearch.com/site/petalbot)"
65.108.235.243 - - [05/Jun/2026:23:53:09 +0200] "POST /wp-cron.php?doing_wp_cron=1780696389.8040978908538818359375 HTTP/1.1" 200 1 "-" "WordPress/7.0; https://brescia.elettroservicegroup.it"
114.119.154.115 - - [05/Jun/2026:23:53:08 +0200] "GET /copertina-riparazione_lavastoviglie-jpg/ HTTP/1.1" 200 18620 "https://brescia.elettroservicegroup.it/copertina-riparazione_lavastoviglie-jpg/" "Mozilla/5.0 (Linux; Android 7.0;) AppleWebKit/537.36 (HTML, like Gecko) Mobile Safari/537.36 (compatible; PetalBot;+https://webmaster.petalsearch.com/site/petalbot)"
65.108.235.243 - - [05/Jun/2026:23:54:31 +0200] "POST /wp-cron.php?doing_wp_cron=1780696471.9606399536132812500000 HTTP/1.1" 200 1 "-" "WordPress/7.0; https://brescia.elettroservicegroup.it"
114.119.132.207 - - [05/Jun/2026:23:54:30 +0200] "GET /copertina HTTP/1.1" 301 1 "https://brescia.elettroservicegroup.it/copertina" "Mozilla/5.0 (Linux; Android 7.0;) AppleWebKit/537.36 (HTML, like Gecko) Mobile Safari/537.36 (compatible; PetalBot;+https://webmaster.petalsearch.com/site/petalbot)"
114.119.132.207 - - [05/Jun/2026:23:54:32 +0200] "GET /copertina/ HTTP/1.1" 200 18646 "https://brescia.elettroservicegroup.it/copertina" "Mozilla/5.0 (Linux; Android 7.0;) AppleWebKit/537.36 (HTML, like Gecko) Mobile Safari/537.36 (compatible; PetalBot;+https://webmaster.petalsearch.com/site/petalbot)"
65.108.235.243 - - [05/Jun/2026:23:55:56 +0200] "POST /wp-cron.php?doing_wp_cron=1780696556.5777420997619628906250 HTTP/1.1" 200 1 "-" "WordPress/7.0; https://brescia.elettroservicegroup.it"
114.119.148.161 - - [05/Jun/2026:23:55:54 +0200] "GET /cookie-policy HTTP/1.1" 404 17809 "https://brescia.elettroservicegroup.it/assistenza-condizionatori" "Mozilla/5.0 (Linux; Android 7.0;) AppleWebKit/537.36 (HTML, like Gecko) Mobile Safari/537.36 (compatible; PetalBot;+https://webmaster.petalsearch.com/site/petalbot)"
65.108.235.243 - - [05/Jun/2026:23:57:19 +0200] "POST /wp-cron.php?doing_wp_cron=1780696639.6573181152343750000000 HTTP/1.1" 200 1 "-" "WordPress/7.0; https://brescia.elettroservicegroup.it"
114.119.137.153 - - [05/Jun/2026:23:57:17 +0200] "GET /condizionatore-bonus-jpg HTTP/1.1" 301 1 "https://brescia.elettroservicegroup.it/condizionatore-bonus-jpg" "Mozilla/5.0 (Linux; Android 7.0;) AppleWebKit/537.36 (HTML, like Gecko) Mobile Safari/537.36 (compatible; PetalBot;+https://webmaster.petalsearch.com/site/petalbot)"
114.119.137.153 - - [05/Jun/2026:23:57:20 +0200] "GET /condizionatore-bonus-jpg/ HTTP/1.1" 200 18674 "https://brescia.elettroservicegroup.it/condizionatore-bonus-jpg" "Mozilla/5.0 (Linux; Android 7.0;) AppleWebKit/537.36 (HTML, like Gecko) Mobile Safari/537.36 (compatible; PetalBot;+https://webmaster.petalsearch.com/site/petalbot)"
65.108.235.243 - - [05/Jun/2026:23:58:42 +0200] "POST /wp-cron.php?doing_wp_cron=1780696722.0855300426483154296875 HTTP/1.1" 200 1 "-" "WordPress/7.0; https://brescia.elettroservicegroup.it"
114.119.130.67 - - [05/Jun/2026:23:58:40 +0200] "GET /brescia HTTP/1.1" 301 1 "https://brescia.elettroservicegroup.it/brescia" "Mozilla/5.0 (Linux; Android 7.0;) AppleWebKit/537.36 (HTML, like Gecko) Mobile Safari/537.36 (compatible; PetalBot;+https://webmaster.petalsearch.com/site/petalbot)"
