107.172.180.205 - - [05/Jun/2026:14:59:20 +0200] "GET / HTTP/1.1" 200 11806 "-" "Mozilla/5.0 (Debian; Linux x86_64) AppleWebKit/537.36 (KHTML, like Gecko) Chrome/128.0.0.0 Safari/537.36"
65.108.235.243 - - [05/Jun/2026:15:05:35 +0200] "POST /wp-cron.php?doing_wp_cron=1780664735.2854959964752197265625 HTTP/1.1" 200 1 "-" "WordPress/7.0; https://mantova.elettroservicegroup.it"
79.17.31.222 - - [05/Jun/2026:15:05:33 +0200] "GET / HTTP/2.0" 200 21230 "https://www.google.com/" "Mozilla/5.0 (Macintosh; Intel Mac OS X 10.15; rv:140.0) Gecko/20100101 Firefox/140.0"
79.17.31.222 - - [05/Jun/2026:15:05:35 +0200] "GET /wp-content/uploads/elementor/css/post-14146.css?ver=1780586025 HTTP/2.0" 200 428 "https://mantova.elettroservicegroup.it/" "Mozilla/5.0 (Macintosh; Intel Mac OS X 10.15; rv:140.0) Gecko/20100101 Firefox/140.0"
79.17.31.222 - - [05/Jun/2026:15:05:35 +0200] "GET /wp-content/plugins/all-in-one-seo-pack/dist/Lite/assets/css/table-of-contents/global.e90f6d47.css?ver=4.9.7.2 HTTP/2.0" 200 420 "https://mantova.elettroservicegroup.it/" "Mozilla/5.0 (Macintosh; Intel Mac OS X 10.15; rv:140.0) Gecko/20100101 Firefox/140.0"
79.17.31.222 - - [05/Jun/2026:15:05:35 +0200] "GET /wp-content/plugins/complianz-gdpr-premium/assets/css/cookieblocker.min.css?ver=1780326434 HTTP/2.0" 200 615 "https://mantova.elettroservicegroup.it/" "Mozilla/5.0 (Macintosh; Intel Mac OS X 10.15; rv:140.0) Gecko/20100101 Firefox/140.0"
79.17.31.222 - - [05/Jun/2026:15:05:35 +0200] "GET /wp-content/plugins/header-footer-elementor/assets/css/header-footer-elementor.css?ver=2.8.8 HTTP/2.0" 200 260 "https://mantova.elettroservicegroup.it/" "Mozilla/5.0 (Macintosh; Intel Mac OS X 10.15; rv:140.0) Gecko/20100101 Firefox/140.0"
79.17.31.222 - - [05/Jun/2026:15:05:35 +0200] "GET /wp-content/uploads/elementor/css/post-14366.css?ver=1780586025 HTTP/2.0" 200 304 "https://mantova.elettroservicegroup.it/" "Mozilla/5.0 (Macintosh; Intel Mac OS X 10.15; rv:140.0) Gecko/20100101 Firefox/140.0"
79.17.31.222 - - [05/Jun/2026:15:05:35 +0200] "GET /wp-content/plugins/elementor/assets/lib/eicons/css/elementor-icons.min.css?ver=5.49.0 HTTP/2.0" 200 4115 "https://mantova.elettroservicegroup.it/" "Mozilla/5.0 (Macintosh; Intel Mac OS X 10.15; rv:140.0) Gecko/20100101 Firefox/140.0"
79.17.31.222 - - [05/Jun/2026:15:05:35 +0200] "GET /wp-content/plugins/elementor/assets/lib/font-awesome/css/v4-shims.min.css?ver=4.1.1 HTTP/2.0" 200 3986 "https://mantova.elettroservicegroup.it/" "Mozilla/5.0 (Macintosh; Intel Mac OS X 10.15; rv:140.0) Gecko/20100101 Firefox/140.0"
79.17.31.222 - - [05/Jun/2026:15:05:35 +0200] "GET /wp-content/plugins/elementor/assets/css/frontend.min.css?ver=4.1.1 HTTP/2.0" 200 6618 "https://mantova.elettroservicegroup.it/" "Mozilla/5.0 (Macintosh; Intel Mac OS X 10.15; rv:140.0) Gecko/20100101 Firefox/140.0"
79.17.31.222 - - [05/Jun/2026:15:05:35 +0200] "GET /wp-content/plugins/header-footer-elementor/inc/widgets-css/frontend.css?ver=2.8.8 HTTP/2.0" 200 8711 "https://mantova.elettroservicegroup.it/" "Mozilla/5.0 (Macintosh; Intel Mac OS X 10.15; rv:140.0) Gecko/20100101 Firefox/140.0"
79.17.31.222 - - [05/Jun/2026:15:05:35 +0200] "GET /wp-content/plugins/elementor/assets/lib/font-awesome/css/all.min.css?ver=4.1.1 HTTP/2.0" 200 12402 "https://mantova.elettroservicegroup.it/" "Mozilla/5.0 (Macintosh; Intel Mac OS X 10.15; rv:140.0) Gecko/20100101 Firefox/140.0"
79.17.31.222 - - [05/Jun/2026:15:05:35 +0200] "GET /wp-includes/css/dist/block-library/style.min.css?ver=7.0 HTTP/2.0" 200 15998 "https://mantova.elettroservicegroup.it/" "Mozilla/5.0 (Macintosh; Intel Mac OS X 10.15; rv:140.0) Gecko/20100101 Firefox/140.0"
79.17.31.222 - - [05/Jun/2026:15:05:35 +0200] "GET /wp-content/plugins/wpfront-notification-bar/css/wpfront-notification-bar.min.css?ver=3.5.1.05102 HTTP/2.0" 200 665 "https://mantova.elettroservicegroup.it/" "Mozilla/5.0 (Macintosh; Intel Mac OS X 10.15; rv:140.0) Gecko/20100101 Firefox/140.0"
79.17.31.222 - - [05/Jun/2026:15:05:35 +0200] "GET /wp-content/themes/generatepress/assets/css/main.min.css?ver=3.6.1 HTTP/2.0" 200 4410 "https://mantova.elettroservicegroup.it/" "Mozilla/5.0 (Macintosh; Intel Mac OS X 10.15; rv:140.0) Gecko/20100101 Firefox/140.0"
79.17.31.222 - - [05/Jun/2026:15:05:35 +0200] "GET /wp-content/plugins/elementor/assets/css/widget-icon-list.min.css?ver=3.24.3 HTTP/2.0" 200 928 "https://mantova.elettroservicegroup.it/" "Mozilla/5.0 (Macintosh; Intel Mac OS X 10.15; rv:140.0) Gecko/20100101 Firefox/140.0"
79.17.31.222 - - [05/Jun/2026:15:05:35 +0200] "GET /wp-content/plugins/elementor/assets/lib/font-awesome/css/solid.css?ver=5.15.3 HTTP/2.0" 200 299 "https://mantova.elettroservicegroup.it/" "Mozilla/5.0 (Macintosh; Intel Mac OS X 10.15; rv:140.0) Gecko/20100101 Firefox/140.0"
79.17.31.222 - - [05/Jun/2026:15:05:35 +0200] "GET /wp-content/plugins/elementor/assets/lib/font-awesome/css/brands.css?ver=5.15.3 HTTP/2.0" 200 298 "https://mantova.elettroservicegroup.it/" "Mozilla/5.0 (Macintosh; Intel Mac OS X 10.15; rv:140.0) Gecko/20100101 Firefox/140.0"
79.17.31.222 - - [05/Jun/2026:15:05:35 +0200] "GET /wp-content/uploads/2018/02/post-9-150x150.jpg HTTP/2.0" 200 6240 "https://mantova.elettroservicegroup.it/" "Mozilla/5.0 (Macintosh; Intel Mac OS X 10.15; rv:140.0) Gecko/20100101 Firefox/140.0"
79.17.31.222 - - [05/Jun/2026:15:05:35 +0200] "GET /wp-content/uploads/elementor/google-fonts/css/robotoslab.css?ver=1742253597 HTTP/2.0" 200 717 "https://mantova.elettroservicegroup.it/" "Mozilla/5.0 (Macintosh; Intel Mac OS X 10.15; rv:140.0) Gecko/20100101 Firefox/140.0"
79.17.31.222 - - [05/Jun/2026:15:05:35 +0200] "GET /wp-content/plugins/elementor/assets/lib/font-awesome/js/v4-shims.min.js?ver=4.1.1 HTTP/2.0" 200 4043 "https://mantova.elettroservicegroup.it/" "Mozilla/5.0 (Macintosh; Intel Mac OS X 10.15; rv:140.0) Gecko/20100101 Firefox/140.0"
79.17.31.222 - - [05/Jun/2026:15:05:35 +0200] "GET /wp-content/uploads/2018/02/post-8-150x150.jpg HTTP/2.0" 200 5869 "https://mantova.elettroservicegroup.it/" "Mozilla/5.0 (Macintosh; Intel Mac OS X 10.15; rv:140.0) Gecko/20100101 Firefox/140.0"
79.17.31.222 - - [05/Jun/2026:15:05:35 +0200] "GET /wp-content/uploads/2018/02/post-3-150x150.jpg HTTP/2.0" 200 7222 "https://mantova.elettroservicegroup.it/" "Mozilla/5.0 (Macintosh; Intel Mac OS X 10.15; rv:140.0) Gecko/20100101 Firefox/140.0"
79.17.31.222 - - [05/Jun/2026:15:05:35 +0200] "GET /wp-content/plugins/gp-premium/blog/functions/css/style.min.css?ver=2.5.6 HTTP/2.0" 200 1018 "https://mantova.elettroservicegroup.it/" "Mozilla/5.0 (Macintosh; Intel Mac OS X 10.15; rv:140.0) Gecko/20100101 Firefox/140.0"
79.17.31.222 - - [05/Jun/2026:15:05:35 +0200] "GET /wp-content/uploads/elementor/google-fonts/css/roboto.css?ver=1742253595 HTTP/2.0" 200 1885 "https://mantova.elettroservicegroup.it/" "Mozilla/5.0 (Macintosh; Intel Mac OS X 10.15; rv:140.0) Gecko/20100101 Firefox/140.0"
79.17.31.222 - - [05/Jun/2026:15:05:35 +0200] "GET /wp-content/plugins/elementor/assets/lib/eicons/css/elementor-icons.min.css?ver=5.34.0 HTTP/2.0" 200 4115 "https://mantova.elettroservicegroup.it/" "Mozilla/5.0 (Macintosh; Intel Mac OS X 10.15; rv:140.0) Gecko/20100101 Firefox/140.0"
79.17.31.222 - - [05/Jun/2026:15:05:35 +0200] "GET /wp-content/uploads/2018/02/post-4-150x150.jpg HTTP/2.0" 200 6989 "https://mantova.elettroservicegroup.it/" "Mozilla/5.0 (Macintosh; Intel Mac OS X 10.15; rv:140.0) Gecko/20100101 Firefox/140.0"
79.17.31.222 - - [05/Jun/2026:15:05:35 +0200] "GET /wp-content/uploads/2018/02/post-6-150x150.jpg HTTP/2.0" 200 9015 "https://mantova.elettroservicegroup.it/" "Mozilla/5.0 (Macintosh; Intel Mac OS X 10.15; rv:140.0) Gecko/20100101 Firefox/140.0"
79.17.31.222 - - [05/Jun/2026:15:05:35 +0200] "GET /wp-content/plugins/elementor/assets/css/widget-social-icons.min.css?ver=3.24.0 HTTP/2.0" 200 1039 "https://mantova.elettroservicegroup.it/" "Mozilla/5.0 (Macintosh; Intel Mac OS X 10.15; rv:140.0) Gecko/20100101 Firefox/140.0"
79.17.31.222 - - [05/Jun/2026:15:05:35 +0200] "GET /wp-content/plugins/elementor/assets/lib/font-awesome/css/fontawesome.css?ver=5.15.3 HTTP/2.0" 200 12535 "https://mantova.elettroservicegroup.it/" "Mozilla/5.0 (Macintosh; Intel Mac OS X 10.15; rv:140.0) Gecko/20100101 Firefox/140.0"
79.17.31.222 - - [05/Jun/2026:15:05:35 +0200] "GET /wp-content/plugins/gp-premium/menu-plus/functions/css/navigation-branding-flex.min.css?ver=2.5.6 HTTP/2.0" 200 542 "https://mantova.elettroservicegroup.it/" "Mozilla/5.0 (Macintosh; Intel Mac OS X 10.15; rv:140.0) Gecko/20100101 Firefox/140.0"
79.17.31.222 - - [05/Jun/2026:15:05:35 +0200] "GET /wp-content/plugins/essential-addons-for-elementor-lite/assets/front-end/css/view/general.min.css?ver=6.6.5 HTTP/2.0" 200 1422 "https://mantova.elettroservicegroup.it/" "Mozilla/5.0 (Macintosh; Intel Mac OS X 10.15; rv:140.0) Gecko/20100101 Firefox/140.0"
79.17.31.222 - - [05/Jun/2026:15:05:35 +0200] "GET /wp-includes/js/jquery/jquery.min.js?ver=3.7.1 HTTP/2.0" 200 29769 "https://mantova.elettroservicegroup.it/" "Mozilla/5.0 (Macintosh; Intel Mac OS X 10.15; rv:140.0) Gecko/20100101 Firefox/140.0"
79.17.31.222 - - [05/Jun/2026:15:05:35 +0200] "GET /wp-includes/js/jquery/jquery-migrate.min.js?ver=3.4.1 HTTP/2.0" 200 4685 "https://mantova.elettroservicegroup.it/" "Mozilla/5.0 (Macintosh; Intel Mac OS X 10.15; rv:140.0) Gecko/20100101 Firefox/140.0"
79.17.31.222 - - [05/Jun/2026:15:05:35 +0200] "GET /wp-content/plugins/wpfront-notification-bar/js/wpfront-notification-bar.min.js?ver=3.5.1.05102 HTTP/2.0" 200 1497 "https://mantova.elettroservicegroup.it/" "Mozilla/5.0 (Macintosh; Intel Mac OS X 10.15; rv:140.0) Gecko/20100101 Firefox/140.0"
79.17.31.222 - - [05/Jun/2026:15:05:35 +0200] "GET /wp-content/plugins/gp-premium/menu-plus/functions/js/sticky.min.js?ver=2.5.6 HTTP/2.0" 200 2670 "https://mantova.elettroservicegroup.it/" "Mozilla/5.0 (Macintosh; Intel Mac OS X 10.15; rv:140.0) Gecko/20100101 Firefox/140.0"
79.17.31.222 - - [05/Jun/2026:15:05:35 +0200] "GET /wp-content/themes/generatepress/assets/js/menu.min.js?ver=3.6.1 HTTP/2.0" 200 1688 "https://mantova.elettroservicegroup.it/" "Mozilla/5.0 (Macintosh; Intel Mac OS X 10.15; rv:140.0) Gecko/20100101 Firefox/140.0"
79.17.31.222 - - [05/Jun/2026:15:05:35 +0200] "GET /wp-content/themes/generatepress/assets/js/back-to-top.min.js?ver=3.6.1 HTTP/2.0" 200 336 "https://mantova.elettroservicegroup.it/" "Mozilla/5.0 (Macintosh; Intel Mac OS X 10.15; rv:140.0) Gecko/20100101 Firefox/140.0"
79.17.31.222 - - [05/Jun/2026:15:05:35 +0200] "GET /wp-content/plugins/essential-addons-for-elementor-lite/assets/front-end/js/view/general.min.js?ver=6.6.5 HTTP/2.0" 200 3900 "https://mantova.elettroservicegroup.it/" "Mozilla/5.0 (Macintosh; Intel Mac OS X 10.15; rv:140.0) Gecko/20100101 Firefox/140.0"
79.17.31.222 - - [05/Jun/2026:15:05:35 +0200] "GET /wp-content/plugins/complianz-gdpr-premium/cookiebanner/js/complianz.min.js?ver=1780326433 HTTP/2.0" 200 10708 "https://mantova.elettroservicegroup.it/" "Mozilla/5.0 (Macintosh; Intel Mac OS X 10.15; rv:140.0) Gecko/20100101 Firefox/140.0"
79.17.31.222 - - [05/Jun/2026:15:05:35 +0200] "GET /wp-content/plugins/elementor/assets/js/webpack.runtime.min.js?ver=4.1.1 HTTP/2.0" 200 2340 "https://mantova.elettroservicegroup.it/" "Mozilla/5.0 (Macintosh; Intel Mac OS X 10.15; rv:140.0) Gecko/20100101 Firefox/140.0"
79.17.31.222 - - [05/Jun/2026:15:05:35 +0200] "GET /wp-content/plugins/elementor/assets/js/frontend-modules.min.js?ver=4.1.1 HTTP/2.0" 200 15454 "https://mantova.elettroservicegroup.it/" "Mozilla/5.0 (Macintosh; Intel Mac OS X 10.15; rv:140.0) Gecko/20100101 Firefox/140.0"
79.17.31.222 - - [05/Jun/2026:15:05:35 +0200] "GET /wp-includes/js/jquery/ui/core.min.js?ver=1.13.3 HTTP/2.0" 200 6820 "https://mantova.elettroservicegroup.it/" "Mozilla/5.0 (Macintosh; Intel Mac OS X 10.15; rv:140.0) Gecko/20100101 Firefox/140.0"
79.17.31.222 - - [05/Jun/2026:15:05:35 +0200] "GET /wp-content/plugins/elementor/assets/js/frontend.min.js?ver=4.1.1 HTTP/2.0" 200 10140 "https://mantova.elettroservicegroup.it/" "Mozilla/5.0 (Macintosh; Intel Mac OS X 10.15; rv:140.0) Gecko/20100101 Firefox/140.0"
79.17.31.222 - - [05/Jun/2026:15:05:35 +0200] "GET /wp-content/uploads/2021/10/cropped-cropped-cropped-logo_white_background.png HTTP/2.0" 200 38971 "https://mantova.elettroservicegroup.it/" "Mozilla/5.0 (Macintosh; Intel Mac OS X 10.15; rv:140.0) Gecko/20100101 Firefox/140.0"
79.17.31.222 - - [05/Jun/2026:15:05:35 +0200] "GET /wp-content/uploads/2018/02/post-10-150x150.jpg HTTP/2.0" 200 8023 "https://mantova.elettroservicegroup.it/" "Mozilla/5.0 (Macintosh; Intel Mac OS X 10.15; rv:140.0) Gecko/20100101 Firefox/140.0"
79.17.31.222 - - [05/Jun/2026:15:05:35 +0200] "GET /wp-content/uploads/2018/02/post-7-150x150.jpg HTTP/2.0" 200 6653 "https://mantova.elettroservicegroup.it/" "Mozilla/5.0 (Macintosh; Intel Mac OS X 10.15; rv:140.0) Gecko/20100101 Firefox/140.0"
79.17.31.222 - - [05/Jun/2026:15:05:35 +0200] "GET /wp-content/uploads/2018/02/post-5-150x150.jpg HTTP/2.0" 200 7908 "https://mantova.elettroservicegroup.it/" "Mozilla/5.0 (Macintosh; Intel Mac OS X 10.15; rv:140.0) Gecko/20100101 Firefox/140.0"
79.17.31.222 - - [05/Jun/2026:15:05:35 +0200] "GET /wp-content/uploads/2018/02/post-2-150x150.jpg HTTP/2.0" 200 6281 "https://mantova.elettroservicegroup.it/" "Mozilla/5.0 (Macintosh; Intel Mac OS X 10.15; rv:140.0) Gecko/20100101 Firefox/140.0"
79.17.31.222 - - [05/Jun/2026:15:05:35 +0200] "GET /wp-content/uploads/elementor/google-fonts/fonts/robotoslab-bngmuxzytxpivibgjjsb6ufj5qw54a.woff2 HTTP/2.0" 200 21272 "https://mantova.elettroservicegroup.it/wp-content/uploads/elementor/google-fonts/css/robotoslab.css?ver=1742253597" "Mozilla/5.0 (Macintosh; Intel Mac OS X 10.15; rv:140.0) Gecko/20100101 Firefox/140.0"
79.17.31.222 - - [05/Jun/2026:15:05:35 +0200] "GET /wp-content/uploads/elementor/google-fonts/fonts/robotoslab-bngmuxzytxpivibgjjsb6ufd5qw54a.woff2 HTTP/2.0" 200 20760 "https://mantova.elettroservicegroup.it/wp-content/uploads/elementor/google-fonts/css/robotoslab.css?ver=1742253597" "Mozilla/5.0 (Macintosh; Intel Mac OS X 10.15; rv:140.0) Gecko/20100101 Firefox/140.0"
79.17.31.222 - - [05/Jun/2026:15:05:35 +0200] "GET /wp-content/uploads/elementor/google-fonts/fonts/robotoslab-bngmuxzytxpivibgjjsb6ufn5qu.woff2 HTTP/2.0" 200 34328 "https://mantova.elettroservicegroup.it/wp-content/uploads/elementor/google-fonts/css/robotoslab.css?ver=1742253597" "Mozilla/5.0 (Macintosh; Intel Mac OS X 10.15; rv:140.0) Gecko/20100101 Firefox/140.0"
79.17.31.222 - - [05/Jun/2026:15:05:35 +0200] "GET /wp-content/uploads/elementor/google-fonts/fonts/robotoslab-bngmuxzytxpivibgjjsb6ufn5qu.woff2 HTTP/2.0" 200 34328 "https://mantova.elettroservicegroup.it/wp-content/uploads/elementor/google-fonts/css/robotoslab.css?ver=1742253597" "Mozilla/5.0 (Macintosh; Intel Mac OS X 10.15; rv:140.0) Gecko/20100101 Firefox/140.0"
79.17.31.222 - - [05/Jun/2026:15:05:35 +0200] "GET /wp-includes/js/wp-emoji-release.min.js?ver=7.0 HTTP/2.0" 200 4940 "https://mantova.elettroservicegroup.it/" "Mozilla/5.0 (Macintosh; Intel Mac OS X 10.15; rv:140.0) Gecko/20100101 Firefox/140.0"
79.17.31.222 - - [05/Jun/2026:15:05:35 +0200] "GET /wp-content/plugins/elementor/assets/js/section-frontend-handlers.d85ab872da118940910d.bundle.min.js HTTP/2.0" 200 230 "https://mantova.elettroservicegroup.it/" "Mozilla/5.0 (Macintosh; Intel Mac OS X 10.15; rv:140.0) Gecko/20100101 Firefox/140.0"
79.17.31.222 - - [05/Jun/2026:15:05:35 +0200] "GET /wp-content/plugins/elementor/assets/js/text-editor.45609661e409413f1cef.bundle.min.js HTTP/2.0" 200 592 "https://mantova.elettroservicegroup.it/" "Mozilla/5.0 (Macintosh; Intel Mac OS X 10.15; rv:140.0) Gecko/20100101 Firefox/140.0"
79.17.31.222 - - [05/Jun/2026:15:05:35 +0200] "GET /wp-content/plugins/elementor/assets/js/shared-frontend-handlers.03caa53373b56d3bab67.bundle.min.js HTTP/2.0" 200 2515 "https://mantova.elettroservicegroup.it/" "Mozilla/5.0 (Macintosh; Intel Mac OS X 10.15; rv:140.0) Gecko/20100101 Firefox/140.0"
79.17.31.222 - - [05/Jun/2026:15:05:35 +0200] "GET /wp-json/complianz/v1/banner?lang=it&locale=it_IT&token=uhniw HTTP/2.0" 200 83 "https://mantova.elettroservicegroup.it/" "Mozilla/5.0 (Macintosh; Intel Mac OS X 10.15; rv:140.0) Gecko/20100101 Firefox/140.0"
79.17.31.222 - - [05/Jun/2026:15:05:35 +0200] "GET /wp-content/uploads/2021/10/cropped-cropped-cropped-cropped-logo_white_background-192x192.png HTTP/2.0" 200 19089 "https://mantova.elettroservicegroup.it/" "Mozilla/5.0 (Macintosh; Intel Mac OS X 10.15; rv:140.0) Gecko/20100101 Firefox/140.0"
79.17.31.222 - - [05/Jun/2026:15:05:35 +0200] "GET /wp-content/uploads/2021/10/cropped-cropped-cropped-cropped-logo_white_background-32x32.png HTTP/2.0" 200 1525 "https://mantova.elettroservicegroup.it/" "Mozilla/5.0 (Macintosh; Intel Mac OS X 10.15; rv:140.0) Gecko/20100101 Firefox/140.0"
79.17.31.222 - - [05/Jun/2026:15:05:35 +0200] "GET /wp-content/uploads/complianz/css/banner-1-optin.css?v=22 HTTP/2.0" 200 2623 "https://mantova.elettroservicegroup.it/" "Mozilla/5.0 (Macintosh; Intel Mac OS X 10.15; rv:140.0) Gecko/20100101 Firefox/140.0"
65.108.235.243 - - [05/Jun/2026:15:40:35 +0200] "POST /wp-cron.php?doing_wp_cron=1780666835.4373369216918945312500 HTTP/1.1" 200 1 "-" "WordPress/7.0; https://mantova.elettroservicegroup.it"
172.203.190.140 - - [05/Jun/2026:15:40:34 +0200] "GET /robots.txt HTTP/2.0" 200 107 "-" "Mozilla/5.0 (Macintosh; Intel Mac OS X 10_15_7) AppleWebKit/537.36 (KHTML, like Gecko) Chrome/131.0.0.0 Safari/537.36; compatible; OAI-SearchBot/1.0; +https://openai.com/searchbot"
65.108.235.243 - - [05/Jun/2026:16:01:06 +0200] "POST /wp-cron.php?doing_wp_cron=1780668066.9263141155242919921875 HTTP/1.1" 200 1 "-" "WordPress/7.0; https://mantova.elettroservicegroup.it"
216.73.216.176 - - [05/Jun/2026:16:01:05 +0200] "GET /robots.txt HTTP/2.0" 200 107 "-" "Mozilla/5.0 AppleWebKit/537.36 (KHTML, like Gecko; compatible; ClaudeBot/1.0; +claudebot@anthropic.com)"
216.73.216.176 - - [05/Jun/2026:16:01:07 +0200] "GET /sitemap.xml HTTP/2.0" 200 339 "-" "Mozilla/5.0 AppleWebKit/537.36 (KHTML, like Gecko; compatible; ClaudeBot/1.0; +claudebot@anthropic.com)"
65.108.235.243 - - [05/Jun/2026:16:08:15 +0200] "POST /wp-cron.php?doing_wp_cron=1780668495.5465080738067626953125 HTTP/1.1" 200 1 "-" "WordPress/7.0; https://mantova.elettroservicegroup.it"
40.77.167.20 - - [05/Jun/2026:16:08:14 +0200] "GET /sitemap.xml HTTP/2.0" 200 339 "-" "Mozilla/5.0 AppleWebKit/537.36 (KHTML, like Gecko; compatible; bingbot/2.0; +http://www.bing.com/bingbot.htm) Chrome/116.0.1938.76 Safari/537.36"
65.108.235.243 - - [05/Jun/2026:17:12:03 +0200] "POST /wp-cron.php?doing_wp_cron=1780672323.3416490554809570312500 HTTP/1.1" 200 1 "-" "WordPress/7.0; https://mantova.elettroservicegroup.it"
198.235.24.223 - - [05/Jun/2026:17:12:00 +0200] "GET /wp-login.php HTTP/1.1" 200 9036 "-" "Hello from Palo Alto Networks, find out more about our scans in https://docs-cortex.paloaltonetworks.com/r/1/Cortex-Xpanse/Scanning-activity"
54.225.181.161 - - [05/Jun/2026:17:54:20 +0200] "GET /robots.txt HTTP/1.1" 200 11810 "-" "Mozilla/5.0 AppleWebKit/537.36 (KHTML, like Gecko; compatible; Amazonbot/0.1; +https://developer.amazon.com/support/amazonbot) Chrome/119.0.6045.214 Safari/537.36"
3.213.46.222 - - [05/Jun/2026:17:54:28 +0200] "GET / HTTP/1.1" 200 11762 "-" "Mozilla/5.0 AppleWebKit/537.36 (KHTML, like Gecko; compatible; Amazonbot/0.1; +https://developer.amazon.com/support/amazonbot) Chrome/119.0.6045.214 Safari/537.36"
95.216.39.43 - - [05/Jun/2026:19:43:18 +0200] "GET /.env.backup HTTP/1.1" 200 11835 "-" "Mozilla/5.0 (Windows NT 10.0; Win64; x64; rv:109.0) Gecko/20100101 Firefox/118.0"
65.108.235.243 - - [05/Jun/2026:19:43:24 +0200] "POST /wp-cron.php?doing_wp_cron=1780681404.2462530136108398437500 HTTP/1.1" 200 1 "-" "WordPress/7.0; https://mantova.elettroservicegroup.it"
104.28.254.16 - - [05/Jun/2026:19:43:22 +0200] "GET /config/user.xml HTTP/1.1" 404 91909 "-" "Mozilla/5.0 (X11; Linux x86_64; rv:128.0) Gecko/20100101 Firefox/128.0"
104.28.222.16 - - [05/Jun/2026:19:43:27 +0200] "GET /.aws/config HTTP/1.1" 404 91885 "-" "Mozilla/5.0 (Knoppix; Linux i686) AppleWebKit/537.36 (KHTML, like Gecko) Chrome/131.0.0.0 Safari/537.36"
65.108.235.243 - - [05/Jun/2026:19:57:28 +0200] "POST /wp-cron.php?doing_wp_cron=1780682248.8406119346618652343750 HTTP/1.1" 200 1 "-" "WordPress/7.0; https://mantova.elettroservicegroup.it"
216.73.217.100 - - [05/Jun/2026:19:57:23 +0200] "GET /robots.txt HTTP/2.0" 200 107 "-" "Mozilla/5.0 AppleWebKit/537.36 (KHTML, like Gecko; compatible; ClaudeBot/1.0; +claudebot@anthropic.com)"
216.73.217.100 - - [05/Jun/2026:19:57:34 +0200] "GET /sitemap.xml HTTP/2.0" 200 339 "-" "Mozilla/5.0 AppleWebKit/537.36 (KHTML, like Gecko; compatible; ClaudeBot/1.0; +claudebot@anthropic.com)"
65.108.235.243 - - [05/Jun/2026:20:05:25 +0200] "POST /wp-cron.php?doing_wp_cron=1780682725.6926140785217285156250 HTTP/1.1" 200 1 "-" "WordPress/7.0; https://mantova.elettroservicegroup.it"
17.241.75.64 - - [05/Jun/2026:20:05:24 +0200] "GET /feed/?attachment_id=19 HTTP/2.0" 200 833 "-" "Mozilla/5.0 (Macintosh; Intel Mac OS X 10_15_7) AppleWebKit/605.1.15 (KHTML, like Gecko) Version/17.4 Safari/605.1.15 (Applebot/0.1; +http://www.apple.com/go/applebot)"
65.108.235.243 - - [05/Jun/2026:20:16:07 +0200] "POST /wp-cron.php?doing_wp_cron=1780683367.8455770015716552734375 HTTP/1.1" 200 1 "-" "WordPress/7.0; https://mantova.elettroservicegroup.it"
104.210.140.139 - - [05/Jun/2026:20:16:06 +0200] "GET /robots.txt HTTP/2.0" 200 107 "-" "Mozilla/5.0 (Macintosh; Intel Mac OS X 10_15_7) AppleWebKit/537.36 (KHTML, like Gecko) Chrome/131.0.0.0 Safari/537.36; compatible; OAI-SearchBot/1.0; +https://openai.com/searchbot"
114.119.141.228 - - [05/Jun/2026:20:17:27 +0200] "GET /wp-content/uploads/2018/02/icon-1.svg HTTP/1.1" 200 1299 "https://mantova.elettroservicegroup.it/icon-1-2/" "Mozilla/5.0 (Linux; Android 7.0;) AppleWebKit/537.36 (HTML, like Gecko) Mobile Safari/537.36 (compatible; PetalBot;+https://webmaster.petalsearch.com/site/petalbot)"
65.108.235.243 - - [05/Jun/2026:20:18:58 +0200] "POST /wp-cron.php?doing_wp_cron=1780683538.4476280212402343750000 HTTP/1.1" 200 1 "-" "WordPress/7.0; https://mantova.elettroservicegroup.it"
114.119.148.161 - - [05/Jun/2026:20:18:51 +0200] "GET /cropped-cropped-logo_white_background-png/ HTTP/1.1" 200 18803 "https://mantova.elettroservicegroup.it/cropped-cropped-logo_white_background-png/" "Mozilla/5.0 (Linux; Android 7.0;) AppleWebKit/537.36 (HTML, like Gecko) Mobile Safari/537.36 (compatible; PetalBot;+https://webmaster.petalsearch.com/site/petalbot)"
65.108.235.243 - - [05/Jun/2026:20:20:16 +0200] "POST /wp-cron.php?doing_wp_cron=1780683616.1453859806060791015625 HTTP/1.1" 200 1 "-" "WordPress/7.0; https://mantova.elettroservicegroup.it"
114.119.138.37 - - [05/Jun/2026:20:20:13 +0200] "GET /candy-png/ HTTP/1.1" 200 18743 "https://mantova.elettroservicegroup.it/candy-png/" "Mozilla/5.0 (Linux; Android 7.0;) AppleWebKit/537.36 (HTML, like Gecko) Mobile Safari/537.36 (compatible; PetalBot;+https://webmaster.petalsearch.com/site/petalbot)"
65.108.235.243 - - [05/Jun/2026:20:21:45 +0200] "POST /wp-cron.php?doing_wp_cron=1780683705.2506029605865478515625 HTTP/1.1" 200 1 "-" "WordPress/7.0; https://mantova.elettroservicegroup.it"
114.119.148.161 - - [05/Jun/2026:20:21:37 +0200] "GET /bauknecht2-jpg/ HTTP/1.1" 200 18711 "https://mantova.elettroservicegroup.it/bauknecht2-jpg/" "Mozilla/5.0 (Linux; Android 7.0;) AppleWebKit/537.36 (HTML, like Gecko) Mobile Safari/537.36 (compatible; PetalBot;+https://webmaster.petalsearch.com/site/petalbot)"
65.108.235.243 - - [05/Jun/2026:20:23:03 +0200] "POST /wp-cron.php?doing_wp_cron=1780683783.3686950206756591796875 HTTP/1.1" 200 1 "-" "WordPress/7.0; https://mantova.elettroservicegroup.it"
114.119.138.37 - - [05/Jun/2026:20:23:00 +0200] "GET /assistenza-condizionatori/ HTTP/1.1" 404 17945 "https://mantova.elettroservicegroup.it/assistenza-condizionatori/" "Mozilla/5.0 (Linux; Android 7.0;) AppleWebKit/537.36 (HTML, like Gecko) Mobile Safari/537.36 (compatible; PetalBot;+https://webmaster.petalsearch.com/site/petalbot)"
65.108.235.243 - - [05/Jun/2026:20:24:25 +0200] "POST /wp-cron.php?doing_wp_cron=1780683865.6474800109863281250000 HTTP/1.1" 200 1 "-" "WordPress/7.0; https://mantova.elettroservicegroup.it"
114.119.148.161 - - [05/Jun/2026:20:24:23 +0200] "GET /asko-e1634463631713-jpg/ HTTP/1.1" 200 18823 "https://mantova.elettroservicegroup.it/asko-e1634463631713-jpg/" "Mozilla/5.0 (Linux; Android 7.0;) AppleWebKit/537.36 (HTML, like Gecko) Mobile Safari/537.36 (compatible; PetalBot;+https://webmaster.petalsearch.com/site/petalbot)"
65.108.235.243 - - [05/Jun/2026:21:08:55 +0200] "POST /wp-cron.php?doing_wp_cron=1780686535.1827690601348876953125 HTTP/1.1" 200 1 "-" "WordPress/7.0; https://mantova.elettroservicegroup.it"
17.241.219.152 - - [05/Jun/2026:21:08:53 +0200] "GET /feed/?attachment_id=14426 HTTP/2.0" 200 820 "-" "Mozilla/5.0 (Macintosh; Intel Mac OS X 10_15_7) AppleWebKit/605.1.15 (KHTML, like Gecko) Version/17.4 Safari/605.1.15 (Applebot/0.1; +http://www.apple.com/go/applebot)"
65.108.235.243 - - [05/Jun/2026:21:20:55 +0200] "POST /wp-cron.php?doing_wp_cron=1780687255.2520589828491210937500 HTTP/1.1" 200 1 "-" "WordPress/7.0; https://mantova.elettroservicegroup.it"
52.167.144.179 - - [05/Jun/2026:21:20:52 +0200] "GET /assistenza-lavatrici/ HTTP/2.0" 404 17925 "-" "Mozilla/5.0 AppleWebKit/537.36 (KHTML, like Gecko; compatible; bingbot/2.0; +http://www.bing.com/bingbot.htm) Chrome/116.0.1938.76 Safari/537.36"
65.108.235.243 - - [05/Jun/2026:21:31:53 +0200] "POST /wp-cron.php?doing_wp_cron=1780687913.0449900627136230468750 HTTP/1.1" 200 1 "-" "WordPress/7.0; https://mantova.elettroservicegroup.it"
45.148.10.218 - - [05/Jun/2026:21:31:51 +0200] "GET / HTTP/2.0" 301 - "-" "Mozilla/5.0 (Windows NT 10.0; Win64; x64) AppleWebKit/537.36"
65.108.235.243 - - [05/Jun/2026:21:45:18 +0200] "POST /wp-cron.php?doing_wp_cron=1780688718.7586669921875000000000 HTTP/1.1" 200 1 "-" "WordPress/7.0; https://mantova.elettroservicegroup.it"
216.73.217.100 - - [05/Jun/2026:21:45:17 +0200] "GET /robots.txt HTTP/2.0" 200 107 "-" "Mozilla/5.0 AppleWebKit/537.36 (KHTML, like Gecko; compatible; ClaudeBot/1.0; +claudebot@anthropic.com)"
65.108.235.243 - - [05/Jun/2026:23:03:08 +0200] "POST /wp-cron.php?doing_wp_cron=1780693388.1383810043334960937500 HTTP/1.1" 200 1 "-" "WordPress/7.0; https://mantova.elettroservicegroup.it"
114.119.132.207 - - [05/Jun/2026:23:03:02 +0200] "GET /sangiorgio-jpg/ HTTP/1.1" 200 18748 "https://mantova.elettroservicegroup.it/sangiorgio-jpg/" "Mozilla/5.0 (Linux; Android 7.0;) AppleWebKit/537.36 (HTML, like Gecko) Mobile Safari/537.36 (compatible; PetalBot;+https://webmaster.petalsearch.com/site/petalbot)"
91.132.197.188 - - [05/Jun/2026:23:25:56 +0200] "GET /wp-login.php HTTP/2.0" 200 11760 "https://mantova.elettroservicegroup.it/" "Mozilla/5.0 (Windows NT 10.0; Win64; x64) AppleWebKit/537.36 (KHTML, like Gecko) Chrome/147.0.0.0 Safari/537.36"
91.132.197.188 - - [05/Jun/2026:23:25:57 +0200] "GET /z0f76a1d14fd21a8fb5fd0d03e0fdc3d3cedae52f?wsidchk=9989010&pdata=https%253A%252F%252Fmantova.elettroservicegroup.it%252Fwp-login.php&id=7fa3b767c460b54a2be4d49030b349c7&ts=1780694756 HTTP/2.0" 302 275 "https://mantova.elettroservicegroup.it/wp-login.php" "Mozilla/5.0 (Windows NT 10.0; Win64; x64) AppleWebKit/537.36 (KHTML, like Gecko) Chrome/147.0.0.0 Safari/537.36"
91.132.197.188 - - [05/Jun/2026:23:25:57 +0200] "GET /wp-login.php HTTP/2.0" 200 - "https://mantova.elettroservicegroup.it/wp-login.php" "Mozilla/5.0 (Windows NT 10.0; Win64; x64) AppleWebKit/537.36 (KHTML, like Gecko) Chrome/147.0.0.0 Safari/537.36"
65.108.235.243 - - [05/Jun/2026:23:26:03 +0200] "POST /wp-cron.php?doing_wp_cron=1780694763.4398319721221923828125 HTTP/1.1" 200 1 "-" "WordPress/7.0; https://mantova.elettroservicegroup.it"
91.132.197.188 - - [05/Jun/2026:23:26:01 +0200] "GET /wp-login.php HTTP/2.0" 200 2698 "https://mantova.elettroservicegroup.it/wp-login.php" "Mozilla/5.0 (Windows NT 10.0; Win64; x64) AppleWebKit/537.36 (KHTML, like Gecko) Chrome/147.0.0.0 Safari/537.36"
91.132.197.188 - - [05/Jun/2026:23:26:09 +0200] "POST /xmlrpc.php HTTP/1.1" 403 52 "-" "Mozilla/5.0 (Windows NT 10.0; Win64; x64) AppleWebKit/537.36 (KHTML, like Gecko) Chrome/147.0.0.0 Safari/537.36"
91.132.197.188 - - [05/Jun/2026:23:26:09 +0200] "GET /wp-includes/js/wp-util.min.js?ver=7.0 HTTP/2.0" 200 693 "https://mantova.elettroservicegroup.it/wp-login.php" "Mozilla/5.0 (Windows NT 10.0; Win64; x64) AppleWebKit/537.36 (KHTML, like Gecko) Chrome/147.0.0.0 Safari/537.36"
91.132.197.188 - - [05/Jun/2026:23:26:09 +0200] "GET /wp-admin/js/password-strength-meter.min.js?ver=7.0 HTTP/2.0" 200 560 "https://mantova.elettroservicegroup.it/wp-login.php" "Mozilla/5.0 (Windows NT 10.0; Win64; x64) AppleWebKit/537.36 (KHTML, like Gecko) Chrome/147.0.0.0 Safari/537.36"
91.132.197.188 - - [05/Jun/2026:23:26:09 +0200] "GET /wp-includes/js/dist/i18n.min.js?ver=781d11515ad3d91786ec HTTP/2.0" 200 2333 "https://mantova.elettroservicegroup.it/wp-login.php" "Mozilla/5.0 (Windows NT 10.0; Win64; x64) AppleWebKit/537.36 (KHTML, like Gecko) Chrome/147.0.0.0 Safari/537.36"
91.132.197.188 - - [05/Jun/2026:23:26:09 +0200] "GET /wp-includes/js/dist/dom-ready.min.js?ver=a06281ae5cf5500e9317 HTTP/2.0" 200 398 "https://mantova.elettroservicegroup.it/wp-login.php" "Mozilla/5.0 (Windows NT 10.0; Win64; x64) AppleWebKit/537.36 (KHTML, like Gecko) Chrome/147.0.0.0 Safari/537.36"
91.132.197.188 - - [05/Jun/2026:23:26:09 +0200] "GET /wp-admin/js/user-profile.min.js?ver=7.0 HTTP/2.0" 200 2891 "https://mantova.elettroservicegroup.it/wp-login.php" "Mozilla/5.0 (Windows NT 10.0; Win64; x64) AppleWebKit/537.36 (KHTML, like Gecko) Chrome/147.0.0.0 Safari/537.36"
91.132.197.188 - - [05/Jun/2026:23:26:09 +0200] "GET /wp-includes/js/dist/a11y.min.js?ver=af934e5259bc51b8718e HTTP/2.0" 200 915 "https://mantova.elettroservicegroup.it/wp-login.php" "Mozilla/5.0 (Windows NT 10.0; Win64; x64) AppleWebKit/537.36 (KHTML, like Gecko) Chrome/147.0.0.0 Safari/537.36"
91.132.197.188 - - [05/Jun/2026:23:26:09 +0200] "GET /wp-includes/js/underscore.min.js?ver=1.13.8 HTTP/2.0" 200 7243 "https://mantova.elettroservicegroup.it/wp-login.php" "Mozilla/5.0 (Windows NT 10.0; Win64; x64) AppleWebKit/537.36 (KHTML, like Gecko) Chrome/147.0.0.0 Safari/537.36"
91.132.197.188 - - [05/Jun/2026:23:26:09 +0200] "GET /wp-admin/load-styles.php?c=0&dir=ltr&load%5Bchunk_0%5D=dashicons,buttons,forms,l10n,wp-base-styles,login&ver=7.0 HTTP/2.0" 200 45751 "https://mantova.elettroservicegroup.it/wp-login.php" "Mozilla/5.0 (Windows NT 10.0; Win64; x64) AppleWebKit/537.36 (KHTML, like Gecko) Chrome/147.0.0.0 Safari/537.36"
91.132.197.188 - - [05/Jun/2026:23:26:09 +0200] "GET /wp-admin/load-scripts.php?c=0&load%5Bchunk_0%5D=clipboard,jquery-core,jquery-migrate,zxcvbn-async,wp-hooks&ver=7.0 HTTP/2.0" 200 37674 "https://mantova.elettroservicegroup.it/wp-login.php" "Mozilla/5.0 (Windows NT 10.0; Win64; x64) AppleWebKit/537.36 (KHTML, like Gecko) Chrome/147.0.0.0 Safari/537.36"
91.132.197.188 - - [05/Jun/2026:23:26:09 +0200] "GET /wp-admin/images/wordpress-logo-gray.svg?ver=20260303 HTTP/2.0" 200 765 "https://mantova.elettroservicegroup.it/wp-admin/load-styles.php?c=0&dir=ltr&load%5Bchunk_0%5D=dashicons,buttons,forms,l10n,wp-base-styles,login&ver=7.0" "Mozilla/5.0 (Windows NT 10.0; Win64; x64) AppleWebKit/537.36 (KHTML, like Gecko) Chrome/147.0.0.0 Safari/537.36"
91.132.197.188 - - [05/Jun/2026:23:26:09 +0200] "GET /wp-content/uploads/2021/10/cropped-cropped-cropped-cropped-logo_white_background-192x192.png HTTP/2.0" 200 19089 "https://mantova.elettroservicegroup.it/wp-login.php" "Mozilla/5.0 (Windows NT 10.0; Win64; x64) AppleWebKit/537.36 (KHTML, like Gecko) Chrome/147.0.0.0 Safari/537.36"
91.132.197.188 - - [05/Jun/2026:23:26:09 +0200] "GET /wp-includes/js/zxcvbn.min.js HTTP/2.0" 200 387992 "https://mantova.elettroservicegroup.it/wp-login.php" "Mozilla/5.0 (Windows NT 10.0; Win64; x64) AppleWebKit/537.36 (KHTML, like Gecko) Chrome/147.0.0.0 Safari/537.36"
190.167.166.95 - - [05/Jun/2026:23:46:36 +0200] "POST /xmlrpc.php HTTP/1.1" 200 11783 "-" "Mozilla/5.0 (Windows NT 10.0; Win64; x64) AppleWebKit/537.36 (KHTML, like Gecko) Chrome/124.0 Safari/537.36"
65.108.235.243 - - [05/Jun/2026:23:46:47 +0200] "POST /wp-cron.php?doing_wp_cron=1780696007.3414270877838134765625 HTTP/1.1" 200 1 "-" "WordPress/7.0; https://mantova.elettroservicegroup.it"
179.36.130.192 - - [05/Jun/2026:23:46:39 +0200] "POST /wp-login.php HTTP/1.1" 200 9431 "-" "Mozilla/5.0 (Windows NT 10.0; Win64; x64) AppleWebKit/537.36 (KHTML, like Gecko) Chrome/124.0 Safari/537.36"