114.119.130.67 - - [05/Jun/2026:18:37:14 +0200] "GET /legalni-hrvatski-online-casino-online/ HTTP/1.1" 404 16870 "https://parma.elettroservicegroup.it/author/andrea/" "Mozilla/5.0 (Linux; Android 7.0;) AppleWebKit/537.36 (HTML, like Gecko) Mobile Safari/537.36 (compatible; PetalBot;+https://webmaster.petalsearch.com/site/petalbot)"
65.108.235.243 - - [05/Jun/2026:18:38:22 +0200] "POST /wp-cron.php?doing_wp_cron=1780677502.8369469642639160156250 HTTP/1.1" 200 1 "-" "WordPress/7.0; https://parma.elettroservicegroup.it"
95.108.213.125 - - [05/Jun/2026:18:38:18 +0200] "GET /robots.txt HTTP/1.1" 200 189 "-" "Mozilla/5.0 (compatible; YandexBot/3.0; +http://yandex.com/bots)"
213.180.203.165 - - [05/Jun/2026:18:38:23 +0200] "GET /sitemap.rss HTTP/2.0" 200 17214 "-" "Mozilla/5.0 (compatible; YandexBot/3.0; +http://yandex.com/bots)"
65.108.235.243 - - [05/Jun/2026:19:00:06 +0200] "POST /wp-cron.php?doing_wp_cron=1780678805.9376020431518554687500 HTTP/1.1" 200 1 "-" "WordPress/7.0; https://parma.elettroservicegroup.it"
181.78.233.203 - - [05/Jun/2026:19:00:00 +0200] "GET /termini-e-condizioni/ HTTP/1.1" 200 18194 "-" "Mozilla/5.0 (Android 2.2.2; Mobile; rv:63.0) Gecko/63.0 Firefox/63.0"
65.108.235.243 - - [05/Jun/2026:19:02:23 +0200] "POST /wp-cron.php?doing_wp_cron=1780678943.6403698921203613281250 HTTP/1.1" 200 1 "-" "WordPress/7.0; https://parma.elettroservicegroup.it"
114.119.141.228 - - [05/Jun/2026:19:02:17 +0200] "GET /imprint/ HTTP/1.1" 200 17775 "https://parma.elettroservicegroup.it/ricambi-lavatrice-webp/" "Mozilla/5.0 (Linux; Android 7.0;) AppleWebKit/537.36 (HTML, like Gecko) Mobile Safari/537.36 (compatible; PetalBot;+https://webmaster.petalsearch.com/site/petalbot)"
65.108.235.243 - - [05/Jun/2026:19:03:48 +0200] "POST /wp-cron.php?doing_wp_cron=1780679028.5531399250030517578125 HTTP/1.1" 200 1 "-" "WordPress/7.0; https://parma.elettroservicegroup.it"
114.119.148.161 - - [05/Jun/2026:19:03:40 +0200] "GET /icon-1-2/ HTTP/1.1" 404 16852 "https://parma.elettroservicegroup.it/icon-1-2/" "Mozilla/5.0 (Linux; Android 7.0;) AppleWebKit/537.36 (HTML, like Gecko) Mobile Safari/537.36 (compatible; PetalBot;+https://webmaster.petalsearch.com/site/petalbot)"
65.108.235.243 - - [05/Jun/2026:19:05:05 +0200] "POST /wp-cron.php?doing_wp_cron=1780679105.3239829540252685546875 HTTP/1.1" 200 1 "-" "WordPress/7.0; https://parma.elettroservicegroup.it"
114.119.141.228 - - [05/Jun/2026:19:05:02 +0200] "GET /elettrodomestici-zoppas-jpg/ HTTP/1.1" 404 16866 "https://parma.elettroservicegroup.it/elettrodomestici-zoppas-jpg/" "Mozilla/5.0 (Linux; Android 7.0;) AppleWebKit/537.36 (HTML, like Gecko) Mobile Safari/537.36 (compatible; PetalBot;+https://webmaster.petalsearch.com/site/petalbot)"
66.249.89.133 - - [05/Jun/2026:19:05:21 +0200] "GET /assistenza-asciugatrici/ HTTP/1.1" 200 20675 "-" "Mozilla/5.0 (Linux; Android 6.0.1; Nexus 5X Build/MMB29P) AppleWebKit/537.36 (KHTML, like Gecko) Chrome/148.0.7778.96 Mobile Safari/537.36 (compatible; AdsBot-Google-Mobile; +http://www.google.com/mobile/adsbot.html)"
66.249.89.133 - - [05/Jun/2026:19:05:23 +0200] "GET /wp-content/uploads/elementor/css/post-15285.css?ver=1780679121 HTTP/1.1" 200 1984 "https://parma.elettroservicegroup.it/assistenza-asciugatrici/" "AdsBot-Google (+http://www.google.com/adsbot.html)"
66.249.89.134 - - [05/Jun/2026:19:05:24 +0200] "GET /wp-content/uploads/elementor/css/post-14146.css?ver=1780586499 HTTP/1.1" 200 428 "https://parma.elettroservicegroup.it/assistenza-asciugatrici/" "AdsBot-Google (+http://www.google.com/adsbot.html)"
66.249.89.134 - - [05/Jun/2026:19:05:24 +0200] "GET /wp-content/uploads/elementor/css/post-14366.css?ver=1780586501 HTTP/1.1" 200 302 "https://parma.elettroservicegroup.it/assistenza-asciugatrici/" "AdsBot-Google (+http://www.google.com/adsbot.html)"
66.249.89.133 - - [05/Jun/2026:19:05:24 +0200] "GET /wp-content/plugins/complianz-gdpr-premium/assets/css/cookieblocker.min.css?ver=1780326315 HTTP/1.1" 200 615 "https://parma.elettroservicegroup.it/assistenza-asciugatrici/" "AdsBot-Google (+http://www.google.com/adsbot.html)"
66.249.89.133 - - [05/Jun/2026:19:05:24 +0200] "GET /wp-content/plugins/elementor/assets/lib/font-awesome/css/brands.css?ver=5.15.3 HTTP/1.1" 200 298 "https://parma.elettroservicegroup.it/assistenza-asciugatrici/" "AdsBot-Google (+http://www.google.com/adsbot.html)"
66.249.89.133 - - [05/Jun/2026:19:05:25 +0200] "GET /wp-content/plugins/elementor/assets/lib/font-awesome/css/fontawesome.css?ver=5.15.3 HTTP/1.1" 200 12535 "https://parma.elettroservicegroup.it/assistenza-asciugatrici/" "AdsBot-Google (+http://www.google.com/adsbot.html)"
66.249.89.134 - - [05/Jun/2026:19:05:25 +0200] "GET /wp-content/themes/generatepress/assets/css/main.min.css?ver=3.6.1 HTTP/1.1" 200 4410 "https://parma.elettroservicegroup.it/assistenza-asciugatrici/" "AdsBot-Google (+http://www.google.com/adsbot.html)"
66.249.89.134 - - [05/Jun/2026:19:05:26 +0200] "GET /wp-includes/js/jquery/jquery.min.js?ver=3.7.1 HTTP/1.1" 200 29769 "https://parma.elettroservicegroup.it/assistenza-asciugatrici/" "AdsBot-Google (+http://www.google.com/adsbot.html)"
66.249.89.134 - - [05/Jun/2026:19:05:26 +0200] "GET /wp-content/plugins/gp-premium/menu-plus/functions/css/navigation-branding-flex.min.css?ver=2.5.5 HTTP/1.1" 200 542 "https://parma.elettroservicegroup.it/assistenza-asciugatrici/" "AdsBot-Google (+http://www.google.com/adsbot.html)"
66.249.89.133 - - [05/Jun/2026:19:05:27 +0200] "GET /wp-content/plugins/elementor/assets/lib/animations/styles/bounceIn.min.css?ver=4.1.1 HTTP/1.1" 200 186 "https://parma.elettroservicegroup.it/assistenza-asciugatrici/" "AdsBot-Google (+http://www.google.com/adsbot.html)"
66.249.89.133 - - [05/Jun/2026:19:05:27 +0200] "GET /wp-content/plugins/header-footer-elementor/assets/css/header-footer-elementor.css?ver=2.8.8 HTTP/1.1" 200 260 "https://parma.elettroservicegroup.it/assistenza-asciugatrici/" "AdsBot-Google (+http://www.google.com/adsbot.html)"
66.249.89.134 - - [05/Jun/2026:19:05:28 +0200] "GET /wp-content/plugins/header-footer-elementor/inc/widgets-css/frontend.css?ver=2.8.8 HTTP/1.1" 200 8711 "https://parma.elettroservicegroup.it/assistenza-asciugatrici/" "AdsBot-Google (+http://www.google.com/adsbot.html)"
66.249.89.133 - - [05/Jun/2026:19:05:28 +0200] "GET /wp-content/plugins/elementor/assets/lib/font-awesome/css/solid.min.css?ver=5.15.3 HTTP/1.1" 200 286 "https://parma.elettroservicegroup.it/assistenza-asciugatrici/" "AdsBot-Google (+http://www.google.com/adsbot.html)"
66.249.89.133 - - [05/Jun/2026:19:05:29 +0200] "GET /wp-content/plugins/elementor/assets/css/frontend.min.css?ver=4.1.1 HTTP/1.1" 200 6618 "https://parma.elettroservicegroup.it/assistenza-asciugatrici/" "AdsBot-Google (+http://www.google.com/adsbot.html)"
66.249.89.133 - - [05/Jun/2026:19:05:29 +0200] "GET /wp-content/uploads/elementor/google-fonts/css/roboto.css?ver=1742280360 HTTP/1.1" 200 1880 "https://parma.elettroservicegroup.it/assistenza-asciugatrici/" "AdsBot-Google (+http://www.google.com/adsbot.html)"
66.249.89.133 - - [05/Jun/2026:19:05:30 +0200] "GET /wp-content/plugins/elementor/assets/js/webpack.runtime.min.js?ver=4.1.1 HTTP/1.1" 200 2340 "https://parma.elettroservicegroup.it/assistenza-asciugatrici/" "AdsBot-Google (+http://www.google.com/adsbot.html)"
66.249.89.133 - - [05/Jun/2026:19:05:30 +0200] "GET /wp-content/plugins/elementor/assets/lib/font-awesome/css/fontawesome.min.css?ver=5.15.3 HTTP/1.1" 200 12179 "https://parma.elettroservicegroup.it/assistenza-asciugatrici/" "AdsBot-Google (+http://www.google.com/adsbot.html)"
66.249.89.133 - - [05/Jun/2026:19:05:30 +0200] "GET /wp-content/plugins/all-in-one-seo-pack/dist/Lite/assets/css/table-of-contents/global.e90f6d47.css?ver=4.9.7.2 HTTP/1.1" 200 420 "https://parma.elettroservicegroup.it/assistenza-asciugatrici/" "AdsBot-Google (+http://www.google.com/adsbot.html)"
66.249.89.133 - - [05/Jun/2026:19:05:31 +0200] "GET /wp-content/plugins/elementor/assets/lib/font-awesome/css/solid.css?ver=5.15.3 HTTP/1.1" 200 299 "https://parma.elettroservicegroup.it/assistenza-asciugatrici/" "AdsBot-Google (+http://www.google.com/adsbot.html)"
66.249.89.133 - - [05/Jun/2026:19:05:31 +0200] "GET /wp-content/plugins/elementor/assets/css/widget-icon-list.min.css?ver=3.24.3 HTTP/1.1" 200 928 "https://parma.elettroservicegroup.it/assistenza-asciugatrici/" "AdsBot-Google (+http://www.google.com/adsbot.html)"
66.249.89.133 - - [05/Jun/2026:19:05:32 +0200] "GET /wp-content/plugins/elementor/assets/lib/font-awesome/css/v4-shims.min.css?ver=4.1.1 HTTP/1.1" 200 3986 "https://parma.elettroservicegroup.it/assistenza-asciugatrici/" "AdsBot-Google (+http://www.google.com/adsbot.html)"
66.249.89.133 - - [05/Jun/2026:19:05:32 +0200] "GET /wp-content/plugins/elementor/assets/lib/font-awesome/js/v4-shims.min.js?ver=4.1.1 HTTP/1.1" 200 4043 "https://parma.elettroservicegroup.it/assistenza-asciugatrici/" "AdsBot-Google (+http://www.google.com/adsbot.html)"
66.249.89.133 - - [05/Jun/2026:19:05:33 +0200] "GET /wp-includes/js/jquery/jquery-migrate.min.js?ver=3.4.1 HTTP/1.1" 200 4685 "https://parma.elettroservicegroup.it/assistenza-asciugatrici/" "AdsBot-Google (+http://www.google.com/adsbot.html)"
66.249.89.133 - - [05/Jun/2026:19:05:33 +0200] "GET /wp-content/plugins/gp-premium/menu-plus/functions/js/sticky.min.js?ver=2.5.5 HTTP/1.1" 200 2670 "https://parma.elettroservicegroup.it/assistenza-asciugatrici/" "AdsBot-Google (+http://www.google.com/adsbot.html)"
66.249.89.133 - - [05/Jun/2026:19:05:33 +0200] "GET /wp-content/plugins/elementor/assets/css/widget-image.min.css?ver=4.1.1 HTTP/1.1" 200 96 "https://parma.elettroservicegroup.it/assistenza-asciugatrici/" "AdsBot-Google (+http://www.google.com/adsbot.html)"
66.249.89.133 - - [05/Jun/2026:19:05:34 +0200] "GET /wp-content/plugins/elementor/assets/css/widget-spacer.min.css?ver=4.1.1 HTTP/1.1" 200 287 "https://parma.elettroservicegroup.it/assistenza-asciugatrici/" "AdsBot-Google (+http://www.google.com/adsbot.html)"
66.249.89.133 - - [05/Jun/2026:19:05:34 +0200] "GET /wp-content/plugins/elementor/assets/lib/animations/styles/zoomIn.min.css?ver=4.1.1 HTTP/1.1" 200 87 "https://parma.elettroservicegroup.it/assistenza-asciugatrici/" "AdsBot-Google (+http://www.google.com/adsbot.html)"
66.249.89.133 - - [05/Jun/2026:19:05:35 +0200] "GET /wp-content/plugins/elementor/assets/lib/eicons/css/elementor-icons.min.css?ver=5.34.0 HTTP/1.1" 200 4115 "https://parma.elettroservicegroup.it/assistenza-asciugatrici/" "AdsBot-Google (+http://www.google.com/adsbot.html)"
66.249.89.133 - - [05/Jun/2026:19:05:35 +0200] "GET /wp-content/plugins/elementor/assets/css/widget-social-icons.min.css?ver=3.24.0 HTTP/1.1" 200 1039 "https://parma.elettroservicegroup.it/assistenza-asciugatrici/" "AdsBot-Google (+http://www.google.com/adsbot.html)"
66.249.89.133 - - [05/Jun/2026:19:05:35 +0200] "GET /wp-content/uploads/elementor/google-fonts/css/robotoslab.css?ver=1742280362 HTTP/1.1" 200 715 "https://parma.elettroservicegroup.it/assistenza-asciugatrici/" "AdsBot-Google (+http://www.google.com/adsbot.html)"
66.249.89.133 - - [05/Jun/2026:19:05:36 +0200] "GET /wp-content/plugins/elementor/assets/lib/eicons/css/elementor-icons.min.css?ver=5.49.0 HTTP/1.1" 200 4115 "https://parma.elettroservicegroup.it/assistenza-asciugatrici/" "AdsBot-Google (+http://www.google.com/adsbot.html)"
66.249.89.133 - - [05/Jun/2026:19:05:36 +0200] "GET /wp-content/plugins/elementor/assets/lib/font-awesome/css/all.min.css?ver=4.1.1 HTTP/1.1" 200 12402 "https://parma.elettroservicegroup.it/assistenza-asciugatrici/" "AdsBot-Google (+http://www.google.com/adsbot.html)"
66.249.89.133 - - [05/Jun/2026:19:05:37 +0200] "GET /wp-content/plugins/elementor/assets/css/widget-heading.min.css?ver=4.1.1 HTTP/1.1" 200 127 "https://parma.elettroservicegroup.it/assistenza-asciugatrici/" "AdsBot-Google (+http://www.google.com/adsbot.html)"
66.249.89.133 - - [05/Jun/2026:19:05:37 +0200] "GET /wp-content/plugins/elementor/assets/lib/font-awesome/css/regular.min.css?ver=5.15.3 HTTP/1.1" 200 282 "https://parma.elettroservicegroup.it/assistenza-asciugatrici/" "AdsBot-Google (+http://www.google.com/adsbot.html)"
66.249.89.133 - - [05/Jun/2026:19:05:37 +0200] "GET /wp-content/plugins/elementor/assets/js/frontend-modules.min.js?ver=4.1.1 HTTP/1.1" 200 15454 "https://parma.elettroservicegroup.it/assistenza-asciugatrici/" "AdsBot-Google (+http://www.google.com/adsbot.html)"
66.249.89.133 - - [05/Jun/2026:19:05:38 +0200] "GET /wp-includes/js/jquery/ui/core.min.js?ver=1.13.3 HTTP/1.1" 200 6820 "https://parma.elettroservicegroup.it/assistenza-asciugatrici/" "AdsBot-Google (+http://www.google.com/adsbot.html)"
66.249.89.133 - - [05/Jun/2026:19:05:38 +0200] "GET /wp-content/uploads/burst/js/burst.min.js?ver=1780653229 HTTP/1.1" 200 3381 "https://parma.elettroservicegroup.it/assistenza-asciugatrici/" "AdsBot-Google (+http://www.google.com/adsbot.html)"
66.249.89.133 - - [05/Jun/2026:19:05:39 +0200] "GET /wp-content/plugins/complianz-gdpr-premium/cookiebanner/js/complianz.min.js?ver=1780326315 HTTP/1.1" 200 10708 "https://parma.elettroservicegroup.it/assistenza-asciugatrici/" "AdsBot-Google (+http://www.google.com/adsbot.html)"
66.249.89.133 - - [05/Jun/2026:19:05:39 +0200] "GET /wp-content/plugins/burst-statistics/assets/js/timeme/timeme.min.js?ver=1780499187 HTTP/1.1" 200 1835 "https://parma.elettroservicegroup.it/assistenza-asciugatrici/" "AdsBot-Google (+http://www.google.com/adsbot.html)"
66.249.89.133 - - [05/Jun/2026:19:05:39 +0200] "GET /wp-content/plugins/elementor/assets/js/frontend.min.js?ver=4.1.1 HTTP/1.1" 200 10140 "https://parma.elettroservicegroup.it/assistenza-asciugatrici/" "AdsBot-Google (+http://www.google.com/adsbot.html)"
66.249.89.133 - - [05/Jun/2026:19:05:40 +0200] "GET /wp-content/themes/generatepress/assets/js/menu.min.js?ver=3.6.1 HTTP/1.1" 200 1688 "https://parma.elettroservicegroup.it/assistenza-asciugatrici/" "AdsBot-Google (+http://www.google.com/adsbot.html)"
66.249.89.133 - - [05/Jun/2026:19:05:40 +0200] "GET /wp-content/themes/generatepress/assets/js/back-to-top.min.js?ver=3.6.1 HTTP/1.1" 200 336 "https://parma.elettroservicegroup.it/assistenza-asciugatrici/" "AdsBot-Google (+http://www.google.com/adsbot.html)"
66.249.89.133 - - [05/Jun/2026:19:05:40 +0200] "GET /wp-json/complianz/v1/banner?lang=it&locale=it_IT&token=elxap HTTP/1.1" 200 84 "https://parma.elettroservicegroup.it/assistenza-asciugatrici/" "AdsBot-Google (+http://www.google.com/adsbot.html)"
66.249.89.133 - - [05/Jun/2026:19:05:41 +0200] "GET /wp-content/plugins/elementor/assets/lib/font-awesome/webfonts/fa-solid-900.woff2 HTTP/1.1" 304 - "https://parma.elettroservicegroup.it/wp-content/plugins/elementor/assets/lib/font-awesome/css/all.min.css?ver=4.1.1" "AdsBot-Google (+http://www.google.com/adsbot.html)"
66.249.89.133 - - [05/Jun/2026:19:05:41 +0200] "GET /wp-content/plugins/elementor/assets/lib/font-awesome/webfonts/fa-regular-400.woff2 HTTP/1.1" 304 - "https://parma.elettroservicegroup.it/wp-content/plugins/elementor/assets/lib/font-awesome/css/all.min.css?ver=4.1.1" "AdsBot-Google (+http://www.google.com/adsbot.html)"
66.249.89.133 - - [05/Jun/2026:19:05:41 +0200] "GET /wp-content/uploads/elementor/google-fonts/fonts/roboto-kfo7cnqeu92fr1me7ksn66agldtyluama3yuba.woff2 HTTP/1.1" 200 40132 "https://parma.elettroservicegroup.it/wp-content/uploads/elementor/google-fonts/css/roboto.css?ver=1742280360" "AdsBot-Google (+http://www.google.com/adsbot.html)"
66.249.89.133 - - [05/Jun/2026:19:05:42 +0200] "GET /wp-content/uploads/complianz/css/banner-1-optin.css?v=46 HTTP/1.1" 200 2617 "https://parma.elettroservicegroup.it/assistenza-asciugatrici/" "AdsBot-Google (+http://www.google.com/adsbot.html)"
66.249.89.133 - - [05/Jun/2026:19:05:42 +0200] "GET /wp-json/complianz/v1/cookie_data HTTP/1.1" 200 81 "https://parma.elettroservicegroup.it/assistenza-asciugatrici/" "AdsBot-Google (+http://www.google.com/adsbot.html)"
66.249.89.133 - - [05/Jun/2026:19:05:43 +0200] "GET /wp-content/plugins/elementor/assets/js/shared-frontend-handlers.03caa53373b56d3bab67.bundle.min.js HTTP/1.1" 200 2515 "https://parma.elettroservicegroup.it/assistenza-asciugatrici/" "AdsBot-Google (+http://www.google.com/adsbot.html)"
66.249.89.133 - - [05/Jun/2026:19:05:43 +0200] "GET /wp-content/plugins/elementor/assets/js/text-editor.45609661e409413f1cef.bundle.min.js HTTP/1.1" 200 592 "https://parma.elettroservicegroup.it/assistenza-asciugatrici/" "AdsBot-Google (+http://www.google.com/adsbot.html)"
66.249.89.133 - - [05/Jun/2026:19:05:43 +0200] "GET /wp-content/plugins/elementor/assets/js/section-frontend-handlers.d85ab872da118940910d.bundle.min.js HTTP/1.1" 200 230 "https://parma.elettroservicegroup.it/assistenza-asciugatrici/" "AdsBot-Google (+http://www.google.com/adsbot.html)"
65.108.235.243 - - [05/Jun/2026:19:06:29 +0200] "POST /wp-cron.php?doing_wp_cron=1780679189.3385660648345947265625 HTTP/1.1" 200 1 "-" "WordPress/7.0; https://parma.elettroservicegroup.it"
114.119.138.37 - - [05/Jun/2026:19:06:27 +0200] "GET /condizionatore-bonus-jpg HTTP/1.1" 301 1 "https://parma.elettroservicegroup.it/condizionatore-bonus-jpg" "Mozilla/5.0 (Linux; Android 7.0;) AppleWebKit/537.36 (HTML, like Gecko) Mobile Safari/537.36 (compatible; PetalBot;+https://webmaster.petalsearch.com/site/petalbot)"
114.119.138.37 - - [05/Jun/2026:19:06:30 +0200] "GET /condizionatore-bonus-jpg/ HTTP/1.1" 200 17747 "https://parma.elettroservicegroup.it/condizionatore-bonus-jpg" "Mozilla/5.0 (Linux; Android 7.0;) AppleWebKit/537.36 (HTML, like Gecko) Mobile Safari/537.36 (compatible; PetalBot;+https://webmaster.petalsearch.com/site/petalbot)"
65.108.235.243 - - [05/Jun/2026:19:07:52 +0200] "POST /wp-cron.php?doing_wp_cron=1780679272.4963569641113281250000 HTTP/1.1" 200 1 "-" "WordPress/7.0; https://parma.elettroservicegroup.it"
114.119.154.115 - - [05/Jun/2026:19:07:50 +0200] "GET /assistenza-smeg-collecchio HTTP/1.1" 301 1 "https://parma.elettroservicegroup.it/assistenza-smeg-collecchio" "Mozilla/5.0 (Linux; Android 7.0;) AppleWebKit/537.36 (HTML, like Gecko) Mobile Safari/537.36 (compatible; PetalBot;+https://webmaster.petalsearch.com/site/petalbot)"
114.119.154.115 - - [05/Jun/2026:19:07:53 +0200] "GET /assistenza-smeg-collecchio/ HTTP/1.1" 200 22787 "https://parma.elettroservicegroup.it/assistenza-smeg-collecchio" "Mozilla/5.0 (Linux; Android 7.0;) AppleWebKit/537.36 (HTML, like Gecko) Mobile Safari/537.36 (compatible; PetalBot;+https://webmaster.petalsearch.com/site/petalbot)"
65.108.235.243 - - [05/Jun/2026:19:09:17 +0200] "POST /wp-cron.php?doing_wp_cron=1780679357.3028120994567871093750 HTTP/1.1" 200 1 "-" "WordPress/7.0; https://parma.elettroservicegroup.it"
114.119.141.228 - - [05/Jun/2026:19:09:15 +0200] "GET /assistenza-lavatrici/lavastoviglie-2/ HTTP/1.1" 200 17677 "https://parma.elettroservicegroup.it/assistenza-lavatrici/lavastoviglie-2/" "Mozilla/5.0 (Linux; Android 7.0;) AppleWebKit/537.36 (HTML, like Gecko) Mobile Safari/537.36 (compatible; PetalBot;+https://webmaster.petalsearch.com/site/petalbot)"
65.108.235.243 - - [05/Jun/2026:19:10:41 +0200] "POST /wp-cron.php?doing_wp_cron=1780679441.1965770721435546875000 HTTP/1.1" 200 1 "-" "WordPress/7.0; https://parma.elettroservicegroup.it"
114.119.154.115 - - [05/Jun/2026:19:10:38 +0200] "GET /assistenza-lavatrici/home-3/ HTTP/1.1" 200 17650 "https://parma.elettroservicegroup.it/assistenza-lavatrici/home-3/" "Mozilla/5.0 (Linux; Android 7.0;) AppleWebKit/537.36 (HTML, like Gecko) Mobile Safari/537.36 (compatible; PetalBot;+https://webmaster.petalsearch.com/site/petalbot)"
65.108.235.243 - - [05/Jun/2026:19:12:04 +0200] "POST /wp-cron.php?doing_wp_cron=1780679524.1384019851684570312500 HTTP/1.1" 200 1 "-" "WordPress/7.0; https://parma.elettroservicegroup.it"
114.119.141.228 - - [05/Jun/2026:19:12:01 +0200] "GET /assistenza-lavatrici-rex-electrolux-busseto HTTP/1.1" 301 1 "https://parma.elettroservicegroup.it/assistenza-lavatrici-rex-electrolux-busseto" "Mozilla/5.0 (Linux; Android 7.0;) AppleWebKit/537.36 (HTML, like Gecko) Mobile Safari/537.36 (compatible; PetalBot;+https://webmaster.petalsearch.com/site/petalbot)"
114.119.141.228 - - [05/Jun/2026:19:12:05 +0200] "GET /assistenza-lavatrici-rex-electrolux-busseto/ HTTP/1.1" 200 22618 "https://parma.elettroservicegroup.it/assistenza-lavatrici-rex-electrolux-busseto" "Mozilla/5.0 (Linux; Android 7.0;) AppleWebKit/537.36 (HTML, like Gecko) Mobile Safari/537.36 (compatible; PetalBot;+https://webmaster.petalsearch.com/site/petalbot)"
65.108.235.243 - - [05/Jun/2026:19:13:32 +0200] "POST /wp-cron.php?doing_wp_cron=1780679612.4616808891296386718750 HTTP/1.1" 200 1 "-" "WordPress/7.0; https://parma.elettroservicegroup.it"
114.119.132.207 - - [05/Jun/2026:19:13:26 +0200] "GET /assistenza-lavatrici-indesit-parma/ HTTP/1.1" 200 22689 "https://parma.elettroservicegroup.it/assistenza-lavatrici-indesit-parma" "Mozilla/5.0 (Linux; Android 7.0;) AppleWebKit/537.36 (HTML, like Gecko) Mobile Safari/537.36 (compatible; PetalBot;+https://webmaster.petalsearch.com/site/petalbot)"
65.108.235.243 - - [05/Jun/2026:19:14:52 +0200] "POST /wp-cron.php?doing_wp_cron=1780679692.8477940559387207031250 HTTP/1.1" 200 1 "-" "WordPress/7.0; https://parma.elettroservicegroup.it"
114.119.141.228 - - [05/Jun/2026:19:14:49 +0200] "GET /assistenza-lavatrici-ariston-busseto/ HTTP/1.1" 200 22693 "https://parma.elettroservicegroup.it/assistenza-lavatrici-ariston-busseto/" "Mozilla/5.0 (Linux; Android 7.0;) AppleWebKit/537.36 (HTML, like Gecko) Mobile Safari/537.36 (compatible; PetalBot;+https://webmaster.petalsearch.com/site/petalbot)"
65.108.235.243 - - [05/Jun/2026:19:16:19 +0200] "POST /wp-cron.php?doing_wp_cron=1780679779.8357279300689697265625 HTTP/1.1" 200 1 "-" "WordPress/7.0; https://parma.elettroservicegroup.it"
114.119.132.207 - - [05/Jun/2026:19:16:13 +0200] "GET /assistenza-lavatrici-aeg-fidenza/ HTTP/1.1" 200 22775 "https://parma.elettroservicegroup.it/assistenza-lavatrici-aeg-fidenza" "Mozilla/5.0 (Linux; Android 7.0;) AppleWebKit/537.36 (HTML, like Gecko) Mobile Safari/537.36 (compatible; PetalBot;+https://webmaster.petalsearch.com/site/petalbot)"
65.108.235.243 - - [05/Jun/2026:19:17:37 +0200] "POST /wp-cron.php?doing_wp_cron=1780679857.7659339904785156250000 HTTP/1.1" 200 1 "-" "WordPress/7.0; https://parma.elettroservicegroup.it"
114.119.132.207 - - [05/Jun/2026:19:17:35 +0200] "GET /assistenza-lavatrici-aeg-fidenza HTTP/1.1" 301 1 "https://parma.elettroservicegroup.it/assistenza-lavatrici-aeg-fidenza" "Mozilla/5.0 (Linux; Android 7.0;) AppleWebKit/537.36 (HTML, like Gecko) Mobile Safari/537.36 (compatible; PetalBot;+https://webmaster.petalsearch.com/site/petalbot)"
114.119.132.207 - - [05/Jun/2026:19:17:39 +0200] "GET /assistenza-lavatrici-aeg-fidenza/ HTTP/1.1" 200 22775 "https://parma.elettroservicegroup.it/assistenza-lavatrici-aeg-fidenza" "Mozilla/5.0 (Linux; Android 7.0;) AppleWebKit/537.36 (HTML, like Gecko) Mobile Safari/537.36 (compatible; PetalBot;+https://webmaster.petalsearch.com/site/petalbot)"
65.108.235.243 - - [05/Jun/2026:19:19:08 +0200] "POST /wp-cron.php?doing_wp_cron=1780679948.9447638988494873046875 HTTP/1.1" 200 1 "-" "WordPress/7.0; https://parma.elettroservicegroup.it"
114.119.137.153 - - [05/Jun/2026:19:18:59 +0200] "GET /assistenza-lavatrici-aeg-busseto/ HTTP/1.1" 200 22772 "https://parma.elettroservicegroup.it/assistenza-lavatrici-aeg-busseto/" "Mozilla/5.0 (Linux; Android 7.0;) AppleWebKit/537.36 (HTML, like Gecko) Mobile Safari/537.36 (compatible; PetalBot;+https://webmaster.petalsearch.com/site/petalbot)"
65.108.235.243 - - [05/Jun/2026:19:20:32 +0200] "POST /wp-cron.php?doing_wp_cron=1780680032.0326099395751953125000 HTTP/1.1" 200 1 "-" "WordPress/7.0; https://parma.elettroservicegroup.it"
114.119.132.207 - - [05/Jun/2026:19:20:25 +0200] "GET /assistenza-lavastoviglie-smeg-busseto/ HTTP/1.1" 200 22737 "https://parma.elettroservicegroup.it/assistenza-lavastoviglie-smeg-busseto/" "Mozilla/5.0 (Linux; Android 7.0;) AppleWebKit/537.36 (HTML, like Gecko) Mobile Safari/537.36 (compatible; PetalBot;+https://webmaster.petalsearch.com/site/petalbot)"
65.108.235.243 - - [05/Jun/2026:19:21:49 +0200] "POST /wp-cron.php?doing_wp_cron=1780680109.8913600444793701171875 HTTP/1.1" 200 1 "-" "WordPress/7.0; https://parma.elettroservicegroup.it"
114.119.137.153 - - [05/Jun/2026:19:21:48 +0200] "GET /assistenza-lavastoviglie-indesit-parma HTTP/1.1" 301 1 "https://parma.elettroservicegroup.it/assistenza-lavastoviglie-indesit-parma" "Mozilla/5.0 (Linux; Android 7.0;) AppleWebKit/537.36 (HTML, like Gecko) Mobile Safari/537.36 (compatible; PetalBot;+https://webmaster.petalsearch.com/site/petalbot)"
114.119.137.153 - - [05/Jun/2026:19:21:51 +0200] "GET /assistenza-lavastoviglie-indesit-parma/ HTTP/1.1" 200 22322 "https://parma.elettroservicegroup.it/assistenza-lavastoviglie-indesit-parma" "Mozilla/5.0 (Linux; Android 7.0;) AppleWebKit/537.36 (HTML, like Gecko) Mobile Safari/537.36 (compatible; PetalBot;+https://webmaster.petalsearch.com/site/petalbot)"
65.108.235.243 - - [05/Jun/2026:19:26:32 +0200] "POST /wp-cron.php?doing_wp_cron=1780680392.7774538993835449218750 HTTP/1.1" 200 1 "-" "WordPress/7.0; https://parma.elettroservicegroup.it"
66.249.64.70 - - [05/Jun/2026:19:26:31 +0200] "GET /robots.txt HTTP/1.1" 200 104 "-" "Mozilla/5.0 (compatible; Googlebot/2.1; +http://www.google.com/bot.html)"
66.249.89.135 - - [05/Jun/2026:19:26:33 +0200] "GET /assistenza-lavastoviglie/ HTTP/1.1" 200 20629 "-" "Mozilla/5.0 (Linux; Android 6.0.1; Nexus 5X Build/MMB29P) AppleWebKit/537.36 (KHTML, like Gecko) Chrome/148.0.7778.96 Mobile Safari/537.36 (compatible; AdsBot-Google-Mobile; +http://www.google.com/mobile/adsbot.html)"
66.249.89.134 - - [05/Jun/2026:19:26:56 +0200] "GET /wp-content/uploads/elementor/css/post-15286.css?ver=1780680395 HTTP/1.1" 200 1977 "https://parma.elettroservicegroup.it/assistenza-lavastoviglie/" "AdsBot-Google (+http://www.google.com/adsbot.html)"
65.108.235.243 - - [05/Jun/2026:19:39:04 +0200] "POST /wp-cron.php?doing_wp_cron=1780681143.9729158878326416015625 HTTP/1.1" 200 1 "-" "WordPress/7.0; https://parma.elettroservicegroup.it"
216.73.217.100 - - [05/Jun/2026:19:39:01 +0200] "GET /robots.txt HTTP/2.0" 200 104 "-" "Mozilla/5.0 AppleWebKit/537.36 (KHTML, like Gecko; compatible; ClaudeBot/1.0; +claudebot@anthropic.com)"
65.108.235.243 - - [05/Jun/2026:19:56:37 +0200] "POST /wp-cron.php?doing_wp_cron=1780682197.2513139247894287109375 HTTP/1.1" 200 1 "-" "WordPress/7.0; https://parma.elettroservicegroup.it"
114.119.138.37 - - [05/Jun/2026:19:56:34 +0200] "GET /assistenza-smeg-parma/ HTTP/1.1" 200 22820 "https://parma.elettroservicegroup.it/ricambi-lavatrice-webp/" "Mozilla/5.0 (Linux; Android 7.0;) AppleWebKit/537.36 (HTML, like Gecko) Mobile Safari/537.36 (compatible; PetalBot;+https://webmaster.petalsearch.com/site/petalbot)"
216.73.217.100 - - [05/Jun/2026:19:57:23 +0200] "GET /sitemap.rss HTTP/2.0" 200 1348 "-" "Mozilla/5.0 AppleWebKit/537.36 (KHTML, like Gecko; compatible; ClaudeBot/1.0; +claudebot@anthropic.com)"
65.108.235.243 - - [05/Jun/2026:19:57:28 +0200] "POST /wp-cron.php?doing_wp_cron=1780682248.6307899951934814453125 HTTP/1.1" 200 1 "-" "WordPress/7.0; https://parma.elettroservicegroup.it"
216.73.217.100 - - [05/Jun/2026:19:57:23 +0200] "GET /sitemap.xml HTTP/2.0" 200 312 "-" "Mozilla/5.0 AppleWebKit/537.36 (KHTML, like Gecko; compatible; ClaudeBot/1.0; +claudebot@anthropic.com)"
65.108.235.243 - - [05/Jun/2026:19:57:58 +0200] "POST /wp-cron.php?doing_wp_cron=1780682278.8610560894012451171875 HTTP/1.1" 200 1 "-" "WordPress/7.0; https://parma.elettroservicegroup.it"
114.119.130.67 - - [05/Jun/2026:19:57:58 +0200] "GET /assistenza-lavatrici-whirlpool-collecchio/ HTTP/1.1" 200 22865 "https://parma.elettroservicegroup.it/assistenza-lavatrici-whirlpool-collecchio/" "Mozilla/5.0 (Linux; Android 7.0;) AppleWebKit/537.36 (HTML, like Gecko) Mobile Safari/537.36 (compatible; PetalBot;+https://webmaster.petalsearch.com/site/petalbot)"
65.108.235.243 - - [05/Jun/2026:19:59:27 +0200] "POST /wp-cron.php?doing_wp_cron=1780682367.1514780521392822265625 HTTP/1.1" 200 1 "-" "WordPress/7.0; https://parma.elettroservicegroup.it"
114.119.130.67 - - [05/Jun/2026:19:59:20 +0200] "GET /assistenza-lavastoviglie-indesit-busseto HTTP/1.1" 301 1 "https://parma.elettroservicegroup.it/assistenza-lavastoviglie-indesit-busseto" "Mozilla/5.0 (Linux; Android 7.0;) AppleWebKit/537.36 (HTML, like Gecko) Mobile Safari/537.36 (compatible; PetalBot;+https://webmaster.petalsearch.com/site/petalbot)"
114.119.130.67 - - [05/Jun/2026:19:59:28 +0200] "GET /assistenza-lavastoviglie-indesit-busseto/ HTTP/1.1" 200 22339 "https://parma.elettroservicegroup.it/assistenza-lavastoviglie-indesit-busseto" "Mozilla/5.0 (Linux; Android 7.0;) AppleWebKit/537.36 (HTML, like Gecko) Mobile Safari/537.36 (compatible; PetalBot;+https://webmaster.petalsearch.com/site/petalbot)"
65.108.235.243 - - [05/Jun/2026:20:00:51 +0200] "POST /wp-cron.php?doing_wp_cron=1780682451.2470510005950927734375 HTTP/1.1" 200 1 "-" "WordPress/7.0; https://parma.elettroservicegroup.it"
114.119.137.98 - - [05/Jun/2026:20:00:45 +0200] "GET /assistenza-lavastoviglie-collecchio/ HTTP/1.1" 200 22574 "https://parma.elettroservicegroup.it/assistenza-lavastoviglie-collecchio" "Mozilla/5.0 (Linux; Android 7.0;) AppleWebKit/537.36 (HTML, like Gecko) Mobile Safari/537.36 (compatible; PetalBot;+https://webmaster.petalsearch.com/site/petalbot)"
65.108.235.243 - - [05/Jun/2026:20:02:11 +0200] "POST /wp-cron.php?doing_wp_cron=1780682531.0337889194488525390625 HTTP/1.1" 200 1 "-" "WordPress/7.0; https://parma.elettroservicegroup.it"
114.119.137.98 - - [05/Jun/2026:20:02:08 +0200] "GET /assistenza-lavastoviglie-bosch-parma/ HTTP/1.1" 200 22665 "https://parma.elettroservicegroup.it/assistenza-lavastoviglie-bosch-parma" "Mozilla/5.0 (Linux; Android 7.0;) AppleWebKit/537.36 (HTML, like Gecko) Mobile Safari/537.36 (compatible; PetalBot;+https://webmaster.petalsearch.com/site/petalbot)"
216.73.217.100 - - [05/Jun/2026:20:02:53 +0200] "GET /wp-content/uploads/elementor/css/post-17364.css HTTP/2.0" 200 2168 "-" "Mozilla/5.0 AppleWebKit/537.36 (KHTML, like Gecko; compatible; ClaudeBot/1.0; +claudebot@anthropic.com)"
65.108.235.243 - - [05/Jun/2026:20:03:01 +0200] "POST /wp-cron.php?doing_wp_cron=1780682581.3314669132232666015625 HTTP/1.1" 200 1 "-" "WordPress/7.0; https://parma.elettroservicegroup.it"
216.73.217.100 - - [05/Jun/2026:20:02:53 +0200] "GET /?p=17364 HTTP/2.0" 301 1 "-" "Mozilla/5.0 AppleWebKit/537.36 (KHTML, like Gecko; compatible; ClaudeBot/1.0; +claudebot@anthropic.com)"
216.73.217.100 - - [05/Jun/2026:20:03:01 +0200] "GET /assistenza-smeg-busseto/ HTTP/2.0" 200 22643 "https://parma.elettroservicegroup.it/?p=17364" "Mozilla/5.0 AppleWebKit/537.36 (KHTML, like Gecko; compatible; ClaudeBot/1.0; +claudebot@anthropic.com)"
114.119.132.207 - - [05/Jun/2026:20:03:32 +0200] "GET /assistenza-lavastoviglie-bosch-busseto HTTP/1.1" 301 1 "https://parma.elettroservicegroup.it/assistenza-lavastoviglie-bosch-busseto" "Mozilla/5.0 (Linux; Android 7.0;) AppleWebKit/537.36 (HTML, like Gecko) Mobile Safari/537.36 (compatible; PetalBot;+https://webmaster.petalsearch.com/site/petalbot)"
114.119.132.207 - - [05/Jun/2026:20:03:32 +0200] "GET /assistenza-lavastoviglie-bosch-busseto/ HTTP/1.1" 200 22674 "https://parma.elettroservicegroup.it/assistenza-lavastoviglie-bosch-busseto" "Mozilla/5.0 (Linux; Android 7.0;) AppleWebKit/537.36 (HTML, like Gecko) Mobile Safari/537.36 (compatible; PetalBot;+https://webmaster.petalsearch.com/site/petalbot)"
65.108.235.243 - - [05/Jun/2026:20:04:57 +0200] "POST /wp-cron.php?doing_wp_cron=1780682697.3893029689788818359375 HTTP/1.1" 200 1 "-" "WordPress/7.0; https://parma.elettroservicegroup.it"
114.119.130.67 - - [05/Jun/2026:20:04:55 +0200] "GET /assistenza-lavastoviglie-aeg-collecchio HTTP/1.1" 301 1 "https://parma.elettroservicegroup.it/assistenza-lavastoviglie-aeg-collecchio" "Mozilla/5.0 (Linux; Android 7.0;) AppleWebKit/537.36 (HTML, like Gecko) Mobile Safari/537.36 (compatible; PetalBot;+https://webmaster.petalsearch.com/site/petalbot)"
114.119.130.67 - - [05/Jun/2026:20:04:58 +0200] "GET /assistenza-lavastoviglie-aeg-collecchio/ HTTP/1.1" 200 22697 "https://parma.elettroservicegroup.it/assistenza-lavastoviglie-aeg-collecchio" "Mozilla/5.0 (Linux; Android 7.0;) AppleWebKit/537.36 (HTML, like Gecko) Mobile Safari/537.36 (compatible; PetalBot;+https://webmaster.petalsearch.com/site/petalbot)"
65.108.235.243 - - [05/Jun/2026:20:06:28 +0200] "POST /wp-cron.php?doing_wp_cron=1780682788.5480608940124511718750 HTTP/1.1" 200 1 "-" "WordPress/7.0; https://parma.elettroservicegroup.it"
114.119.148.161 - - [05/Jun/2026:20:06:19 +0200] "GET /assistenza-indesit-parma/ HTTP/1.1" 200 22709 "https://parma.elettroservicegroup.it/assistenza-lavatrici-indesit-fidenza" "Mozilla/5.0 (Linux; Android 7.0;) AppleWebKit/537.36 (HTML, like Gecko) Mobile Safari/537.36 (compatible; PetalBot;+https://webmaster.petalsearch.com/site/petalbot)"
65.108.235.243 - - [05/Jun/2026:20:07:50 +0200] "POST /wp-cron.php?doing_wp_cron=1780682869.9344930648803710937500 HTTP/1.1" 200 1 "-" "WordPress/7.0; https://parma.elettroservicegroup.it"
114.119.138.37 - - [05/Jun/2026:20:07:43 +0200] "GET /assistenza-elettrodomestici-parma/washing-machine-1612898_1920 HTTP/1.1" 301 1 "https://parma.elettroservicegroup.it/assistenza-elettrodomestici-parma/washing-machine-1612898_1920" "Mozilla/5.0 (Linux; Android 7.0;) AppleWebKit/537.36 (HTML, like Gecko) Mobile Safari/537.36 (compatible; PetalBot;+https://webmaster.petalsearch.com/site/petalbot)"
114.119.138.37 - - [05/Jun/2026:20:07:52 +0200] "GET /assistenza-elettrodomestici-parma/washing-machine-1612898_1920/ HTTP/1.1" 200 17710 "https://parma.elettroservicegroup.it/assistenza-elettrodomestici-parma/washing-machine-1612898_1920" "Mozilla/5.0 (Linux; Android 7.0;) AppleWebKit/537.36 (HTML, like Gecko) Mobile Safari/537.36 (compatible; PetalBot;+https://webmaster.petalsearch.com/site/petalbot)"
65.108.235.243 - - [05/Jun/2026:20:09:11 +0200] "POST /wp-cron.php?doing_wp_cron=1780682951.7920060157775878906250 HTTP/1.1" 200 1 "-" "WordPress/7.0; https://parma.elettroservicegroup.it"
114.119.154.115 - - [05/Jun/2026:20:09:10 +0200] "GET /assistenza-asciugatrici HTTP/1.1" 301 - "https://parma.elettroservicegroup.it/" "Mozilla/5.0 (Linux; Android 7.0;) AppleWebKit/537.36 (KHTML, like Gecko) Mobile Safari/537.36 (compatible; PetalBot;+https://webmaster.petalsearch.com/site/petalbot)"
65.108.235.243 - - [05/Jun/2026:20:09:13 +0200] "POST /wp-cron.php?doing_wp_cron=1780682953.9676120281219482421875 HTTP/1.1" 200 1 "-" "WordPress/7.0; https://parma.elettroservicegroup.it"
114.119.154.115 - - [05/Jun/2026:20:09:13 +0200] "GET /assistenza-asciugatrici/ HTTP/1.1" 200 138163 "https://parma.elettroservicegroup.it/" "Mozilla/5.0 (Linux; Android 7.0;) AppleWebKit/537.36 (KHTML, like Gecko) Mobile Safari/537.36 (compatible; PetalBot;+https://webmaster.petalsearch.com/site/petalbot)"
65.108.235.243 - - [05/Jun/2026:20:10:30 +0200] "POST /wp-cron.php?doing_wp_cron=1780683030.9611139297485351562500 HTTP/1.1" 200 1 "-" "WordPress/7.0; https://parma.elettroservicegroup.it"
114.119.138.37 - - [05/Jun/2026:20:10:29 +0200] "GET /amunra-casino-como-funciona-la-verificacion-de-identidad-segura/ HTTP/1.1" 404 16890 "https://parma.elettroservicegroup.it/" "Mozilla/5.0 (Linux; Android 7.0;) AppleWebKit/537.36 (HTML, like Gecko) Mobile Safari/537.36 (compatible; PetalBot;+https://webmaster.petalsearch.com/site/petalbot)"
65.108.235.243 - - [05/Jun/2026:20:11:54 +0200] "POST /wp-cron.php?doing_wp_cron=1780683114.4306108951568603515625 HTTP/1.1" 200 1 "-" "WordPress/7.0; https://parma.elettroservicegroup.it"
114.119.148.161 - - [05/Jun/2026:20:11:52 +0200] "GET /?attachment_id=16221 HTTP/1.1" 200 17708 "https://parma.elettroservicegroup.it/?attachment_id=16221" "Mozilla/5.0 (Linux; Android 7.0;) AppleWebKit/537.36 (HTML, like Gecko) Mobile Safari/537.36 (compatible; PetalBot;+https://webmaster.petalsearch.com/site/petalbot)"
65.108.235.243 - - [05/Jun/2026:20:13:18 +0200] "POST /wp-cron.php?doing_wp_cron=1780683198.7702300548553466796875 HTTP/1.1" 200 1 "-" "WordPress/7.0; https://parma.elettroservicegroup.it"
114.119.141.228 - - [05/Jun/2026:20:13:16 +0200] "GET /?attachment_id=16212 HTTP/1.1" 200 17716 "https://parma.elettroservicegroup.it/?attachment_id=16212" "Mozilla/5.0 (Linux; Android 7.0;) AppleWebKit/537.36 (HTML, like Gecko) Mobile Safari/537.36 (compatible; PetalBot;+https://webmaster.petalsearch.com/site/petalbot)"
65.108.235.243 - - [05/Jun/2026:20:14:41 +0200] "POST /wp-cron.php?doing_wp_cron=1780683281.9506750106811523437500 HTTP/1.1" 200 1 "-" "WordPress/7.0; https://parma.elettroservicegroup.it"
114.119.137.153 - - [05/Jun/2026:20:14:40 +0200] "GET /?attachment_id=15989 HTTP/1.1" 200 17700 "https://parma.elettroservicegroup.it/?attachment_id=15989" "Mozilla/5.0 (Linux; Android 7.0;) AppleWebKit/537.36 (HTML, like Gecko) Mobile Safari/537.36 (compatible; PetalBot;+https://webmaster.petalsearch.com/site/petalbot)"
65.108.235.243 - - [05/Jun/2026:20:15:41 +0200] "POST /wp-cron.php?doing_wp_cron=1780683341.1665840148925781250000 HTTP/1.1" 200 1 "-" "WordPress/7.0; https://parma.elettroservicegroup.it"
52.167.144.57 - - [05/Jun/2026:20:15:39 +0200] "GET /robots.txt HTTP/2.0" 200 104 "-" "Mozilla/5.0 AppleWebKit/537.36 (KHTML, like Gecko; compatible; bingbot/2.0; +http://www.bing.com/bingbot.htm) Chrome/116.0.1938.76 Safari/537.36"
65.108.235.243 - - [05/Jun/2026:20:15:53 +0200] "POST /wp-cron.php?doing_wp_cron=1780683353.3504230976104736328125 HTTP/1.1" 200 1 "-" "WordPress/7.0; https://parma.elettroservicegroup.it"
40.77.167.8 - - [05/Jun/2026:20:15:51 +0200] "GET /comment-desactiver-son-compte-instant-casino-temporairement-ou-definitivement/ HTTP/2.0" 404 16925 "-" "Mozilla/5.0 AppleWebKit/537.36 (KHTML, like Gecko; compatible; bingbot/2.0; +http://www.bing.com/bingbot.htm) Chrome/116.0.1938.76 Safari/537.36"
114.119.137.98 - - [05/Jun/2026:20:16:03 +0200] "GET /5pagam/ HTTP/1.1" 200 17698 "https://parma.elettroservicegroup.it/5pagam/" "Mozilla/5.0 (Linux; Android 7.0;) AppleWebKit/537.36 (HTML, like Gecko) Mobile Safari/537.36 (compatible; PetalBot;+https://webmaster.petalsearch.com/site/petalbot)"
54.165.169.15 - - [05/Jun/2026:20:17:35 +0200] "GET /assistenza-indesit-parma/ HTTP/1.1" 200 11794 "-" "Mozilla/5.0 (Macintosh; Intel Mac OS X 10_10_1) AppleWebKit/600.2.5 (KHTML, like Gecko) Version/8.0.2 Safari/600.2.5 (Lanai)"
65.108.235.243 - - [05/Jun/2026:20:18:02 +0200] "POST /wp-cron.php?doing_wp_cron=1780683481.9731500148773193359375 HTTP/1.1" 200 1 "-" "WordPress/7.0; https://parma.elettroservicegroup.it"
40.77.167.151 - - [05/Jun/2026:20:17:57 +0200] "GET /wp-content/uploads/2022/01/logo-rex-electrolux2-e1641220584995-768x365-1.jpg HTTP/2.0" 404 16908 "-" "Mozilla/5.0 AppleWebKit/537.36 (KHTML, like Gecko; compatible; bingbot/2.0; +http://www.bing.com/bingbot.htm) Chrome/116.0.1938.76 Safari/537.36"
151.18.168.149 - - [05/Jun/2026:20:24:00 +0200] "GET /assistenza-ariston-parma/ HTTP/2.0" 200 22659 "-" "Mozilla/5.0 (Macintosh; Intel Mac OS X 10_15_7) AppleWebKit/605.1.15 (KHTML, like Gecko) Version/17.14 Safari/605.1.15"
151.18.168.149 - - [05/Jun/2026:20:24:02 +0200] "GET /wp-content/uploads/2021/10/cropped-cropped-cropped-logo_white_background.png HTTP/2.0" 200 38971 "https://parma.elettroservicegroup.it/assistenza-ariston-parma/" "Mozilla/5.0 (Macintosh; Intel Mac OS X 10_15_7) AppleWebKit/605.1.15 (KHTML, like Gecko) Version/17.14 Safari/605.1.15"
151.18.168.149 - - [05/Jun/2026:20:24:02 +0200] "GET /wp-content/cache/wpfc-minified/9aoba38s/4bjek.css HTTP/2.0" 200 418 "https://parma.elettroservicegroup.it/assistenza-ariston-parma/" "Mozilla/5.0 (Macintosh; Intel Mac OS X 10_15_7) AppleWebKit/605.1.15 (KHTML, like Gecko) Version/17.14 Safari/605.1.15"
151.18.168.149 - - [05/Jun/2026:20:24:02 +0200] "GET /wp-content/uploads/elementor/css/post-14146.css?ver=1780326320 HTTP/2.0" 200 428 "https://parma.elettroservicegroup.it/assistenza-ariston-parma/" "Mozilla/5.0 (Macintosh; Intel Mac OS X 10_15_7) AppleWebKit/605.1.15 (KHTML, like Gecko) Version/17.14 Safari/605.1.15"
151.18.168.149 - - [05/Jun/2026:20:24:02 +0200] "GET /wp-content/uploads/elementor/css/post-14366.css?ver=1780326320 HTTP/2.0" 200 302 "https://parma.elettroservicegroup.it/assistenza-ariston-parma/" "Mozilla/5.0 (Macintosh; Intel Mac OS X 10_15_7) AppleWebKit/605.1.15 (KHTML, like Gecko) Version/17.14 Safari/605.1.15"
151.18.168.149 - - [05/Jun/2026:20:24:02 +0200] "GET /wp-content/cache/wpfc-minified/eqzpooq2/4bjek.css HTTP/2.0" 200 4410 "https://parma.elettroservicegroup.it/assistenza-ariston-parma/" "Mozilla/5.0 (Macintosh; Intel Mac OS X 10_15_7) AppleWebKit/605.1.15 (KHTML, like Gecko) Version/17.14 Safari/605.1.15"
151.18.168.149 - - [05/Jun/2026:20:24:02 +0200] "GET /wp-content/uploads/elementor/css/post-17270.css?ver=1780350640 HTTP/2.0" 200 2155 "https://parma.elettroservicegroup.it/assistenza-ariston-parma/" "Mozilla/5.0 (Macintosh; Intel Mac OS X 10_15_7) AppleWebKit/605.1.15 (KHTML, like Gecko) Version/17.14 Safari/605.1.15"
151.18.168.149 - - [05/Jun/2026:20:24:02 +0200] "GET /wp-content/cache/wpfc-minified/f4mpgdct/4bjek.css HTTP/2.0" 200 7521 "https://parma.elettroservicegroup.it/assistenza-ariston-parma/" "Mozilla/5.0 (Macintosh; Intel Mac OS X 10_15_7) AppleWebKit/605.1.15 (KHTML, like Gecko) Version/17.14 Safari/605.1.15"
151.18.168.149 - - [05/Jun/2026:20:24:02 +0200] "GET /wp-content/plugins/elementor/assets/js/webpack.runtime.min.js?ver=4.1.1 HTTP/2.0" 200 2340 "https://parma.elettroservicegroup.it/assistenza-ariston-parma/" "Mozilla/5.0 (Macintosh; Intel Mac OS X 10_15_7) AppleWebKit/605.1.15 (KHTML, like Gecko) Version/17.14 Safari/605.1.15"
151.18.168.149 - - [05/Jun/2026:20:24:02 +0200] "GET /wp-content/cache/wpfc-minified/mbb024jo/4bjek.css HTTP/2.0" 200 11331 "https://parma.elettroservicegroup.it/assistenza-ariston-parma/" "Mozilla/5.0 (Macintosh; Intel Mac OS X 10_15_7) AppleWebKit/605.1.15 (KHTML, like Gecko) Version/17.14 Safari/605.1.15"
151.18.168.149 - - [05/Jun/2026:20:24:02 +0200] "GET /wp-content/themes/generatepress/assets/js/back-to-top.min.js?ver=3.6.1 HTTP/2.0" 200 336 "https://parma.elettroservicegroup.it/assistenza-ariston-parma/" "Mozilla/5.0 (Macintosh; Intel Mac OS X 10_15_7) AppleWebKit/605.1.15 (KHTML, like Gecko) Version/17.14 Safari/605.1.15"
151.18.168.149 - - [05/Jun/2026:20:24:02 +0200] "GET /wp-content/cache/wpfc-minified/7aujoglc/4bx27.css HTTP/2.0" 200 16439 "https://parma.elettroservicegroup.it/assistenza-ariston-parma/" "Mozilla/5.0 (Macintosh; Intel Mac OS X 10_15_7) AppleWebKit/605.1.15 (KHTML, like Gecko) Version/17.14 Safari/605.1.15"
151.18.168.149 - - [05/Jun/2026:20:24:02 +0200] "GET /wp-content/plugins/gp-premium/menu-plus/functions/js/sticky.min.js?ver=2.5.5 HTTP/2.0" 200 2670 "https://parma.elettroservicegroup.it/assistenza-ariston-parma/" "Mozilla/5.0 (Macintosh; Intel Mac OS X 10_15_7) AppleWebKit/605.1.15 (KHTML, like Gecko) Version/17.14 Safari/605.1.15"
151.18.168.149 - - [05/Jun/2026:20:24:02 +0200] "GET /wp-includes/js/jquery/ui/core.min.js?ver=1.13.3 HTTP/2.0" 200 6820 "https://parma.elettroservicegroup.it/assistenza-ariston-parma/" "Mozilla/5.0 (Macintosh; Intel Mac OS X 10_15_7) AppleWebKit/605.1.15 (KHTML, like Gecko) Version/17.14 Safari/605.1.15"
151.18.168.149 - - [05/Jun/2026:20:24:02 +0200] "GET /wp-content/themes/generatepress/assets/js/menu.min.js?ver=3.6.1 HTTP/2.0" 200 1688 "https://parma.elettroservicegroup.it/assistenza-ariston-parma/" "Mozilla/5.0 (Macintosh; Intel Mac OS X 10_15_7) AppleWebKit/605.1.15 (KHTML, like Gecko) Version/17.14 Safari/605.1.15"
151.18.168.149 - - [05/Jun/2026:20:24:02 +0200] "GET /wp-content/cache/wpfc-minified/bwue548/4bjek.css HTTP/2.0" 200 19030 "https://parma.elettroservicegroup.it/assistenza-ariston-parma/" "Mozilla/5.0 (Macintosh; Intel Mac OS X 10_15_7) AppleWebKit/605.1.15 (KHTML, like Gecko) Version/17.14 Safari/605.1.15"
151.18.168.149 - - [05/Jun/2026:20:24:02 +0200] "GET /wp-content/cache/wpfc-minified/fpvwzn7j/4bjek.css HTTP/2.0" 200 14485 "https://parma.elettroservicegroup.it/assistenza-ariston-parma/" "Mozilla/5.0 (Macintosh; Intel Mac OS X 10_15_7) AppleWebKit/605.1.15 (KHTML, like Gecko) Version/17.14 Safari/605.1.15"
151.18.168.149 - - [05/Jun/2026:20:24:02 +0200] "GET /wp-content/cache/wpfc-minified/shydqzw/4bjek.js HTTP/2.0" 200 42193 "https://parma.elettroservicegroup.it/assistenza-ariston-parma/" "Mozilla/5.0 (Macintosh; Intel Mac OS X 10_15_7) AppleWebKit/605.1.15 (KHTML, like Gecko) Version/17.14 Safari/605.1.15"
151.18.168.149 - - [05/Jun/2026:20:24:02 +0200] "GET /wp-content/plugins/elementor/assets/js/frontend-modules.min.js?ver=4.1.1 HTTP/2.0" 200 15454 "https://parma.elettroservicegroup.it/assistenza-ariston-parma/" "Mozilla/5.0 (Macintosh; Intel Mac OS X 10_15_7) AppleWebKit/605.1.15 (KHTML, like Gecko) Version/17.14 Safari/605.1.15"
151.18.168.149 - - [05/Jun/2026:20:24:02 +0200] "GET /wp-content/plugins/elementor/assets/js/frontend.min.js?ver=4.1.1 HTTP/2.0" 200 10140 "https://parma.elettroservicegroup.it/assistenza-ariston-parma/" "Mozilla/5.0 (Macintosh; Intel Mac OS X 10_15_7) AppleWebKit/605.1.15 (KHTML, like Gecko) Version/17.14 Safari/605.1.15"
151.18.168.149 - - [05/Jun/2026:20:24:02 +0200] "GET /wp-content/plugins/complianz-gdpr-premium/cookiebanner/js/complianz.min.js?ver=1780326315 HTTP/2.0" 200 10708 "https://parma.elettroservicegroup.it/assistenza-ariston-parma/" "Mozilla/5.0 (Macintosh; Intel Mac OS X 10_15_7) AppleWebKit/605.1.15 (KHTML, like Gecko) Version/17.14 Safari/605.1.15"
151.18.168.149 - - [05/Jun/2026:20:24:03 +0200] "GET /wp-content/plugins/elementor/assets/lib/font-awesome/webfonts/fa-regular-400.woff2 HTTP/2.0" 200 13277 "https://parma.elettroservicegroup.it/assistenza-ariston-parma/" "Mozilla/5.0 (Macintosh; Intel Mac OS X 10_15_7) AppleWebKit/605.1.15 (KHTML, like Gecko) Version/17.14 Safari/605.1.15"
151.18.168.149 - - [05/Jun/2026:20:24:03 +0200] "GET /wp-content/plugins/elementor/assets/lib/font-awesome/webfonts/fa-solid-900.woff2 HTTP/2.0" 200 78201 "https://parma.elettroservicegroup.it/assistenza-ariston-parma/" "Mozilla/5.0 (Macintosh; Intel Mac OS X 10_15_7) AppleWebKit/605.1.15 (KHTML, like Gecko) Version/17.14 Safari/605.1.15"
151.18.168.149 - - [05/Jun/2026:20:24:03 +0200] "GET /wp-content/uploads/elementor/google-fonts/fonts/roboto-kfo7cnqeu92fr1me7ksn66agldtyluama3yuba.woff2 HTTP/2.0" 200 40132 "https://parma.elettroservicegroup.it/assistenza-ariston-parma/" "Mozilla/5.0 (Macintosh; Intel Mac OS X 10_15_7) AppleWebKit/605.1.15 (KHTML, like Gecko) Version/17.14 Safari/605.1.15"
151.18.168.149 - - [05/Jun/2026:20:24:03 +0200] "GET /wp-content/uploads/2022/10/COPERTINA-8.png HTTP/2.0" 200 238875 "https://parma.elettroservicegroup.it/assistenza-ariston-parma/" "Mozilla/5.0 (Macintosh; Intel Mac OS X 10_15_7) AppleWebKit/605.1.15 (KHTML, like Gecko) Version/17.14 Safari/605.1.15"
151.18.168.149 - - [05/Jun/2026:20:24:04 +0200] "GET /wp-content/plugins/elementor/assets/js/section-frontend-handlers.d85ab872da118940910d.bundle.min.js HTTP/2.0" 200 230 "https://parma.elettroservicegroup.it/assistenza-ariston-parma/" "Mozilla/5.0 (Macintosh; Intel Mac OS X 10_15_7) AppleWebKit/605.1.15 (KHTML, like Gecko) Version/17.14 Safari/605.1.15"
151.18.168.149 - - [05/Jun/2026:20:24:04 +0200] "GET /wp-content/plugins/elementor/assets/js/text-editor.45609661e409413f1cef.bundle.min.js HTTP/2.0" 200 592 "https://parma.elettroservicegroup.it/assistenza-ariston-parma/" "Mozilla/5.0 (Macintosh; Intel Mac OS X 10_15_7) AppleWebKit/605.1.15 (KHTML, like Gecko) Version/17.14 Safari/605.1.15"
151.18.168.149 - - [05/Jun/2026:20:24:04 +0200] "GET /wp-content/plugins/elementor/assets/js/shared-frontend-handlers.03caa53373b56d3bab67.bundle.min.js HTTP/2.0" 200 2515 "https://parma.elettroservicegroup.it/assistenza-ariston-parma/" "Mozilla/5.0 (Macintosh; Intel Mac OS X 10_15_7) AppleWebKit/605.1.15 (KHTML, like Gecko) Version/17.14 Safari/605.1.15"
65.108.235.243 - - [05/Jun/2026:20:24:05 +0200] "POST /wp-cron.php?doing_wp_cron=1780683845.1858699321746826171875 HTTP/1.1" 200 1 "-" "WordPress/7.0; https://parma.elettroservicegroup.it"
151.18.168.149 - - [05/Jun/2026:20:24:04 +0200] "GET /wp-json/complianz/v1/banner?lang=it&locale=it_IT&token=atoar HTTP/2.0" 200 84 "https://parma.elettroservicegroup.it/assistenza-ariston-parma/" "Mozilla/5.0 (Macintosh; Intel Mac OS X 10_15_7) AppleWebKit/605.1.15 (KHTML, like Gecko) Version/17.14 Safari/605.1.15"
151.18.168.149 - - [05/Jun/2026:20:24:05 +0200] "GET /wp-content/uploads/2021/10/cropped-logo_white_background.png HTTP/2.0" 200 16623 "https://parma.elettroservicegroup.it/assistenza-ariston-parma/" "Mozilla/5.0 (Macintosh; Intel Mac OS X 10_15_7) AppleWebKit/605.1.15 (KHTML, like Gecko) Version/17.14 Safari/605.1.15"
151.18.168.149 - - [05/Jun/2026:20:24:05 +0200] "POST /wp-content/plugins/burst-statistics/endpoint.php HTTP/2.0" 200 1 "https://parma.elettroservicegroup.it/assistenza-ariston-parma/" "Mozilla/5.0 (Macintosh; Intel Mac OS X 10_15_7) AppleWebKit/605.1.15 (KHTML, like Gecko) Version/17.14 Safari/605.1.15"
151.18.168.149 - - [05/Jun/2026:20:24:05 +0200] "GET /wp-content/uploads/2022/01/tecnico-elettro-300x200-1.jpg HTTP/2.0" 200 15134 "https://parma.elettroservicegroup.it/assistenza-ariston-parma/" "Mozilla/5.0 (Macintosh; Intel Mac OS X 10_15_7) AppleWebKit/605.1.15 (KHTML, like Gecko) Version/17.14 Safari/605.1.15"
151.18.168.149 - - [05/Jun/2026:20:24:06 +0200] "GET /wp-content/uploads/complianz/css/banner-1-optin.css?v=46 HTTP/2.0" 200 2617 "https://parma.elettroservicegroup.it/assistenza-ariston-parma/" "Mozilla/5.0 (Macintosh; Intel Mac OS X 10_15_7) AppleWebKit/605.1.15 (KHTML, like Gecko) Version/17.14 Safari/605.1.15"
151.18.168.149 - - [05/Jun/2026:20:24:06 +0200] "GET /wp-json/complianz/v1/cookie_data HTTP/2.0" 200 81 "https://parma.elettroservicegroup.it/assistenza-ariston-parma/" "Mozilla/5.0 (Macintosh; Intel Mac OS X 10_15_7) AppleWebKit/605.1.15 (KHTML, like Gecko) Version/17.14 Safari/605.1.15"
