151.18.168.149 - - [05/Jun/2026:20:24:25 +0200] "POST /wp-content/plugins/burst-statistics/endpoint.php HTTP/2.0" 200 1 "https://parma.elettroservicegroup.it/assistenza-ariston-parma/" "Mozilla/5.0 (Macintosh; Intel Mac OS X 10_15_7) AppleWebKit/605.1.15 (KHTML, like Gecko) Version/17.14 Safari/605.1.15"
65.108.235.243 - - [05/Jun/2026:20:24:26 +0200] "POST /wp-cron.php?doing_wp_cron=1780683866.3461771011352539062500 HTTP/1.1" 200 1 "-" "WordPress/7.0; https://parma.elettroservicegroup.it"
151.18.168.149 - - [05/Jun/2026:20:24:25 +0200] "POST /wp-json/complianz/v1/track HTTP/2.0" 200 20 "https://parma.elettroservicegroup.it/assistenza-ariston-parma/" "Mozilla/5.0 (Macintosh; Intel Mac OS X 10_15_7) AppleWebKit/605.1.15 (KHTML, like Gecko) Version/17.14 Safari/605.1.15"
151.18.168.149 - - [05/Jun/2026:20:24:26 +0200] "GET /wp-content/uploads/2021/10/cropped-cropped-cropped-cropped-logo_white_background-192x192.png HTTP/2.0" 200 19089 "https://parma.elettroservicegroup.it/assistenza-ariston-parma/" "Mozilla/5.0 (Macintosh; Intel Mac OS X 10_15_7) AppleWebKit/605.1.15 (KHTML, like Gecko) Version/17.14 Safari/605.1.15"
151.18.168.149 - - [05/Jun/2026:20:24:26 +0200] "GET /wp-content/uploads/2021/10/cropped-cropped-cropped-cropped-logo_white_background-32x32.png HTTP/2.0" 200 1525 "https://parma.elettroservicegroup.it/assistenza-ariston-parma/" "Mozilla/5.0 (Macintosh; Intel Mac OS X 10_15_7) AppleWebKit/605.1.15 (KHTML, like Gecko) Version/17.14 Safari/605.1.15"
151.18.168.149 - - [05/Jun/2026:20:26:35 +0200] "POST /wp-content/plugins/burst-statistics/endpoint.php HTTP/2.0" 200 1 "https://parma.elettroservicegroup.it/assistenza-ariston-parma/" "Mozilla/5.0 (Macintosh; Intel Mac OS X 10_15_7) AppleWebKit/605.1.15 (KHTML, like Gecko) Version/17.14 Safari/605.1.15"
65.108.235.243 - - [05/Jun/2026:20:26:37 +0200] "POST /wp-cron.php?doing_wp_cron=1780683997.9641420841217041015625 HTTP/1.1" 200 1 "-" "WordPress/7.0; https://parma.elettroservicegroup.it"
151.18.168.149 - - [05/Jun/2026:20:26:35 +0200] "GET /wp-json/complianz/v1/banner?lang=it&locale=it_IT&token=ovgmm HTTP/2.0" 200 84 "https://parma.elettroservicegroup.it/assistenza-ariston-parma/" "Mozilla/5.0 (Macintosh; Intel Mac OS X 10_15_7) AppleWebKit/605.1.15 (KHTML, like Gecko) Version/17.14 Safari/605.1.15"
151.18.168.149 - - [05/Jun/2026:20:26:38 +0200] "GET /wp-content/uploads/2021/10/TECNICO-ELETTRODOMESTICI-10.jpg HTTP/2.0" 200 24210 "https://parma.elettroservicegroup.it/assistenza-ariston-parma/" "Mozilla/5.0 (Macintosh; Intel Mac OS X 10_15_7) AppleWebKit/605.1.15 (KHTML, like Gecko) Version/17.14 Safari/605.1.15"
151.18.168.149 - - [05/Jun/2026:20:26:38 +0200] "GET /wp-json/complianz/v1/cookie_data HTTP/2.0" 200 81 "https://parma.elettroservicegroup.it/assistenza-ariston-parma/" "Mozilla/5.0 (Macintosh; Intel Mac OS X 10_15_7) AppleWebKit/605.1.15 (KHTML, like Gecko) Version/17.14 Safari/605.1.15"
151.18.168.149 - - [05/Jun/2026:20:26:39 +0200] "POST /wp-content/plugins/burst-statistics/endpoint.php HTTP/2.0" 200 1 "https://parma.elettroservicegroup.it/assistenza-ariston-parma/" "Mozilla/5.0 (Macintosh; Intel Mac OS X 10_15_7) AppleWebKit/605.1.15 (KHTML, like Gecko) Version/17.14 Safari/605.1.15"
151.18.168.149 - - [05/Jun/2026:20:26:39 +0200] "POST /wp-content/plugins/burst-statistics/endpoint.php HTTP/2.0" 200 1 "https://parma.elettroservicegroup.it/assistenza-ariston-parma/" "Mozilla/5.0 (Macintosh; Intel Mac OS X 10_15_7) AppleWebKit/605.1.15 (KHTML, like Gecko) Version/17.14 Safari/605.1.15"
151.18.168.149 - - [05/Jun/2026:20:26:39 +0200] "POST /wp-content/plugins/burst-statistics/endpoint.php HTTP/2.0" 200 1 "https://parma.elettroservicegroup.it/assistenza-ariston-parma/" "Mozilla/5.0 (Macintosh; Intel Mac OS X 10_15_7) AppleWebKit/605.1.15 (KHTML, like Gecko) Version/17.14 Safari/605.1.15"
151.18.168.149 - - [05/Jun/2026:20:26:39 +0200] "POST /wp-json/complianz/v1/track HTTP/2.0" 200 20 "https://parma.elettroservicegroup.it/assistenza-ariston-parma/" "Mozilla/5.0 (Macintosh; Intel Mac OS X 10_15_7) AppleWebKit/605.1.15 (KHTML, like Gecko) Version/17.14 Safari/605.1.15"
151.18.168.149 - - [05/Jun/2026:20:26:47 +0200] "GET /wp-content/uploads/2022/01/elettro6-638x1024-1-e1641569161973.jpg HTTP/2.0" 200 34592 "https://parma.elettroservicegroup.it/assistenza-ariston-parma/" "Mozilla/5.0 (Macintosh; Intel Mac OS X 10_15_7) AppleWebKit/605.1.15 (KHTML, like Gecko) Version/17.14 Safari/605.1.15"
151.18.168.149 - - [05/Jun/2026:20:26:50 +0200] "GET /wp-content/uploads/2026/05/logo.png HTTP/2.0" 200 48185 "https://parma.elettroservicegroup.it/assistenza-ariston-parma/" "Mozilla/5.0 (Macintosh; Intel Mac OS X 10_15_7) AppleWebKit/605.1.15 (KHTML, like Gecko) Version/17.14 Safari/605.1.15"
151.18.168.149 - - [05/Jun/2026:20:27:06 +0200] "POST /wp-content/plugins/burst-statistics/endpoint.php HTTP/2.0" 200 1 "https://parma.elettroservicegroup.it/assistenza-ariston-parma/" "Mozilla/5.0 (Macintosh; Intel Mac OS X 10_15_7) AppleWebKit/605.1.15 (KHTML, like Gecko) Version/17.14 Safari/605.1.15"
151.18.168.149 - - [05/Jun/2026:20:27:22 +0200] "POST /wp-content/plugins/burst-statistics/endpoint.php HTTP/2.0" 200 1 "https://parma.elettroservicegroup.it/assistenza-ariston-parma/" "Mozilla/5.0 (Macintosh; Intel Mac OS X 10_15_7) AppleWebKit/605.1.15 (KHTML, like Gecko) Version/17.14 Safari/605.1.15"
151.18.168.149 - - [05/Jun/2026:20:27:22 +0200] "POST /wp-content/plugins/burst-statistics/endpoint.php HTTP/2.0" 200 1 "https://parma.elettroservicegroup.it/assistenza-ariston-parma/" "Mozilla/5.0 (Macintosh; Intel Mac OS X 10_15_7) AppleWebKit/605.1.15 (KHTML, like Gecko) Version/17.14 Safari/605.1.15"
54.156.11.49 - - [05/Jun/2026:20:36:55 +0200] "GET /assistenza-forni-elettrici/ HTTP/1.1" 200 11882 "-" "Mozilla/5.0 (Macintosh; Intel Mac OS X 10_10_1) AppleWebKit/600.2.5 (KHTML, like Gecko) Version/8.0.2 Safari/600.2.5 (Lanai)"
65.108.235.243 - - [05/Jun/2026:20:42:26 +0200] "POST /wp-cron.php?doing_wp_cron=1780684946.3517179489135742187500 HTTP/1.1" 200 1 "-" "WordPress/7.0; https://parma.elettroservicegroup.it"
216.73.217.100 - - [05/Jun/2026:20:42:24 +0200] "GET /robots.txt HTTP/2.0" 200 104 "-" "Mozilla/5.0 AppleWebKit/537.36 (KHTML, like Gecko; compatible; ClaudeBot/1.0; +claudebot@anthropic.com)"
66.249.64.70 - - [05/Jun/2026:20:42:20 +0200] "GET /wp-sitemap-posts-post-1.xml HTTP/1.1" 404 16883 "-" "Mozilla/5.0 (compatible; Googlebot/2.1; +http://www.google.com/bot.html)"
216.73.217.100 - - [05/Jun/2026:20:42:42 +0200] "GET /wp-content/plugins/wordfence/modules/login-security/css/login.1778685035.css HTTP/2.0" 200 705 "-" "Mozilla/5.0 AppleWebKit/537.36 (KHTML, like Gecko; compatible; ClaudeBot/1.0; +claudebot@anthropic.com)"
216.73.217.100 - - [05/Jun/2026:20:42:42 +0200] "GET /author/andrea/feed/ HTTP/2.0" 200 509 "-" "Mozilla/5.0 AppleWebKit/537.36 (KHTML, like Gecko; compatible; ClaudeBot/1.0; +claudebot@anthropic.com)"
216.73.217.100 - - [05/Jun/2026:20:42:42 +0200] "GET /?p=14202 HTTP/2.0" 301 1 "-" "Mozilla/5.0 AppleWebKit/537.36 (KHTML, like Gecko; compatible; ClaudeBot/1.0; +claudebot@anthropic.com)"
216.73.217.100 - - [05/Jun/2026:20:42:42 +0200] "GET /?p=17277 HTTP/2.0" 301 1 "-" "Mozilla/5.0 AppleWebKit/537.36 (KHTML, like Gecko; compatible; ClaudeBot/1.0; +claudebot@anthropic.com)"
216.73.217.100 - - [05/Jun/2026:20:42:42 +0200] "GET /?p=17353 HTTP/2.0" 301 1 "-" "Mozilla/5.0 AppleWebKit/537.36 (KHTML, like Gecko; compatible; ClaudeBot/1.0; +claudebot@anthropic.com)"
65.108.235.243 - - [05/Jun/2026:20:42:42 +0200] "POST /wp-cron.php?doing_wp_cron=1780684962.5501389503479003906250 HTTP/1.1" 200 1 "-" "WordPress/7.0; https://parma.elettroservicegroup.it"
216.73.217.100 - - [05/Jun/2026:20:42:42 +0200] "GET /?p=14199 HTTP/2.0" 301 1 "-" "Mozilla/5.0 AppleWebKit/537.36 (KHTML, like Gecko; compatible; ClaudeBot/1.0; +claudebot@anthropic.com)"
216.73.217.100 - - [05/Jun/2026:20:42:42 +0200] "GET /?p=14403 HTTP/2.0" 301 1 "-" "Mozilla/5.0 AppleWebKit/537.36 (KHTML, like Gecko; compatible; ClaudeBot/1.0; +claudebot@anthropic.com)"
216.73.217.100 - - [05/Jun/2026:20:42:42 +0200] "GET /assistenza-bosch-collecchio/ HTTP/2.0" 200 22600 "https://parma.elettroservicegroup.it/?p=17277" "Mozilla/5.0 AppleWebKit/537.36 (KHTML, like Gecko; compatible; ClaudeBot/1.0; +claudebot@anthropic.com)"
216.73.217.100 - - [05/Jun/2026:20:42:42 +0200] "GET /vicenza/ HTTP/2.0" 200 17619 "https://parma.elettroservicegroup.it/?p=14202" "Mozilla/5.0 AppleWebKit/537.36 (KHTML, like Gecko; compatible; ClaudeBot/1.0; +claudebot@anthropic.com)"
216.73.217.100 - - [05/Jun/2026:20:42:42 +0200] "GET /assistenza-miele-collecchio/ HTTP/2.0" 200 22484 "https://parma.elettroservicegroup.it/?p=17353" "Mozilla/5.0 AppleWebKit/537.36 (KHTML, like Gecko; compatible; ClaudeBot/1.0; +claudebot@anthropic.com)"
216.73.217.100 - - [05/Jun/2026:20:42:42 +0200] "GET /mantova/ HTTP/2.0" 200 17619 "https://parma.elettroservicegroup.it/?p=14199" "Mozilla/5.0 AppleWebKit/537.36 (KHTML, like Gecko; compatible; ClaudeBot/1.0; +claudebot@anthropic.com)"
216.73.217.100 - - [05/Jun/2026:20:42:42 +0200] "GET /assistenza-elettrodomestici-parma/lavatrice/ HTTP/2.0" 200 17574 "https://parma.elettroservicegroup.it/?p=14403" "Mozilla/5.0 AppleWebKit/537.36 (KHTML, like Gecko; compatible; ClaudeBot/1.0; +claudebot@anthropic.com)"
65.108.235.243 - - [05/Jun/2026:20:43:13 +0200] "POST /wp-cron.php?doing_wp_cron=1780684993.1447460651397705078125 HTTP/1.1" 200 1 "-" "WordPress/7.0; https://parma.elettroservicegroup.it"
151.82.198.98 - - [05/Jun/2026:20:43:12 +0200] "GET /favicon.ico HTTP/2.0" 302 1 "-" "NetworkingExtension/8623.2.7.10.4 Network/5569.82.5 iOS/26.3"
151.82.198.98 - - [05/Jun/2026:20:43:13 +0200] "GET /wp-content/uploads/2021/10/cropped-cropped-cropped-cropped-logo_white_background-32x32.png HTTP/2.0" 200 1525 "-" "NetworkingExtension/8623.2.7.10.4 Network/5569.82.5 iOS/26.3"
151.82.198.98 - - [05/Jun/2026:20:43:12 +0200] "GET /apple-touch-icon.png HTTP/2.0" 404 16877 "-" "NetworkingExtension/8623.2.7.10.4 Network/5569.82.5 iOS/26.3"
151.82.198.98 - - [05/Jun/2026:20:43:12 +0200] "GET /apple-touch-icon-precomposed.png HTTP/2.0" 404 16890 "-" "NetworkingExtension/8623.2.7.10.4 Network/5569.82.5 iOS/26.3"
151.82.198.98 - - [05/Jun/2026:20:43:12 +0200] "GET /assistenza-whirlpool-parma/ HTTP/2.0" 200 22787 "-" "Mozilla/5.0 (Macintosh; Intel Mac OS X 10_11_1) AppleWebKit/601.2.4 (KHTML, like Gecko) Version/9.0.1 Safari/601.2.4 facebookexternalhit/1.1 Facebot Twitterbot/1.0"
151.82.198.98 - - [05/Jun/2026:20:43:14 +0200] "GET /wp-content/uploads/2021/10/TECNICO-ELETTRODOMESTICI-10.jpg HTTP/2.0" 200 24210 "-" "NetworkingExtension/8623.2.7.10.4 Network/5569.82.5 iOS/26.3"
151.82.198.98 - - [05/Jun/2026:20:43:14 +0200] "GET /wp-content/uploads/2021/10/cropped-cropped-cropped-logo_white_background.png HTTP/2.0" 200 38971 "-" "NetworkingExtension/8623.2.7.10.4 Network/5569.82.5 iOS/26.3"
151.82.198.98 - - [05/Jun/2026:20:43:14 +0200] "GET /wp-content/uploads/2022/01/tecnico-elettro-300x200.jpg HTTP/2.0" 200 15134 "-" "NetworkingExtension/8623.2.7.10.4 Network/5569.82.5 iOS/26.3"
151.82.198.98 - - [05/Jun/2026:20:43:14 +0200] "GET /wp-content/uploads/2021/10/cropped-cropped-cropped-cropped-logo_white_background-32x32.png HTTP/2.0" 200 1525 "-" "NetworkingExtension/8623.2.7.10.4 Network/5569.82.5 iOS/26.3"
151.82.198.98 - - [05/Jun/2026:20:43:14 +0200] "GET /wp-content/uploads/2021/10/cropped-cropped-cropped-cropped-logo_white_background-192x192.png HTTP/2.0" 200 19089 "-" "NetworkingExtension/8623.2.7.10.4 Network/5569.82.5 iOS/26.3"
151.82.198.98 - - [05/Jun/2026:20:43:14 +0200] "GET /wp-content/uploads/2021/10/cropped-cropped-cropped-cropped-logo_white_background-180x180.png HTTP/2.0" 200 21353 "-" "NetworkingExtension/8623.2.7.10.4 Network/5569.82.5 iOS/26.3"
65.108.235.243 - - [05/Jun/2026:20:52:15 +0200] "POST /wp-cron.php?doing_wp_cron=1780685535.1604599952697753906250 HTTP/1.1" 200 1 "-" "WordPress/7.0; https://parma.elettroservicegroup.it"
114.119.138.37 - - [05/Jun/2026:20:52:13 +0200] "GET /assistenza-lavatrici/riparaz-2/ HTTP/1.1" 200 17687 "https://parma.elettroservicegroup.it/assistenza-lavatrici/riparaz-2/" "Mozilla/5.0 (Linux; Android 7.0;) AppleWebKit/537.36 (HTML, like Gecko) Mobile Safari/537.36 (compatible; PetalBot;+https://webmaster.petalsearch.com/site/petalbot)"
65.108.235.243 - - [05/Jun/2026:20:53:39 +0200] "POST /wp-cron.php?doing_wp_cron=1780685619.9053699970245361328125 HTTP/1.1" 200 1 "-" "WordPress/7.0; https://parma.elettroservicegroup.it"
114.119.137.98 - - [05/Jun/2026:20:53:37 +0200] "GET /assistenza-ariston-busseto/ HTTP/1.1" 200 22766 "https://parma.elettroservicegroup.it/assistenza-ariston-busseto" "Mozilla/5.0 (Linux; Android 7.0;) AppleWebKit/537.36 (HTML, like Gecko) Mobile Safari/537.36 (compatible; PetalBot;+https://webmaster.petalsearch.com/site/petalbot)"
65.108.235.243 - - [05/Jun/2026:20:57:57 +0200] "POST /wp-cron.php?doing_wp_cron=1780685877.1011750698089599609375 HTTP/1.1" 200 1 "-" "WordPress/7.0; https://parma.elettroservicegroup.it"
66.249.64.70 - - [05/Jun/2026:20:57:55 +0200] "GET /wp-sitemap-taxonomies-category-1.xml HTTP/1.1" 404 16892 "-" "Mozilla/5.0 (compatible; Googlebot/2.1; +http://www.google.com/bot.html)"
54.87.189.147 - - [05/Jun/2026:21:30:15 +0200] "GET /assistenza-lavastoviglie-smeg-parma/ HTTP/1.1" 200 11785 "-" "Mozilla/5.0 (Macintosh; Intel Mac OS X 10_10_1) AppleWebKit/600.2.5 (KHTML, like Gecko) Version/8.0.2 Safari/600.2.5 (Lanai)"
65.108.235.243 - - [05/Jun/2026:21:40:56 +0200] "POST /wp-cron.php?doing_wp_cron=1780688456.3351678848266601562500 HTTP/1.1" 200 1 "-" "WordPress/7.0; https://parma.elettroservicegroup.it"
142.250.32.6 - - [05/Jun/2026:21:40:51 +0200] "GET /.well-known/traffic-advice HTTP/1.1" 404 16884 "-" "Chrome Privacy Preserving Prefetch Proxy"
162.120.187.141 - - [05/Jun/2026:21:40:51 +0200] "GET /assistenza-aeg-parma/ HTTP/2.0" 200 - "https://www.google.com/" "Mozilla/5.0 (Linux; Android 10; K) AppleWebKit/537.36 (KHTML, like Gecko) Chrome/148.0.0.0 Mobile Safari/537.36"
65.108.235.243 - - [05/Jun/2026:21:43:13 +0200] "POST /wp-cron.php?doing_wp_cron=1780688593.3126490116119384765625 HTTP/1.1" 200 1 "-" "WordPress/7.0; https://parma.elettroservicegroup.it"
162.120.187.141 - - [05/Jun/2026:21:43:11 +0200] "GET /assistenza-aeg-parma/ HTTP/2.0" 200 23021 "https://www.google.com/" "Mozilla/5.0 (Linux; Android 10; K) AppleWebKit/537.36 (KHTML, like Gecko) Chrome/148.0.0.0 Mobile Safari/537.36"
65.108.235.243 - - [05/Jun/2026:21:46:33 +0200] "POST /wp-cron.php?doing_wp_cron=1780688793.3309879302978515625000 HTTP/1.1" 200 1 "-" "WordPress/7.0; https://parma.elettroservicegroup.it"
193.186.4.19 - - [05/Jun/2026:21:46:30 +0200] "GET /assistenza-aeg-parma/ HTTP/2.0" 200 23021 "https://www.google.com/" "Mozilla/5.0 (Linux; Android 10; K) AppleWebKit/537.36 (KHTML, like Gecko) Chrome/148.0.0.0 Mobile Safari/537.36"
65.108.235.243 - - [05/Jun/2026:22:11:22 +0200] "POST /wp-cron.php?doing_wp_cron=1780690282.7313640117645263671875 HTTP/1.1" 200 1 "-" "WordPress/7.0; https://parma.elettroservicegroup.it"
216.73.217.100 - - [05/Jun/2026:22:11:19 +0200] "GET /robots.txt HTTP/2.0" 200 104 "-" "Mozilla/5.0 AppleWebKit/537.36 (KHTML, like Gecko; compatible; ClaudeBot/1.0; +claudebot@anthropic.com)"
65.108.235.243 - - [05/Jun/2026:22:11:24 +0200] "POST /wp-admin/admin-ajax.php?action=wordfence_testAjax HTTP/1.1" 200 16 "-" "WordPress/7.0; https://parma.elettroservicegroup.it"
65.108.235.243 - - [05/Jun/2026:22:11:24 +0200] "GET /wp-admin/admin-ajax.php?action=wordfence_doScan&isFork=0&scanMode=quick&cronKey=f663e6ba9ede0072d76d8e30bd125d74&signature=4e1cbac4df8dc039a6c945d852f6708571a205ba2afd43817acdd48c84dd7b6f HTTP/1.1" 200 1 "-" "WordPress/7.0; https://parma.elettroservicegroup.it"
52.167.144.20 - - [05/Jun/2026:22:19:50 +0200] "GET /wp-content/uploads/2021/10/TECNICO-ELETTRODOMESTICI-9.jpg HTTP/2.0" 200 24210 "-" "Mozilla/5.0 AppleWebKit/537.36 (KHTML, like Gecko; compatible; bingbot/2.0; +http://www.bing.com/bingbot.htm) Chrome/116.0.1938.76 Safari/537.36"
65.108.235.243 - - [05/Jun/2026:22:23:54 +0200] "POST /wp-cron.php?doing_wp_cron=1780691034.4684340953826904296875 HTTP/1.1" 200 1 "-" "WordPress/7.0; https://parma.elettroservicegroup.it"
66.249.89.133 - - [05/Jun/2026:22:23:52 +0200] "GET /assistenza-rex-electrolux-fidenza/ HTTP/1.1" 200 22739 "-" "Mozilla/5.0 (Linux; Android 6.0.1; Nexus 5X Build/MMB29P) AppleWebKit/537.36 (KHTML, like Gecko) Chrome/148.0.7778.96 Mobile Safari/537.36 (compatible; AdsBot-Google-Mobile; +http://www.google.com/mobile/adsbot.html)"
66.249.89.134 - - [05/Jun/2026:22:23:56 +0200] "GET /wp-content/uploads/elementor/css/post-17355.css?ver=1780672794 HTTP/1.1" 200 2163 "https://parma.elettroservicegroup.it/assistenza-rex-electrolux-fidenza/" "AdsBot-Google (+http://www.google.com/adsbot.html)"
66.249.89.134 - - [05/Jun/2026:22:23:57 +0200] "GET /wp-content/uploads/elementor/css/post-14366.css?ver=1780586501 HTTP/1.1" 200 302 "https://parma.elettroservicegroup.it/assistenza-rex-electrolux-fidenza/" "AdsBot-Google (+http://www.google.com/adsbot.html)"
66.249.89.133 - - [05/Jun/2026:22:23:57 +0200] "GET /wp-content/plugins/complianz-gdpr-premium/assets/css/cookieblocker.min.css?ver=1780326315 HTTP/1.1" 200 615 "https://parma.elettroservicegroup.it/assistenza-rex-electrolux-fidenza/" "AdsBot-Google (+http://www.google.com/adsbot.html)"
66.249.89.133 - - [05/Jun/2026:22:23:57 +0200] "GET /wp-content/uploads/elementor/css/post-14146.css?ver=1780586499 HTTP/1.1" 200 428 "https://parma.elettroservicegroup.it/assistenza-rex-electrolux-fidenza/" "AdsBot-Google (+http://www.google.com/adsbot.html)"
66.249.89.134 - - [05/Jun/2026:22:23:57 +0200] "GET /wp-content/plugins/elementor/assets/css/widget-image.min.css?ver=4.1.1 HTTP/1.1" 200 96 "https://parma.elettroservicegroup.it/assistenza-rex-electrolux-fidenza/" "AdsBot-Google (+http://www.google.com/adsbot.html)"
66.249.89.133 - - [05/Jun/2026:22:23:58 +0200] "GET /wp-content/plugins/complianz-gdpr-premium/cookiebanner/js/complianz.min.js?ver=1780326315 HTTP/1.1" 200 10708 "https://parma.elettroservicegroup.it/assistenza-rex-electrolux-fidenza/" "AdsBot-Google (+http://www.google.com/adsbot.html)"
66.249.89.134 - - [05/Jun/2026:22:23:58 +0200] "GET /wp-content/uploads/elementor/google-fonts/fonts/roboto-kfo7cnqeu92fr1me7ksn66agldtyluama3yuba.woff2 HTTP/1.1" 304 - "https://parma.elettroservicegroup.it/wp-content/uploads/elementor/google-fonts/css/roboto.css?ver=1742280360" "AdsBot-Google (+http://www.google.com/adsbot.html)"
65.108.235.243 - - [05/Jun/2026:22:29:50 +0200] "POST /wp-cron.php?doing_wp_cron=1780691390.0633399486541748046875 HTTP/1.1" 200 1 "-" "WordPress/7.0; https://parma.elettroservicegroup.it"
66.249.89.134 - - [05/Jun/2026:22:29:48 +0200] "GET /assistenza-smeg-parma/ HTTP/1.1" 200 22826 "-" "Mozilla/5.0 (Linux; Android 6.0.1; Nexus 5X Build/MMB29P) AppleWebKit/537.36 (KHTML, like Gecko) Chrome/148.0.7778.96 Mobile Safari/537.36 (compatible; AdsBot-Google-Mobile; +http://www.google.com/mobile/adsbot.html)"
66.249.89.134 - - [05/Jun/2026:22:29:51 +0200] "GET /wp-content/uploads/elementor/css/post-17361.css?ver=1780589144 HTTP/1.1" 200 2168 "https://parma.elettroservicegroup.it/assistenza-smeg-parma/" "AdsBot-Google (+http://www.google.com/adsbot.html)"
65.108.235.243 - - [05/Jun/2026:22:47:47 +0200] "POST /wp-cron.php?doing_wp_cron=1780692467.8926060199737548828125 HTTP/1.1" 200 1 "-" "WordPress/7.0; https://parma.elettroservicegroup.it"
114.119.141.228 - - [05/Jun/2026:22:47:42 +0200] "GET /lavatrice3 HTTP/1.1" 301 1 "https://parma.elettroservicegroup.it/lavatrice3" "Mozilla/5.0 (Linux; Android 7.0;) AppleWebKit/537.36 (HTML, like Gecko) Mobile Safari/537.36 (compatible; PetalBot;+https://webmaster.petalsearch.com/site/petalbot)"
114.119.141.228 - - [05/Jun/2026:22:47:48 +0200] "GET /lavatrice3/ HTTP/1.1" 200 17698 "https://parma.elettroservicegroup.it/lavatrice3" "Mozilla/5.0 (Linux; Android 7.0;) AppleWebKit/537.36 (HTML, like Gecko) Mobile Safari/537.36 (compatible; PetalBot;+https://webmaster.petalsearch.com/site/petalbot)"
173.252.83.12 - - [05/Jun/2026:22:51:23 +0200] "GET /robots.txt HTTP/2.0" 200 189 "-" "facebookexternalhit/1.1 (+http://www.facebook.com/externalhit_uatext.php)"
65.108.235.243 - - [05/Jun/2026:22:51:25 +0200] "POST /wp-cron.php?doing_wp_cron=1780692685.3367369174957275390625 HTTP/1.1" 200 1 "-" "WordPress/7.0; https://parma.elettroservicegroup.it"
173.252.83.2 - - [05/Jun/2026:22:51:22 +0200] "GET /robots.txt HTTP/2.0" 200 - "-" "facebookexternalhit/1.1 (+http://www.facebook.com/externalhit_uatext.php)"
65.108.235.243 - - [05/Jun/2026:22:58:53 +0200] "POST /wp-cron.php?doing_wp_cron=1780693133.7722859382629394531250 HTTP/1.1" 200 1 "-" "WordPress/7.0; https://parma.elettroservicegroup.it"
114.119.154.115 - - [05/Jun/2026:22:58:51 +0200] "GET /kak-pravil-no-vybrat-stavki-na-vavada-bez-poter/ HTTP/1.1" 404 16890 "https://parma.elettroservicegroup.it/author/andrea/" "Mozilla/5.0 (Linux; Android 7.0;) AppleWebKit/537.36 (HTML, like Gecko) Mobile Safari/537.36 (compatible; PetalBot;+https://webmaster.petalsearch.com/site/petalbot)"
51.89.39.36 - - [05/Jun/2026:22:59:51 +0200] "GET /blog-verify HTTP/2.0" 301 - "-" "Mozilla/5.0 (X11; Linux x86_64) AppleWebKit/537.36 (KHTML, like Gecko) Chrome/148.0.0.0 Safari/537.36"
65.108.235.243 - - [05/Jun/2026:22:59:58 +0200] "POST /wp-cron.php?doing_wp_cron=1780693198.3379509449005126953125 HTTP/1.1" 200 1 "-" "WordPress/7.0; https://parma.elettroservicegroup.it"
51.89.39.36 - - [05/Jun/2026:22:59:51 +0200] "GET /wp-content/plugins/cidaas-pro-master/composer.json HTTP/2.0" 301 - "-" "Mozilla/5.0 (Macintosh; Intel Mac OS X 10.15; rv:150.0) Gecko/20100101 Firefox/150.0"
51.89.39.36 - - [05/Jun/2026:22:59:58 +0200] "GET /blog-verify HTTP/2.0" 404 86663 "-" "Mozilla/5.0 (X11; Linux x86_64) AppleWebKit/537.36 (KHTML, like Gecko) Chrome/148.0.0.0 Safari/537.36"
51.89.39.36 - - [05/Jun/2026:22:59:58 +0200] "GET /wp-content/plugins/cidaas-pro-master/composer.json HTTP/2.0" 404 86915 "-" "Mozilla/5.0 (Macintosh; Intel Mac OS X 10.15; rv:150.0) Gecko/20100101 Firefox/150.0"
65.108.235.243 - - [05/Jun/2026:23:00:12 +0200] "POST /wp-cron.php?doing_wp_cron=1780693212.2500839233398437500000 HTTP/1.1" 200 1 "-" "WordPress/7.0; https://parma.elettroservicegroup.it"
51.89.39.36 - - [05/Jun/2026:23:00:10 +0200] "GET /?wmo_hc=k7Hx9mQp2wRt HTTP/2.0" 301 - "-" "Mozilla/5.0 (Windows NT 10.0; Win64; x64; rv:150.0) Gecko/20100101 Firefox/150.0"
51.89.39.36 - - [05/Jun/2026:23:00:12 +0200] "GET /?wmo_hc=k7Hx9mQp2wRt HTTP/2.0" 200 165231 "-" "Mozilla/5.0 (Windows NT 10.0; Win64; x64; rv:150.0) Gecko/20100101 Firefox/150.0"
114.119.141.228 - - [05/Jun/2026:23:00:15 +0200] "GET /home-copertina-jpg/ HTTP/1.1" 200 17762 "https://parma.elettroservicegroup.it/home-copertina-jpg/" "Mozilla/5.0 (Linux; Android 7.0;) AppleWebKit/537.36 (HTML, like Gecko) Mobile Safari/537.36 (compatible; PetalBot;+https://webmaster.petalsearch.com/site/petalbot)"
65.108.235.243 - - [05/Jun/2026:23:01:42 +0200] "POST /wp-cron.php?doing_wp_cron=1780693302.6437718868255615234375 HTTP/1.1" 200 1 "-" "WordPress/7.0; https://parma.elettroservicegroup.it"
114.119.130.67 - - [05/Jun/2026:23:01:38 +0200] "GET /assistenza-rex-electrolux-parma/ HTTP/1.1" 200 22770 "https://parma.elettroservicegroup.it/ricambi-lavatrice-webp/" "Mozilla/5.0 (Linux; Android 7.0;) AppleWebKit/537.36 (HTML, like Gecko) Mobile Safari/537.36 (compatible; PetalBot;+https://webmaster.petalsearch.com/site/petalbot)"
69.63.184.39 - - [05/Jun/2026:23:23:32 +0200] "GET /robots.txt HTTP/2.0" 200 - "-" "facebookexternalhit/1.1 (+http://www.facebook.com/externalhit_uatext.php)"
65.108.235.243 - - [05/Jun/2026:23:23:36 +0200] "POST /wp-cron.php?doing_wp_cron=1780694616.0326499938964843750000 HTTP/1.1" 200 1 "-" "WordPress/7.0; https://parma.elettroservicegroup.it"
69.63.184.31 - - [05/Jun/2026:23:23:33 +0200] "GET /robots.txt HTTP/2.0" 200 189 "-" "facebookexternalhit/1.1 (+http://www.facebook.com/externalhit_uatext.php)"
5.193.22.66 - - [05/Jun/2026:23:26:37 +0200] "POST /wp-json/wp/v2/posts HTTP/1.1" 200 107 "-" "Mozilla/5.0 (Windows NT 10.0; Win64; x64) AppleWebKit/537.36 (KHTML, like Gecko) Chrome/124.0 Safari/537.36"
5.193.22.66 - - [05/Jun/2026:23:26:38 +0200] "POST /wp-json/wp/v2/posts HTTP/2.0" 200 107 "-" "Mozilla/5.0 (Macintosh; Intel Mac OS X 10_15_7) AppleWebKit/537.36 (KHTML, like Gecko) Chrome/146.0.0.0 Safari/537.36"
94.204.91.156 - - [05/Jun/2026:23:26:40 +0200] "POST /wp-json/wp/v2/posts HTTP/1.1" 200 107 "-" "Mozilla/5.0 (Windows NT 10.0; Win64; x64) AppleWebKit/537.36 (KHTML, like Gecko) Chrome/124.0 Safari/537.36"
94.204.91.156 - - [05/Jun/2026:23:26:41 +0200] "POST /wp-json/wp/v2/posts HTTP/2.0" 200 107 "-" "Mozilla/5.0 (Macintosh; Intel Mac OS X 10_15_7) AppleWebKit/537.36 (KHTML, like Gecko) Chrome/146.0.0.0 Safari/537.36"
65.108.235.243 - - [05/Jun/2026:23:26:48 +0200] "POST /wp-cron.php?doing_wp_cron=1780694808.7653870582580566406250 HTTP/1.1" 200 1 "-" "WordPress/7.0; https://parma.elettroservicegroup.it"
38.41.41.72 - - [05/Jun/2026:23:26:43 +0200] "POST /wp-json/wp/v2/posts HTTP/1.1" 401 121 "-" "Mozilla/5.0 (Windows NT 10.0; Win64; x64) AppleWebKit/537.36 (KHTML, like Gecko) Chrome/124.0 Safari/537.36"
45.148.10.218 - - [05/Jun/2026:23:26:50 +0200] "GET / HTTP/2.0" 301 - "-" "Mozilla/5.0 (Windows NT 10.0; Win64; x64) AppleWebKit/537.36"
38.41.41.72 - - [05/Jun/2026:23:26:50 +0200] "POST /wp-login.php HTTP/1.1" 200 13254 "-" "Mozilla/5.0 (Windows NT 10.0; Win64; x64) AppleWebKit/537.36 (KHTML, like Gecko) Chrome/124.0 Safari/537.36"
38.41.41.72 - - [05/Jun/2026:23:26:53 +0200] "POST /wp-login.php HTTP/2.0" 200 3416 "-" "Mozilla/5.0 (Macintosh; Intel Mac OS X 10_15_7) AppleWebKit/537.36 (KHTML, like Gecko) Chrome/146.0.0.0 Safari/537.36"
65.108.235.243 - - [05/Jun/2026:23:30:38 +0200] "POST /wp-cron.php?doing_wp_cron=1780695038.7642500400543212890625 HTTP/1.1" 200 1 "-" "WordPress/7.0; https://parma.elettroservicegroup.it"
79.173.94.13 - - [05/Jun/2026:23:25:36 +0200] "POST /wp-json/wp/v2/posts HTTP/1.1" 408 2 "-" "Mozilla/5.0 (Windows NT 10.0; Win64; x64) AppleWebKit/537.36 (KHTML, like Gecko) Chrome/124.0 Safari/537.36"
65.108.235.243 - - [05/Jun/2026:23:31:07 +0200] "POST /wp-cron.php?doing_wp_cron=1780695067.6497728824615478515625 HTTP/1.1" 200 1 "-" "WordPress/7.0; https://parma.elettroservicegroup.it"
79.173.94.13 - - [05/Jun/2026:23:26:06 +0200] "POST /wp-json/wp/v2/posts HTTP/2.0" 408 6 "-" "Mozilla/5.0 (Macintosh; Intel Mac OS X 10_15_7) AppleWebKit/537.36 (KHTML, like Gecko) Chrome/146.0.0.0 Safari/537.36"
52.167.144.162 - - [05/Jun/2026:23:38:07 +0200] "GET /wp-content/uploads/2021/10/TECNICO-ELETTRODOMESTICI-9-300x211.jpg HTTP/2.0" 200 11180 "-" "Mozilla/5.0 AppleWebKit/537.36 (KHTML, like Gecko; compatible; bingbot/2.0; +http://www.bing.com/bingbot.htm) Chrome/116.0.1938.76 Safari/537.36"
3.208.171.167 - - [05/Jun/2026:23:43:35 +0200] "GET /assistenza-rex-electrolux-fidenza/ HTTP/1.1" 200 11778 "-" "Mozilla/5.0 (Macintosh; Intel Mac OS X 10_10_1) AppleWebKit/600.2.5 (KHTML, like Gecko) Version/8.0.2 Safari/600.2.5 (Lanai)"
112.200.3.79 - - [05/Jun/2026:23:46:37 +0200] "POST /xmlrpc.php HTTP/1.1" 200 11724 "-" "Mozilla/5.0 (Windows NT 10.0; Win64; x64) AppleWebKit/537.36 (KHTML, like Gecko) Chrome/124.0 Safari/537.36"
65.108.235.243 - - [05/Jun/2026:23:46:49 +0200] "POST /wp-cron.php?doing_wp_cron=1780696008.9370279312133789062500 HTTP/1.1" 200 1 "-" "WordPress/7.0; https://parma.elettroservicegroup.it"
79.177.137.34 - - [05/Jun/2026:23:46:39 +0200] "POST /wp-login.php HTTP/1.1" 302 - "-" "Mozilla/5.0 (Windows NT 10.0; Win64; x64) AppleWebKit/537.36 (KHTML, like Gecko) Chrome/124.0 Safari/537.36"
171.5.250.177 - - [05/Jun/2026:23:46:51 +0200] "POST /wp-login.php HTTP/1.1" 302 - "-" "Mozilla/5.0 (Windows NT 10.0; Win64; x64) AppleWebKit/537.36 (KHTML, like Gecko) Chrome/124.0 Safari/537.36"
91.96.32.27 - - [05/Jun/2026:23:46:54 +0200] "POST /wp-login.php HTTP/1.1" 200 13254 "-" "Mozilla/5.0 (Windows NT 10.0; Win64; x64) AppleWebKit/537.36 (KHTML, like Gecko) Chrome/124.0 Safari/537.36"
91.96.32.27 - - [05/Jun/2026:23:46:57 +0200] "POST /wp-login.php HTTP/2.0" 200 3416 "-" "Mozilla/5.0 (Macintosh; Intel Mac OS X 10_15_7) AppleWebKit/537.36 (KHTML, like Gecko) Chrome/146.0.0.0 Safari/537.36"
65.108.235.243 - - [05/Jun/2026:23:47:03 +0200] "POST /wp-cron.php?doing_wp_cron=1780696023.6348650455474853515625 HTTP/1.1" 200 1 "-" "WordPress/7.0; https://parma.elettroservicegroup.it"
138.84.41.148 - - [05/Jun/2026:23:47:01 +0200] "POST /wp-login.php HTTP/1.1" 302 - "-" "Mozilla/5.0 (Windows NT 10.0; Win64; x64) AppleWebKit/537.36 (KHTML, like Gecko) Chrome/124.0 Safari/537.36"
84.54.71.199 - - [05/Jun/2026:23:47:05 +0200] "POST /wp-login.php HTTP/1.1" 200 13254 "-" "Mozilla/5.0 (Windows NT 10.0; Win64; x64) AppleWebKit/537.36 (KHTML, like Gecko) Chrome/124.0 Safari/537.36"
84.54.71.199 - - [05/Jun/2026:23:47:09 +0200] "POST /wp-login.php HTTP/2.0" 200 3416 "-" "Mozilla/5.0 (Macintosh; Intel Mac OS X 10_15_7) AppleWebKit/537.36 (KHTML, like Gecko) Chrome/146.0.0.0 Safari/537.36"
177.200.39.69 - - [05/Jun/2026:23:47:12 +0200] "POST /wp-login.php HTTP/1.1" 200 13254 "-" "Mozilla/5.0 (Windows NT 10.0; Win64; x64) AppleWebKit/537.36 (KHTML, like Gecko) Chrome/124.0 Safari/537.36"
65.108.235.243 - - [05/Jun/2026:23:47:17 +0200] "POST /wp-cron.php?doing_wp_cron=1780696037.7364189624786376953125 HTTP/1.1" 200 1 "-" "WordPress/7.0; https://parma.elettroservicegroup.it"
177.200.39.69 - - [05/Jun/2026:23:47:16 +0200] "POST /wp-login.php HTTP/2.0" 200 3416 "-" "Mozilla/5.0 (Macintosh; Intel Mac OS X 10_15_7) AppleWebKit/537.36 (KHTML, like Gecko) Chrome/146.0.0.0 Safari/537.36"
177.53.212.122 - - [05/Jun/2026:23:47:20 +0200] "POST /wp-login.php HTTP/1.1" 200 13254 "-" "Mozilla/5.0 (Windows NT 10.0; Win64; x64) AppleWebKit/537.36 (KHTML, like Gecko) Chrome/124.0 Safari/537.36"
177.53.212.122 - - [05/Jun/2026:23:47:23 +0200] "POST /wp-login.php HTTP/2.0" 200 3416 "-" "Mozilla/5.0 (Macintosh; Intel Mac OS X 10_15_7) AppleWebKit/537.36 (KHTML, like Gecko) Chrome/146.0.0.0 Safari/537.36"
65.108.235.243 - - [06/Jun/2026:00:35:33 +0200] "POST /wp-cron.php?doing_wp_cron=1780698933.1978631019592285156250 HTTP/1.1" 200 1 "-" "WordPress/7.0; https://parma.elettroservicegroup.it"
52.167.144.220 - - [06/Jun/2026:00:35:30 +0200] "GET /quelles-sont-les-conditions-pour-annuler-un-bonus-sur-la-riviera-casino/ HTTP/2.0" 404 16921 "-" "Mozilla/5.0 AppleWebKit/537.36 (KHTML, like Gecko; compatible; bingbot/2.0; +http://www.bing.com/bingbot.htm) Chrome/116.0.1938.76 Safari/537.36"
65.108.235.243 - - [06/Jun/2026:00:38:15 +0200] "POST /wp-cron.php?doing_wp_cron=1780699095.4361720085144042968750 HTTP/1.1" 200 1 "-" "WordPress/7.0; https://parma.elettroservicegroup.it"
216.73.217.100 - - [06/Jun/2026:00:38:13 +0200] "GET /robots.txt HTTP/2.0" 200 104 "-" "Mozilla/5.0 AppleWebKit/537.36 (KHTML, like Gecko; compatible; ClaudeBot/1.0; +claudebot@anthropic.com)"
216.73.217.100 - - [06/Jun/2026:00:38:16 +0200] "GET /sitemap.xml HTTP/2.0" 200 312 "-" "Mozilla/5.0 AppleWebKit/537.36 (KHTML, like Gecko; compatible; ClaudeBot/1.0; +claudebot@anthropic.com)"
54.156.11.49 - - [06/Jun/2026:01:01:40 +0200] "GET /assistenza-lavatrici-bosch-parma/ HTTP/1.1" 200 11846 "-" "Mozilla/5.0 (Macintosh; Intel Mac OS X 10_10_1) AppleWebKit/600.2.5 (KHTML, like Gecko) Version/8.0.2 Safari/600.2.5 (Lanai)"
65.108.235.243 - - [06/Jun/2026:01:02:14 +0200] "POST /wp-cron.php?doing_wp_cron=1780700534.5785670280456542968750 HTTP/1.1" 200 1 "-" "WordPress/7.0; https://parma.elettroservicegroup.it"
52.167.144.238 - - [06/Jun/2026:01:02:12 +0200] "GET /fortunica-mobile-casino-review-features-and-benefits/ HTTP/2.0" 404 16905 "-" "Mozilla/5.0 AppleWebKit/537.36 (KHTML, like Gecko; compatible; bingbot/2.0; +http://www.bing.com/bingbot.htm) Chrome/116.0.1938.76 Safari/537.36"
65.108.235.243 - - [06/Jun/2026:01:08:05 +0200] "POST /wp-cron.php?doing_wp_cron=1780700885.8903689384460449218750 HTTP/1.1" 200 1 "-" "WordPress/7.0; https://parma.elettroservicegroup.it"
114.119.148.161 - - [06/Jun/2026:01:08:03 +0200] "GET /how-to-reset-your-jaak-casino-password-quickly/ HTTP/1.1" 404 16872 "https://parma.elettroservicegroup.it/total-casino-est-il-compatible-avec-les-appareils-apple-et-android/" "Mozilla/5.0 (Linux; Android 7.0;) AppleWebKit/537.36 (HTML, like Gecko) Mobile Safari/537.36 (compatible; PetalBot;+https://webmaster.petalsearch.com/site/petalbot)"
65.108.235.243 - - [06/Jun/2026:01:09:30 +0200] "POST /wp-cron.php?doing_wp_cron=1780700970.8113660812377929687500 HTTP/1.1" 200 1 "-" "WordPress/7.0; https://parma.elettroservicegroup.it"
114.119.154.115 - - [06/Jun/2026:01:09:28 +0200] "GET /condizionatore-jpg/ HTTP/1.1" 200 17761 "https://parma.elettroservicegroup.it/condizionatore-jpg" "Mozilla/5.0 (Linux; Android 7.0;) AppleWebKit/537.36 (HTML, like Gecko) Mobile Safari/537.36 (compatible; PetalBot;+https://webmaster.petalsearch.com/site/petalbot)"
65.108.235.243 - - [06/Jun/2026:01:12:16 +0200] "POST /wp-cron.php?doing_wp_cron=1780701136.2928230762481689453125 HTTP/1.1" 200 1 "-" "WordPress/7.0; https://parma.elettroservicegroup.it"
114.119.137.98 - - [06/Jun/2026:01:12:14 +0200] "GET /assistenza-lavatrici-whirlpool-busseto HTTP/1.1" 301 1 "https://parma.elettroservicegroup.it/assistenza-lavatrici-whirlpool-busseto" "Mozilla/5.0 (Linux; Android 7.0;) AppleWebKit/537.36 (HTML, like Gecko) Mobile Safari/537.36 (compatible; PetalBot;+https://webmaster.petalsearch.com/site/petalbot)"
114.119.137.98 - - [06/Jun/2026:01:12:16 +0200] "GET /assistenza-lavatrici-whirlpool-busseto/ HTTP/1.1" 200 22869 "https://parma.elettroservicegroup.it/assistenza-lavatrici-whirlpool-busseto" "Mozilla/5.0 (Linux; Android 7.0;) AppleWebKit/537.36 (HTML, like Gecko) Mobile Safari/537.36 (compatible; PetalBot;+https://webmaster.petalsearch.com/site/petalbot)"
65.108.235.243 - - [06/Jun/2026:01:17:58 +0200] "POST /wp-cron.php?doing_wp_cron=1780701478.6666460037231445312500 HTTP/1.1" 200 1 "-" "WordPress/7.0; https://parma.elettroservicegroup.it"
114.119.138.37 - - [06/Jun/2026:01:17:48 +0200] "GET /fortunica-mobile-casino-review-features-and-benefits/ HTTP/1.1" 404 16878 "https://parma.elettroservicegroup.it/fortunica-mobile-casino-review-features-and-benefits/" "Mozilla/5.0 (Linux; Android 7.0;) AppleWebKit/537.36 (HTML, like Gecko) Mobile Safari/537.36 (compatible; PetalBot;+https://webmaster.petalsearch.com/site/petalbot)"
65.108.235.243 - - [06/Jun/2026:01:19:13 +0200] "POST /wp-cron.php?doing_wp_cron=1780701553.6217389106750488281250 HTTP/1.1" 200 1 "-" "WordPress/7.0; https://parma.elettroservicegroup.it"
114.119.137.153 - - [06/Jun/2026:01:19:11 +0200] "GET /assistenza-lavatrici-busseto/ HTTP/1.1" 200 22665 "https://parma.elettroservicegroup.it/assistenza-lavatrici-busseto" "Mozilla/5.0 (Linux; Android 7.0;) AppleWebKit/537.36 (HTML, like Gecko) Mobile Safari/537.36 (compatible; PetalBot;+https://webmaster.petalsearch.com/site/petalbot)"
52.71.170.250 - - [06/Jun/2026:01:19:52 +0200] "GET /assistenza-aeg-fidenza/ HTTP/1.1" 200 11762 "-" "Mozilla/5.0 (Macintosh; Intel Mac OS X 10_10_1) AppleWebKit/600.2.5 (KHTML, like Gecko) Version/8.0.2 Safari/600.2.5 (Lanai)"
99.237.176.203 - - [06/Jun/2026:01:25:53 +0200] "GET / HTTP/1.1" 200 22278 "-" "Mozilla/5.0 WP-Post-Manager/1.0"
65.108.235.243 - - [06/Jun/2026:01:25:55 +0200] "POST /wp-cron.php?doing_wp_cron=1780701955.7954120635986328125000 HTTP/1.1" 200 1 "-" "WordPress/7.0; https://parma.elettroservicegroup.it"
92.170.113.206 - - [06/Jun/2026:01:25:55 +0200] "GET / HTTP/1.1" 301 1 "-" "Mozilla/5.0 WP-Post-Manager/1.0"
99.237.176.203 - - [06/Jun/2026:01:25:56 +0200] "GET / HTTP/1.1" 200 22278 "-" "Mozilla/5.0 WP-Post-Manager/1.0"
99.237.176.203 - - [06/Jun/2026:01:25:58 +0200] "GET / HTTP/1.1" 200 22278 "-" "Mozilla/5.0 WP-Post-Manager/1.0"
99.237.176.203 - - [06/Jun/2026:01:25:59 +0200] "GET / HTTP/1.1" 200 22278 "-" "Mozilla/5.0 WP-Post-Manager/1.0"
99.237.176.203 - - [06/Jun/2026:01:26:00 +0200] "POST /xmlrpc.php HTTP/1.1" 403 52 "-" "curl/8.0.1"
14.186.243.21 - - [06/Jun/2026:01:26:01 +0200] "POST /xmlrpc.php HTTP/1.1" 403 52 "-" "curl/8.0.1"
138.84.110.200 - - [06/Jun/2026:01:26:06 +0200] "POST /xmlrpc.php HTTP/1.1" 403 52 "-" "curl/8.0.1"
123.23.165.250 - - [06/Jun/2026:01:26:08 +0200] "POST /xmlrpc.php HTTP/1.1" 403 52 "-" "curl/8.0.1"
85.221.137.91 - - [06/Jun/2026:01:26:10 +0200] "POST /xmlrpc.php HTTP/1.1" 403 52 "-" "curl/8.0.1"
123.23.165.250 - - [06/Jun/2026:01:26:10 +0200] "POST /xmlrpc.php HTTP/1.1" 403 52 "-" "curl/8.0.1"
85.221.137.91 - - [06/Jun/2026:01:26:11 +0200] "POST /xmlrpc.php HTTP/1.1" 403 52 "-" "curl/8.0.1"
123.23.165.250 - - [06/Jun/2026:01:26:11 +0200] "POST /xmlrpc.php HTTP/1.1" 403 52 "-" "curl/8.0.1"
85.221.137.91 - - [06/Jun/2026:01:26:12 +0200] "POST /xmlrpc.php HTTP/1.1" 403 52 "-" "curl/8.0.1"
123.23.165.250 - - [06/Jun/2026:01:26:13 +0200] "POST /xmlrpc.php HTTP/1.1" 403 52 "-" "curl/8.0.1"
65.108.235.243 - - [06/Jun/2026:01:35:51 +0200] "POST /wp-cron.php?doing_wp_cron=1780702551.6520450115203857421875 HTTP/1.1" 200 1 "-" "WordPress/7.0; https://parma.elettroservicegroup.it"
178.126.202.70 - - [06/Jun/2026:01:35:49 +0200] "GET /wp-content/uploads/2022/08/Assistenza-e-Riparazioni-miele-Bologna-e1660926197796.png HTTP/1.1" 404 16914 "https://parma.elettroservicegroup.it/assistenza-miele-parma/" "Mozilla/5.0 (Macintosh; Intel Mac OS X 10_11_6; rv:59.0) Gecko/20100101 Firefox/59.0"
14.171.49.202 - - [06/Jun/2026:01:35:55 +0200] "GET /wp-content/uploads/2022/01/Ariston_logo-1024x251.jpg HTTP/1.1" 404 16893 "https://google.com, https://parma.elettroservicegroup.it/assistenza-ariston-parma/" "Mozilla/5.0 (Windows NT 6.1) AppleWebKit/537.36 (KHTML, like Gecko) Chrome/66.0.3359.170 Safari/537.36"
65.108.235.243 - - [06/Jun/2026:01:37:18 +0200] "POST /wp-cron.php?doing_wp_cron=1780702638.3190391063690185546875 HTTP/1.1" 200 1 "-" "WordPress/7.0; https://parma.elettroservicegroup.it"
114.119.141.228 - - [06/Jun/2026:01:37:16 +0200] "GET /tecnico-elettrodomestici-10 HTTP/1.1" 301 1 "https://parma.elettroservicegroup.it/tecnico-elettrodomestici-10" "Mozilla/5.0 (Linux; Android 7.0;) AppleWebKit/537.36 (HTML, like Gecko) Mobile Safari/537.36 (compatible; PetalBot;+https://webmaster.petalsearch.com/site/petalbot)"
114.119.141.228 - - [06/Jun/2026:01:37:18 +0200] "GET /tecnico-elettrodomestici-10/ HTTP/1.1" 200 17792 "https://parma.elettroservicegroup.it/tecnico-elettrodomestici-10" "Mozilla/5.0 (Linux; Android 7.0;) AppleWebKit/537.36 (HTML, like Gecko) Mobile Safari/537.36 (compatible; PetalBot;+https://webmaster.petalsearch.com/site/petalbot)"