72.14.201.23 - - [05/Jun/2026:14:28:38 +0200] "GET /?gad_source=1&gad_campaignid=23795906066&gbraid=0AAAABDgs-LT0H-9a07tiUAjWxtN9KlPD7&gclid=Cj0KCQjw54nRBhDCARIsAMcY_SDoEZmcTpGqX5z6Jm4lezXIYxF_qpsV89FAKvJr1bjf-NGx47PUl2caAu-ZEALw_wcB HTTP/2.0" 200 22413 "https://www.google.com/" "Mozilla/5.0 (Linux; Android 10; K) AppleWebKit/537.36 (KHTML, like Gecko) Chrome/148.0.0.0 Mobile Safari/537.36"
65.108.235.243 - - [05/Jun/2026:14:28:41 +0200] "POST /wp-cron.php?doing_wp_cron=1780662521.9319388866424560546875 HTTP/1.1" 200 1 "-" "WordPress/7.0; https://parma.elettroservicegroup.it"
142.250.32.6 - - [05/Jun/2026:14:28:38 +0200] "GET /.well-known/traffic-advice HTTP/1.1" 404 16884 "-" "Chrome Privacy Preserving Prefetch Proxy"
65.108.235.243 - - [05/Jun/2026:14:43:30 +0200] "POST /wp-cron.php?doing_wp_cron=1780663410.1752099990844726562500 HTTP/1.1" 200 1 "-" "WordPress/7.0; https://parma.elettroservicegroup.it"
106.49.54.145 - - [05/Jun/2026:14:43:24 +0200] "GET /wp-content/uploads/2021/10/marchi-uniti.jpg HTTP/2.0" 404 86879 "https://parma.elettroservicegroup.it/" "Mozilla/5.0 (Macintosh; Intel Mac OS X 10_15_7) AppleWebKit/537.36 (KHTML, like Gecko) Chrome/130.0.0.0 Safari/537.36"
216.73.216.176 - - [05/Jun/2026:14:48:48 +0200] "GET /wp-includes/js/zxcvbn-async.min.js HTTP/2.0" 200 188 "-" "Mozilla/5.0 AppleWebKit/537.36 (KHTML, like Gecko; compatible; ClaudeBot/1.0; +claudebot@anthropic.com)"
216.73.216.176 - - [05/Jun/2026:14:48:48 +0200] "GET /wp-includes/js/clipboard.min.js HTTP/2.0" 200 2997 "-" "Mozilla/5.0 AppleWebKit/537.36 (KHTML, like Gecko; compatible; ClaudeBot/1.0; +claudebot@anthropic.com)"
216.73.216.176 - - [05/Jun/2026:14:48:48 +0200] "GET /wp-includes/js/dist/hooks.min.js HTTP/2.0" 200 1711 "-" "Mozilla/5.0 AppleWebKit/537.36 (KHTML, like Gecko; compatible; ClaudeBot/1.0; +claudebot@anthropic.com)"
216.73.216.176 - - [05/Jun/2026:14:48:48 +0200] "GET /wp-includes/css/dist/base-styles/admin-schemes.min.css HTTP/2.0" 200 726 "-" "Mozilla/5.0 AppleWebKit/537.36 (KHTML, like Gecko; compatible; ClaudeBot/1.0; +claudebot@anthropic.com)"
216.73.216.176 - - [05/Jun/2026:14:48:48 +0200] "GET /?p=17353 HTTP/2.0" 301 1 "-" "Mozilla/5.0 AppleWebKit/537.36 (KHTML, like Gecko; compatible; ClaudeBot/1.0; +claudebot@anthropic.com)"
216.73.216.176 - - [05/Jun/2026:14:48:48 +0200] "GET /?p=14202 HTTP/2.0" 301 1 "-" "Mozilla/5.0 AppleWebKit/537.36 (KHTML, like Gecko; compatible; ClaudeBot/1.0; +claudebot@anthropic.com)"
216.73.216.176 - - [05/Jun/2026:14:48:48 +0200] "GET /?p=14403 HTTP/2.0" 301 1 "-" "Mozilla/5.0 AppleWebKit/537.36 (KHTML, like Gecko; compatible; ClaudeBot/1.0; +claudebot@anthropic.com)"
216.73.216.176 - - [05/Jun/2026:14:48:48 +0200] "GET /author/andrea/feed/ HTTP/2.0" 200 509 "-" "Mozilla/5.0 AppleWebKit/537.36 (KHTML, like Gecko; compatible; ClaudeBot/1.0; +claudebot@anthropic.com)"
65.108.235.243 - - [05/Jun/2026:14:48:54 +0200] "POST /wp-cron.php?doing_wp_cron=1780663734.3338880538940429687500 HTTP/1.1" 200 1 "-" "WordPress/7.0; https://parma.elettroservicegroup.it"
216.73.216.176 - - [05/Jun/2026:14:48:48 +0200] "GET /?p=14199 HTTP/2.0" 301 1 "-" "Mozilla/5.0 AppleWebKit/537.36 (KHTML, like Gecko; compatible; ClaudeBot/1.0; +claudebot@anthropic.com)"
216.73.216.176 - - [05/Jun/2026:14:48:48 +0200] "GET /wp-login.php?action=lostpassword HTTP/2.0" 200 1940 "-" "Mozilla/5.0 AppleWebKit/537.36 (KHTML, like Gecko; compatible; ClaudeBot/1.0; +claudebot@anthropic.com)"
216.73.216.176 - - [05/Jun/2026:14:48:54 +0200] "GET /assistenza-elettrodomestici-parma/lavatrice/ HTTP/2.0" 200 17574 "https://parma.elettroservicegroup.it/?p=14403" "Mozilla/5.0 AppleWebKit/537.36 (KHTML, like Gecko; compatible; ClaudeBot/1.0; +claudebot@anthropic.com)"
216.73.216.176 - - [05/Jun/2026:14:48:54 +0200] "GET /assistenza-miele-collecchio/ HTTP/2.0" 200 22484 "https://parma.elettroservicegroup.it/?p=17353" "Mozilla/5.0 AppleWebKit/537.36 (KHTML, like Gecko; compatible; ClaudeBot/1.0; +claudebot@anthropic.com)"
216.73.216.176 - - [05/Jun/2026:14:48:54 +0200] "GET /vicenza/ HTTP/2.0" 200 17619 "https://parma.elettroservicegroup.it/?p=14202" "Mozilla/5.0 AppleWebKit/537.36 (KHTML, like Gecko; compatible; ClaudeBot/1.0; +claudebot@anthropic.com)"
216.73.216.176 - - [05/Jun/2026:14:48:55 +0200] "GET /mantova/ HTTP/2.0" 200 17619 "https://parma.elettroservicegroup.it/?p=14199" "Mozilla/5.0 AppleWebKit/537.36 (KHTML, like Gecko; compatible; ClaudeBot/1.0; +claudebot@anthropic.com)"
216.73.216.176 - - [05/Jun/2026:14:48:48 +0200] "GET /wp-content/uploads/elementor/css/post-17353.css HTTP/2.0" 404 18152 "-" "Mozilla/5.0 AppleWebKit/537.36 (KHTML, like Gecko; compatible; ClaudeBot/1.0; +claudebot@anthropic.com)"
216.73.216.176 - - [05/Jun/2026:14:48:49 +0200] "GET /wp-content/uploads/elementor/css/post-17277.css HTTP/2.0" 404 18152 "-" "Mozilla/5.0 AppleWebKit/537.36 (KHTML, like Gecko; compatible; ClaudeBot/1.0; +claudebot@anthropic.com)"
65.108.235.243 - - [05/Jun/2026:14:55:58 +0200] "POST /wp-cron.php?doing_wp_cron=1780664158.5666279792785644531250 HTTP/1.1" 200 1 "-" "WordPress/7.0; https://parma.elettroservicegroup.it"
52.167.144.156 - - [05/Jun/2026:14:55:56 +0200] "GET /les-retours-dexperience-des-joueurs-sur-posido-casino/ HTTP/2.0" 404 16904 "-" "Mozilla/5.0 AppleWebKit/537.36 (KHTML, like Gecko; compatible; bingbot/2.0; +http://www.bing.com/bingbot.htm) Chrome/116.0.1938.76 Safari/537.36"
65.108.235.243 - - [05/Jun/2026:15:13:57 +0200] "POST /wp-cron.php?doing_wp_cron=1780665236.8484129905700683593750 HTTP/1.1" 200 1 "-" "WordPress/7.0; https://parma.elettroservicegroup.it"
103.18.34.244 - - [05/Jun/2026:15:13:48 +0200] "GET /wp-content/uploads/2022/08/Assistenza-e-Riparazioni-miele-Bologna-e1660926197796.png HTTP/1.1" 404 16914 "https://google.com, https://parma.elettroservicegroup.it/assistenza-miele-parma/" "Mozilla/5.0 (Windows NT 10.0; Win64; x64; rv:63.0) Gecko/20100101 Firefox/63.0"
65.108.235.243 - - [05/Jun/2026:15:14:14 +0200] "POST /wp-cron.php?doing_wp_cron=1780665253.9481759071350097656250 HTTP/1.1" 200 1 "-" "WordPress/7.0; https://parma.elettroservicegroup.it"
37.114.144.200 - - [05/Jun/2026:15:14:12 +0200] "GET /wp-content/uploads/2022/01/logo-rex-electrolux-150x150-1.jpg HTTP/1.1" 404 16896 "https://parma.elettroservicegroup.it/assistenza-rex-electrolux-parma/" "Mozilla/5.0 (Windows NT 6.1) AppleWebKit/537.36 (KHTML, like Gecko) Chrome/68.0.3440.106 Safari/537.36 OPR/55.0.2994.61"
45.180.69.166 - - [05/Jun/2026:15:14:26 +0200] "GET /wp-content/uploads/2022/01/Ariston_logo-1024x251.jpg HTTP/1.1" 404 16893 "https://google.com, https://parma.elettroservicegroup.it/assistenza-ariston-parma/" "Mozilla/5.0 (Macintosh; Intel Mac OS X 10_13_4) AppleWebKit/537.36 (KHTML, like Gecko) Chrome/72.0.3626 Safari/537.36 OPR/56.0.3051.36"
65.108.235.243 - - [05/Jun/2026:15:26:20 +0200] "POST /wp-cron.php?doing_wp_cron=1780665980.4312179088592529296875 HTTP/1.1" 200 1 "-" "WordPress/7.0; https://parma.elettroservicegroup.it"
216.73.216.176 - - [05/Jun/2026:15:26:13 +0200] "GET /robots.txt HTTP/2.0" 200 104 "-" "Mozilla/5.0 AppleWebKit/537.36 (KHTML, like Gecko; compatible; ClaudeBot/1.0; +claudebot@anthropic.com)"
162.120.187.9 - - [05/Jun/2026:15:47:18 +0200] "GET /assistenza-bosch-parma/ HTTP/2.0" 200 22603 "https://www.google.com/" "Mozilla/5.0 (Windows NT 10.0; Win64; x64) AppleWebKit/537.36 (KHTML, like Gecko) Chrome/148.0.0.0 Safari/537.36"
65.108.235.243 - - [05/Jun/2026:15:47:21 +0200] "POST /wp-cron.php?doing_wp_cron=1780667241.7674479484558105468750 HTTP/1.1" 200 1 "-" "WordPress/7.0; https://parma.elettroservicegroup.it"
142.250.32.7 - - [05/Jun/2026:15:47:18 +0200] "GET /.well-known/traffic-advice HTTP/1.1" 404 16884 "-" "Chrome Privacy Preserving Prefetch Proxy"
74.7.241.55 - - [05/Jun/2026:15:58:09 +0200] "GET /sitemap.rss HTTP/2.0" 415 1350 "-" "Mozilla/5.0 AppleWebKit/537.36 (KHTML, like Gecko; compatible; GPTBot/1.4; +https://openai.com/gptbot)"
65.108.235.243 - - [05/Jun/2026:15:58:12 +0200] "POST /wp-cron.php?doing_wp_cron=1780667892.2493760585784912109375 HTTP/1.1" 200 1 "-" "WordPress/7.0; https://parma.elettroservicegroup.it"
74.7.175.164 - - [05/Jun/2026:15:58:09 +0200] "GET /robots.txt HTTP/2.0" 200 104 "-" "Mozilla/5.0 (Macintosh; Intel Mac OS X 10_15_7) AppleWebKit/537.36 (KHTML, like Gecko) Chrome/131.0.0.0 Safari/537.36; compatible; OAI-SearchBot/1.4; robots.txt; +https://openai.com/searchbot"
216.73.216.176 - - [05/Jun/2026:16:00:22 +0200] "GET /sitemap.rss HTTP/2.0" 200 1348 "-" "Mozilla/5.0 AppleWebKit/537.36 (KHTML, like Gecko; compatible; ClaudeBot/1.0; +claudebot@anthropic.com)"
65.108.235.243 - - [05/Jun/2026:16:00:24 +0200] "POST /wp-cron.php?doing_wp_cron=1780668024.6634709835052490234375 HTTP/1.1" 200 1 "-" "WordPress/7.0; https://parma.elettroservicegroup.it"
216.73.216.176 - - [05/Jun/2026:16:00:22 +0200] "GET /sitemap.xml HTTP/2.0" 200 313 "-" "Mozilla/5.0 AppleWebKit/537.36 (KHTML, like Gecko; compatible; ClaudeBot/1.0; +claudebot@anthropic.com)"
65.108.235.243 - - [05/Jun/2026:16:00:46 +0200] "POST /wp-cron.php?doing_wp_cron=1780668046.1474590301513671875000 HTTP/1.1" 200 1 "-" "WordPress/7.0; https://parma.elettroservicegroup.it"
74.7.241.55 - - [05/Jun/2026:16:00:45 +0200] "GET /sitemap.xml HTTP/2.0" 415 313 "-" "Mozilla/5.0 AppleWebKit/537.36 (KHTML, like Gecko; compatible; GPTBot/1.4; +https://openai.com/gptbot)"
52.167.144.189 - - [05/Jun/2026:16:06:23 +0200] "GET /wp-content/uploads/2021/11/FORNO.jpg HTTP/2.0" 200 37948 "-" "Mozilla/5.0 AppleWebKit/537.36 (KHTML, like Gecko; compatible; bingbot/2.0; +http://www.bing.com/bingbot.htm) Chrome/116.0.1938.76 Safari/537.36"
65.108.235.243 - - [05/Jun/2026:16:29:58 +0200] "POST /wp-cron.php?doing_wp_cron=1780669798.5655341148376464843750 HTTP/1.1" 200 1 "-" "WordPress/7.0; https://parma.elettroservicegroup.it"
213.230.92.119 - - [05/Jun/2026:16:29:56 +0200] "GET /termini-e-condizioni HTTP/1.1" 301 1 "-" "Mozilla/5.0 (iPad; CPU iPad OS 3_1_3 like Mac OS X) AppleWebKit/535.0 (KHTML, like Gecko) FxiOS/18.4q1075.0 Mobile/32O202 Safari/535.0"
65.108.235.243 - - [05/Jun/2026:16:49:44 +0200] "POST /wp-cron.php?doing_wp_cron=1780670984.5074350833892822265625 HTTP/1.1" 200 1 "-" "WordPress/7.0; https://parma.elettroservicegroup.it"
5.90.117.89 - - [05/Jun/2026:16:49:42 +0200] "GET /assistenza-smeg-parma/?gad_source=1&gad_campaignid=23795906066&gclid=Cj0KCQjw54nRBhDCARIsAMcY_SD0e_z6V7T6fXtHegD9vKhZUuFJCzfLlVjVvj5V46XzAMaOyROOKZoaAol7EALw_wcB HTTP/2.0" 200 22793 "https://www.google.com/" "Mozilla/5.0 (iPhone; CPU iPhone OS 26_5_0 like Mac OS X) AppleWebKit/605.1.15 (KHTML, like Gecko) CriOS/149.0.7827.45 Mobile/15E148 Safari/604.1"
5.90.117.89 - - [05/Jun/2026:16:49:44 +0200] "GET /wp-content/plugins/header-footer-elementor/assets/css/header-footer-elementor.css?ver=2.8.8 HTTP/2.0" 200 260 "https://parma.elettroservicegroup.it/assistenza-smeg-parma/?gad_source=1&gad_campaignid=23795906066&gclid=Cj0KCQjw54nRBhDCARIsAMcY_SD0e_z6V7T6fXtHegD9vKhZUuFJCzfLlVjVvj5V46XzAMaOyROOKZoaAol7EALw_wcB" "Mozilla/5.0 (iPhone; CPU iPhone OS 26_5_0 like Mac OS X) AppleWebKit/605.1.15 (KHTML, like Gecko) CriOS/149.0.7827.45 Mobile/15E148 Safari/604.1"
5.90.117.89 - - [05/Jun/2026:16:49:44 +0200] "GET /wp-content/plugins/all-in-one-seo-pack/dist/Lite/assets/css/table-of-contents/global.e90f6d47.css?ver=4.9.7.2 HTTP/2.0" 200 420 "https://parma.elettroservicegroup.it/assistenza-smeg-parma/?gad_source=1&gad_campaignid=23795906066&gclid=Cj0KCQjw54nRBhDCARIsAMcY_SD0e_z6V7T6fXtHegD9vKhZUuFJCzfLlVjVvj5V46XzAMaOyROOKZoaAol7EALw_wcB" "Mozilla/5.0 (iPhone; CPU iPhone OS 26_5_0 like Mac OS X) AppleWebKit/605.1.15 (KHTML, like Gecko) CriOS/149.0.7827.45 Mobile/15E148 Safari/604.1"
5.90.117.89 - - [05/Jun/2026:16:49:44 +0200] "GET /wp-content/plugins/complianz-gdpr-premium/assets/css/cookieblocker.min.css?ver=1780326315 HTTP/2.0" 200 615 "https://parma.elettroservicegroup.it/assistenza-smeg-parma/?gad_source=1&gad_campaignid=23795906066&gclid=Cj0KCQjw54nRBhDCARIsAMcY_SD0e_z6V7T6fXtHegD9vKhZUuFJCzfLlVjVvj5V46XzAMaOyROOKZoaAol7EALw_wcB" "Mozilla/5.0 (iPhone; CPU iPhone OS 26_5_0 like Mac OS X) AppleWebKit/605.1.15 (KHTML, like Gecko) CriOS/149.0.7827.45 Mobile/15E148 Safari/604.1"
5.90.117.89 - - [05/Jun/2026:16:49:44 +0200] "GET /wp-content/plugins/elementor/assets/lib/eicons/css/elementor-icons.min.css?ver=5.49.0 HTTP/2.0" 200 4115 "https://parma.elettroservicegroup.it/assistenza-smeg-parma/?gad_source=1&gad_campaignid=23795906066&gclid=Cj0KCQjw54nRBhDCARIsAMcY_SD0e_z6V7T6fXtHegD9vKhZUuFJCzfLlVjVvj5V46XzAMaOyROOKZoaAol7EALw_wcB" "Mozilla/5.0 (iPhone; CPU iPhone OS 26_5_0 like Mac OS X) AppleWebKit/605.1.15 (KHTML, like Gecko) CriOS/149.0.7827.45 Mobile/15E148 Safari/604.1"
5.90.117.89 - - [05/Jun/2026:16:49:44 +0200] "GET /wp-content/plugins/elementor/assets/css/frontend.min.css?ver=4.1.1 HTTP/2.0" 200 6618 "https://parma.elettroservicegroup.it/assistenza-smeg-parma/?gad_source=1&gad_campaignid=23795906066&gclid=Cj0KCQjw54nRBhDCARIsAMcY_SD0e_z6V7T6fXtHegD9vKhZUuFJCzfLlVjVvj5V46XzAMaOyROOKZoaAol7EALw_wcB" "Mozilla/5.0 (iPhone; CPU iPhone OS 26_5_0 like Mac OS X) AppleWebKit/605.1.15 (KHTML, like Gecko) CriOS/149.0.7827.45 Mobile/15E148 Safari/604.1"
5.90.117.89 - - [05/Jun/2026:16:49:44 +0200] "GET /wp-content/plugins/header-footer-elementor/inc/widgets-css/frontend.css?ver=2.8.8 HTTP/2.0" 200 8711 "https://parma.elettroservicegroup.it/assistenza-smeg-parma/?gad_source=1&gad_campaignid=23795906066&gclid=Cj0KCQjw54nRBhDCARIsAMcY_SD0e_z6V7T6fXtHegD9vKhZUuFJCzfLlVjVvj5V46XzAMaOyROOKZoaAol7EALw_wcB" "Mozilla/5.0 (iPhone; CPU iPhone OS 26_5_0 like Mac OS X) AppleWebKit/605.1.15 (KHTML, like Gecko) CriOS/149.0.7827.45 Mobile/15E148 Safari/604.1"
5.90.117.89 - - [05/Jun/2026:16:49:44 +0200] "GET /wp-content/plugins/elementor/assets/css/widget-spacer.min.css?ver=4.1.1 HTTP/2.0" 200 287 "https://parma.elettroservicegroup.it/assistenza-smeg-parma/?gad_source=1&gad_campaignid=23795906066&gclid=Cj0KCQjw54nRBhDCARIsAMcY_SD0e_z6V7T6fXtHegD9vKhZUuFJCzfLlVjVvj5V46XzAMaOyROOKZoaAol7EALw_wcB" "Mozilla/5.0 (iPhone; CPU iPhone OS 26_5_0 like Mac OS X) AppleWebKit/605.1.15 (KHTML, like Gecko) CriOS/149.0.7827.45 Mobile/15E148 Safari/604.1"
5.90.117.89 - - [05/Jun/2026:16:49:44 +0200] "GET /wp-content/uploads/elementor/css/post-14146.css?ver=1780586499 HTTP/2.0" 200 428 "https://parma.elettroservicegroup.it/assistenza-smeg-parma/?gad_source=1&gad_campaignid=23795906066&gclid=Cj0KCQjw54nRBhDCARIsAMcY_SD0e_z6V7T6fXtHegD9vKhZUuFJCzfLlVjVvj5V46XzAMaOyROOKZoaAol7EALw_wcB" "Mozilla/5.0 (iPhone; CPU iPhone OS 26_5_0 like Mac OS X) AppleWebKit/605.1.15 (KHTML, like Gecko) CriOS/149.0.7827.45 Mobile/15E148 Safari/604.1"
5.90.117.89 - - [05/Jun/2026:16:49:44 +0200] "GET /wp-content/plugins/elementor/assets/lib/animations/styles/bounceIn.min.css?ver=4.1.1 HTTP/2.0" 200 186 "https://parma.elettroservicegroup.it/assistenza-smeg-parma/?gad_source=1&gad_campaignid=23795906066&gclid=Cj0KCQjw54nRBhDCARIsAMcY_SD0e_z6V7T6fXtHegD9vKhZUuFJCzfLlVjVvj5V46XzAMaOyROOKZoaAol7EALw_wcB" "Mozilla/5.0 (iPhone; CPU iPhone OS 26_5_0 like Mac OS X) AppleWebKit/605.1.15 (KHTML, like Gecko) CriOS/149.0.7827.45 Mobile/15E148 Safari/604.1"
5.90.117.89 - - [05/Jun/2026:16:49:44 +0200] "GET /wp-content/plugins/elementor/assets/css/widget-heading.min.css?ver=4.1.1 HTTP/2.0" 200 127 "https://parma.elettroservicegroup.it/assistenza-smeg-parma/?gad_source=1&gad_campaignid=23795906066&gclid=Cj0KCQjw54nRBhDCARIsAMcY_SD0e_z6V7T6fXtHegD9vKhZUuFJCzfLlVjVvj5V46XzAMaOyROOKZoaAol7EALw_wcB" "Mozilla/5.0 (iPhone; CPU iPhone OS 26_5_0 like Mac OS X) AppleWebKit/605.1.15 (KHTML, like Gecko) CriOS/149.0.7827.45 Mobile/15E148 Safari/604.1"
5.90.117.89 - - [05/Jun/2026:16:49:44 +0200] "GET /wp-content/plugins/elementor/assets/lib/font-awesome/css/v4-shims.min.css?ver=4.1.1 HTTP/2.0" 200 3986 "https://parma.elettroservicegroup.it/assistenza-smeg-parma/?gad_source=1&gad_campaignid=23795906066&gclid=Cj0KCQjw54nRBhDCARIsAMcY_SD0e_z6V7T6fXtHegD9vKhZUuFJCzfLlVjVvj5V46XzAMaOyROOKZoaAol7EALw_wcB" "Mozilla/5.0 (iPhone; CPU iPhone OS 26_5_0 like Mac OS X) AppleWebKit/605.1.15 (KHTML, like Gecko) CriOS/149.0.7827.45 Mobile/15E148 Safari/604.1"
5.90.117.89 - - [05/Jun/2026:16:49:44 +0200] "GET /wp-content/plugins/elementor/assets/lib/font-awesome/css/all.min.css?ver=4.1.1 HTTP/2.0" 200 12402 "https://parma.elettroservicegroup.it/assistenza-smeg-parma/?gad_source=1&gad_campaignid=23795906066&gclid=Cj0KCQjw54nRBhDCARIsAMcY_SD0e_z6V7T6fXtHegD9vKhZUuFJCzfLlVjVvj5V46XzAMaOyROOKZoaAol7EALw_wcB" "Mozilla/5.0 (iPhone; CPU iPhone OS 26_5_0 like Mac OS X) AppleWebKit/605.1.15 (KHTML, like Gecko) CriOS/149.0.7827.45 Mobile/15E148 Safari/604.1"
5.90.117.89 - - [05/Jun/2026:16:49:45 +0200] "GET /wp-content/plugins/elementor/assets/lib/animations/styles/zoomIn.min.css?ver=4.1.1 HTTP/2.0" 200 87 "https://parma.elettroservicegroup.it/assistenza-smeg-parma/?gad_source=1&gad_campaignid=23795906066&gclid=Cj0KCQjw54nRBhDCARIsAMcY_SD0e_z6V7T6fXtHegD9vKhZUuFJCzfLlVjVvj5V46XzAMaOyROOKZoaAol7EALw_wcB" "Mozilla/5.0 (iPhone; CPU iPhone OS 26_5_0 like Mac OS X) AppleWebKit/605.1.15 (KHTML, like Gecko) CriOS/149.0.7827.45 Mobile/15E148 Safari/604.1"
5.90.117.89 - - [05/Jun/2026:16:49:45 +0200] "GET /wp-content/plugins/elementor/assets/css/widget-image.min.css?ver=4.1.1 HTTP/2.0" 200 96 "https://parma.elettroservicegroup.it/assistenza-smeg-parma/?gad_source=1&gad_campaignid=23795906066&gclid=Cj0KCQjw54nRBhDCARIsAMcY_SD0e_z6V7T6fXtHegD9vKhZUuFJCzfLlVjVvj5V46XzAMaOyROOKZoaAol7EALw_wcB" "Mozilla/5.0 (iPhone; CPU iPhone OS 26_5_0 like Mac OS X) AppleWebKit/605.1.15 (KHTML, like Gecko) CriOS/149.0.7827.45 Mobile/15E148 Safari/604.1"
5.90.117.89 - - [05/Jun/2026:16:49:45 +0200] "GET /wp-content/uploads/elementor/css/post-14366.css?ver=1780586501 HTTP/2.0" 200 302 "https://parma.elettroservicegroup.it/assistenza-smeg-parma/?gad_source=1&gad_campaignid=23795906066&gclid=Cj0KCQjw54nRBhDCARIsAMcY_SD0e_z6V7T6fXtHegD9vKhZUuFJCzfLlVjVvj5V46XzAMaOyROOKZoaAol7EALw_wcB" "Mozilla/5.0 (iPhone; CPU iPhone OS 26_5_0 like Mac OS X) AppleWebKit/605.1.15 (KHTML, like Gecko) CriOS/149.0.7827.45 Mobile/15E148 Safari/604.1"
5.90.117.89 - - [05/Jun/2026:16:49:45 +0200] "GET /wp-content/uploads/elementor/css/post-17361.css?ver=1780589144 HTTP/2.0" 200 2168 "https://parma.elettroservicegroup.it/assistenza-smeg-parma/?gad_source=1&gad_campaignid=23795906066&gclid=Cj0KCQjw54nRBhDCARIsAMcY_SD0e_z6V7T6fXtHegD9vKhZUuFJCzfLlVjVvj5V46XzAMaOyROOKZoaAol7EALw_wcB" "Mozilla/5.0 (iPhone; CPU iPhone OS 26_5_0 like Mac OS X) AppleWebKit/605.1.15 (KHTML, like Gecko) CriOS/149.0.7827.45 Mobile/15E148 Safari/604.1"
5.90.117.89 - - [05/Jun/2026:16:49:45 +0200] "GET /wp-content/plugins/elementor/assets/lib/eicons/css/elementor-icons.min.css?ver=5.34.0 HTTP/2.0" 200 4115 "https://parma.elettroservicegroup.it/assistenza-smeg-parma/?gad_source=1&gad_campaignid=23795906066&gclid=Cj0KCQjw54nRBhDCARIsAMcY_SD0e_z6V7T6fXtHegD9vKhZUuFJCzfLlVjVvj5V46XzAMaOyROOKZoaAol7EALw_wcB" "Mozilla/5.0 (iPhone; CPU iPhone OS 26_5_0 like Mac OS X) AppleWebKit/605.1.15 (KHTML, like Gecko) CriOS/149.0.7827.45 Mobile/15E148 Safari/604.1"
5.90.117.89 - - [05/Jun/2026:16:49:45 +0200] "GET /wp-content/themes/generatepress/assets/css/main.min.css?ver=3.6.1 HTTP/2.0" 200 4410 "https://parma.elettroservicegroup.it/assistenza-smeg-parma/?gad_source=1&gad_campaignid=23795906066&gclid=Cj0KCQjw54nRBhDCARIsAMcY_SD0e_z6V7T6fXtHegD9vKhZUuFJCzfLlVjVvj5V46XzAMaOyROOKZoaAol7EALw_wcB" "Mozilla/5.0 (iPhone; CPU iPhone OS 26_5_0 like Mac OS X) AppleWebKit/605.1.15 (KHTML, like Gecko) CriOS/149.0.7827.45 Mobile/15E148 Safari/604.1"
5.90.117.89 - - [05/Jun/2026:16:49:45 +0200] "GET /wp-content/plugins/elementor/assets/css/widget-icon-list.min.css?ver=3.24.3 HTTP/2.0" 200 928 "https://parma.elettroservicegroup.it/assistenza-smeg-parma/?gad_source=1&gad_campaignid=23795906066&gclid=Cj0KCQjw54nRBhDCARIsAMcY_SD0e_z6V7T6fXtHegD9vKhZUuFJCzfLlVjVvj5V46XzAMaOyROOKZoaAol7EALw_wcB" "Mozilla/5.0 (iPhone; CPU iPhone OS 26_5_0 like Mac OS X) AppleWebKit/605.1.15 (KHTML, like Gecko) CriOS/149.0.7827.45 Mobile/15E148 Safari/604.1"
5.90.117.89 - - [05/Jun/2026:16:49:45 +0200] "GET /wp-content/plugins/elementor/assets/lib/font-awesome/css/brands.css?ver=5.15.3 HTTP/2.0" 200 298 "https://parma.elettroservicegroup.it/assistenza-smeg-parma/?gad_source=1&gad_campaignid=23795906066&gclid=Cj0KCQjw54nRBhDCARIsAMcY_SD0e_z6V7T6fXtHegD9vKhZUuFJCzfLlVjVvj5V46XzAMaOyROOKZoaAol7EALw_wcB" "Mozilla/5.0 (iPhone; CPU iPhone OS 26_5_0 like Mac OS X) AppleWebKit/605.1.15 (KHTML, like Gecko) CriOS/149.0.7827.45 Mobile/15E148 Safari/604.1"
5.90.117.89 - - [05/Jun/2026:16:49:45 +0200] "GET /wp-content/plugins/elementor/assets/lib/font-awesome/css/solid.css?ver=5.15.3 HTTP/2.0" 200 299 "https://parma.elettroservicegroup.it/assistenza-smeg-parma/?gad_source=1&gad_campaignid=23795906066&gclid=Cj0KCQjw54nRBhDCARIsAMcY_SD0e_z6V7T6fXtHegD9vKhZUuFJCzfLlVjVvj5V46XzAMaOyROOKZoaAol7EALw_wcB" "Mozilla/5.0 (iPhone; CPU iPhone OS 26_5_0 like Mac OS X) AppleWebKit/605.1.15 (KHTML, like Gecko) CriOS/149.0.7827.45 Mobile/15E148 Safari/604.1"
5.90.117.89 - - [05/Jun/2026:16:49:45 +0200] "GET /wp-content/plugins/elementor/assets/css/widget-social-icons.min.css?ver=3.24.0 HTTP/2.0" 200 1039 "https://parma.elettroservicegroup.it/assistenza-smeg-parma/?gad_source=1&gad_campaignid=23795906066&gclid=Cj0KCQjw54nRBhDCARIsAMcY_SD0e_z6V7T6fXtHegD9vKhZUuFJCzfLlVjVvj5V46XzAMaOyROOKZoaAol7EALw_wcB" "Mozilla/5.0 (iPhone; CPU iPhone OS 26_5_0 like Mac OS X) AppleWebKit/605.1.15 (KHTML, like Gecko) CriOS/149.0.7827.45 Mobile/15E148 Safari/604.1"
5.90.117.89 - - [05/Jun/2026:16:49:45 +0200] "GET /wp-content/plugins/gp-premium/menu-plus/functions/css/navigation-branding-flex.min.css?ver=2.5.5 HTTP/2.0" 200 542 "https://parma.elettroservicegroup.it/assistenza-smeg-parma/?gad_source=1&gad_campaignid=23795906066&gclid=Cj0KCQjw54nRBhDCARIsAMcY_SD0e_z6V7T6fXtHegD9vKhZUuFJCzfLlVjVvj5V46XzAMaOyROOKZoaAol7EALw_wcB" "Mozilla/5.0 (iPhone; CPU iPhone OS 26_5_0 like Mac OS X) AppleWebKit/605.1.15 (KHTML, like Gecko) CriOS/149.0.7827.45 Mobile/15E148 Safari/604.1"
5.90.117.89 - - [05/Jun/2026:16:49:45 +0200] "GET /wp-content/plugins/elementor/assets/lib/font-awesome/css/fontawesome.css?ver=5.15.3 HTTP/2.0" 200 12535 "https://parma.elettroservicegroup.it/assistenza-smeg-parma/?gad_source=1&gad_campaignid=23795906066&gclid=Cj0KCQjw54nRBhDCARIsAMcY_SD0e_z6V7T6fXtHegD9vKhZUuFJCzfLlVjVvj5V46XzAMaOyROOKZoaAol7EALw_wcB" "Mozilla/5.0 (iPhone; CPU iPhone OS 26_5_0 like Mac OS X) AppleWebKit/605.1.15 (KHTML, like Gecko) CriOS/149.0.7827.45 Mobile/15E148 Safari/604.1"
5.90.117.89 - - [05/Jun/2026:16:49:45 +0200] "GET /wp-content/plugins/elementor/assets/lib/font-awesome/css/solid.min.css?ver=5.15.3 HTTP/2.0" 200 286 "https://parma.elettroservicegroup.it/assistenza-smeg-parma/?gad_source=1&gad_campaignid=23795906066&gclid=Cj0KCQjw54nRBhDCARIsAMcY_SD0e_z6V7T6fXtHegD9vKhZUuFJCzfLlVjVvj5V46XzAMaOyROOKZoaAol7EALw_wcB" "Mozilla/5.0 (iPhone; CPU iPhone OS 26_5_0 like Mac OS X) AppleWebKit/605.1.15 (KHTML, like Gecko) CriOS/149.0.7827.45 Mobile/15E148 Safari/604.1"
5.90.117.89 - - [05/Jun/2026:16:49:45 +0200] "GET /wp-content/plugins/elementor/assets/lib/font-awesome/css/regular.min.css?ver=5.15.3 HTTP/2.0" 200 282 "https://parma.elettroservicegroup.it/assistenza-smeg-parma/?gad_source=1&gad_campaignid=23795906066&gclid=Cj0KCQjw54nRBhDCARIsAMcY_SD0e_z6V7T6fXtHegD9vKhZUuFJCzfLlVjVvj5V46XzAMaOyROOKZoaAol7EALw_wcB" "Mozilla/5.0 (iPhone; CPU iPhone OS 26_5_0 like Mac OS X) AppleWebKit/605.1.15 (KHTML, like Gecko) CriOS/149.0.7827.45 Mobile/15E148 Safari/604.1"
5.90.117.89 - - [05/Jun/2026:16:49:45 +0200] "GET /wp-content/uploads/elementor/google-fonts/css/robotoslab.css?ver=1742280362 HTTP/2.0" 200 715 "https://parma.elettroservicegroup.it/assistenza-smeg-parma/?gad_source=1&gad_campaignid=23795906066&gclid=Cj0KCQjw54nRBhDCARIsAMcY_SD0e_z6V7T6fXtHegD9vKhZUuFJCzfLlVjVvj5V46XzAMaOyROOKZoaAol7EALw_wcB" "Mozilla/5.0 (iPhone; CPU iPhone OS 26_5_0 like Mac OS X) AppleWebKit/605.1.15 (KHTML, like Gecko) CriOS/149.0.7827.45 Mobile/15E148 Safari/604.1"
5.90.117.89 - - [05/Jun/2026:16:49:45 +0200] "GET /wp-content/uploads/elementor/google-fonts/css/roboto.css?ver=1742280360 HTTP/2.0" 200 1880 "https://parma.elettroservicegroup.it/assistenza-smeg-parma/?gad_source=1&gad_campaignid=23795906066&gclid=Cj0KCQjw54nRBhDCARIsAMcY_SD0e_z6V7T6fXtHegD9vKhZUuFJCzfLlVjVvj5V46XzAMaOyROOKZoaAol7EALw_wcB" "Mozilla/5.0 (iPhone; CPU iPhone OS 26_5_0 like Mac OS X) AppleWebKit/605.1.15 (KHTML, like Gecko) CriOS/149.0.7827.45 Mobile/15E148 Safari/604.1"
5.90.117.89 - - [05/Jun/2026:16:49:45 +0200] "GET /wp-content/plugins/elementor/assets/lib/font-awesome/css/fontawesome.min.css?ver=5.15.3 HTTP/2.0" 200 12179 "https://parma.elettroservicegroup.it/assistenza-smeg-parma/?gad_source=1&gad_campaignid=23795906066&gclid=Cj0KCQjw54nRBhDCARIsAMcY_SD0e_z6V7T6fXtHegD9vKhZUuFJCzfLlVjVvj5V46XzAMaOyROOKZoaAol7EALw_wcB" "Mozilla/5.0 (iPhone; CPU iPhone OS 26_5_0 like Mac OS X) AppleWebKit/605.1.15 (KHTML, like Gecko) CriOS/149.0.7827.45 Mobile/15E148 Safari/604.1"
5.90.117.89 - - [05/Jun/2026:16:49:45 +0200] "GET /wp-includes/js/jquery/jquery.min.js?ver=3.7.1 HTTP/2.0" 200 29769 "https://parma.elettroservicegroup.it/assistenza-smeg-parma/?gad_source=1&gad_campaignid=23795906066&gclid=Cj0KCQjw54nRBhDCARIsAMcY_SD0e_z6V7T6fXtHegD9vKhZUuFJCzfLlVjVvj5V46XzAMaOyROOKZoaAol7EALw_wcB" "Mozilla/5.0 (iPhone; CPU iPhone OS 26_5_0 like Mac OS X) AppleWebKit/605.1.15 (KHTML, like Gecko) CriOS/149.0.7827.45 Mobile/15E148 Safari/604.1"
5.90.117.89 - - [05/Jun/2026:16:49:45 +0200] "GET /wp-content/uploads/2021/10/cropped-cropped-cropped-logo_white_background.png HTTP/2.0" 200 38971 "https://parma.elettroservicegroup.it/assistenza-smeg-parma/?gad_source=1&gad_campaignid=23795906066&gclid=Cj0KCQjw54nRBhDCARIsAMcY_SD0e_z6V7T6fXtHegD9vKhZUuFJCzfLlVjVvj5V46XzAMaOyROOKZoaAol7EALw_wcB" "Mozilla/5.0 (iPhone; CPU iPhone OS 26_5_0 like Mac OS X) AppleWebKit/605.1.15 (KHTML, like Gecko) CriOS/149.0.7827.45 Mobile/15E148 Safari/604.1"
5.90.117.89 - - [05/Jun/2026:16:49:45 +0200] "GET /wp-content/plugins/burst-statistics/assets/js/timeme/timeme.min.js?ver=1780499187 HTTP/2.0" 200 1835 "https://parma.elettroservicegroup.it/assistenza-smeg-parma/?gad_source=1&gad_campaignid=23795906066&gclid=Cj0KCQjw54nRBhDCARIsAMcY_SD0e_z6V7T6fXtHegD9vKhZUuFJCzfLlVjVvj5V46XzAMaOyROOKZoaAol7EALw_wcB" "Mozilla/5.0 (iPhone; CPU iPhone OS 26_5_0 like Mac OS X) AppleWebKit/605.1.15 (KHTML, like Gecko) CriOS/149.0.7827.45 Mobile/15E148 Safari/604.1"
5.90.117.89 - - [05/Jun/2026:16:49:45 +0200] "GET /wp-content/plugins/gp-premium/menu-plus/functions/js/sticky.min.js?ver=2.5.5 HTTP/2.0" 200 2670 "https://parma.elettroservicegroup.it/assistenza-smeg-parma/?gad_source=1&gad_campaignid=23795906066&gclid=Cj0KCQjw54nRBhDCARIsAMcY_SD0e_z6V7T6fXtHegD9vKhZUuFJCzfLlVjVvj5V46XzAMaOyROOKZoaAol7EALw_wcB" "Mozilla/5.0 (iPhone; CPU iPhone OS 26_5_0 like Mac OS X) AppleWebKit/605.1.15 (KHTML, like Gecko) CriOS/149.0.7827.45 Mobile/15E148 Safari/604.1"
5.90.117.89 - - [05/Jun/2026:16:49:45 +0200] "GET /wp-content/uploads/burst/js/burst.min.js?ver=1780653229 HTTP/2.0" 200 3381 "https://parma.elettroservicegroup.it/assistenza-smeg-parma/?gad_source=1&gad_campaignid=23795906066&gclid=Cj0KCQjw54nRBhDCARIsAMcY_SD0e_z6V7T6fXtHegD9vKhZUuFJCzfLlVjVvj5V46XzAMaOyROOKZoaAol7EALw_wcB" "Mozilla/5.0 (iPhone; CPU iPhone OS 26_5_0 like Mac OS X) AppleWebKit/605.1.15 (KHTML, like Gecko) CriOS/149.0.7827.45 Mobile/15E148 Safari/604.1"
5.90.117.89 - - [05/Jun/2026:16:49:45 +0200] "GET /wp-includes/js/jquery/jquery-migrate.min.js?ver=3.4.1 HTTP/2.0" 200 4685 "https://parma.elettroservicegroup.it/assistenza-smeg-parma/?gad_source=1&gad_campaignid=23795906066&gclid=Cj0KCQjw54nRBhDCARIsAMcY_SD0e_z6V7T6fXtHegD9vKhZUuFJCzfLlVjVvj5V46XzAMaOyROOKZoaAol7EALw_wcB" "Mozilla/5.0 (iPhone; CPU iPhone OS 26_5_0 like Mac OS X) AppleWebKit/605.1.15 (KHTML, like Gecko) CriOS/149.0.7827.45 Mobile/15E148 Safari/604.1"
5.90.117.89 - - [05/Jun/2026:16:49:45 +0200] "GET /wp-content/plugins/elementor/assets/lib/font-awesome/js/v4-shims.min.js?ver=4.1.1 HTTP/2.0" 200 4043 "https://parma.elettroservicegroup.it/assistenza-smeg-parma/?gad_source=1&gad_campaignid=23795906066&gclid=Cj0KCQjw54nRBhDCARIsAMcY_SD0e_z6V7T6fXtHegD9vKhZUuFJCzfLlVjVvj5V46XzAMaOyROOKZoaAol7EALw_wcB" "Mozilla/5.0 (iPhone; CPU iPhone OS 26_5_0 like Mac OS X) AppleWebKit/605.1.15 (KHTML, like Gecko) CriOS/149.0.7827.45 Mobile/15E148 Safari/604.1"
5.90.117.89 - - [05/Jun/2026:16:49:45 +0200] "GET /wp-content/themes/generatepress/assets/js/back-to-top.min.js?ver=3.6.1 HTTP/2.0" 200 336 "https://parma.elettroservicegroup.it/assistenza-smeg-parma/?gad_source=1&gad_campaignid=23795906066&gclid=Cj0KCQjw54nRBhDCARIsAMcY_SD0e_z6V7T6fXtHegD9vKhZUuFJCzfLlVjVvj5V46XzAMaOyROOKZoaAol7EALw_wcB" "Mozilla/5.0 (iPhone; CPU iPhone OS 26_5_0 like Mac OS X) AppleWebKit/605.1.15 (KHTML, like Gecko) CriOS/149.0.7827.45 Mobile/15E148 Safari/604.1"
5.90.117.89 - - [05/Jun/2026:16:49:45 +0200] "GET /wp-content/themes/generatepress/assets/js/menu.min.js?ver=3.6.1 HTTP/2.0" 200 1688 "https://parma.elettroservicegroup.it/assistenza-smeg-parma/?gad_source=1&gad_campaignid=23795906066&gclid=Cj0KCQjw54nRBhDCARIsAMcY_SD0e_z6V7T6fXtHegD9vKhZUuFJCzfLlVjVvj5V46XzAMaOyROOKZoaAol7EALw_wcB" "Mozilla/5.0 (iPhone; CPU iPhone OS 26_5_0 like Mac OS X) AppleWebKit/605.1.15 (KHTML, like Gecko) CriOS/149.0.7827.45 Mobile/15E148 Safari/604.1"
5.90.117.89 - - [05/Jun/2026:16:49:45 +0200] "GET /wp-content/plugins/elementor/assets/js/webpack.runtime.min.js?ver=4.1.1 HTTP/2.0" 200 2340 "https://parma.elettroservicegroup.it/assistenza-smeg-parma/?gad_source=1&gad_campaignid=23795906066&gclid=Cj0KCQjw54nRBhDCARIsAMcY_SD0e_z6V7T6fXtHegD9vKhZUuFJCzfLlVjVvj5V46XzAMaOyROOKZoaAol7EALw_wcB" "Mozilla/5.0 (iPhone; CPU iPhone OS 26_5_0 like Mac OS X) AppleWebKit/605.1.15 (KHTML, like Gecko) CriOS/149.0.7827.45 Mobile/15E148 Safari/604.1"
5.90.117.89 - - [05/Jun/2026:16:49:45 +0200] "GET /wp-includes/js/jquery/ui/core.min.js?ver=1.13.3 HTTP/2.0" 200 6820 "https://parma.elettroservicegroup.it/assistenza-smeg-parma/?gad_source=1&gad_campaignid=23795906066&gclid=Cj0KCQjw54nRBhDCARIsAMcY_SD0e_z6V7T6fXtHegD9vKhZUuFJCzfLlVjVvj5V46XzAMaOyROOKZoaAol7EALw_wcB" "Mozilla/5.0 (iPhone; CPU iPhone OS 26_5_0 like Mac OS X) AppleWebKit/605.1.15 (KHTML, like Gecko) CriOS/149.0.7827.45 Mobile/15E148 Safari/604.1"
5.90.117.89 - - [05/Jun/2026:16:49:45 +0200] "GET /wp-content/plugins/elementor/assets/js/frontend.min.js?ver=4.1.1 HTTP/2.0" 200 10140 "https://parma.elettroservicegroup.it/assistenza-smeg-parma/?gad_source=1&gad_campaignid=23795906066&gclid=Cj0KCQjw54nRBhDCARIsAMcY_SD0e_z6V7T6fXtHegD9vKhZUuFJCzfLlVjVvj5V46XzAMaOyROOKZoaAol7EALw_wcB" "Mozilla/5.0 (iPhone; CPU iPhone OS 26_5_0 like Mac OS X) AppleWebKit/605.1.15 (KHTML, like Gecko) CriOS/149.0.7827.45 Mobile/15E148 Safari/604.1"
5.90.117.89 - - [05/Jun/2026:16:49:45 +0200] "GET /wp-content/plugins/elementor/assets/js/frontend-modules.min.js?ver=4.1.1 HTTP/2.0" 200 15454 "https://parma.elettroservicegroup.it/assistenza-smeg-parma/?gad_source=1&gad_campaignid=23795906066&gclid=Cj0KCQjw54nRBhDCARIsAMcY_SD0e_z6V7T6fXtHegD9vKhZUuFJCzfLlVjVvj5V46XzAMaOyROOKZoaAol7EALw_wcB" "Mozilla/5.0 (iPhone; CPU iPhone OS 26_5_0 like Mac OS X) AppleWebKit/605.1.15 (KHTML, like Gecko) CriOS/149.0.7827.45 Mobile/15E148 Safari/604.1"
5.90.117.89 - - [05/Jun/2026:16:49:45 +0200] "GET /wp-content/plugins/complianz-gdpr-premium/cookiebanner/js/complianz.min.js?ver=1780326315 HTTP/2.0" 200 10708 "https://parma.elettroservicegroup.it/assistenza-smeg-parma/?gad_source=1&gad_campaignid=23795906066&gclid=Cj0KCQjw54nRBhDCARIsAMcY_SD0e_z6V7T6fXtHegD9vKhZUuFJCzfLlVjVvj5V46XzAMaOyROOKZoaAol7EALw_wcB" "Mozilla/5.0 (iPhone; CPU iPhone OS 26_5_0 like Mac OS X) AppleWebKit/605.1.15 (KHTML, like Gecko) CriOS/149.0.7827.45 Mobile/15E148 Safari/604.1"
5.90.117.89 - - [05/Jun/2026:16:49:45 +0200] "GET /wp-content/uploads/2021/10/cropped-logo_white_background.png HTTP/2.0" 200 16623 "https://parma.elettroservicegroup.it/assistenza-smeg-parma/?gad_source=1&gad_campaignid=23795906066&gclid=Cj0KCQjw54nRBhDCARIsAMcY_SD0e_z6V7T6fXtHegD9vKhZUuFJCzfLlVjVvj5V46XzAMaOyROOKZoaAol7EALw_wcB" "Mozilla/5.0 (iPhone; CPU iPhone OS 26_5_0 like Mac OS X) AppleWebKit/605.1.15 (KHTML, like Gecko) CriOS/149.0.7827.45 Mobile/15E148 Safari/604.1"
5.90.117.89 - - [05/Jun/2026:16:49:45 +0200] "GET /wp-content/plugins/elementor/assets/lib/font-awesome/webfonts/fa-regular-400.woff2 HTTP/2.0" 200 13277 "https://parma.elettroservicegroup.it/assistenza-smeg-parma/?gad_source=1&gad_campaignid=23795906066&gclid=Cj0KCQjw54nRBhDCARIsAMcY_SD0e_z6V7T6fXtHegD9vKhZUuFJCzfLlVjVvj5V46XzAMaOyROOKZoaAol7EALw_wcB" "Mozilla/5.0 (iPhone; CPU iPhone OS 26_5_0 like Mac OS X) AppleWebKit/605.1.15 (KHTML, like Gecko) CriOS/149.0.7827.45 Mobile/15E148 Safari/604.1"
5.90.117.89 - - [05/Jun/2026:16:49:45 +0200] "GET /wp-content/uploads/elementor/google-fonts/fonts/roboto-kfo7cnqeu92fr1me7ksn66agldtyluama3yuba.woff2 HTTP/2.0" 200 40132 "https://parma.elettroservicegroup.it/assistenza-smeg-parma/?gad_source=1&gad_campaignid=23795906066&gclid=Cj0KCQjw54nRBhDCARIsAMcY_SD0e_z6V7T6fXtHegD9vKhZUuFJCzfLlVjVvj5V46XzAMaOyROOKZoaAol7EALw_wcB" "Mozilla/5.0 (iPhone; CPU iPhone OS 26_5_0 like Mac OS X) AppleWebKit/605.1.15 (KHTML, like Gecko) CriOS/149.0.7827.45 Mobile/15E148 Safari/604.1"
5.90.117.89 - - [05/Jun/2026:16:49:45 +0200] "GET /wp-content/plugins/elementor/assets/lib/font-awesome/webfonts/fa-solid-900.woff2 HTTP/2.0" 200 78201 "https://parma.elettroservicegroup.it/assistenza-smeg-parma/?gad_source=1&gad_campaignid=23795906066&gclid=Cj0KCQjw54nRBhDCARIsAMcY_SD0e_z6V7T6fXtHegD9vKhZUuFJCzfLlVjVvj5V46XzAMaOyROOKZoaAol7EALw_wcB" "Mozilla/5.0 (iPhone; CPU iPhone OS 26_5_0 like Mac OS X) AppleWebKit/605.1.15 (KHTML, like Gecko) CriOS/149.0.7827.45 Mobile/15E148 Safari/604.1"
5.90.117.89 - - [05/Jun/2026:16:49:45 +0200] "GET /wp-content/uploads/2022/01/elett5-2.jpg HTTP/2.0" 200 11223 "https://parma.elettroservicegroup.it/assistenza-smeg-parma/?gad_source=1&gad_campaignid=23795906066&gclid=Cj0KCQjw54nRBhDCARIsAMcY_SD0e_z6V7T6fXtHegD9vKhZUuFJCzfLlVjVvj5V46XzAMaOyROOKZoaAol7EALw_wcB" "Mozilla/5.0 (iPhone; CPU iPhone OS 26_5_0 like Mac OS X) AppleWebKit/605.1.15 (KHTML, like Gecko) CriOS/149.0.7827.45 Mobile/15E148 Safari/604.1"
5.90.117.89 - - [05/Jun/2026:16:49:45 +0200] "GET /wp-content/plugins/elementor/assets/js/section-frontend-handlers.d85ab872da118940910d.bundle.min.js HTTP/2.0" 200 230 "https://parma.elettroservicegroup.it/assistenza-smeg-parma/?gad_source=1&gad_campaignid=23795906066&gclid=Cj0KCQjw54nRBhDCARIsAMcY_SD0e_z6V7T6fXtHegD9vKhZUuFJCzfLlVjVvj5V46XzAMaOyROOKZoaAol7EALw_wcB" "Mozilla/5.0 (iPhone; CPU iPhone OS 26_5_0 like Mac OS X) AppleWebKit/605.1.15 (KHTML, like Gecko) CriOS/149.0.7827.45 Mobile/15E148 Safari/604.1"
5.90.117.89 - - [05/Jun/2026:16:49:45 +0200] "GET /wp-content/plugins/elementor/assets/js/text-editor.45609661e409413f1cef.bundle.min.js HTTP/2.0" 200 592 "https://parma.elettroservicegroup.it/assistenza-smeg-parma/?gad_source=1&gad_campaignid=23795906066&gclid=Cj0KCQjw54nRBhDCARIsAMcY_SD0e_z6V7T6fXtHegD9vKhZUuFJCzfLlVjVvj5V46XzAMaOyROOKZoaAol7EALw_wcB" "Mozilla/5.0 (iPhone; CPU iPhone OS 26_5_0 like Mac OS X) AppleWebKit/605.1.15 (KHTML, like Gecko) CriOS/149.0.7827.45 Mobile/15E148 Safari/604.1"
5.90.117.89 - - [05/Jun/2026:16:49:45 +0200] "GET /wp-content/plugins/elementor/assets/js/shared-frontend-handlers.03caa53373b56d3bab67.bundle.min.js HTTP/2.0" 200 2515 "https://parma.elettroservicegroup.it/assistenza-smeg-parma/?gad_source=1&gad_campaignid=23795906066&gclid=Cj0KCQjw54nRBhDCARIsAMcY_SD0e_z6V7T6fXtHegD9vKhZUuFJCzfLlVjVvj5V46XzAMaOyROOKZoaAol7EALw_wcB" "Mozilla/5.0 (iPhone; CPU iPhone OS 26_5_0 like Mac OS X) AppleWebKit/605.1.15 (KHTML, like Gecko) CriOS/149.0.7827.45 Mobile/15E148 Safari/604.1"
5.90.117.89 - - [05/Jun/2026:16:49:45 +0200] "GET /wp-json/complianz/v1/banner?lang=it&locale=it_IT&token=luxzb HTTP/2.0" 200 84 "https://parma.elettroservicegroup.it/assistenza-smeg-parma/?gad_source=1&gad_campaignid=23795906066&gclid=Cj0KCQjw54nRBhDCARIsAMcY_SD0e_z6V7T6fXtHegD9vKhZUuFJCzfLlVjVvj5V46XzAMaOyROOKZoaAol7EALw_wcB" "Mozilla/5.0 (iPhone; CPU iPhone OS 26_5_0 like Mac OS X) AppleWebKit/605.1.15 (KHTML, like Gecko) CriOS/149.0.7827.45 Mobile/15E148 Safari/604.1"
5.90.117.89 - - [05/Jun/2026:16:49:46 +0200] "GET /wp-content/uploads/2021/10/cropped-cropped-cropped-cropped-logo_white_background-192x192.png HTTP/2.0" 200 19089 "-" "Mozilla/5.0 (iPhone; CPU iPhone OS 26_5_0 like Mac OS X) AppleWebKit/605.1.15 (KHTML, like Gecko) CriOS/149.0.7827.45 Mobile/15E148 Safari/604.1"
5.90.117.89 - - [05/Jun/2026:16:49:46 +0200] "GET /wp-content/uploads/2021/10/cropped-cropped-cropped-cropped-logo_white_background-180x180.png HTTP/2.0" 200 21353 "-" "Mozilla/5.0 (iPhone; CPU iPhone OS 26_5_0 like Mac OS X) AppleWebKit/605.1.15 (KHTML, like Gecko) CriOS/149.0.7827.45 Mobile/15E148 Safari/604.1"
5.90.117.89 - - [05/Jun/2026:16:49:46 +0200] "POST /wp-content/plugins/burst-statistics/endpoint.php HTTP/2.0" 200 1 "https://parma.elettroservicegroup.it/assistenza-smeg-parma/?gad_source=1&gad_campaignid=23795906066&gclid=Cj0KCQjw54nRBhDCARIsAMcY_SD0e_z6V7T6fXtHegD9vKhZUuFJCzfLlVjVvj5V46XzAMaOyROOKZoaAol7EALw_wcB" "Mozilla/5.0 (iPhone; CPU iPhone OS 26_5_0 like Mac OS X) AppleWebKit/605.1.15 (KHTML, like Gecko) CriOS/149.0.7827.45 Mobile/15E148 Safari/604.1"
5.90.117.89 - - [05/Jun/2026:16:49:46 +0200] "GET /wp-content/uploads/complianz/css/banner-1-optin.css?v=46 HTTP/2.0" 200 2617 "https://parma.elettroservicegroup.it/assistenza-smeg-parma/?gad_source=1&gad_campaignid=23795906066&gclid=Cj0KCQjw54nRBhDCARIsAMcY_SD0e_z6V7T6fXtHegD9vKhZUuFJCzfLlVjVvj5V46XzAMaOyROOKZoaAol7EALw_wcB" "Mozilla/5.0 (iPhone; CPU iPhone OS 26_5_0 like Mac OS X) AppleWebKit/605.1.15 (KHTML, like Gecko) CriOS/149.0.7827.45 Mobile/15E148 Safari/604.1"
5.90.117.89 - - [05/Jun/2026:16:49:46 +0200] "GET /wp-json/complianz/v1/cookie_data HTTP/2.0" 200 81 "https://parma.elettroservicegroup.it/assistenza-smeg-parma/?gad_source=1&gad_campaignid=23795906066&gclid=Cj0KCQjw54nRBhDCARIsAMcY_SD0e_z6V7T6fXtHegD9vKhZUuFJCzfLlVjVvj5V46XzAMaOyROOKZoaAol7EALw_wcB" "Mozilla/5.0 (iPhone; CPU iPhone OS 26_5_0 like Mac OS X) AppleWebKit/605.1.15 (KHTML, like Gecko) CriOS/149.0.7827.45 Mobile/15E148 Safari/604.1"
5.90.117.89 - - [05/Jun/2026:16:49:49 +0200] "POST /wp-content/plugins/burst-statistics/endpoint.php HTTP/2.0" 200 1 "https://parma.elettroservicegroup.it/assistenza-smeg-parma/?gad_source=1&gad_campaignid=23795906066&gclid=Cj0KCQjw54nRBhDCARIsAMcY_SD0e_z6V7T6fXtHegD9vKhZUuFJCzfLlVjVvj5V46XzAMaOyROOKZoaAol7EALw_wcB" "Mozilla/5.0 (iPhone; CPU iPhone OS 26_5_0 like Mac OS X) AppleWebKit/605.1.15 (KHTML, like Gecko) CriOS/149.0.7827.45 Mobile/15E148 Safari/604.1"
5.90.117.89 - - [05/Jun/2026:16:49:49 +0200] "POST /wp-content/plugins/burst-statistics/endpoint.php HTTP/2.0" 200 1 "https://parma.elettroservicegroup.it/assistenza-smeg-parma/?gad_source=1&gad_campaignid=23795906066&gclid=Cj0KCQjw54nRBhDCARIsAMcY_SD0e_z6V7T6fXtHegD9vKhZUuFJCzfLlVjVvj5V46XzAMaOyROOKZoaAol7EALw_wcB" "Mozilla/5.0 (iPhone; CPU iPhone OS 26_5_0 like Mac OS X) AppleWebKit/605.1.15 (KHTML, like Gecko) CriOS/149.0.7827.45 Mobile/15E148 Safari/604.1"
5.90.117.89 - - [05/Jun/2026:16:49:49 +0200] "POST /wp-content/plugins/burst-statistics/endpoint.php HTTP/2.0" 200 1 "https://parma.elettroservicegroup.it/assistenza-smeg-parma/?gad_source=1&gad_campaignid=23795906066&gclid=Cj0KCQjw54nRBhDCARIsAMcY_SD0e_z6V7T6fXtHegD9vKhZUuFJCzfLlVjVvj5V46XzAMaOyROOKZoaAol7EALw_wcB" "Mozilla/5.0 (iPhone; CPU iPhone OS 26_5_0 like Mac OS X) AppleWebKit/605.1.15 (KHTML, like Gecko) CriOS/149.0.7827.45 Mobile/15E148 Safari/604.1"
65.108.235.243 - - [05/Jun/2026:16:49:50 +0200] "POST /wp-cron.php?doing_wp_cron=1780670990.5358490943908691406250 HTTP/1.1" 200 1 "-" "WordPress/7.0; https://parma.elettroservicegroup.it"
5.90.117.89 - - [05/Jun/2026:16:49:49 +0200] "POST /wp-json/complianz/v1/track HTTP/2.0" 200 20 "https://parma.elettroservicegroup.it/assistenza-smeg-parma/?gad_source=1&gad_campaignid=23795906066&gclid=Cj0KCQjw54nRBhDCARIsAMcY_SD0e_z6V7T6fXtHegD9vKhZUuFJCzfLlVjVvj5V46XzAMaOyROOKZoaAol7EALw_wcB" "Mozilla/5.0 (iPhone; CPU iPhone OS 26_5_0 like Mac OS X) AppleWebKit/605.1.15 (KHTML, like Gecko) CriOS/149.0.7827.45 Mobile/15E148 Safari/604.1"
5.90.117.89 - - [05/Jun/2026:16:49:53 +0200] "POST /wp-content/plugins/burst-statistics/endpoint.php HTTP/2.0" 200 1 "https://parma.elettroservicegroup.it/assistenza-smeg-parma/?gad_source=1&gad_campaignid=23795906066&gclid=Cj0KCQjw54nRBhDCARIsAMcY_SD0e_z6V7T6fXtHegD9vKhZUuFJCzfLlVjVvj5V46XzAMaOyROOKZoaAol7EALw_wcB" "Mozilla/5.0 (iPhone; CPU iPhone OS 26_5_0 like Mac OS X) AppleWebKit/605.1.15 (KHTML, like Gecko) CriOS/149.0.7827.45 Mobile/15E148 Safari/604.1"
65.108.235.243 - - [05/Jun/2026:16:56:23 +0200] "POST /wp-cron.php?doing_wp_cron=1780671382.9458889961242675781250 HTTP/1.1" 200 1 "-" "WordPress/7.0; https://parma.elettroservicegroup.it"
66.249.89.133 - - [05/Jun/2026:16:56:15 +0200] "GET /assistenza-lavatrici-aeg-parma/ HTTP/1.1" 200 22751 "-" "Mozilla/5.0 (Linux; Android 6.0.1; Nexus 5X Build/MMB29P) AppleWebKit/537.36 (KHTML, like Gecko) Chrome/148.0.7778.96 Mobile Safari/537.36 (compatible; AdsBot-Google-Mobile; +http://www.google.com/mobile/adsbot.html)"
66.249.89.134 - - [05/Jun/2026:16:56:41 +0200] "GET /wp-content/uploads/elementor/css/post-17319.css?ver=1780671382 HTTP/1.1" 200 2076 "https://parma.elettroservicegroup.it/assistenza-lavatrici-aeg-parma/" "AdsBot-Google (+http://www.google.com/adsbot.html)"
66.249.89.134 - - [05/Jun/2026:16:56:41 +0200] "GET /wp-content/uploads/burst/js/burst.min.js?ver=1780653229 HTTP/1.1" 200 3381 "https://parma.elettroservicegroup.it/assistenza-lavatrici-aeg-parma/" "AdsBot-Google (+http://www.google.com/adsbot.html)"
65.108.235.243 - - [05/Jun/2026:16:59:23 +0200] "POST /wp-cron.php?doing_wp_cron=1780671563.2449409961700439453125 HTTP/1.1" 200 1 "-" "WordPress/7.0; https://parma.elettroservicegroup.it"
66.249.89.135 - - [05/Jun/2026:16:59:19 +0200] "GET /assistenza-whirlpool-fidenza/ HTTP/1.1" 200 22753 "-" "Mozilla/5.0 (Linux; Android 6.0.1; Nexus 5X Build/MMB29P) AppleWebKit/537.36 (KHTML, like Gecko) Chrome/148.0.7778.96 Mobile Safari/537.36 (compatible; AdsBot-Google-Mobile; +http://www.google.com/mobile/adsbot.html)"
66.249.89.134 - - [05/Jun/2026:16:59:23 +0200] "GET /assistenza-lavatrici-whirlpool-fidenza/ HTTP/1.1" 200 22866 "-" "Mozilla/5.0 (Linux; Android 6.0.1; Nexus 5X Build/MMB29P) AppleWebKit/537.36 (KHTML, like Gecko) Chrome/148.0.7778.96 Mobile Safari/537.36 (compatible; AdsBot-Google-Mobile; +http://www.google.com/mobile/adsbot.html)"
66.249.89.133 - - [05/Jun/2026:16:59:43 +0200] "GET /wp-content/uploads/elementor/css/post-17367.css?ver=1780638965 HTTP/1.1" 200 2162 "https://parma.elettroservicegroup.it/assistenza-whirlpool-fidenza/" "AdsBot-Google (+http://www.google.com/adsbot.html)"
66.249.89.133 - - [05/Jun/2026:16:59:44 +0200] "GET /wp-content/plugins/elementor/assets/css/frontend.min.css?ver=4.1.1 HTTP/1.1" 200 6618 "https://parma.elettroservicegroup.it/assistenza-whirlpool-fidenza/" "AdsBot-Google (+http://www.google.com/adsbot.html)"
66.249.89.133 - - [05/Jun/2026:16:59:44 +0200] "GET /wp-content/plugins/elementor/assets/lib/animations/styles/bounceIn.min.css?ver=4.1.1 HTTP/1.1" 200 186 "https://parma.elettroservicegroup.it/assistenza-whirlpool-fidenza/" "AdsBot-Google (+http://www.google.com/adsbot.html)"
66.249.89.133 - - [05/Jun/2026:16:59:44 +0200] "GET /wp-content/plugins/elementor/assets/lib/animations/styles/zoomIn.min.css?ver=4.1.1 HTTP/1.1" 200 87 "https://parma.elettroservicegroup.it/assistenza-whirlpool-fidenza/" "AdsBot-Google (+http://www.google.com/adsbot.html)"
66.249.89.133 - - [05/Jun/2026:16:59:44 +0200] "GET /wp-content/uploads/burst/js/burst.min.js?ver=1780653229 HTTP/1.1" 200 3381 "https://parma.elettroservicegroup.it/assistenza-whirlpool-fidenza/" "AdsBot-Google (+http://www.google.com/adsbot.html)"
65.108.235.243 - - [05/Jun/2026:16:59:45 +0200] "POST /wp-cron.php?doing_wp_cron=1780671585.8295741081237792968750 HTTP/1.1" 200 1 "-" "WordPress/7.0; https://parma.elettroservicegroup.it"
66.249.89.133 - - [05/Jun/2026:16:59:45 +0200] "GET /wp-json/complianz/v1/banner?lang=it&locale=it_IT&token=elxap HTTP/1.1" 200 84 "https://parma.elettroservicegroup.it/assistenza-whirlpool-fidenza/" "AdsBot-Google (+http://www.google.com/adsbot.html)"
66.249.89.133 - - [05/Jun/2026:16:59:46 +0200] "GET /wp-content/uploads/complianz/css/banner-1-optin.css?v=46 HTTP/1.1" 200 2617 "https://parma.elettroservicegroup.it/assistenza-whirlpool-fidenza/" "AdsBot-Google (+http://www.google.com/adsbot.html)"
66.249.89.133 - - [05/Jun/2026:16:59:57 +0200] "GET /wp-content/uploads/elementor/css/post-17347.css?ver=1780671565 HTTP/1.1" 200 2147 "https://parma.elettroservicegroup.it/assistenza-lavatrici-whirlpool-fidenza/" "AdsBot-Google (+http://www.google.com/adsbot.html)"
66.249.89.133 - - [05/Jun/2026:16:59:57 +0200] "GET /wp-content/uploads/burst/js/burst.min.js?ver=1780653229 HTTP/1.1" 200 3381 "https://parma.elettroservicegroup.it/assistenza-lavatrici-whirlpool-fidenza/" "AdsBot-Google (+http://www.google.com/adsbot.html)"
187.19.254.138 - - [05/Jun/2026:17:06:32 +0200] "GET /wp-content/uploads/2022/08/Assistenza-e-Riparazioni-miele-Bologna-e1660926197796.png HTTP/1.1" 404 16914 "https://google.com, https://parma.elettroservicegroup.it/assistenza-miele-parma/" "Mozilla/5.0 (Macintosh; Intel Mac OS X 10_10_2; rv:60.5.1) Gecko/20100101 Firefox/60.5.1"
65.108.235.243 - - [05/Jun/2026:17:06:40 +0200] "POST /wp-cron.php?doing_wp_cron=1780672000.8363640308380126953125 HTTP/1.1" 200 1 "-" "WordPress/7.0; https://parma.elettroservicegroup.it"
144.48.115.129 - - [05/Jun/2026:17:06:34 +0200] "GET /wp-content/uploads/2022/01/logo-rex-electrolux-150x150-1.jpg HTTP/1.1" 404 16896 "https://google.com, https://parma.elettroservicegroup.it/assistenza-rex-electrolux-parma/" "Mozilla/5.0 (Macintosh; Intel Mac OS X 10_13_6; rv:59.0) Gecko/20100101 Firefox/59.0"
61.5.147.100 - - [05/Jun/2026:17:06:44 +0200] "GET /wp-content/uploads/2022/01/Ariston_logo-1024x251.jpg HTTP/1.1" 404 16893 "https://google.com, https://parma.elettroservicegroup.it/assistenza-ariston-parma/" "Mozilla/5.0 (Windows NT 6.0; WOW64) AppleWebKit/537.36 (KHTML, like Gecko) Chrome/64.0.3282.137 Safari/537.36 OPR/50.0.2762.67"
65.108.235.243 - - [05/Jun/2026:17:19:53 +0200] "POST /wp-cron.php?doing_wp_cron=1780672793.3428680896759033203125 HTTP/1.1" 200 1 "-" "WordPress/7.0; https://parma.elettroservicegroup.it"
142.250.32.7 - - [05/Jun/2026:17:19:46 +0200] "GET /.well-known/traffic-advice HTTP/1.1" 404 16884 "-" "Chrome Privacy Preserving Prefetch Proxy"
142.250.32.7 - - [05/Jun/2026:17:19:52 +0200] "GET /.well-known/traffic-advice HTTP/1.1" 404 16884 "-" "Chrome Privacy Preserving Prefetch Proxy"
162.120.188.9 - - [05/Jun/2026:17:19:46 +0200] "GET /assistenza-rex-electrolux-fidenza/?gad_source=1&gad_campaignid=23795906066&gbraid=0AAAABDgs-LT0H-9a07tiUAjWxtN9KlPD7&gclid=Cj0KCQjw54nRBhDCARIsAMcY_SDKqWVnwg2Mr4Wp8yyLTd1HpcPdnv-aykcub5E9ECuqrqXl1jb0uh8aAj-OEALw_wcB HTTP/2.0" 200 - "https://www.google.com/" "Mozilla/5.0 (Linux; Android 10; K) AppleWebKit/537.36 (KHTML, like Gecko) Chrome/148.0.0.0 Mobile Safari/537.36"
162.120.187.7 - - [05/Jun/2026:17:19:53 +0200] "GET /assistenza-rex-electrolux-fidenza/ HTTP/2.0" 200 22739 "https://www.google.com/" "Mozilla/5.0 (Linux; Android 10; K) AppleWebKit/537.36 (KHTML, like Gecko) Chrome/148.0.0.0 Mobile Safari/537.36"
65.108.235.243 - - [05/Jun/2026:17:20:17 +0200] "POST /wp-cron.php?doing_wp_cron=1780672817.7373299598693847656250 HTTP/1.1" 200 1 "-" "WordPress/7.0; https://parma.elettroservicegroup.it"
93.33.27.62 - - [05/Jun/2026:17:20:17 +0200] "GET /assistenza-rex-electrolux-fidenza/?gad_source=1&gad_campaignid=23795906066&gbraid=0AAAABDgs-LT0H-9a07tiUAjWxtN9KlPD7&gclid=Cj0KCQjw54nRBhDCARIsAMcY_SDKqWVnwg2Mr4Wp8yyLTd1HpcPdnv-aykcub5E9ECuqrqXl1jb0uh8aAj-OEALw_wcB HTTP/2.0" 200 22739 "https://www.google.com/" "Mozilla/5.0 (Linux; Android 10; K) AppleWebKit/537.36 (KHTML, like Gecko) Chrome/148.0.0.0 Mobile Safari/537.36"
93.33.27.62 - - [05/Jun/2026:17:20:18 +0200] "GET /wp-content/plugins/all-in-one-seo-pack/dist/Lite/assets/css/table-of-contents/global.e90f6d47.css?ver=4.9.7.2 HTTP/2.0" 200 420 "https://parma.elettroservicegroup.it/assistenza-rex-electrolux-fidenza/?gad_source=1&gad_campaignid=23795906066&gbraid=0AAAABDgs-LT0H-9a07tiUAjWxtN9KlPD7&gclid=Cj0KCQjw54nRBhDCARIsAMcY_SDKqWVnwg2Mr4Wp8yyLTd1HpcPdnv-aykcub5E9ECuqrqXl1jb0uh8aAj-OEALw_wcB" "Mozilla/5.0 (Linux; Android 10; K) AppleWebKit/537.36 (KHTML, like Gecko) Chrome/148.0.0.0 Mobile Safari/537.36"
93.33.27.62 - - [05/Jun/2026:17:20:18 +0200] "GET /wp-content/plugins/header-footer-elementor/inc/widgets-css/frontend.css?ver=2.8.8 HTTP/2.0" 200 8711 "https://parma.elettroservicegroup.it/assistenza-rex-electrolux-fidenza/?gad_source=1&gad_campaignid=23795906066&gbraid=0AAAABDgs-LT0H-9a07tiUAjWxtN9KlPD7&gclid=Cj0KCQjw54nRBhDCARIsAMcY_SDKqWVnwg2Mr4Wp8yyLTd1HpcPdnv-aykcub5E9ECuqrqXl1jb0uh8aAj-OEALw_wcB" "Mozilla/5.0 (Linux; Android 10; K) AppleWebKit/537.36 (KHTML, like Gecko) Chrome/148.0.0.0 Mobile Safari/537.36"
93.33.27.62 - - [05/Jun/2026:17:20:18 +0200] "GET /wp-content/plugins/header-footer-elementor/assets/css/header-footer-elementor.css?ver=2.8.8 HTTP/2.0" 200 260 "https://parma.elettroservicegroup.it/assistenza-rex-electrolux-fidenza/?gad_source=1&gad_campaignid=23795906066&gbraid=0AAAABDgs-LT0H-9a07tiUAjWxtN9KlPD7&gclid=Cj0KCQjw54nRBhDCARIsAMcY_SDKqWVnwg2Mr4Wp8yyLTd1HpcPdnv-aykcub5E9ECuqrqXl1jb0uh8aAj-OEALw_wcB" "Mozilla/5.0 (Linux; Android 10; K) AppleWebKit/537.36 (KHTML, like Gecko) Chrome/148.0.0.0 Mobile Safari/537.36"
