85.254.7.137 - - [08/Jun/2026:21:45:20 +0200] "GET / HTTP/2.0" 200 21691 "-" "Mozilla/5.0 (Macintosh; Intel Mac OS X 10_15_7) AppleWebKit/537.36 (KHTML, like Gecko) Chrome/142.0.0.0 Safari/537.36"
154.30.73.238 - - [08/Jun/2026:21:46:58 +0200] "GET / HTTP/2.0" 200 21691 "-" "Mozilla/5.0 (Macintosh; Intel Mac OS X 10_15_7) AppleWebKit/537.36 (KHTML, like Gecko) Chrome/142.0.0.0 Safari/537.36"
65.108.235.243 - - [08/Jun/2026:22:13:03 +0200] "POST /wp-cron.php?doing_wp_cron=1780949583.2852768898010253906250 HTTP/1.1" 200 1 "-" "WordPress/7.0; https://piacenza.elettroservicegroup.it"
31.76.144.183 - - [08/Jun/2026:22:13:01 +0200] "GET /wp-content/uploads/2022/08/Assistenza-e-Riparazioni-miele-Bologna-e1660926164611.png HTTP/1.1" 404 84403 "-" "Mozilla/5.0 (compatible; crawler)"
65.108.235.243 - - [08/Jun/2026:22:13:03 +0200] "GET /imprint/ HTTP/1.1" 200 17078 "-" "WP Fastest Cache Preload Bot"
65.108.235.243 - - [08/Jun/2026:22:13:03 +0200] "GET /dichiarazione-sulla-privacy-ue/ HTTP/1.1" 200 19574 "-" "WP Fastest Cache Preload Bot"
65.108.235.243 - - [08/Jun/2026:22:13:04 +0200] "GET /assistenza-whirlpool-piacenza/ HTTP/1.1" 200 21744 "-" "WP Fastest Cache Preload Bot"
65.108.235.243 - - [08/Jun/2026:22:13:04 +0200] "GET /assistenza-smeg-piacenza/ HTTP/1.1" 200 21691 "-" "WP Fastest Cache Preload Bot"
65.108.235.243 - - [08/Jun/2026:22:13:05 +0200] "GET / HTTP/1.1" 200 21712 "-" "WP Fastest Cache Preload Bot"
65.108.235.243 - - [08/Jun/2026:22:17:47 +0200] "POST /wp-cron.php?doing_wp_cron=1780949867.2713561058044433593750 HTTP/1.1" 200 1 "-" "WordPress/7.0; https://piacenza.elettroservicegroup.it"
35.228.188.232 - - [08/Jun/2026:22:17:39 +0200] "GET /.git/config HTTP/1.1" 301 - "-" "Mozilla/5.0 (Macintosh; Intel Mac OS X 10_15_0) AppleWebKit/537.36 (KHTML, like Gecko) Chrome/75.0.3770.142 Safari/537.36"
65.108.235.243 - - [08/Jun/2026:22:17:49 +0200] "GET /imprint/ HTTP/1.1" 200 17079 "-" "WP Fastest Cache Preload Bot"
65.108.235.243 - - [08/Jun/2026:22:17:49 +0200] "GET /dichiarazione-sulla-privacy-ue/ HTTP/1.1" 200 19575 "-" "WP Fastest Cache Preload Bot"
65.108.235.243 - - [08/Jun/2026:22:17:51 +0200] "GET /assistenza-whirlpool-piacenza/ HTTP/1.1" 200 21744 "-" "WP Fastest Cache Preload Bot"
65.108.235.243 - - [08/Jun/2026:22:17:54 +0200] "GET /assistenza-smeg-piacenza/ HTTP/1.1" 200 21692 "-" "WP Fastest Cache Preload Bot"
156.238.60.134 - - [08/Jun/2026:22:32:28 +0200] "GET /wp-content/uploads/2022/08/ASCIUGATRICE-TECNIC-4-300x225.jpg HTTP/1.1" 200 16834 "-" "Mozilla/5.0 (compatible; crawler)"
52.167.144.220 - - [08/Jun/2026:23:06:01 +0200] "GET /assistenza-lavastoviglie-piacenza/ HTTP/2.0" 200 21623 "-" "Mozilla/5.0 AppleWebKit/537.36 (KHTML, like Gecko; compatible; bingbot/2.0; +http://www.bing.com/bingbot.htm) Chrome/116.0.1938.76 Safari/537.36"
65.108.235.243 - - [08/Jun/2026:23:35:03 +0200] "POST /wp-cron.php?doing_wp_cron=1780954503.1819820404052734375000 HTTP/1.1" 200 1 "-" "WordPress/7.0; https://piacenza.elettroservicegroup.it"
40.77.167.70 - - [08/Jun/2026:23:35:00 +0200] "GET /sitemap.rss HTTP/2.0" 200 1300 "-" "Mozilla/5.0 AppleWebKit/537.36 (KHTML, like Gecko; compatible; bingbot/2.0; +http://www.bing.com/bingbot.htm) Chrome/116.0.1938.76 Safari/537.36"
65.108.235.243 - - [08/Jun/2026:23:35:06 +0200] "GET /assistenza-siemens-piacenza/ HTTP/1.1" 200 21873 "-" "WP Fastest Cache Preload Bot"
65.108.235.243 - - [08/Jun/2026:23:35:07 +0200] "GET /assistenza-rex-electrolux-piacenza/ HTTP/1.1" 200 21735 "-" "WP Fastest Cache Preload Bot"
65.108.235.243 - - [08/Jun/2026:23:35:07 +0200] "GET /assistenza-miele-piacenza/ HTTP/1.1" 200 21977 "-" "WP Fastest Cache Preload Bot"
65.108.235.243 - - [08/Jun/2026:23:35:08 +0200] "GET /assistenza-lavatrici-whirlpool-piacenza/ HTTP/1.1" 200 21847 "-" "WP Fastest Cache Preload Bot"
65.108.235.243 - - [08/Jun/2026:23:50:54 +0200] "POST /wp-cron.php?doing_wp_cron=1780955454.8024160861968994140625 HTTP/1.1" 200 1 "-" "WordPress/7.0; https://piacenza.elettroservicegroup.it"
216.73.217.177 - - [08/Jun/2026:23:50:53 +0200] "GET /robots.txt HTTP/2.0" 200 108 "-" "Mozilla/5.0 AppleWebKit/537.36 (KHTML, like Gecko; compatible; ClaudeBot/1.0; +claudebot@anthropic.com)"
65.108.235.243 - - [08/Jun/2026:23:50:55 +0200] "GET /assistenza-lavatrici-smeg-piacenza/ HTTP/1.1" 200 21594 "-" "WP Fastest Cache Preload Bot"
65.108.235.243 - - [08/Jun/2026:23:50:55 +0200] "GET /assistenza-lavatrici-rex-electrolux-piacenza/ HTTP/1.1" 200 21563 "-" "WP Fastest Cache Preload Bot"
65.108.235.243 - - [08/Jun/2026:23:50:56 +0200] "GET /assistenza-lavatrici-indesit-piacenza/ HTTP/1.1" 200 21587 "-" "WP Fastest Cache Preload Bot"
65.108.235.243 - - [08/Jun/2026:23:50:56 +0200] "GET /assistenza-lavatrici-bosch-piacenza/ HTTP/1.1" 200 21638 "-" "WP Fastest Cache Preload Bot"
94.103.84.74 - - [09/Jun/2026:00:17:18 +0200] "GET /wp-login.php HTTP/2.0" 200 11781 "-" "Mozilla/5.0 (Windows NT 10.0; Win64; x64; rv:133.0) Gecko/20100101 Firefox/133.0"
94.103.84.74 - - [09/Jun/2026:00:17:28 +0200] "POST /xmlrpc.php HTTP/2.0" 200 11781 "-" "Mozilla/5.0 (Windows NT 10.0; Win64; x64) AppleWebKit/537.36 (KHTML, like Gecko) Chrome/124.0.0.0 Safari/537.36"
204.77.128.100 - - [09/Jun/2026:00:17:35 +0200] "POST /xmlrpc.php HTTP/2.0" 200 11708 "-" "Mozilla/5.0 (Windows NT 10.0; Win64; x64) AppleWebKit/537.36 (KHTML, like Gecko) Chrome/124.0.0.0 Safari/537.36"
130.117.139.62 - - [09/Jun/2026:00:17:37 +0200] "POST /xmlrpc.php HTTP/2.0" 403 52 "-" "Mozilla/5.0 (Macintosh; Intel Mac OS X 10_15_7) AppleWebKit/605.1.15 (KHTML, like Gecko) Version/18.0 Safari/605.1.15"
207.228.202.188 - - [09/Jun/2026:00:17:45 +0200] "POST /xmlrpc.php HTTP/2.0" 200 11795 "-" "Mozilla/5.0 (Windows NT 10.0; Win64; x64; rv:133.0) Gecko/20100101 Firefox/133.0"
107.158.19.197 - - [09/Jun/2026:00:17:49 +0200] "POST /xmlrpc.php HTTP/2.0" 403 52 "-" "Mozilla/5.0 (Windows NT 10.0; Win64; x64; rv:133.0) Gecko/20100101 Firefox/133.0"
77.90.154.207 - - [09/Jun/2026:00:17:52 +0200] "POST /xmlrpc.php HTTP/2.0" 200 11709 "-" "Mozilla/5.0 (Windows NT 10.0; Win64; x64; rv:133.0) Gecko/20100101 Firefox/133.0"
38.101.116.74 - - [09/Jun/2026:00:17:55 +0200] "POST /xmlrpc.php HTTP/2.0" 403 52 "-" "Mozilla/5.0 (Macintosh; Intel Mac OS X 10_15_7) AppleWebKit/605.1.15 (KHTML, like Gecko) Version/18.0 Safari/605.1.15"
130.117.139.136 - - [09/Jun/2026:00:18:01 +0200] "POST /xmlrpc.php HTTP/2.0" 403 52 "-" "Mozilla/5.0 (Macintosh; Intel Mac OS X 10_15_7) AppleWebKit/605.1.15 (KHTML, like Gecko) Version/18.0 Safari/605.1.15"
207.228.200.214 - - [09/Jun/2026:00:18:10 +0200] "POST /xmlrpc.php HTTP/2.0" 403 52 "-" "Mozilla/5.0 (Windows NT 10.0; Win64; x64; rv:133.0) Gecko/20100101 Firefox/133.0"
185.230.14.48 - - [09/Jun/2026:00:18:12 +0200] "POST /xmlrpc.php HTTP/2.0" 403 52 "-" "Mozilla/5.0 (Windows NT 10.0; Win64; x64) AppleWebKit/537.36 (KHTML, like Gecko) Chrome/124.0.0.0 Safari/537.36"
94.103.84.74 - - [09/Jun/2026:00:18:15 +0200] "GET /wp-login.php HTTP/2.0" 200 11782 "-" "Mozilla/5.0 (Macintosh; Intel Mac OS X 10_15_7) AppleWebKit/605.1.15 (KHTML, like Gecko) Version/18.0 Safari/605.1.15"
65.108.235.243 - - [09/Jun/2026:00:18:25 +0200] "POST /wp-cron.php?doing_wp_cron=1780957105.7764899730682373046875 HTTP/1.1" 200 1 "-" "WordPress/7.0; https://piacenza.elettroservicegroup.it"
207.228.200.214 - - [09/Jun/2026:00:18:20 +0200] "GET /wp-login.php HTTP/2.0" 200 3244 "-" "Mozilla/5.0 (Windows NT 10.0; Win64; x64; rv:133.0) Gecko/20100101 Firefox/133.0"
207.228.200.214 - - [09/Jun/2026:00:18:27 +0200] "POST /wp-login.php HTTP/2.0" 503 6752 "https://piacenza.elettroservicegroup.it/wp-login.php" "Mozilla/5.0 (Windows NT 10.0; Win64; x64; rv:133.0) Gecko/20100101 Firefox/133.0"
65.108.235.243 - - [09/Jun/2026:00:18:27 +0200] "GET /assistenza-lavatrici-ariston-piacenza/ HTTP/1.1" 200 21656 "-" "WP Fastest Cache Preload Bot"
107.158.19.26 - - [09/Jun/2026:00:18:32 +0200] "GET /wp-login.php HTTP/2.0" 200 11797 "-" "Mozilla/5.0 (Windows NT 10.0; Win64; x64; rv:133.0) Gecko/20100101 Firefox/133.0"
65.108.235.243 - - [09/Jun/2026:00:18:31 +0200] "GET /assistenza-lavatrici-aeg-piacenza/ HTTP/1.1" 200 21655 "-" "WP Fastest Cache Preload Bot"
65.108.235.243 - - [09/Jun/2026:00:18:33 +0200] "GET /assistenza-lavatrici-piacenza/ HTTP/1.1" 200 21906 "-" "WP Fastest Cache Preload Bot"
206.206.91.192 - - [09/Jun/2026:00:18:35 +0200] "GET /wp-login.php HTTP/2.0" 200 11731 "-" "Mozilla/5.0 (Windows NT 10.0; Win64; x64; rv:133.0) Gecko/20100101 Firefox/133.0"
65.108.235.243 - - [09/Jun/2026:00:18:35 +0200] "GET /assistenza-lavastoviglie-whirlpool-piacenza/ HTTP/1.1" 200 21604 "-" "WP Fastest Cache Preload Bot"
107.158.92.45 - - [09/Jun/2026:00:18:42 +0200] "GET /wp-login.php HTTP/2.0" 200 3244 "-" "Mozilla/5.0 (Windows NT 10.0; Win64; x64) AppleWebKit/537.36 (KHTML, like Gecko) Chrome/124.0.0.0 Safari/537.36"
107.158.92.45 - - [09/Jun/2026:00:18:45 +0200] "POST /wp-login.php HTTP/2.0" 503 6751 "https://piacenza.elettroservicegroup.it/wp-login.php" "Mozilla/5.0 (Windows NT 10.0; Win64; x64) AppleWebKit/537.36 (KHTML, like Gecko) Chrome/124.0.0.0 Safari/537.36"
204.77.129.230 - - [09/Jun/2026:00:18:50 +0200] "GET /wp-login.php HTTP/2.0" 200 3244 "-" "Mozilla/5.0 (Windows NT 10.0; Win64; x64) AppleWebKit/537.36 (KHTML, like Gecko) Chrome/124.0.0.0 Safari/537.36"
204.77.129.230 - - [09/Jun/2026:00:18:51 +0200] "POST /wp-login.php HTTP/2.0" 503 6751 "https://piacenza.elettroservicegroup.it/wp-login.php" "Mozilla/5.0 (Windows NT 10.0; Win64; x64) AppleWebKit/537.36 (KHTML, like Gecko) Chrome/124.0.0.0 Safari/537.36"
107.158.93.76 - - [09/Jun/2026:00:18:56 +0200] "GET /wp-login.php HTTP/2.0" 200 11878 "-" "Mozilla/5.0 (Windows NT 10.0; Win64; x64) AppleWebKit/537.36 (KHTML, like Gecko) Chrome/124.0.0.0 Safari/537.36"
104.234.48.109 - - [09/Jun/2026:00:19:08 +0200] "GET /wp-login.php HTTP/2.0" 200 3244 "-" "Mozilla/5.0 (Windows NT 10.0; Win64; x64) AppleWebKit/537.36 (KHTML, like Gecko) Chrome/124.0.0.0 Safari/537.36"
65.108.235.243 - - [09/Jun/2026:00:19:16 +0200] "POST /wp-cron.php?doing_wp_cron=1780957156.0730440616607666015625 HTTP/1.1" 200 1 "-" "WordPress/7.0; https://piacenza.elettroservicegroup.it"
104.234.48.109 - - [09/Jun/2026:00:19:13 +0200] "POST /wp-login.php HTTP/2.0" 503 6751 "https://piacenza.elettroservicegroup.it/wp-login.php" "Mozilla/5.0 (Windows NT 10.0; Win64; x64) AppleWebKit/537.36 (KHTML, like Gecko) Chrome/124.0.0.0 Safari/537.36"
206.206.91.247 - - [09/Jun/2026:00:19:22 +0200] "GET /wp-login.php HTTP/2.0" 200 3244 "-" "Mozilla/5.0 (Windows NT 10.0; Win64; x64) AppleWebKit/537.36 (KHTML, like Gecko) Chrome/124.0.0.0 Safari/537.36"
65.108.235.243 - - [09/Jun/2026:00:19:29 +0200] "POST /wp-cron.php?doing_wp_cron=1780957169.8724570274353027343750 HTTP/1.1" 200 1 "-" "WordPress/7.0; https://piacenza.elettroservicegroup.it"
206.206.91.247 - - [09/Jun/2026:00:19:27 +0200] "POST /wp-login.php HTTP/2.0" 503 6752 "https://piacenza.elettroservicegroup.it/wp-login.php" "Mozilla/5.0 (Windows NT 10.0; Win64; x64) AppleWebKit/537.36 (KHTML, like Gecko) Chrome/124.0.0.0 Safari/537.36"
65.108.235.243 - - [09/Jun/2026:00:19:38 +0200] "POST /wp-cron.php?doing_wp_cron=1780957177.9809169769287109375000 HTTP/1.1" 200 1 "-" "WordPress/7.0; https://piacenza.elettroservicegroup.it"
107.158.92.70 - - [09/Jun/2026:00:19:37 +0200] "GET /wp-login.php HTTP/2.0" 200 3244 "-" "Mozilla/5.0 (Windows NT 10.0; Win64; x64) AppleWebKit/537.36 (KHTML, like Gecko) Chrome/124.0.0.0 Safari/537.36"
65.108.235.243 - - [09/Jun/2026:00:19:39 +0200] "GET /assistenza-lavastoviglie-smeg-piacenza/ HTTP/1.1" 200 21551 "-" "WP Fastest Cache Preload Bot"
107.158.92.70 - - [09/Jun/2026:00:19:41 +0200] "POST /wp-login.php HTTP/2.0" 503 6751 "https://piacenza.elettroservicegroup.it/wp-login.php" "Mozilla/5.0 (Windows NT 10.0; Win64; x64) AppleWebKit/537.36 (KHTML, like Gecko) Chrome/124.0.0.0 Safari/537.36"
65.108.235.243 - - [09/Jun/2026:00:19:41 +0200] "GET /assistenza-lavastoviglie-rex-electrolux-piacenza/ HTTP/1.1" 200 21514 "-" "WP Fastest Cache Preload Bot"
104.233.16.21 - - [09/Jun/2026:00:19:45 +0200] "GET /wp-login.php HTTP/2.0" 200 3244 "-" "Mozilla/5.0 (Windows NT 10.0; Win64; x64) AppleWebKit/537.36 (KHTML, like Gecko) Chrome/124.0.0.0 Safari/537.36"
65.108.235.243 - - [09/Jun/2026:00:19:44 +0200] "GET /assistenza-lavastoviglie-indesit-piacenza/ HTTP/1.1" 200 22015 "-" "WP Fastest Cache Preload Bot"
104.233.16.21 - - [09/Jun/2026:00:19:46 +0200] "POST /wp-login.php HTTP/2.0" 503 6752 "https://piacenza.elettroservicegroup.it/wp-login.php" "Mozilla/5.0 (Windows NT 10.0; Win64; x64) AppleWebKit/537.36 (KHTML, like Gecko) Chrome/124.0.0.0 Safari/537.36"
65.108.235.243 - - [09/Jun/2026:00:19:48 +0200] "GET /assistenza-lavastoviglie-bosch-piacenza/ HTTP/1.1" 200 22037 "-" "WP Fastest Cache Preload Bot"
38.101.116.74 - - [09/Jun/2026:00:19:54 +0200] "GET /wp-login.php HTTP/2.0" 200 3244 "-" "Mozilla/5.0 (Windows NT 10.0; Win64; x64) AppleWebKit/537.36 (KHTML, like Gecko) Chrome/124.0.0.0 Safari/537.36"
65.108.235.243 - - [09/Jun/2026:00:19:56 +0200] "POST /wp-cron.php?doing_wp_cron=1780957195.5654549598693847656250 HTTP/1.1" 200 1 "-" "WordPress/7.0; https://piacenza.elettroservicegroup.it"
38.101.116.74 - - [09/Jun/2026:00:20:00 +0200] "POST /wp-login.php HTTP/2.0" 503 6751 "https://piacenza.elettroservicegroup.it/wp-login.php" "Mozilla/5.0 (Windows NT 10.0; Win64; x64) AppleWebKit/537.36 (KHTML, like Gecko) Chrome/124.0.0.0 Safari/537.36"
75.75.254.247 - - [09/Jun/2026:00:20:11 +0200] "GET /wp-login.php HTTP/2.0" 200 11811 "-" "Mozilla/5.0 (Windows NT 10.0; Win64; x64) AppleWebKit/537.36 (KHTML, like Gecko) Chrome/124.0.0.0 Safari/537.36"
64.137.10.119 - - [09/Jun/2026:00:20:18 +0200] "GET /wp-login.php HTTP/2.0" 200 3244 "-" "Mozilla/5.0 (Windows NT 10.0; Win64; x64) AppleWebKit/537.36 (KHTML, like Gecko) Chrome/124.0.0.0 Safari/537.36"
64.137.10.119 - - [09/Jun/2026:00:20:20 +0200] "POST /wp-login.php HTTP/2.0" 503 6751 "https://piacenza.elettroservicegroup.it/wp-login.php" "Mozilla/5.0 (Windows NT 10.0; Win64; x64) AppleWebKit/537.36 (KHTML, like Gecko) Chrome/124.0.0.0 Safari/537.36"
154.62.174.124 - - [09/Jun/2026:00:20:25 +0200] "GET /wp-login.php HTTP/2.0" 200 11868 "-" "Mozilla/5.0 (Windows NT 10.0; Win64; x64) AppleWebKit/537.36 (KHTML, like Gecko) Chrome/124.0.0.0 Safari/537.36"
204.77.128.100 - - [09/Jun/2026:00:20:33 +0200] "GET /wp-login.php HTTP/2.0" 200 11796 "-" "Mozilla/5.0 (Macintosh; Intel Mac OS X 10_15_7) AppleWebKit/605.1.15 (KHTML, like Gecko) Version/18.0 Safari/605.1.15"
65.108.235.243 - - [09/Jun/2026:00:20:38 +0200] "POST /wp-cron.php?doing_wp_cron=1780957237.9715280532836914062500 HTTP/1.1" 200 1 "-" "WordPress/7.0; https://piacenza.elettroservicegroup.it"
130.117.139.62 - - [09/Jun/2026:00:20:36 +0200] "GET /wp-login.php HTTP/2.0" 200 3244 "-" "Mozilla/5.0 (Windows NT 10.0; Win64; x64) AppleWebKit/537.36 (KHTML, like Gecko) Chrome/124.0.0.0 Safari/537.36"
130.117.139.62 - - [09/Jun/2026:00:20:38 +0200] "POST /wp-login.php HTTP/2.0" 503 6751 "https://piacenza.elettroservicegroup.it/wp-login.php" "Mozilla/5.0 (Windows NT 10.0; Win64; x64) AppleWebKit/537.36 (KHTML, like Gecko) Chrome/124.0.0.0 Safari/537.36"
204.77.129.251 - - [09/Jun/2026:00:20:45 +0200] "GET /wp-login.php HTTP/2.0" 200 3244 "-" "Mozilla/5.0 (Windows NT 10.0; Win64; x64) AppleWebKit/537.36 (KHTML, like Gecko) Chrome/124.0.0.0 Safari/537.36"
204.77.129.251 - - [09/Jun/2026:00:20:49 +0200] "POST /wp-login.php HTTP/2.0" 503 6751 "https://piacenza.elettroservicegroup.it/wp-login.php" "Mozilla/5.0 (Windows NT 10.0; Win64; x64) AppleWebKit/537.36 (KHTML, like Gecko) Chrome/124.0.0.0 Safari/537.36"
161.123.5.72 - - [09/Jun/2026:00:20:57 +0200] "GET /wp-login.php HTTP/2.0" 200 3244 "-" "Mozilla/5.0 (Windows NT 10.0; Win64; x64) AppleWebKit/537.36 (KHTML, like Gecko) Chrome/124.0.0.0 Safari/537.36"
161.123.5.72 - - [09/Jun/2026:00:21:02 +0200] "POST /wp-login.php HTTP/2.0" 503 6751 "https://piacenza.elettroservicegroup.it/wp-login.php" "Mozilla/5.0 (Windows NT 10.0; Win64; x64) AppleWebKit/537.36 (KHTML, like Gecko) Chrome/124.0.0.0 Safari/537.36"
65.108.235.243 - - [09/Jun/2026:00:21:10 +0200] "POST /wp-cron.php?doing_wp_cron=1780957270.3722329139709472656250 HTTP/1.1" 200 1 "-" "WordPress/7.0; https://piacenza.elettroservicegroup.it"
185.230.14.208 - - [09/Jun/2026:00:21:08 +0200] "GET /wp-login.php HTTP/2.0" 200 3244 "-" "Mozilla/5.0 (Windows NT 10.0; Win64; x64) AppleWebKit/537.36 (KHTML, like Gecko) Chrome/124.0.0.0 Safari/537.36"
185.230.14.208 - - [09/Jun/2026:00:21:12 +0200] "POST /wp-login.php HTTP/2.0" 503 6751 "https://piacenza.elettroservicegroup.it/wp-login.php" "Mozilla/5.0 (Windows NT 10.0; Win64; x64) AppleWebKit/537.36 (KHTML, like Gecko) Chrome/124.0.0.0 Safari/537.36"
207.228.203.76 - - [09/Jun/2026:00:21:18 +0200] "GET /wp-login.php HTTP/2.0" 200 3244 "-" "Mozilla/5.0 (Windows NT 10.0; Win64; x64) AppleWebKit/537.36 (KHTML, like Gecko) Chrome/124.0.0.0 Safari/537.36"
207.228.203.76 - - [09/Jun/2026:00:21:21 +0200] "POST /wp-login.php HTTP/2.0" 503 6751 "https://piacenza.elettroservicegroup.it/wp-login.php" "Mozilla/5.0 (Windows NT 10.0; Win64; x64) AppleWebKit/537.36 (KHTML, like Gecko) Chrome/124.0.0.0 Safari/537.36"
94.103.84.74 - - [09/Jun/2026:00:21:26 +0200] "GET /wp-login.php HTTP/2.0" 200 11796 "-" "Mozilla/5.0 (Windows NT 10.0; Win64; x64) AppleWebKit/537.36 (KHTML, like Gecko) Chrome/124.0.0.0 Safari/537.36"
185.230.14.163 - - [09/Jun/2026:00:21:42 +0200] "GET /wp-login.php HTTP/2.0" 200 11776 "-" "Mozilla/5.0 (Windows NT 10.0; Win64; x64; rv:133.0) Gecko/20100101 Firefox/133.0"
207.228.202.18 - - [09/Jun/2026:00:21:45 +0200] "GET /wp-login.php HTTP/2.0" 200 11812 "-" "Mozilla/5.0 (Windows NT 10.0; Win64; x64; rv:133.0) Gecko/20100101 Firefox/133.0"
207.228.202.188 - - [09/Jun/2026:00:21:49 +0200] "GET /wp-login.php HTTP/2.0" 200 11780 "-" "Mozilla/5.0 (Windows NT 10.0; Win64; x64) AppleWebKit/537.36 (KHTML, like Gecko) Chrome/124.0.0.0 Safari/537.36"
104.234.48.109 - - [09/Jun/2026:00:21:51 +0200] "GET /wp-login.php HTTP/2.0" 503 6560 "-" "Mozilla/5.0 (Windows NT 10.0; Win64; x64) AppleWebKit/537.36 (KHTML, like Gecko) Chrome/124.0.0.0 Safari/537.36"
204.77.129.251 - - [09/Jun/2026:00:21:56 +0200] "GET /wp-login.php HTTP/2.0" 503 6560 "-" "Mozilla/5.0 (Windows NT 10.0; Win64; x64) AppleWebKit/537.36 (KHTML, like Gecko) Chrome/124.0.0.0 Safari/537.36"
161.123.5.72 - - [09/Jun/2026:00:22:04 +0200] "GET /wp-login.php HTTP/2.0" 503 6560 "-" "Mozilla/5.0 (Windows NT 10.0; Win64; x64) AppleWebKit/537.36 (KHTML, like Gecko) Chrome/124.0.0.0 Safari/537.36"
104.233.16.21 - - [09/Jun/2026:00:22:08 +0200] "GET /wp-login.php HTTP/2.0" 503 6560 "-" "Mozilla/5.0 (Windows NT 10.0; Win64; x64) AppleWebKit/537.36 (KHTML, like Gecko) Chrome/124.0.0.0 Safari/537.36"
77.90.154.117 - - [09/Jun/2026:00:22:12 +0200] "GET /wp-login.php HTTP/2.0" 200 11752 "-" "Mozilla/5.0 (Windows NT 10.0; Win64; x64) AppleWebKit/537.36 (KHTML, like Gecko) Chrome/124.0.0.0 Safari/537.36"
104.234.48.242 - - [09/Jun/2026:00:22:17 +0200] "GET /wp-login.php HTTP/2.0" 200 11742 "-" "Mozilla/5.0 (Windows NT 10.0; Win64; x64; rv:133.0) Gecko/20100101 Firefox/133.0"
207.228.203.76 - - [09/Jun/2026:00:22:22 +0200] "GET /wp-login.php HTTP/2.0" 200 11777 "-" "Mozilla/5.0 (Windows NT 10.0; Win64; x64) AppleWebKit/537.36 (KHTML, like Gecko) Chrome/124.0.0.0 Safari/537.36"
107.158.19.197 - - [09/Jun/2026:00:22:26 +0200] "GET /wp-login.php HTTP/2.0" 200 11787 "-" "Mozilla/5.0 (Macintosh; Intel Mac OS X 10_15_7) AppleWebKit/605.1.15 (KHTML, like Gecko) Version/18.0 Safari/605.1.15"
77.90.154.207 - - [09/Jun/2026:00:22:31 +0200] "GET /wp-login.php HTTP/2.0" 200 11853 "-" "Mozilla/5.0 (Windows NT 10.0; Win64; x64; rv:133.0) Gecko/20100101 Firefox/133.0"
66.253.7.250 - - [09/Jun/2026:00:22:35 +0200] "GET /wp-login.php HTTP/2.0" 200 11832 "-" "Mozilla/5.0 (Windows NT 10.0; Win64; x64; rv:133.0) Gecko/20100101 Firefox/133.0"
204.77.129.230 - - [09/Jun/2026:00:22:40 +0200] "GET /wp-login.php HTTP/2.0" 503 6560 "-" "Mozilla/5.0 (Windows NT 10.0; Win64; x64; rv:133.0) Gecko/20100101 Firefox/133.0"
130.117.139.146 - - [09/Jun/2026:00:22:51 +0200] "GET /wp-login.php HTTP/2.0" 200 11666 "-" "Mozilla/5.0 (Windows NT 10.0; Win64; x64; rv:133.0) Gecko/20100101 Firefox/133.0"
205.164.115.118 - - [09/Jun/2026:00:22:54 +0200] "GET /wp-login.php HTTP/2.0" 200 11838 "-" "Mozilla/5.0 (Macintosh; Intel Mac OS X 10_15_7) AppleWebKit/605.1.15 (KHTML, like Gecko) Version/18.0 Safari/605.1.15"
104.234.48.135 - - [09/Jun/2026:00:22:58 +0200] "GET /wp-login.php HTTP/2.0" 200 11782 "-" "Mozilla/5.0 (Windows NT 10.0; Win64; x64) AppleWebKit/537.36 (KHTML, like Gecko) Chrome/124.0.0.0 Safari/537.36"
207.228.200.214 - - [09/Jun/2026:00:23:05 +0200] "GET /wp-login.php HTTP/2.0" 200 11806 "-" "Mozilla/5.0 (Macintosh; Intel Mac OS X 10_15_7) AppleWebKit/605.1.15 (KHTML, like Gecko) Version/18.0 Safari/605.1.15"
75.75.255.134 - - [09/Jun/2026:00:23:09 +0200] "GET /wp-login.php HTTP/2.0" 200 11813 "-" "Mozilla/5.0 (Windows NT 10.0; Win64; x64) AppleWebKit/537.36 (KHTML, like Gecko) Chrome/124.0.0.0 Safari/537.36"
94.103.84.74 - - [09/Jun/2026:00:23:13 +0200] "GET /wp-login.php HTTP/2.0" 200 11877 "-" "Mozilla/5.0 (Macintosh; Intel Mac OS X 10_15_7) AppleWebKit/605.1.15 (KHTML, like Gecko) Version/18.0 Safari/605.1.15"
207.228.203.76 - - [09/Jun/2026:00:23:15 +0200] "GET /wp-login.php HTTP/2.0" 200 11838 "-" "Mozilla/5.0 (Macintosh; Intel Mac OS X 10_15_7) AppleWebKit/605.1.15 (KHTML, like Gecko) Version/18.0 Safari/605.1.15"
107.158.92.45 - - [09/Jun/2026:00:23:25 +0200] "GET /wp-login.php HTTP/2.0" 200 11797 "-" "Mozilla/5.0 (Macintosh; Intel Mac OS X 10_15_7) AppleWebKit/605.1.15 (KHTML, like Gecko) Version/18.0 Safari/605.1.15"
130.117.139.10 - - [09/Jun/2026:00:23:30 +0200] "GET /wp-login.php HTTP/2.0" 200 11837 "-" "Mozilla/5.0 (Macintosh; Intel Mac OS X 10_15_7) AppleWebKit/605.1.15 (KHTML, like Gecko) Version/18.0 Safari/605.1.15"
75.75.254.247 - - [09/Jun/2026:00:23:40 +0200] "GET /wp-login.php HTTP/2.0" 200 11842 "-" "Mozilla/5.0 (Windows NT 10.0; Win64; x64) AppleWebKit/537.36 (KHTML, like Gecko) Chrome/124.0.0.0 Safari/537.36"
104.234.48.135 - - [09/Jun/2026:00:23:45 +0200] "GET /wp-login.php HTTP/2.0" 200 11832 "-" "Mozilla/5.0 (Windows NT 10.0; Win64; x64; rv:133.0) Gecko/20100101 Firefox/133.0"
206.206.91.247 - - [09/Jun/2026:00:23:52 +0200] "GET /wp-login.php HTTP/2.0" 200 11741 "-" "Mozilla/5.0 (Windows NT 10.0; Win64; x64) AppleWebKit/537.36 (KHTML, like Gecko) Chrome/124.0.0.0 Safari/537.36"
204.77.129.230 - - [09/Jun/2026:00:24:06 +0200] "GET /wp-login.php HTTP/2.0" 503 6560 "-" "Mozilla/5.0 (Windows NT 10.0; Win64; x64; rv:133.0) Gecko/20100101 Firefox/133.0"
107.158.92.70 - - [09/Jun/2026:00:24:12 +0200] "GET /wp-login.php HTTP/2.0" 200 11822 "-" "Mozilla/5.0 (Windows NT 10.0; Win64; x64; rv:133.0) Gecko/20100101 Firefox/133.0"
77.90.154.207 - - [09/Jun/2026:00:24:20 +0200] "GET /wp-login.php HTTP/2.0" 200 11746 "-" "Mozilla/5.0 (Macintosh; Intel Mac OS X 10_15_7) AppleWebKit/605.1.15 (KHTML, like Gecko) Version/18.0 Safari/605.1.15"
66.253.7.250 - - [09/Jun/2026:00:24:26 +0200] "GET /wp-login.php HTTP/2.0" 200 11802 "-" "Mozilla/5.0 (Windows NT 10.0; Win64; x64) AppleWebKit/537.36 (KHTML, like Gecko) Chrome/124.0.0.0 Safari/537.36"
77.107.81.29 - - [09/Jun/2026:00:24:29 +0200] "GET /wp-login.php HTTP/2.0" 200 11711 "-" "Mozilla/5.0 (Windows NT 10.0; Win64; x64) AppleWebKit/537.36 (KHTML, like Gecko) Chrome/124.0.0.0 Safari/537.36"
207.228.202.188 - - [09/Jun/2026:00:24:31 +0200] "GET /wp-login.php HTTP/2.0" 200 11792 "-" "Mozilla/5.0 (Macintosh; Intel Mac OS X 10_15_7) AppleWebKit/605.1.15 (KHTML, like Gecko) Version/18.0 Safari/605.1.15"
75.75.255.134 - - [09/Jun/2026:00:24:37 +0200] "GET /wp-login.php HTTP/2.0" 200 11848 "-" "Mozilla/5.0 (Windows NT 10.0; Win64; x64; rv:133.0) Gecko/20100101 Firefox/133.0"
86.53.89.18 - - [09/Jun/2026:00:24:39 +0200] "GET /wp-login.php HTTP/2.0" 200 11827 "-" "Mozilla/5.0 (Windows NT 10.0; Win64; x64) AppleWebKit/537.36 (KHTML, like Gecko) Chrome/124.0.0.0 Safari/537.36"
207.228.201.60 - - [09/Jun/2026:00:24:42 +0200] "GET /wp-login.php HTTP/2.0" 200 11863 "-" "Mozilla/5.0 (Windows NT 10.0; Win64; x64) AppleWebKit/537.36 (KHTML, like Gecko) Chrome/124.0.0.0 Safari/537.36"
104.234.48.109 - - [09/Jun/2026:00:24:44 +0200] "GET /wp-login.php HTTP/2.0" 503 6560 "-" "Mozilla/5.0 (Windows NT 10.0; Win64; x64) AppleWebKit/537.36 (KHTML, like Gecko) Chrome/124.0.0.0 Safari/537.36"
104.233.16.21 - - [09/Jun/2026:00:24:49 +0200] "GET /wp-login.php HTTP/2.0" 503 6560 "-" "Mozilla/5.0 (Windows NT 10.0; Win64; x64) AppleWebKit/537.36 (KHTML, like Gecko) Chrome/124.0.0.0 Safari/537.36"
205.164.115.118 - - [09/Jun/2026:00:24:54 +0200] "GET /wp-login.php HTTP/2.0" 200 11867 "-" "Mozilla/5.0 (Windows NT 10.0; Win64; x64) AppleWebKit/537.36 (KHTML, like Gecko) Chrome/124.0.0.0 Safari/537.36"
207.228.200.214 - - [09/Jun/2026:00:24:58 +0200] "GET /wp-login.php HTTP/2.0" 200 11807 "-" "Mozilla/5.0 (Macintosh; Intel Mac OS X 10_15_7) AppleWebKit/605.1.15 (KHTML, like Gecko) Version/18.0 Safari/605.1.15"
161.123.5.72 - - [09/Jun/2026:00:25:04 +0200] "GET /wp-login.php HTTP/2.0" 503 6560 "-" "Mozilla/5.0 (Windows NT 10.0; Win64; x64; rv:133.0) Gecko/20100101 Firefox/133.0"
94.103.84.74 - - [09/Jun/2026:00:25:13 +0200] "GET /wp-login.php HTTP/2.0" 200 11813 "-" "Mozilla/5.0 (Windows NT 10.0; Win64; x64; rv:133.0) Gecko/20100101 Firefox/133.0"
75.75.255.233 - - [09/Jun/2026:00:25:18 +0200] "GET /wp-login.php HTTP/2.0" 200 11763 "-" "Mozilla/5.0 (Windows NT 10.0; Win64; x64; rv:133.0) Gecko/20100101 Firefox/133.0"
77.107.81.29 - - [09/Jun/2026:00:25:23 +0200] "GET /wp-login.php HTTP/2.0" 200 11768 "-" "Mozilla/5.0 (Macintosh; Intel Mac OS X 10_15_7) AppleWebKit/605.1.15 (KHTML, like Gecko) Version/18.0 Safari/605.1.15"
130.117.139.146 - - [09/Jun/2026:00:25:25 +0200] "GET /wp-login.php HTTP/2.0" 200 11787 "-" "Mozilla/5.0 (Macintosh; Intel Mac OS X 10_15_7) AppleWebKit/605.1.15 (KHTML, like Gecko) Version/18.0 Safari/605.1.15"
86.53.89.18 - - [09/Jun/2026:00:25:28 +0200] "GET /wp-login.php HTTP/2.0" 200 11762 "-" "Mozilla/5.0 (Macintosh; Intel Mac OS X 10_15_7) AppleWebKit/605.1.15 (KHTML, like Gecko) Version/18.0 Safari/605.1.15"
185.230.14.159 - - [09/Jun/2026:00:25:32 +0200] "GET /wp-login.php HTTP/2.0" 200 11757 "-" "Mozilla/5.0 (Windows NT 10.0; Win64; x64) AppleWebKit/537.36 (KHTML, like Gecko) Chrome/124.0.0.0 Safari/537.36"
204.77.129.251 - - [09/Jun/2026:00:25:36 +0200] "GET /wp-login.php HTTP/2.0" 503 6560 "-" "Mozilla/5.0 (Windows NT 10.0; Win64; x64; rv:133.0) Gecko/20100101 Firefox/133.0"
107.158.19.197 - - [09/Jun/2026:00:25:43 +0200] "GET /wp-login.php HTTP/2.0" 200 11782 "-" "Mozilla/5.0 (Windows NT 10.0; Win64; x64; rv:133.0) Gecko/20100101 Firefox/133.0"
130.117.139.10 - - [09/Jun/2026:00:25:46 +0200] "GET /wp-login.php HTTP/2.0" 200 11707 "-" "Mozilla/5.0 (Windows NT 10.0; Win64; x64; rv:133.0) Gecko/20100101 Firefox/133.0"
185.230.14.82 - - [09/Jun/2026:00:25:48 +0200] "GET /wp-login.php HTTP/2.0" 200 11842 "-" "Mozilla/5.0 (Windows NT 10.0; Win64; x64; rv:133.0) Gecko/20100101 Firefox/133.0"
107.158.92.45 - - [09/Jun/2026:00:25:51 +0200] "GET /wp-login.php HTTP/2.0" 200 11701 "-" "Mozilla/5.0 (Windows NT 10.0; Win64; x64; rv:133.0) Gecko/20100101 Firefox/133.0"
107.158.92.70 - - [09/Jun/2026:00:26:00 +0200] "GET /wp-login.php HTTP/2.0" 200 11847 "-" "Mozilla/5.0 (Windows NT 10.0; Win64; x64; rv:133.0) Gecko/20100101 Firefox/133.0"
130.117.139.193 - - [09/Jun/2026:00:26:03 +0200] "GET /wp-login.php HTTP/2.0" 200 11762 "-" "Mozilla/5.0 (Windows NT 10.0; Win64; x64) AppleWebKit/537.36 (KHTML, like Gecko) Chrome/124.0.0.0 Safari/537.36"
185.230.14.163 - - [09/Jun/2026:00:26:05 +0200] "GET /wp-login.php HTTP/2.0" 200 11868 "-" "Mozilla/5.0 (Windows NT 10.0; Win64; x64; rv:133.0) Gecko/20100101 Firefox/133.0"
75.75.254.247 - - [09/Jun/2026:00:26:08 +0200] "GET /wp-login.php HTTP/2.0" 200 11726 "-" "Mozilla/5.0 (Macintosh; Intel Mac OS X 10_15_7) AppleWebKit/605.1.15 (KHTML, like Gecko) Version/18.0 Safari/605.1.15"
207.228.200.97 - - [09/Jun/2026:00:26:16 +0200] "GET /wp-login.php HTTP/2.0" 200 11774 "-" "Mozilla/5.0 (Windows NT 10.0; Win64; x64; rv:133.0) Gecko/20100101 Firefox/133.0"
185.230.14.227 - - [09/Jun/2026:00:26:17 +0200] "GET /wp-login.php HTTP/2.0" 200 11813 "-" "Mozilla/5.0 (Windows NT 10.0; Win64; x64) AppleWebKit/537.36 (KHTML, like Gecko) Chrome/124.0.0.0 Safari/537.36"
75.75.255.134 - - [09/Jun/2026:00:26:18 +0200] "GET /wp-login.php HTTP/2.0" 200 11811 "-" "Mozilla/5.0 (Macintosh; Intel Mac OS X 10_15_7) AppleWebKit/605.1.15 (KHTML, like Gecko) Version/18.0 Safari/605.1.15"
207.228.202.18 - - [09/Jun/2026:00:26:23 +0200] "GET /wp-login.php HTTP/2.0" 200 11798 "-" "Mozilla/5.0 (Windows NT 10.0; Win64; x64; rv:133.0) Gecko/20100101 Firefox/133.0"
104.234.48.135 - - [09/Jun/2026:00:26:26 +0200] "GET /wp-login.php HTTP/2.0" 200 11777 "-" "Mozilla/5.0 (Windows NT 10.0; Win64; x64; rv:133.0) Gecko/20100101 Firefox/133.0"
207.228.203.76 - - [09/Jun/2026:00:26:29 +0200] "GET /wp-login.php HTTP/2.0" 200 11691 "-" "Mozilla/5.0 (Macintosh; Intel Mac OS X 10_15_7) AppleWebKit/605.1.15 (KHTML, like Gecko) Version/18.0 Safari/605.1.15"
94.103.84.74 - - [09/Jun/2026:00:26:34 +0200] "GET /wp-login.php HTTP/2.0" 200 11757 "-" "Mozilla/5.0 (Windows NT 10.0; Win64; x64; rv:133.0) Gecko/20100101 Firefox/133.0"
107.158.92.70 - - [09/Jun/2026:00:26:38 +0200] "GET /wp-login.php HTTP/2.0" 200 11853 "-" "Mozilla/5.0 (Macintosh; Intel Mac OS X 10_15_7) AppleWebKit/605.1.15 (KHTML, like Gecko) Version/18.0 Safari/605.1.15"
86.53.89.18 - - [09/Jun/2026:00:26:41 +0200] "GET /wp-login.php HTTP/2.0" 200 11853 "-" "Mozilla/5.0 (Windows NT 10.0; Win64; x64) AppleWebKit/537.36 (KHTML, like Gecko) Chrome/124.0.0.0 Safari/537.36"
77.107.81.29 - - [09/Jun/2026:00:26:42 +0200] "GET /wp-login.php HTTP/2.0" 200 11853 "-" "Mozilla/5.0 (Windows NT 10.0; Win64; x64) AppleWebKit/537.36 (KHTML, like Gecko) Chrome/124.0.0.0 Safari/537.36"
161.123.5.72 - - [09/Jun/2026:00:26:46 +0200] "GET /wp-login.php HTTP/2.0" 503 6560 "-" "Mozilla/5.0 (Windows NT 10.0; Win64; x64) AppleWebKit/537.36 (KHTML, like Gecko) Chrome/124.0.0.0 Safari/537.36"
207.228.203.76 - - [09/Jun/2026:00:26:52 +0200] "GET /wp-login.php HTTP/2.0" 200 11675 "-" "Mozilla/5.0 (Windows NT 10.0; Win64; x64) AppleWebKit/537.36 (KHTML, like Gecko) Chrome/124.0.0.0 Safari/537.36"
185.230.14.227 - - [09/Jun/2026:00:26:55 +0200] "GET /wp-login.php HTTP/2.0" 200 11808 "-" "Mozilla/5.0 (Macintosh; Intel Mac OS X 10_15_7) AppleWebKit/605.1.15 (KHTML, like Gecko) Version/18.0 Safari/605.1.15"
204.77.128.100 - - [09/Jun/2026:00:26:59 +0200] "GET /wp-login.php HTTP/2.0" 200 11812 "-" "Mozilla/5.0 (Windows NT 10.0; Win64; x64; rv:133.0) Gecko/20100101 Firefox/133.0"
185.230.14.112 - - [09/Jun/2026:00:27:02 +0200] "GET /wp-login.php HTTP/2.0" 200 11798 "-" "Mozilla/5.0 (Windows NT 10.0; Win64; x64) AppleWebKit/537.36 (KHTML, like Gecko) Chrome/124.0.0.0 Safari/537.36"
205.164.115.118 - - [09/Jun/2026:00:27:03 +0200] "GET /wp-login.php HTTP/2.0" 200 11857 "-" "Mozilla/5.0 (Windows NT 10.0; Win64; x64) AppleWebKit/537.36 (KHTML, like Gecko) Chrome/124.0.0.0 Safari/537.36"
130.117.139.62 - - [09/Jun/2026:00:27:18 +0200] "GET /wp-login.php HTTP/2.0" 200 11788 "-" "Mozilla/5.0 (Windows NT 10.0; Win64; x64) AppleWebKit/537.36 (KHTML, like Gecko) Chrome/124.0.0.0 Safari/537.36"
66.253.7.250 - - [09/Jun/2026:00:27:23 +0200] "GET /wp-login.php HTTP/2.0" 200 11777 "-" "Mozilla/5.0 (Macintosh; Intel Mac OS X 10_15_7) AppleWebKit/605.1.15 (KHTML, like Gecko) Version/18.0 Safari/605.1.15"
130.117.139.136 - - [09/Jun/2026:00:27:28 +0200] "GET /wp-login.php HTTP/2.0" 200 11752 "-" "Mozilla/5.0 (Macintosh; Intel Mac OS X 10_15_7) AppleWebKit/605.1.15 (KHTML, like Gecko) Version/18.0 Safari/605.1.15"
104.234.48.135 - - [09/Jun/2026:00:27:33 +0200] "GET /wp-login.php HTTP/2.0" 200 11843 "-" "Mozilla/5.0 (Windows NT 10.0; Win64; x64; rv:133.0) Gecko/20100101 Firefox/133.0"
107.158.19.26 - - [09/Jun/2026:00:27:40 +0200] "GET /wp-login.php HTTP/2.0" 200 11751 "-" "Mozilla/5.0 (Windows NT 10.0; Win64; x64; rv:133.0) Gecko/20100101 Firefox/133.0"
38.101.116.74 - - [09/Jun/2026:00:27:44 +0200] "GET /wp-login.php HTTP/2.0" 200 11776 "-" "Mozilla/5.0 (Windows NT 10.0; Win64; x64) AppleWebKit/537.36 (KHTML, like Gecko) Chrome/124.0.0.0 Safari/537.36"
104.234.48.242 - - [09/Jun/2026:00:27:48 +0200] "GET /wp-login.php HTTP/2.0" 200 11802 "-" "Mozilla/5.0 (Windows NT 10.0; Win64; x64) AppleWebKit/537.36 (KHTML, like Gecko) Chrome/124.0.0.0 Safari/537.36"
75.75.255.233 - - [09/Jun/2026:00:27:52 +0200] "GET /wp-login.php HTTP/2.0" 200 11788 "-" "Mozilla/5.0 (Windows NT 10.0; Win64; x64) AppleWebKit/537.36 (KHTML, like Gecko) Chrome/124.0.0.0 Safari/537.36"
207.228.200.214 - - [09/Jun/2026:00:27:54 +0200] "GET /wp-login.php HTTP/2.0" 200 11883 "-" "Mozilla/5.0 (Macintosh; Intel Mac OS X 10_15_7) AppleWebKit/605.1.15 (KHTML, like Gecko) Version/18.0 Safari/605.1.15"
207.228.201.60 - - [09/Jun/2026:00:27:58 +0200] "GET /wp-login.php HTTP/2.0" 200 11832 "-" "Mozilla/5.0 (Macintosh; Intel Mac OS X 10_15_7) AppleWebKit/605.1.15 (KHTML, like Gecko) Version/18.0 Safari/605.1.15"
31.76.147.188 - - [09/Jun/2026:00:31:31 +0200] "GET /wp-content/uploads/2022/01/copertina-Riparazione_Lavastoviglie-1-12.jpg HTTP/1.1" 200 35425 "-" "Mozilla/5.0 (compatible; crawler)"
65.108.235.243 - - [09/Jun/2026:01:12:57 +0200] "POST /wp-cron.php?doing_wp_cron=1780960377.2406809329986572265625 HTTP/1.1" 200 1 "-" "WordPress/7.0; https://piacenza.elettroservicegroup.it"
65.108.235.243 - - [09/Jun/2026:01:12:54 +0200] "POST /?wordfence_syncAttackData=1780960374.3341 HTTP/1.1" 200 1 "-" "WordPress/7.0; https://piacenza.elettroservicegroup.it"
52.167.144.159 - - [09/Jun/2026:01:12:49 +0200] "GET /assistenza-lavastoviglie-castel-san-giovanni/ HTTP/2.0" 404 16198 "-" "Mozilla/5.0 AppleWebKit/537.36 (KHTML, like Gecko; compatible; bingbot/2.0; +http://www.bing.com/bingbot.htm) Chrome/116.0.1938.76 Safari/537.36"
65.108.235.243 - - [09/Jun/2026:01:13:00 +0200] "GET /assistenza-lavastoviglie-ariston-piacenza/ HTTP/1.1" 200 21967 "-" "WP Fastest Cache Preload Bot"
65.108.235.243 - - [09/Jun/2026:01:13:02 +0200] "GET /assistenza-lavastoviglie-aeg-piacenza/ HTTP/1.1" 200 22031 "-" "WP Fastest Cache Preload Bot"
65.108.235.243 - - [09/Jun/2026:01:13:05 +0200] "GET /assistenza-lavastoviglie-piacenza/ HTTP/1.1" 200 21643 "-" "WP Fastest Cache Preload Bot"
65.108.235.243 - - [09/Jun/2026:01:13:07 +0200] "GET /assistenza-indesit-piacenza/ HTTP/1.1" 200 21687 "-" "WP Fastest Cache Preload Bot"
31.76.146.110 - - [09/Jun/2026:02:24:42 +0200] "GET /wp-content/uploads/2021/10/sfondo-aeg.jpg HTTP/1.1" 200 33767 "-" "Mozilla/5.0 (compatible; crawler)"
144.76.19.27 - - [09/Jun/2026:02:27:54 +0200] "GET /robots.txt HTTP/1.1" 200 11846 "-" "Mozilla/5.0 (compatible; SERankingBacklinksBot/1.0; +https://seranking.com/backlinks-crawler)"
144.76.19.27 - - [09/Jun/2026:02:27:55 +0200] "GET /sitemap.xml HTTP/1.1" 200 11812 "-" "Mozilla/5.0 (compatible; SERankingBacklinksBot/1.0; +https://seranking.com/backlinks-crawler)"
66.249.64.165 - - [09/Jun/2026:02:32:12 +0200] "GET /assistenza-smeg-piacenza/ HTTP/1.1" 200 21669 "-" "Mozilla/5.0 (Linux; Android 6.0.1; Nexus 5X Build/MMB29P) AppleWebKit/537.36 (KHTML, like Gecko) Chrome/148.0.7778.96 Mobile Safari/537.36 (compatible; Googlebot/2.1; +http://www.google.com/bot.html)"
66.249.64.166 - - [09/Jun/2026:02:32:31 +0200] "GET /wp-content/uploads/elementor/css/post-14366.css?ver=1780585544 HTTP/1.1" 200 302 "https://piacenza.elettroservicegroup.it/assistenza-smeg-piacenza/" "Mozilla/5.0 (Linux; Android 6.0.1; Nexus 5X Build/MMB29P) AppleWebKit/537.36 (KHTML, like Gecko) Chrome/148.0.7778.96 Mobile Safari/537.36 (compatible; Googlebot/2.1; +http://www.google.com/bot.html)"
66.249.64.166 - - [09/Jun/2026:02:32:31 +0200] "GET /wp-content/uploads/elementor/css/post-14146.css?ver=1780585543 HTTP/1.1" 200 428 "https://piacenza.elettroservicegroup.it/assistenza-smeg-piacenza/" "Mozilla/5.0 (Linux; Android 6.0.1; Nexus 5X Build/MMB29P) AppleWebKit/537.36 (KHTML, like Gecko) Chrome/148.0.7778.96 Mobile Safari/537.36 (compatible; Googlebot/2.1; +http://www.google.com/bot.html)"
66.249.64.166 - - [09/Jun/2026:02:32:32 +0200] "GET /wp-content/uploads/elementor/css/post-16987.css?ver=1780585553 HTTP/1.1" 200 2007 "https://piacenza.elettroservicegroup.it/assistenza-smeg-piacenza/" "Mozilla/5.0 (Linux; Android 6.0.1; Nexus 5X Build/MMB29P) AppleWebKit/537.36 (KHTML, like Gecko) Chrome/148.0.7778.96 Mobile Safari/537.36 (compatible; Googlebot/2.1; +http://www.google.com/bot.html)"
66.249.64.166 - - [09/Jun/2026:02:32:32 +0200] "GET /wp-content/plugins/complianz-gdpr-premium/cookiebanner/js/complianz.min.js?ver=1780326249 HTTP/1.1" 200 10708 "https://piacenza.elettroservicegroup.it/assistenza-smeg-piacenza/" "Mozilla/5.0 (Linux; Android 6.0.1; Nexus 5X Build/MMB29P) AppleWebKit/537.36 (KHTML, like Gecko) Chrome/148.0.7778.96 Mobile Safari/537.36 (compatible; Googlebot/2.1; +http://www.google.com/bot.html)"
65.108.235.243 - - [09/Jun/2026:02:32:41 +0200] "POST /wp-cron.php?doing_wp_cron=1780965161.3445339202880859375000 HTTP/1.1" 200 1 "-" "WordPress/7.0; https://piacenza.elettroservicegroup.it"
66.249.64.166 - - [09/Jun/2026:02:32:33 +0200] "GET /wp-json/complianz/v1/banner?lang=it&locale=it_IT&token=byyqu HTTP/1.1" 200 84 "https://piacenza.elettroservicegroup.it/assistenza-smeg-piacenza/" "Mozilla/5.0 (Linux; Android 6.0.1; Nexus 5X Build/MMB29P) AppleWebKit/537.36 (KHTML, like Gecko) Chrome/148.0.7778.96 Mobile Safari/537.36 (compatible; Googlebot/2.1; +http://www.google.com/bot.html)"
65.108.235.243 - - [09/Jun/2026:02:32:44 +0200] "GET /assistenza-candy-piacenza/ HTTP/1.1" 200 21787 "-" "WP Fastest Cache Preload Bot"
65.108.235.243 - - [09/Jun/2026:02:32:48 +0200] "GET /assistenza-bosch-piacenza/ HTTP/1.1" 200 21786 "-" "WP Fastest Cache Preload Bot"
66.249.64.165 - - [09/Jun/2026:02:32:53 +0200] "GET /wp-content/uploads/complianz/css/banner-1-optin.css?v=40 HTTP/1.1" 200 2617 "https://piacenza.elettroservicegroup.it/assistenza-smeg-piacenza/" "Mozilla/5.0 (Linux; Android 6.0.1; Nexus 5X Build/MMB29P) AppleWebKit/537.36 (KHTML, like Gecko) Chrome/148.0.7778.96 Mobile Safari/537.36 (compatible; Googlebot/2.1; +http://www.google.com/bot.html)"
65.108.235.243 - - [09/Jun/2026:02:32:51 +0200] "GET /assistenza-ariston-piacenza/ HTTP/1.1" 200 21771 "-" "WP Fastest Cache Preload Bot"
66.249.64.165 - - [09/Jun/2026:02:32:53 +0200] "GET /wp-json/complianz/v1/cookie_data HTTP/1.1" 200 69 "https://piacenza.elettroservicegroup.it/assistenza-smeg-piacenza/" "Mozilla/5.0 (Linux; Android 6.0.1; Nexus 5X Build/MMB29P) AppleWebKit/537.36 (KHTML, like Gecko) Chrome/148.0.7778.96 Mobile Safari/537.36 (compatible; Googlebot/2.1; +http://www.google.com/bot.html)"
65.108.235.243 - - [09/Jun/2026:02:32:55 +0200] "GET /assistenza-aeg-piacenza/ HTTP/1.1" 200 21778 "-" "WP Fastest Cache Preload Bot"
117.86.130.222 - - [09/Jun/2026:02:39:45 +0200] "GET /assistenza-ariston-piacenza/ HTTP/2.0" 200 21749 "-" "Mozilla/5.0 (Linux; Android 6.0; Nexus 5 Build/MRA58N) AppleWebKit/537.36 (KHTML, like Gecko) Chrome/60.0.1496.1345 Mobile Safari/537.36"
207.97.138.12 - - [09/Jun/2026:02:46:12 +0200] "GET /wp-content/uploads/2022/01/TECNICO-FRIGO-2-1-300x197.jpg HTTP/1.1" 200 15322 "-" "Mozilla/5.0 (compatible; crawler)"
65.108.235.243 - - [09/Jun/2026:03:14:59 +0200] "POST /wp-cron.php?doing_wp_cron=1780967699.7446808815002441406250 HTTP/1.1" 200 1 "-" "WordPress/7.0; https://piacenza.elettroservicegroup.it"
34.182.184.110 - - [09/Jun/2026:03:14:51 +0200] "GET /.git/config HTTP/1.1" 404 83923 "-" "Mozilla/5.0 (Linux; Android 8.1.0; Redmi 6) AppleWebKit/537.36 (KHTML, like Gecko) Chrome/71.0.3578.99 Mobile Safari/537.36"
65.108.235.243 - - [09/Jun/2026:03:15:02 +0200] "GET /cookie-policy/ HTTP/1.1" 200 17913 "-" "WP Fastest Cache Preload Bot"
65.108.235.243 - - [09/Jun/2026:03:15:05 +0200] "GET /termini-e-condizioni/ HTTP/1.1" 200 17467 "-" "WP Fastest Cache Preload Bot"
65.108.235.243 - - [09/Jun/2026:03:15:07 +0200] "GET /cookie-policy-ue/ HTTP/1.1" 200 19430 "-" "WP Fastest Cache Preload Bot"
65.108.235.243 - - [09/Jun/2026:03:15:09 +0200] "GET /informativa-privacy/ HTTP/1.1" 200 19712 "-" "WP Fastest Cache Preload Bot"
82.23.121.181 - - [09/Jun/2026:03:27:07 +0200] "GET /wp-content/uploads/2021/10/TECNICO-ELETTRODOMESTICI-1.jpg HTTP/1.1" 200 17166 "-" "Mozilla/5.0 (compatible; crawler)"
65.108.235.243 - - [09/Jun/2026:03:39:25 +0200] "POST /wp-cron.php?doing_wp_cron=1780969165.0282540321350097656250 HTTP/1.1" 200 1 "-" "WordPress/7.0; https://piacenza.elettroservicegroup.it"
52.167.144.24 - - [09/Jun/2026:03:39:19 +0200] "GET /assistenza-condizionatori HTTP/2.0" 404 16176 "-" "Mozilla/5.0 AppleWebKit/537.36 (KHTML, like Gecko; compatible; bingbot/2.0; +http://www.bing.com/bingbot.htm) Chrome/116.0.1938.76 Safari/537.36"
65.108.235.243 - - [09/Jun/2026:03:39:25 +0200] "GET /assistenza-frigoriferi/ HTTP/1.1" 200 19779 "-" "WP Fastest Cache Preload Bot"
65.108.235.243 - - [09/Jun/2026:03:39:27 +0200] "GET /assistenza-lavastoviglie/ HTTP/1.1" 200 19836 "-" "WP Fastest Cache Preload Bot"
65.108.235.243 - - [09/Jun/2026:03:39:28 +0200] "GET /assistenza-asciugatrici/ HTTP/1.1" 200 19591 "-" "WP Fastest Cache Preload Bot"
65.108.235.243 - - [09/Jun/2026:03:39:28 +0200] "GET /assistenza-lavatrici/ HTTP/1.1" 200 19335 "-" "WP Fastest Cache Preload Bot"
54.223.89.244 - - [09/Jun/2026:04:12:51 +0200] "GET / HTTP/2.0" 200 21691 "-" "Mozilla/5.0 (Linux; Android 8.0; Pixel 2 Build/OPD3.170816.012) AppleWebKit/537.36 (KHTML, like Gecko) Chrome/42.0.5227.1116 Mobile Safari/537.36"
54.223.89.244 - - [09/Jun/2026:04:12:51 +0200] "GET /wp-content/cache/wpfc-minified/eujroqks/4bjdx.css HTTP/2.0" 200 16488 "https://piacenza.elettroservicegroup.it/" "Mozilla/5.0 (Linux; Android 8.0; Pixel 2 Build/OPD3.170816.012) AppleWebKit/537.36 (KHTML, like Gecko) Chrome/42.0.5227.1116 Mobile Safari/537.36"
54.223.89.244 - - [09/Jun/2026:04:12:51 +0200] "GET /wp-content/uploads/elementor/css/post-14146.css?ver=1780585543 HTTP/2.0" 200 428 "https://piacenza.elettroservicegroup.it/" "Mozilla/5.0 (Linux; Android 8.0; Pixel 2 Build/OPD3.170816.012) AppleWebKit/537.36 (KHTML, like Gecko) Chrome/42.0.5227.1116 Mobile Safari/537.36"
54.223.89.244 - - [09/Jun/2026:04:12:51 +0200] "GET /wp-content/uploads/elementor/css/post-14227.css?ver=1780589263 HTTP/2.0" 200 2273 "https://piacenza.elettroservicegroup.it/" "Mozilla/5.0 (Linux; Android 8.0; Pixel 2 Build/OPD3.170816.012) AppleWebKit/537.36 (KHTML, like Gecko) Chrome/42.0.5227.1116 Mobile Safari/537.36"
54.223.89.244 - - [09/Jun/2026:04:12:51 +0200] "GET /wp-content/cache/wpfc-minified/9h35mpo4/4bjdx.css HTTP/2.0" 200 4410 "https://piacenza.elettroservicegroup.it/" "Mozilla/5.0 (Linux; Android 8.0; Pixel 2 Build/OPD3.170816.012) AppleWebKit/537.36 (KHTML, like Gecko) Chrome/42.0.5227.1116 Mobile Safari/537.36"
54.223.89.244 - - [09/Jun/2026:04:12:51 +0200] "GET /wp-content/plugins/elementor/assets/js/webpack.runtime.min.js?ver=4.1.1 HTTP/2.0" 200 2340 "https://piacenza.elettroservicegroup.it/" "Mozilla/5.0 (Linux; Android 8.0; Pixel 2 Build/OPD3.170816.012) AppleWebKit/537.36 (KHTML, like Gecko) Chrome/42.0.5227.1116 Mobile Safari/537.36"
54.223.89.244 - - [09/Jun/2026:04:12:52 +0200] "GET /wp-content/uploads/2022/01/TECNICO-ELETTRODOMESTICI-2.jpg HTTP/2.0" 206 500 "https://piacenza.elettroservicegroup.it/" "Mozilla/5.0 (Linux; Android 8.0; Pixel 2 Build/OPD3.170816.012) AppleWebKit/537.36 (KHTML, like Gecko) Chrome/42.0.5227.1116 Mobile Safari/537.36"
54.223.89.244 - - [09/Jun/2026:04:12:52 +0200] "GET /wp-includes/js/jquery/ui/core.min.js?ver=1.13.3 HTTP/2.0" 200 6820 "https://piacenza.elettroservicegroup.it/" "Mozilla/5.0 (Linux; Android 8.0; Pixel 2 Build/OPD3.170816.012) AppleWebKit/537.36 (KHTML, like Gecko) Chrome/42.0.5227.1116 Mobile Safari/537.36"
54.223.89.244 - - [09/Jun/2026:04:12:52 +0200] "GET /wp-content/plugins/complianz-gdpr-premium/cookiebanner/js/complianz.min.js?ver=1780326249 HTTP/2.0" 200 10708 "https://piacenza.elettroservicegroup.it/" "Mozilla/5.0 (Linux; Android 8.0; Pixel 2 Build/OPD3.170816.012) AppleWebKit/537.36 (KHTML, like Gecko) Chrome/42.0.5227.1116 Mobile Safari/537.36"
54.223.89.244 - - [09/Jun/2026:04:12:52 +0200] "GET /wp-content/plugins/elementor/assets/js/frontend.min.js?ver=4.1.1 HTTP/2.0" 200 10140 "https://piacenza.elettroservicegroup.it/" "Mozilla/5.0 (Linux; Android 8.0; Pixel 2 Build/OPD3.170816.012) AppleWebKit/537.36 (KHTML, like Gecko) Chrome/42.0.5227.1116 Mobile Safari/537.36"
54.223.89.244 - - [09/Jun/2026:04:12:52 +0200] "GET /wp-content/uploads/2022/01/TECNICO-ELETTRODOMESTICI-2.jpg HTTP/2.0" 304 - "https://piacenza.elettroservicegroup.it/" "Mozilla/5.0 (Linux; Android 8.0; Pixel 2 Build/OPD3.170816.012) AppleWebKit/537.36 (KHTML, like Gecko) Chrome/42.0.5227.1116 Mobile Safari/537.36"
54.223.89.244 - - [09/Jun/2026:04:12:52 +0200] "GET /wp-content/uploads/2022/01/copertina-Riparazione_Lavastoviglie-1-12.jpg HTTP/2.0" 206 500 "https://piacenza.elettroservicegroup.it/" "Mozilla/5.0 (Linux; Android 8.0; Pixel 2 Build/OPD3.170816.012) AppleWebKit/537.36 (KHTML, like Gecko) Chrome/42.0.5227.1116 Mobile Safari/537.36"
54.223.89.244 - - [09/Jun/2026:04:12:52 +0200] "GET /wp-content/uploads/2021/10/asko-e1634463631713-768x506.jpg HTTP/2.0" 206 500 "https://piacenza.elettroservicegroup.it/" "Mozilla/5.0 (Linux; Android 8.0; Pixel 2 Build/OPD3.170816.012) AppleWebKit/537.36 (KHTML, like Gecko) Chrome/42.0.5227.1116 Mobile Safari/537.36"
54.223.89.244 - - [09/Jun/2026:04:12:52 +0200] "GET /wp-content/themes/generatepress/assets/js/back-to-top.min.js?ver=3.6.1 HTTP/2.0" 200 336 "https://piacenza.elettroservicegroup.it/" "Mozilla/5.0 (Linux; Android 8.0; Pixel 2 Build/OPD3.170816.012) AppleWebKit/537.36 (KHTML, like Gecko) Chrome/42.0.5227.1116 Mobile Safari/537.36"
54.223.89.244 - - [09/Jun/2026:04:12:52 +0200] "GET /wp-content/uploads/2022/01/TECNICO-ELETTRODOMESTICI-2.jpg HTTP/2.0" 206 23710 "https://piacenza.elettroservicegroup.it/" "Mozilla/5.0 (Linux; Android 8.0; Pixel 2 Build/OPD3.170816.012) AppleWebKit/537.36 (KHTML, like Gecko) Chrome/42.0.5227.1116 Mobile Safari/537.36"
54.223.89.244 - - [09/Jun/2026:04:12:52 +0200] "GET /wp-content/uploads/2021/10/copertina-washing-machine-2668472_1920-768x512.jpg HTTP/2.0" 206 500 "https://piacenza.elettroservicegroup.it/" "Mozilla/5.0 (Linux; Android 8.0; Pixel 2 Build/OPD3.170816.012) AppleWebKit/537.36 (KHTML, like Gecko) Chrome/42.0.5227.1116 Mobile Safari/537.36"
54.223.89.244 - - [09/Jun/2026:04:12:52 +0200] "GET /wp-content/uploads/2022/01/forno-c-768x512.jpg HTTP/2.0" 206 500 "https://piacenza.elettroservicegroup.it/" "Mozilla/5.0 (Linux; Android 8.0; Pixel 2 Build/OPD3.170816.012) AppleWebKit/537.36 (KHTML, like Gecko) Chrome/42.0.5227.1116 Mobile Safari/537.36"
54.223.89.244 - - [09/Jun/2026:04:12:53 +0200] "GET /wp-content/uploads/2021/11/Frigorifero-combinato-768x560.jpg HTTP/2.0" 206 500 "https://piacenza.elettroservicegroup.it/" "Mozilla/5.0 (Linux; Android 8.0; Pixel 2 Build/OPD3.170816.012) AppleWebKit/537.36 (KHTML, like Gecko) Chrome/42.0.5227.1116 Mobile Safari/537.36"
54.223.89.244 - - [09/Jun/2026:04:12:53 +0200] "GET /wp-content/uploads/2022/01/TECNICO-FRIGO-2-1-300x197.jpg HTTP/2.0" 206 500 "https://piacenza.elettroservicegroup.it/" "Mozilla/5.0 (Linux; Android 8.0; Pixel 2 Build/OPD3.170816.012) AppleWebKit/537.36 (KHTML, like Gecko) Chrome/42.0.5227.1116 Mobile Safari/537.36"
65.108.235.243 - - [09/Jun/2026:04:12:54 +0200] "POST /wp-cron.php?doing_wp_cron=1780971174.4450929164886474609375 HTTP/1.1" 200 1 "-" "WordPress/7.0; https://piacenza.elettroservicegroup.it"
54.223.89.244 - - [09/Jun/2026:04:12:52 +0200] "GET /wp-json/complianz/v1/banner?lang=it&locale=it_IT&token=uapyy HTTP/2.0" 200 84 "https://piacenza.elettroservicegroup.it/" "Mozilla/5.0 (Linux; Android 8.0; Pixel 2 Build/OPD3.170816.012) AppleWebKit/537.36 (KHTML, like Gecko) Chrome/42.0.5227.1116 Mobile Safari/537.36"
54.223.89.244 - - [09/Jun/2026:04:12:54 +0200] "GET /wp-json/complianz/v1/cookie_data HTTP/2.0" 200 69 "https://piacenza.elettroservicegroup.it/" "Mozilla/5.0 (Linux; Android 8.0; Pixel 2 Build/OPD3.170816.012) AppleWebKit/537.36 (KHTML, like Gecko) Chrome/42.0.5227.1116 Mobile Safari/537.36"
65.108.235.243 - - [09/Jun/2026:04:12:54 +0200] "GET / HTTP/1.1" 200 21713 "-" "WP Fastest Cache Preload Bot"
65.108.235.243 - - [09/Jun/2026:04:22:46 +0200] "POST /wp-cron.php?doing_wp_cron=1780971766.3464939594268798828125 HTTP/1.1" 200 1 "-" "WordPress/7.0; https://piacenza.elettroservicegroup.it"
66.249.64.167 - - [09/Jun/2026:04:22:43 +0200] "GET /sitemap2.xml HTTP/1.1" 302 1 "-" "Mozilla/5.0 (compatible; Googlebot/2.1; +http://www.google.com/bot.html)"
66.249.64.166 - - [09/Jun/2026:04:23:04 +0200] "GET /sitemap.xml HTTP/1.1" 200 332 "-" "Mozilla/5.0 (compatible; Googlebot/2.1; +http://www.google.com/bot.html)"
66.249.89.229 - - [09/Jun/2026:04:23:57 +0200] "GET / HTTP/1.1" 200 21691 "-" "Mozilla/5.0 (compatible; Google-Site-Verification/1.0)"
65.108.235.243 - - [09/Jun/2026:04:33:51 +0200] "POST /wp-cron.php?doing_wp_cron=1780972431.9470150470733642578125 HTTP/1.1" 200 1 "-" "WordPress/7.0; https://piacenza.elettroservicegroup.it"
40.77.167.187 - - [09/Jun/2026:04:33:50 +0200] "GET /robots.txt HTTP/2.0" 301 1 "-" "Mozilla/5.0 AppleWebKit/537.36 (KHTML, like Gecko; compatible; bingbot/2.0; +http://www.bing.com/bingbot.htm) Chrome/116.0.1938.76 Safari/537.36"
40.77.167.187 - - [09/Jun/2026:04:33:52 +0200] "GET /robots.txt HTTP/2.0" 200 108 "-" "Mozilla/5.0 AppleWebKit/537.36 (KHTML, like Gecko; compatible; bingbot/2.0; +http://www.bing.com/bingbot.htm) Chrome/116.0.1938.76 Safari/537.36"
65.108.235.243 - - [09/Jun/2026:04:33:52 +0200] "GET /imprint/ HTTP/1.1" 200 17078 "-" "WP Fastest Cache Preload Bot"
65.108.235.243 - - [09/Jun/2026:04:33:53 +0200] "GET /dichiarazione-sulla-privacy-ue/ HTTP/1.1" 200 19571 "-" "WP Fastest Cache Preload Bot"
