122.183.57.131 - - [15/Jun/2026:14:10:49 +0200] "GET /informativa-privacy HTTP/1.1" 404 17771 "-" "Opera/8.20.(X11; Linux i686; ru-UA) Presto/2.9.183 Version/12.00"
65.108.235.243 - - [15/Jun/2026:14:10:51 +0200] "POST /wp-cron.php?doing_wp_cron=1781525451.8951890468597412109375 HTTP/1.1" 200 1 "-" "WordPress/7.0; https://brescia.elettroservicegroup.it"
157.15.46.16 - - [15/Jun/2026:14:10:49 +0200] "GET /assistenza-frigoriferi/ HTTP/1.1" 404 17778 "-" "Opera/8.64.(X11; Linux i686; uz-UZ) Presto/2.9.166 Version/12.00"
176.148.3.108 - - [15/Jun/2026:14:10:51 +0200] "GET /cookie-policy-ue/ HTTP/1.1" 404 17767 "-" "Mozilla/5.0 (Macintosh; U; Intel Mac OS X 10_6_0; rv:1.9.3.20) Gecko/7415-01-22 14:49:04.444580 Firefox/12.0"
116.98.0.218 - - [15/Jun/2026:14:10:56 +0200] "GET /termini-e-condizioni HTTP/1.1" 404 17766 "-" "Mozilla/5.0 (Macintosh; U; PPC Mac OS X 10_11_9) AppleWebKit/531.2 (KHTML, like Gecko) Chrome/58.0.858.0 Safari/531.2"
65.108.235.243 - - [15/Jun/2026:14:16:22 +0200] "POST /wp-cron.php?doing_wp_cron=1781525782.6065258979797363281250 HTTP/1.1" 200 1 "-" "WordPress/7.0; https://brescia.elettroservicegroup.it"
216.73.217.21 - - [15/Jun/2026:14:16:21 +0200] "GET /robots.txt HTTP/2.0" 200 106 "-" "Mozilla/5.0 AppleWebKit/537.36 (KHTML, like Gecko; compatible; ClaudeBot/1.0; +claudebot@anthropic.com)"
216.73.217.21 - - [15/Jun/2026:14:16:22 +0200] "GET /sitemap.rss HTTP/2.0" 404 383 "-" "Mozilla/5.0 AppleWebKit/537.36 (KHTML, like Gecko; compatible; ClaudeBot/1.0; +claudebot@anthropic.com)"
193.24.211.70 - - [15/Jun/2026:14:44:28 +0200] "GET /wp-login.php HTTP/2.0" 200 11777 "-" "Mozilla/5.0 (Macintosh; Intel Mac OS X 10_15_7) AppleWebKit/605.1.15 (KHTML, like Gecko) Version/18.0 Safari/605.1.15"
193.24.211.70 - - [15/Jun/2026:14:44:28 +0200] "POST /xmlrpc.php HTTP/2.0" 200 11775 "-" "Mozilla/5.0 (Macintosh; Intel Mac OS X 10_15_7) AppleWebKit/605.1.15 (KHTML, like Gecko) Version/18.0 Safari/605.1.15"
93.177.119.13 - - [15/Jun/2026:14:44:29 +0200] "POST /xmlrpc.php HTTP/2.0" 200 11770 "-" "Mozilla/5.0 (Macintosh; Intel Mac OS X 10_15_7) AppleWebKit/605.1.15 (KHTML, like Gecko) Version/18.0 Safari/605.1.15"
170.168.30.226 - - [15/Jun/2026:14:44:30 +0200] "POST /xmlrpc.php HTTP/2.0" 403 52 "-" "Mozilla/5.0 (Macintosh; Intel Mac OS X 10_15_7) AppleWebKit/605.1.15 (KHTML, like Gecko) Version/18.0 Safari/605.1.15"
178.20.30.156 - - [15/Jun/2026:14:44:30 +0200] "POST /xmlrpc.php HTTP/2.0" 200 11765 "-" "Mozilla/5.0 (Macintosh; Intel Mac OS X 10_15_7) AppleWebKit/605.1.15 (KHTML, like Gecko) Version/18.0 Safari/605.1.15"
155.212.109.57 - - [15/Jun/2026:14:44:31 +0200] "POST /xmlrpc.php HTTP/2.0" 200 11749 "-" "Mozilla/5.0 (Windows NT 10.0; Win64; x64) AppleWebKit/537.36 (KHTML, like Gecko) Chrome/124.0.0.0 Safari/537.36"
93.177.119.79 - - [15/Jun/2026:14:44:31 +0200] "POST /xmlrpc.php HTTP/2.0" 200 11820 "-" "Mozilla/5.0 (Windows NT 10.0; Win64; x64) AppleWebKit/537.36 (KHTML, like Gecko) Chrome/124.0.0.0 Safari/537.36"
45.148.124.127 - - [15/Jun/2026:14:44:32 +0200] "POST /xmlrpc.php HTTP/2.0" 200 11813 "-" "Mozilla/5.0 (Windows NT 10.0; Win64; x64) AppleWebKit/537.36 (KHTML, like Gecko) Chrome/124.0.0.0 Safari/537.36"
130.49.115.36 - - [15/Jun/2026:14:44:33 +0200] "POST /xmlrpc.php HTTP/2.0" 200 11830 "-" "Mozilla/5.0 (Windows NT 10.0; Win64; x64) AppleWebKit/537.36 (KHTML, like Gecko) Chrome/124.0.0.0 Safari/537.36"
130.49.79.210 - - [15/Jun/2026:14:44:33 +0200] "POST /xmlrpc.php HTTP/2.0" 403 52 "-" "Mozilla/5.0 (Macintosh; Intel Mac OS X 10_15_7) AppleWebKit/605.1.15 (KHTML, like Gecko) Version/18.0 Safari/605.1.15"
45.148.235.191 - - [15/Jun/2026:14:44:34 +0200] "POST /xmlrpc.php HTTP/2.0" 403 52 "-" "Mozilla/5.0 (Windows NT 10.0; Win64; x64; rv:133.0) Gecko/20100101 Firefox/133.0"
155.212.108.137 - - [15/Jun/2026:14:44:35 +0200] "POST /xmlrpc.php HTTP/2.0" 403 52 "-" "Mozilla/5.0 (Macintosh; Intel Mac OS X 10_15_7) AppleWebKit/605.1.15 (KHTML, like Gecko) Version/18.0 Safari/605.1.15"
193.24.211.70 - - [15/Jun/2026:14:44:35 +0200] "GET /wp-login.php HTTP/2.0" 200 11827 "-" "Mozilla/5.0 (Windows NT 10.0; Win64; x64) AppleWebKit/537.36 (KHTML, like Gecko) Chrome/124.0.0.0 Safari/537.36"
193.24.211.70 - - [15/Jun/2026:14:44:36 +0200] "GET /wp-login.php HTTP/2.0" 200 11822 "-" "Mozilla/5.0 (Windows NT 10.0; Win64; x64; rv:133.0) Gecko/20100101 Firefox/133.0"
193.24.211.70 - - [15/Jun/2026:14:44:36 +0200] "GET /wp-login.php HTTP/2.0" 200 11822 "-" "Mozilla/5.0 (Windows NT 10.0; Win64; x64) AppleWebKit/537.36 (KHTML, like Gecko) Chrome/124.0.0.0 Safari/537.36"
193.24.211.70 - - [15/Jun/2026:14:44:36 +0200] "GET /wp-login.php HTTP/2.0" 200 11822 "-" "Mozilla/5.0 (Windows NT 10.0; Win64; x64; rv:133.0) Gecko/20100101 Firefox/133.0"
193.24.211.70 - - [15/Jun/2026:14:44:36 +0200] "GET /wp-login.php HTTP/2.0" 200 11822 "-" "Mozilla/5.0 (Windows NT 10.0; Win64; x64) AppleWebKit/537.36 (KHTML, like Gecko) Chrome/124.0.0.0 Safari/537.36"
193.151.191.72 - - [15/Jun/2026:14:44:37 +0200] "GET /wp-login.php HTTP/2.0" 200 11742 "-" "Mozilla/5.0 (Macintosh; Intel Mac OS X 10_15_7) AppleWebKit/605.1.15 (KHTML, like Gecko) Version/18.0 Safari/605.1.15"
65.108.235.243 - - [15/Jun/2026:14:44:39 +0200] "POST /wp-cron.php?doing_wp_cron=1781527479.4876689910888671875000 HTTP/1.1" 200 1 "-" "WordPress/7.0; https://brescia.elettroservicegroup.it"
130.49.115.156 - - [15/Jun/2026:14:44:37 +0200] "GET /wp-login.php HTTP/2.0" 200 2698 "-" "Mozilla/5.0 (Windows NT 10.0; Win64; x64; rv:133.0) Gecko/20100101 Firefox/133.0"
130.49.115.156 - - [15/Jun/2026:14:44:44 +0200] "POST /wp-login.php HTTP/2.0" 200 2812 "https://brescia.elettroservicegroup.it/wp-login.php" "Mozilla/5.0 (Windows NT 10.0; Win64; x64; rv:133.0) Gecko/20100101 Firefox/133.0"
183.253.73.194 - - [15/Jun/2026:15:13:13 +0200] "GET / HTTP/1.1" 200 11787 "-" "Mozilla/5.0 (Windows NT 10.0; WOW64; rv:48.0) Gecko/20100101 Firefox/48.0"
65.108.235.243 - - [15/Jun/2026:15:20:40 +0200] "POST /wp-cron.php?doing_wp_cron=1781529639.9994099140167236328125 HTTP/1.1" 200 1 "-" "WordPress/7.0; https://brescia.elettroservicegroup.it"
66.249.70.2 - - [15/Jun/2026:15:20:34 +0200] "GET /robots.txt HTTP/1.1" 200 106 "-" "Mozilla/5.0 (compatible; Googlebot/2.1; +http://www.google.com/bot.html)"
66.249.70.1 - - [15/Jun/2026:15:20:40 +0200] "GET / HTTP/1.1" 200 19887 "-" "Mozilla/5.0 (compatible; Googlebot/2.1; +http://www.google.com/bot.html)"
65.108.235.243 - - [15/Jun/2026:15:25:51 +0200] "POST /wp-cron.php?doing_wp_cron=1781529951.2227749824523925781250 HTTP/1.1" 200 1 "-" "WordPress/7.0; https://brescia.elettroservicegroup.it"
205.210.31.9 - - [15/Jun/2026:15:25:49 +0200] "GET / HTTP/1.1" 301 - "-" "Hello from Palo Alto Networks, find out more about our scans in https://docs-cortex.paloaltonetworks.com/r/1/Cortex-Xpanse/Scanning-activity"
205.210.31.9 - - [15/Jun/2026:15:25:51 +0200] "GET / HTTP/1.1" 200 102074 "-" "Hello from Palo Alto Networks, find out more about our scans in https://docs-cortex.paloaltonetworks.com/r/1/Cortex-Xpanse/Scanning-activity"
65.108.235.243 - - [15/Jun/2026:15:37:53 +0200] "POST /wp-cron.php?doing_wp_cron=1781530673.1288199424743652343750 HTTP/1.1" 200 1 "-" "WordPress/7.0; https://brescia.elettroservicegroup.it"
216.73.217.21 - - [15/Jun/2026:15:37:51 +0200] "GET /robots.txt HTTP/2.0" 200 106 "-" "Mozilla/5.0 AppleWebKit/537.36 (KHTML, like Gecko; compatible; ClaudeBot/1.0; +claudebot@anthropic.com)"
216.73.217.21 - - [15/Jun/2026:15:38:03 +0200] "GET /sitemap.rss HTTP/2.0" 404 383 "-" "Mozilla/5.0 AppleWebKit/537.36 (KHTML, like Gecko; compatible; ClaudeBot/1.0; +claudebot@anthropic.com)"
65.108.235.243 - - [15/Jun/2026:16:44:32 +0200] "POST /wp-cron.php?doing_wp_cron=1781534672.1681580543518066406250 HTTP/1.1" 200 1 "-" "WordPress/7.0; https://brescia.elettroservicegroup.it"
91.117.42.254 - - [15/Jun/2026:16:44:27 +0200] "GET /wp-login.php HTTP/2.0" 200 2698 "-" "Mozilla/5.0 (Windows NT 10.0; Win64; x64; rv:133.0) Gecko/20100101 Firefox/133.0"
91.117.42.254 - - [15/Jun/2026:16:44:33 +0200] "POST /xmlrpc.php HTTP/2.0" 403 52 "-" "Mozilla/5.0 (Windows NT 10.0; Win64; x64) AppleWebKit/537.36 (KHTML, like Gecko) Chrome/124.0.0.0 Safari/537.36"
89.134.17.189 - - [15/Jun/2026:16:44:36 +0200] "POST /xmlrpc.php HTTP/2.0" 403 52 "-" "Mozilla/5.0 (Macintosh; Intel Mac OS X 10_15_7) AppleWebKit/605.1.15 (KHTML, like Gecko) Version/18.0 Safari/605.1.15"
91.117.42.254 - - [15/Jun/2026:16:44:37 +0200] "GET /wp-login.php HTTP/2.0" 200 2698 "-" "Mozilla/5.0 (Windows NT 10.0; Win64; x64) AppleWebKit/537.36 (KHTML, like Gecko) Chrome/124.0.0.0 Safari/537.36"
91.117.42.254 - - [15/Jun/2026:16:44:38 +0200] "POST /wp-login.php HTTP/2.0" 200 2812 "https://brescia.elettroservicegroup.it/wp-login.php" "Mozilla/5.0 (Windows NT 10.0; Win64; x64) AppleWebKit/537.36 (KHTML, like Gecko) Chrome/124.0.0.0 Safari/537.36"
65.108.235.243 - - [15/Jun/2026:17:28:35 +0200] "POST /wp-cron.php?doing_wp_cron=1781537314.9894380569458007812500 HTTP/1.1" 200 1 "-" "WordPress/7.0; https://brescia.elettroservicegroup.it"
216.73.217.21 - - [15/Jun/2026:17:28:33 +0200] "GET /robots.txt HTTP/2.0" 200 106 "-" "Mozilla/5.0 AppleWebKit/537.36 (KHTML, like Gecko; compatible; ClaudeBot/1.0; +claudebot@anthropic.com)"
216.73.217.21 - - [15/Jun/2026:17:28:43 +0200] "GET /sitemap.xml HTTP/2.0" 200 338 "-" "Mozilla/5.0 AppleWebKit/537.36 (KHTML, like Gecko; compatible; ClaudeBot/1.0; +claudebot@anthropic.com)"
65.108.235.243 - - [15/Jun/2026:17:52:25 +0200] "POST /wp-cron.php?doing_wp_cron=1781538745.5013461112976074218750 HTTP/1.1" 200 1 "-" "WordPress/7.0; https://brescia.elettroservicegroup.it"
47.128.23.198 - - [15/Jun/2026:17:52:23 +0200] "GET /post-9-2/ HTTP/2.0" 403 18591 "-" "Mozilla/5.0 (Linux; Android 5.0) AppleWebKit/537.36 (KHTML, like Gecko) Mobile Safari/537.36 (compatible; Bytespider; spider-feedback@bytedance.com)"
65.108.235.243 - - [15/Jun/2026:17:52:27 +0200] "POST /wp-cron.php?doing_wp_cron=1781538747.7547740936279296875000 HTTP/1.1" 200 1 "-" "WordPress/7.0; https://brescia.elettroservicegroup.it"
47.128.23.198 - - [15/Jun/2026:17:52:27 +0200] "GET /wp-content/plugins/header-footer-elementor/inc/widgets-css/frontend.css?ver=2.8.8 HTTP/2.0" 404 17874 "https://brescia.elettroservicegroup.it/post-9-2/" "Mozilla/5.0 (Linux; Android 5.0) AppleWebKit/537.36 (KHTML, like Gecko) Mobile Safari/537.36 (compatible; Bytespider; spider-feedback@bytedance.com)"
47.128.23.198 - - [15/Jun/2026:17:52:28 +0200] "GET /wp-content/plugins/gp-premium/menu-plus/functions/css/navigation-branding-flex.min.css?ver=2.5.5 HTTP/2.0" 507 - "https://brescia.elettroservicegroup.it/post-9-2/" "Mozilla/5.0 (Linux; Android 5.0) AppleWebKit/537.36 (KHTML, like Gecko) Mobile Safari/537.36 (compatible; Bytespider; spider-feedback@bytedance.com)"
47.128.23.198 - - [15/Jun/2026:17:52:28 +0200] "GET /wp-content/plugins/essential-addons-for-elementor-lite/assets/front-end/css/view/general.min.css?ver=6.6.7 HTTP/2.0" 507 - "https://brescia.elettroservicegroup.it/post-9-2/" "Mozilla/5.0 (Linux; Android 5.0) AppleWebKit/537.36 (KHTML, like Gecko) Mobile Safari/537.36 (compatible; Bytespider; spider-feedback@bytedance.com)"
47.128.23.198 - - [15/Jun/2026:17:52:28 +0200] "GET /wp-content/uploads/elementor/google-fonts/css/robotoslab.css?ver=1742275294 HTTP/2.0" 507 - "https://brescia.elettroservicegroup.it/post-9-2/" "Mozilla/5.0 (Linux; Android 5.0) AppleWebKit/537.36 (KHTML, like Gecko) Mobile Safari/537.36 (compatible; Bytespider; spider-feedback@bytedance.com)"
47.128.23.198 - - [15/Jun/2026:17:52:28 +0200] "GET /wp-content/uploads/2021/10/cropped-cropped-cropped-logo_white_background.png HTTP/2.0" 507 - "https://brescia.elettroservicegroup.it/post-9-2/" "Mozilla/5.0 (Linux; Android 5.0) AppleWebKit/537.36 (KHTML, like Gecko) Mobile Safari/537.36 (compatible; Bytespider; spider-feedback@bytedance.com)"
47.128.23.198 - - [15/Jun/2026:17:52:27 +0200] "GET /wp-content/plugins/complianz-gdpr-premium/assets/css/cookieblocker.min.css?ver=1780326839 HTTP/2.0" 404 17869 "https://brescia.elettroservicegroup.it/post-9-2/" "Mozilla/5.0 (Linux; Android 5.0) AppleWebKit/537.36 (KHTML, like Gecko) Mobile Safari/537.36 (compatible; Bytespider; spider-feedback@bytedance.com)"
47.128.23.198 - - [15/Jun/2026:17:52:27 +0200] "GET /wp-content/plugins/header-footer-elementor/assets/css/header-footer-elementor.css?ver=2.8.8 HTTP/2.0" 404 17870 "https://brescia.elettroservicegroup.it/post-9-2/" "Mozilla/5.0 (Linux; Android 5.0) AppleWebKit/537.36 (KHTML, like Gecko) Mobile Safari/537.36 (compatible; Bytespider; spider-feedback@bytedance.com)"
47.128.23.198 - - [15/Jun/2026:17:52:27 +0200] "GET /wp-content/plugins/all-in-one-seo-pack/dist/Lite/assets/css/table-of-contents/global.e90f6d47.css?ver=4.9.8 HTTP/2.0" 404 17887 "https://brescia.elettroservicegroup.it/post-9-2/" "Mozilla/5.0 (Linux; Android 5.0) AppleWebKit/537.36 (KHTML, like Gecko) Mobile Safari/537.36 (compatible; Bytespider; spider-feedback@bytedance.com)"
65.108.235.243 - - [15/Jun/2026:17:52:30 +0200] "POST /wp-cron.php?doing_wp_cron=1781538750.5570130348205566406250 HTTP/1.1" 200 1 "-" "WordPress/7.0; https://brescia.elettroservicegroup.it"
47.128.23.198 - - [15/Jun/2026:17:52:27 +0200] "GET /wp-includes/css/dist/block-library/style.min.css?ver=7.0 HTTP/2.0" 404 17871 "https://brescia.elettroservicegroup.it/post-9-2/" "Mozilla/5.0 (Linux; Android 5.0) AppleWebKit/537.36 (KHTML, like Gecko) Mobile Safari/537.36 (compatible; Bytespider; spider-feedback@bytedance.com)"
47.128.23.198 - - [15/Jun/2026:17:52:27 +0200] "GET /wp-content/themes/generatepress/assets/css/components/comments.min.css?ver=3.6.1 HTTP/2.0" 404 17885 "https://brescia.elettroservicegroup.it/post-9-2/" "Mozilla/5.0 (Linux; Android 5.0) AppleWebKit/537.36 (KHTML, like Gecko) Mobile Safari/537.36 (compatible; Bytespider; spider-feedback@bytedance.com)"
47.128.23.198 - - [15/Jun/2026:17:52:27 +0200] "GET /wp-content/plugins/elementor/assets/css/frontend.min.css?ver=4.1.3 HTTP/2.0" 404 17863 "https://brescia.elettroservicegroup.it/post-9-2/" "Mozilla/5.0 (Linux; Android 5.0) AppleWebKit/537.36 (KHTML, like Gecko) Mobile Safari/537.36 (compatible; Bytespider; spider-feedback@bytedance.com)"
47.128.23.198 - - [15/Jun/2026:17:52:27 +0200] "GET /wp-content/plugins/wpfront-notification-bar/css/wpfront-notification-bar.min.css?ver=3.5.1.05102 HTTP/2.0" 404 17867 "https://brescia.elettroservicegroup.it/post-9-2/" "Mozilla/5.0 (Linux; Android 5.0) AppleWebKit/537.36 (KHTML, like Gecko) Mobile Safari/537.36 (compatible; Bytespider; spider-feedback@bytedance.com)"
47.128.23.198 - - [15/Jun/2026:17:52:27 +0200] "GET /wp-content/uploads/elementor/css/post-14146.css?ver=1781405767 HTTP/2.0" 404 17872 "https://brescia.elettroservicegroup.it/post-9-2/" "Mozilla/5.0 (Linux; Android 5.0) AppleWebKit/537.36 (KHTML, like Gecko) Mobile Safari/537.36 (compatible; Bytespider; spider-feedback@bytedance.com)"
47.128.23.198 - - [15/Jun/2026:17:52:27 +0200] "GET /wp-content/plugins/elementor/assets/lib/font-awesome/css/all.min.css?ver=4.1.3 HTTP/2.0" 404 17885 "https://brescia.elettroservicegroup.it/post-9-2/" "Mozilla/5.0 (Linux; Android 5.0) AppleWebKit/537.36 (KHTML, like Gecko) Mobile Safari/537.36 (compatible; Bytespider; spider-feedback@bytedance.com)"
47.128.23.198 - - [15/Jun/2026:17:52:27 +0200] "GET /wp-content/plugins/elementor/assets/lib/font-awesome/css/v4-shims.min.css?ver=4.1.3 HTTP/2.0" 404 17885 "https://brescia.elettroservicegroup.it/post-9-2/" "Mozilla/5.0 (Linux; Android 5.0) AppleWebKit/537.36 (KHTML, like Gecko) Mobile Safari/537.36 (compatible; Bytespider; spider-feedback@bytedance.com)"
47.128.23.198 - - [15/Jun/2026:17:52:27 +0200] "GET /wp-content/uploads/elementor/css/post-14366.css?ver=1781405767 HTTP/2.0" 404 17867 "https://brescia.elettroservicegroup.it/post-9-2/" "Mozilla/5.0 (Linux; Android 5.0) AppleWebKit/537.36 (KHTML, like Gecko) Mobile Safari/537.36 (compatible; Bytespider; spider-feedback@bytedance.com)"
47.128.23.198 - - [15/Jun/2026:17:52:28 +0200] "GET /wp-content/plugins/elementor/assets/lib/font-awesome/css/fontawesome.css?ver=5.15.3 HTTP/2.0" 404 17883 "https://brescia.elettroservicegroup.it/post-9-2/" "Mozilla/5.0 (Linux; Android 5.0) AppleWebKit/537.36 (KHTML, like Gecko) Mobile Safari/537.36 (compatible; Bytespider; spider-feedback@bytedance.com)"
47.128.23.198 - - [15/Jun/2026:17:52:28 +0200] "GET /wp-content/plugins/elementor/assets/lib/eicons/css/elementor-icons.min.css?ver=5.34.0 HTTP/2.0" 404 17872 "https://brescia.elettroservicegroup.it/post-9-2/" "Mozilla/5.0 (Linux; Android 5.0) AppleWebKit/537.36 (KHTML, like Gecko) Mobile Safari/537.36 (compatible; Bytespider; spider-feedback@bytedance.com)"
47.128.23.198 - - [15/Jun/2026:17:52:27 +0200] "GET /wp-content/plugins/elementor/assets/lib/eicons/css/elementor-icons.min.css?ver=5.49.0 HTTP/2.0" 404 17872 "https://brescia.elettroservicegroup.it/post-9-2/" "Mozilla/5.0 (Linux; Android 5.0) AppleWebKit/537.36 (KHTML, like Gecko) Mobile Safari/537.36 (compatible; Bytespider; spider-feedback@bytedance.com)"
47.128.23.198 - - [15/Jun/2026:17:52:28 +0200] "GET /wp-content/plugins/elementor/assets/lib/font-awesome/css/brands.css?ver=5.15.3 HTTP/2.0" 404 17887 "https://brescia.elettroservicegroup.it/post-9-2/" "Mozilla/5.0 (Linux; Android 5.0) AppleWebKit/537.36 (KHTML, like Gecko) Mobile Safari/537.36 (compatible; Bytespider; spider-feedback@bytedance.com)"
47.128.23.198 - - [15/Jun/2026:17:52:28 +0200] "GET /wp-content/themes/generatepress/assets/css/main.min.css?ver=3.6.1 HTTP/2.0" 404 17873 "https://brescia.elettroservicegroup.it/post-9-2/" "Mozilla/5.0 (Linux; Android 5.0) AppleWebKit/537.36 (KHTML, like Gecko) Mobile Safari/537.36 (compatible; Bytespider; spider-feedback@bytedance.com)"
47.128.23.198 - - [15/Jun/2026:17:52:28 +0200] "GET /wp-content/plugins/elementor/assets/css/widget-social-icons.min.css?ver=3.24.0 HTTP/2.0" 404 17871 "https://brescia.elettroservicegroup.it/post-9-2/" "Mozilla/5.0 (Linux; Android 5.0) AppleWebKit/537.36 (KHTML, like Gecko) Mobile Safari/537.36 (compatible; Bytespider; spider-feedback@bytedance.com)"
47.128.23.198 - - [15/Jun/2026:17:52:28 +0200] "GET /wp-content/plugins/elementor/assets/lib/font-awesome/css/solid.css?ver=5.15.3 HTTP/2.0" 404 17883 "https://brescia.elettroservicegroup.it/post-9-2/" "Mozilla/5.0 (Linux; Android 5.0) AppleWebKit/537.36 (KHTML, like Gecko) Mobile Safari/537.36 (compatible; Bytespider; spider-feedback@bytedance.com)"
47.128.23.198 - - [15/Jun/2026:17:52:28 +0200] "GET /wp-content/uploads/elementor/google-fonts/css/roboto.css?ver=1742275292 HTTP/2.0" 404 17874 "https://brescia.elettroservicegroup.it/post-9-2/" "Mozilla/5.0 (Linux; Android 5.0) AppleWebKit/537.36 (KHTML, like Gecko) Mobile Safari/537.36 (compatible; Bytespider; spider-feedback@bytedance.com)"
47.128.23.198 - - [15/Jun/2026:17:52:28 +0200] "GET /wp-content/plugins/elementor/assets/css/widget-icon-list.min.css?ver=3.24.3 HTTP/2.0" 404 17874 "https://brescia.elettroservicegroup.it/post-9-2/" "Mozilla/5.0 (Linux; Android 5.0) AppleWebKit/537.36 (KHTML, like Gecko) Mobile Safari/537.36 (compatible; Bytespider; spider-feedback@bytedance.com)"
47.128.23.198 - - [15/Jun/2026:17:52:36 +0200] "GET /wp-content/uploads/2018/02/post-10-150x150.jpg HTTP/2.0" 404 91565 "https://brescia.elettroservicegroup.it/post-9-2/" "Mozilla/5.0 (Linux; Android 5.0) AppleWebKit/537.36 (KHTML, like Gecko) Mobile Safari/537.36 (compatible; Bytespider; spider-feedback@bytedance.com)"
47.128.23.198 - - [15/Jun/2026:17:52:36 +0200] "GET /wp-content/uploads/2018/02/post-9-300x200.jpg HTTP/2.0" 404 91559 "https://brescia.elettroservicegroup.it/post-9-2/" "Mozilla/5.0 (Linux; Android 5.0) AppleWebKit/537.36 (KHTML, like Gecko) Mobile Safari/537.36 (compatible; Bytespider; spider-feedback@bytedance.com)"
47.128.23.198 - - [15/Jun/2026:17:52:36 +0200] "GET /wp-content/uploads/2018/02/post-9-150x150.jpg HTTP/2.0" 404 91559 "https://brescia.elettroservicegroup.it/post-9-2/" "Mozilla/5.0 (Linux; Android 5.0) AppleWebKit/537.36 (KHTML, like Gecko) Mobile Safari/537.36 (compatible; Bytespider; spider-feedback@bytedance.com)"
47.128.23.198 - - [15/Jun/2026:17:52:36 +0200] "GET /wp-content/uploads/2018/02/post-8-150x150.jpg HTTP/2.0" 404 91559 "https://brescia.elettroservicegroup.it/post-9-2/" "Mozilla/5.0 (Linux; Android 5.0) AppleWebKit/537.36 (KHTML, like Gecko) Mobile Safari/537.36 (compatible; Bytespider; spider-feedback@bytedance.com)"
47.128.23.198 - - [15/Jun/2026:17:52:36 +0200] "GET /wp-content/uploads/2018/02/post-4-150x150.jpg HTTP/2.0" 404 91559 "https://brescia.elettroservicegroup.it/post-9-2/" "Mozilla/5.0 (Linux; Android 5.0) AppleWebKit/537.36 (KHTML, like Gecko) Mobile Safari/537.36 (compatible; Bytespider; spider-feedback@bytedance.com)"
47.128.23.198 - - [15/Jun/2026:17:52:36 +0200] "GET /wp-content/uploads/2021/10/cropped-cropped-cropped-logo_white_background.png HTTP/2.0" 404 91745 "https://brescia.elettroservicegroup.it/post-9-2/" "Mozilla/5.0 (Linux; Android 5.0) AppleWebKit/537.36 (KHTML, like Gecko) Mobile Safari/537.36 (compatible; Bytespider; spider-feedback@bytedance.com)"
47.128.23.198 - - [15/Jun/2026:17:52:36 +0200] "GET /wp-content/uploads/2018/02/post-7-150x150.jpg HTTP/2.0" 404 91559 "https://brescia.elettroservicegroup.it/post-9-2/" "Mozilla/5.0 (Linux; Android 5.0) AppleWebKit/537.36 (KHTML, like Gecko) Mobile Safari/537.36 (compatible; Bytespider; spider-feedback@bytedance.com)"
47.128.23.198 - - [15/Jun/2026:17:52:39 +0200] "GET /wp-content/uploads/2018/02/post-3-150x150.jpg HTTP/2.0" 404 91559 "https://brescia.elettroservicegroup.it/post-9-2/" "Mozilla/5.0 (Linux; Android 5.0) AppleWebKit/537.36 (KHTML, like Gecko) Mobile Safari/537.36 (compatible; Bytespider; spider-feedback@bytedance.com)"
47.128.23.198 - - [15/Jun/2026:17:52:39 +0200] "GET /wp-content/uploads/2018/02/post-6-150x150.jpg HTTP/2.0" 404 91559 "https://brescia.elettroservicegroup.it/post-9-2/" "Mozilla/5.0 (Linux; Android 5.0) AppleWebKit/537.36 (KHTML, like Gecko) Mobile Safari/537.36 (compatible; Bytespider; spider-feedback@bytedance.com)"
47.128.23.198 - - [15/Jun/2026:17:52:39 +0200] "GET /wp-content/uploads/2018/02/post-5-150x150.jpg HTTP/2.0" 404 91559 "https://brescia.elettroservicegroup.it/post-9-2/" "Mozilla/5.0 (Linux; Android 5.0) AppleWebKit/537.36 (KHTML, like Gecko) Mobile Safari/537.36 (compatible; Bytespider; spider-feedback@bytedance.com)"
47.128.23.198 - - [15/Jun/2026:17:52:39 +0200] "GET /wp-content/uploads/2018/02/post-2-150x150.jpg HTTP/2.0" 404 91559 "https://brescia.elettroservicegroup.it/post-9-2/" "Mozilla/5.0 (Linux; Android 5.0) AppleWebKit/537.36 (KHTML, like Gecko) Mobile Safari/537.36 (compatible; Bytespider; spider-feedback@bytedance.com)"
47.128.23.198 - - [15/Jun/2026:17:52:39 +0200] "GET /wp-content/plugins/wpfront-notification-bar/images/arrow_up.png HTTP/2.0" 404 91667 "https://brescia.elettroservicegroup.it/post-9-2/" "Mozilla/5.0 (Linux; Android 5.0) AppleWebKit/537.36 (KHTML, like Gecko) Mobile Safari/537.36 (compatible; Bytespider; spider-feedback@bytedance.com)"
65.108.235.243 - - [15/Jun/2026:17:56:53 +0200] "POST /wp-cron.php?doing_wp_cron=1781539013.5587449073791503906250 HTTP/1.1" 200 1 "-" "WordPress/7.0; https://brescia.elettroservicegroup.it"
47.128.23.253 - - [15/Jun/2026:17:56:50 +0200] "GET /post-9-2/ HTTP/2.0" 403 18591 "-" "Mozilla/5.0 (Linux; Android 5.0) AppleWebKit/537.36 (KHTML, like Gecko) Mobile Safari/537.36 (compatible; Bytespider; spider-feedback@bytedance.com)"
47.128.23.253 - - [15/Jun/2026:17:56:54 +0200] "GET /wp-content/plugins/header-footer-elementor/inc/widgets-css/frontend.css?ver=2.8.8 HTTP/2.0" 404 17874 "https://brescia.elettroservicegroup.it/post-9-2/" "Mozilla/5.0 (Linux; Android 5.0) AppleWebKit/537.36 (KHTML, like Gecko) Mobile Safari/537.36 (compatible; Bytespider; spider-feedback@bytedance.com)"
47.128.23.253 - - [15/Jun/2026:17:56:54 +0200] "GET /wp-content/plugins/elementor/assets/lib/eicons/css/elementor-icons.min.css?ver=5.49.0 HTTP/2.0" 404 17872 "https://brescia.elettroservicegroup.it/post-9-2/" "Mozilla/5.0 (Linux; Android 5.0) AppleWebKit/537.36 (KHTML, like Gecko) Mobile Safari/537.36 (compatible; Bytespider; spider-feedback@bytedance.com)"
47.128.23.253 - - [15/Jun/2026:17:56:55 +0200] "GET /wp-content/plugins/elementor/assets/lib/font-awesome/css/all.min.css?ver=4.1.3 HTTP/2.0" 404 17885 "https://brescia.elettroservicegroup.it/post-9-2/" "Mozilla/5.0 (Linux; Android 5.0) AppleWebKit/537.36 (KHTML, like Gecko) Mobile Safari/537.36 (compatible; Bytespider; spider-feedback@bytedance.com)"
47.128.23.253 - - [15/Jun/2026:17:56:55 +0200] "GET /wp-content/uploads/elementor/google-fonts/css/robotoslab.css?ver=1742275294 HTTP/2.0" 507 - "https://brescia.elettroservicegroup.it/post-9-2/" "Mozilla/5.0 (Linux; Android 5.0) AppleWebKit/537.36 (KHTML, like Gecko) Mobile Safari/537.36 (compatible; Bytespider; spider-feedback@bytedance.com)"
47.128.23.253 - - [15/Jun/2026:17:56:55 +0200] "GET /wp-content/plugins/essential-addons-for-elementor-lite/assets/front-end/css/view/general.min.css?ver=6.6.7 HTTP/2.0" 507 - "https://brescia.elettroservicegroup.it/post-9-2/" "Mozilla/5.0 (Linux; Android 5.0) AppleWebKit/537.36 (KHTML, like Gecko) Mobile Safari/537.36 (compatible; Bytespider; spider-feedback@bytedance.com)"
47.128.23.253 - - [15/Jun/2026:17:56:55 +0200] "GET /wp-content/plugins/elementor/assets/lib/font-awesome/css/fontawesome.css?ver=5.15.3 HTTP/2.0" 507 - "https://brescia.elettroservicegroup.it/post-9-2/" "Mozilla/5.0 (Linux; Android 5.0) AppleWebKit/537.36 (KHTML, like Gecko) Mobile Safari/537.36 (compatible; Bytespider; spider-feedback@bytedance.com)"
47.128.23.253 - - [15/Jun/2026:17:56:55 +0200] "GET /wp-content/plugins/elementor/assets/css/widget-social-icons.min.css?ver=3.24.0 HTTP/2.0" 507 - "https://brescia.elettroservicegroup.it/post-9-2/" "Mozilla/5.0 (Linux; Android 5.0) AppleWebKit/537.36 (KHTML, like Gecko) Mobile Safari/537.36 (compatible; Bytespider; spider-feedback@bytedance.com)"
47.128.23.253 - - [15/Jun/2026:17:56:54 +0200] "GET /wp-includes/css/dist/block-library/style.min.css?ver=7.0 HTTP/2.0" 404 17871 "https://brescia.elettroservicegroup.it/post-9-2/" "Mozilla/5.0 (Linux; Android 5.0) AppleWebKit/537.36 (KHTML, like Gecko) Mobile Safari/537.36 (compatible; Bytespider; spider-feedback@bytedance.com)"
47.128.23.253 - - [15/Jun/2026:17:56:54 +0200] "GET /wp-content/plugins/complianz-gdpr-premium/assets/css/cookieblocker.min.css?ver=1780326839 HTTP/2.0" 404 17869 "https://brescia.elettroservicegroup.it/post-9-2/" "Mozilla/5.0 (Linux; Android 5.0) AppleWebKit/537.36 (KHTML, like Gecko) Mobile Safari/537.36 (compatible; Bytespider; spider-feedback@bytedance.com)"
47.128.23.253 - - [15/Jun/2026:17:56:55 +0200] "GET /wp-content/plugins/elementor/assets/css/frontend.min.css?ver=4.1.3 HTTP/2.0" 404 17863 "https://brescia.elettroservicegroup.it/post-9-2/" "Mozilla/5.0 (Linux; Android 5.0) AppleWebKit/537.36 (KHTML, like Gecko) Mobile Safari/537.36 (compatible; Bytespider; spider-feedback@bytedance.com)"
47.128.23.253 - - [15/Jun/2026:17:56:55 +0200] "GET /wp-content/themes/generatepress/assets/css/components/comments.min.css?ver=3.6.1 HTTP/2.0" 404 17885 "https://brescia.elettroservicegroup.it/post-9-2/" "Mozilla/5.0 (Linux; Android 5.0) AppleWebKit/537.36 (KHTML, like Gecko) Mobile Safari/537.36 (compatible; Bytespider; spider-feedback@bytedance.com)"
47.128.23.253 - - [15/Jun/2026:17:56:55 +0200] "GET /wp-content/uploads/elementor/css/post-14146.css?ver=1781405767 HTTP/2.0" 404 17872 "https://brescia.elettroservicegroup.it/post-9-2/" "Mozilla/5.0 (Linux; Android 5.0) AppleWebKit/537.36 (KHTML, like Gecko) Mobile Safari/537.36 (compatible; Bytespider; spider-feedback@bytedance.com)"
47.128.23.253 - - [15/Jun/2026:17:56:54 +0200] "GET /wp-content/plugins/header-footer-elementor/assets/css/header-footer-elementor.css?ver=2.8.8 HTTP/2.0" 404 17870 "https://brescia.elettroservicegroup.it/post-9-2/" "Mozilla/5.0 (Linux; Android 5.0) AppleWebKit/537.36 (KHTML, like Gecko) Mobile Safari/537.36 (compatible; Bytespider; spider-feedback@bytedance.com)"
47.128.23.253 - - [15/Jun/2026:17:56:54 +0200] "GET /wp-content/plugins/all-in-one-seo-pack/dist/Lite/assets/css/table-of-contents/global.e90f6d47.css?ver=4.9.8 HTTP/2.0" 404 17887 "https://brescia.elettroservicegroup.it/post-9-2/" "Mozilla/5.0 (Linux; Android 5.0) AppleWebKit/537.36 (KHTML, like Gecko) Mobile Safari/537.36 (compatible; Bytespider; spider-feedback@bytedance.com)"
47.128.23.253 - - [15/Jun/2026:17:56:55 +0200] "GET /wp-content/plugins/elementor/assets/lib/font-awesome/css/v4-shims.min.css?ver=4.1.3 HTTP/2.0" 404 17885 "https://brescia.elettroservicegroup.it/post-9-2/" "Mozilla/5.0 (Linux; Android 5.0) AppleWebKit/537.36 (KHTML, like Gecko) Mobile Safari/537.36 (compatible; Bytespider; spider-feedback@bytedance.com)"
47.128.23.253 - - [15/Jun/2026:17:56:55 +0200] "GET /wp-content/uploads/elementor/css/post-14366.css?ver=1781405767 HTTP/2.0" 404 17867 "https://brescia.elettroservicegroup.it/post-9-2/" "Mozilla/5.0 (Linux; Android 5.0) AppleWebKit/537.36 (KHTML, like Gecko) Mobile Safari/537.36 (compatible; Bytespider; spider-feedback@bytedance.com)"
47.128.23.253 - - [15/Jun/2026:17:56:55 +0200] "GET /wp-content/plugins/elementor/assets/lib/font-awesome/css/brands.css?ver=5.15.3 HTTP/2.0" 404 17887 "https://brescia.elettroservicegroup.it/post-9-2/" "Mozilla/5.0 (Linux; Android 5.0) AppleWebKit/537.36 (KHTML, like Gecko) Mobile Safari/537.36 (compatible; Bytespider; spider-feedback@bytedance.com)"
47.128.23.253 - - [15/Jun/2026:17:56:55 +0200] "GET /wp-content/plugins/elementor/assets/lib/eicons/css/elementor-icons.min.css?ver=5.34.0 HTTP/2.0" 404 17872 "https://brescia.elettroservicegroup.it/post-9-2/" "Mozilla/5.0 (Linux; Android 5.0) AppleWebKit/537.36 (KHTML, like Gecko) Mobile Safari/537.36 (compatible; Bytespider; spider-feedback@bytedance.com)"
47.128.23.253 - - [15/Jun/2026:17:56:55 +0200] "GET /wp-content/plugins/elementor/assets/css/widget-icon-list.min.css?ver=3.24.3 HTTP/2.0" 404 17874 "https://brescia.elettroservicegroup.it/post-9-2/" "Mozilla/5.0 (Linux; Android 5.0) AppleWebKit/537.36 (KHTML, like Gecko) Mobile Safari/537.36 (compatible; Bytespider; spider-feedback@bytedance.com)"
47.128.23.253 - - [15/Jun/2026:17:56:55 +0200] "GET /wp-content/plugins/gp-premium/menu-plus/functions/css/navigation-branding-flex.min.css?ver=2.5.5 HTTP/2.0" 404 17899 "https://brescia.elettroservicegroup.it/post-9-2/" "Mozilla/5.0 (Linux; Android 5.0) AppleWebKit/537.36 (KHTML, like Gecko) Mobile Safari/537.36 (compatible; Bytespider; spider-feedback@bytedance.com)"
47.128.23.253 - - [15/Jun/2026:17:56:55 +0200] "GET /wp-content/plugins/wpfront-notification-bar/css/wpfront-notification-bar.min.css?ver=3.5.1.05102 HTTP/2.0" 404 17867 "https://brescia.elettroservicegroup.it/post-9-2/" "Mozilla/5.0 (Linux; Android 5.0) AppleWebKit/537.36 (KHTML, like Gecko) Mobile Safari/537.36 (compatible; Bytespider; spider-feedback@bytedance.com)"
47.128.23.253 - - [15/Jun/2026:17:56:55 +0200] "GET /wp-content/themes/generatepress/assets/css/main.min.css?ver=3.6.1 HTTP/2.0" 404 17873 "https://brescia.elettroservicegroup.it/post-9-2/" "Mozilla/5.0 (Linux; Android 5.0) AppleWebKit/537.36 (KHTML, like Gecko) Mobile Safari/537.36 (compatible; Bytespider; spider-feedback@bytedance.com)"
47.128.23.253 - - [15/Jun/2026:17:56:55 +0200] "GET /wp-content/uploads/elementor/google-fonts/css/roboto.css?ver=1742275292 HTTP/2.0" 404 17874 "https://brescia.elettroservicegroup.it/post-9-2/" "Mozilla/5.0 (Linux; Android 5.0) AppleWebKit/537.36 (KHTML, like Gecko) Mobile Safari/537.36 (compatible; Bytespider; spider-feedback@bytedance.com)"
47.128.23.253 - - [15/Jun/2026:17:56:55 +0200] "GET /wp-content/uploads/2021/10/cropped-cropped-cropped-logo_white_background.png HTTP/2.0" 404 91745 "https://brescia.elettroservicegroup.it/post-9-2/" "Mozilla/5.0 (Linux; Android 5.0) AppleWebKit/537.36 (KHTML, like Gecko) Mobile Safari/537.36 (compatible; Bytespider; spider-feedback@bytedance.com)"
47.128.23.253 - - [15/Jun/2026:17:56:55 +0200] "GET /wp-content/plugins/elementor/assets/lib/font-awesome/css/solid.css?ver=5.15.3 HTTP/2.0" 404 17883 "https://brescia.elettroservicegroup.it/post-9-2/" "Mozilla/5.0 (Linux; Android 5.0) AppleWebKit/537.36 (KHTML, like Gecko) Mobile Safari/537.36 (compatible; Bytespider; spider-feedback@bytedance.com)"
47.128.23.253 - - [15/Jun/2026:17:57:04 +0200] "GET /wp-content/uploads/2018/02/post-9-300x200.jpg HTTP/2.0" 404 91559 "https://brescia.elettroservicegroup.it/post-9-2/" "Mozilla/5.0 (Linux; Android 5.0) AppleWebKit/537.36 (KHTML, like Gecko) Mobile Safari/537.36 (compatible; Bytespider; spider-feedback@bytedance.com)"
47.128.23.253 - - [15/Jun/2026:17:57:04 +0200] "GET /wp-content/uploads/2018/02/post-10-150x150.jpg HTTP/2.0" 404 91565 "https://brescia.elettroservicegroup.it/post-9-2/" "Mozilla/5.0 (Linux; Android 5.0) AppleWebKit/537.36 (KHTML, like Gecko) Mobile Safari/537.36 (compatible; Bytespider; spider-feedback@bytedance.com)"
47.128.23.253 - - [15/Jun/2026:17:57:04 +0200] "GET /wp-content/uploads/2018/02/post-9-150x150.jpg HTTP/2.0" 404 91559 "https://brescia.elettroservicegroup.it/post-9-2/" "Mozilla/5.0 (Linux; Android 5.0) AppleWebKit/537.36 (KHTML, like Gecko) Mobile Safari/537.36 (compatible; Bytespider; spider-feedback@bytedance.com)"
47.128.23.253 - - [15/Jun/2026:17:57:04 +0200] "GET /wp-content/uploads/2018/02/post-4-150x150.jpg HTTP/2.0" 404 91559 "https://brescia.elettroservicegroup.it/post-9-2/" "Mozilla/5.0 (Linux; Android 5.0) AppleWebKit/537.36 (KHTML, like Gecko) Mobile Safari/537.36 (compatible; Bytespider; spider-feedback@bytedance.com)"
47.128.23.253 - - [15/Jun/2026:17:57:04 +0200] "GET /wp-content/uploads/2018/02/post-7-150x150.jpg HTTP/2.0" 404 91559 "https://brescia.elettroservicegroup.it/post-9-2/" "Mozilla/5.0 (Linux; Android 5.0) AppleWebKit/537.36 (KHTML, like Gecko) Mobile Safari/537.36 (compatible; Bytespider; spider-feedback@bytedance.com)"
47.128.23.253 - - [15/Jun/2026:17:57:04 +0200] "GET /wp-content/uploads/2018/02/post-8-150x150.jpg HTTP/2.0" 404 91559 "https://brescia.elettroservicegroup.it/post-9-2/" "Mozilla/5.0 (Linux; Android 5.0) AppleWebKit/537.36 (KHTML, like Gecko) Mobile Safari/537.36 (compatible; Bytespider; spider-feedback@bytedance.com)"
47.128.23.253 - - [15/Jun/2026:17:57:05 +0200] "GET /wp-content/uploads/2021/10/cropped-cropped-cropped-logo_white_background.png HTTP/2.0" 404 91745 "https://brescia.elettroservicegroup.it/post-9-2/" "Mozilla/5.0 (Linux; Android 5.0) AppleWebKit/537.36 (KHTML, like Gecko) Mobile Safari/537.36 (compatible; Bytespider; spider-feedback@bytedance.com)"
47.128.23.253 - - [15/Jun/2026:17:57:06 +0200] "GET /wp-content/uploads/2018/02/post-3-150x150.jpg HTTP/2.0" 404 91559 "https://brescia.elettroservicegroup.it/post-9-2/" "Mozilla/5.0 (Linux; Android 5.0) AppleWebKit/537.36 (KHTML, like Gecko) Mobile Safari/537.36 (compatible; Bytespider; spider-feedback@bytedance.com)"
47.128.23.253 - - [15/Jun/2026:17:57:07 +0200] "GET /wp-content/uploads/2018/02/post-6-150x150.jpg HTTP/2.0" 404 91559 "https://brescia.elettroservicegroup.it/post-9-2/" "Mozilla/5.0 (Linux; Android 5.0) AppleWebKit/537.36 (KHTML, like Gecko) Mobile Safari/537.36 (compatible; Bytespider; spider-feedback@bytedance.com)"
47.128.23.253 - - [15/Jun/2026:17:57:08 +0200] "GET /wp-content/uploads/2018/02/post-5-150x150.jpg HTTP/2.0" 404 91559 "https://brescia.elettroservicegroup.it/post-9-2/" "Mozilla/5.0 (Linux; Android 5.0) AppleWebKit/537.36 (KHTML, like Gecko) Mobile Safari/537.36 (compatible; Bytespider; spider-feedback@bytedance.com)"
47.128.23.253 - - [15/Jun/2026:17:57:08 +0200] "GET /wp-content/uploads/2018/02/post-2-150x150.jpg HTTP/2.0" 404 91559 "https://brescia.elettroservicegroup.it/post-9-2/" "Mozilla/5.0 (Linux; Android 5.0) AppleWebKit/537.36 (KHTML, like Gecko) Mobile Safari/537.36 (compatible; Bytespider; spider-feedback@bytedance.com)"
47.128.23.253 - - [15/Jun/2026:17:57:08 +0200] "GET /wp-content/plugins/wpfront-notification-bar/images/arrow_up.png HTTP/2.0" 404 91667 "https://brescia.elettroservicegroup.it/post-9-2/" "Mozilla/5.0 (Linux; Android 5.0) AppleWebKit/537.36 (KHTML, like Gecko) Mobile Safari/537.36 (compatible; Bytespider; spider-feedback@bytedance.com)"
65.108.235.243 - - [15/Jun/2026:18:26:14 +0200] "POST /wp-cron.php?doing_wp_cron=1781540774.0759279727935791015625 HTTP/1.1" 200 1 "-" "WordPress/7.0; https://brescia.elettroservicegroup.it"
216.73.216.73 - - [15/Jun/2026:18:26:11 +0200] "GET /sitemap.rss HTTP/2.0" 404 384 "-" "Mozilla/5.0 AppleWebKit/537.36 (KHTML, like Gecko; compatible; ClaudeBot/1.0; +claudebot@anthropic.com)"
136.113.9.105 - - [15/Jun/2026:18:49:42 +0200] "POST / HTTP/1.1" 200 11734 "https://www.brescia.elettroservicegroup.it/" "Mozilla/5.0 (Windows NT 10.0; Win64; x64) AppleWebKit/537.36 (KHTML, like Gecko) Chrome/145.0.0.0 Safari/537.36"
65.108.235.243 - - [15/Jun/2026:19:06:23 +0200] "POST /wp-cron.php?doing_wp_cron=1781543183.0506811141967773437500 HTTP/1.1" 200 1 "-" "WordPress/7.0; https://brescia.elettroservicegroup.it"
15.161.101.31 - - [15/Jun/2026:19:06:15 +0200] "GET / HTTP/2.0" 301 1 "-" "Mozilla/5.0 (Macintosh; Intel Mac OS X 10_15_7) AppleWebKit/537.36 (KHTML, like Gecko) Chrome/131.0.0.0 Safari/537.36"
15.161.101.31 - - [15/Jun/2026:19:06:25 +0200] "GET / HTTP/2.0" 200 19887 "https://www.brescia.elettroservicegroup.it/" "Mozilla/5.0 (Macintosh; Intel Mac OS X 10_15_7) AppleWebKit/537.36 (KHTML, like Gecko) Chrome/131.0.0.0 Safari/537.36"
84.90.97.216 - - [15/Jun/2026:19:06:45 +0200] "POST /xmlrpc.php HTTP/2.0" 403 52 "https://brescia.elettroservicegroup.it/xmlrpc.php" "Mozilla/5.0 (Windows NT 10.0; Win64; x64) AppleWebKit/537.36 (KHTML, like Gecko) Chrome/132.0.0.0 Safari/537.36"
65.108.235.243 - - [15/Jun/2026:19:08:14 +0200] "POST /wp-cron.php?doing_wp_cron=1781543294.3648319244384765625000 HTTP/1.1" 200 1 "-" "WordPress/7.0; https://brescia.elettroservicegroup.it"
15.161.101.31 - - [15/Jun/2026:19:08:06 +0200] "GET / HTTP/2.0" 301 1 "-" "Mozilla/5.0 (iPod; U; CPU iPhone OS 3_0 like Mac OS X; kn-IN) AppleWebKit/534.44.7 (KHTML, like Gecko) Version/3.0.5 Mobile/8B111 Safari/6534.44.7"
15.161.101.31 - - [15/Jun/2026:19:08:20 +0200] "GET / HTTP/2.0" 200 19887 "https://www.brescia.elettroservicegroup.it/" "Mozilla/5.0 (iPod; U; CPU iPhone OS 3_0 like Mac OS X; kn-IN) AppleWebKit/534.44.7 (KHTML, like Gecko) Version/3.0.5 Mobile/8B111 Safari/6534.44.7"
65.108.235.243 - - [15/Jun/2026:19:10:17 +0200] "POST /wp-cron.php?doing_wp_cron=1781543417.6502740383148193359375 HTTP/1.1" 200 1 "-" "WordPress/7.0; https://brescia.elettroservicegroup.it"
15.161.101.31 - - [15/Jun/2026:19:10:10 +0200] "GET /favicon.ico HTTP/2.0" 302 1 "-" "Mozilla/5.0 (Macintosh; Intel Mac OS X 10_15_7) AppleWebKit/537.36 (KHTML, like Gecko) Chrome/131.0.0.0 Safari/537.36"
15.161.101.31 - - [15/Jun/2026:19:10:20 +0200] "GET /wp-content/uploads/2021/10/cropped-cropped-cropped-cropped-logo_white_background-32x32.png HTTP/2.0" 200 1525 "https://www.brescia.elettroservicegroup.it/favicon.ico" "Mozilla/5.0 (Macintosh; Intel Mac OS X 10_15_7) AppleWebKit/537.36 (KHTML, like Gecko) Chrome/131.0.0.0 Safari/537.36"
15.161.101.31 - - [15/Jun/2026:19:15:49 +0200] "GET /wp-content/uploads/2021/10/cropped-cropped-cropped-logo_white_background.png HTTP/2.0" 200 38971 "-" "Mozilla/5.0 (Macintosh; Intel Mac OS X 10_15_7) AppleWebKit/537.36 (KHTML, like Gecko) Chrome/131.0.0.0 Safari/537.36"
15.161.101.31 - - [15/Jun/2026:19:15:50 +0200] "GET /wp-content/uploads/2021/10/cropped-cropped-cropped-cropped-logo_white_background-192x192.png HTTP/2.0" 200 19089 "-" "Mozilla/5.0 (iPod; U; CPU iPhone OS 3_0 like Mac OS X; kn-IN) AppleWebKit/534.44.7 (KHTML, like Gecko) Version/3.0.5 Mobile/8B111 Safari/6534.44.7"
15.161.101.31 - - [15/Jun/2026:19:15:50 +0200] "GET /wp-content/uploads/2021/10/cropped-cropped-cropped-cropped-logo_white_background-32x32.png HTTP/2.0" 200 1525 "-" "Mozilla/5.0 (Macintosh; Intel Mac OS X 10_15_7) AppleWebKit/537.36 (KHTML, like Gecko) Chrome/131.0.0.0 Safari/537.36"
15.161.101.31 - - [15/Jun/2026:19:15:50 +0200] "GET /wp-content/uploads/2021/10/cropped-cropped-cropped-cropped-logo_white_background-32x32.png HTTP/2.0" 200 1525 "-" "Mozilla/5.0 (iPod; U; CPU iPhone OS 3_0 like Mac OS X; kn-IN) AppleWebKit/534.44.7 (KHTML, like Gecko) Version/3.0.5 Mobile/8B111 Safari/6534.44.7"
15.161.101.31 - - [15/Jun/2026:19:15:50 +0200] "GET /wp-content/uploads/2021/10/cropped-cropped-cropped-logo_white_background.png HTTP/2.0" 200 38971 "-" "Mozilla/5.0 (iPod; U; CPU iPhone OS 3_0 like Mac OS X; kn-IN) AppleWebKit/534.44.7 (KHTML, like Gecko) Version/3.0.5 Mobile/8B111 Safari/6534.44.7"
15.161.101.31 - - [15/Jun/2026:19:15:50 +0200] "GET /wp-content/uploads/2021/10/cropped-cropped-cropped-cropped-logo_white_background-180x180.png HTTP/2.0" 200 21353 "-" "Mozilla/5.0 (iPod; U; CPU iPhone OS 3_0 like Mac OS X; kn-IN) AppleWebKit/534.44.7 (KHTML, like Gecko) Version/3.0.5 Mobile/8B111 Safari/6534.44.7"
15.161.101.31 - - [15/Jun/2026:19:15:50 +0200] "GET /wp-content/uploads/2021/10/cropped-cropped-cropped-cropped-logo_white_background-180x180.png HTTP/2.0" 200 21353 "-" "Mozilla/5.0 (Macintosh; Intel Mac OS X 10_15_7) AppleWebKit/537.36 (KHTML, like Gecko) Chrome/131.0.0.0 Safari/537.36"
15.161.101.31 - - [15/Jun/2026:19:15:52 +0200] "GET /wp-content/uploads/2021/10/cropped-cropped-cropped-cropped-logo_white_background-192x192.png HTTP/2.0" 200 19089 "-" "Mozilla/5.0 (Macintosh; Intel Mac OS X 10_15_7) AppleWebKit/537.36 (KHTML, like Gecko) Chrome/131.0.0.0 Safari/537.36"
65.108.235.243 - - [15/Jun/2026:19:18:07 +0200] "POST /wp-cron.php?doing_wp_cron=1781543887.0928390026092529296875 HTTP/1.1" 200 1 "-" "WordPress/7.0; https://brescia.elettroservicegroup.it"
15.161.101.31 - - [15/Jun/2026:19:18:03 +0200] "GET /favicon.ico HTTP/2.0" 302 1 "-" "Mozilla/5.0 (Macintosh; Intel Mac OS X 10_15_7) AppleWebKit/537.36 (KHTML, like Gecko) Chrome/131.0.0.0 Safari/537.36"
15.161.101.31 - - [15/Jun/2026:19:18:09 +0200] "GET /wp-content/uploads/2021/10/cropped-cropped-cropped-cropped-logo_white_background-32x32.png HTTP/2.0" 200 1525 "https://brescia.elettroservicegroup.it/favicon.ico" "Mozilla/5.0 (Macintosh; Intel Mac OS X 10_15_7) AppleWebKit/537.36 (KHTML, like Gecko) Chrome/131.0.0.0 Safari/537.36"
65.108.235.243 - - [15/Jun/2026:19:20:57 +0200] "POST /wp-cron.php?doing_wp_cron=1781544057.3394329547882080078125 HTTP/1.1" 200 1 "-" "WordPress/7.0; https://brescia.elettroservicegroup.it"
15.161.101.31 - - [15/Jun/2026:19:20:54 +0200] "GET / HTTP/2.0" 200 19887 "-" "Mozilla/5.0 (Macintosh; Intel Mac OS X 10_15_7) AppleWebKit/537.36 (KHTML, like Gecko) Chrome/131.0.0.0 Safari/537.36"
15.161.101.31 - - [15/Jun/2026:19:20:57 +0200] "GET /wp-content/plugins/all-in-one-seo-pack/dist/Lite/assets/css/table-of-contents/global.e90f6d47.css?ver=4.9.8 HTTP/2.0" 200 420 "https://brescia.elettroservicegroup.it/" "Mozilla/5.0 (Macintosh; Intel Mac OS X 10_15_7) AppleWebKit/537.36 (KHTML, like Gecko) Chrome/131.0.0.0 Safari/537.36"
15.161.101.31 - - [15/Jun/2026:19:20:57 +0200] "GET /wp-content/plugins/header-footer-elementor/assets/css/header-footer-elementor.css?ver=2.8.8 HTTP/2.0" 200 260 "https://brescia.elettroservicegroup.it/" "Mozilla/5.0 (Macintosh; Intel Mac OS X 10_15_7) AppleWebKit/537.36 (KHTML, like Gecko) Chrome/131.0.0.0 Safari/537.36"
15.161.101.31 - - [15/Jun/2026:19:20:57 +0200] "GET /wp-content/uploads/elementor/css/post-14146.css?ver=1781405767 HTTP/2.0" 200 428 "https://brescia.elettroservicegroup.it/" "Mozilla/5.0 (Macintosh; Intel Mac OS X 10_15_7) AppleWebKit/537.36 (KHTML, like Gecko) Chrome/131.0.0.0 Safari/537.36"
15.161.101.31 - - [15/Jun/2026:19:20:57 +0200] "GET /wp-content/plugins/complianz-gdpr-premium/assets/css/cookieblocker.min.css?ver=1780326839 HTTP/2.0" 200 615 "https://brescia.elettroservicegroup.it/" "Mozilla/5.0 (Macintosh; Intel Mac OS X 10_15_7) AppleWebKit/537.36 (KHTML, like Gecko) Chrome/131.0.0.0 Safari/537.36"
15.161.101.31 - - [15/Jun/2026:19:20:57 +0200] "GET /wp-content/uploads/elementor/css/post-14366.css?ver=1781405767 HTTP/2.0" 200 297 "https://brescia.elettroservicegroup.it/" "Mozilla/5.0 (Macintosh; Intel Mac OS X 10_15_7) AppleWebKit/537.36 (KHTML, like Gecko) Chrome/131.0.0.0 Safari/537.36"
15.161.101.31 - - [15/Jun/2026:19:20:57 +0200] "GET /wp-content/plugins/wpfront-notification-bar/css/wpfront-notification-bar.min.css?ver=3.5.1.05102 HTTP/2.0" 200 665 "https://brescia.elettroservicegroup.it/" "Mozilla/5.0 (Macintosh; Intel Mac OS X 10_15_7) AppleWebKit/537.36 (KHTML, like Gecko) Chrome/131.0.0.0 Safari/537.36"
15.161.101.31 - - [15/Jun/2026:19:20:57 +0200] "GET /wp-content/plugins/elementor/assets/lib/eicons/css/elementor-icons.min.css?ver=5.49.0 HTTP/2.0" 200 4115 "https://brescia.elettroservicegroup.it/" "Mozilla/5.0 (Macintosh; Intel Mac OS X 10_15_7) AppleWebKit/537.36 (KHTML, like Gecko) Chrome/131.0.0.0 Safari/537.36"
15.161.101.31 - - [15/Jun/2026:19:20:57 +0200] "GET /wp-content/plugins/elementor/assets/lib/font-awesome/css/v4-shims.min.css?ver=4.1.3 HTTP/2.0" 200 3986 "https://brescia.elettroservicegroup.it/" "Mozilla/5.0 (Macintosh; Intel Mac OS X 10_15_7) AppleWebKit/537.36 (KHTML, like Gecko) Chrome/131.0.0.0 Safari/537.36"
15.161.101.31 - - [15/Jun/2026:19:20:57 +0200] "GET /wp-content/plugins/elementor/assets/css/frontend.min.css?ver=4.1.3 HTTP/2.0" 200 6618 "https://brescia.elettroservicegroup.it/" "Mozilla/5.0 (Macintosh; Intel Mac OS X 10_15_7) AppleWebKit/537.36 (KHTML, like Gecko) Chrome/131.0.0.0 Safari/537.36"
15.161.101.31 - - [15/Jun/2026:19:20:57 +0200] "GET /wp-content/plugins/elementor/assets/lib/font-awesome/css/all.min.css?ver=4.1.3 HTTP/2.0" 200 12402 "https://brescia.elettroservicegroup.it/" "Mozilla/5.0 (Macintosh; Intel Mac OS X 10_15_7) AppleWebKit/537.36 (KHTML, like Gecko) Chrome/131.0.0.0 Safari/537.36"
15.161.101.31 - - [15/Jun/2026:19:20:57 +0200] "GET /wp-content/plugins/header-footer-elementor/inc/widgets-css/frontend.css?ver=2.8.8 HTTP/2.0" 200 8711 "https://brescia.elettroservicegroup.it/" "Mozilla/5.0 (Macintosh; Intel Mac OS X 10_15_7) AppleWebKit/537.36 (KHTML, like Gecko) Chrome/131.0.0.0 Safari/537.36"
15.161.101.31 - - [15/Jun/2026:19:20:57 +0200] "GET /wp-content/plugins/elementor/assets/css/widget-icon-list.min.css?ver=3.24.3 HTTP/2.0" 200 928 "https://brescia.elettroservicegroup.it/" "Mozilla/5.0 (Macintosh; Intel Mac OS X 10_15_7) AppleWebKit/537.36 (KHTML, like Gecko) Chrome/131.0.0.0 Safari/537.36"
15.161.101.31 - - [15/Jun/2026:19:20:57 +0200] "GET /wp-content/plugins/elementor/assets/lib/font-awesome/css/solid.css?ver=5.15.3 HTTP/2.0" 200 299 "https://brescia.elettroservicegroup.it/" "Mozilla/5.0 (Macintosh; Intel Mac OS X 10_15_7) AppleWebKit/537.36 (KHTML, like Gecko) Chrome/131.0.0.0 Safari/537.36"
15.161.101.31 - - [15/Jun/2026:19:20:57 +0200] "GET /wp-content/plugins/elementor/assets/lib/font-awesome/css/brands.css?ver=5.15.3 HTTP/2.0" 200 298 "https://brescia.elettroservicegroup.it/" "Mozilla/5.0 (Macintosh; Intel Mac OS X 10_15_7) AppleWebKit/537.36 (KHTML, like Gecko) Chrome/131.0.0.0 Safari/537.36"
15.161.101.31 - - [15/Jun/2026:19:20:57 +0200] "GET /wp-content/plugins/elementor/assets/css/widget-social-icons.min.css?ver=3.24.0 HTTP/2.0" 200 1039 "https://brescia.elettroservicegroup.it/" "Mozilla/5.0 (Macintosh; Intel Mac OS X 10_15_7) AppleWebKit/537.36 (KHTML, like Gecko) Chrome/131.0.0.0 Safari/537.36"
15.161.101.31 - - [15/Jun/2026:19:20:57 +0200] "GET /wp-content/plugins/elementor/assets/lib/eicons/css/elementor-icons.min.css?ver=5.34.0 HTTP/2.0" 200 4115 "https://brescia.elettroservicegroup.it/" "Mozilla/5.0 (Macintosh; Intel Mac OS X 10_15_7) AppleWebKit/537.36 (KHTML, like Gecko) Chrome/131.0.0.0 Safari/537.36"
15.161.101.31 - - [15/Jun/2026:19:20:57 +0200] "GET /wp-content/themes/generatepress/assets/css/main.min.css?ver=3.6.1 HTTP/2.0" 200 4410 "https://brescia.elettroservicegroup.it/" "Mozilla/5.0 (Macintosh; Intel Mac OS X 10_15_7) AppleWebKit/537.36 (KHTML, like Gecko) Chrome/131.0.0.0 Safari/537.36"
15.161.101.31 - - [15/Jun/2026:19:20:57 +0200] "GET /wp-includes/css/dist/block-library/style.min.css?ver=7.0 HTTP/2.0" 200 15998 "https://brescia.elettroservicegroup.it/" "Mozilla/5.0 (Macintosh; Intel Mac OS X 10_15_7) AppleWebKit/537.36 (KHTML, like Gecko) Chrome/131.0.0.0 Safari/537.36"
15.161.101.31 - - [15/Jun/2026:19:20:57 +0200] "GET /wp-content/plugins/elementor/assets/lib/font-awesome/css/fontawesome.css?ver=5.15.3 HTTP/2.0" 200 12535 "https://brescia.elettroservicegroup.it/" "Mozilla/5.0 (Macintosh; Intel Mac OS X 10_15_7) AppleWebKit/537.36 (KHTML, like Gecko) Chrome/131.0.0.0 Safari/537.36"
15.161.101.31 - - [15/Jun/2026:19:20:57 +0200] "GET /wp-content/plugins/gp-premium/menu-plus/functions/css/navigation-branding-flex.min.css?ver=2.5.5 HTTP/2.0" 200 542 "https://brescia.elettroservicegroup.it/" "Mozilla/5.0 (Macintosh; Intel Mac OS X 10_15_7) AppleWebKit/537.36 (KHTML, like Gecko) Chrome/131.0.0.0 Safari/537.36"
15.161.101.31 - - [15/Jun/2026:19:20:57 +0200] "GET /wp-content/plugins/gp-premium/blog/functions/css/style.min.css?ver=2.5.5 HTTP/2.0" 200 1018 "https://brescia.elettroservicegroup.it/" "Mozilla/5.0 (Macintosh; Intel Mac OS X 10_15_7) AppleWebKit/537.36 (KHTML, like Gecko) Chrome/131.0.0.0 Safari/537.36"
15.161.101.31 - - [15/Jun/2026:19:20:57 +0200] "GET /wp-content/plugins/essential-addons-for-elementor-lite/assets/front-end/css/view/general.min.css?ver=6.6.7 HTTP/2.0" 200 1422 "https://brescia.elettroservicegroup.it/" "Mozilla/5.0 (Macintosh; Intel Mac OS X 10_15_7) AppleWebKit/537.36 (KHTML, like Gecko) Chrome/131.0.0.0 Safari/537.36"
15.161.101.31 - - [15/Jun/2026:19:20:57 +0200] "GET /wp-content/uploads/elementor/google-fonts/css/robotoslab.css?ver=1742275294 HTTP/2.0" 200 717 "https://brescia.elettroservicegroup.it/" "Mozilla/5.0 (Macintosh; Intel Mac OS X 10_15_7) AppleWebKit/537.36 (KHTML, like Gecko) Chrome/131.0.0.0 Safari/537.36"
