65.108.235.243 - - [24/Jun/2026:14:20:33 +0200] "POST /wp-cron.php?doing_wp_cron=1782303633.1086070537567138671875 HTTP/1.1" 200 1 "-" "WordPress/7.0; https://elettroservicegroup.it"
192.178.4.102 - - [24/Jun/2026:14:20:25 +0200] "GET /chi-siamo/ HTTP/1.1" 200 21980 "-" "Mozilla/5.0 (Linux; Android 6.0.1; Nexus 5X Build/MMB29P) AppleWebKit/537.36 (KHTML, like Gecko) Chrome/148.0.7778.96 Mobile Safari/537.36 (compatible; Googlebot/2.1; +http://www.google.com/bot.html)"
62.19.187.214 - - [24/Jun/2026:14:27:57 +0200] "GET / HTTP/2.0" 200 21305 "-" "Mozilla/5.0 (X11; Linux x86_64) AppleWebKit/537.36 (KHTML, like Gecko) Chrome/149.0.0.0 Safari/537.36"
62.19.187.214 - - [24/Jun/2026:14:27:58 +0200] "GET /wp-content/uploads/elementor/css/post-14146.css?ver=1782269463 HTTP/2.0" 200 428 "https://elettroservicegroup.it/" "Mozilla/5.0 (X11; Linux x86_64) AppleWebKit/537.36 (KHTML, like Gecko) Chrome/149.0.0.0 Safari/537.36"
62.19.187.214 - - [24/Jun/2026:14:27:58 +0200] "GET /wp-content/cache/wpfc-minified/10hpkmg7/4fc5v.css HTTP/2.0" 200 418 "https://elettroservicegroup.it/" "Mozilla/5.0 (X11; Linux x86_64) AppleWebKit/537.36 (KHTML, like Gecko) Chrome/149.0.0.0 Safari/537.36"
62.19.187.214 - - [24/Jun/2026:14:27:58 +0200] "GET /wp-content/uploads/elementor/css/post-13305.css?ver=1782269541 HTTP/2.0" 200 2452 "https://elettroservicegroup.it/" "Mozilla/5.0 (X11; Linux x86_64) AppleWebKit/537.36 (KHTML, like Gecko) Chrome/149.0.0.0 Safari/537.36"
62.19.187.214 - - [24/Jun/2026:14:27:58 +0200] "GET /wp-content/cache/wpfc-minified/21nu4lni/4fc5v.css HTTP/2.0" 200 7521 "https://elettroservicegroup.it/" "Mozilla/5.0 (X11; Linux x86_64) AppleWebKit/537.36 (KHTML, like Gecko) Chrome/149.0.0.0 Safari/537.36"
62.19.187.214 - - [24/Jun/2026:14:27:58 +0200] "GET /wp-content/cache/wpfc-minified/eh40z7s2/4fc5v.css HTTP/2.0" 200 11323 "https://elettroservicegroup.it/" "Mozilla/5.0 (X11; Linux x86_64) AppleWebKit/537.36 (KHTML, like Gecko) Chrome/149.0.0.0 Safari/537.36"
62.19.187.214 - - [24/Jun/2026:14:27:58 +0200] "GET /wp-content/cache/wpfc-minified/degfepky/4fc6a.css HTTP/2.0" 200 16384 "https://elettroservicegroup.it/" "Mozilla/5.0 (X11; Linux x86_64) AppleWebKit/537.36 (KHTML, like Gecko) Chrome/149.0.0.0 Safari/537.36"
62.19.187.214 - - [24/Jun/2026:14:27:58 +0200] "GET /wp-content/uploads/elementor/css/post-14366.css?ver=1782269536 HTTP/2.0" 200 310 "https://elettroservicegroup.it/" "Mozilla/5.0 (X11; Linux x86_64) AppleWebKit/537.36 (KHTML, like Gecko) Chrome/149.0.0.0 Safari/537.36"
62.19.187.214 - - [24/Jun/2026:14:27:58 +0200] "GET /wp-content/cache/wpfc-minified/7ahyfouu/4fc5v.css HTTP/2.0" 200 4410 "https://elettroservicegroup.it/" "Mozilla/5.0 (X11; Linux x86_64) AppleWebKit/537.36 (KHTML, like Gecko) Chrome/149.0.0.0 Safari/537.36"
62.19.187.214 - - [24/Jun/2026:14:27:58 +0200] "GET /wp-content/cache/wpfc-minified/kbnudfut/4fc5v.js HTTP/2.0" 200 8744 "https://elettroservicegroup.it/" "Mozilla/5.0 (X11; Linux x86_64) AppleWebKit/537.36 (KHTML, like Gecko) Chrome/149.0.0.0 Safari/537.36"
62.19.187.214 - - [24/Jun/2026:14:27:58 +0200] "GET /wp-content/cache/wpfc-minified/6yk1ya41/4fc5v.css HTTP/2.0" 200 14481 "https://elettroservicegroup.it/" "Mozilla/5.0 (X11; Linux x86_64) AppleWebKit/537.36 (KHTML, like Gecko) Chrome/149.0.0.0 Safari/537.36"
62.19.187.214 - - [24/Jun/2026:14:27:58 +0200] "GET /wp-content/cache/wpfc-minified/dih7xtos/4fc5v.css HTTP/2.0" 200 19016 "https://elettroservicegroup.it/" "Mozilla/5.0 (X11; Linux x86_64) AppleWebKit/537.36 (KHTML, like Gecko) Chrome/149.0.0.0 Safari/537.36"
62.19.187.214 - - [24/Jun/2026:14:27:58 +0200] "GET /wp-content/cache/wpfc-minified/kdwvm73z/4fc5v.js HTTP/2.0" 200 32843 "https://elettroservicegroup.it/" "Mozilla/5.0 (X11; Linux x86_64) AppleWebKit/537.36 (KHTML, like Gecko) Chrome/149.0.0.0 Safari/537.36"
62.19.187.214 - - [24/Jun/2026:14:27:58 +0200] "GET /wp-json/complianz/v1/banner?lang=it&locale=it_IT&token=ywtbf HTTP/2.0" 200 82 "https://elettroservicegroup.it/" "Mozilla/5.0 (X11; Linux x86_64) AppleWebKit/537.36 (KHTML, like Gecko) Chrome/149.0.0.0 Safari/537.36"
65.108.235.243 - - [24/Jun/2026:14:28:09 +0200] "POST /wp-cron.php?doing_wp_cron=1782304089.0963730812072753906250 HTTP/1.1" 200 1 "-" "WordPress/7.0; https://elettroservicegroup.it"
62.19.187.214 - - [24/Jun/2026:14:28:03 +0200] "POST /wp-json/complianz/v1/track HTTP/2.0" 200 20 "https://elettroservicegroup.it/" "Mozilla/5.0 (X11; Linux x86_64) AppleWebKit/537.36 (KHTML, like Gecko) Chrome/149.0.0.0 Safari/537.36"
62.19.187.214 - - [24/Jun/2026:14:28:09 +0200] "GET / HTTP/2.0" 200 21305 "-" "Mozilla/5.0 (X11; Linux x86_64) AppleWebKit/537.36 (KHTML, like Gecko) Chrome/149.0.0.0 Safari/537.36"
62.19.187.214 - - [24/Jun/2026:14:28:10 +0200] "GET /wp-json/complianz/v1/banner?lang=it&locale=it_IT&token=tubgo HTTP/2.0" 200 82 "https://elettroservicegroup.it/" "Mozilla/5.0 (X11; Linux x86_64) AppleWebKit/537.36 (KHTML, like Gecko) Chrome/149.0.0.0 Safari/537.36"
62.19.187.214 - - [24/Jun/2026:14:28:12 +0200] "POST /wp-json/complianz/v1/track HTTP/2.0" 200 20 "https://elettroservicegroup.it/" "Mozilla/5.0 (X11; Linux x86_64) AppleWebKit/537.36 (KHTML, like Gecko) Chrome/149.0.0.0 Safari/537.36"
62.19.187.214 - - [24/Jun/2026:14:29:07 +0200] "GET /chi-siamo/ HTTP/2.0" 421 362 "https://parma.elettroservicegroup.it/" "Mozilla/5.0 (X11; Linux x86_64) AppleWebKit/537.36 (KHTML, like Gecko) Chrome/149.0.0.0 Safari/537.36"
62.19.187.214 - - [24/Jun/2026:14:29:07 +0200] "GET /chi-siamo/ HTTP/2.0" 200 21758 "https://parma.elettroservicegroup.it/" "Mozilla/5.0 (X11; Linux x86_64) AppleWebKit/537.36 (KHTML, like Gecko) Chrome/149.0.0.0 Safari/537.36"
62.19.187.214 - - [24/Jun/2026:14:29:08 +0200] "GET /wp-content/uploads/elementor/css/post-15145.css?ver=1782269536 HTTP/2.0" 200 704 "https://elettroservicegroup.it/chi-siamo/" "Mozilla/5.0 (X11; Linux x86_64) AppleWebKit/537.36 (KHTML, like Gecko) Chrome/149.0.0.0 Safari/537.36"
62.19.187.214 - - [24/Jun/2026:14:29:08 +0200] "GET /wp-content/cache/wpfc-minified/fspqf2ba/4fc5v.css HTTP/2.0" 200 16112 "https://elettroservicegroup.it/chi-siamo/" "Mozilla/5.0 (X11; Linux x86_64) AppleWebKit/537.36 (KHTML, like Gecko) Chrome/149.0.0.0 Safari/537.36"
62.19.187.214 - - [24/Jun/2026:14:29:08 +0200] "GET /wp-content/cache/wpfc-minified/m8vzkiox/4fc5v.css HTTP/2.0" 200 23329 "https://elettroservicegroup.it/chi-siamo/" "Mozilla/5.0 (X11; Linux x86_64) AppleWebKit/537.36 (KHTML, like Gecko) Chrome/149.0.0.0 Safari/537.36"
62.19.187.214 - - [24/Jun/2026:14:29:23 +0200] "GET /wp-content/plugins/complianz-gdpr-premium/assets/images/placeholders/google-maps-minimal-1280x920.jpg HTTP/2.0" 200 55264 "https://elettroservicegroup.it/chi-siamo/" "Mozilla/5.0 (X11; Linux x86_64) AppleWebKit/537.36 (KHTML, like Gecko) Chrome/149.0.0.0 Safari/537.36"
65.108.235.243 - - [24/Jun/2026:14:41:49 +0200] "POST /wp-cron.php?doing_wp_cron=1782304909.1263530254364013671875 HTTP/1.1" 200 1 "-" "WordPress/7.0; https://elettroservicegroup.it"
64.236.135.1 - - [24/Jun/2026:14:41:42 +0200] "GET /wp-json/wp/v2/users/ HTTP/1.1" 401 108 "-" "Mozilla/5.0 (Macintosh; Intel Mac OS X 10.15; rv:126.0) Gecko/20100101 Firefox/126.0"
64.236.135.1 - - [24/Jun/2026:14:41:49 +0200] "POST /xmlrpc.php HTTP/1.1" 404 83643 "-" "Mozilla/5.0 (Windows NT 10.0; Win64; x64) AppleWebKit/537.36 (KHTML, like Gecko) Chrome/125.0.0.0 Safari/537.36"
93.44.83.7 - - [24/Jun/2026:15:02:19 +0200] "GET /chi-siamo/ HTTP/2.0" 200 21758 "https://reggio-emilia.elettroservicegroup.it/" "Mozilla/5.0 (Windows NT 10.0; Win64; x64) AppleWebKit/537.36 (KHTML, like Gecko) Chrome/109.0.0.0 Safari/537.36"
93.44.83.7 - - [24/Jun/2026:15:02:19 +0200] "GET /wp-content/cache/wpfc-minified/10hpkmg7/4fc5v.css HTTP/2.0" 200 418 "https://elettroservicegroup.it/chi-siamo/" "Mozilla/5.0 (Windows NT 10.0; Win64; x64) AppleWebKit/537.36 (KHTML, like Gecko) Chrome/109.0.0.0 Safari/537.36"
93.44.83.7 - - [24/Jun/2026:15:02:19 +0200] "GET /wp-content/uploads/elementor/css/post-14146.css?ver=1782269463 HTTP/2.0" 200 428 "https://elettroservicegroup.it/chi-siamo/" "Mozilla/5.0 (Windows NT 10.0; Win64; x64) AppleWebKit/537.36 (KHTML, like Gecko) Chrome/109.0.0.0 Safari/537.36"
93.44.83.7 - - [24/Jun/2026:15:02:19 +0200] "GET /wp-content/uploads/2021/10/cropped-cropped-cropped-logo_white_background.png HTTP/2.0" 200 38971 "https://elettroservicegroup.it/chi-siamo/" "Mozilla/5.0 (Windows NT 10.0; Win64; x64) AppleWebKit/537.36 (KHTML, like Gecko) Chrome/109.0.0.0 Safari/537.36"
93.44.83.7 - - [24/Jun/2026:15:02:19 +0200] "GET /wp-content/cache/wpfc-minified/7ahyfouu/4fc5v.css HTTP/2.0" 200 4410 "https://elettroservicegroup.it/chi-siamo/" "Mozilla/5.0 (Windows NT 10.0; Win64; x64) AppleWebKit/537.36 (KHTML, like Gecko) Chrome/109.0.0.0 Safari/537.36"
93.44.83.7 - - [24/Jun/2026:15:02:19 +0200] "GET /wp-content/uploads/elementor/css/post-14366.css?ver=1782269536 HTTP/2.0" 200 310 "https://elettroservicegroup.it/chi-siamo/" "Mozilla/5.0 (Windows NT 10.0; Win64; x64) AppleWebKit/537.36 (KHTML, like Gecko) Chrome/109.0.0.0 Safari/537.36"
93.44.83.7 - - [24/Jun/2026:15:02:19 +0200] "GET /wp-content/uploads/elementor/css/post-15145.css?ver=1782269536 HTTP/2.0" 200 704 "https://elettroservicegroup.it/chi-siamo/" "Mozilla/5.0 (Windows NT 10.0; Win64; x64) AppleWebKit/537.36 (KHTML, like Gecko) Chrome/109.0.0.0 Safari/537.36"
93.44.83.7 - - [24/Jun/2026:15:02:19 +0200] "GET /wp-content/cache/wpfc-minified/fspqf2ba/4fc5v.css HTTP/2.0" 200 16112 "https://elettroservicegroup.it/chi-siamo/" "Mozilla/5.0 (Windows NT 10.0; Win64; x64) AppleWebKit/537.36 (KHTML, like Gecko) Chrome/109.0.0.0 Safari/537.36"
93.44.83.7 - - [24/Jun/2026:15:02:19 +0200] "GET /wp-content/cache/wpfc-minified/eh40z7s2/4fc5v.css HTTP/2.0" 200 11323 "https://elettroservicegroup.it/chi-siamo/" "Mozilla/5.0 (Windows NT 10.0; Win64; x64) AppleWebKit/537.36 (KHTML, like Gecko) Chrome/109.0.0.0 Safari/537.36"
93.44.83.7 - - [24/Jun/2026:15:02:19 +0200] "GET /wp-content/cache/wpfc-minified/kbnudfut/4fc5v.js HTTP/2.0" 200 8744 "https://elettroservicegroup.it/chi-siamo/" "Mozilla/5.0 (Windows NT 10.0; Win64; x64) AppleWebKit/537.36 (KHTML, like Gecko) Chrome/109.0.0.0 Safari/537.36"
93.44.83.7 - - [24/Jun/2026:15:02:19 +0200] "GET /wp-content/cache/wpfc-minified/m8vzkiox/4fc5v.css HTTP/2.0" 200 23329 "https://elettroservicegroup.it/chi-siamo/" "Mozilla/5.0 (Windows NT 10.0; Win64; x64) AppleWebKit/537.36 (KHTML, like Gecko) Chrome/109.0.0.0 Safari/537.36"
93.44.83.7 - - [24/Jun/2026:15:02:19 +0200] "GET /wp-content/cache/wpfc-minified/dih7xtos/4fc5v.css HTTP/2.0" 200 19016 "https://elettroservicegroup.it/chi-siamo/" "Mozilla/5.0 (Windows NT 10.0; Win64; x64) AppleWebKit/537.36 (KHTML, like Gecko) Chrome/109.0.0.0 Safari/537.36"
93.44.83.7 - - [24/Jun/2026:15:02:19 +0200] "GET /wp-content/cache/wpfc-minified/6yk1ya41/4fc5v.css HTTP/2.0" 200 14481 "https://elettroservicegroup.it/chi-siamo/" "Mozilla/5.0 (Windows NT 10.0; Win64; x64) AppleWebKit/537.36 (KHTML, like Gecko) Chrome/109.0.0.0 Safari/537.36"
93.44.83.7 - - [24/Jun/2026:15:02:19 +0200] "GET /wp-content/cache/wpfc-minified/kdwvm73z/4fc5v.js HTTP/2.0" 200 32843 "https://elettroservicegroup.it/chi-siamo/" "Mozilla/5.0 (Windows NT 10.0; Win64; x64) AppleWebKit/537.36 (KHTML, like Gecko) Chrome/109.0.0.0 Safari/537.36"
93.44.83.7 - - [24/Jun/2026:15:02:19 +0200] "GET /wp-content/plugins/gp-premium/menu-plus/functions/js/sticky.min.js?ver=2.5.5 HTTP/2.0" 200 2670 "https://elettroservicegroup.it/chi-siamo/" "Mozilla/5.0 (Windows NT 10.0; Win64; x64) AppleWebKit/537.36 (KHTML, like Gecko) Chrome/109.0.0.0 Safari/537.36"
93.44.83.7 - - [24/Jun/2026:15:02:19 +0200] "GET /wp-content/plugins/elementor/assets/js/webpack.runtime.min.js?ver=4.1.3 HTTP/2.0" 200 2340 "https://elettroservicegroup.it/chi-siamo/" "Mozilla/5.0 (Windows NT 10.0; Win64; x64) AppleWebKit/537.36 (KHTML, like Gecko) Chrome/109.0.0.0 Safari/537.36"
93.44.83.7 - - [24/Jun/2026:15:02:19 +0200] "GET /wp-content/uploads/2026/05/COPERTINA-11-300x150-1.png HTTP/2.0" 200 30285 "https://elettroservicegroup.it/chi-siamo/" "Mozilla/5.0 (Windows NT 10.0; Win64; x64) AppleWebKit/537.36 (KHTML, like Gecko) Chrome/109.0.0.0 Safari/537.36"
93.44.83.7 - - [24/Jun/2026:15:02:19 +0200] "GET /wp-content/themes/generatepress/assets/js/back-to-top.min.js?ver=3.6.1 HTTP/2.0" 200 336 "https://elettroservicegroup.it/chi-siamo/" "Mozilla/5.0 (Windows NT 10.0; Win64; x64) AppleWebKit/537.36 (KHTML, like Gecko) Chrome/109.0.0.0 Safari/537.36"
93.44.83.7 - - [24/Jun/2026:15:02:19 +0200] "GET /wp-content/themes/generatepress/assets/js/menu.min.js?ver=3.6.1 HTTP/2.0" 200 1688 "https://elettroservicegroup.it/chi-siamo/" "Mozilla/5.0 (Windows NT 10.0; Win64; x64) AppleWebKit/537.36 (KHTML, like Gecko) Chrome/109.0.0.0 Safari/537.36"
93.44.83.7 - - [24/Jun/2026:15:02:19 +0200] "GET /wp-includes/js/jquery/ui/core.min.js?ver=1.13.3 HTTP/2.0" 200 6820 "https://elettroservicegroup.it/chi-siamo/" "Mozilla/5.0 (Windows NT 10.0; Win64; x64) AppleWebKit/537.36 (KHTML, like Gecko) Chrome/109.0.0.0 Safari/537.36"
93.44.83.7 - - [24/Jun/2026:15:02:19 +0200] "GET /wp-content/plugins/elementor/assets/js/frontend.min.js?ver=4.1.3 HTTP/2.0" 200 10140 "https://elettroservicegroup.it/chi-siamo/" "Mozilla/5.0 (Windows NT 10.0; Win64; x64) AppleWebKit/537.36 (KHTML, like Gecko) Chrome/109.0.0.0 Safari/537.36"
93.44.83.7 - - [24/Jun/2026:15:02:19 +0200] "GET /wp-content/plugins/complianz-gdpr-premium/cookiebanner/js/complianz.min.js?ver=1781535054 HTTP/2.0" 200 10762 "https://elettroservicegroup.it/chi-siamo/" "Mozilla/5.0 (Windows NT 10.0; Win64; x64) AppleWebKit/537.36 (KHTML, like Gecko) Chrome/109.0.0.0 Safari/537.36"
93.44.83.7 - - [24/Jun/2026:15:02:19 +0200] "GET /wp-content/plugins/elementor/assets/js/frontend-modules.min.js?ver=4.1.3 HTTP/2.0" 200 15454 "https://elettroservicegroup.it/chi-siamo/" "Mozilla/5.0 (Windows NT 10.0; Win64; x64) AppleWebKit/537.36 (KHTML, like Gecko) Chrome/109.0.0.0 Safari/537.36"
93.44.83.7 - - [24/Jun/2026:15:02:20 +0200] "GET /wp-content/uploads/2026/05/RECENSIONI-gOOGLE.png HTTP/2.0" 200 5052 "https://elettroservicegroup.it/chi-siamo/" "Mozilla/5.0 (Windows NT 10.0; Win64; x64) AppleWebKit/537.36 (KHTML, like Gecko) Chrome/109.0.0.0 Safari/537.36"
93.44.83.7 - - [24/Jun/2026:15:02:20 +0200] "GET /wp-content/uploads/2021/10/COPERTINA.png HTTP/2.0" 200 238875 "https://elettroservicegroup.it/chi-siamo/" "Mozilla/5.0 (Windows NT 10.0; Win64; x64) AppleWebKit/537.36 (KHTML, like Gecko) Chrome/109.0.0.0 Safari/537.36"
93.44.83.7 - - [24/Jun/2026:15:02:20 +0200] "GET /wp-content/plugins/elementor/assets/lib/font-awesome/webfonts/fa-solid-900.woff2 HTTP/2.0" 200 78201 "https://elettroservicegroup.it/wp-content/cache/wpfc-minified/fspqf2ba/4fc5v.css" "Mozilla/5.0 (Windows NT 10.0; Win64; x64) AppleWebKit/537.36 (KHTML, like Gecko) Chrome/109.0.0.0 Safari/537.36"
93.44.83.7 - - [24/Jun/2026:15:02:20 +0200] "GET /wp-content/plugins/elementor/assets/lib/font-awesome/webfonts/fa-regular-400.woff2 HTTP/2.0" 200 13277 "https://elettroservicegroup.it/wp-content/cache/wpfc-minified/fspqf2ba/4fc5v.css" "Mozilla/5.0 (Windows NT 10.0; Win64; x64) AppleWebKit/537.36 (KHTML, like Gecko) Chrome/109.0.0.0 Safari/537.36"
93.44.83.7 - - [24/Jun/2026:15:02:20 +0200] "GET /wp-content/uploads/elementor/google-fonts/fonts/robotoslab-bngmuxzytxpivibgjjsb6ufn5qu.woff2 HTTP/2.0" 200 34328 "https://elettroservicegroup.it/wp-content/cache/wpfc-minified/6yk1ya41/4fc5v.css" "Mozilla/5.0 (Windows NT 10.0; Win64; x64) AppleWebKit/537.36 (KHTML, like Gecko) Chrome/109.0.0.0 Safari/537.36"
93.44.83.7 - - [24/Jun/2026:15:02:20 +0200] "GET /wp-content/plugins/elementor/assets/js/section-frontend-handlers.d85ab872da118940910d.bundle.min.js HTTP/2.0" 200 230 "https://elettroservicegroup.it/chi-siamo/" "Mozilla/5.0 (Windows NT 10.0; Win64; x64) AppleWebKit/537.36 (KHTML, like Gecko) Chrome/109.0.0.0 Safari/537.36"
93.44.83.7 - - [24/Jun/2026:15:02:20 +0200] "GET /wp-content/plugins/elementor/assets/js/shared-frontend-handlers.03caa53373b56d3bab67.bundle.min.js HTTP/2.0" 200 2515 "https://elettroservicegroup.it/chi-siamo/" "Mozilla/5.0 (Windows NT 10.0; Win64; x64) AppleWebKit/537.36 (KHTML, like Gecko) Chrome/109.0.0.0 Safari/537.36"
93.44.83.7 - - [24/Jun/2026:15:02:20 +0200] "GET /wp-content/plugins/elementor/assets/js/text-editor.45609661e409413f1cef.bundle.min.js HTTP/2.0" 200 592 "https://elettroservicegroup.it/chi-siamo/" "Mozilla/5.0 (Windows NT 10.0; Win64; x64) AppleWebKit/537.36 (KHTML, like Gecko) Chrome/109.0.0.0 Safari/537.36"
93.44.83.7 - - [24/Jun/2026:15:02:20 +0200] "GET /wp-content/uploads/2021/10/cropped-cropped-cropped-cropped-logo_white_background-32x32.png HTTP/2.0" 200 1525 "https://elettroservicegroup.it/chi-siamo/" "Mozilla/5.0 (Windows NT 10.0; Win64; x64) AppleWebKit/537.36 (KHTML, like Gecko) Chrome/109.0.0.0 Safari/537.36"
65.108.235.243 - - [24/Jun/2026:15:02:27 +0200] "POST /wp-cron.php?doing_wp_cron=1782306147.1994829177856445312500 HTTP/1.1" 200 1 "-" "WordPress/7.0; https://elettroservicegroup.it"
93.44.83.7 - - [24/Jun/2026:15:02:20 +0200] "GET /wp-json/complianz/v1/banner?lang=it&locale=it_IT&token=zarar HTTP/2.0" 200 82 "https://elettroservicegroup.it/chi-siamo/" "Mozilla/5.0 (Windows NT 10.0; Win64; x64) AppleWebKit/537.36 (KHTML, like Gecko) Chrome/109.0.0.0 Safari/537.36"
93.44.83.7 - - [24/Jun/2026:15:02:27 +0200] "GET /wp-content/uploads/complianz/css/banner-1-optin.css?v=45 HTTP/2.0" 200 2893 "https://elettroservicegroup.it/chi-siamo/" "Mozilla/5.0 (Windows NT 10.0; Win64; x64) AppleWebKit/537.36 (KHTML, like Gecko) Chrome/109.0.0.0 Safari/537.36"
93.44.83.7 - - [24/Jun/2026:15:02:27 +0200] "GET /wp-json/complianz/v1/cookie_data HTTP/2.0" 200 97 "https://elettroservicegroup.it/chi-siamo/" "Mozilla/5.0 (Windows NT 10.0; Win64; x64) AppleWebKit/537.36 (KHTML, like Gecko) Chrome/109.0.0.0 Safari/537.36"
65.108.235.243 - - [24/Jun/2026:15:02:28 +0200] "POST /wp-admin/admin-ajax.php?action=wordfence_testAjax HTTP/1.1" 200 16 "-" "WordPress/7.0; https://elettroservicegroup.it"
65.108.235.243 - - [24/Jun/2026:15:02:31 +0200] "GET /wp-admin/admin-ajax.php?action=wordfence_doScan&isFork=0&scanMode=quick&cronKey=b9d78fa2f649045d8fa43cc1ea152e8f&signature=850159a4de259221cc30e47f279d49034bf08906a283e3597c1b9f4df028728a HTTP/1.1" 200 1 "-" "WordPress/7.0; https://elettroservicegroup.it"
93.44.83.7 - - [24/Jun/2026:15:02:43 +0200] "POST /wp-json/complianz/v1/track HTTP/2.0" 200 20 "https://elettroservicegroup.it/chi-siamo/" "Mozilla/5.0 (Windows NT 10.0; Win64; x64) AppleWebKit/537.36 (KHTML, like Gecko) Chrome/109.0.0.0 Safari/537.36"
65.108.235.243 - - [24/Jun/2026:15:33:13 +0200] "POST /wp-cron.php?doing_wp_cron=1782307992.9833009243011474609375 HTTP/1.1" 200 1 "-" "WordPress/7.0; https://elettroservicegroup.it"
74.7.175.159 - - [24/Jun/2026:15:33:04 +0200] "GET /robots.txt HTTP/2.0" 200 99 "-" "Mozilla/5.0 (Macintosh; Intel Mac OS X 10_15_7) AppleWebKit/537.36 (KHTML, like Gecko) Chrome/131.0.0.0 Safari/537.36; compatible; OAI-SearchBot/1.4; robots.txt; +https://openai.com/searchbot"
65.108.235.243 - - [24/Jun/2026:15:33:15 +0200] "POST /wp-json/complianz/v1/wsc-scan HTTP/1.1" 400 88 "-" "WordPress/7.0; https://elettroservicegroup.it"
94.247.172.129 - - [24/Jun/2026:15:41:01 +0200] "GET / HTTP/1.1" 200 11758 "-" "Mozilla/5.0 (Macintosh; Intel Mac OS X 10_9_2)"
84.19.51.118 - - [24/Jun/2026:16:13:04 +0200] "GET / HTTP/1.1" 200 23467 "-" "Mozilla/5.0 (iPhone; CPU iPhone OS 16_1_1 like Mac OS X) AppleWebKit/605.1.15 (KHTML, like Gecko) Version/16.1 Mobile/15E148 Safari/604.1"
65.108.235.243 - - [24/Jun/2026:16:31:34 +0200] "POST /wp-cron.php?doing_wp_cron=1782311494.0953810214996337890625 HTTP/1.1" 200 1 "-" "WordPress/7.0; https://elettroservicegroup.it"
3.224.3.239 - - [24/Jun/2026:16:31:27 +0200] "GET / HTTP/1.1" 301 - "-" "Mozilla/5.0 (Windows NT 10.0; Win64; x64) AppleWebKit/537.36 (KHTML, like Gecko) Chrome/83.0.4093.0 Safari/537.36 Edg/83.0.470.0"
3.224.3.239 - - [24/Jun/2026:16:31:34 +0200] "GET / HTTP/1.1" 200 23179 "-" "Mozilla/5.0 (Windows NT 10.0; Win64; x64) AppleWebKit/537.36 (KHTML, like Gecko) Chrome/83.0.4093.0 Safari/537.36 Edg/83.0.470.0"
65.108.235.243 - - [24/Jun/2026:16:41:00 +0200] "POST /wp-json/complianz/v1/wsc-scan HTTP/1.1" 400 88 "-" "WordPress/7.0; https://elettroservicegroup.it"
43.155.27.244 - - [24/Jun/2026:16:41:00 +0200] "GET / HTTP/1.1" 200 23477 "http://elettroservicegroup.it" "Mozilla/5.0 (iPhone; CPU iPhone OS 13_2_3 like Mac OS X) AppleWebKit/605.1.15 (KHTML, like Gecko) Version/13.0.3 Mobile/15E148 Safari/604.1"
65.108.235.243 - - [24/Jun/2026:16:47:33 +0200] "POST /wp-cron.php?doing_wp_cron=1782312453.2535219192504882812500 HTTP/1.1" 200 1 "-" "WordPress/7.0; https://elettroservicegroup.it"
216.73.217.167 - - [24/Jun/2026:16:47:30 +0200] "GET /robots.txt HTTP/2.0" 200 99 "-" "Mozilla/5.0 AppleWebKit/537.36 (KHTML, like Gecko; compatible; ClaudeBot/1.0; +claudebot@anthropic.com)"
216.73.217.167 - - [24/Jun/2026:16:47:35 +0200] "GET /sitemap.rss HTTP/2.0" 200 729 "-" "Mozilla/5.0 AppleWebKit/537.36 (KHTML, like Gecko; compatible; ClaudeBot/1.0; +claudebot@anthropic.com)"
135.181.140.207 - - [24/Jun/2026:16:47:43 +0200] "POST /wp-login.php HTTP/2.0" 503 6749 "https://elettroservicegroup.it/wp-login.php" "Mozilla/5.0 (X11; Linux x86_64) AppleWebKit/537.36 (KHTML, like Gecko) Chrome/139.0.0.0 Safari/537.36"
65.108.235.243 - - [24/Jun/2026:17:01:56 +0200] "POST /wp-cron.php?doing_wp_cron=1782313316.0851271152496337890625 HTTP/1.1" 200 1 "-" "WordPress/7.0; https://elettroservicegroup.it"
65.111.0.225 - - [24/Jun/2026:17:01:40 +0200] "GET /wp-login.php HTTP/2.0" 200 5154 "-" "Mozilla/5.0 (Windows NT 10.0; Win64; x64; rv:133.0) Gecko/20100101 Firefox/133.0"
65.111.0.225 - - [24/Jun/2026:17:01:57 +0200] "GET /wp-login.php?wp_lang=en_US HTTP/2.0" 200 4407 "-" "Mozilla/5.0 (Windows NT 10.0; Win64; x64; rv:133.0) Gecko/20100101 Firefox/133.0"
65.111.0.225 - - [24/Jun/2026:17:02:01 +0200] "POST /wp-login.php?wp_lang=en_US HTTP/2.0" 200 4522 "https://elettroservicegroup.it/wp-login.php?wp_lang=en_US" "Mozilla/5.0 (Windows NT 10.0; Win64; x64; rv:133.0) Gecko/20100101 Firefox/133.0"
104.207.49.189 - - [24/Jun/2026:17:02:06 +0200] "GET /wp-login.php?wp_lang=en_US HTTP/2.0" 200 11806 "-" "Mozilla/5.0 (Macintosh; Intel Mac OS X 10_15_7) AppleWebKit/605.1.15 (KHTML, like Gecko) Version/18.0 Safari/605.1.15"
209.50.178.215 - - [24/Jun/2026:17:02:07 +0200] "GET /wp-login.php?wp_lang=en_US HTTP/2.0" 503 576 "-" "Mozilla/5.0 (Windows NT 10.0; Win64; x64; rv:133.0) Gecko/20100101 Firefox/133.0"
104.167.25.177 - - [24/Jun/2026:17:02:09 +0200] "GET /wp-login.php?wp_lang=en_US HTTP/2.0" 200 11817 "-" "Mozilla/5.0 (Windows NT 10.0; Win64; x64) AppleWebKit/537.36 (KHTML, like Gecko) Chrome/124.0.0.0 Safari/537.36"
216.26.251.181 - - [24/Jun/2026:17:02:10 +0200] "GET /wp-login.php?wp_lang=en_US HTTP/2.0" 503 576 "-" "Mozilla/5.0 (Windows NT 10.0; Win64; x64) AppleWebKit/537.36 (KHTML, like Gecko) Chrome/124.0.0.0 Safari/537.36"
45.3.37.99 - - [24/Jun/2026:17:02:12 +0200] "GET /wp-login.php?wp_lang=en_US HTTP/2.0" 200 11717 "-" "Mozilla/5.0 (Windows NT 10.0; Win64; x64) AppleWebKit/537.36 (KHTML, like Gecko) Chrome/124.0.0.0 Safari/537.36"
216.26.224.81 - - [24/Jun/2026:17:02:13 +0200] "GET /wp-login.php?wp_lang=en_US HTTP/2.0" 200 11696 "-" "Mozilla/5.0 (Macintosh; Intel Mac OS X 10_15_7) AppleWebKit/605.1.15 (KHTML, like Gecko) Version/18.0 Safari/605.1.15"
216.26.230.16 - - [24/Jun/2026:17:02:14 +0200] "GET /wp-login.php?wp_lang=en_US HTTP/2.0" 503 576 "-" "Mozilla/5.0 (Windows NT 10.0; Win64; x64; rv:133.0) Gecko/20100101 Firefox/133.0"
104.207.39.64 - - [24/Jun/2026:17:02:15 +0200] "GET /wp-login.php?wp_lang=en_US HTTP/2.0" 503 576 "-" "Mozilla/5.0 (Windows NT 10.0; Win64; x64; rv:133.0) Gecko/20100101 Firefox/133.0"
216.26.255.84 - - [24/Jun/2026:17:02:16 +0200] "GET /wp-login.php?wp_lang=en_US HTTP/2.0" 503 576 "-" "Mozilla/5.0 (Macintosh; Intel Mac OS X 10_15_7) AppleWebKit/605.1.15 (KHTML, like Gecko) Version/18.0 Safari/605.1.15"
65.111.23.19 - - [24/Jun/2026:17:02:17 +0200] "GET /wp-login.php?wp_lang=en_US HTTP/2.0" 503 576 "-" "Mozilla/5.0 (Windows NT 10.0; Win64; x64; rv:133.0) Gecko/20100101 Firefox/133.0"
65.111.21.53 - - [24/Jun/2026:17:02:18 +0200] "GET /wp-login.php?wp_lang=en_US HTTP/2.0" 503 576 "-" "Mozilla/5.0 (Windows NT 10.0; Win64; x64; rv:133.0) Gecko/20100101 Firefox/133.0"
216.26.252.254 - - [24/Jun/2026:17:02:19 +0200] "GET /wp-login.php?wp_lang=en_US HTTP/2.0" 200 11711 "-" "Mozilla/5.0 (Windows NT 10.0; Win64; x64; rv:133.0) Gecko/20100101 Firefox/133.0"
104.207.47.251 - - [24/Jun/2026:17:02:20 +0200] "GET /wp-login.php?wp_lang=en_US HTTP/2.0" 503 576 "-" "Mozilla/5.0 (Macintosh; Intel Mac OS X 10_15_7) AppleWebKit/605.1.15 (KHTML, like Gecko) Version/18.0 Safari/605.1.15"
216.26.241.102 - - [24/Jun/2026:17:02:21 +0200] "GET /wp-login.php?wp_lang=en_US HTTP/2.0" 200 11696 "-" "Mozilla/5.0 (Windows NT 10.0; Win64; x64) AppleWebKit/537.36 (KHTML, like Gecko) Chrome/124.0.0.0 Safari/537.36"
209.50.190.146 - - [24/Jun/2026:17:02:22 +0200] "GET /wp-login.php?wp_lang=en_US HTTP/2.0" 503 576 "-" "Mozilla/5.0 (Windows NT 10.0; Win64; x64) AppleWebKit/537.36 (KHTML, like Gecko) Chrome/124.0.0.0 Safari/537.36"
104.207.38.164 - - [24/Jun/2026:17:02:23 +0200] "GET /wp-login.php?wp_lang=en_US HTTP/2.0" 200 11696 "-" "Mozilla/5.0 (Windows NT 10.0; Win64; x64) AppleWebKit/537.36 (KHTML, like Gecko) Chrome/124.0.0.0 Safari/537.36"
65.108.235.243 - - [24/Jun/2026:17:02:23 +0200] "GET /?wp_scrape_key=72076ff5347af8fb51b7049f6c33c970&wp_scrape_nonce=1782313338 HTTP/1.1" 503 576 "-" "WordPress/7.0; https://elettroservicegroup.it"
209.50.162.148 - - [24/Jun/2026:17:02:24 +0200] "GET /wp-login.php?wp_lang=en_US HTTP/2.0" 200 4407 "-" "Mozilla/5.0 (Macintosh; Intel Mac OS X 10_15_7) AppleWebKit/605.1.15 (KHTML, like Gecko) Version/18.0 Safari/605.1.15"
65.108.235.243 - - [24/Jun/2026:17:02:39 +0200] "POST /wp-cron.php?doing_wp_cron=1782313359.4864110946655273437500 HTTP/1.1" 200 1 "-" "WordPress/7.0; https://elettroservicegroup.it"
209.50.162.148 - - [24/Jun/2026:17:02:32 +0200] "POST /wp-login.php?wp_lang=en_US HTTP/2.0" 200 4522 "https://elettroservicegroup.it/wp-login.php?wp_lang=en_US" "Mozilla/5.0 (Macintosh; Intel Mac OS X 10_15_7) AppleWebKit/605.1.15 (KHTML, like Gecko) Version/18.0 Safari/605.1.15"
209.50.167.206 - - [24/Jun/2026:17:02:41 +0200] "GET /wp-login.php?wp_lang=en_US HTTP/2.0" 200 11767 "-" "Mozilla/5.0 (Windows NT 10.0; Win64; x64) AppleWebKit/537.36 (KHTML, like Gecko) Chrome/124.0.0.0 Safari/537.36"
65.111.28.154 - - [24/Jun/2026:17:02:42 +0200] "GET /wp-login.php?wp_lang=en_US HTTP/2.0" 200 4407 "-" "Mozilla/5.0 (Windows NT 10.0; Win64; x64; rv:133.0) Gecko/20100101 Firefox/133.0"
65.111.28.154 - - [24/Jun/2026:17:02:49 +0200] "POST /wp-login.php?wp_lang=en_US HTTP/2.0" 200 4522 "https://elettroservicegroup.it/wp-login.php?wp_lang=en_US" "Mozilla/5.0 (Windows NT 10.0; Win64; x64; rv:133.0) Gecko/20100101 Firefox/133.0"
209.50.179.226 - - [24/Jun/2026:17:02:52 +0200] "GET /wp-login.php?wp_lang=en_US HTTP/2.0" 200 11772 "-" "Mozilla/5.0 (Windows NT 10.0; Win64; x64) AppleWebKit/537.36 (KHTML, like Gecko) Chrome/124.0.0.0 Safari/537.36"
104.207.50.33 - - [24/Jun/2026:17:02:53 +0200] "GET /wp-login.php?wp_lang=en_US HTTP/2.0" 200 11695 "-" "Mozilla/5.0 (Windows NT 10.0; Win64; x64; rv:133.0) Gecko/20100101 Firefox/133.0"
65.108.235.243 - - [24/Jun/2026:17:02:48 +0200] "GET /chi-siamo/ HTTP/1.1" 200 21827 "-" "WP Fastest Cache Preload Bot"
104.207.52.160 - - [24/Jun/2026:17:02:53 +0200] "GET /wp-login.php?wp_lang=en_US HTTP/2.0" 200 4407 "-" "Mozilla/5.0 (Macintosh; Intel Mac OS X 10_15_7) AppleWebKit/605.1.15 (KHTML, like Gecko) Version/18.0 Safari/605.1.15"
104.207.52.160 - - [24/Jun/2026:17:02:55 +0200] "POST /wp-login.php?wp_lang=en_US HTTP/2.0" 200 4522 "https://elettroservicegroup.it/wp-login.php?wp_lang=en_US" "Mozilla/5.0 (Macintosh; Intel Mac OS X 10_15_7) AppleWebKit/605.1.15 (KHTML, like Gecko) Version/18.0 Safari/605.1.15"
65.108.235.243 - - [24/Jun/2026:17:02:55 +0200] "GET /imprint/ HTTP/1.1" 200 17764 "-" "WP Fastest Cache Preload Bot"
65.108.235.243 - - [24/Jun/2026:17:02:58 +0200] "GET /dichiarazione-sulla-privacy-ue/ HTTP/1.1" 200 20770 "-" "WP Fastest Cache Preload Bot"
65.108.235.243 - - [24/Jun/2026:17:03:00 +0200] "GET /cookie-policy-ue/ HTTP/1.1" 200 20486 "-" "WP Fastest Cache Preload Bot"
65.108.235.243 - - [24/Jun/2026:17:03:04 +0200] "GET / HTTP/1.1" 200 21338 "-" "WP Fastest Cache Preload Bot"
65.108.235.243 - - [24/Jun/2026:17:05:44 +0200] "POST /wp-cron.php?doing_wp_cron=1782313544.0832290649414062500000 HTTP/1.1" 200 1 "-" "WordPress/7.0; https://elettroservicegroup.it"
20.24.65.24 - - [24/Jun/2026:17:05:37 +0200] "GET /1.php HTTP/1.1" 301 1 "-" "Mozilla/5.0 (Windows NT 10.0; Win64; x64) AppleWebKit/537.36 (KHTML, like Gecko) Chrome/120.0.0.0 Safari/537.36"
20.24.65.24 - - [24/Jun/2026:17:05:44 +0200] "GET /wp.php HTTP/1.1" 301 1 "-" "Mozilla/5.0 (Windows NT 10.0; Win64; x64) AppleWebKit/537.36 (KHTML, like Gecko) Chrome/120.0.0.0 Safari/537.36"
20.24.65.24 - - [24/Jun/2026:17:05:46 +0200] "GET /wp-content/uploads/ HTTP/1.1" 301 1 "-" "Mozilla/5.0 (Windows NT 10.0; Win64; x64) AppleWebKit/537.36 (KHTML, like Gecko) Chrome/120.0.0.0 Safari/537.36"
20.24.65.24 - - [24/Jun/2026:17:05:46 +0200] "GET /admin.php HTTP/1.1" 301 1 "-" "Mozilla/5.0 (Windows NT 10.0; Win64; x64) AppleWebKit/537.36 (KHTML, like Gecko) Chrome/120.0.0.0 Safari/537.36"
20.24.65.24 - - [24/Jun/2026:17:05:47 +0200] "GET /wp-includes/Requests/library/ HTTP/1.1" 301 1 "-" "Mozilla/5.0 (Windows NT 10.0; Win64; x64) AppleWebKit/537.36 (KHTML, like Gecko) Chrome/120.0.0.0 Safari/537.36"
20.24.65.24 - - [24/Jun/2026:17:05:48 +0200] "GET /wp-includes/rest-api/ HTTP/1.1" 301 1 "-" "Mozilla/5.0 (Windows NT 10.0; Win64; x64) AppleWebKit/537.36 (KHTML, like Gecko) Chrome/120.0.0.0 Safari/537.36"
20.24.65.24 - - [24/Jun/2026:17:05:49 +0200] "GET /wp-content/uploads/2024/ HTTP/1.1" 301 1 "-" "Mozilla/5.0 (Windows NT 10.0; Win64; x64) AppleWebKit/537.36 (KHTML, like Gecko) Chrome/120.0.0.0 Safari/537.36"
20.24.65.24 - - [24/Jun/2026:17:05:50 +0200] "GET /wp-admin/css/colors/modern/ HTTP/1.1" 301 1 "-" "Mozilla/5.0 (Windows NT 10.0; Win64; x64) AppleWebKit/537.36 (KHTML, like Gecko) Chrome/120.0.0.0 Safari/537.36"
20.24.65.24 - - [24/Jun/2026:17:05:52 +0200] "GET /wp-includes/PHPMailer/ HTTP/1.1" 301 1 "-" "Mozilla/5.0 (Windows NT 10.0; Win64; x64) AppleWebKit/537.36 (KHTML, like Gecko) Chrome/120.0.0.0 Safari/537.36"
20.24.65.24 - - [24/Jun/2026:17:05:53 +0200] "GET /inputs.php HTTP/1.1" 301 1 "-" "Mozilla/5.0 (Windows NT 10.0; Win64; x64) AppleWebKit/537.36 (KHTML, like Gecko) Chrome/120.0.0.0 Safari/537.36"
20.24.65.24 - - [24/Jun/2026:17:05:54 +0200] "GET /wp-admin/images/index.php HTTP/1.1" 301 1 "-" "Mozilla/5.0 (Windows NT 10.0; Win64; x64) AppleWebKit/537.36 (KHTML, like Gecko) Chrome/120.0.0.0 Safari/537.36"
20.24.65.24 - - [24/Jun/2026:17:05:55 +0200] "GET /404.php HTTP/1.1" 301 1 "-" "Mozilla/5.0 (Windows NT 10.0; Win64; x64) AppleWebKit/537.36 (KHTML, like Gecko) Chrome/120.0.0.0 Safari/537.36"
20.24.65.24 - - [24/Jun/2026:17:05:57 +0200] "GET /about.php HTTP/1.1" 301 1 "-" "Mozilla/5.0 (Windows NT 10.0; Win64; x64) AppleWebKit/537.36 (KHTML, like Gecko) Chrome/120.0.0.0 Safari/537.36"
20.24.65.24 - - [24/Jun/2026:17:05:58 +0200] "GET /wp-content/plugins/index.php HTTP/1.1" 200 1 "-" "Mozilla/5.0 (Windows NT 10.0; Win64; x64) AppleWebKit/537.36 (KHTML, like Gecko) Chrome/120.0.0.0 Safari/537.36"
20.24.65.24 - - [24/Jun/2026:17:05:59 +0200] "GET /wp-content/index.php HTTP/1.1" 200 1 "-" "Mozilla/5.0 (Windows NT 10.0; Win64; x64) AppleWebKit/537.36 (KHTML, like Gecko) Chrome/120.0.0.0 Safari/537.36"
65.108.235.243 - - [24/Jun/2026:17:06:01 +0200] "POST /wp-cron.php?doing_wp_cron=1782313561.0799860954284667968750 HTTP/1.1" 200 1 "-" "WordPress/7.0; https://elettroservicegroup.it"
20.24.65.24 - - [24/Jun/2026:17:05:59 +0200] "GET /wp-admin/css/colors/ectoplasm/ HTTP/1.1" 301 1 "-" "Mozilla/5.0 (Windows NT 10.0; Win64; x64) AppleWebKit/537.36 (KHTML, like Gecko) Chrome/120.0.0.0 Safari/537.36"
20.24.65.24 - - [24/Jun/2026:17:06:01 +0200] "GET /wp-includes/images/crystal/ HTTP/1.1" 301 1 "-" "Mozilla/5.0 (Windows NT 10.0; Win64; x64) AppleWebKit/537.36 (KHTML, like Gecko) Chrome/120.0.0.0 Safari/537.36"
20.24.65.24 - - [24/Jun/2026:17:06:03 +0200] "GET /wp-includes/rest-api/fields/ HTTP/1.1" 301 1 "-" "Mozilla/5.0 (Windows NT 10.0; Win64; x64) AppleWebKit/537.36 (KHTML, like Gecko) Chrome/120.0.0.0 Safari/537.36"
20.24.65.24 - - [24/Jun/2026:17:06:05 +0200] "GET /ioxi-o.php HTTP/1.1" 301 1 "-" "Mozilla/5.0 (Windows NT 10.0; Win64; x64) AppleWebKit/537.36 (KHTML, like Gecko) Chrome/120.0.0.0 Safari/537.36"
20.24.65.24 - - [24/Jun/2026:17:06:06 +0200] "GET /wp-admin/css/index.php HTTP/1.1" 301 1 "-" "Mozilla/5.0 (Windows NT 10.0; Win64; x64) AppleWebKit/537.36 (KHTML, like Gecko) Chrome/120.0.0.0 Safari/537.36"
20.24.65.24 - - [24/Jun/2026:17:06:08 +0200] "GET /wp-content/admin.php HTTP/1.1" 301 1 "-" "Mozilla/5.0 (Windows NT 10.0; Win64; x64) AppleWebKit/537.36 (KHTML, like Gecko) Chrome/120.0.0.0 Safari/537.36"
20.24.65.24 - - [24/Jun/2026:17:06:10 +0200] "GET /adminfuns.php HTTP/1.1" 301 1 "-" "Mozilla/5.0 (Windows NT 10.0; Win64; x64) AppleWebKit/537.36 (KHTML, like Gecko) Chrome/120.0.0.0 Safari/537.36"
20.24.65.24 - - [24/Jun/2026:17:06:11 +0200] "GET /wp-cron.php HTTP/1.1" 200 1 "-" "Mozilla/5.0 (Windows NT 10.0; Win64; x64) AppleWebKit/537.36 (KHTML, like Gecko) Chrome/120.0.0.0 Safari/537.36"
20.24.65.24 - - [24/Jun/2026:17:06:12 +0200] "GET /wp-admin/network/index.php HTTP/1.1" 302 1 "-" "Mozilla/5.0 (Windows NT 10.0; Win64; x64) AppleWebKit/537.36 (KHTML, like Gecko) Chrome/120.0.0.0 Safari/537.36"
20.24.65.24 - - [24/Jun/2026:17:06:14 +0200] "GET /file.php HTTP/1.1" 301 1 "-" "Mozilla/5.0 (Windows NT 10.0; Win64; x64) AppleWebKit/537.36 (KHTML, like Gecko) Chrome/120.0.0.0 Safari/537.36"
20.24.65.24 - - [24/Jun/2026:17:06:15 +0200] "GET /wp-includes/block-supports/ HTTP/1.1" 301 1 "-" "Mozilla/5.0 (Windows NT 10.0; Win64; x64) AppleWebKit/537.36 (KHTML, like Gecko) Chrome/120.0.0.0 Safari/537.36"
20.24.65.24 - - [24/Jun/2026:17:06:17 +0200] "GET /wp-content/edit.php HTTP/1.1" 301 1 "-" "Mozilla/5.0 (Windows NT 10.0; Win64; x64) AppleWebKit/537.36 (KHTML, like Gecko) Chrome/120.0.0.0 Safari/537.36"
20.24.65.24 - - [24/Jun/2026:17:06:18 +0200] "GET /wk/index.php HTTP/1.1" 301 1 "-" "Mozilla/5.0 (Windows NT 10.0; Win64; x64) AppleWebKit/537.36 (KHTML, like Gecko) Chrome/120.0.0.0 Safari/537.36"
20.24.65.24 - - [24/Jun/2026:17:06:20 +0200] "GET /wp-content/plugins/WordPressCore/ HTTP/1.1" 301 1 "-" "Mozilla/5.0 (Windows NT 10.0; Win64; x64) AppleWebKit/537.36 (KHTML, like Gecko) Chrome/120.0.0.0 Safari/537.36"
20.24.65.24 - - [24/Jun/2026:17:06:21 +0200] "GET /wp-includes/blocks/block/ HTTP/1.1" 301 1 "-" "Mozilla/5.0 (Windows NT 10.0; Win64; x64) AppleWebKit/537.36 (KHTML, like Gecko) Chrome/120.0.0.0 Safari/537.36"
20.24.65.24 - - [24/Jun/2026:17:06:23 +0200] "GET /classwithtostring.php HTTP/1.1" 301 1 "-" "Mozilla/5.0 (Windows NT 10.0; Win64; x64) AppleWebKit/537.36 (KHTML, like Gecko) Chrome/120.0.0.0 Safari/537.36"
20.24.65.24 - - [24/Jun/2026:17:06:23 +0200] "GET /css/index.php HTTP/1.1" 301 1 "-" "Mozilla/5.0 (Windows NT 10.0; Win64; x64) AppleWebKit/537.36 (KHTML, like Gecko) Chrome/120.0.0.0 Safari/537.36"
20.24.65.24 - - [24/Jun/2026:17:06:24 +0200] "GET /wp-file.php HTTP/1.1" 301 1 "-" "Mozilla/5.0 (Windows NT 10.0; Win64; x64) AppleWebKit/537.36 (KHTML, like Gecko) Chrome/120.0.0.0 Safari/537.36"
20.24.65.24 - - [24/Jun/2026:17:06:25 +0200] "GET /wp-admin.php HTTP/1.1" 301 1 "-" "Mozilla/5.0 (Windows NT 10.0; Win64; x64) AppleWebKit/537.36 (KHTML, like Gecko) Chrome/120.0.0.0 Safari/537.36"
20.24.65.24 - - [24/Jun/2026:17:06:26 +0200] "GET /wp-content/uploads/wp-login.php HTTP/1.1" 301 1 "-" "Mozilla/5.0 (Windows NT 10.0; Win64; x64) AppleWebKit/537.36 (KHTML, like Gecko) Chrome/120.0.0.0 Safari/537.36"
20.24.65.24 - - [24/Jun/2026:17:06:27 +0200] "GET /as.php HTTP/1.1" 301 1 "-" "Mozilla/5.0 (Windows NT 10.0; Win64; x64) AppleWebKit/537.36 (KHTML, like Gecko) Chrome/120.0.0.0 Safari/537.36"
20.24.65.24 - - [24/Jun/2026:17:06:29 +0200] "GET /wp-admin/js/ HTTP/1.1" 301 1 "-" "Mozilla/5.0 (Windows NT 10.0; Win64; x64) AppleWebKit/537.36 (KHTML, like Gecko) Chrome/120.0.0.0 Safari/537.36"
20.24.65.24 - - [24/Jun/2026:17:06:30 +0200] "GET /wp-admin/js/widgets/ HTTP/1.1" 301 1 "-" "Mozilla/5.0 (Windows NT 10.0; Win64; x64) AppleWebKit/537.36 (KHTML, like Gecko) Chrome/120.0.0.0 Safari/537.36"
20.24.65.24 - - [24/Jun/2026:17:06:31 +0200] "GET /test1.php HTTP/1.1" 301 1 "-" "Mozilla/5.0 (Windows NT 10.0; Win64; x64) AppleWebKit/537.36 (KHTML, like Gecko) Chrome/120.0.0.0 Safari/537.36"
20.24.65.24 - - [24/Jun/2026:17:06:32 +0200] "GET /images/index.php HTTP/1.1" 301 1 "-" "Mozilla/5.0 (Windows NT 10.0; Win64; x64) AppleWebKit/537.36 (KHTML, like Gecko) Chrome/120.0.0.0 Safari/537.36"
20.24.65.24 - - [24/Jun/2026:17:06:33 +0200] "GET /wp-includes/html-api/ HTTP/1.1" 301 1 "-" "Mozilla/5.0 (Windows NT 10.0; Win64; x64) AppleWebKit/537.36 (KHTML, like Gecko) Chrome/120.0.0.0 Safari/537.36"
20.24.65.24 - - [24/Jun/2026:17:06:35 +0200] "GET /wp-includes/js/index.php HTTP/1.1" 301 1 "-" "Mozilla/5.0 (Windows NT 10.0; Win64; x64) AppleWebKit/537.36 (KHTML, like Gecko) Chrome/120.0.0.0 Safari/537.36"
20.24.65.24 - - [24/Jun/2026:17:06:36 +0200] "GET /wp-admin/js/index.php HTTP/1.1" 301 1 "-" "Mozilla/5.0 (Windows NT 10.0; Win64; x64) AppleWebKit/537.36 (KHTML, like Gecko) Chrome/120.0.0.0 Safari/537.36"
20.24.65.24 - - [24/Jun/2026:17:06:37 +0200] "GET /wp-content/1.php HTTP/1.1" 301 1 "-" "Mozilla/5.0 (Windows NT 10.0; Win64; x64) AppleWebKit/537.36 (KHTML, like Gecko) Chrome/120.0.0.0 Safari/537.36"
20.24.65.24 - - [24/Jun/2026:17:06:38 +0200] "GET /wp-admin/images/ HTTP/1.1" 301 1 "-" "Mozilla/5.0 (Windows NT 10.0; Win64; x64) AppleWebKit/537.36 (KHTML, like Gecko) Chrome/120.0.0.0 Safari/537.36"
20.24.65.24 - - [24/Jun/2026:17:06:40 +0200] "GET /222.php HTTP/1.1" 301 1 "-" "Mozilla/5.0 (Windows NT 10.0; Win64; x64) AppleWebKit/537.36 (KHTML, like Gecko) Chrome/120.0.0.0 Safari/537.36"
20.24.65.24 - - [24/Jun/2026:17:06:41 +0200] "GET /wp-includes/SimplePie/about.php HTTP/1.1" 301 1 "-" "Mozilla/5.0 (Windows NT 10.0; Win64; x64) AppleWebKit/537.36 (KHTML, like Gecko) Chrome/120.0.0.0 Safari/537.36"
20.24.65.24 - - [24/Jun/2026:17:06:43 +0200] "GET /themes.php HTTP/1.1" 301 1 "-" "Mozilla/5.0 (Windows NT 10.0; Win64; x64) AppleWebKit/537.36 (KHTML, like Gecko) Chrome/120.0.0.0 Safari/537.36"
20.24.65.24 - - [24/Jun/2026:17:06:44 +0200] "GET /wp-content/themes/admin.php HTTP/1.1" 301 1 "-" "Mozilla/5.0 (Windows NT 10.0; Win64; x64) AppleWebKit/537.36 (KHTML, like Gecko) Chrome/120.0.0.0 Safari/537.36"
20.24.65.24 - - [24/Jun/2026:17:06:45 +0200] "GET /sf.php HTTP/1.1" 301 1 "-" "Mozilla/5.0 (Windows NT 10.0; Win64; x64) AppleWebKit/537.36 (KHTML, like Gecko) Chrome/120.0.0.0 Safari/537.36"
20.24.65.24 - - [24/Jun/2026:17:06:47 +0200] "GET /wp-includes/index.php HTTP/1.1" 301 1 "-" "Mozilla/5.0 (Windows NT 10.0; Win64; x64) AppleWebKit/537.36 (KHTML, like Gecko) Chrome/120.0.0.0 Safari/537.36"
20.24.65.24 - - [24/Jun/2026:17:06:48 +0200] "GET /wp-admin/user/index.php HTTP/1.1" 302 1 "-" "Mozilla/5.0 (Windows NT 10.0; Win64; x64) AppleWebKit/537.36 (KHTML, like Gecko) Chrome/120.0.0.0 Safari/537.36"
20.24.65.24 - - [24/Jun/2026:17:06:50 +0200] "GET /wp-content/themes/index.php HTTP/1.1" 200 1 "-" "Mozilla/5.0 (Windows NT 10.0; Win64; x64) AppleWebKit/537.36 (KHTML, like Gecko) Chrome/120.0.0.0 Safari/537.36"
20.24.65.24 - - [24/Jun/2026:17:06:50 +0200] "GET /buy.php HTTP/1.1" 301 1 "-" "Mozilla/5.0 (Windows NT 10.0; Win64; x64) AppleWebKit/537.36 (KHTML, like Gecko) Chrome/120.0.0.0 Safari/537.36"
20.24.65.24 - - [24/Jun/2026:17:06:52 +0200] "GET /wp-includes/block-bindings/ HTTP/1.1" 301 1 "-" "Mozilla/5.0 (Windows NT 10.0; Win64; x64) AppleWebKit/537.36 (KHTML, like Gecko) Chrome/120.0.0.0 Safari/537.36"
20.24.65.24 - - [24/Jun/2026:17:06:54 +0200] "GET /atomlib.php HTTP/1.1" 301 1 "-" "Mozilla/5.0 (Windows NT 10.0; Win64; x64) AppleWebKit/537.36 (KHTML, like Gecko) Chrome/120.0.0.0 Safari/537.36"
20.24.65.24 - - [24/Jun/2026:17:06:55 +0200] "GET /wp-content/et-cache/ HTTP/1.1" 301 1 "-" "Mozilla/5.0 (Windows NT 10.0; Win64; x64) AppleWebKit/537.36 (KHTML, like Gecko) Chrome/120.0.0.0 Safari/537.36"
20.24.65.24 - - [24/Jun/2026:17:06:57 +0200] "GET /wp-content/uploads/admin.php HTTP/1.1" 301 1 "-" "Mozilla/5.0 (Windows NT 10.0; Win64; x64) AppleWebKit/537.36 (KHTML, like Gecko) Chrome/120.0.0.0 Safari/537.36"
65.108.235.243 - - [24/Jun/2026:17:07:00 +0200] "POST /wp-cron.php?doing_wp_cron=1782313620.4949738979339599609375 HTTP/1.1" 200 1 "-" "WordPress/7.0; https://elettroservicegroup.it"
20.24.65.24 - - [24/Jun/2026:17:06:59 +0200] "GET /wp-admin/file.php HTTP/1.1" 301 1 "-" "Mozilla/5.0 (Windows NT 10.0; Win64; x64) AppleWebKit/537.36 (KHTML, like Gecko) Chrome/120.0.0.0 Safari/537.36"
20.24.65.24 - - [24/Jun/2026:17:07:01 +0200] "GET /wp-trackback.php HTTP/1.1" 404 95 "-" "Mozilla/5.0 (Windows NT 10.0; Win64; x64) AppleWebKit/537.36 (KHTML, like Gecko) Chrome/120.0.0.0 Safari/537.36"
20.24.65.24 - - [24/Jun/2026:17:07:02 +0200] "GET /wso.php HTTP/1.1" 301 1 "-" "Mozilla/5.0 (Windows NT 10.0; Win64; x64) AppleWebKit/537.36 (KHTML, like Gecko) Chrome/120.0.0.0 Safari/537.36"
20.24.65.24 - - [24/Jun/2026:17:07:04 +0200] "GET /wp-corn-sample.php HTTP/1.1" 301 1 "-" "Mozilla/5.0 (Windows NT 10.0; Win64; x64) AppleWebKit/537.36 (KHTML, like Gecko) Chrome/120.0.0.0 Safari/537.36"
65.108.235.243 - - [24/Jun/2026:17:09:31 +0200] "POST /wp-cron.php?doing_wp_cron=1782313770.9972620010375976562500 HTTP/1.1" 200 1 "-" "WordPress/7.0; https://elettroservicegroup.it"
3.215.121.87 - - [24/Jun/2026:17:09:23 +0200] "GET / HTTP/1.1" 301 - "-" "Mozilla/5.0 (X11; Linux x86_64) AppleWebKit/537.36 (KHTML, like Gecko) Chrome/112.0.0.0 Safari/537.36"
18.204.70.187 - - [24/Jun/2026:17:09:32 +0200] "GET / HTTP/1.1" 200 23194 "-" "Mozilla/5.0 (X11; Linux x86_64) AppleWebKit/537.36 (KHTML, like Gecko) Chrome/112.0.0.0 Safari/537.36"
65.108.235.243 - - [24/Jun/2026:17:09:32 +0200] "GET /chi-siamo/ HTTP/1.1" 200 21792 "-" "WP Fastest Cache Preload Bot"
65.108.235.243 - - [24/Jun/2026:17:09:36 +0200] "GET /imprint/ HTTP/1.1" 200 17736 "-" "WP Fastest Cache Preload Bot"
65.108.235.243 - - [24/Jun/2026:17:09:39 +0200] "GET /dichiarazione-sulla-privacy-ue/ HTTP/1.1" 200 20785 "-" "WP Fastest Cache Preload Bot"
65.108.235.243 - - [24/Jun/2026:17:09:41 +0200] "GET /cookie-policy-ue/ HTTP/1.1" 200 20492 "-" "WP Fastest Cache Preload Bot"
205.185.124.128 - - [24/Jun/2026:17:18:00 +0200] "POST / HTTP/1.1" 415 140425 "-" "python-requests/2.34.2"
65.108.235.243 - - [24/Jun/2026:17:29:32 +0200] "GET /termini-e-condizioni/ HTTP/1.1" 200 18710 "-" "WP Fastest Cache Preload Bot"
43.160.219.206 - - [24/Jun/2026:17:29:32 +0200] "GET / HTTP/1.1" 200 23482 "http://www.elettroservicegroup.it" "Mozilla/5.0 (iPhone; CPU iPhone OS 13_2_3 like Mac OS X) AppleWebKit/605.1.15 (KHTML, like Gecko) Version/13.0.3 Mobile/15E148 Safari/604.1"
65.108.235.243 - - [24/Jun/2026:17:29:36 +0200] "GET /cookie-policy/ HTTP/1.1" 200 22749 "-" "WP Fastest Cache Preload Bot"
65.108.235.243 - - [24/Jun/2026:17:29:39 +0200] "GET /informativa-privacy/ HTTP/1.1" 200 20870 "-" "WP Fastest Cache Preload Bot"
65.108.235.243 - - [24/Jun/2026:17:29:41 +0200] "GET / HTTP/1.1" 200 21344 "-" "WP Fastest Cache Preload Bot"
45.77.182.110 - - [24/Jun/2026:17:35:35 +0200] "GET /wp-content/themes/seotheme/db.php?u HTTP/1.1" 200 11720 "www.google.com" "Mozlila/5.0 (Linux; Android 7.0; SM-G892A Bulid/NRD90M; wv) AppleWebKit/537.36 (KHTML, like Gecko) Version/4.0 Chrome/60.0.3112.107 Moblie Safari/537.36"
45.77.182.110 - - [24/Jun/2026:17:35:35 +0200] "POST /wp-plain.php HTTP/1.1" 200 11843 "www.google.com" "Mozilla/5.0 (Linux; Android 7.0; SM-G892A Bulid/NRD90M; wv) AppleWebKit/537.36 (KHTML, like Gecko) Version/4.0 Chrome/60.0.3112.107 Moblie Safari/537.36"
45.77.182.110 - - [24/Jun/2026:17:35:41 +0200] "GET /mvibygyw.php?Fox=d3wL7 HTTP/1.1" 200 11798 "www.google.com" "Mozilla/5.0 (Linux; Android 7.0; SM-G892A Bulid/NRD90M; wv) AppleWebKit/537.36 (KHTML, like Gecko) Version/4.0 Chrome/60.0.3112.107 Moblie Safari/537.36"
192.178.16.102 - - [24/Jun/2026:17:57:42 +0200] "GET / HTTP/1.1" 200 21323 "-" "Mozilla/5.0 (X11; Linux x86_64) AppleWebKit/537.36 (KHTML, like Gecko; compatible; pageburst) Chrome/148.0.7778.96 Safari/537.36"
192.178.16.102 - - [24/Jun/2026:17:57:42 +0200] "GET /wp-content/uploads/elementor/css/post-13305.css?ver=1782314976 HTTP/1.1" 200 2452 "https://elettroservicegroup.it/" "Mozilla/5.0 (X11; Linux x86_64) AppleWebKit/537.36 (KHTML, like Gecko; compatible; pageburst) Chrome/148.0.7778.96 Safari/537.36"
192.178.16.101 - - [24/Jun/2026:17:57:43 +0200] "GET /wp-content/cache/wpfc-minified/21nu4lni/5tqf4.css HTTP/1.1" 200 7521 "https://elettroservicegroup.it/" "Mozilla/5.0 (X11; Linux x86_64) AppleWebKit/537.36 (KHTML, like Gecko; compatible; pageburst) Chrome/148.0.7778.96 Safari/537.36"
192.178.16.101 - - [24/Jun/2026:17:57:43 +0200] "GET /wp-content/cache/wpfc-minified/eh40z7s2/5tqf4.css HTTP/1.1" 200 11338 "https://elettroservicegroup.it/" "Mozilla/5.0 (X11; Linux x86_64) AppleWebKit/537.36 (KHTML, like Gecko; compatible; pageburst) Chrome/148.0.7778.96 Safari/537.36"
192.178.16.102 - - [24/Jun/2026:17:57:43 +0200] "GET /wp-content/cache/wpfc-minified/7ahyfouu/5tqf4.css HTTP/1.1" 200 4410 "https://elettroservicegroup.it/" "Mozilla/5.0 (X11; Linux x86_64) AppleWebKit/537.36 (KHTML, like Gecko; compatible; pageburst) Chrome/148.0.7778.96 Safari/537.36"
192.178.16.103 - - [24/Jun/2026:17:57:43 +0200] "GET /wp-content/cache/wpfc-minified/dih7xtos/5tqf4.css HTTP/1.1" 200 19027 "https://elettroservicegroup.it/" "Mozilla/5.0 (X11; Linux x86_64) AppleWebKit/537.36 (KHTML, like Gecko; compatible; pageburst) Chrome/148.0.7778.96 Safari/537.36"
192.178.16.102 - - [24/Jun/2026:17:57:43 +0200] "GET /wp-content/cache/wpfc-minified/10hpkmg7/5tqf4.css HTTP/1.1" 200 418 "https://elettroservicegroup.it/" "Mozilla/5.0 (X11; Linux x86_64) AppleWebKit/537.36 (KHTML, like Gecko; compatible; pageburst) Chrome/148.0.7778.96 Safari/537.36"
192.178.16.101 - - [24/Jun/2026:17:57:43 +0200] "GET /wp-content/cache/wpfc-minified/6yk1ya41/5tqf4.css HTTP/1.1" 200 14481 "https://elettroservicegroup.it/" "Mozilla/5.0 (X11; Linux x86_64) AppleWebKit/537.36 (KHTML, like Gecko; compatible; pageburst) Chrome/148.0.7778.96 Safari/537.36"
192.178.16.101 - - [24/Jun/2026:17:57:43 +0200] "GET /wp-content/uploads/elementor/css/post-14146.css?ver=1782313774 HTTP/1.1" 200 428 "https://elettroservicegroup.it/" "Mozilla/5.0 (X11; Linux x86_64) AppleWebKit/537.36 (KHTML, like Gecko; compatible; pageburst) Chrome/148.0.7778.96 Safari/537.36"
192.178.16.103 - - [24/Jun/2026:17:57:43 +0200] "GET /wp-content/plugins/elementor/assets/js/webpack.runtime.min.js?ver=4.1.4 HTTP/1.1" 200 2340 "https://elettroservicegroup.it/" "Mozilla/5.0 (X11; Linux x86_64) AppleWebKit/537.36 (KHTML, like Gecko; compatible; pageburst) Chrome/148.0.7778.96 Safari/537.36"
192.178.16.101 - - [24/Jun/2026:17:57:43 +0200] "GET /wp-content/plugins/gp-premium/menu-plus/functions/js/sticky.min.js?ver=2.5.5 HTTP/1.1" 200 2670 "https://elettroservicegroup.it/" "Mozilla/5.0 (X11; Linux x86_64) AppleWebKit/537.36 (KHTML, like Gecko; compatible; pageburst) Chrome/148.0.7778.96 Safari/537.36"
192.178.16.101 - - [24/Jun/2026:17:57:43 +0200] "GET /wp-content/cache/wpfc-minified/qwjjwn1t/5tqf4.js HTTP/1.1" 200 8744 "https://elettroservicegroup.it/" "Mozilla/5.0 (X11; Linux x86_64) AppleWebKit/537.36 (KHTML, like Gecko; compatible; pageburst) Chrome/148.0.7778.96 Safari/537.36"
192.178.16.101 - - [24/Jun/2026:17:57:43 +0200] "GET /wp-content/cache/wpfc-minified/degfepky/5tqfs.css HTTP/1.1" 200 16384 "https://elettroservicegroup.it/" "Mozilla/5.0 (X11; Linux x86_64) AppleWebKit/537.36 (KHTML, like Gecko; compatible; pageburst) Chrome/148.0.7778.96 Safari/537.36"
192.178.16.101 - - [24/Jun/2026:17:57:44 +0200] "GET /wp-content/uploads/elementor/css/post-14366.css?ver=1782313775 HTTP/1.1" 200 310 "https://elettroservicegroup.it/" "Mozilla/5.0 (X11; Linux x86_64) AppleWebKit/537.36 (KHTML, like Gecko; compatible; pageburst) Chrome/148.0.7778.96 Safari/537.36"
192.178.16.102 - - [24/Jun/2026:17:57:44 +0200] "GET /wp-content/cache/wpfc-minified/kdwvm73z/5tqf4.js HTTP/1.1" 200 32843 "https://elettroservicegroup.it/" "Mozilla/5.0 (X11; Linux x86_64) AppleWebKit/537.36 (KHTML, like Gecko; compatible; pageburst) Chrome/148.0.7778.96 Safari/537.36"
192.178.16.102 - - [24/Jun/2026:17:57:44 +0200] "GET /wp-content/uploads/2021/10/cropped-cropped-cropped-logo_white_background.png HTTP/1.1" 200 38971 "https://elettroservicegroup.it/" "Mozilla/5.0 (X11; Linux x86_64) AppleWebKit/537.36 (KHTML, like Gecko; compatible; pageburst) Chrome/148.0.7778.96 Safari/537.36"
192.178.16.103 - - [24/Jun/2026:17:57:44 +0200] "GET /wp-content/plugins/elementor/assets/js/frontend-modules.min.js?ver=4.1.4 HTTP/1.1" 200 15454 "https://elettroservicegroup.it/" "Mozilla/5.0 (X11; Linux x86_64) AppleWebKit/537.36 (KHTML, like Gecko; compatible; pageburst) Chrome/148.0.7778.96 Safari/537.36"
192.178.16.103 - - [24/Jun/2026:17:57:45 +0200] "GET /wp-includes/js/jquery/ui/core.min.js?ver=1.13.3 HTTP/1.1" 200 6820 "https://elettroservicegroup.it/" "Mozilla/5.0 (X11; Linux x86_64) AppleWebKit/537.36 (KHTML, like Gecko; compatible; pageburst) Chrome/148.0.7778.96 Safari/537.36"
192.178.16.103 - - [24/Jun/2026:17:57:45 +0200] "GET /wp-content/plugins/elementor/assets/js/frontend.min.js?ver=4.1.4 HTTP/1.1" 200 10140 "https://elettroservicegroup.it/" "Mozilla/5.0 (X11; Linux x86_64) AppleWebKit/537.36 (KHTML, like Gecko; compatible; pageburst) Chrome/148.0.7778.96 Safari/537.36"
