65.108.235.243 - - [25/Jun/2026:04:24:57 +0200] "POST /wp-cron.php?doing_wp_cron=1782354297.1549930572509765625000 HTTP/1.1" 200 1 "-" "WordPress/7.0; https://elettroservicegroup.it"
65.108.235.243 - - [25/Jun/2026:04:24:50 +0200] "POST /?wordfence_syncAttackData=1782354290.6794 HTTP/1.1" 200 1 "-" "WordPress/7.0; https://elettroservicegroup.it"
65.108.235.243 - - [25/Jun/2026:05:19:20 +0200] "POST /wp-json/complianz/v1/wsc-scan HTTP/1.1" 400 88 "-" "WordPress/7.0; https://elettroservicegroup.it"
49.51.183.84 - - [25/Jun/2026:05:19:19 +0200] "GET / HTTP/1.1" 200 23491 "http://elettroservicegroup.it" "Mozilla/5.0 (iPhone; CPU iPhone OS 13_2_3 like Mac OS X) AppleWebKit/605.1.15 (KHTML, like Gecko) Version/13.0.3 Mobile/15E148 Safari/604.1"
100.49.180.170 - - [25/Jun/2026:05:25:53 +0200] "GET / HTTP/1.1" 200 23238 "-" "Mozilla/5.0 (Windows NT 10.0; Win64; x64) AppleWebKit/537.36 (KHTML, like Gecko) Chrome/124.0.0.0 Safari/537.36 Edg/124.0.0.0"
91.202.233.115 - - [25/Jun/2026:05:56:07 +0200] "GET / HTTP/1.1" 200 11809 "https://google.com/" "Mozilla/5.0 (Windows NT 10.0; Win64; x64) AppleWebKit/537.36 (KHTML, like Gecko) Chrome/133.0.0.0 Safari/537.36"
82.156.116.86 - - [25/Jun/2026:05:56:29 +0200] "GET / HTTP/1.1" 200 23491 "http://elettroservicegroup.it" "Mozilla/5.0 (iPhone; CPU iPhone OS 13_2_3 like Mac OS X) AppleWebKit/605.1.15 (KHTML, like Gecko) Version/13.0.3 Mobile/15E148 Safari/604.1"
43.159.139.164 - - [25/Jun/2026:06:11:49 +0200] "GET / HTTP/1.1" 200 23481 "http://www.elettroservicegroup.it" "Mozilla/5.0 (iPhone; CPU iPhone OS 13_2_3 like Mac OS X) AppleWebKit/605.1.15 (KHTML, like Gecko) Version/13.0.3 Mobile/15E148 Safari/604.1"
77.220.194.203 - - [25/Jun/2026:06:13:17 +0200] "POST /xmlrpc.php HTTP/1.1" 200 11731 "-" "Mozilla/5.0 (Windows NT 10.0; Win64; x64) AppleWebKit/537.36"
65.108.235.243 - - [25/Jun/2026:06:18:34 +0200] "POST /wp-cron.php?doing_wp_cron=1782361113.9514019489288330078125 HTTP/1.1" 200 1 "-" "WordPress/7.0; https://elettroservicegroup.it"
216.73.217.167 - - [25/Jun/2026:06:18:28 +0200] "GET /robots.txt HTTP/2.0" 200 99 "-" "Mozilla/5.0 AppleWebKit/537.36 (KHTML, like Gecko; compatible; ClaudeBot/1.0; +claudebot@anthropic.com)"
65.108.235.243 - - [25/Jun/2026:07:33:07 +0200] "POST /wp-cron.php?doing_wp_cron=1782365587.4683969020843505859375 HTTP/1.1" 200 1 "-" "WordPress/7.0; https://elettroservicegroup.it"
216.73.217.167 - - [25/Jun/2026:07:33:00 +0200] "GET /robots.txt HTTP/2.0" 200 99 "-" "Mozilla/5.0 AppleWebKit/537.36 (KHTML, like Gecko; compatible; ClaudeBot/1.0; +claudebot@anthropic.com)"
65.108.235.243 - - [25/Jun/2026:07:33:11 +0200] "POST /wp-json/complianz/v1/wsc-scan HTTP/1.1" 400 88 "-" "WordPress/7.0; https://elettroservicegroup.it"
64.89.162.181 - - [25/Jun/2026:07:33:46 +0200] "GET /.env HTTP/1.1" 404 83451 "-" "Mozilla/5.0 (X11; Linux x86_64) AppleWebKit/537.36 (KHTML, like Gecko) Chrome/81.0.4044.129 Safari/537.36"
64.89.162.181 - - [25/Jun/2026:07:33:50 +0200] "POST / HTTP/1.1" 415 140601 "-" "Mozilla/5.0 (X11; Linux x86_64) AppleWebKit/537.36 (KHTML, like Gecko) Chrome/81.0.4044.129 Safari/537.36"
65.108.235.243 - - [25/Jun/2026:08:16:32 +0200] "POST /wp-cron.php?doing_wp_cron=1782368191.9736669063568115234375 HTTP/1.1" 200 1 "-" "WordPress/7.0; https://elettroservicegroup.it"
205.210.31.255 - - [25/Jun/2026:08:16:24 +0200] "GET /wp-login.php HTTP/1.1" 200 19171 "-" "Hello from Palo Alto Networks, find out more about our scans in https://docs-cortex.paloaltonetworks.com/r/1/Cortex-Xpanse/Scanning-activity"
65.108.235.243 - - [25/Jun/2026:08:27:06 +0200] "POST /wp-cron.php?doing_wp_cron=1782368826.4567708969116210937500 HTTP/1.1" 200 1 "-" "WordPress/7.0; https://elettroservicegroup.it"
216.73.217.167 - - [25/Jun/2026:08:27:02 +0200] "GET /sitemap.rss HTTP/2.0" 200 729 "-" "Mozilla/5.0 AppleWebKit/537.36 (KHTML, like Gecko; compatible; ClaudeBot/1.0; +claudebot@anthropic.com)"
65.108.235.243 - - [25/Jun/2026:08:52:52 +0200] "POST /wp-cron.php?doing_wp_cron=1782370372.3561449050903320312500 HTTP/1.1" 200 1 "-" "WordPress/7.0; https://elettroservicegroup.it"
65.108.235.243 - - [25/Jun/2026:08:52:49 +0200] "POST /?wordfence_syncAttackData=1782370369.2533 HTTP/1.1" 200 1 "-" "WordPress/7.0; https://elettroservicegroup.it"
45.227.254.11 - - [25/Jun/2026:08:52:42 +0200] "GET /wp-content/plugins/ninja-forms-uploads/readme.txt HTTP/1.1" 404 83963 "-" "Mozilla/5.0 (Windows NT 10.0; Win64; x64; rv:65.0) Gecko/20100101 Firefox/65.0"
45.227.254.11 - - [25/Jun/2026:08:52:52 +0200] "GET /wp-content/plugins/ninja-forms-uploads/readme.txt HTTP/1.1" 404 83963 "-" "Mozilla/5.0 (Windows NT 10.0; Win64; x64; rv:65.0) Gecko/20100101 Firefox/65.0"
65.108.235.243 - - [25/Jun/2026:08:52:55 +0200] "POST /wp-json/complianz/v1/wsc-scan HTTP/1.1" 400 88 "-" "WordPress/7.0; https://elettroservicegroup.it"
216.73.217.167 - - [25/Jun/2026:09:08:03 +0200] "GET /robots.txt HTTP/2.0" 200 99 "-" "Mozilla/5.0 AppleWebKit/537.36 (KHTML, like Gecko; compatible; ClaudeBot/1.0; +claudebot@anthropic.com)"
65.108.235.243 - - [25/Jun/2026:09:08:13 +0200] "POST /wp-cron.php?doing_wp_cron=1782371293.2602140903472900390625 HTTP/1.1" 200 1 "-" "WordPress/7.0; https://elettroservicegroup.it"
65.108.235.243 - - [25/Jun/2026:09:08:10 +0200] "POST /?wordfence_syncAttackData=1782371290.0421 HTTP/1.1" 200 1 "-" "WordPress/7.0; https://elettroservicegroup.it"
43.165.186.188 - - [25/Jun/2026:09:29:48 +0200] "GET / HTTP/1.1" 200 23491 "http://elettroservicegroup.it" "Mozilla/5.0 (iPhone; CPU iPhone OS 13_2_3 like Mac OS X) AppleWebKit/605.1.15 (KHTML, like Gecko) Version/13.0.3 Mobile/15E148 Safari/604.1"
65.108.235.243 - - [25/Jun/2026:09:40:04 +0200] "POST /wp-cron.php?doing_wp_cron=1782373204.7569780349731445312500 HTTP/1.1" 200 1 "-" "WordPress/7.0; https://elettroservicegroup.it"
65.108.235.243 - - [25/Jun/2026:09:40:01 +0200] "POST /?wordfence_syncAttackData=1782373201.2622 HTTP/1.1" 200 1 "-" "WordPress/7.0; https://elettroservicegroup.it"
45.227.254.11 - - [25/Jun/2026:09:40:03 +0200] "GET /wp-content/plugins/burst-statistics/readme.txt HTTP/1.1" 404 83942 "-" "Mozilla/5.0 (X11; Linux x86_64) AppleWebKit/537.36 (KHTML, like Gecko) Chrome/133.0.0.0 Safari/537.36"
45.227.254.11 - - [25/Jun/2026:09:39:53 +0200] "GET /wp-content/plugins/burst-statistics/readme.txt HTTP/1.1" 404 83942 "-" "Mozilla/5.0 (X11; Linux x86_64) AppleWebKit/537.36 (KHTML, like Gecko) Chrome/133.0.0.0 Safari/537.36"
65.108.235.243 - - [25/Jun/2026:09:43:49 +0200] "POST /wp-cron.php?doing_wp_cron=1782373429.4472630023956298828125 HTTP/1.1" 200 1 "-" "WordPress/7.0; https://elettroservicegroup.it"
65.108.235.243 - - [25/Jun/2026:09:43:49 +0200] "POST /wp-cron.php?doing_wp_cron=1782373429.4475059509277343750000 HTTP/1.1" 200 1 "-" "WordPress/7.0; https://elettroservicegroup.it"
173.252.83.6 - - [25/Jun/2026:09:43:43 +0200] "GET /robots.txt HTTP/2.0" 200 177 "-" "facebookexternalhit/1.1 (+http://www.facebook.com/externalhit_uatext.php)"
173.252.83.1 - - [25/Jun/2026:09:43:42 +0200] "GET /robots.txt HTTP/2.0" 200 - "-" "facebookexternalhit/1.1 (+http://www.facebook.com/externalhit_uatext.php)"
65.108.235.243 - - [25/Jun/2026:10:23:58 +0200] "POST /wp-json/complianz/v1/wsc-scan HTTP/1.1" 400 88 "-" "WordPress/7.0; https://elettroservicegroup.it"
43.157.172.39 - - [25/Jun/2026:10:23:58 +0200] "GET / HTTP/1.1" 200 23481 "http://www.elettroservicegroup.it" "Mozilla/5.0 (iPhone; CPU iPhone OS 13_2_3 like Mac OS X) AppleWebKit/605.1.15 (KHTML, like Gecko) Version/13.0.3 Mobile/15E148 Safari/604.1"
65.108.235.243 - - [25/Jun/2026:10:29:26 +0200] "POST /wp-cron.php?doing_wp_cron=1782376166.7594430446624755859375 HTTP/1.1" 200 1 "-" "WordPress/7.0; https://elettroservicegroup.it"
45.227.254.11 - - [25/Jun/2026:10:29:17 +0200] "GET /wp-content/plugins/wp-google-map-gold/assets/css/wpgmp_all_frontend.css HTTP/1.1" 404 87821 "-" "Mozilla/5.0 (ZZ; Linux i686) AppleWebKit/537.36 (KHTML, like Gecko) Chrome/135.0.0.0 Safari/537.36"
65.108.235.243 - - [25/Jun/2026:10:33:23 +0200] "POST /wp-cron.php?doing_wp_cron=1782376403.2522869110107421875000 HTTP/1.1" 200 1 "-" "WordPress/7.0; https://elettroservicegroup.it"
216.73.217.167 - - [25/Jun/2026:10:33:16 +0200] "GET /robots.txt HTTP/2.0" 200 99 "-" "Mozilla/5.0 AppleWebKit/537.36 (KHTML, like Gecko; compatible; ClaudeBot/1.0; +claudebot@anthropic.com)"
65.108.235.243 - - [25/Jun/2026:10:34:03 +0200] "POST /wp-cron.php?doing_wp_cron=1782376443.3535420894622802734375 HTTP/1.1" 200 1 "-" "WordPress/7.0; https://elettroservicegroup.it"
104.210.140.129 - - [25/Jun/2026:10:33:56 +0200] "GET /robots.txt HTTP/2.0" 200 99 "-" "Mozilla/5.0 (Macintosh; Intel Mac OS X 10_15_7) AppleWebKit/537.36 (KHTML, like Gecko) Chrome/131.0.0.0 Safari/537.36; compatible; OAI-SearchBot/1.0; +https://openai.com/searchbot"
52.5.159.16 - - [25/Jun/2026:10:37:21 +0200] "HEAD /favicon.ico HTTP/1.1" 200 - "-" "Mozilla/5.0 (compatible; FaviconValidator/1.0)"
65.108.235.243 - - [25/Jun/2026:10:37:25 +0200] "POST /wp-cron.php?doing_wp_cron=1782376645.3485319614410400390625 HTTP/1.1" 200 1 "-" "WordPress/7.0; https://elettroservicegroup.it"
52.5.159.16 - - [25/Jun/2026:10:37:16 +0200] "HEAD /data:, HTTP/1.1" 301 - "-" "Mozilla/5.0 (compatible; FaviconValidator/1.0)"
34.122.147.229 - - [25/Jun/2026:11:08:42 +0200] "GET / HTTP/2.0" 200 21323 "-" "Mozilla/5.0 (X11; Linux x86_64) AppleWebKit/537.36 (KHTML, like Gecko) Chrome/125.0.0.0 Safari/537.36"
34.122.147.229 - - [25/Jun/2026:11:08:44 +0200] "GET /wp-content/cache/wpfc-minified/10hpkmg7/5tqf4.css HTTP/2.0" 200 418 "https://elettroservicegroup.it/" "Mozilla/5.0 (X11; Linux x86_64) AppleWebKit/537.36 (KHTML, like Gecko) Chrome/125.0.0.0 Safari/537.36"
34.122.147.229 - - [25/Jun/2026:11:08:44 +0200] "GET /wp-content/uploads/elementor/css/post-14146.css?ver=1782313774 HTTP/2.0" 200 428 "https://elettroservicegroup.it/" "Mozilla/5.0 (X11; Linux x86_64) AppleWebKit/537.36 (KHTML, like Gecko) Chrome/125.0.0.0 Safari/537.36"
34.122.147.229 - - [25/Jun/2026:11:08:44 +0200] "GET /wp-content/uploads/elementor/css/post-13305.css?ver=1782314976 HTTP/2.0" 200 2452 "https://elettroservicegroup.it/" "Mozilla/5.0 (X11; Linux x86_64) AppleWebKit/537.36 (KHTML, like Gecko) Chrome/125.0.0.0 Safari/537.36"
34.122.147.229 - - [25/Jun/2026:11:08:44 +0200] "GET /wp-content/cache/wpfc-minified/21nu4lni/5tqf4.css HTTP/2.0" 200 7521 "https://elettroservicegroup.it/" "Mozilla/5.0 (X11; Linux x86_64) AppleWebKit/537.36 (KHTML, like Gecko) Chrome/125.0.0.0 Safari/537.36"
34.122.147.229 - - [25/Jun/2026:11:08:44 +0200] "GET /wp-content/uploads/elementor/css/post-14366.css?ver=1782313775 HTTP/2.0" 200 310 "https://elettroservicegroup.it/" "Mozilla/5.0 (X11; Linux x86_64) AppleWebKit/537.36 (KHTML, like Gecko) Chrome/125.0.0.0 Safari/537.36"
34.122.147.229 - - [25/Jun/2026:11:08:44 +0200] "GET /wp-content/cache/wpfc-minified/eh40z7s2/5tqf4.css HTTP/2.0" 200 11338 "https://elettroservicegroup.it/" "Mozilla/5.0 (X11; Linux x86_64) AppleWebKit/537.36 (KHTML, like Gecko) Chrome/125.0.0.0 Safari/537.36"
34.122.147.229 - - [25/Jun/2026:11:08:44 +0200] "GET /wp-content/cache/wpfc-minified/7ahyfouu/5tqf4.css HTTP/2.0" 200 4410 "https://elettroservicegroup.it/" "Mozilla/5.0 (X11; Linux x86_64) AppleWebKit/537.36 (KHTML, like Gecko) Chrome/125.0.0.0 Safari/537.36"
34.122.147.229 - - [25/Jun/2026:11:08:44 +0200] "GET /wp-content/cache/wpfc-minified/degfepky/5tqfs.css HTTP/2.0" 200 16384 "https://elettroservicegroup.it/" "Mozilla/5.0 (X11; Linux x86_64) AppleWebKit/537.36 (KHTML, like Gecko) Chrome/125.0.0.0 Safari/537.36"
34.122.147.229 - - [25/Jun/2026:11:08:44 +0200] "GET /wp-content/cache/wpfc-minified/6yk1ya41/5tqf4.css HTTP/2.0" 200 14481 "https://elettroservicegroup.it/" "Mozilla/5.0 (X11; Linux x86_64) AppleWebKit/537.36 (KHTML, like Gecko) Chrome/125.0.0.0 Safari/537.36"
34.122.147.229 - - [25/Jun/2026:11:08:44 +0200] "GET /wp-content/cache/wpfc-minified/dih7xtos/5tqf4.css HTTP/2.0" 200 19027 "https://elettroservicegroup.it/" "Mozilla/5.0 (X11; Linux x86_64) AppleWebKit/537.36 (KHTML, like Gecko) Chrome/125.0.0.0 Safari/537.36"
34.122.147.229 - - [25/Jun/2026:11:08:44 +0200] "GET /wp-content/cache/wpfc-minified/kdwvm73z/5tqf4.js HTTP/2.0" 200 32843 "https://elettroservicegroup.it/" "Mozilla/5.0 (X11; Linux x86_64) AppleWebKit/537.36 (KHTML, like Gecko) Chrome/125.0.0.0 Safari/537.36"
34.122.147.229 - - [25/Jun/2026:11:09:02 +0200] "GET /wp-content/uploads/2021/10/cropped-cropped-cropped-logo_white_background.png HTTP/2.0" 200 38971 "https://elettroservicegroup.it/" "Mozilla/5.0 (X11; Linux x86_64) AppleWebKit/537.36 (KHTML, like Gecko) Chrome/125.0.0.0 Safari/537.36"
34.122.147.229 - - [25/Jun/2026:11:09:02 +0200] "GET /wp-content/cache/wpfc-minified/qwjjwn1t/5tqf4.js HTTP/2.0" 200 8744 "https://elettroservicegroup.it/" "Mozilla/5.0 (X11; Linux x86_64) AppleWebKit/537.36 (KHTML, like Gecko) Chrome/125.0.0.0 Safari/537.36"
34.122.147.229 - - [25/Jun/2026:11:09:02 +0200] "GET /wp-content/plugins/gp-premium/menu-plus/functions/js/sticky.min.js?ver=2.5.5 HTTP/2.0" 200 2670 "https://elettroservicegroup.it/" "Mozilla/5.0 (X11; Linux x86_64) AppleWebKit/537.36 (KHTML, like Gecko) Chrome/125.0.0.0 Safari/537.36"
34.122.147.229 - - [25/Jun/2026:11:09:02 +0200] "GET /wp-content/plugins/elementor/assets/js/webpack.runtime.min.js?ver=4.1.4 HTTP/2.0" 200 2340 "https://elettroservicegroup.it/" "Mozilla/5.0 (X11; Linux x86_64) AppleWebKit/537.36 (KHTML, like Gecko) Chrome/125.0.0.0 Safari/537.36"
34.123.170.104 - - [25/Jun/2026:11:09:35 +0200] "GET / HTTP/2.0" 200 21323 "-" "Mozilla/5.0 (X11; Linux x86_64) AppleWebKit/537.36 (KHTML, like Gecko) Chrome/125.0.0.0 Safari/537.36"
34.123.170.104 - - [25/Jun/2026:11:09:47 +0200] "GET /wp-content/uploads/elementor/css/post-14146.css?ver=1782313774 HTTP/2.0" 200 428 "https://elettroservicegroup.it/" "Mozilla/5.0 (X11; Linux x86_64) AppleWebKit/537.36 (KHTML, like Gecko) Chrome/125.0.0.0 Safari/537.36"
34.123.170.104 - - [25/Jun/2026:11:09:47 +0200] "GET /wp-content/cache/wpfc-minified/10hpkmg7/5tqf4.css HTTP/2.0" 200 418 "https://elettroservicegroup.it/" "Mozilla/5.0 (X11; Linux x86_64) AppleWebKit/537.36 (KHTML, like Gecko) Chrome/125.0.0.0 Safari/537.36"
34.123.170.104 - - [25/Jun/2026:11:09:47 +0200] "GET /wp-content/uploads/elementor/css/post-13305.css?ver=1782314976 HTTP/2.0" 200 2452 "https://elettroservicegroup.it/" "Mozilla/5.0 (X11; Linux x86_64) AppleWebKit/537.36 (KHTML, like Gecko) Chrome/125.0.0.0 Safari/537.36"
34.123.170.104 - - [25/Jun/2026:11:09:47 +0200] "GET /wp-content/cache/wpfc-minified/21nu4lni/5tqf4.css HTTP/2.0" 200 7521 "https://elettroservicegroup.it/" "Mozilla/5.0 (X11; Linux x86_64) AppleWebKit/537.36 (KHTML, like Gecko) Chrome/125.0.0.0 Safari/537.36"
34.123.170.104 - - [25/Jun/2026:11:09:47 +0200] "GET /wp-content/cache/wpfc-minified/eh40z7s2/5tqf4.css HTTP/2.0" 200 11338 "https://elettroservicegroup.it/" "Mozilla/5.0 (X11; Linux x86_64) AppleWebKit/537.36 (KHTML, like Gecko) Chrome/125.0.0.0 Safari/537.36"
34.123.170.104 - - [25/Jun/2026:11:09:47 +0200] "GET /wp-content/cache/wpfc-minified/7ahyfouu/5tqf4.css HTTP/2.0" 200 4410 "https://elettroservicegroup.it/" "Mozilla/5.0 (X11; Linux x86_64) AppleWebKit/537.36 (KHTML, like Gecko) Chrome/125.0.0.0 Safari/537.36"
34.123.170.104 - - [25/Jun/2026:11:09:47 +0200] "GET /wp-content/uploads/elementor/css/post-14366.css?ver=1782313775 HTTP/2.0" 200 310 "https://elettroservicegroup.it/" "Mozilla/5.0 (X11; Linux x86_64) AppleWebKit/537.36 (KHTML, like Gecko) Chrome/125.0.0.0 Safari/537.36"
34.123.170.104 - - [25/Jun/2026:11:09:47 +0200] "GET /wp-content/uploads/2021/10/cropped-cropped-cropped-logo_white_background.png HTTP/2.0" 200 38971 "https://elettroservicegroup.it/" "Mozilla/5.0 (X11; Linux x86_64) AppleWebKit/537.36 (KHTML, like Gecko) Chrome/125.0.0.0 Safari/537.36"
34.123.170.104 - - [25/Jun/2026:11:09:47 +0200] "GET /wp-content/cache/wpfc-minified/dih7xtos/5tqf4.css HTTP/2.0" 200 19027 "https://elettroservicegroup.it/" "Mozilla/5.0 (X11; Linux x86_64) AppleWebKit/537.36 (KHTML, like Gecko) Chrome/125.0.0.0 Safari/537.36"
34.123.170.104 - - [25/Jun/2026:11:09:47 +0200] "GET /wp-content/cache/wpfc-minified/6yk1ya41/5tqf4.css HTTP/2.0" 200 14481 "https://elettroservicegroup.it/" "Mozilla/5.0 (X11; Linux x86_64) AppleWebKit/537.36 (KHTML, like Gecko) Chrome/125.0.0.0 Safari/537.36"
34.123.170.104 - - [25/Jun/2026:11:09:47 +0200] "GET /wp-content/cache/wpfc-minified/degfepky/5tqfs.css HTTP/2.0" 200 16384 "https://elettroservicegroup.it/" "Mozilla/5.0 (X11; Linux x86_64) AppleWebKit/537.36 (KHTML, like Gecko) Chrome/125.0.0.0 Safari/537.36"
34.123.170.104 - - [25/Jun/2026:11:09:47 +0200] "GET /wp-content/cache/wpfc-minified/qwjjwn1t/5tqf4.js HTTP/2.0" 200 8744 "https://elettroservicegroup.it/" "Mozilla/5.0 (X11; Linux x86_64) AppleWebKit/537.36 (KHTML, like Gecko) Chrome/125.0.0.0 Safari/537.36"
34.123.170.104 - - [25/Jun/2026:11:09:47 +0200] "GET /wp-content/cache/wpfc-minified/kdwvm73z/5tqf4.js HTTP/2.0" 200 32843 "https://elettroservicegroup.it/" "Mozilla/5.0 (X11; Linux x86_64) AppleWebKit/537.36 (KHTML, like Gecko) Chrome/125.0.0.0 Safari/537.36"
65.108.235.243 - - [25/Jun/2026:11:11:11 +0200] "POST /wp-cron.php?doing_wp_cron=1782378670.9513831138610839843750 HTTP/1.1" 200 1 "-" "WordPress/7.0; https://elettroservicegroup.it"
34.116.128.190 - - [25/Jun/2026:11:11:07 +0200] "GET / HTTP/2.0" 200 21585 "-" "Mozilla/5.0 (iPhone13,2; U; CPU iPhone OS 14_0 like Mac OS X) AppleWebKit/602.1.50 (KHTML, like Gecko) Version/10.0 Mobile/15E148 Safari/602.1"
34.116.128.190 - - [25/Jun/2026:11:11:14 +0200] "GET /wp-content/plugins/header-footer-elementor/assets/css/header-footer-elementor.css?ver=2.8.8 HTTP/2.0" 200 260 "https://elettroservicegroup.it/" "Mozilla/5.0 (iPhone13,2; U; CPU iPhone OS 14_0 like Mac OS X) AppleWebKit/602.1.50 (KHTML, like Gecko) Version/10.0 Mobile/15E148 Safari/602.1"
34.116.128.190 - - [25/Jun/2026:11:11:14 +0200] "GET /wp-content/plugins/all-in-one-seo-pack/dist/Lite/assets/css/table-of-contents/global.e90f6d47.css?ver=4.9.8 HTTP/2.0" 200 420 "https://elettroservicegroup.it/" "Mozilla/5.0 (iPhone13,2; U; CPU iPhone OS 14_0 like Mac OS X) AppleWebKit/602.1.50 (KHTML, like Gecko) Version/10.0 Mobile/15E148 Safari/602.1"
34.116.128.190 - - [25/Jun/2026:11:11:14 +0200] "GET /wp-content/plugins/complianz-gdpr-premium/assets/css/cookieblocker.min.css?ver=1781535054 HTTP/2.0" 200 615 "https://elettroservicegroup.it/" "Mozilla/5.0 (iPhone13,2; U; CPU iPhone OS 14_0 like Mac OS X) AppleWebKit/602.1.50 (KHTML, like Gecko) Version/10.0 Mobile/15E148 Safari/602.1"
34.116.128.190 - - [25/Jun/2026:11:11:14 +0200] "GET /wp-content/uploads/elementor/css/post-14146.css?ver=1782313774 HTTP/2.0" 200 428 "https://elettroservicegroup.it/" "Mozilla/5.0 (iPhone13,2; U; CPU iPhone OS 14_0 like Mac OS X) AppleWebKit/602.1.50 (KHTML, like Gecko) Version/10.0 Mobile/15E148 Safari/602.1"
34.116.128.190 - - [25/Jun/2026:11:11:14 +0200] "GET /wp-content/plugins/elementor/assets/css/widget-spacer.min.css?ver=4.1.4 HTTP/2.0" 200 287 "https://elettroservicegroup.it/" "Mozilla/5.0 (iPhone13,2; U; CPU iPhone OS 14_0 like Mac OS X) AppleWebKit/602.1.50 (KHTML, like Gecko) Version/10.0 Mobile/15E148 Safari/602.1"
34.116.128.190 - - [25/Jun/2026:11:11:14 +0200] "GET /wp-content/plugins/elementor/assets/lib/eicons/css/elementor-icons.min.css?ver=5.50.0 HTTP/2.0" 200 4125 "https://elettroservicegroup.it/" "Mozilla/5.0 (iPhone13,2; U; CPU iPhone OS 14_0 like Mac OS X) AppleWebKit/602.1.50 (KHTML, like Gecko) Version/10.0 Mobile/15E148 Safari/602.1"
34.116.128.190 - - [25/Jun/2026:11:11:14 +0200] "GET /wp-content/plugins/elementor/assets/css/widget-heading.min.css?ver=4.1.4 HTTP/2.0" 200 127 "https://elettroservicegroup.it/" "Mozilla/5.0 (iPhone13,2; U; CPU iPhone OS 14_0 like Mac OS X) AppleWebKit/602.1.50 (KHTML, like Gecko) Version/10.0 Mobile/15E148 Safari/602.1"
34.116.128.190 - - [25/Jun/2026:11:11:14 +0200] "GET /wp-content/plugins/elementor/assets/css/frontend.min.css?ver=4.1.4 HTTP/2.0" 200 6618 "https://elettroservicegroup.it/" "Mozilla/5.0 (iPhone13,2; U; CPU iPhone OS 14_0 like Mac OS X) AppleWebKit/602.1.50 (KHTML, like Gecko) Version/10.0 Mobile/15E148 Safari/602.1"
34.116.128.190 - - [25/Jun/2026:11:11:14 +0200] "GET /wp-content/plugins/elementor/assets/lib/font-awesome/css/v4-shims.min.css?ver=4.1.4 HTTP/2.0" 200 3986 "https://elettroservicegroup.it/" "Mozilla/5.0 (iPhone13,2; U; CPU iPhone OS 14_0 like Mac OS X) AppleWebKit/602.1.50 (KHTML, like Gecko) Version/10.0 Mobile/15E148 Safari/602.1"
34.116.128.190 - - [25/Jun/2026:11:11:14 +0200] "GET /wp-content/plugins/header-footer-elementor/inc/widgets-css/frontend.css?ver=2.8.8 HTTP/2.0" 200 8711 "https://elettroservicegroup.it/" "Mozilla/5.0 (iPhone13,2; U; CPU iPhone OS 14_0 like Mac OS X) AppleWebKit/602.1.50 (KHTML, like Gecko) Version/10.0 Mobile/15E148 Safari/602.1"
34.116.128.190 - - [25/Jun/2026:11:11:14 +0200] "GET /wp-content/plugins/elementor/assets/lib/font-awesome/css/all.min.css?ver=4.1.4 HTTP/2.0" 200 12402 "https://elettroservicegroup.it/" "Mozilla/5.0 (iPhone13,2; U; CPU iPhone OS 14_0 like Mac OS X) AppleWebKit/602.1.50 (KHTML, like Gecko) Version/10.0 Mobile/15E148 Safari/602.1"
34.116.128.190 - - [25/Jun/2026:11:11:15 +0200] "GET /wp-content/uploads/2021/10/cropped-cropped-cropped-logo_white_background.png HTTP/2.0" 200 38971 "https://elettroservicegroup.it/" "Mozilla/5.0 (iPhone13,2; U; CPU iPhone OS 14_0 like Mac OS X) AppleWebKit/602.1.50 (KHTML, like Gecko) Version/10.0 Mobile/15E148 Safari/602.1"
34.116.128.190 - - [25/Jun/2026:11:11:15 +0200] "GET /wp-content/uploads/elementor/css/post-14366.css?ver=1782313775 HTTP/2.0" 200 310 "https://elettroservicegroup.it/" "Mozilla/5.0 (iPhone13,2; U; CPU iPhone OS 14_0 like Mac OS X) AppleWebKit/602.1.50 (KHTML, like Gecko) Version/10.0 Mobile/15E148 Safari/602.1"
34.116.128.190 - - [25/Jun/2026:11:11:15 +0200] "GET /wp-content/plugins/elementor/assets/lib/font-awesome/css/brands.css?ver=5.15.3 HTTP/2.0" 200 298 "https://elettroservicegroup.it/" "Mozilla/5.0 (iPhone13,2; U; CPU iPhone OS 14_0 like Mac OS X) AppleWebKit/602.1.50 (KHTML, like Gecko) Version/10.0 Mobile/15E148 Safari/602.1"
34.116.128.190 - - [25/Jun/2026:11:11:15 +0200] "GET /wp-content/plugins/elementor/assets/lib/font-awesome/css/solid.css?ver=5.15.3 HTTP/2.0" 200 299 "https://elettroservicegroup.it/" "Mozilla/5.0 (iPhone13,2; U; CPU iPhone OS 14_0 like Mac OS X) AppleWebKit/602.1.50 (KHTML, like Gecko) Version/10.0 Mobile/15E148 Safari/602.1"
34.116.128.190 - - [25/Jun/2026:11:11:15 +0200] "GET /wp-content/plugins/elementor/assets/lib/animations/styles/bounceIn.min.css?ver=4.1.4 HTTP/2.0" 200 186 "https://elettroservicegroup.it/" "Mozilla/5.0 (iPhone13,2; U; CPU iPhone OS 14_0 like Mac OS X) AppleWebKit/602.1.50 (KHTML, like Gecko) Version/10.0 Mobile/15E148 Safari/602.1"
34.116.128.190 - - [25/Jun/2026:11:11:15 +0200] "GET /wp-content/plugins/elementor/assets/css/widget-icon-list.min.css?ver=3.24.3 HTTP/2.0" 200 928 "https://elettroservicegroup.it/" "Mozilla/5.0 (iPhone13,2; U; CPU iPhone OS 14_0 like Mac OS X) AppleWebKit/602.1.50 (KHTML, like Gecko) Version/10.0 Mobile/15E148 Safari/602.1"
34.116.128.190 - - [25/Jun/2026:11:11:15 +0200] "GET /wp-content/plugins/gp-premium/menu-plus/functions/css/navigation-branding-flex.min.css?ver=2.5.5 HTTP/2.0" 200 542 "https://elettroservicegroup.it/" "Mozilla/5.0 (iPhone13,2; U; CPU iPhone OS 14_0 like Mac OS X) AppleWebKit/602.1.50 (KHTML, like Gecko) Version/10.0 Mobile/15E148 Safari/602.1"
34.116.128.190 - - [25/Jun/2026:11:11:15 +0200] "GET /wp-content/plugins/elementor/assets/lib/animations/styles/zoomIn.min.css?ver=4.1.4 HTTP/2.0" 200 87 "https://elettroservicegroup.it/" "Mozilla/5.0 (iPhone13,2; U; CPU iPhone OS 14_0 like Mac OS X) AppleWebKit/602.1.50 (KHTML, like Gecko) Version/10.0 Mobile/15E148 Safari/602.1"
34.116.128.190 - - [25/Jun/2026:11:11:15 +0200] "GET /wp-content/uploads/elementor/css/post-13305.css?ver=1782314976 HTTP/2.0" 200 2452 "https://elettroservicegroup.it/" "Mozilla/5.0 (iPhone13,2; U; CPU iPhone OS 14_0 like Mac OS X) AppleWebKit/602.1.50 (KHTML, like Gecko) Version/10.0 Mobile/15E148 Safari/602.1"
34.116.128.190 - - [25/Jun/2026:11:11:15 +0200] "GET /wp-content/themes/generatepress/assets/css/main.min.css?ver=3.6.1 HTTP/2.0" 200 4410 "https://elettroservicegroup.it/" "Mozilla/5.0 (iPhone13,2; U; CPU iPhone OS 14_0 like Mac OS X) AppleWebKit/602.1.50 (KHTML, like Gecko) Version/10.0 Mobile/15E148 Safari/602.1"
34.116.128.190 - - [25/Jun/2026:11:11:15 +0200] "GET /wp-content/uploads/elementor/google-fonts/css/robotoslab.css?ver=1742274091 HTTP/2.0" 200 708 "https://elettroservicegroup.it/" "Mozilla/5.0 (iPhone13,2; U; CPU iPhone OS 14_0 like Mac OS X) AppleWebKit/602.1.50 (KHTML, like Gecko) Version/10.0 Mobile/15E148 Safari/602.1"
34.116.128.190 - - [25/Jun/2026:11:11:15 +0200] "GET /wp-content/plugins/elementor/assets/lib/font-awesome/css/solid.min.css?ver=5.15.3 HTTP/2.0" 200 286 "https://elettroservicegroup.it/" "Mozilla/5.0 (iPhone13,2; U; CPU iPhone OS 14_0 like Mac OS X) AppleWebKit/602.1.50 (KHTML, like Gecko) Version/10.0 Mobile/15E148 Safari/602.1"
34.116.128.190 - - [25/Jun/2026:11:11:15 +0200] "GET /wp-includes/js/jquery/jquery-migrate.min.js?ver=3.4.1 HTTP/2.0" 200 4685 "https://elettroservicegroup.it/" "Mozilla/5.0 (iPhone13,2; U; CPU iPhone OS 14_0 like Mac OS X) AppleWebKit/602.1.50 (KHTML, like Gecko) Version/10.0 Mobile/15E148 Safari/602.1"
34.116.128.190 - - [25/Jun/2026:11:11:15 +0200] "GET /wp-content/plugins/gp-premium/menu-plus/functions/js/sticky.min.js?ver=2.5.5 HTTP/2.0" 200 2670 "https://elettroservicegroup.it/" "Mozilla/5.0 (iPhone13,2; U; CPU iPhone OS 14_0 like Mac OS X) AppleWebKit/602.1.50 (KHTML, like Gecko) Version/10.0 Mobile/15E148 Safari/602.1"
34.116.128.190 - - [25/Jun/2026:11:11:15 +0200] "GET /wp-content/plugins/elementor/assets/lib/eicons/css/elementor-icons.min.css?ver=5.34.0 HTTP/2.0" 200 4125 "https://elettroservicegroup.it/" "Mozilla/5.0 (iPhone13,2; U; CPU iPhone OS 14_0 like Mac OS X) AppleWebKit/602.1.50 (KHTML, like Gecko) Version/10.0 Mobile/15E148 Safari/602.1"
34.116.128.190 - - [25/Jun/2026:11:11:15 +0200] "GET /wp-content/plugins/elementor/assets/css/widget-social-icons.min.css?ver=3.24.0 HTTP/2.0" 200 1039 "https://elettroservicegroup.it/" "Mozilla/5.0 (iPhone13,2; U; CPU iPhone OS 14_0 like Mac OS X) AppleWebKit/602.1.50 (KHTML, like Gecko) Version/10.0 Mobile/15E148 Safari/602.1"
34.116.128.190 - - [25/Jun/2026:11:11:15 +0200] "GET /wp-content/uploads/elementor/google-fonts/css/roboto.css?ver=1742274089 HTTP/2.0" 200 1874 "https://elettroservicegroup.it/" "Mozilla/5.0 (iPhone13,2; U; CPU iPhone OS 14_0 like Mac OS X) AppleWebKit/602.1.50 (KHTML, like Gecko) Version/10.0 Mobile/15E148 Safari/602.1"
34.116.128.190 - - [25/Jun/2026:11:11:15 +0200] "GET /wp-content/plugins/elementor/assets/lib/font-awesome/css/regular.min.css?ver=5.15.3 HTTP/2.0" 200 282 "https://elettroservicegroup.it/" "Mozilla/5.0 (iPhone13,2; U; CPU iPhone OS 14_0 like Mac OS X) AppleWebKit/602.1.50 (KHTML, like Gecko) Version/10.0 Mobile/15E148 Safari/602.1"
34.116.128.190 - - [25/Jun/2026:11:11:15 +0200] "GET /wp-content/plugins/elementor/assets/lib/font-awesome/js/v4-shims.min.js?ver=4.1.4 HTTP/2.0" 200 4043 "https://elettroservicegroup.it/" "Mozilla/5.0 (iPhone13,2; U; CPU iPhone OS 14_0 like Mac OS X) AppleWebKit/602.1.50 (KHTML, like Gecko) Version/10.0 Mobile/15E148 Safari/602.1"
34.116.128.190 - - [25/Jun/2026:11:11:15 +0200] "GET /wp-content/plugins/elementor/assets/js/webpack.runtime.min.js?ver=4.1.4 HTTP/2.0" 200 2340 "https://elettroservicegroup.it/" "Mozilla/5.0 (iPhone13,2; U; CPU iPhone OS 14_0 like Mac OS X) AppleWebKit/602.1.50 (KHTML, like Gecko) Version/10.0 Mobile/15E148 Safari/602.1"
34.116.128.190 - - [25/Jun/2026:11:11:15 +0200] "GET /wp-content/plugins/elementor/assets/lib/font-awesome/css/fontawesome.min.css?ver=5.15.3 HTTP/2.0" 200 12179 "https://elettroservicegroup.it/" "Mozilla/5.0 (iPhone13,2; U; CPU iPhone OS 14_0 like Mac OS X) AppleWebKit/602.1.50 (KHTML, like Gecko) Version/10.0 Mobile/15E148 Safari/602.1"
34.116.128.190 - - [25/Jun/2026:11:11:15 +0200] "GET /wp-content/plugins/elementor/assets/lib/font-awesome/css/fontawesome.css?ver=5.15.3 HTTP/2.0" 200 12535 "https://elettroservicegroup.it/" "Mozilla/5.0 (iPhone13,2; U; CPU iPhone OS 14_0 like Mac OS X) AppleWebKit/602.1.50 (KHTML, like Gecko) Version/10.0 Mobile/15E148 Safari/602.1"
34.116.128.190 - - [25/Jun/2026:11:11:15 +0200] "GET /wp-includes/js/jquery/jquery.min.js?ver=3.7.1 HTTP/2.0" 200 29769 "https://elettroservicegroup.it/" "Mozilla/5.0 (iPhone13,2; U; CPU iPhone OS 14_0 like Mac OS X) AppleWebKit/602.1.50 (KHTML, like Gecko) Version/10.0 Mobile/15E148 Safari/602.1"
216.73.217.167 - - [25/Jun/2026:11:11:37 +0200] "GET /wp-content/cache/wpfc-minified/322vuj10/5tyg5.css HTTP/2.0" 200 15839 "-" "Mozilla/5.0 AppleWebKit/537.36 (KHTML, like Gecko; compatible; ClaudeBot/1.0; +claudebot@anthropic.com)"
34.116.128.190 - - [25/Jun/2026:11:11:42 +0200] "GET /wp-content/uploads/2021/10/COPERTINA-1.png HTTP/2.0" 200 238875 "https://elettroservicegroup.it/wp-content/uploads/elementor/css/post-13305.css?ver=1782314976" "Mozilla/5.0 (iPhone13,2; U; CPU iPhone OS 14_0 like Mac OS X) AppleWebKit/602.1.50 (KHTML, like Gecko) Version/10.0 Mobile/15E148 Safari/602.1"
34.116.128.190 - - [25/Jun/2026:11:11:42 +0200] "GET /wp-content/uploads/elementor/google-fonts/fonts/roboto-kfo7cnqeu92fr1me7ksn66agldtyluama3yuba.woff2 HTTP/2.0" 200 40132 "https://elettroservicegroup.it/wp-content/uploads/elementor/google-fonts/css/roboto.css?ver=1742274089" "Mozilla/5.0 (iPhone13,2; U; CPU iPhone OS 14_0 like Mac OS X) AppleWebKit/602.1.50 (KHTML, like Gecko) Version/10.0 Mobile/15E148 Safari/602.1"
34.116.128.190 - - [25/Jun/2026:11:11:42 +0200] "GET /wp-content/plugins/elementor/assets/lib/font-awesome/webfonts/fa-solid-900.woff2 HTTP/2.0" 200 78201 "https://elettroservicegroup.it/wp-content/plugins/elementor/assets/lib/font-awesome/css/all.min.css?ver=4.1.4" "Mozilla/5.0 (iPhone13,2; U; CPU iPhone OS 14_0 like Mac OS X) AppleWebKit/602.1.50 (KHTML, like Gecko) Version/10.0 Mobile/15E148 Safari/602.1"
34.116.128.190 - - [25/Jun/2026:11:11:42 +0200] "GET /wp-content/plugins/elementor/assets/lib/font-awesome/webfonts/fa-regular-400.woff2 HTTP/2.0" 200 13277 "https://elettroservicegroup.it/wp-content/plugins/elementor/assets/lib/font-awesome/css/all.min.css?ver=4.1.4" "Mozilla/5.0 (iPhone13,2; U; CPU iPhone OS 14_0 like Mac OS X) AppleWebKit/602.1.50 (KHTML, like Gecko) Version/10.0 Mobile/15E148 Safari/602.1"
34.116.128.190 - - [25/Jun/2026:11:11:42 +0200] "GET /wp-content/plugins/elementor/assets/js/frontend-modules.min.js?ver=4.1.4 HTTP/2.0" 200 15454 "https://elettroservicegroup.it/" "Mozilla/5.0 (iPhone13,2; U; CPU iPhone OS 14_0 like Mac OS X) AppleWebKit/602.1.50 (KHTML, like Gecko) Version/10.0 Mobile/15E148 Safari/602.1"
34.116.128.190 - - [25/Jun/2026:11:11:42 +0200] "GET /wp-content/plugins/elementor/assets/js/frontend.min.js?ver=4.1.4 HTTP/2.0" 200 10140 "https://elettroservicegroup.it/" "Mozilla/5.0 (iPhone13,2; U; CPU iPhone OS 14_0 like Mac OS X) AppleWebKit/602.1.50 (KHTML, like Gecko) Version/10.0 Mobile/15E148 Safari/602.1"
34.116.128.190 - - [25/Jun/2026:11:11:42 +0200] "GET /wp-content/themes/generatepress/assets/js/menu.min.js?ver=3.6.1 HTTP/2.0" 200 1688 "https://elettroservicegroup.it/" "Mozilla/5.0 (iPhone13,2; U; CPU iPhone OS 14_0 like Mac OS X) AppleWebKit/602.1.50 (KHTML, like Gecko) Version/10.0 Mobile/15E148 Safari/602.1"
34.116.128.190 - - [25/Jun/2026:11:11:42 +0200] "GET /wp-content/themes/generatepress/assets/js/back-to-top.min.js?ver=3.6.1 HTTP/2.0" 200 336 "https://elettroservicegroup.it/" "Mozilla/5.0 (iPhone13,2; U; CPU iPhone OS 14_0 like Mac OS X) AppleWebKit/602.1.50 (KHTML, like Gecko) Version/10.0 Mobile/15E148 Safari/602.1"
34.116.128.190 - - [25/Jun/2026:11:11:42 +0200] "GET /wp-includes/js/jquery/ui/core.min.js?ver=1.13.3 HTTP/2.0" 200 6820 "https://elettroservicegroup.it/" "Mozilla/5.0 (iPhone13,2; U; CPU iPhone OS 14_0 like Mac OS X) AppleWebKit/602.1.50 (KHTML, like Gecko) Version/10.0 Mobile/15E148 Safari/602.1"
34.116.128.190 - - [25/Jun/2026:11:11:42 +0200] "GET /wp-content/plugins/google-analytics-for-wordpress/assets/js/frontend-gtag.min.js?ver=10.2.2 HTTP/2.0" 200 3075 "https://elettroservicegroup.it/" "Mozilla/5.0 (iPhone13,2; U; CPU iPhone OS 14_0 like Mac OS X) AppleWebKit/602.1.50 (KHTML, like Gecko) Version/10.0 Mobile/15E148 Safari/602.1"
34.116.128.190 - - [25/Jun/2026:11:12:07 +0200] "GET /wp-content/uploads/2021/10/TECNICO-ELETTRODOMESTICI.jpg HTTP/2.0" 200 24210 "https://elettroservicegroup.it/wp-content/uploads/elementor/css/post-13305.css?ver=1782314976" "Mozilla/5.0 (iPhone13,2; U; CPU iPhone OS 14_0 like Mac OS X) AppleWebKit/602.1.50 (KHTML, like Gecko) Version/10.0 Mobile/15E148 Safari/602.1"
34.116.128.190 - - [25/Jun/2026:11:12:07 +0200] "GET /wp-content/plugins/elementor/assets/lib/font-awesome/webfonts/fa-regular-400.woff HTTP/2.0" 200 16233 "https://elettroservicegroup.it/wp-content/plugins/elementor/assets/lib/font-awesome/css/all.min.css?ver=4.1.4" "Mozilla/5.0 (iPhone13,2; U; CPU iPhone OS 14_0 like Mac OS X) AppleWebKit/602.1.50 (KHTML, like Gecko) Version/10.0 Mobile/15E148 Safari/602.1"
34.116.128.190 - - [25/Jun/2026:11:12:07 +0200] "GET /wp-content/plugins/elementor/assets/lib/font-awesome/webfonts/fa-solid-900.woff HTTP/2.0" 200 101657 "https://elettroservicegroup.it/wp-content/plugins/elementor/assets/lib/font-awesome/css/all.min.css?ver=4.1.4" "Mozilla/5.0 (iPhone13,2; U; CPU iPhone OS 14_0 like Mac OS X) AppleWebKit/602.1.50 (KHTML, like Gecko) Version/10.0 Mobile/15E148 Safari/602.1"
34.116.128.190 - - [25/Jun/2026:11:12:07 +0200] "GET /wp-content/plugins/complianz-gdpr-premium/cookiebanner/js/complianz.min.js?ver=1781535054 HTTP/2.0" 200 10762 "https://elettroservicegroup.it/" "Mozilla/5.0 (iPhone13,2; U; CPU iPhone OS 14_0 like Mac OS X) AppleWebKit/602.1.50 (KHTML, like Gecko) Version/10.0 Mobile/15E148 Safari/602.1"
65.108.235.243 - - [25/Jun/2026:11:14:14 +0200] "POST /wp-cron.php?doing_wp_cron=1782378854.4445590972900390625000 HTTP/1.1" 200 1 "-" "WordPress/7.0; https://elettroservicegroup.it"
216.26.239.76 - - [25/Jun/2026:11:14:07 +0200] "GET /wp-login.php HTTP/1.1" 200 19111 "https://elettroservicegroup.it/wp-login.php" "Opera/9.80 (Windows NT 6.0; MRA 6.0 (build 5976)) Presto/2.12.388 Version/12.10"
216.26.239.76 - - [25/Jun/2026:11:14:17 +0200] "POST /wp-login.php HTTP/1.1" 200 19530 "https://elettroservicegroup.it/wp-login.php" "Opera/9.80 (Windows NT 6.0; MRA 6.0 (build 5976)) Presto/2.12.388 Version/12.10"
65.108.235.243 - - [25/Jun/2026:11:29:20 +0200] "POST /wp-cron.php?doing_wp_cron=1782379760.0510408878326416015625 HTTP/1.1" 200 1 "-" "WordPress/7.0; https://elettroservicegroup.it"
52.167.144.173 - - [25/Jun/2026:11:29:11 +0200] "GET /sitemap.xml HTTP/2.0" 200 310 "-" "Mozilla/5.0 AppleWebKit/537.36 (KHTML, like Gecko; compatible; bingbot/2.0; +http://www.bing.com/bingbot.htm) Chrome/116.0.1938.76 Safari/537.36"
65.108.235.243 - - [25/Jun/2026:11:29:22 +0200] "POST /wp-json/complianz/v1/wsc-scan HTTP/1.1" 400 88 "-" "WordPress/7.0; https://elettroservicegroup.it"
82.156.116.86 - - [25/Jun/2026:11:56:34 +0200] "GET / HTTP/1.1" 200 23481 "http://www.elettroservicegroup.it" "Mozilla/5.0 (iPhone; CPU iPhone OS 13_2_3 like Mac OS X) AppleWebKit/605.1.15 (KHTML, like Gecko) Version/13.0.3 Mobile/15E148 Safari/604.1"
65.108.235.243 - - [25/Jun/2026:12:31:34 +0200] "POST /wp-cron.php?doing_wp_cron=1782383494.0425910949707031250000 HTTP/1.1" 200 1 "-" "WordPress/7.0; https://elettroservicegroup.it"
216.73.217.167 - - [25/Jun/2026:12:31:28 +0200] "GET /robots.txt HTTP/2.0" 200 99 "-" "Mozilla/5.0 AppleWebKit/537.36 (KHTML, like Gecko; compatible; ClaudeBot/1.0; +claudebot@anthropic.com)"
65.108.235.243 - - [25/Jun/2026:12:31:36 +0200] "POST /wp-json/complianz/v1/wsc-scan HTTP/1.1" 400 88 "-" "WordPress/7.0; https://elettroservicegroup.it"
216.73.217.167 - - [25/Jun/2026:12:31:37 +0200] "GET /sitemap.xml HTTP/2.0" 200 310 "-" "Mozilla/5.0 AppleWebKit/537.36 (KHTML, like Gecko; compatible; ClaudeBot/1.0; +claudebot@anthropic.com)"
216.73.217.167 - - [25/Jun/2026:12:31:37 +0200] "GET /sitemap.rss HTTP/2.0" 200 730 "-" "Mozilla/5.0 AppleWebKit/537.36 (KHTML, like Gecko; compatible; ClaudeBot/1.0; +claudebot@anthropic.com)"
65.108.235.243 - - [25/Jun/2026:12:37:01 +0200] "POST /wp-cron.php?doing_wp_cron=1782383821.7467319965362548828125 HTTP/1.1" 200 1 "-" "WordPress/7.0; https://elettroservicegroup.it"
192.178.4.103 - - [25/Jun/2026:12:36:53 +0200] "GET /robots.txt HTTP/1.1" 200 99 "-" "Mozilla/5.0 (compatible; Googlebot/2.1; +http://www.google.com/bot.html)"
192.178.4.101 - - [25/Jun/2026:12:37:02 +0200] "GET /?p=15555 HTTP/1.1" 404 17574 "-" "Mozilla/5.0 (Linux; Android 6.0.1; Nexus 5X Build/MMB29P) AppleWebKit/537.36 (KHTML, like Gecko) Chrome/148.0.7778.96 Mobile Safari/537.36 (compatible; Googlebot/2.1; +http://www.google.com/bot.html)"