192.178.15.70 - - [24/Jun/2026:20:52:51 +0200] "GET /wp-content/themes/generatepress/assets/css/main.min.css?ver=3.6.1 HTTP/1.1" 200 4410 "https://elettroservicegroup.it/chi-siamo/" "Mozilla/5.0 (Linux; Android 10; K) AppleWebKit/537.36 (KHTML, like Gecko) Chrome/138.0.0.0 Mobile Safari/537.36 (compatible; Google-Read-Aloud; +https://support.google.com/webmasters/answer/1061943)"
192.178.15.71 - - [24/Jun/2026:20:52:51 +0200] "GET /wp-content/plugins/elementor/assets/css/widget-image.min.css?ver=4.1.4 HTTP/1.1" 200 96 "https://elettroservicegroup.it/chi-siamo/" "Mozilla/5.0 (Linux; Android 10; K) AppleWebKit/537.36 (KHTML, like Gecko) Chrome/138.0.0.0 Mobile Safari/537.36 (compatible; Google-Read-Aloud; +https://support.google.com/webmasters/answer/1061943)"
192.178.11.101 - - [24/Jun/2026:20:52:51 +0200] "GET /wp-content/plugins/gp-premium/menu-plus/functions/css/navigation-branding-flex.min.css?ver=2.5.5 HTTP/1.1" 200 542 "https://elettroservicegroup.it/chi-siamo/" "Mozilla/5.0 (Linux; Android 10; K) AppleWebKit/537.36 (KHTML, like Gecko) Chrome/138.0.0.0 Mobile Safari/537.36 (compatible; Google-Read-Aloud; +https://support.google.com/webmasters/answer/1061943)"
192.178.15.71 - - [24/Jun/2026:20:52:51 +0200] "GET /wp-content/uploads/elementor/css/post-15145.css?ver=1782313775 HTTP/1.1" 200 704 "https://elettroservicegroup.it/chi-siamo/" "Mozilla/5.0 (Linux; Android 10; K) AppleWebKit/537.36 (KHTML, like Gecko) Chrome/138.0.0.0 Mobile Safari/537.36 (compatible; Google-Read-Aloud; +https://support.google.com/webmasters/answer/1061943)"
192.178.15.69 - - [24/Jun/2026:20:52:51 +0200] "GET /wp-content/plugins/elementor/assets/css/widget-social-icons.min.css?ver=3.24.0 HTTP/1.1" 200 1039 "https://elettroservicegroup.it/chi-siamo/" "Mozilla/5.0 (Linux; Android 10; K) AppleWebKit/537.36 (KHTML, like Gecko) Chrome/138.0.0.0 Mobile Safari/537.36 (compatible; Google-Read-Aloud; +https://support.google.com/webmasters/answer/1061943)"
192.178.15.70 - - [24/Jun/2026:20:52:51 +0200] "GET /wp-content/plugins/header-footer-elementor/inc/widgets-css/frontend.css?ver=2.8.8 HTTP/1.1" 200 8711 "https://elettroservicegroup.it/chi-siamo/" "Mozilla/5.0 (Linux; Android 10; K) AppleWebKit/537.36 (KHTML, like Gecko) Chrome/138.0.0.0 Mobile Safari/537.36 (compatible; Google-Read-Aloud; +https://support.google.com/webmasters/answer/1061943)"
192.178.15.69 - - [24/Jun/2026:20:52:51 +0200] "GET /wp-content/plugins/elementor/assets/lib/font-awesome/css/regular.min.css?ver=5.15.3 HTTP/1.1" 200 282 "https://elettroservicegroup.it/chi-siamo/" "Mozilla/5.0 (Linux; Android 10; K) AppleWebKit/537.36 (KHTML, like Gecko) Chrome/138.0.0.0 Mobile Safari/537.36 (compatible; Google-Read-Aloud; +https://support.google.com/webmasters/answer/1061943)"
192.178.15.69 - - [24/Jun/2026:20:52:51 +0200] "GET /wp-content/plugins/elementor/assets/lib/font-awesome/css/v4-shims.min.css?ver=4.1.4 HTTP/1.1" 200 3986 "https://elettroservicegroup.it/chi-siamo/" "Mozilla/5.0 (Linux; Android 10; K) AppleWebKit/537.36 (KHTML, like Gecko) Chrome/138.0.0.0 Mobile Safari/537.36 (compatible; Google-Read-Aloud; +https://support.google.com/webmasters/answer/1061943)"
192.178.15.71 - - [24/Jun/2026:20:52:51 +0200] "GET /wp-content/plugins/elementor/assets/lib/eicons/css/elementor-icons.min.css?ver=5.50.0 HTTP/1.1" 200 4125 "https://elettroservicegroup.it/chi-siamo/" "Mozilla/5.0 (Linux; Android 10; K) AppleWebKit/537.36 (KHTML, like Gecko) Chrome/138.0.0.0 Mobile Safari/537.36 (compatible; Google-Read-Aloud; +https://support.google.com/webmasters/answer/1061943)"
192.178.15.70 - - [24/Jun/2026:20:52:51 +0200] "GET /wp-content/plugins/elementor/assets/lib/font-awesome/css/fontawesome.min.css?ver=5.15.3 HTTP/1.1" 200 12179 "https://elettroservicegroup.it/chi-siamo/" "Mozilla/5.0 (Linux; Android 10; K) AppleWebKit/537.36 (KHTML, like Gecko) Chrome/138.0.0.0 Mobile Safari/537.36 (compatible; Google-Read-Aloud; +https://support.google.com/webmasters/answer/1061943)"
192.178.15.69 - - [24/Jun/2026:20:52:51 +0200] "GET /wp-includes/css/dist/block-library/style.min.css?ver=7.0 HTTP/1.1" 200 15998 "https://elettroservicegroup.it/chi-siamo/" "Mozilla/5.0 (Linux; Android 10; K) AppleWebKit/537.36 (KHTML, like Gecko) Chrome/138.0.0.0 Mobile Safari/537.36 (compatible; Google-Read-Aloud; +https://support.google.com/webmasters/answer/1061943)"
192.178.15.69 - - [24/Jun/2026:20:52:51 +0200] "GET /wp-content/uploads/elementor/google-fonts/css/robotoslab.css?ver=1742274091 HTTP/1.1" 200 708 "https://elettroservicegroup.it/chi-siamo/" "Mozilla/5.0 (Linux; Android 10; K) AppleWebKit/537.36 (KHTML, like Gecko) Chrome/138.0.0.0 Mobile Safari/537.36 (compatible; Google-Read-Aloud; +https://support.google.com/webmasters/answer/1061943)"
192.178.15.69 - - [24/Jun/2026:20:52:51 +0200] "GET /wp-content/plugins/gp-premium/menu-plus/functions/css/navigation-branding-flex.min.css?ver=2.5.5 HTTP/1.1" 200 542 "https://elettroservicegroup.it/chi-siamo/" "Mozilla/5.0 (Linux; Android 10; K) AppleWebKit/537.36 (KHTML, like Gecko) Chrome/138.0.0.0 Mobile Safari/537.36 (compatible; Google-Read-Aloud; +https://support.google.com/webmasters/answer/1061943)"
192.178.15.71 - - [24/Jun/2026:20:52:51 +0200] "GET /wp-content/plugins/elementor/assets/lib/font-awesome/css/solid.css?ver=5.15.3 HTTP/1.1" 200 299 "https://elettroservicegroup.it/chi-siamo/" "Mozilla/5.0 (Linux; Android 10; K) AppleWebKit/537.36 (KHTML, like Gecko) Chrome/138.0.0.0 Mobile Safari/537.36 (compatible; Google-Read-Aloud; +https://support.google.com/webmasters/answer/1061943)"
192.178.15.69 - - [24/Jun/2026:20:52:51 +0200] "GET /wp-content/uploads/elementor/css/post-14366.css?ver=1782313775 HTTP/1.1" 200 310 "https://elettroservicegroup.it/chi-siamo/" "Mozilla/5.0 (Linux; Android 10; K) AppleWebKit/537.36 (KHTML, like Gecko) Chrome/138.0.0.0 Mobile Safari/537.36 (compatible; Google-Read-Aloud; +https://support.google.com/webmasters/answer/1061943)"
192.178.11.103 - - [24/Jun/2026:20:52:51 +0200] "GET /wp-content/plugins/all-in-one-seo-pack/dist/Lite/assets/css/table-of-contents/global.e90f6d47.css?ver=4.9.8 HTTP/1.1" 200 420 "https://elettroservicegroup.it/chi-siamo/" "Mozilla/5.0 (Linux; Android 10; K) AppleWebKit/537.36 (KHTML, like Gecko) Chrome/138.0.0.0 Mobile Safari/537.36 (compatible; Google-Read-Aloud; +https://support.google.com/webmasters/answer/1061943)"
192.178.15.71 - - [24/Jun/2026:20:52:51 +0200] "GET /wp-includes/js/jquery/ui/core.min.js?ver=1.13.3 HTTP/1.1" 200 6820 "https://elettroservicegroup.it/chi-siamo/" "Mozilla/5.0 (Linux; Android 10; K) AppleWebKit/537.36 (KHTML, like Gecko) Chrome/138.0.0.0 Mobile Safari/537.36 (compatible; Google-Read-Aloud; +https://support.google.com/webmasters/answer/1061943)"
192.178.11.102 - - [24/Jun/2026:20:52:51 +0200] "GET /wp-content/plugins/elementor/assets/lib/font-awesome/css/v4-shims.min.css?ver=4.1.4 HTTP/1.1" 200 3986 "https://elettroservicegroup.it/chi-siamo/" "Mozilla/5.0 (Linux; Android 10; K) AppleWebKit/537.36 (KHTML, like Gecko) Chrome/138.0.0.0 Mobile Safari/537.36 (compatible; Google-Read-Aloud; +https://support.google.com/webmasters/answer/1061943)"
192.178.11.103 - - [24/Jun/2026:20:52:51 +0200] "GET /wp-content/plugins/elementor/assets/css/widget-icon-list.min.css?ver=3.24.3 HTTP/1.1" 200 928 "https://elettroservicegroup.it/chi-siamo/" "Mozilla/5.0 (Linux; Android 10; K) AppleWebKit/537.36 (KHTML, like Gecko) Chrome/138.0.0.0 Mobile Safari/537.36 (compatible; Google-Read-Aloud; +https://support.google.com/webmasters/answer/1061943)"
192.178.15.71 - - [24/Jun/2026:20:52:51 +0200] "GET /wp-content/plugins/all-in-one-seo-pack/dist/Lite/assets/css/table-of-contents/global.e90f6d47.css?ver=4.9.8 HTTP/1.1" 200 420 "https://elettroservicegroup.it/chi-siamo/" "Mozilla/5.0 (Linux; Android 10; K) AppleWebKit/537.36 (KHTML, like Gecko) Chrome/138.0.0.0 Mobile Safari/537.36 (compatible; Google-Read-Aloud; +https://support.google.com/webmasters/answer/1061943)"
192.178.11.102 - - [24/Jun/2026:20:52:51 +0200] "GET /wp-content/plugins/elementor/assets/lib/font-awesome/css/solid.min.css?ver=5.15.3 HTTP/1.1" 200 286 "https://elettroservicegroup.it/chi-siamo/" "Mozilla/5.0 (Linux; Android 10; K) AppleWebKit/537.36 (KHTML, like Gecko) Chrome/138.0.0.0 Mobile Safari/537.36 (compatible; Google-Read-Aloud; +https://support.google.com/webmasters/answer/1061943)"
192.178.11.103 - - [24/Jun/2026:20:52:51 +0200] "GET /wp-content/plugins/elementor/assets/css/widget-heading.min.css?ver=4.1.4 HTTP/1.1" 200 127 "https://elettroservicegroup.it/chi-siamo/" "Mozilla/5.0 (Linux; Android 10; K) AppleWebKit/537.36 (KHTML, like Gecko) Chrome/138.0.0.0 Mobile Safari/537.36 (compatible; Google-Read-Aloud; +https://support.google.com/webmasters/answer/1061943)"
192.178.11.102 - - [24/Jun/2026:20:52:51 +0200] "GET /wp-content/plugins/elementor/assets/lib/font-awesome/css/fontawesome.css?ver=5.15.3 HTTP/1.1" 200 12535 "https://elettroservicegroup.it/chi-siamo/" "Mozilla/5.0 (Linux; Android 10; K) AppleWebKit/537.36 (KHTML, like Gecko) Chrome/138.0.0.0 Mobile Safari/537.36 (compatible; Google-Read-Aloud; +https://support.google.com/webmasters/answer/1061943)"
192.178.15.69 - - [24/Jun/2026:20:52:51 +0200] "GET /wp-includes/js/jquery/jquery.min.js?ver=3.7.1 HTTP/1.1" 200 29769 "https://elettroservicegroup.it/chi-siamo/" "Mozilla/5.0 (Linux; Android 10; K) AppleWebKit/537.36 (KHTML, like Gecko) Chrome/138.0.0.0 Mobile Safari/537.36 (compatible; Google-Read-Aloud; +https://support.google.com/webmasters/answer/1061943)"
192.178.11.102 - - [24/Jun/2026:20:52:51 +0200] "GET /wp-content/plugins/complianz-gdpr-premium/assets/css/cookieblocker.min.css?ver=1781535054 HTTP/1.1" 200 615 "https://elettroservicegroup.it/chi-siamo/" "Mozilla/5.0 (Linux; Android 10; K) AppleWebKit/537.36 (KHTML, like Gecko) Chrome/138.0.0.0 Mobile Safari/537.36 (compatible; Google-Read-Aloud; +https://support.google.com/webmasters/answer/1061943)"
192.178.11.103 - - [24/Jun/2026:20:52:51 +0200] "GET /wp-content/plugins/elementor/assets/lib/animations/styles/zoomIn.min.css?ver=4.1.4 HTTP/1.1" 200 87 "https://elettroservicegroup.it/chi-siamo/" "Mozilla/5.0 (Linux; Android 10; K) AppleWebKit/537.36 (KHTML, like Gecko) Chrome/138.0.0.0 Mobile Safari/537.36 (compatible; Google-Read-Aloud; +https://support.google.com/webmasters/answer/1061943)"
192.178.11.103 - - [24/Jun/2026:20:52:51 +0200] "GET /wp-content/plugins/elementor/assets/css/widget-image.min.css?ver=4.1.4 HTTP/1.1" 200 96 "https://elettroservicegroup.it/chi-siamo/" "Mozilla/5.0 (Linux; Android 10; K) AppleWebKit/537.36 (KHTML, like Gecko) Chrome/138.0.0.0 Mobile Safari/537.36 (compatible; Google-Read-Aloud; +https://support.google.com/webmasters/answer/1061943)"
192.178.11.101 - - [24/Jun/2026:20:52:51 +0200] "GET /wp-content/plugins/header-footer-elementor/assets/css/header-footer-elementor.css?ver=2.8.8 HTTP/1.1" 200 260 "https://elettroservicegroup.it/chi-siamo/" "Mozilla/5.0 (Linux; Android 10; K) AppleWebKit/537.36 (KHTML, like Gecko) Chrome/138.0.0.0 Mobile Safari/537.36 (compatible; Google-Read-Aloud; +https://support.google.com/webmasters/answer/1061943)"
192.178.11.102 - - [24/Jun/2026:20:52:51 +0200] "GET /wp-content/uploads/elementor/css/post-14366.css?ver=1782313775 HTTP/1.1" 200 310 "https://elettroservicegroup.it/chi-siamo/" "Mozilla/5.0 (Linux; Android 10; K) AppleWebKit/537.36 (KHTML, like Gecko) Chrome/138.0.0.0 Mobile Safari/537.36 (compatible; Google-Read-Aloud; +https://support.google.com/webmasters/answer/1061943)"
192.178.11.101 - - [24/Jun/2026:20:52:51 +0200] "GET /wp-content/plugins/elementor/assets/lib/eicons/css/elementor-icons.min.css?ver=5.34.0 HTTP/1.1" 200 4125 "https://elettroservicegroup.it/chi-siamo/" "Mozilla/5.0 (Linux; Android 10; K) AppleWebKit/537.36 (KHTML, like Gecko) Chrome/138.0.0.0 Mobile Safari/537.36 (compatible; Google-Read-Aloud; +https://support.google.com/webmasters/answer/1061943)"
192.178.11.102 - - [24/Jun/2026:20:52:51 +0200] "GET /wp-content/plugins/elementor/assets/lib/font-awesome/css/fontawesome.min.css?ver=5.15.3 HTTP/1.1" 200 12179 "https://elettroservicegroup.it/chi-siamo/" "Mozilla/5.0 (Linux; Android 10; K) AppleWebKit/537.36 (KHTML, like Gecko) Chrome/138.0.0.0 Mobile Safari/537.36 (compatible; Google-Read-Aloud; +https://support.google.com/webmasters/answer/1061943)"
192.178.11.102 - - [24/Jun/2026:20:52:51 +0200] "GET /wp-content/plugins/header-footer-elementor/inc/widgets-css/frontend.css?ver=2.8.8 HTTP/1.1" 200 8711 "https://elettroservicegroup.it/chi-siamo/" "Mozilla/5.0 (Linux; Android 10; K) AppleWebKit/537.36 (KHTML, like Gecko) Chrome/138.0.0.0 Mobile Safari/537.36 (compatible; Google-Read-Aloud; +https://support.google.com/webmasters/answer/1061943)"
192.178.11.101 - - [24/Jun/2026:20:52:51 +0200] "GET /wp-content/uploads/elementor/css/post-14146.css?ver=1782313774 HTTP/1.1" 200 428 "https://elettroservicegroup.it/chi-siamo/" "Mozilla/5.0 (Linux; Android 10; K) AppleWebKit/537.36 (KHTML, like Gecko) Chrome/138.0.0.0 Mobile Safari/537.36 (compatible; Google-Read-Aloud; +https://support.google.com/webmasters/answer/1061943)"
192.178.11.101 - - [24/Jun/2026:20:52:51 +0200] "GET /wp-includes/css/dist/block-library/style.min.css?ver=7.0 HTTP/1.1" 200 15998 "https://elettroservicegroup.it/chi-siamo/" "Mozilla/5.0 (Linux; Android 10; K) AppleWebKit/537.36 (KHTML, like Gecko) Chrome/138.0.0.0 Mobile Safari/537.36 (compatible; Google-Read-Aloud; +https://support.google.com/webmasters/answer/1061943)"
192.178.11.102 - - [24/Jun/2026:20:52:51 +0200] "GET /wp-content/uploads/elementor/css/post-15145.css?ver=1782313775 HTTP/1.1" 200 704 "https://elettroservicegroup.it/chi-siamo/" "Mozilla/5.0 (Linux; Android 10; K) AppleWebKit/537.36 (KHTML, like Gecko) Chrome/138.0.0.0 Mobile Safari/537.36 (compatible; Google-Read-Aloud; +https://support.google.com/webmasters/answer/1061943)"
192.178.11.101 - - [24/Jun/2026:20:52:51 +0200] "GET /wp-content/plugins/elementor/assets/css/widget-google_maps.min.css?ver=4.1.4 HTTP/1.1" 200 94 "https://elettroservicegroup.it/chi-siamo/" "Mozilla/5.0 (Linux; Android 10; K) AppleWebKit/537.36 (KHTML, like Gecko) Chrome/138.0.0.0 Mobile Safari/537.36 (compatible; Google-Read-Aloud; +https://support.google.com/webmasters/answer/1061943)"
192.178.11.101 - - [24/Jun/2026:20:52:51 +0200] "GET /wp-content/plugins/elementor/assets/lib/font-awesome/css/regular.min.css?ver=5.15.3 HTTP/1.1" 200 282 "https://elettroservicegroup.it/chi-siamo/" "Mozilla/5.0 (Linux; Android 10; K) AppleWebKit/537.36 (KHTML, like Gecko) Chrome/138.0.0.0 Mobile Safari/537.36 (compatible; Google-Read-Aloud; +https://support.google.com/webmasters/answer/1061943)"
192.178.11.102 - - [24/Jun/2026:20:52:51 +0200] "GET /wp-content/plugins/elementor/assets/lib/font-awesome/css/all.min.css?ver=4.1.4 HTTP/1.1" 200 12402 "https://elettroservicegroup.it/chi-siamo/" "Mozilla/5.0 (Linux; Android 10; K) AppleWebKit/537.36 (KHTML, like Gecko) Chrome/138.0.0.0 Mobile Safari/537.36 (compatible; Google-Read-Aloud; +https://support.google.com/webmasters/answer/1061943)"
192.178.11.102 - - [24/Jun/2026:20:52:51 +0200] "GET /wp-content/plugins/elementor/assets/lib/eicons/css/elementor-icons.min.css?ver=5.50.0 HTTP/1.1" 200 4125 "https://elettroservicegroup.it/chi-siamo/" "Mozilla/5.0 (Linux; Android 10; K) AppleWebKit/537.36 (KHTML, like Gecko) Chrome/138.0.0.0 Mobile Safari/537.36 (compatible; Google-Read-Aloud; +https://support.google.com/webmasters/answer/1061943)"
192.178.11.101 - - [24/Jun/2026:20:52:51 +0200] "GET /wp-content/plugins/elementor/assets/css/frontend.min.css?ver=4.1.4 HTTP/1.1" 200 6618 "https://elettroservicegroup.it/chi-siamo/" "Mozilla/5.0 (Linux; Android 10; K) AppleWebKit/537.36 (KHTML, like Gecko) Chrome/138.0.0.0 Mobile Safari/537.36 (compatible; Google-Read-Aloud; +https://support.google.com/webmasters/answer/1061943)"
192.178.15.71 - - [24/Jun/2026:20:52:51 +0200] "GET /wp-content/plugins/elementor/assets/js/frontend.min.js?ver=4.1.4 HTTP/1.1" 200 10140 "https://elettroservicegroup.it/chi-siamo/" "Mozilla/5.0 (Linux; Android 10; K) AppleWebKit/537.36 (KHTML, like Gecko) Chrome/138.0.0.0 Mobile Safari/537.36 (compatible; Google-Read-Aloud; +https://support.google.com/webmasters/answer/1061943)"
192.178.11.101 - - [24/Jun/2026:20:52:51 +0200] "GET /wp-content/plugins/elementor/assets/lib/font-awesome/css/solid.css?ver=5.15.3 HTTP/1.1" 200 299 "https://elettroservicegroup.it/chi-siamo/" "Mozilla/5.0 (Linux; Android 10; K) AppleWebKit/537.36 (KHTML, like Gecko) Chrome/138.0.0.0 Mobile Safari/537.36 (compatible; Google-Read-Aloud; +https://support.google.com/webmasters/answer/1061943)"
192.178.11.101 - - [24/Jun/2026:20:52:51 +0200] "GET /wp-content/themes/generatepress/assets/css/main.min.css?ver=3.6.1 HTTP/1.1" 200 4410 "https://elettroservicegroup.it/chi-siamo/" "Mozilla/5.0 (Linux; Android 10; K) AppleWebKit/537.36 (KHTML, like Gecko) Chrome/138.0.0.0 Mobile Safari/537.36 (compatible; Google-Read-Aloud; +https://support.google.com/webmasters/answer/1061943)"
192.178.11.103 - - [24/Jun/2026:20:52:51 +0200] "GET /wp-content/uploads/elementor/google-fonts/css/robotoslab.css?ver=1742274091 HTTP/1.1" 200 708 "https://elettroservicegroup.it/chi-siamo/" "Mozilla/5.0 (Linux; Android 10; K) AppleWebKit/537.36 (KHTML, like Gecko) Chrome/138.0.0.0 Mobile Safari/537.36 (compatible; Google-Read-Aloud; +https://support.google.com/webmasters/answer/1061943)"
192.178.15.69 - - [24/Jun/2026:20:52:51 +0200] "GET /wp-content/plugins/elementor/assets/js/frontend-modules.min.js?ver=4.1.4 HTTP/1.1" 200 15454 "https://elettroservicegroup.it/chi-siamo/" "Mozilla/5.0 (Linux; Android 10; K) AppleWebKit/537.36 (KHTML, like Gecko) Chrome/138.0.0.0 Mobile Safari/537.36 (compatible; Google-Read-Aloud; +https://support.google.com/webmasters/answer/1061943)"
192.178.11.102 - - [24/Jun/2026:20:52:51 +0200] "GET /wp-content/plugins/elementor/assets/lib/font-awesome/css/brands.css?ver=5.15.3 HTTP/1.1" 200 298 "https://elettroservicegroup.it/chi-siamo/" "Mozilla/5.0 (Linux; Android 10; K) AppleWebKit/537.36 (KHTML, like Gecko) Chrome/138.0.0.0 Mobile Safari/537.36 (compatible; Google-Read-Aloud; +https://support.google.com/webmasters/answer/1061943)"
192.178.11.103 - - [24/Jun/2026:20:52:51 +0200] "GET /wp-content/uploads/elementor/google-fonts/css/roboto.css?ver=1742274089 HTTP/1.1" 200 1874 "https://elettroservicegroup.it/chi-siamo/" "Mozilla/5.0 (Linux; Android 10; K) AppleWebKit/537.36 (KHTML, like Gecko) Chrome/138.0.0.0 Mobile Safari/537.36 (compatible; Google-Read-Aloud; +https://support.google.com/webmasters/answer/1061943)"
192.178.15.71 - - [24/Jun/2026:20:52:51 +0200] "GET /wp-content/themes/generatepress/assets/js/menu.min.js?ver=3.6.1 HTTP/1.1" 200 1688 "https://elettroservicegroup.it/chi-siamo/" "Mozilla/5.0 (Linux; Android 10; K) AppleWebKit/537.36 (KHTML, like Gecko) Chrome/138.0.0.0 Mobile Safari/537.36 (compatible; Google-Read-Aloud; +https://support.google.com/webmasters/answer/1061943)"
192.178.15.70 - - [24/Jun/2026:20:52:51 +0200] "GET /wp-content/themes/generatepress/assets/js/back-to-top.min.js?ver=3.6.1 HTTP/1.1" 200 336 "https://elettroservicegroup.it/chi-siamo/" "Mozilla/5.0 (Linux; Android 10; K) AppleWebKit/537.36 (KHTML, like Gecko) Chrome/138.0.0.0 Mobile Safari/537.36 (compatible; Google-Read-Aloud; +https://support.google.com/webmasters/answer/1061943)"
192.178.11.103 - - [24/Jun/2026:20:52:51 +0200] "GET /wp-content/plugins/elementor/assets/lib/font-awesome/webfonts/fa-regular-400.woff2 HTTP/1.1" 200 13277 "https://elettroservicegroup.it/wp-content/plugins/elementor/assets/lib/font-awesome/css/all.min.css?ver=4.1.4" "Mozilla/5.0 (Linux; Android 10; K) AppleWebKit/537.36 (KHTML, like Gecko) Chrome/138.0.0.0 Mobile Safari/537.36 (compatible; Google-Read-Aloud; +https://support.google.com/webmasters/answer/1061943)"
192.178.11.102 - - [24/Jun/2026:20:52:51 +0200] "GET /wp-content/plugins/elementor/assets/lib/font-awesome/webfonts/fa-solid-900.woff2 HTTP/1.1" 200 78201 "https://elettroservicegroup.it/wp-content/plugins/elementor/assets/lib/font-awesome/css/all.min.css?ver=4.1.4" "Mozilla/5.0 (Linux; Android 10; K) AppleWebKit/537.36 (KHTML, like Gecko) Chrome/138.0.0.0 Mobile Safari/537.36 (compatible; Google-Read-Aloud; +https://support.google.com/webmasters/answer/1061943)"
192.178.11.101 - - [24/Jun/2026:20:52:51 +0200] "GET /wp-content/uploads/elementor/google-fonts/fonts/robotoslab-bngmuxzytxpivibgjjsb6ufn5qu.woff2 HTTP/1.1" 200 34328 "https://elettroservicegroup.it/wp-content/uploads/elementor/google-fonts/css/robotoslab.css?ver=1742274091" "Mozilla/5.0 (Linux; Android 10; K) AppleWebKit/537.36 (KHTML, like Gecko) Chrome/138.0.0.0 Mobile Safari/537.36 (compatible; Google-Read-Aloud; +https://support.google.com/webmasters/answer/1061943)"
192.178.15.70 - - [24/Jun/2026:20:52:51 +0200] "GET /wp-content/plugins/google-analytics-for-wordpress/assets/js/frontend-gtag.min.js?ver=10.2.2 HTTP/1.1" 200 3075 "https://elettroservicegroup.it/chi-siamo/" "Mozilla/5.0 (Linux; Android 10; K) AppleWebKit/537.36 (KHTML, like Gecko) Chrome/138.0.0.0 Mobile Safari/537.36 (compatible; Google-Read-Aloud; +https://support.google.com/webmasters/answer/1061943)"
192.178.15.71 - - [24/Jun/2026:20:52:51 +0200] "GET /wp-content/plugins/complianz-gdpr-premium/cookiebanner/js/complianz.min.js?ver=1781535054 HTTP/1.1" 200 10762 "https://elettroservicegroup.it/chi-siamo/" "Mozilla/5.0 (Linux; Android 10; K) AppleWebKit/537.36 (KHTML, like Gecko) Chrome/138.0.0.0 Mobile Safari/537.36 (compatible; Google-Read-Aloud; +https://support.google.com/webmasters/answer/1061943)"
192.178.15.70 - - [24/Jun/2026:20:52:52 +0200] "GET /wp-content/plugins/elementor/assets/lib/font-awesome/webfonts/fa-solid-900.woff2 HTTP/1.1" 200 78201 "https://elettroservicegroup.it/wp-content/plugins/elementor/assets/lib/font-awesome/css/all.min.css?ver=4.1.4" "Mozilla/5.0 (Linux; Android 10; K) AppleWebKit/537.36 (KHTML, like Gecko) Chrome/138.0.0.0 Mobile Safari/537.36 (compatible; Google-Read-Aloud; +https://support.google.com/webmasters/answer/1061943)"
192.178.15.70 - - [24/Jun/2026:20:52:52 +0200] "GET /wp-content/uploads/elementor/google-fonts/fonts/robotoslab-bngmuxzytxpivibgjjsb6ufn5qu.woff2 HTTP/1.1" 200 34328 "https://elettroservicegroup.it/wp-content/uploads/elementor/google-fonts/css/robotoslab.css?ver=1742274091" "Mozilla/5.0 (Linux; Android 10; K) AppleWebKit/537.36 (KHTML, like Gecko) Chrome/138.0.0.0 Mobile Safari/537.36 (compatible; Google-Read-Aloud; +https://support.google.com/webmasters/answer/1061943)"
192.178.15.71 - - [24/Jun/2026:20:52:52 +0200] "GET /wp-content/plugins/elementor/assets/lib/font-awesome/webfonts/fa-regular-400.woff2 HTTP/1.1" 200 13277 "https://elettroservicegroup.it/wp-content/plugins/elementor/assets/lib/font-awesome/css/all.min.css?ver=4.1.4" "Mozilla/5.0 (Linux; Android 10; K) AppleWebKit/537.36 (KHTML, like Gecko) Chrome/138.0.0.0 Mobile Safari/537.36 (compatible; Google-Read-Aloud; +https://support.google.com/webmasters/answer/1061943)"
192.178.15.70 - - [24/Jun/2026:20:52:52 +0200] "GET /wp-json/complianz/v1/banner?lang=it&locale=it_IT&token=gnxmg HTTP/1.1" 200 82 "https://elettroservicegroup.it/chi-siamo/" "Mozilla/5.0 (Linux; Android 10; K) AppleWebKit/537.36 (KHTML, like Gecko) Chrome/138.0.0.0 Mobile Safari/537.36 (compatible; Google-Read-Aloud; +https://support.google.com/webmasters/answer/1061943)"
192.178.15.71 - - [24/Jun/2026:20:52:53 +0200] "GET /wp-content/uploads/complianz/css/banner-1-optin.css?v=45 HTTP/1.1" 200 2893 "https://elettroservicegroup.it/chi-siamo/" "Mozilla/5.0 (Linux; Android 10; K) AppleWebKit/537.36 (KHTML, like Gecko) Chrome/138.0.0.0 Mobile Safari/537.36 (compatible; Google-Read-Aloud; +https://support.google.com/webmasters/answer/1061943)"
37.162.62.221 - - [24/Jun/2026:20:52:54 +0200] "GET /wp-content/plugins/complianz-gdpr-premium/assets/images/placeholders/google-maps-minimal-1280x920.jpg HTTP/2.0" 200 55264 "https://elettroservicegroup.it/chi-siamo/" "Mozilla/5.0 (Linux; Android 10; K) AppleWebKit/537.36 (KHTML, like Gecko) Chrome/149.0.0.0 Mobile Safari/537.36"
192.178.15.69 - - [24/Jun/2026:20:52:53 +0200] "GET /wp-json/complianz/v1/cookie_data HTTP/1.1" 200 97 "https://elettroservicegroup.it/chi-siamo/" "Mozilla/5.0 (Linux; Android 10; K) AppleWebKit/537.36 (KHTML, like Gecko) Chrome/138.0.0.0 Mobile Safari/537.36 (compatible; Google-Read-Aloud; +https://support.google.com/webmasters/answer/1061943)"
65.108.235.243 - - [24/Jun/2026:20:53:03 +0200] "POST /wp-cron.php?doing_wp_cron=1782327183.0862150192260742187500 HTTP/1.1" 200 1 "-" "WordPress/7.0; https://elettroservicegroup.it"
37.162.62.221 - - [24/Jun/2026:20:53:01 +0200] "POST /wp-json/complianz/v1/track HTTP/2.0" 200 20 "https://elettroservicegroup.it/chi-siamo/" "Mozilla/5.0 (Linux; Android 10; K) AppleWebKit/537.36 (KHTML, like Gecko) Chrome/149.0.0.0 Mobile Safari/537.36"
65.108.235.243 - - [24/Jun/2026:21:05:24 +0200] "POST /wp-cron.php?doing_wp_cron=1782327924.3250529766082763671875 HTTP/1.1" 200 1 "-" "WordPress/7.0; https://elettroservicegroup.it"
37.162.62.221 - - [24/Jun/2026:21:05:15 +0200] "GET /wp-json/complianz/v1/banner?lang=it&locale=it_IT&token=lnoml HTTP/2.0" 200 82 "https://elettroservicegroup.it/chi-siamo/" "Mozilla/5.0 (Linux; Android 10; K) AppleWebKit/537.36 (KHTML, like Gecko) Chrome/149.0.0.0 Mobile Safari/537.36"
37.162.62.221 - - [24/Jun/2026:21:05:24 +0200] "GET /wp-json/complianz/v1/cookie_data HTTP/2.0" 200 97 "https://elettroservicegroup.it/chi-siamo/" "Mozilla/5.0 (Linux; Android 10; K) AppleWebKit/537.36 (KHTML, like Gecko) Chrome/149.0.0.0 Mobile Safari/537.36"
65.108.235.243 - - [24/Jun/2026:21:18:23 +0200] "POST /wp-cron.php?doing_wp_cron=1782328703.3847639560699462890625 HTTP/1.1" 200 1 "-" "WordPress/7.0; https://elettroservicegroup.it"
216.73.217.167 - - [24/Jun/2026:21:18:19 +0200] "GET /robots.txt HTTP/2.0" 200 99 "-" "Mozilla/5.0 AppleWebKit/537.36 (KHTML, like Gecko; compatible; ClaudeBot/1.0; +claudebot@anthropic.com)"
216.73.217.167 - - [24/Jun/2026:21:18:23 +0200] "GET /sitemap.rss HTTP/2.0" 200 729 "-" "Mozilla/5.0 AppleWebKit/537.36 (KHTML, like Gecko; compatible; ClaudeBot/1.0; +claudebot@anthropic.com)"
65.108.235.243 - - [24/Jun/2026:21:18:24 +0200] "POST /wp-json/complianz/v1/wsc-scan HTTP/1.1" 400 88 "-" "WordPress/7.0; https://elettroservicegroup.it"
3.215.121.87 - - [24/Jun/2026:21:23:41 +0200] "GET / HTTP/1.1" 200 23238 "-" "Mozilla/5.0 (Windows NT 10.0; Win64; x64) AppleWebKit/537.36 (KHTML, like Gecko) Chrome/107.0.0.0 Safari/537.36 Edg/107.0.1418.62"
43.135.36.201 - - [24/Jun/2026:21:28:46 +0200] "GET / HTTP/1.1" 200 23438 "http://www.elettroservicegroup.it" "Mozilla/5.0 (iPhone; CPU iPhone OS 13_2_3 like Mac OS X) AppleWebKit/605.1.15 (KHTML, like Gecko) Version/13.0.3 Mobile/15E148 Safari/604.1"
62.60.130.223 - - [24/Jun/2026:21:49:24 +0200] "GET /cgi-bin/cgi-bin/cgi-bin/cgi-bin/cache.php HTTP/1.1" 200 11796 "www.google.com" "Mozlila/5.0 (Linux; Android 7.0; SM-G892A Bulid/NRD90M; wv) AppleWebKit/537.36 (KHTML, like Gecko) Version/4.0 Chrome/60.0.3112.107 Moblie Safari/537.36"
216.73.217.167 - - [24/Jun/2026:21:49:29 +0200] "GET /wp-content/cache/wpfc-minified/10hpkmg7/5tqf4.css HTTP/2.0" 200 418 "-" "Mozilla/5.0 AppleWebKit/537.36 (KHTML, like Gecko; compatible; ClaudeBot/1.0; +claudebot@anthropic.com)"
216.73.217.167 - - [24/Jun/2026:21:51:08 +0200] "GET /wp-content/cache/wpfc-minified/7ahyfouu/5tqf4.css HTTP/2.0" 200 4410 "-" "Mozilla/5.0 AppleWebKit/537.36 (KHTML, like Gecko; compatible; ClaudeBot/1.0; +claudebot@anthropic.com)"
216.73.217.167 - - [24/Jun/2026:21:53:52 +0200] "GET /wp-content/cache/wpfc-minified/kdwvm73z/5tqf4.js HTTP/2.0" 200 32843 "-" "Mozilla/5.0 AppleWebKit/537.36 (KHTML, like Gecko; compatible; ClaudeBot/1.0; +claudebot@anthropic.com)"
216.73.217.167 - - [24/Jun/2026:22:01:47 +0200] "GET /wp-content/cache/wpfc-minified/21nu4lni/5tqf4.css HTTP/2.0" 200 7521 "-" "Mozilla/5.0 AppleWebKit/537.36 (KHTML, like Gecko; compatible; ClaudeBot/1.0; +claudebot@anthropic.com)"
65.108.235.243 - - [24/Jun/2026:23:06:56 +0200] "POST /wp-cron.php?doing_wp_cron=1782335216.2758429050445556640625 HTTP/1.1" 200 1 "-" "WordPress/7.0; https://elettroservicegroup.it"
216.73.217.167 - - [24/Jun/2026:23:06:47 +0200] "GET /robots.txt HTTP/2.0" 200 99 "-" "Mozilla/5.0 AppleWebKit/537.36 (KHTML, like Gecko; compatible; ClaudeBot/1.0; +claudebot@anthropic.com)"
65.108.235.243 - - [24/Jun/2026:23:06:58 +0200] "POST /wp-json/complianz/v1/wsc-scan HTTP/1.1" 400 88 "-" "WordPress/7.0; https://elettroservicegroup.it"
216.73.217.167 - - [24/Jun/2026:23:07:01 +0200] "GET /wp-content/cache/wpfc-minified/44agi09/5tqf7.css HTTP/2.0" 200 2031 "-" "Mozilla/5.0 AppleWebKit/537.36 (KHTML, like Gecko; compatible; ClaudeBot/1.0; +claudebot@anthropic.com)"
216.73.217.167 - - [24/Jun/2026:23:07:01 +0200] "GET /wp-content/cache/wpfc-minified/ln72gqbu/5tyg2.css HTTP/2.0" 200 16103 "-" "Mozilla/5.0 AppleWebKit/537.36 (KHTML, like Gecko; compatible; ClaudeBot/1.0; +claudebot@anthropic.com)"
216.73.217.167 - - [24/Jun/2026:23:07:01 +0200] "GET /wp-content/cache/wpfc-minified/dih7xtos/5tqf4.css HTTP/2.0" 200 19027 "-" "Mozilla/5.0 AppleWebKit/537.36 (KHTML, like Gecko; compatible; ClaudeBot/1.0; +claudebot@anthropic.com)"
51.89.44.65 - - [24/Jun/2026:23:09:16 +0200] "GET /?wmo_hc=k7Hx9mQp2wRt HTTP/2.0" 200 145575 "-" "Mozilla/5.0 (Windows NT 10.0; Win64; x64) AppleWebKit/537.36 (KHTML, like Gecko) Chrome/149.0.0.0 Safari/537.36"
65.108.235.243 - - [24/Jun/2026:23:09:25 +0200] "POST /wp-cron.php?doing_wp_cron=1782335365.4967560768127441406250 HTTP/1.1" 200 1 "-" "WordPress/7.0; https://elettroservicegroup.it"
51.89.44.65 - - [24/Jun/2026:23:09:15 +0200] "GET /blog-verify HTTP/2.0" 404 83500 "-" "Mozilla/5.0 (Macintosh; Intel Mac OS X 10.15; rv:150.0) Gecko/20100101 Firefox/150.0"
107.189.29.12 - - [24/Jun/2026:23:12:06 +0200] "POST / HTTP/1.1" 415 140601 "-" "python-requests/2.33.1"
65.108.235.243 - - [24/Jun/2026:23:17:50 +0200] "POST /wp-cron.php?doing_wp_cron=1782335870.1504709720611572265625 HTTP/1.1" 200 1 "-" "WordPress/7.0; https://elettroservicegroup.it"
216.73.217.167 - - [24/Jun/2026:23:17:48 +0200] "GET /sitemap.rss HTTP/2.0" 200 729 "-" "Mozilla/5.0 AppleWebKit/537.36 (KHTML, like Gecko; compatible; ClaudeBot/1.0; +claudebot@anthropic.com)"
216.73.217.167 - - [24/Jun/2026:23:20:17 +0200] "GET /wp-content/cache/wpfc-minified/degfepky/4fc6a.css HTTP/2.0" 200 16384 "-" "Mozilla/5.0 AppleWebKit/537.36 (KHTML, like Gecko; compatible; ClaudeBot/1.0; +claudebot@anthropic.com)"
65.108.235.243 - - [24/Jun/2026:23:21:19 +0200] "POST /wp-cron.php?doing_wp_cron=1782336079.2873699665069580078125 HTTP/1.1" 200 1 "-" "WordPress/7.0; https://elettroservicegroup.it"
51.89.39.44 - - [24/Jun/2026:23:21:11 +0200] "GET /wp-content/plugins/cidaas-pro-master/composer.json HTTP/2.0" 404 83794 "-" "Mozilla/5.0 (Macintosh; Intel Mac OS X 10.15; rv:150.0) Gecko/20100101 Firefox/150.0"
51.89.39.44 - - [24/Jun/2026:23:21:31 +0200] "GET /ss.php?c_c HTTP/2.0" 404 83445 "-" "Mozilla/5.0 (Macintosh; Intel Mac OS X 10_15_7) AppleWebKit/537.36 (KHTML, like Gecko) Chrome/149.0.0.0 Safari/537.36"
51.89.39.44 - - [24/Jun/2026:23:21:39 +0200] "GET /wp-content/plugins/fancy-elementor-gallery-box/assets/js/fancy-elementor-flipbox.js HTTP/2.0" 404 87729 "-" "Mozilla/5.0 (Windows NT 10.0; Win64; x64) AppleWebKit/537.36 (KHTML, like Gecko) Chrome/148.0.0.0 Safari/537.36"
18.204.70.187 - - [24/Jun/2026:23:36:16 +0200] "GET / HTTP/1.1" 200 23238 "-" "Mozilla/5.0 (X11; Linux x86_64) AppleWebKit/537.36 (KHTML, like Gecko) Chrome/105.0.0.0 Safari/537.36"
205.210.31.239 - - [24/Jun/2026:23:38:13 +0200] "GET / HTTP/1.1" 200 140585 "-" "Hello from Palo Alto Networks, find out more about our scans in https://docs-cortex.paloaltonetworks.com/r/1/Cortex-Xpanse/Scanning-activity"
91.224.92.190 - - [24/Jun/2026:23:48:24 +0200] "HEAD / HTTP/1.1" 415 - "-" "python-requests/2.32.5"
91.224.92.190 - - [24/Jun/2026:23:48:29 +0200] "HEAD / HTTP/1.1" 415 - "-" "python-requests/2.32.5"
188.245.48.234 - - [24/Jun/2026:23:52:32 +0200] "GET / HTTP/2.0" 200 21323 "-" "Mozilla/5.0 (X11; Linux x86_64) AppleWebKit/537.36 (KHTML, like Gecko) HeadlessChrome/148.0.0.0 Safari/537.36"
188.245.48.234 - - [24/Jun/2026:23:52:32 +0200] "GET /wp-content/cache/wpfc-minified/10hpkmg7/5tqf4.css HTTP/2.0" 200 418 "https://elettroservicegroup.it/" "Mozilla/5.0 (X11; Linux x86_64) AppleWebKit/537.36 (KHTML, like Gecko) HeadlessChrome/148.0.0.0 Safari/537.36"
188.245.48.234 - - [24/Jun/2026:23:52:32 +0200] "GET /wp-content/cache/wpfc-minified/21nu4lni/5tqf4.css HTTP/2.0" 200 7521 "https://elettroservicegroup.it/" "Mozilla/5.0 (X11; Linux x86_64) AppleWebKit/537.36 (KHTML, like Gecko) HeadlessChrome/148.0.0.0 Safari/537.36"
188.245.48.234 - - [24/Jun/2026:23:52:32 +0200] "GET /wp-content/uploads/elementor/css/post-14146.css?ver=1782313774 HTTP/2.0" 200 428 "https://elettroservicegroup.it/" "Mozilla/5.0 (X11; Linux x86_64) AppleWebKit/537.36 (KHTML, like Gecko) HeadlessChrome/148.0.0.0 Safari/537.36"
188.245.48.234 - - [24/Jun/2026:23:52:32 +0200] "GET /wp-content/uploads/elementor/css/post-14366.css?ver=1782313775 HTTP/2.0" 200 310 "https://elettroservicegroup.it/" "Mozilla/5.0 (X11; Linux x86_64) AppleWebKit/537.36 (KHTML, like Gecko) HeadlessChrome/148.0.0.0 Safari/537.36"
188.245.48.234 - - [24/Jun/2026:23:52:32 +0200] "GET /wp-content/uploads/elementor/css/post-13305.css?ver=1782314976 HTTP/2.0" 200 2452 "https://elettroservicegroup.it/" "Mozilla/5.0 (X11; Linux x86_64) AppleWebKit/537.36 (KHTML, like Gecko) HeadlessChrome/148.0.0.0 Safari/537.36"
188.245.48.234 - - [24/Jun/2026:23:52:32 +0200] "GET /wp-content/cache/wpfc-minified/7ahyfouu/5tqf4.css HTTP/2.0" 200 4410 "https://elettroservicegroup.it/" "Mozilla/5.0 (X11; Linux x86_64) AppleWebKit/537.36 (KHTML, like Gecko) HeadlessChrome/148.0.0.0 Safari/537.36"
188.245.48.234 - - [24/Jun/2026:23:52:32 +0200] "GET /wp-content/cache/wpfc-minified/degfepky/5tqfs.css HTTP/2.0" 200 16384 "https://elettroservicegroup.it/" "Mozilla/5.0 (X11; Linux x86_64) AppleWebKit/537.36 (KHTML, like Gecko) HeadlessChrome/148.0.0.0 Safari/537.36"
188.245.48.234 - - [24/Jun/2026:23:52:32 +0200] "GET /wp-content/cache/wpfc-minified/eh40z7s2/5tqf4.css HTTP/2.0" 200 11338 "https://elettroservicegroup.it/" "Mozilla/5.0 (X11; Linux x86_64) AppleWebKit/537.36 (KHTML, like Gecko) HeadlessChrome/148.0.0.0 Safari/537.36"
188.245.48.234 - - [24/Jun/2026:23:52:32 +0200] "GET /wp-content/cache/wpfc-minified/dih7xtos/5tqf4.css HTTP/2.0" 200 19027 "https://elettroservicegroup.it/" "Mozilla/5.0 (X11; Linux x86_64) AppleWebKit/537.36 (KHTML, like Gecko) HeadlessChrome/148.0.0.0 Safari/537.36"
188.245.48.234 - - [24/Jun/2026:23:52:32 +0200] "GET /wp-content/cache/wpfc-minified/6yk1ya41/5tqf4.css HTTP/2.0" 200 14481 "https://elettroservicegroup.it/" "Mozilla/5.0 (X11; Linux x86_64) AppleWebKit/537.36 (KHTML, like Gecko) HeadlessChrome/148.0.0.0 Safari/537.36"
188.245.48.234 - - [24/Jun/2026:23:52:32 +0200] "GET /wp-content/cache/wpfc-minified/kdwvm73z/5tqf4.js HTTP/2.0" 200 32843 "https://elettroservicegroup.it/" "Mozilla/5.0 (X11; Linux x86_64) AppleWebKit/537.36 (KHTML, like Gecko) HeadlessChrome/148.0.0.0 Safari/537.36"
188.245.48.234 - - [24/Jun/2026:23:52:32 +0200] "GET /wp-content/cache/wpfc-minified/qwjjwn1t/5tqf4.js HTTP/2.0" 200 8744 "https://elettroservicegroup.it/" "Mozilla/5.0 (X11; Linux x86_64) AppleWebKit/537.36 (KHTML, like Gecko) HeadlessChrome/148.0.0.0 Safari/537.36"
188.245.48.234 - - [24/Jun/2026:23:52:32 +0200] "GET /wp-content/plugins/gp-premium/menu-plus/functions/js/sticky.min.js?ver=2.5.5 HTTP/2.0" 200 2670 "https://elettroservicegroup.it/" "Mozilla/5.0 (X11; Linux x86_64) AppleWebKit/537.36 (KHTML, like Gecko) HeadlessChrome/148.0.0.0 Safari/537.36"
188.245.48.234 - - [24/Jun/2026:23:52:32 +0200] "GET /wp-content/plugins/elementor/assets/js/webpack.runtime.min.js?ver=4.1.4 HTTP/2.0" 200 2340 "https://elettroservicegroup.it/" "Mozilla/5.0 (X11; Linux x86_64) AppleWebKit/537.36 (KHTML, like Gecko) HeadlessChrome/148.0.0.0 Safari/537.36"
188.245.48.234 - - [24/Jun/2026:23:52:32 +0200] "GET /wp-includes/js/jquery/ui/core.min.js?ver=1.13.3 HTTP/2.0" 200 6820 "https://elettroservicegroup.it/" "Mozilla/5.0 (X11; Linux x86_64) AppleWebKit/537.36 (KHTML, like Gecko) HeadlessChrome/148.0.0.0 Safari/537.36"
188.245.48.234 - - [24/Jun/2026:23:52:32 +0200] "GET /wp-content/plugins/elementor/assets/js/frontend-modules.min.js?ver=4.1.4 HTTP/2.0" 200 15454 "https://elettroservicegroup.it/" "Mozilla/5.0 (X11; Linux x86_64) AppleWebKit/537.36 (KHTML, like Gecko) HeadlessChrome/148.0.0.0 Safari/537.36"
188.245.48.234 - - [24/Jun/2026:23:52:32 +0200] "GET /wp-content/themes/generatepress/assets/js/back-to-top.min.js?ver=3.6.1 HTTP/2.0" 200 336 "https://elettroservicegroup.it/" "Mozilla/5.0 (X11; Linux x86_64) AppleWebKit/537.36 (KHTML, like Gecko) HeadlessChrome/148.0.0.0 Safari/537.36"
188.245.48.234 - - [24/Jun/2026:23:52:32 +0200] "GET /wp-content/plugins/elementor/assets/js/frontend.min.js?ver=4.1.4 HTTP/2.0" 200 10140 "https://elettroservicegroup.it/" "Mozilla/5.0 (X11; Linux x86_64) AppleWebKit/537.36 (KHTML, like Gecko) HeadlessChrome/148.0.0.0 Safari/537.36"
188.245.48.234 - - [24/Jun/2026:23:52:32 +0200] "GET /wp-content/themes/generatepress/assets/js/menu.min.js?ver=3.6.1 HTTP/2.0" 200 1688 "https://elettroservicegroup.it/" "Mozilla/5.0 (X11; Linux x86_64) AppleWebKit/537.36 (KHTML, like Gecko) HeadlessChrome/148.0.0.0 Safari/537.36"
188.245.48.234 - - [24/Jun/2026:23:52:32 +0200] "GET /wp-content/plugins/complianz-gdpr-premium/cookiebanner/js/complianz.min.js?ver=1781535054 HTTP/2.0" 200 10762 "https://elettroservicegroup.it/" "Mozilla/5.0 (X11; Linux x86_64) AppleWebKit/537.36 (KHTML, like Gecko) HeadlessChrome/148.0.0.0 Safari/537.36"
188.245.48.234 - - [24/Jun/2026:23:52:32 +0200] "GET /wp-content/uploads/elementor/google-fonts/fonts/roboto-kfo7cnqeu92fr1me7ksn66agldtyluama3yuba.woff2 HTTP/2.0" 200 40132 "https://elettroservicegroup.it/wp-content/cache/wpfc-minified/6yk1ya41/5tqf4.css" "Mozilla/5.0 (X11; Linux x86_64) AppleWebKit/537.36 (KHTML, like Gecko) HeadlessChrome/148.0.0.0 Safari/537.36"
188.245.48.234 - - [24/Jun/2026:23:52:32 +0200] "GET /wp-content/plugins/elementor/assets/lib/font-awesome/webfonts/fa-regular-400.woff2 HTTP/2.0" 200 13277 "https://elettroservicegroup.it/wp-content/cache/wpfc-minified/degfepky/5tqfs.css" "Mozilla/5.0 (X11; Linux x86_64) AppleWebKit/537.36 (KHTML, like Gecko) HeadlessChrome/148.0.0.0 Safari/537.36"
188.245.48.234 - - [24/Jun/2026:23:52:32 +0200] "GET /wp-content/plugins/elementor/assets/lib/font-awesome/webfonts/fa-solid-900.woff2 HTTP/2.0" 200 78201 "https://elettroservicegroup.it/wp-content/cache/wpfc-minified/degfepky/5tqfs.css" "Mozilla/5.0 (X11; Linux x86_64) AppleWebKit/537.36 (KHTML, like Gecko) HeadlessChrome/148.0.0.0 Safari/537.36"
188.245.48.234 - - [24/Jun/2026:23:52:32 +0200] "GET /wp-content/plugins/elementor/assets/js/text-editor.45609661e409413f1cef.bundle.min.js HTTP/2.0" 200 592 "https://elettroservicegroup.it/" "Mozilla/5.0 (X11; Linux x86_64) AppleWebKit/537.36 (KHTML, like Gecko) HeadlessChrome/148.0.0.0 Safari/537.36"
188.245.48.234 - - [24/Jun/2026:23:52:32 +0200] "GET /wp-content/plugins/elementor/assets/js/section-frontend-handlers.d85ab872da118940910d.bundle.min.js HTTP/2.0" 200 230 "https://elettroservicegroup.it/" "Mozilla/5.0 (X11; Linux x86_64) AppleWebKit/537.36 (KHTML, like Gecko) HeadlessChrome/148.0.0.0 Safari/537.36"
188.245.48.234 - - [24/Jun/2026:23:52:32 +0200] "GET /wp-content/plugins/elementor/assets/js/shared-frontend-handlers.03caa53373b56d3bab67.bundle.min.js HTTP/2.0" 200 2515 "https://elettroservicegroup.it/" "Mozilla/5.0 (X11; Linux x86_64) AppleWebKit/537.36 (KHTML, like Gecko) HeadlessChrome/148.0.0.0 Safari/537.36"
188.245.48.234 - - [24/Jun/2026:23:52:32 +0200] "GET /wp-content/uploads/2021/10/cropped-cropped-cropped-cropped-logo_white_background-32x32.png HTTP/2.0" 200 1525 "https://elettroservicegroup.it/" "Mozilla/5.0 (X11; Linux x86_64) AppleWebKit/537.36 (KHTML, like Gecko) HeadlessChrome/148.0.0.0 Safari/537.36"
65.108.235.243 - - [24/Jun/2026:23:52:36 +0200] "POST /wp-cron.php?doing_wp_cron=1782337956.8920609951019287109375 HTTP/1.1" 200 1 "-" "WordPress/7.0; https://elettroservicegroup.it"
188.245.48.234 - - [24/Jun/2026:23:52:32 +0200] "GET /wp-json/complianz/v1/banner?lang=it&locale=it_IT&token=rrrwi HTTP/2.0" 200 - "https://elettroservicegroup.it/" "Mozilla/5.0 (X11; Linux x86_64) AppleWebKit/537.36 (KHTML, like Gecko) HeadlessChrome/148.0.0.0 Safari/537.36"
65.108.235.243 - - [25/Jun/2026:00:14:33 +0200] "POST /wp-cron.php?doing_wp_cron=1782339273.0815770626068115234375 HTTP/1.1" 200 1 "-" "WordPress/7.0; https://elettroservicegroup.it"
216.73.217.167 - - [25/Jun/2026:00:14:25 +0200] "GET /robots.txt HTTP/2.0" 200 99 "-" "Mozilla/5.0 AppleWebKit/537.36 (KHTML, like Gecko; compatible; ClaudeBot/1.0; +claudebot@anthropic.com)"
65.108.235.243 - - [25/Jun/2026:00:14:34 +0200] "POST /wp-json/complianz/v1/wsc-scan HTTP/1.1" 400 88 "-" "WordPress/7.0; https://elettroservicegroup.it"
192.178.4.102 - - [25/Jun/2026:00:49:02 +0200] "GET /wp-content/plugins/complianz-gdpr-premium/assets/css/cookieblocker.min.css?ver=1780704000 HTTP/1.1" 200 615 "https://elettroservicegroup.it/chi-siamo/" "Mozilla/5.0 (Linux; Android 6.0.1; Nexus 5X Build/MMB29P) AppleWebKit/537.36 (KHTML, like Gecko) Chrome/148.0.7778.96 Mobile Safari/537.36 (compatible; Googlebot/2.1; +http://www.google.com/bot.html)"
192.178.4.102 - - [25/Jun/2026:00:49:02 +0200] "GET /wp-content/plugins/elementor/assets/lib/font-awesome/css/all.min.css?ver=4.1.3 HTTP/1.1" 200 12402 "https://elettroservicegroup.it/chi-siamo/" "Mozilla/5.0 (Linux; Android 6.0.1; Nexus 5X Build/MMB29P) AppleWebKit/537.36 (KHTML, like Gecko) Chrome/148.0.7778.96 Mobile Safari/537.36 (compatible; Googlebot/2.1; +http://www.google.com/bot.html)"
192.178.4.102 - - [25/Jun/2026:00:49:02 +0200] "GET /wp-content/plugins/elementor/assets/js/webpack.runtime.min.js?ver=4.1.3 HTTP/1.1" 200 2340 "https://elettroservicegroup.it/chi-siamo/" "Mozilla/5.0 (Linux; Android 6.0.1; Nexus 5X Build/MMB29P) AppleWebKit/537.36 (KHTML, like Gecko) Chrome/148.0.7778.96 Mobile Safari/537.36 (compatible; Googlebot/2.1; +http://www.google.com/bot.html)"
192.178.4.102 - - [25/Jun/2026:00:49:03 +0200] "GET /wp-content/uploads/elementor/google-fonts/css/roboto.css?ver=1742274089 HTTP/1.1" 200 1874 "https://elettroservicegroup.it/chi-siamo/" "Mozilla/5.0 (Linux; Android 6.0.1; Nexus 5X Build/MMB29P) AppleWebKit/537.36 (KHTML, like Gecko) Chrome/148.0.7778.96 Mobile Safari/537.36 (compatible; Googlebot/2.1; +http://www.google.com/bot.html)"
192.178.4.101 - - [25/Jun/2026:00:49:03 +0200] "GET /wp-content/plugins/elementor/assets/lib/font-awesome/css/fontawesome.css?ver=5.15.3 HTTP/1.1" 200 12535 "https://elettroservicegroup.it/chi-siamo/" "Mozilla/5.0 (Linux; Android 6.0.1; Nexus 5X Build/MMB29P) AppleWebKit/537.36 (KHTML, like Gecko) Chrome/148.0.7778.96 Mobile Safari/537.36 (compatible; Googlebot/2.1; +http://www.google.com/bot.html)"
192.178.4.103 - - [25/Jun/2026:00:49:03 +0200] "GET /wp-content/plugins/gp-premium/menu-plus/functions/js/sticky.min.js?ver=2.5.5 HTTP/1.1" 200 2670 "https://elettroservicegroup.it/chi-siamo/" "Mozilla/5.0 (Linux; Android 6.0.1; Nexus 5X Build/MMB29P) AppleWebKit/537.36 (KHTML, like Gecko) Chrome/148.0.7778.96 Mobile Safari/537.36 (compatible; Googlebot/2.1; +http://www.google.com/bot.html)"
192.178.4.101 - - [25/Jun/2026:00:49:03 +0200] "GET /wp-content/plugins/elementor/assets/css/widget-heading.min.css?ver=4.1.3 HTTP/1.1" 200 127 "https://elettroservicegroup.it/chi-siamo/" "Mozilla/5.0 (Linux; Android 6.0.1; Nexus 5X Build/MMB29P) AppleWebKit/537.36 (KHTML, like Gecko) Chrome/148.0.7778.96 Mobile Safari/537.36 (compatible; Googlebot/2.1; +http://www.google.com/bot.html)"
192.178.4.101 - - [25/Jun/2026:00:49:03 +0200] "GET /wp-includes/js/jquery/jquery.min.js?ver=3.7.1 HTTP/1.1" 200 29769 "https://elettroservicegroup.it/chi-siamo/" "Mozilla/5.0 (Linux; Android 6.0.1; Nexus 5X Build/MMB29P) AppleWebKit/537.36 (KHTML, like Gecko) Chrome/148.0.7778.96 Mobile Safari/537.36 (compatible; Googlebot/2.1; +http://www.google.com/bot.html)"
192.178.4.101 - - [25/Jun/2026:00:49:03 +0200] "GET /wp-content/plugins/elementor/assets/lib/font-awesome/css/regular.min.css?ver=5.15.3 HTTP/1.1" 200 282 "https://elettroservicegroup.it/chi-siamo/" "Mozilla/5.0 (Linux; Android 6.0.1; Nexus 5X Build/MMB29P) AppleWebKit/537.36 (KHTML, like Gecko) Chrome/148.0.7778.96 Mobile Safari/537.36 (compatible; Googlebot/2.1; +http://www.google.com/bot.html)"
192.178.4.102 - - [25/Jun/2026:00:49:04 +0200] "GET /wp-content/plugins/elementor/assets/css/widget-google_maps.min.css?ver=4.1.3 HTTP/1.1" 200 94 "https://elettroservicegroup.it/chi-siamo/" "Mozilla/5.0 (Linux; Android 6.0.1; Nexus 5X Build/MMB29P) AppleWebKit/537.36 (KHTML, like Gecko) Chrome/148.0.7778.96 Mobile Safari/537.36 (compatible; Googlebot/2.1; +http://www.google.com/bot.html)"
192.178.4.102 - - [25/Jun/2026:00:49:04 +0200] "GET /wp-includes/js/jquery/jquery-migrate.min.js?ver=3.4.1 HTTP/1.1" 200 4685 "https://elettroservicegroup.it/chi-siamo/" "Mozilla/5.0 (Linux; Android 6.0.1; Nexus 5X Build/MMB29P) AppleWebKit/537.36 (KHTML, like Gecko) Chrome/148.0.7778.96 Mobile Safari/537.36 (compatible; Googlebot/2.1; +http://www.google.com/bot.html)"
192.178.4.103 - - [25/Jun/2026:00:49:05 +0200] "GET /wp-content/plugins/elementor/assets/lib/font-awesome/css/solid.min.css?ver=5.15.3 HTTP/1.1" 200 286 "https://elettroservicegroup.it/chi-siamo/" "Mozilla/5.0 (Linux; Android 6.0.1; Nexus 5X Build/MMB29P) AppleWebKit/537.36 (KHTML, like Gecko) Chrome/148.0.7778.96 Mobile Safari/537.36 (compatible; Googlebot/2.1; +http://www.google.com/bot.html)"
192.178.4.103 - - [25/Jun/2026:00:49:05 +0200] "GET /wp-content/plugins/elementor/assets/lib/font-awesome/css/v4-shims.min.css?ver=4.1.3 HTTP/1.1" 200 3986 "https://elettroservicegroup.it/chi-siamo/" "Mozilla/5.0 (Linux; Android 6.0.1; Nexus 5X Build/MMB29P) AppleWebKit/537.36 (KHTML, like Gecko) Chrome/148.0.7778.96 Mobile Safari/537.36 (compatible; Googlebot/2.1; +http://www.google.com/bot.html)"
192.178.4.103 - - [25/Jun/2026:00:49:05 +0200] "GET /wp-content/plugins/elementor/assets/css/widget-social-icons.min.css?ver=3.24.0 HTTP/1.1" 200 1039 "https://elettroservicegroup.it/chi-siamo/" "Mozilla/5.0 (Linux; Android 6.0.1; Nexus 5X Build/MMB29P) AppleWebKit/537.36 (KHTML, like Gecko) Chrome/148.0.7778.96 Mobile Safari/537.36 (compatible; Googlebot/2.1; +http://www.google.com/bot.html)"
192.178.4.102 - - [25/Jun/2026:00:49:06 +0200] "GET /wp-content/plugins/elementor/assets/lib/font-awesome/css/fontawesome.min.css?ver=5.15.3 HTTP/1.1" 200 12179 "https://elettroservicegroup.it/chi-siamo/" "Mozilla/5.0 (Linux; Android 6.0.1; Nexus 5X Build/MMB29P) AppleWebKit/537.36 (KHTML, like Gecko) Chrome/148.0.7778.96 Mobile Safari/537.36 (compatible; Googlebot/2.1; +http://www.google.com/bot.html)"
192.178.4.101 - - [25/Jun/2026:00:49:06 +0200] "GET /wp-content/plugins/gp-premium/menu-plus/functions/css/navigation-branding-flex.min.css?ver=2.5.5 HTTP/1.1" 200 542 "https://elettroservicegroup.it/chi-siamo/" "Mozilla/5.0 (Linux; Android 6.0.1; Nexus 5X Build/MMB29P) AppleWebKit/537.36 (KHTML, like Gecko) Chrome/148.0.7778.96 Mobile Safari/537.36 (compatible; Googlebot/2.1; +http://www.google.com/bot.html)"
192.178.4.102 - - [25/Jun/2026:00:49:07 +0200] "GET /wp-content/plugins/elementor/assets/lib/animations/styles/zoomIn.min.css?ver=4.1.3 HTTP/1.1" 200 87 "https://elettroservicegroup.it/chi-siamo/" "Mozilla/5.0 (Linux; Android 6.0.1; Nexus 5X Build/MMB29P) AppleWebKit/537.36 (KHTML, like Gecko) Chrome/148.0.7778.96 Mobile Safari/537.36 (compatible; Googlebot/2.1; +http://www.google.com/bot.html)"
192.178.4.102 - - [25/Jun/2026:00:49:08 +0200] "GET /wp-includes/css/dist/block-library/style.min.css?ver=7.0 HTTP/1.1" 200 15998 "https://elettroservicegroup.it/chi-siamo/" "Mozilla/5.0 (Linux; Android 6.0.1; Nexus 5X Build/MMB29P) AppleWebKit/537.36 (KHTML, like Gecko) Chrome/148.0.7778.96 Mobile Safari/537.36 (compatible; Googlebot/2.1; +http://www.google.com/bot.html)"
192.178.4.101 - - [25/Jun/2026:00:49:08 +0200] "GET /wp-content/plugins/elementor/assets/css/widget-image.min.css?ver=4.1.3 HTTP/1.1" 200 96 "https://elettroservicegroup.it/chi-siamo/" "Mozilla/5.0 (Linux; Android 6.0.1; Nexus 5X Build/MMB29P) AppleWebKit/537.36 (KHTML, like Gecko) Chrome/148.0.7778.96 Mobile Safari/537.36 (compatible; Googlebot/2.1; +http://www.google.com/bot.html)"
192.178.4.101 - - [25/Jun/2026:00:49:08 +0200] "GET /wp-content/plugins/elementor/assets/lib/eicons/css/elementor-icons.min.css?ver=5.49.0 HTTP/1.1" 200 4125 "https://elettroservicegroup.it/chi-siamo/" "Mozilla/5.0 (Linux; Android 6.0.1; Nexus 5X Build/MMB29P) AppleWebKit/537.36 (KHTML, like Gecko) Chrome/148.0.7778.96 Mobile Safari/537.36 (compatible; Googlebot/2.1; +http://www.google.com/bot.html)"
192.178.4.101 - - [25/Jun/2026:00:49:09 +0200] "GET /wp-content/plugins/elementor/assets/js/frontend-modules.min.js?ver=4.1.3 HTTP/1.1" 200 15454 "https://elettroservicegroup.it/chi-siamo/" "Mozilla/5.0 (Linux; Android 6.0.1; Nexus 5X Build/MMB29P) AppleWebKit/537.36 (KHTML, like Gecko) Chrome/148.0.7778.96 Mobile Safari/537.36 (compatible; Googlebot/2.1; +http://www.google.com/bot.html)"
192.178.4.102 - - [25/Jun/2026:00:49:09 +0200] "GET /wp-content/plugins/elementor/assets/js/frontend.min.js?ver=4.1.3 HTTP/1.1" 200 10140 "https://elettroservicegroup.it/chi-siamo/" "Mozilla/5.0 (Linux; Android 6.0.1; Nexus 5X Build/MMB29P) AppleWebKit/537.36 (KHTML, like Gecko) Chrome/148.0.7778.96 Mobile Safari/537.36 (compatible; Googlebot/2.1; +http://www.google.com/bot.html)"
