65.108.235.243 - - [17/Jun/2026:14:39:31 +0200] "POST /wp-json/complianz/v1/wsc-scan HTTP/1.1" 400 88 "-" "WordPress/7.0; https://piacenza.elettroservicegroup.it"
65.108.235.243 - - [17/Jun/2026:14:39:32 +0200] "GET /imprint/ HTTP/1.1" 200 17175 "-" "WP Fastest Cache Preload Bot"
65.108.235.243 - - [17/Jun/2026:14:39:32 +0200] "GET /dichiarazione-sulla-privacy-ue/ HTTP/1.1" 200 19681 "-" "WP Fastest Cache Preload Bot"
65.108.235.243 - - [17/Jun/2026:14:39:33 +0200] "GET /assistenza-whirlpool-piacenza/ HTTP/1.1" 200 21841 "-" "WP Fastest Cache Preload Bot"
65.108.235.243 - - [17/Jun/2026:14:39:33 +0200] "GET /assistenza-smeg-piacenza/ HTTP/1.1" 200 21791 "-" "WP Fastest Cache Preload Bot"
199.45.154.129 - - [17/Jun/2026:14:39:39 +0200] "GET / HTTP/1.1" 200 23707 "-" "Mozilla/5.0 (compatible; CensysInspect/1.1; +https://about.censys.io/)"
199.45.154.129 - - [17/Jun/2026:14:39:44 +0200] "GET /wp-content/uploads/2021/10/cropped-cropped-cropped-cropped-logo_white_background-32x32.png HTTP/1.1" 200 1242 "-" "Mozilla/5.0 (compatible; CensysInspect/1.1; +https://about.censys.io/)"
199.45.154.129 - - [17/Jun/2026:14:39:46 +0200] "GET /wp-content/uploads/2021/10/cropped-cropped-cropped-cropped-logo_white_background-192x192.png HTTP/1.1" 200 8888 "-" "Mozilla/5.0 (compatible; CensysInspect/1.1; +https://about.censys.io/)"
199.45.154.129 - - [17/Jun/2026:14:39:48 +0200] "GET /wp-content/uploads/2021/10/cropped-cropped-cropped-cropped-logo_white_background-180x180.png HTTP/1.1" 200 10348 "-" "Mozilla/5.0 (compatible; CensysInspect/1.1; +https://about.censys.io/)"
65.108.235.243 - - [17/Jun/2026:14:39:53 +0200] "POST /wp-cron.php?doing_wp_cron=1781699993.4852550029754638671875 HTTP/1.1" 200 1 "-" "WordPress/7.0; https://piacenza.elettroservicegroup.it"
199.45.154.129 - - [17/Jun/2026:14:39:53 +0200] "GET /favicon.ico HTTP/1.1" 302 - "-" "Mozilla/5.0 (compatible; CensysInspect/1.1; +https://about.censys.io/)"
65.108.235.243 - - [17/Jun/2026:14:39:53 +0200] "GET /assistenza-siemens-piacenza/ HTTP/1.1" 200 21980 "-" "WP Fastest Cache Preload Bot"
65.108.235.243 - - [17/Jun/2026:14:39:54 +0200] "GET /assistenza-rex-electrolux-piacenza/ HTTP/1.1" 200 21830 "-" "WP Fastest Cache Preload Bot"
65.108.235.243 - - [17/Jun/2026:14:39:54 +0200] "GET /assistenza-miele-piacenza/ HTTP/1.1" 200 22081 "-" "WP Fastest Cache Preload Bot"
65.108.235.243 - - [17/Jun/2026:14:39:55 +0200] "GET /assistenza-lavatrici-whirlpool-piacenza/ HTTP/1.1" 200 21959 "-" "WP Fastest Cache Preload Bot"
65.108.235.243 - - [17/Jun/2026:14:53:48 +0200] "POST /wp-cron.php?doing_wp_cron=1781700828.8165600299835205078125 HTTP/1.1" 200 1 "-" "WordPress/7.0; https://piacenza.elettroservicegroup.it"
66.249.64.165 - - [17/Jun/2026:14:53:46 +0200] "GET /robots.txt HTTP/1.1" 200 108 "-" "Mozilla/5.0 (compatible; Googlebot/2.1; +http://www.google.com/bot.html)"
66.249.64.166 - - [17/Jun/2026:14:53:49 +0200] "GET /assistenza-condizionatori/ HTTP/1.1" 404 16254 "-" "Mozilla/5.0 (Linux; Android 6.0.1; Nexus 5X Build/MMB29P) AppleWebKit/537.36 (KHTML, like Gecko) Chrome/148.0.7778.96 Mobile Safari/537.36 (compatible; Googlebot/2.1; +http://www.google.com/bot.html)"
65.108.235.243 - - [17/Jun/2026:14:53:52 +0200] "GET /assistenza-lavatrici-smeg-piacenza/ HTTP/1.1" 200 21695 "-" "WP Fastest Cache Preload Bot"
65.108.235.243 - - [17/Jun/2026:14:53:54 +0200] "GET /assistenza-lavatrici-rex-electrolux-piacenza/ HTTP/1.1" 200 21667 "-" "WP Fastest Cache Preload Bot"
65.108.235.243 - - [17/Jun/2026:14:53:56 +0200] "GET /assistenza-lavatrici-indesit-piacenza/ HTTP/1.1" 200 21691 "-" "WP Fastest Cache Preload Bot"
65.108.235.243 - - [17/Jun/2026:14:53:57 +0200] "GET /assistenza-lavatrici-bosch-piacenza/ HTTP/1.1" 200 21736 "-" "WP Fastest Cache Preload Bot"
65.108.235.243 - - [17/Jun/2026:15:02:51 +0200] "POST /wp-cron.php?doing_wp_cron=1781701371.2199509143829345703125 HTTP/1.1" 200 1 "-" "WordPress/7.0; https://piacenza.elettroservicegroup.it"
167.94.146.60 - - [17/Jun/2026:15:02:49 +0200] "GET / HTTP/1.1" 301 - "-" "Mozilla/5.0 (compatible; CensysInspect/1.1; +https://about.censys.io/)"
167.94.146.60 - - [17/Jun/2026:15:02:53 +0200] "GET / HTTP/1.1" 200 23707 "-" "Mozilla/5.0 (compatible; CensysInspect/1.1; +https://about.censys.io/)"
65.108.235.243 - - [17/Jun/2026:15:02:52 +0200] "GET /assistenza-lavatrici-ariston-piacenza/ HTTP/1.1" 200 21751 "-" "WP Fastest Cache Preload Bot"
167.94.146.60 - - [17/Jun/2026:15:02:54 +0200] "GET /wp-content/uploads/2021/10/cropped-cropped-cropped-cropped-logo_white_background-32x32.png HTTP/1.1" 200 1242 "-" "Mozilla/5.0 (compatible; CensysInspect/1.1; +https://about.censys.io/)"
167.94.146.60 - - [17/Jun/2026:15:02:54 +0200] "GET /wp-content/uploads/2021/10/cropped-cropped-cropped-cropped-logo_white_background-192x192.png HTTP/1.1" 200 8888 "-" "Mozilla/5.0 (compatible; CensysInspect/1.1; +https://about.censys.io/)"
167.94.146.60 - - [17/Jun/2026:15:02:55 +0200] "GET /wp-content/uploads/2021/10/cropped-cropped-cropped-cropped-logo_white_background-180x180.png HTTP/1.1" 200 10348 "-" "Mozilla/5.0 (compatible; CensysInspect/1.1; +https://about.censys.io/)"
65.108.235.243 - - [17/Jun/2026:15:02:54 +0200] "GET /assistenza-lavatrici-aeg-piacenza/ HTTP/1.1" 200 21758 "-" "WP Fastest Cache Preload Bot"
167.94.146.60 - - [17/Jun/2026:15:02:55 +0200] "GET /favicon.ico HTTP/1.1" 302 - "-" "Mozilla/5.0 (compatible; CensysInspect/1.1; +https://about.censys.io/)"
167.94.146.60 - - [17/Jun/2026:15:02:58 +0200] "GET /wp-content/uploads/2021/10/cropped-cropped-cropped-cropped-logo_white_background-32x32.png HTTP/1.1" 200 1242 "https://piacenza.elettroservicegroup.it/favicon.ico" "Mozilla/5.0 (compatible; CensysInspect/1.1; +https://about.censys.io/)"
65.108.235.243 - - [17/Jun/2026:15:02:57 +0200] "GET /assistenza-lavatrici-piacenza/ HTTP/1.1" 200 22007 "-" "WP Fastest Cache Preload Bot"
65.108.235.243 - - [17/Jun/2026:15:02:59 +0200] "GET /assistenza-lavastoviglie-whirlpool-piacenza/ HTTP/1.1" 200 21701 "-" "WP Fastest Cache Preload Bot"
167.94.146.60 - - [17/Jun/2026:15:03:16 +0200] "GET /wp-json/?_fields=name,description,home,gmt_offset,timezone_string,namespaces HTTP/1.1" 200 581 "-" "Mozilla/5.0 (compatible; CensysInspect/1.1; +https://about.censys.io/)"
167.94.146.60 - - [17/Jun/2026:15:03:20 +0200] "GET / HTTP/1.1" 421 362 "-" "Mozilla/5.0 (compatible; CensysInspect/1.1; +https://about.censys.io/)"
66.132.186.185 - - [17/Jun/2026:15:20:32 +0200] "GET / HTTP/1.1" 200 23707 "-" "Mozilla/5.0 (compatible; CensysInspect/1.1; +https://about.censys.io/)"
37.67.148.226 - - [17/Jun/2026:15:40:25 +0200] "POST /xmlrpc.php HTTP/2.0" 403 52 "-" "curl/7.81.0"
37.67.148.226 - - [17/Jun/2026:15:40:25 +0200] "POST /xmlrpc.php HTTP/2.0" 403 52 "-" "Mozilla/5.0 (Windows NT 10.0; Win64; x64) AppleWebKit/537.36 (KHTML, like Gecko) Chrome/119.0.0.0 Safari/537.36 Edg/119.0.0.0"
37.67.148.226 - - [17/Jun/2026:15:40:26 +0200] "POST /xmlrpc.php HTTP/2.0" 403 52 "-" "Mozilla/5.0 (Windows NT 10.0; Win64; x64) AppleWebKit/537.36 (KHTML, like Gecko) Chrome/120.0.0.0 Safari/537.36"
37.67.148.226 - - [17/Jun/2026:15:40:26 +0200] "POST /xmlrpc.php HTTP/2.0" 403 52 "-" "Mozilla/5.0 (Macintosh; Intel Mac OS X 10_15_7) AppleWebKit/537.36 (KHTML, like Gecko) Chrome/120.0.0.0 Safari/537.36"
37.67.148.226 - - [17/Jun/2026:15:40:26 +0200] "POST /xmlrpc.php HTTP/2.0" 403 52 "-" "Mozilla/5.0 (Windows NT 10.0; Win64; x64) AppleWebKit/537.36 (KHTML, like Gecko) Chrome/119.0.0.0 Safari/537.36 Edg/119.0.0.0"
37.67.148.226 - - [17/Jun/2026:15:40:27 +0200] "POST /xmlrpc.php HTTP/2.0" 403 52 "-" "Mozilla/5.0 (Windows NT 10.0; Win64; x64) AppleWebKit/537.36 (KHTML, like Gecko) Chrome/120.0.0.0 Safari/537.36"
65.108.235.243 - - [17/Jun/2026:15:40:36 +0200] "POST /wp-cron.php?doing_wp_cron=1781703636.3019979000091552734375 HTTP/1.1" 200 1 "-" "WordPress/7.0; https://piacenza.elettroservicegroup.it"
37.67.148.226 - - [17/Jun/2026:15:40:27 +0200] "POST /wp-load.php HTTP/2.0" 200 - "-" "Mozilla/5.0 (Macintosh; Intel Mac OS X 10_15_7) AppleWebKit/537.36 (KHTML, like Gecko) Chrome/120.0.0.0 Safari/537.36"
37.67.148.226 - - [17/Jun/2026:15:40:37 +0200] "POST /xmlrpc.php HTTP/2.0" 200 11652 "-" "Mozilla/5.0 (X11; Linux x86_64) AppleWebKit/537.36 (KHTML, like Gecko) Chrome/120.0.0.0 Safari/537.36"
65.108.235.243 - - [17/Jun/2026:15:40:39 +0200] "POST /wp-json/complianz/v1/wsc-scan HTTP/1.1" 400 88 "-" "WordPress/7.0; https://piacenza.elettroservicegroup.it"
100.14.236.107 - - [17/Jun/2026:15:40:39 +0200] "GET /wp-login.php HTTP/2.0" 200 3245 "-" "Mozilla/5.0 (Macintosh; Intel Mac OS X 10_15_7) AppleWebKit/537.36 (KHTML, like Gecko) Chrome/131.0.0.0 Safari/537.36"
100.14.236.107 - - [17/Jun/2026:15:40:41 +0200] "POST /wp-login.php HTTP/2.0" 200 3368 "https://piacenza.elettroservicegroup.it/wp-login.php" "Mozilla/5.0 (Macintosh; Intel Mac OS X 10_15_7) AppleWebKit/537.36 (KHTML, like Gecko) Chrome/131.0.0.0 Safari/537.36"
65.108.235.243 - - [17/Jun/2026:15:40:40 +0200] "GET /assistenza-lavastoviglie-smeg-piacenza/ HTTP/1.1" 200 21649 "-" "WP Fastest Cache Preload Bot"
172.58.51.168 - - [17/Jun/2026:15:40:45 +0200] "GET /wp-login.php HTTP/2.0" 200 3245 "-" "Mozilla/5.0 (Macintosh; Intel Mac OS X 10_15_7) AppleWebKit/537.36 (KHTML, like Gecko) Chrome/131.0.0.0 Safari/537.36"
65.108.235.243 - - [17/Jun/2026:15:40:44 +0200] "GET /assistenza-lavastoviglie-rex-electrolux-piacenza/ HTTP/1.1" 200 21612 "-" "WP Fastest Cache Preload Bot"
172.58.51.168 - - [17/Jun/2026:15:40:47 +0200] "POST /wp-login.php HTTP/2.0" 200 3368 "https://piacenza.elettroservicegroup.it/wp-login.php" "Mozilla/5.0 (Macintosh; Intel Mac OS X 10_15_7) AppleWebKit/537.36 (KHTML, like Gecko) Chrome/131.0.0.0 Safari/537.36"
65.108.235.243 - - [17/Jun/2026:15:40:48 +0200] "GET /assistenza-lavastoviglie-indesit-piacenza/ HTTP/1.1" 200 22114 "-" "WP Fastest Cache Preload Bot"
65.108.235.243 - - [17/Jun/2026:15:40:51 +0200] "GET /assistenza-lavastoviglie-bosch-piacenza/ HTTP/1.1" 200 22141 "-" "WP Fastest Cache Preload Bot"
65.108.235.243 - - [17/Jun/2026:16:13:42 +0200] "GET /assistenza-lavastoviglie-ariston-piacenza/ HTTP/1.1" 200 22072 "-" "WP Fastest Cache Preload Bot"
170.106.197.109 - - [17/Jun/2026:16:13:43 +0200] "GET / HTTP/1.1" 200 23707 "http://piacenza.elettroservicegroup.it" "Mozilla/5.0 (iPhone; CPU iPhone OS 13_2_3 like Mac OS X) AppleWebKit/605.1.15 (KHTML, like Gecko) Version/13.0.3 Mobile/15E148 Safari/604.1"
65.108.235.243 - - [17/Jun/2026:16:13:42 +0200] "GET /assistenza-lavastoviglie-aeg-piacenza/ HTTP/1.1" 200 22133 "-" "WP Fastest Cache Preload Bot"
65.108.235.243 - - [17/Jun/2026:16:13:43 +0200] "GET /assistenza-lavastoviglie-piacenza/ HTTP/1.1" 200 21752 "-" "WP Fastest Cache Preload Bot"
65.108.235.243 - - [17/Jun/2026:16:13:43 +0200] "GET /assistenza-indesit-piacenza/ HTTP/1.1" 200 21790 "-" "WP Fastest Cache Preload Bot"
72.14.201.17 - - [17/Jun/2026:16:27:50 +0200] "GET / HTTP/2.0" 200 21784 "https://www.google.com/" "Mozilla/5.0 (Linux; Android 10; K) AppleWebKit/537.36 (KHTML, like Gecko) Chrome/149.0.0.0 Mobile Safari/537.36"
65.108.235.243 - - [17/Jun/2026:16:27:54 +0200] "POST /wp-cron.php?doing_wp_cron=1781706474.1103549003601074218750 HTTP/1.1" 200 1 "-" "WordPress/7.0; https://piacenza.elettroservicegroup.it"
66.249.93.139 - - [17/Jun/2026:16:27:50 +0200] "GET /.well-known/traffic-advice HTTP/1.1" 404 16280 "-" "Chrome Privacy Preserving Prefetch Proxy"
65.108.235.243 - - [17/Jun/2026:16:27:54 +0200] "GET /assistenza-candy-piacenza/ HTTP/1.1" 200 21883 "-" "WP Fastest Cache Preload Bot"
65.108.235.243 - - [17/Jun/2026:16:27:56 +0200] "GET /assistenza-bosch-piacenza/ HTTP/1.1" 200 21882 "-" "WP Fastest Cache Preload Bot"
65.108.235.243 - - [17/Jun/2026:16:27:56 +0200] "GET /assistenza-ariston-piacenza/ HTTP/1.1" 200 21876 "-" "WP Fastest Cache Preload Bot"
65.108.235.243 - - [17/Jun/2026:16:27:57 +0200] "GET /assistenza-aeg-piacenza/ HTTP/1.1" 200 21880 "-" "WP Fastest Cache Preload Bot"
5.90.12.190 - - [17/Jun/2026:16:28:17 +0200] "GET /wp-content/cache/wpfc-minified/98f2uwim/2s0xd.css HTTP/2.0" 200 418 "-" "Mozilla/5.0 (Linux; Android 10; K) AppleWebKit/537.36 (KHTML, like Gecko) Chrome/149.0.0.0 Mobile Safari/537.36"
5.90.12.190 - - [17/Jun/2026:16:28:17 +0200] "GET /wp-content/cache/wpfc-minified/lkeozi6d/2s0xd.css HTTP/2.0" 200 7521 "-" "Mozilla/5.0 (Linux; Android 10; K) AppleWebKit/537.36 (KHTML, like Gecko) Chrome/149.0.0.0 Mobile Safari/537.36"
5.90.12.190 - - [17/Jun/2026:16:28:17 +0200] "GET /wp-content/cache/wpfc-minified/qha2vzve/2s0xd.css HTTP/2.0" 200 11336 "-" "Mozilla/5.0 (Linux; Android 10; K) AppleWebKit/537.36 (KHTML, like Gecko) Chrome/149.0.0.0 Mobile Safari/537.36"
5.90.12.190 - - [17/Jun/2026:16:28:17 +0200] "GET / HTTP/2.0" 200 21784 "https://www.google.com/" "Mozilla/5.0 (Linux; Android 10; K) AppleWebKit/537.36 (KHTML, like Gecko) Chrome/149.0.0.0 Mobile Safari/537.36"
5.90.12.190 - - [17/Jun/2026:16:28:17 +0200] "GET /wp-content/uploads/elementor/css/post-14146.css?ver=1781193701 HTTP/2.0" 200 428 "-" "Mozilla/5.0 (Linux; Android 10; K) AppleWebKit/537.36 (KHTML, like Gecko) Chrome/149.0.0.0 Mobile Safari/537.36"
5.90.12.190 - - [17/Jun/2026:16:28:17 +0200] "GET /wp-content/uploads/elementor/css/post-14227.css?ver=1781194643 HTTP/2.0" 200 2273 "-" "Mozilla/5.0 (Linux; Android 10; K) AppleWebKit/537.36 (KHTML, like Gecko) Chrome/149.0.0.0 Mobile Safari/537.36"
5.90.12.190 - - [17/Jun/2026:16:28:17 +0200] "GET /wp-content/cache/wpfc-minified/eujroqks/2s6ut.css HTTP/2.0" 200 16488 "-" "Mozilla/5.0 (Linux; Android 10; K) AppleWebKit/537.36 (KHTML, like Gecko) Chrome/149.0.0.0 Mobile Safari/537.36"
5.90.12.190 - - [17/Jun/2026:16:28:17 +0200] "GET /wp-content/uploads/2022/01/TECNICO-ELETTRODOMESTICI-2.jpg HTTP/2.0" 200 24210 "https://piacenza.elettroservicegroup.it/" "Mozilla/5.0 (Linux; Android 10; K) AppleWebKit/537.36 (KHTML, like Gecko) Chrome/149.0.0.0 Mobile Safari/537.36"
5.90.12.190 - - [17/Jun/2026:16:28:17 +0200] "GET /wp-content/uploads/elementor/css/post-14146.css?ver=1781626728 HTTP/2.0" 200 428 "https://piacenza.elettroservicegroup.it/" "Mozilla/5.0 (Linux; Android 10; K) AppleWebKit/537.36 (KHTML, like Gecko) Chrome/149.0.0.0 Mobile Safari/537.36"
5.90.12.190 - - [17/Jun/2026:16:28:17 +0200] "GET /wp-content/uploads/elementor/css/post-14366.css?ver=1781626728 HTTP/2.0" 200 302 "https://piacenza.elettroservicegroup.it/" "Mozilla/5.0 (Linux; Android 10; K) AppleWebKit/537.36 (KHTML, like Gecko) Chrome/149.0.0.0 Mobile Safari/537.36"
5.90.12.190 - - [17/Jun/2026:16:28:17 +0200] "GET /wp-content/uploads/elementor/css/post-14366.css?ver=1781193701 HTTP/2.0" 200 302 "-" "Mozilla/5.0 (Linux; Android 10; K) AppleWebKit/537.36 (KHTML, like Gecko) Chrome/149.0.0.0 Mobile Safari/537.36"
5.90.12.190 - - [17/Jun/2026:16:28:17 +0200] "GET /wp-content/uploads/elementor/css/post-14227.css?ver=1781629604 HTTP/2.0" 200 2273 "https://piacenza.elettroservicegroup.it/" "Mozilla/5.0 (Linux; Android 10; K) AppleWebKit/537.36 (KHTML, like Gecko) Chrome/149.0.0.0 Mobile Safari/537.36"
5.90.12.190 - - [17/Jun/2026:16:28:17 +0200] "GET /wp-content/cache/wpfc-minified/9h35mpo4/2s0xd.css HTTP/2.0" 200 4410 "https://piacenza.elettroservicegroup.it/" "Mozilla/5.0 (Linux; Android 10; K) AppleWebKit/537.36 (KHTML, like Gecko) Chrome/149.0.0.0 Mobile Safari/537.36"
5.90.12.190 - - [17/Jun/2026:16:28:17 +0200] "GET /wp-content/uploads/2021/10/cropped-cropped-cropped-logo_white_background.png HTTP/2.0" 200 10924 "https://piacenza.elettroservicegroup.it/" "Mozilla/5.0 (Linux; Android 10; K) AppleWebKit/537.36 (KHTML, like Gecko) Chrome/149.0.0.0 Mobile Safari/537.36"
5.90.12.190 - - [17/Jun/2026:16:28:17 +0200] "GET /wp-content/plugins/gp-premium/menu-plus/functions/js/sticky.min.js?ver=2.5.5 HTTP/2.0" 200 2670 "https://piacenza.elettroservicegroup.it/" "Mozilla/5.0 (Linux; Android 10; K) AppleWebKit/537.36 (KHTML, like Gecko) Chrome/149.0.0.0 Mobile Safari/537.36"
5.90.12.190 - - [17/Jun/2026:16:28:17 +0200] "GET /wp-content/cache/wpfc-minified/30gnld0u/2s0xd.css HTTP/2.0" 200 19026 "https://piacenza.elettroservicegroup.it/" "Mozilla/5.0 (Linux; Android 10; K) AppleWebKit/537.36 (KHTML, like Gecko) Chrome/149.0.0.0 Mobile Safari/537.36"
5.90.12.190 - - [17/Jun/2026:16:28:17 +0200] "GET /wp-content/cache/wpfc-minified/6ykfum2g/2s6ua.css HTTP/2.0" 200 14492 "https://piacenza.elettroservicegroup.it/" "Mozilla/5.0 (Linux; Android 10; K) AppleWebKit/537.36 (KHTML, like Gecko) Chrome/149.0.0.0 Mobile Safari/537.36"
5.90.12.190 - - [17/Jun/2026:16:28:17 +0200] "GET /wp-content/cache/wpfc-minified/fhnlhga3/2s0xd.js HTTP/2.0" 200 37594 "https://piacenza.elettroservicegroup.it/" "Mozilla/5.0 (Linux; Android 10; K) AppleWebKit/537.36 (KHTML, like Gecko) Chrome/149.0.0.0 Mobile Safari/537.36"
5.90.12.190 - - [17/Jun/2026:16:28:17 +0200] "GET /wp-content/plugins/elementor/assets/js/webpack.runtime.min.js?ver=4.1.3 HTTP/2.0" 200 2340 "https://piacenza.elettroservicegroup.it/" "Mozilla/5.0 (Linux; Android 10; K) AppleWebKit/537.36 (KHTML, like Gecko) Chrome/149.0.0.0 Mobile Safari/537.36"
5.90.12.190 - - [17/Jun/2026:16:28:17 +0200] "GET /wp-content/plugins/elementor/assets/js/frontend-modules.min.js?ver=4.1.3 HTTP/2.0" 200 15454 "https://piacenza.elettroservicegroup.it/" "Mozilla/5.0 (Linux; Android 10; K) AppleWebKit/537.36 (KHTML, like Gecko) Chrome/149.0.0.0 Mobile Safari/537.36"
5.90.12.190 - - [17/Jun/2026:16:28:17 +0200] "GET /wp-content/themes/generatepress/assets/js/back-to-top.min.js?ver=3.6.1 HTTP/2.0" 200 336 "https://piacenza.elettroservicegroup.it/" "Mozilla/5.0 (Linux; Android 10; K) AppleWebKit/537.36 (KHTML, like Gecko) Chrome/149.0.0.0 Mobile Safari/537.36"
5.90.12.190 - - [17/Jun/2026:16:28:17 +0200] "GET /wp-content/themes/generatepress/assets/js/menu.min.js?ver=3.6.1 HTTP/2.0" 200 1688 "https://piacenza.elettroservicegroup.it/" "Mozilla/5.0 (Linux; Android 10; K) AppleWebKit/537.36 (KHTML, like Gecko) Chrome/149.0.0.0 Mobile Safari/537.36"
5.90.12.190 - - [17/Jun/2026:16:28:17 +0200] "GET /wp-content/plugins/elementor/assets/js/frontend.min.js?ver=4.1.3 HTTP/2.0" 200 10140 "https://piacenza.elettroservicegroup.it/" "Mozilla/5.0 (Linux; Android 10; K) AppleWebKit/537.36 (KHTML, like Gecko) Chrome/149.0.0.0 Mobile Safari/537.36"
5.90.12.190 - - [17/Jun/2026:16:28:17 +0200] "GET /wp-includes/js/jquery/ui/core.min.js?ver=1.13.3 HTTP/2.0" 200 6820 "https://piacenza.elettroservicegroup.it/" "Mozilla/5.0 (Linux; Android 10; K) AppleWebKit/537.36 (KHTML, like Gecko) Chrome/149.0.0.0 Mobile Safari/537.36"
5.90.12.190 - - [17/Jun/2026:16:28:17 +0200] "GET /wp-content/plugins/complianz-gdpr-premium/cookiebanner/js/complianz.min.js?ver=1781539588 HTTP/2.0" 200 10762 "https://piacenza.elettroservicegroup.it/" "Mozilla/5.0 (Linux; Android 10; K) AppleWebKit/537.36 (KHTML, like Gecko) Chrome/149.0.0.0 Mobile Safari/537.36"
5.90.12.190 - - [17/Jun/2026:16:28:17 +0200] "GET /wp-content/plugins/elementor/assets/lib/font-awesome/webfonts/fa-regular-400.woff2 HTTP/2.0" 200 13277 "https://piacenza.elettroservicegroup.it/wp-content/cache/wpfc-minified/eujroqks/2s6ut.css" "Mozilla/5.0 (Linux; Android 10; K) AppleWebKit/537.36 (KHTML, like Gecko) Chrome/149.0.0.0 Mobile Safari/537.36"
5.90.12.190 - - [17/Jun/2026:16:28:17 +0200] "GET /wp-content/uploads/elementor/google-fonts/fonts/roboto-kfo7cnqeu92fr1me7ksn66agldtyluama3yuba.woff2 HTTP/2.0" 200 40132 "https://piacenza.elettroservicegroup.it/wp-content/cache/wpfc-minified/6ykfum2g/2s6ua.css" "Mozilla/5.0 (Linux; Android 10; K) AppleWebKit/537.36 (KHTML, like Gecko) Chrome/149.0.0.0 Mobile Safari/537.36"
5.90.12.190 - - [17/Jun/2026:16:28:17 +0200] "GET /wp-content/plugins/elementor/assets/lib/font-awesome/webfonts/fa-solid-900.woff2 HTTP/2.0" 200 78201 "https://piacenza.elettroservicegroup.it/wp-content/cache/wpfc-minified/eujroqks/2s6ut.css" "Mozilla/5.0 (Linux; Android 10; K) AppleWebKit/537.36 (KHTML, like Gecko) Chrome/149.0.0.0 Mobile Safari/537.36"
5.90.12.190 - - [17/Jun/2026:16:28:17 +0200] "GET /wp-content/uploads/2021/10/asko-e1634463631713.jpg HTTP/2.0" 200 45004 "https://piacenza.elettroservicegroup.it/" "Mozilla/5.0 (Linux; Android 10; K) AppleWebKit/537.36 (KHTML, like Gecko) Chrome/149.0.0.0 Mobile Safari/537.36"
5.90.12.190 - - [17/Jun/2026:16:28:17 +0200] "GET /wp-content/uploads/2021/10/copertina-washing-machine-2668472_1920-1536x1024.jpg HTTP/2.0" 200 92351 "https://piacenza.elettroservicegroup.it/" "Mozilla/5.0 (Linux; Android 10; K) AppleWebKit/537.36 (KHTML, like Gecko) Chrome/149.0.0.0 Mobile Safari/537.36"
5.90.12.190 - - [17/Jun/2026:16:28:18 +0200] "GET /wp-content/plugins/elementor/assets/js/section-frontend-handlers.d85ab872da118940910d.bundle.min.js HTTP/2.0" 200 230 "https://piacenza.elettroservicegroup.it/" "Mozilla/5.0 (Linux; Android 10; K) AppleWebKit/537.36 (KHTML, like Gecko) Chrome/149.0.0.0 Mobile Safari/537.36"
5.90.12.190 - - [17/Jun/2026:16:28:18 +0200] "GET /wp-content/plugins/elementor/assets/js/shared-frontend-handlers.03caa53373b56d3bab67.bundle.min.js HTTP/2.0" 200 2515 "https://piacenza.elettroservicegroup.it/" "Mozilla/5.0 (Linux; Android 10; K) AppleWebKit/537.36 (KHTML, like Gecko) Chrome/149.0.0.0 Mobile Safari/537.36"
5.90.12.190 - - [17/Jun/2026:16:28:18 +0200] "GET /wp-content/plugins/elementor/assets/js/text-editor.45609661e409413f1cef.bundle.min.js HTTP/2.0" 200 592 "https://piacenza.elettroservicegroup.it/" "Mozilla/5.0 (Linux; Android 10; K) AppleWebKit/537.36 (KHTML, like Gecko) Chrome/149.0.0.0 Mobile Safari/537.36"
5.90.12.190 - - [17/Jun/2026:16:28:17 +0200] "GET /wp-json/complianz/v1/banner?lang=it&locale=it_IT&token=jtedg HTTP/2.0" 200 81 "https://piacenza.elettroservicegroup.it/" "Mozilla/5.0 (Linux; Android 10; K) AppleWebKit/537.36 (KHTML, like Gecko) Chrome/149.0.0.0 Mobile Safari/537.36"
5.90.12.190 - - [17/Jun/2026:16:28:18 +0200] "GET /wp-content/uploads/complianz/css/banner-1-optin.css?v=40 HTTP/2.0" 200 2857 "https://piacenza.elettroservicegroup.it/" "Mozilla/5.0 (Linux; Android 10; K) AppleWebKit/537.36 (KHTML, like Gecko) Chrome/149.0.0.0 Mobile Safari/537.36"
5.90.12.190 - - [17/Jun/2026:16:28:18 +0200] "GET /wp-content/uploads/2021/10/cropped-cropped-cropped-cropped-logo_white_background-192x192.png HTTP/2.0" 200 3844 "https://piacenza.elettroservicegroup.it/" "Mozilla/5.0 (Linux; Android 10; K) AppleWebKit/537.36 (KHTML, like Gecko) Chrome/149.0.0.0 Mobile Safari/537.36"
5.90.12.190 - - [17/Jun/2026:16:28:18 +0200] "GET /wp-content/uploads/2021/10/cropped-cropped-cropped-cropped-logo_white_background-180x180.png HTTP/2.0" 200 3630 "https://piacenza.elettroservicegroup.it/" "Mozilla/5.0 (Linux; Android 10; K) AppleWebKit/537.36 (KHTML, like Gecko) Chrome/149.0.0.0 Mobile Safari/537.36"
5.90.12.190 - - [17/Jun/2026:16:28:18 +0200] "GET /wp-json/complianz/v1/cookie_data HTTP/2.0" 200 69 "https://piacenza.elettroservicegroup.it/" "Mozilla/5.0 (Linux; Android 10; K) AppleWebKit/537.36 (KHTML, like Gecko) Chrome/149.0.0.0 Mobile Safari/537.36"
5.90.12.190 - - [17/Jun/2026:16:28:20 +0200] "POST /wp-json/complianz/v1/track HTTP/2.0" 200 20 "https://piacenza.elettroservicegroup.it/" "Mozilla/5.0 (Linux; Android 10; K) AppleWebKit/537.36 (KHTML, like Gecko) Chrome/149.0.0.0 Mobile Safari/537.36"
5.90.12.190 - - [17/Jun/2026:16:28:25 +0200] "GET /wp-content/uploads/2022/01/copertina-Riparazione_Lavastoviglie-1-12.jpg HTTP/2.0" 200 35425 "https://piacenza.elettroservicegroup.it/" "Mozilla/5.0 (Linux; Android 10; K) AppleWebKit/537.36 (KHTML, like Gecko) Chrome/149.0.0.0 Mobile Safari/537.36"
5.90.12.190 - - [17/Jun/2026:16:28:27 +0200] "GET /wp-content/uploads/2021/11/Frigorifero-combinato.jpg HTTP/2.0" 200 40876 "https://piacenza.elettroservicegroup.it/" "Mozilla/5.0 (Linux; Android 10; K) AppleWebKit/537.36 (KHTML, like Gecko) Chrome/149.0.0.0 Mobile Safari/537.36"
5.90.12.190 - - [17/Jun/2026:16:28:30 +0200] "GET /wp-content/uploads/2022/01/forno-c.jpg HTTP/2.0" 200 51020 "https://piacenza.elettroservicegroup.it/" "Mozilla/5.0 (Linux; Android 10; K) AppleWebKit/537.36 (KHTML, like Gecko) Chrome/149.0.0.0 Mobile Safari/537.36"
5.90.12.190 - - [17/Jun/2026:16:28:34 +0200] "GET /wp-content/uploads/2022/01/TECNICO-FRIGO-2-1.jpg HTTP/2.0" 200 45005 "https://piacenza.elettroservicegroup.it/" "Mozilla/5.0 (Linux; Android 10; K) AppleWebKit/537.36 (KHTML, like Gecko) Chrome/149.0.0.0 Mobile Safari/537.36"
65.108.235.243 - - [17/Jun/2026:16:28:34 +0200] "POST /wp-cron.php?doing_wp_cron=1781706514.4236409664154052734375 HTTP/1.1" 200 1 "-" "WordPress/7.0; https://piacenza.elettroservicegroup.it"
5.90.12.190 - - [17/Jun/2026:16:28:34 +0200] "GET /assistenza-lavatrici-piacenza HTTP/2.0" 301 1 "https://piacenza.elettroservicegroup.it/" "Mozilla/5.0 (Linux; Android 10; K) AppleWebKit/537.36 (KHTML, like Gecko) Chrome/149.0.0.0 Mobile Safari/537.36"
5.90.12.190 - - [17/Jun/2026:16:28:34 +0200] "GET /assistenza-lavatrici-piacenza/ HTTP/2.0" 200 21985 "https://piacenza.elettroservicegroup.it/" "Mozilla/5.0 (Linux; Android 10; K) AppleWebKit/537.36 (KHTML, like Gecko) Chrome/149.0.0.0 Mobile Safari/537.36"
5.90.12.190 - - [17/Jun/2026:16:28:36 +0200] "GET /wp-content/uploads/2022/01/tecnico-elettro-3.jpg HTTP/2.0" 200 59916 "https://piacenza.elettroservicegroup.it/" "Mozilla/5.0 (Linux; Android 10; K) AppleWebKit/537.36 (KHTML, like Gecko) Chrome/149.0.0.0 Mobile Safari/537.36"
5.90.12.190 - - [17/Jun/2026:16:28:35 +0200] "GET /assistenza-frigoriferi HTTP/2.0" 301 1 "https://piacenza.elettroservicegroup.it/" "Mozilla/5.0 (Linux; Android 10; K) AppleWebKit/537.36 (KHTML, like Gecko) Chrome/149.0.0.0 Mobile Safari/537.36"
5.90.12.190 - - [17/Jun/2026:16:28:36 +0200] "GET /assistenza-frigoriferi/ HTTP/2.0" 200 19860 "https://piacenza.elettroservicegroup.it/" "Mozilla/5.0 (Linux; Android 10; K) AppleWebKit/537.36 (KHTML, like Gecko) Chrome/149.0.0.0 Mobile Safari/537.36"
5.90.12.190 - - [17/Jun/2026:16:28:36 +0200] "GET /assistenza-forni-elettrici HTTP/2.0" 404 16255 "https://piacenza.elettroservicegroup.it/" "Mozilla/5.0 (Linux; Android 10; K) AppleWebKit/537.36 (KHTML, like Gecko) Chrome/149.0.0.0 Mobile Safari/537.36"
40.77.167.22 - - [17/Jun/2026:16:42:07 +0200] "GET /assistenza-whirlpool-piacenza/ HTTP/2.0" 200 21819 "-" "Mozilla/5.0 AppleWebKit/537.36 (KHTML, like Gecko; compatible; bingbot/2.0; +http://www.bing.com/bingbot.htm) Chrome/116.0.1938.76 Safari/537.36"
40.77.167.254 - - [17/Jun/2026:16:42:24 +0200] "GET /wp-content/uploads/elementor/css/post-16991.css?ver=1781631959 HTTP/2.0" 200 2001 "https://piacenza.elettroservicegroup.it/assistenza-whirlpool-piacenza/" "Mozilla/5.0 AppleWebKit/537.36 (KHTML, like Gecko; compatible; bingbot/2.0; +http://www.bing.com/bingbot.htm) Chrome/136.0.0.0 Safari/537.36 AppleWebKit/537.36 (KHTML, like Gecko; compatible; bingbot/2.0; +http://www.bing.com/bingbot.htm) Chrome/116.0.1938.76 Safari/537.36"
91.202.56.174 - - [17/Jun/2026:17:31:56 +0200] "POST /xmlrpc.php HTTP/1.1" 403 52 "-" "Python-xmlrpc/3.10"
91.202.56.174 - - [17/Jun/2026:17:32:01 +0200] "GET /wp-login.php HTTP/1.1" 200 3567 "-" "Mozilla/5.0 (Macintosh; Intel Mac OS X 10_12_6) AppleWebKit/603.3.8 (KHTML, like Gecko) Version/10.1.2 Safari/603.3.8"
65.108.235.243 - - [17/Jun/2026:17:32:01 +0200] "GET /cookie-policy/ HTTP/1.1" 200 17994 "-" "WP Fastest Cache Preload Bot"
91.202.56.174 - - [17/Jun/2026:17:32:04 +0200] "GET /wp-login.php HTTP/1.1" 200 3567 "-" "Mozilla/5.0 (Macintosh; Intel Mac OS X 10_12_6) AppleWebKit/603.3.8 (KHTML, like Gecko) Version/10.1.2 Safari/603.3.8"
65.108.235.243 - - [17/Jun/2026:17:32:03 +0200] "GET /termini-e-condizioni/ HTTP/1.1" 200 17562 "-" "WP Fastest Cache Preload Bot"
65.108.235.243 - - [17/Jun/2026:17:32:06 +0200] "GET /cookie-policy-ue/ HTTP/1.1" 200 19412 "-" "WP Fastest Cache Preload Bot"
91.202.56.174 - - [17/Jun/2026:17:32:08 +0200] "GET /wp-admin/post-new.php HTTP/1.1" 302 - "-" "Mozilla/5.0 (Macintosh; Intel Mac OS X 10_12_6) AppleWebKit/603.3.8 (KHTML, like Gecko) Version/10.1.2 Safari/603.3.8"
91.202.56.174 - - [17/Jun/2026:17:32:10 +0200] "GET /wp-login.php?redirect_to=https%3A%2F%2Fpiacenza.elettroservicegroup.it%2Fwp-admin%2Fpost-new.php&reauth=1 HTTP/1.1" 200 3571 "-" "Mozilla/5.0 (Macintosh; Intel Mac OS X 10_12_6) AppleWebKit/603.3.8 (KHTML, like Gecko) Version/10.1.2 Safari/603.3.8"
65.108.235.243 - - [17/Jun/2026:17:32:10 +0200] "GET /informativa-privacy/ HTTP/1.1" 200 19803 "-" "WP Fastest Cache Preload Bot"
65.108.235.243 - - [17/Jun/2026:17:32:13 +0200] "POST /wp-json/complianz/v1/wsc-scan HTTP/1.1" 400 88 "-" "WordPress/7.0; https://piacenza.elettroservicegroup.it"
130.49.115.102 - - [17/Jun/2026:17:59:18 +0200] "GET /wp-login.php HTTP/2.0" 200 11699 "-" "Mozilla/5.0 (Macintosh; Intel Mac OS X 10_15_7) AppleWebKit/537.36 (KHTML, like Gecko) Chrome/120.0 Safari/537.36"
130.49.115.102 - - [17/Jun/2026:17:59:18 +0200] "POST /wp-login.php HTTP/2.0" 200 11699 "https://piacenza.elettroservicegroup.it/wp-login.php" "Mozilla/5.0 (Macintosh; Intel Mac OS X 10_15_7) AppleWebKit/537.36 (KHTML, like Gecko) Chrome/120.0 Safari/537.36"
155.212.37.95 - - [17/Jun/2026:17:59:19 +0200] "GET /wp-login.php HTTP/2.0" 200 11769 "-" "Mozilla/5.0 (Macintosh; Intel Mac OS X 10_15_7) AppleWebKit/537.36 (KHTML, like Gecko) Chrome/120.0 Safari/537.36"
155.212.37.95 - - [17/Jun/2026:17:59:19 +0200] "POST /wp-login.php HTTP/2.0" 200 11769 "https://piacenza.elettroservicegroup.it/wp-login.php" "Mozilla/5.0 (Macintosh; Intel Mac OS X 10_15_7) AppleWebKit/537.36 (KHTML, like Gecko) Chrome/120.0 Safari/537.36"
185.81.144.228 - - [17/Jun/2026:17:59:20 +0200] "GET /wp-login.php HTTP/2.0" 200 11730 "-" "Mozilla/5.0 (Macintosh; Intel Mac OS X 10_15_7) AppleWebKit/537.36 (KHTML, like Gecko) Chrome/120.0 Safari/537.36"
185.81.144.228 - - [17/Jun/2026:17:59:20 +0200] "POST /wp-login.php HTTP/2.0" 200 11730 "https://piacenza.elettroservicegroup.it/wp-login.php" "Mozilla/5.0 (Macintosh; Intel Mac OS X 10_15_7) AppleWebKit/537.36 (KHTML, like Gecko) Chrome/120.0 Safari/537.36"
65.108.235.243 - - [17/Jun/2026:17:59:24 +0200] "POST /wp-cron.php?doing_wp_cron=1781711964.0911669731140136718750 HTTP/1.1" 200 1 "-" "WordPress/7.0; https://piacenza.elettroservicegroup.it"
45.135.1.107 - - [17/Jun/2026:17:59:21 +0200] "GET /wp-login.php HTTP/2.0" 200 3245 "-" "Mozilla/5.0 (Macintosh; Intel Mac OS X 10_15_7) AppleWebKit/537.36 (KHTML, like Gecko) Chrome/120.0 Safari/537.36"
45.135.1.107 - - [17/Jun/2026:17:59:24 +0200] "POST /wp-login.php HTTP/2.0" 503 6754 "https://piacenza.elettroservicegroup.it/wp-login.php" "Mozilla/5.0 (Macintosh; Intel Mac OS X 10_15_7) AppleWebKit/537.36 (KHTML, like Gecko) Chrome/120.0 Safari/537.36"
130.49.115.102 - - [17/Jun/2026:17:59:26 +0200] "POST /xmlrpc.php HTTP/2.0" 200 11622 "-" "Mozilla/5.0 (Macintosh; Intel Mac OS X 10_15_7) AppleWebKit/537.36 (KHTML, like Gecko) Chrome/120.0 Safari/537.36"
65.108.235.243 - - [17/Jun/2026:17:59:25 +0200] "GET /assistenza-frigoriferi/ HTTP/1.1" 200 19881 "-" "WP Fastest Cache Preload Bot"
65.108.235.243 - - [17/Jun/2026:17:59:27 +0200] "GET /assistenza-lavastoviglie/ HTTP/1.1" 200 19937 "-" "WP Fastest Cache Preload Bot"
65.108.235.243 - - [17/Jun/2026:17:59:29 +0200] "GET /assistenza-asciugatrici/ HTTP/1.1" 200 19697 "-" "WP Fastest Cache Preload Bot"
65.108.235.243 - - [17/Jun/2026:17:59:33 +0200] "GET /assistenza-lavatrici/ HTTP/1.1" 200 19431 "-" "WP Fastest Cache Preload Bot"
65.108.235.243 - - [17/Jun/2026:18:00:15 +0200] "POST /wp-cron.php?doing_wp_cron=1781712015.2710459232330322265625 HTTP/1.1" 200 1 "-" "WordPress/7.0; https://piacenza.elettroservicegroup.it"
66.249.64.165 - - [17/Jun/2026:18:00:10 +0200] "GET /assistenza-whirlpool-castel-san-giovanni/ HTTP/1.1" 404 16270 "-" "Mozilla/5.0 (Linux; Android 6.0.1; Nexus 5X Build/MMB29P) AppleWebKit/537.36 (KHTML, like Gecko) Chrome/148.0.7778.96 Mobile Safari/537.36 (compatible; Googlebot/2.1; +http://www.google.com/bot.html)"
65.108.235.243 - - [17/Jun/2026:18:00:15 +0200] "GET / HTTP/1.1" 200 21807 "-" "WP Fastest Cache Preload Bot"
40.77.167.56 - - [17/Jun/2026:18:10:37 +0200] "GET /assistenza-lavatrici-piacenza/ HTTP/2.0" 200 21985 "-" "Mozilla/5.0 AppleWebKit/537.36 (KHTML, like Gecko; compatible; bingbot/2.0; +http://www.bing.com/bingbot.htm) Chrome/116.0.1938.76 Safari/537.36"
65.108.235.243 - - [17/Jun/2026:18:11:09 +0200] "POST /wp-cron.php?doing_wp_cron=1781712669.5054810047149658203125 HTTP/1.1" 200 1 "-" "WordPress/7.0; https://piacenza.elettroservicegroup.it"
52.167.144.222 - - [17/Jun/2026:18:11:04 +0200] "GET /wp-content/uploads/elementor/css/post-16936.css?ver=1781645834 HTTP/2.0" 404 17569 "https://piacenza.elettroservicegroup.it/assistenza-lavatrici-piacenza/" "Mozilla/5.0 AppleWebKit/537.36 (KHTML, like Gecko; compatible; bingbot/2.0; +http://www.bing.com/bingbot.htm) Chrome/136.0.0.0 Safari/537.36 AppleWebKit/537.36 (KHTML, like Gecko; compatible; bingbot/2.0; +http://www.bing.com/bingbot.htm) Chrome/116.0.1938.76 Safari/537.36"
101.57.113.74 - - [17/Jun/2026:18:12:34 +0200] "GET /assistenza-smeg-piacenza/ HTTP/2.0" 200 21769 "https://www.google.it/" "Mozilla/5.0 (iPhone; CPU iPhone OS 15_8_8 like Mac OS X) AppleWebKit/605.1.15 (KHTML, like Gecko) Version/15.6.8 Mobile/15E148 Safari/604.1"
101.57.113.74 - - [17/Jun/2026:18:12:35 +0200] "GET /wp-content/uploads/elementor/css/post-14146.css?ver=1781626728 HTTP/2.0" 200 428 "https://piacenza.elettroservicegroup.it/assistenza-smeg-piacenza/" "Mozilla/5.0 (iPhone; CPU iPhone OS 15_8_8 like Mac OS X) AppleWebKit/605.1.15 (KHTML, like Gecko) Version/15.6.8 Mobile/15E148 Safari/604.1"
101.57.113.74 - - [17/Jun/2026:18:12:35 +0200] "GET /wp-content/cache/wpfc-minified/98f2uwim/2s0xd.css HTTP/2.0" 200 418 "https://piacenza.elettroservicegroup.it/assistenza-smeg-piacenza/" "Mozilla/5.0 (iPhone; CPU iPhone OS 15_8_8 like Mac OS X) AppleWebKit/605.1.15 (KHTML, like Gecko) Version/15.6.8 Mobile/15E148 Safari/604.1"
101.57.113.74 - - [17/Jun/2026:18:12:35 +0200] "GET /wp-content/cache/wpfc-minified/lkeozi6d/2s0xd.css HTTP/2.0" 200 7521 "https://piacenza.elettroservicegroup.it/assistenza-smeg-piacenza/" "Mozilla/5.0 (iPhone; CPU iPhone OS 15_8_8 like Mac OS X) AppleWebKit/605.1.15 (KHTML, like Gecko) Version/15.6.8 Mobile/15E148 Safari/604.1"
101.57.113.74 - - [17/Jun/2026:18:12:35 +0200] "GET /wp-content/uploads/elementor/css/post-14366.css?ver=1781626728 HTTP/2.0" 200 302 "https://piacenza.elettroservicegroup.it/assistenza-smeg-piacenza/" "Mozilla/5.0 (iPhone; CPU iPhone OS 15_8_8 like Mac OS X) AppleWebKit/605.1.15 (KHTML, like Gecko) Version/15.6.8 Mobile/15E148 Safari/604.1"
101.57.113.74 - - [17/Jun/2026:18:12:35 +0200] "GET /wp-content/plugins/elementor/assets/js/webpack.runtime.min.js?ver=4.1.3 HTTP/2.0" 200 2340 "https://piacenza.elettroservicegroup.it/assistenza-smeg-piacenza/" "Mozilla/5.0 (iPhone; CPU iPhone OS 15_8_8 like Mac OS X) AppleWebKit/605.1.15 (KHTML, like Gecko) Version/15.6.8 Mobile/15E148 Safari/604.1"
101.57.113.74 - - [17/Jun/2026:18:12:35 +0200] "GET /wp-content/cache/wpfc-minified/5g6kml4/2s6ua.css HTTP/2.0" 200 16441 "https://piacenza.elettroservicegroup.it/assistenza-smeg-piacenza/" "Mozilla/5.0 (iPhone; CPU iPhone OS 15_8_8 like Mac OS X) AppleWebKit/605.1.15 (KHTML, like Gecko) Version/15.6.8 Mobile/15E148 Safari/604.1"
101.57.113.74 - - [17/Jun/2026:18:12:35 +0200] "GET /wp-content/cache/wpfc-minified/qha2vzve/2s0xd.css HTTP/2.0" 200 11336 "https://piacenza.elettroservicegroup.it/assistenza-smeg-piacenza/" "Mozilla/5.0 (iPhone; CPU iPhone OS 15_8_8 like Mac OS X) AppleWebKit/605.1.15 (KHTML, like Gecko) Version/15.6.8 Mobile/15E148 Safari/604.1"
101.57.113.74 - - [17/Jun/2026:18:12:35 +0200] "GET /wp-content/plugins/gp-premium/menu-plus/functions/js/sticky.min.js?ver=2.5.5 HTTP/2.0" 200 2670 "https://piacenza.elettroservicegroup.it/assistenza-smeg-piacenza/" "Mozilla/5.0 (iPhone; CPU iPhone OS 15_8_8 like Mac OS X) AppleWebKit/605.1.15 (KHTML, like Gecko) Version/15.6.8 Mobile/15E148 Safari/604.1"
101.57.113.74 - - [17/Jun/2026:18:12:35 +0200] "GET /wp-content/cache/wpfc-minified/9h35mpo4/2s0xd.css HTTP/2.0" 200 4410 "https://piacenza.elettroservicegroup.it/assistenza-smeg-piacenza/" "Mozilla/5.0 (iPhone; CPU iPhone OS 15_8_8 like Mac OS X) AppleWebKit/605.1.15 (KHTML, like Gecko) Version/15.6.8 Mobile/15E148 Safari/604.1"
101.57.113.74 - - [17/Jun/2026:18:12:35 +0200] "GET /wp-content/themes/generatepress/assets/js/back-to-top.min.js?ver=3.6.1 HTTP/2.0" 200 336 "https://piacenza.elettroservicegroup.it/assistenza-smeg-piacenza/" "Mozilla/5.0 (iPhone; CPU iPhone OS 15_8_8 like Mac OS X) AppleWebKit/605.1.15 (KHTML, like Gecko) Version/15.6.8 Mobile/15E148 Safari/604.1"
101.57.113.74 - - [17/Jun/2026:18:12:35 +0200] "GET /wp-content/themes/generatepress/assets/js/menu.min.js?ver=3.6.1 HTTP/2.0" 200 1688 "https://piacenza.elettroservicegroup.it/assistenza-smeg-piacenza/" "Mozilla/5.0 (iPhone; CPU iPhone OS 15_8_8 like Mac OS X) AppleWebKit/605.1.15 (KHTML, like Gecko) Version/15.6.8 Mobile/15E148 Safari/604.1"
101.57.113.74 - - [17/Jun/2026:18:12:35 +0200] "GET /wp-content/plugins/elementor/assets/js/frontend-modules.min.js?ver=4.1.3 HTTP/2.0" 200 15454 "https://piacenza.elettroservicegroup.it/assistenza-smeg-piacenza/" "Mozilla/5.0 (iPhone; CPU iPhone OS 15_8_8 like Mac OS X) AppleWebKit/605.1.15 (KHTML, like Gecko) Version/15.6.8 Mobile/15E148 Safari/604.1"
101.57.113.74 - - [17/Jun/2026:18:12:35 +0200] "GET /wp-includes/js/jquery/ui/core.min.js?ver=1.13.3 HTTP/2.0" 200 6820 "https://piacenza.elettroservicegroup.it/assistenza-smeg-piacenza/" "Mozilla/5.0 (iPhone; CPU iPhone OS 15_8_8 like Mac OS X) AppleWebKit/605.1.15 (KHTML, like Gecko) Version/15.6.8 Mobile/15E148 Safari/604.1"
101.57.113.74 - - [17/Jun/2026:18:12:35 +0200] "GET /wp-content/plugins/elementor/assets/js/frontend.min.js?ver=4.1.3 HTTP/2.0" 200 10140 "https://piacenza.elettroservicegroup.it/assistenza-smeg-piacenza/" "Mozilla/5.0 (iPhone; CPU iPhone OS 15_8_8 like Mac OS X) AppleWebKit/605.1.15 (KHTML, like Gecko) Version/15.6.8 Mobile/15E148 Safari/604.1"
101.57.113.74 - - [17/Jun/2026:18:12:35 +0200] "GET /wp-content/plugins/complianz-gdpr-premium/cookiebanner/js/complianz.min.js?ver=1781539588 HTTP/2.0" 200 10762 "https://piacenza.elettroservicegroup.it/assistenza-smeg-piacenza/" "Mozilla/5.0 (iPhone; CPU iPhone OS 15_8_8 like Mac OS X) AppleWebKit/605.1.15 (KHTML, like Gecko) Version/15.6.8 Mobile/15E148 Safari/604.1"
101.57.113.74 - - [17/Jun/2026:18:12:35 +0200] "GET /wp-content/cache/wpfc-minified/6ykfum2g/2s6ua.css HTTP/2.0" 200 14492 "https://piacenza.elettroservicegroup.it/assistenza-smeg-piacenza/" "Mozilla/5.0 (iPhone; CPU iPhone OS 15_8_8 like Mac OS X) AppleWebKit/605.1.15 (KHTML, like Gecko) Version/15.6.8 Mobile/15E148 Safari/604.1"
101.57.113.74 - - [17/Jun/2026:18:12:35 +0200] "GET /wp-content/cache/wpfc-minified/30gnld0u/2s0xd.css HTTP/2.0" 200 19026 "https://piacenza.elettroservicegroup.it/assistenza-smeg-piacenza/" "Mozilla/5.0 (iPhone; CPU iPhone OS 15_8_8 like Mac OS X) AppleWebKit/605.1.15 (KHTML, like Gecko) Version/15.6.8 Mobile/15E148 Safari/604.1"
101.57.113.74 - - [17/Jun/2026:18:12:35 +0200] "GET /wp-content/cache/wpfc-minified/fhnlhga3/2s0xd.js HTTP/2.0" 200 37594 "https://piacenza.elettroservicegroup.it/assistenza-smeg-piacenza/" "Mozilla/5.0 (iPhone; CPU iPhone OS 15_8_8 like Mac OS X) AppleWebKit/605.1.15 (KHTML, like Gecko) Version/15.6.8 Mobile/15E148 Safari/604.1"
101.57.113.74 - - [17/Jun/2026:18:12:35 +0200] "GET /wp-content/uploads/2021/10/cropped-cropped-cropped-logo_white_background.png HTTP/2.0" 200 10924 "https://piacenza.elettroservicegroup.it/assistenza-smeg-piacenza/" "Mozilla/5.0 (iPhone; CPU iPhone OS 15_8_8 like Mac OS X) AppleWebKit/605.1.15 (KHTML, like Gecko) Version/15.6.8 Mobile/15E148 Safari/604.1"
101.57.113.74 - - [17/Jun/2026:18:12:35 +0200] "GET /wp-content/uploads/2022/01/elet1-7-1024x463.jpg HTTP/2.0" 200 30741 "https://piacenza.elettroservicegroup.it/assistenza-smeg-piacenza/" "Mozilla/5.0 (iPhone; CPU iPhone OS 15_8_8 like Mac OS X) AppleWebKit/605.1.15 (KHTML, like Gecko) Version/15.6.8 Mobile/15E148 Safari/604.1"
65.108.235.243 - - [17/Jun/2026:18:12:42 +0200] "POST /wp-cron.php?doing_wp_cron=1781712762.3106720447540283203125 HTTP/1.1" 200 1 "-" "WordPress/7.0; https://piacenza.elettroservicegroup.it"
101.57.113.74 - - [17/Jun/2026:18:12:35 +0200] "GET /wp-content/uploads/elementor/css/post-16987.css?ver=1781631967 HTTP/2.0" 404 17569 "https://piacenza.elettroservicegroup.it/assistenza-smeg-piacenza/" "Mozilla/5.0 (iPhone; CPU iPhone OS 15_8_8 like Mac OS X) AppleWebKit/605.1.15 (KHTML, like Gecko) Version/15.6.8 Mobile/15E148 Safari/604.1"
101.57.113.74 - - [17/Jun/2026:18:12:42 +0200] "GET /wp-content/plugins/elementor/assets/lib/font-awesome/webfonts/fa-regular-400.woff2 HTTP/2.0" 200 13277 "https://piacenza.elettroservicegroup.it/assistenza-smeg-piacenza/" "Mozilla/5.0 (iPhone; CPU iPhone OS 15_8_8 like Mac OS X) AppleWebKit/605.1.15 (KHTML, like Gecko) Version/15.6.8 Mobile/15E148 Safari/604.1"
101.57.113.74 - - [17/Jun/2026:18:12:42 +0200] "GET /wp-content/uploads/elementor/google-fonts/fonts/robotoslab-bngmuxzytxpivibgjjsb6ufn5qu.woff2 HTTP/2.0" 200 34328 "https://piacenza.elettroservicegroup.it/assistenza-smeg-piacenza/" "Mozilla/5.0 (iPhone; CPU iPhone OS 15_8_8 like Mac OS X) AppleWebKit/605.1.15 (KHTML, like Gecko) Version/15.6.8 Mobile/15E148 Safari/604.1"
101.57.113.74 - - [17/Jun/2026:18:12:42 +0200] "GET /wp-content/plugins/elementor/assets/lib/font-awesome/webfonts/fa-solid-900.woff2 HTTP/2.0" 200 78201 "https://piacenza.elettroservicegroup.it/assistenza-smeg-piacenza/" "Mozilla/5.0 (iPhone; CPU iPhone OS 15_8_8 like Mac OS X) AppleWebKit/605.1.15 (KHTML, like Gecko) Version/15.6.8 Mobile/15E148 Safari/604.1"
101.57.113.74 - - [17/Jun/2026:18:12:42 +0200] "GET /wp-content/uploads/elementor/google-fonts/fonts/roboto-kfo7cnqeu92fr1me7ksn66agldtyluama3yuba.woff2 HTTP/2.0" 200 40132 "https://piacenza.elettroservicegroup.it/assistenza-smeg-piacenza/" "Mozilla/5.0 (iPhone; CPU iPhone OS 15_8_8 like Mac OS X) AppleWebKit/605.1.15 (KHTML, like Gecko) Version/15.6.8 Mobile/15E148 Safari/604.1"
101.57.113.74 - - [17/Jun/2026:18:12:43 +0200] "GET /wp-content/plugins/elementor/assets/js/section-frontend-handlers.d85ab872da118940910d.bundle.min.js HTTP/2.0" 200 230 "https://piacenza.elettroservicegroup.it/assistenza-smeg-piacenza/" "Mozilla/5.0 (iPhone; CPU iPhone OS 15_8_8 like Mac OS X) AppleWebKit/605.1.15 (KHTML, like Gecko) Version/15.6.8 Mobile/15E148 Safari/604.1"
101.57.113.74 - - [17/Jun/2026:18:12:43 +0200] "GET /wp-content/plugins/elementor/assets/js/text-editor.45609661e409413f1cef.bundle.min.js HTTP/2.0" 200 592 "https://piacenza.elettroservicegroup.it/assistenza-smeg-piacenza/" "Mozilla/5.0 (iPhone; CPU iPhone OS 15_8_8 like Mac OS X) AppleWebKit/605.1.15 (KHTML, like Gecko) Version/15.6.8 Mobile/15E148 Safari/604.1"
101.57.113.74 - - [17/Jun/2026:18:12:43 +0200] "GET /wp-content/plugins/elementor/assets/js/shared-frontend-handlers.03caa53373b56d3bab67.bundle.min.js HTTP/2.0" 200 2515 "https://piacenza.elettroservicegroup.it/assistenza-smeg-piacenza/" "Mozilla/5.0 (iPhone; CPU iPhone OS 15_8_8 like Mac OS X) AppleWebKit/605.1.15 (KHTML, like Gecko) Version/15.6.8 Mobile/15E148 Safari/604.1"
101.57.113.74 - - [17/Jun/2026:18:12:43 +0200] "GET /wp-content/uploads/2022/01/lavastoviglie2-2-300x200.jpg HTTP/2.0" 200 21099 "https://piacenza.elettroservicegroup.it/assistenza-smeg-piacenza/" "Mozilla/5.0 (iPhone; CPU iPhone OS 15_8_8 like Mac OS X) AppleWebKit/605.1.15 (KHTML, like Gecko) Version/15.6.8 Mobile/15E148 Safari/604.1"
101.57.113.74 - - [17/Jun/2026:18:12:42 +0200] "GET /wp-json/complianz/v1/banner?lang=it&locale=it_IT&token=jzhfz HTTP/2.0" 200 81 "https://piacenza.elettroservicegroup.it/assistenza-smeg-piacenza/" "Mozilla/5.0 (iPhone; CPU iPhone OS 15_8_8 like Mac OS X) AppleWebKit/605.1.15 (KHTML, like Gecko) Version/15.6.8 Mobile/15E148 Safari/604.1"
101.57.113.74 - - [17/Jun/2026:18:12:43 +0200] "GET /wp-content/uploads/complianz/css/banner-1-optin.css?v=40 HTTP/2.0" 200 2857 "https://piacenza.elettroservicegroup.it/assistenza-smeg-piacenza/" "Mozilla/5.0 (iPhone; CPU iPhone OS 15_8_8 like Mac OS X) AppleWebKit/605.1.15 (KHTML, like Gecko) Version/15.6.8 Mobile/15E148 Safari/604.1"
101.57.113.74 - - [17/Jun/2026:18:12:44 +0200] "GET /wp-content/uploads/2021/10/cropped-cropped-cropped-cropped-logo_white_background-192x192.png HTTP/2.0" 200 8888 "https://piacenza.elettroservicegroup.it/assistenza-smeg-piacenza/" "Mozilla/5.0 (iPhone; CPU iPhone OS 15_8_8 like Mac OS X) AppleWebKit/605.1.15 (KHTML, like Gecko) Version/15.6.8 Mobile/15E148 Safari/604.1"
101.57.113.74 - - [17/Jun/2026:18:12:44 +0200] "GET /wp-content/uploads/2021/10/cropped-cropped-cropped-cropped-logo_white_background-32x32.png HTTP/2.0" 200 1242 "https://piacenza.elettroservicegroup.it/assistenza-smeg-piacenza/" "Mozilla/5.0 (iPhone; CPU iPhone OS 15_8_8 like Mac OS X) AppleWebKit/605.1.15 (KHTML, like Gecko) Version/15.6.8 Mobile/15E148 Safari/604.1"
101.57.113.74 - - [17/Jun/2026:18:12:43 +0200] "GET /wp-json/complianz/v1/cookie_data HTTP/2.0" 200 69 "https://piacenza.elettroservicegroup.it/assistenza-smeg-piacenza/" "Mozilla/5.0 (iPhone; CPU iPhone OS 15_8_8 like Mac OS X) AppleWebKit/605.1.15 (KHTML, like Gecko) Version/15.6.8 Mobile/15E148 Safari/604.1"
101.57.113.74 - - [17/Jun/2026:18:12:47 +0200] "POST /wp-json/complianz/v1/track HTTP/2.0" 200 20 "https://piacenza.elettroservicegroup.it/assistenza-smeg-piacenza/" "Mozilla/5.0 (iPhone; CPU iPhone OS 15_8_8 like Mac OS X) AppleWebKit/605.1.15 (KHTML, like Gecko) Version/15.6.8 Mobile/15E148 Safari/604.1"
101.57.113.74 - - [17/Jun/2026:18:12:56 +0200] "GET /wp-content/uploads/2022/01/copertina-Riparazione_Lavastoviglie-1-5.jpg HTTP/2.0" 200 35425 "https://piacenza.elettroservicegroup.it/assistenza-smeg-piacenza/" "Mozilla/5.0 (iPhone; CPU iPhone OS 15_8_8 like Mac OS X) AppleWebKit/605.1.15 (KHTML, like Gecko) Version/15.6.8 Mobile/15E148 Safari/604.1"
17.246.15.184 - - [17/Jun/2026:18:13:10 +0200] "GET /wp-content/uploads/2022/01/logo-rex-electrolux2-e1641220584995-768x365-1-300x143.jpg HTTP/2.0" 200 3066 "-" "Mozilla/5.0 (Macintosh; Intel Mac OS X 10_15_7) AppleWebKit/605.1.15 (KHTML, like Gecko) Version/17.4 Safari/605.1.15 (Applebot/0.1; +http://www.apple.com/go/applebot)"
101.57.113.74 - - [17/Jun/2026:18:19:56 +0200] "GET /assistenza-smeg-piacenza/ HTTP/2.0" 200 21769 "https://www.google.it/" "Mozilla/5.0 (iPhone; CPU iPhone OS 15_8_8 like Mac OS X) AppleWebKit/605.1.15 (KHTML, like Gecko) Version/15.6.8 Mobile/15E148 Safari/604.1"
65.108.235.243 - - [17/Jun/2026:18:20:01 +0200] "POST /wp-cron.php?doing_wp_cron=1781713201.0219171047210693359375 HTTP/1.1" 200 1 "-" "WordPress/7.0; https://piacenza.elettroservicegroup.it"
101.57.113.74 - - [17/Jun/2026:18:19:57 +0200] "GET /wp-content/uploads/elementor/css/post-16987.css?ver=1781631967 HTTP/2.0" 404 17569 "https://piacenza.elettroservicegroup.it/assistenza-smeg-piacenza/" "Mozilla/5.0 (iPhone; CPU iPhone OS 15_8_8 like Mac OS X) AppleWebKit/605.1.15 (KHTML, like Gecko) Version/15.6.8 Mobile/15E148 Safari/604.1"
65.108.235.243 - - [17/Jun/2026:18:20:03 +0200] "GET /imprint/ HTTP/1.1" 200 17176 "-" "WP Fastest Cache Preload Bot"
65.108.235.243 - - [17/Jun/2026:18:20:06 +0200] "GET /dichiarazione-sulla-privacy-ue/ HTTP/1.1" 200 19677 "-" "WP Fastest Cache Preload Bot"
65.108.235.243 - - [17/Jun/2026:18:20:08 +0200] "GET /assistenza-whirlpool-piacenza/ HTTP/1.1" 200 21844 "-" "WP Fastest Cache Preload Bot"
65.108.235.243 - - [17/Jun/2026:18:20:12 +0200] "GET /assistenza-smeg-piacenza/ HTTP/1.1" 200 21793 "-" "WP Fastest Cache Preload Bot"
65.108.235.243 - - [17/Jun/2026:18:20:17 +0200] "GET / HTTP/1.1" 200 21807 "-" "WP Fastest Cache Preload Bot"
65.108.235.243 - - [17/Jun/2026:18:34:41 +0200] "POST /wp-cron.php?doing_wp_cron=1781714081.6092939376831054687500 HTTP/1.1" 200 1 "-" "WordPress/7.0; https://piacenza.elettroservicegroup.it"
213.180.203.184 - - [17/Jun/2026:18:34:33 +0200] "GET /robots.txt HTTP/1.1" 200 195 "-" "Mozilla/5.0 (compatible; YandexBot/3.0; +http://yandex.com/bots)"
87.250.224.37 - - [17/Jun/2026:18:34:42 +0200] "GET / HTTP/2.0" 200 23709 "-" "Mozilla/5.0 (compatible; YandexBot/3.0; +http://yandex.com/bots)"
65.108.235.243 - - [17/Jun/2026:18:34:44 +0200] "POST /wp-json/complianz/v1/wsc-scan HTTP/1.1" 400 88 "-" "WordPress/7.0; https://piacenza.elettroservicegroup.it"
65.108.235.243 - - [17/Jun/2026:18:34:46 +0200] "GET /imprint/ HTTP/1.1" 200 17180 "-" "WP Fastest Cache Preload Bot"
65.108.235.243 - - [17/Jun/2026:18:34:49 +0200] "GET /dichiarazione-sulla-privacy-ue/ HTTP/1.1" 200 19687 "-" "WP Fastest Cache Preload Bot"
65.108.235.243 - - [17/Jun/2026:18:34:51 +0200] "GET /assistenza-whirlpool-piacenza/ HTTP/1.1" 200 21844 "-" "WP Fastest Cache Preload Bot"
65.108.235.243 - - [17/Jun/2026:18:34:53 +0200] "GET /assistenza-smeg-piacenza/ HTTP/1.1" 200 21793 "-" "WP Fastest Cache Preload Bot"
65.108.235.243 - - [17/Jun/2026:18:44:46 +0200] "GET /assistenza-siemens-piacenza/ HTTP/1.1" 200 21981 "-" "WP Fastest Cache Preload Bot"
65.108.235.243 - - [17/Jun/2026:18:44:47 +0200] "GET /assistenza-rex-electrolux-piacenza/ HTTP/1.1" 200 21832 "-" "WP Fastest Cache Preload Bot"
65.108.235.243 - - [17/Jun/2026:18:44:47 +0200] "GET /assistenza-miele-piacenza/ HTTP/1.1" 200 22082 "-" "WP Fastest Cache Preload Bot"
65.108.235.243 - - [17/Jun/2026:18:44:48 +0200] "GET /assistenza-lavatrici-whirlpool-piacenza/ HTTP/1.1" 200 21955 "-" "WP Fastest Cache Preload Bot"
65.108.235.243 - - [17/Jun/2026:19:06:55 +0200] "GET /assistenza-lavatrici-smeg-piacenza/ HTTP/1.1" 200 21695 "-" "WP Fastest Cache Preload Bot"
65.108.235.243 - - [17/Jun/2026:19:07:00 +0200] "GET /assistenza-lavatrici-rex-electrolux-piacenza/ HTTP/1.1" 200 21669 "-" "WP Fastest Cache Preload Bot"
65.108.235.243 - - [17/Jun/2026:19:07:04 +0200] "GET /assistenza-lavatrici-indesit-piacenza/ HTTP/1.1" 200 21691 "-" "WP Fastest Cache Preload Bot"
65.108.235.243 - - [17/Jun/2026:19:07:06 +0200] "GET /assistenza-lavatrici-bosch-piacenza/ HTTP/1.1" 200 21736 "-" "WP Fastest Cache Preload Bot"
