74.125.151.199 - - [17/Jun/2026:14:19:52 +0200] "GET /wp-content/uploads/elementor/css/post-14146.css?ver=1781676230 HTTP/1.1" 200 428 "https://reggio-emilia.elettroservicegroup.it/assistenza-whirlpool-reggio-emilia/" "AdsBot-Google (+http://www.google.com/adsbot.html)"
74.125.151.199 - - [17/Jun/2026:14:19:52 +0200] "GET /wp-content/uploads/elementor/css/post-14366.css?ver=1781676231 HTTP/1.1" 200 302 "https://reggio-emilia.elettroservicegroup.it/assistenza-whirlpool-reggio-emilia/" "AdsBot-Google (+http://www.google.com/adsbot.html)"
74.125.151.199 - - [17/Jun/2026:14:19:53 +0200] "GET /wp-content/uploads/elementor/css/post-17840.css?ver=1781695862 HTTP/1.1" 200 2168 "https://reggio-emilia.elettroservicegroup.it/assistenza-whirlpool-reggio-emilia/" "AdsBot-Google (+http://www.google.com/adsbot.html)"
74.125.151.200 - - [17/Jun/2026:14:19:55 +0200] "GET /wp-content/plugins/complianz-gdpr-premium/assets/css/cookieblocker.min.css?ver=1781536286 HTTP/1.1" 200 615 "https://reggio-emilia.elettroservicegroup.it/assistenza-whirlpool-reggio-emilia/" "AdsBot-Google (+http://www.google.com/adsbot.html)"
74.125.151.200 - - [17/Jun/2026:14:19:58 +0200] "GET /wp-content/plugins/elementor/assets/lib/animations/styles/bounceIn.min.css?ver=4.1.3 HTTP/1.1" 200 186 "https://reggio-emilia.elettroservicegroup.it/assistenza-whirlpool-reggio-emilia/" "AdsBot-Google (+http://www.google.com/adsbot.html)"
74.125.151.199 - - [17/Jun/2026:14:19:59 +0200] "GET /wp-content/plugins/complianz-gdpr-premium/cookiebanner/js/complianz.min.js?ver=1781536286 HTTP/1.1" 200 10762 "https://reggio-emilia.elettroservicegroup.it/assistenza-whirlpool-reggio-emilia/" "AdsBot-Google (+http://www.google.com/adsbot.html)"
74.125.151.199 - - [17/Jun/2026:14:20:22 +0200] "GET /wp-content/uploads/elementor/google-fonts/fonts/roboto-kfo7cnqeu92fr1me7ksn66agldtyluama3yuba.woff2 HTTP/1.1" 304 - "https://reggio-emilia.elettroservicegroup.it/wp-content/uploads/elementor/google-fonts/css/roboto.css?ver=1742255001" "AdsBot-Google (+http://www.google.com/adsbot.html)"
65.108.235.243 - - [17/Jun/2026:14:20:25 +0200] "POST /wp-cron.php?doing_wp_cron=1781698825.2063679695129394531250 HTTP/1.1" 200 1 "-" "WordPress/7.0; https://reggio-emilia.elettroservicegroup.it"
74.125.151.201 - - [17/Jun/2026:14:20:21 +0200] "GET /wp-json/complianz/v1/banner?lang=it&locale=it_IT&token=hftiu HTTP/1.1" 200 82 "https://reggio-emilia.elettroservicegroup.it/assistenza-whirlpool-reggio-emilia/" "AdsBot-Google (+http://www.google.com/adsbot.html)"
74.125.151.200 - - [17/Jun/2026:14:29:53 +0200] "GET /wp-content/uploads/elementor/css/post-17756.css?ver=1781677882 HTTP/1.1" 200 2067 "https://reggio-emilia.elettroservicegroup.it/assistenza-lavastoviglie-smeg-reggio-emilia/" "AdsBot-Google (+http://www.google.com/adsbot.html)"
65.108.235.243 - - [17/Jun/2026:14:32:36 +0200] "POST /wp-cron.php?doing_wp_cron=1781699556.8953440189361572265625 HTTP/1.1" 200 1 "-" "WordPress/7.0; https://reggio-emilia.elettroservicegroup.it"
151.18.79.113 - - [17/Jun/2026:14:32:30 +0200] "GET /assistenza-aeg-reggio-emilia/?gad_source=1&gad_campaignid=23800353523&gclid=Cj0KCQjwi8nRBhDhARIsAHZf_pZqzezdkgqlB5WnMBpaWtV_jYUeMGWBb8YuB0LnR8yX4--muLvIHRIaAheLEALw_wcB HTTP/2.0" 200 22978 "https://www.google.com/" "Mozilla/5.0 (iPhone; CPU iPhone OS 26_5_0 like Mac OS X) AppleWebKit/605.1.15 (KHTML, like Gecko) GSA/425.6.927981711 Mobile/15E148 Safari/604.1"
151.18.79.113 - - [17/Jun/2026:14:32:37 +0200] "GET /wp-content/plugins/elementor/assets/lib/animations/styles/bounceIn.min.css?ver=4.1.3 HTTP/2.0" 200 186 "https://reggio-emilia.elettroservicegroup.it/assistenza-aeg-reggio-emilia/?gad_source=1&gad_campaignid=23800353523&gclid=Cj0KCQjwi8nRBhDhARIsAHZf_pZqzezdkgqlB5WnMBpaWtV_jYUeMGWBb8YuB0LnR8yX4--muLvIHRIaAheLEALw_wcB" "Mozilla/5.0 (iPhone; CPU iPhone OS 26_5_0 like Mac OS X) AppleWebKit/605.1.15 (KHTML, like Gecko) GSA/425.6.927981711 Mobile/15E148 Safari/604.1"
151.18.79.113 - - [17/Jun/2026:14:32:37 +0200] "GET /wp-content/plugins/all-in-one-seo-pack/dist/Lite/assets/css/table-of-contents/global.e90f6d47.css?ver=4.9.8 HTTP/2.0" 200 420 "https://reggio-emilia.elettroservicegroup.it/assistenza-aeg-reggio-emilia/?gad_source=1&gad_campaignid=23800353523&gclid=Cj0KCQjwi8nRBhDhARIsAHZf_pZqzezdkgqlB5WnMBpaWtV_jYUeMGWBb8YuB0LnR8yX4--muLvIHRIaAheLEALw_wcB" "Mozilla/5.0 (iPhone; CPU iPhone OS 26_5_0 like Mac OS X) AppleWebKit/605.1.15 (KHTML, like Gecko) GSA/425.6.927981711 Mobile/15E148 Safari/604.1"
151.18.79.113 - - [17/Jun/2026:14:32:37 +0200] "GET /wp-content/plugins/header-footer-elementor/assets/css/header-footer-elementor.css?ver=2.8.8 HTTP/2.0" 200 260 "https://reggio-emilia.elettroservicegroup.it/assistenza-aeg-reggio-emilia/?gad_source=1&gad_campaignid=23800353523&gclid=Cj0KCQjwi8nRBhDhARIsAHZf_pZqzezdkgqlB5WnMBpaWtV_jYUeMGWBb8YuB0LnR8yX4--muLvIHRIaAheLEALw_wcB" "Mozilla/5.0 (iPhone; CPU iPhone OS 26_5_0 like Mac OS X) AppleWebKit/605.1.15 (KHTML, like Gecko) GSA/425.6.927981711 Mobile/15E148 Safari/604.1"
151.18.79.113 - - [17/Jun/2026:14:32:37 +0200] "GET /wp-content/uploads/elementor/css/post-14146.css?ver=1781676230 HTTP/2.0" 200 428 "https://reggio-emilia.elettroservicegroup.it/assistenza-aeg-reggio-emilia/?gad_source=1&gad_campaignid=23800353523&gclid=Cj0KCQjwi8nRBhDhARIsAHZf_pZqzezdkgqlB5WnMBpaWtV_jYUeMGWBb8YuB0LnR8yX4--muLvIHRIaAheLEALw_wcB" "Mozilla/5.0 (iPhone; CPU iPhone OS 26_5_0 like Mac OS X) AppleWebKit/605.1.15 (KHTML, like Gecko) GSA/425.6.927981711 Mobile/15E148 Safari/604.1"
151.18.79.113 - - [17/Jun/2026:14:32:37 +0200] "GET /wp-content/plugins/elementor/assets/css/widget-spacer.min.css?ver=4.1.3 HTTP/2.0" 200 287 "https://reggio-emilia.elettroservicegroup.it/assistenza-aeg-reggio-emilia/?gad_source=1&gad_campaignid=23800353523&gclid=Cj0KCQjwi8nRBhDhARIsAHZf_pZqzezdkgqlB5WnMBpaWtV_jYUeMGWBb8YuB0LnR8yX4--muLvIHRIaAheLEALw_wcB" "Mozilla/5.0 (iPhone; CPU iPhone OS 26_5_0 like Mac OS X) AppleWebKit/605.1.15 (KHTML, like Gecko) GSA/425.6.927981711 Mobile/15E148 Safari/604.1"
151.18.79.113 - - [17/Jun/2026:14:32:37 +0200] "GET /wp-content/plugins/elementor/assets/css/widget-heading.min.css?ver=4.1.3 HTTP/2.0" 200 127 "https://reggio-emilia.elettroservicegroup.it/assistenza-aeg-reggio-emilia/?gad_source=1&gad_campaignid=23800353523&gclid=Cj0KCQjwi8nRBhDhARIsAHZf_pZqzezdkgqlB5WnMBpaWtV_jYUeMGWBb8YuB0LnR8yX4--muLvIHRIaAheLEALw_wcB" "Mozilla/5.0 (iPhone; CPU iPhone OS 26_5_0 like Mac OS X) AppleWebKit/605.1.15 (KHTML, like Gecko) GSA/425.6.927981711 Mobile/15E148 Safari/604.1"
151.18.79.113 - - [17/Jun/2026:14:32:37 +0200] "GET /wp-content/plugins/elementor/assets/lib/animations/styles/zoomIn.min.css?ver=4.1.3 HTTP/2.0" 200 87 "https://reggio-emilia.elettroservicegroup.it/assistenza-aeg-reggio-emilia/?gad_source=1&gad_campaignid=23800353523&gclid=Cj0KCQjwi8nRBhDhARIsAHZf_pZqzezdkgqlB5WnMBpaWtV_jYUeMGWBb8YuB0LnR8yX4--muLvIHRIaAheLEALw_wcB" "Mozilla/5.0 (iPhone; CPU iPhone OS 26_5_0 like Mac OS X) AppleWebKit/605.1.15 (KHTML, like Gecko) GSA/425.6.927981711 Mobile/15E148 Safari/604.1"
151.18.79.113 - - [17/Jun/2026:14:32:37 +0200] "GET /wp-content/plugins/complianz-gdpr-premium/assets/css/cookieblocker.min.css?ver=1781536286 HTTP/2.0" 200 615 "https://reggio-emilia.elettroservicegroup.it/assistenza-aeg-reggio-emilia/?gad_source=1&gad_campaignid=23800353523&gclid=Cj0KCQjwi8nRBhDhARIsAHZf_pZqzezdkgqlB5WnMBpaWtV_jYUeMGWBb8YuB0LnR8yX4--muLvIHRIaAheLEALw_wcB" "Mozilla/5.0 (iPhone; CPU iPhone OS 26_5_0 like Mac OS X) AppleWebKit/605.1.15 (KHTML, like Gecko) GSA/425.6.927981711 Mobile/15E148 Safari/604.1"
151.18.79.113 - - [17/Jun/2026:14:32:37 +0200] "GET /wp-content/plugins/elementor/assets/lib/font-awesome/css/v4-shims.min.css?ver=4.1.3 HTTP/2.0" 200 3986 "https://reggio-emilia.elettroservicegroup.it/assistenza-aeg-reggio-emilia/?gad_source=1&gad_campaignid=23800353523&gclid=Cj0KCQjwi8nRBhDhARIsAHZf_pZqzezdkgqlB5WnMBpaWtV_jYUeMGWBb8YuB0LnR8yX4--muLvIHRIaAheLEALw_wcB" "Mozilla/5.0 (iPhone; CPU iPhone OS 26_5_0 like Mac OS X) AppleWebKit/605.1.15 (KHTML, like Gecko) GSA/425.6.927981711 Mobile/15E148 Safari/604.1"
151.18.79.113 - - [17/Jun/2026:14:32:37 +0200] "GET /wp-content/plugins/elementor/assets/css/frontend.min.css?ver=4.1.3 HTTP/2.0" 200 6618 "https://reggio-emilia.elettroservicegroup.it/assistenza-aeg-reggio-emilia/?gad_source=1&gad_campaignid=23800353523&gclid=Cj0KCQjwi8nRBhDhARIsAHZf_pZqzezdkgqlB5WnMBpaWtV_jYUeMGWBb8YuB0LnR8yX4--muLvIHRIaAheLEALw_wcB" "Mozilla/5.0 (iPhone; CPU iPhone OS 26_5_0 like Mac OS X) AppleWebKit/605.1.15 (KHTML, like Gecko) GSA/425.6.927981711 Mobile/15E148 Safari/604.1"
151.18.79.113 - - [17/Jun/2026:14:32:37 +0200] "GET /wp-content/plugins/header-footer-elementor/inc/widgets-css/frontend.css?ver=2.8.8 HTTP/2.0" 200 8711 "https://reggio-emilia.elettroservicegroup.it/assistenza-aeg-reggio-emilia/?gad_source=1&gad_campaignid=23800353523&gclid=Cj0KCQjwi8nRBhDhARIsAHZf_pZqzezdkgqlB5WnMBpaWtV_jYUeMGWBb8YuB0LnR8yX4--muLvIHRIaAheLEALw_wcB" "Mozilla/5.0 (iPhone; CPU iPhone OS 26_5_0 like Mac OS X) AppleWebKit/605.1.15 (KHTML, like Gecko) GSA/425.6.927981711 Mobile/15E148 Safari/604.1"
151.18.79.113 - - [17/Jun/2026:14:32:37 +0200] "GET /wp-content/plugins/elementor/assets/lib/font-awesome/css/all.min.css?ver=4.1.3 HTTP/2.0" 200 12402 "https://reggio-emilia.elettroservicegroup.it/assistenza-aeg-reggio-emilia/?gad_source=1&gad_campaignid=23800353523&gclid=Cj0KCQjwi8nRBhDhARIsAHZf_pZqzezdkgqlB5WnMBpaWtV_jYUeMGWBb8YuB0LnR8yX4--muLvIHRIaAheLEALw_wcB" "Mozilla/5.0 (iPhone; CPU iPhone OS 26_5_0 like Mac OS X) AppleWebKit/605.1.15 (KHTML, like Gecko) GSA/425.6.927981711 Mobile/15E148 Safari/604.1"
151.18.79.113 - - [17/Jun/2026:14:32:37 +0200] "GET /wp-content/uploads/elementor/css/post-14366.css?ver=1781676231 HTTP/2.0" 200 302 "https://reggio-emilia.elettroservicegroup.it/assistenza-aeg-reggio-emilia/?gad_source=1&gad_campaignid=23800353523&gclid=Cj0KCQjwi8nRBhDhARIsAHZf_pZqzezdkgqlB5WnMBpaWtV_jYUeMGWBb8YuB0LnR8yX4--muLvIHRIaAheLEALw_wcB" "Mozilla/5.0 (iPhone; CPU iPhone OS 26_5_0 like Mac OS X) AppleWebKit/605.1.15 (KHTML, like Gecko) GSA/425.6.927981711 Mobile/15E148 Safari/604.1"
151.18.79.113 - - [17/Jun/2026:14:32:37 +0200] "GET /wp-content/plugins/elementor/assets/css/widget-image.min.css?ver=4.1.3 HTTP/2.0" 200 96 "https://reggio-emilia.elettroservicegroup.it/assistenza-aeg-reggio-emilia/?gad_source=1&gad_campaignid=23800353523&gclid=Cj0KCQjwi8nRBhDhARIsAHZf_pZqzezdkgqlB5WnMBpaWtV_jYUeMGWBb8YuB0LnR8yX4--muLvIHRIaAheLEALw_wcB" "Mozilla/5.0 (iPhone; CPU iPhone OS 26_5_0 like Mac OS X) AppleWebKit/605.1.15 (KHTML, like Gecko) GSA/425.6.927981711 Mobile/15E148 Safari/604.1"
151.18.79.113 - - [17/Jun/2026:14:32:37 +0200] "GET /wp-content/uploads/elementor/css/post-17690.css?ver=1781683630 HTTP/2.0" 200 2173 "https://reggio-emilia.elettroservicegroup.it/assistenza-aeg-reggio-emilia/?gad_source=1&gad_campaignid=23800353523&gclid=Cj0KCQjwi8nRBhDhARIsAHZf_pZqzezdkgqlB5WnMBpaWtV_jYUeMGWBb8YuB0LnR8yX4--muLvIHRIaAheLEALw_wcB" "Mozilla/5.0 (iPhone; CPU iPhone OS 26_5_0 like Mac OS X) AppleWebKit/605.1.15 (KHTML, like Gecko) GSA/425.6.927981711 Mobile/15E148 Safari/604.1"
151.18.79.113 - - [17/Jun/2026:14:32:37 +0200] "GET /wp-content/plugins/elementor/assets/css/widget-icon-list.min.css?ver=3.24.3 HTTP/2.0" 200 928 "https://reggio-emilia.elettroservicegroup.it/assistenza-aeg-reggio-emilia/?gad_source=1&gad_campaignid=23800353523&gclid=Cj0KCQjwi8nRBhDhARIsAHZf_pZqzezdkgqlB5WnMBpaWtV_jYUeMGWBb8YuB0LnR8yX4--muLvIHRIaAheLEALw_wcB" "Mozilla/5.0 (iPhone; CPU iPhone OS 26_5_0 like Mac OS X) AppleWebKit/605.1.15 (KHTML, like Gecko) GSA/425.6.927981711 Mobile/15E148 Safari/604.1"
151.18.79.113 - - [17/Jun/2026:14:32:37 +0200] "GET /wp-content/themes/generatepress/assets/css/main.min.css?ver=3.6.1 HTTP/2.0" 200 4410 "https://reggio-emilia.elettroservicegroup.it/assistenza-aeg-reggio-emilia/?gad_source=1&gad_campaignid=23800353523&gclid=Cj0KCQjwi8nRBhDhARIsAHZf_pZqzezdkgqlB5WnMBpaWtV_jYUeMGWBb8YuB0LnR8yX4--muLvIHRIaAheLEALw_wcB" "Mozilla/5.0 (iPhone; CPU iPhone OS 26_5_0 like Mac OS X) AppleWebKit/605.1.15 (KHTML, like Gecko) GSA/425.6.927981711 Mobile/15E148 Safari/604.1"
151.18.79.113 - - [17/Jun/2026:14:32:37 +0200] "GET /wp-content/plugins/elementor/assets/lib/eicons/css/elementor-icons.min.css?ver=5.34.0 HTTP/2.0" 200 4115 "https://reggio-emilia.elettroservicegroup.it/assistenza-aeg-reggio-emilia/?gad_source=1&gad_campaignid=23800353523&gclid=Cj0KCQjwi8nRBhDhARIsAHZf_pZqzezdkgqlB5WnMBpaWtV_jYUeMGWBb8YuB0LnR8yX4--muLvIHRIaAheLEALw_wcB" "Mozilla/5.0 (iPhone; CPU iPhone OS 26_5_0 like Mac OS X) AppleWebKit/605.1.15 (KHTML, like Gecko) GSA/425.6.927981711 Mobile/15E148 Safari/604.1"
151.18.79.113 - - [17/Jun/2026:14:32:37 +0200] "GET /wp-content/plugins/elementor/assets/lib/font-awesome/css/brands.css?ver=5.15.3 HTTP/2.0" 200 298 "https://reggio-emilia.elettroservicegroup.it/assistenza-aeg-reggio-emilia/?gad_source=1&gad_campaignid=23800353523&gclid=Cj0KCQjwi8nRBhDhARIsAHZf_pZqzezdkgqlB5WnMBpaWtV_jYUeMGWBb8YuB0LnR8yX4--muLvIHRIaAheLEALw_wcB" "Mozilla/5.0 (iPhone; CPU iPhone OS 26_5_0 like Mac OS X) AppleWebKit/605.1.15 (KHTML, like Gecko) GSA/425.6.927981711 Mobile/15E148 Safari/604.1"
151.18.79.113 - - [17/Jun/2026:14:32:37 +0200] "GET /wp-content/plugins/elementor/assets/lib/font-awesome/css/solid.css?ver=5.15.3 HTTP/2.0" 200 299 "https://reggio-emilia.elettroservicegroup.it/assistenza-aeg-reggio-emilia/?gad_source=1&gad_campaignid=23800353523&gclid=Cj0KCQjwi8nRBhDhARIsAHZf_pZqzezdkgqlB5WnMBpaWtV_jYUeMGWBb8YuB0LnR8yX4--muLvIHRIaAheLEALw_wcB" "Mozilla/5.0 (iPhone; CPU iPhone OS 26_5_0 like Mac OS X) AppleWebKit/605.1.15 (KHTML, like Gecko) GSA/425.6.927981711 Mobile/15E148 Safari/604.1"
151.18.79.113 - - [17/Jun/2026:14:32:37 +0200] "GET /wp-content/plugins/gp-premium/menu-plus/functions/css/navigation-branding-flex.min.css?ver=2.5.5 HTTP/2.0" 200 542 "https://reggio-emilia.elettroservicegroup.it/assistenza-aeg-reggio-emilia/?gad_source=1&gad_campaignid=23800353523&gclid=Cj0KCQjwi8nRBhDhARIsAHZf_pZqzezdkgqlB5WnMBpaWtV_jYUeMGWBb8YuB0LnR8yX4--muLvIHRIaAheLEALw_wcB" "Mozilla/5.0 (iPhone; CPU iPhone OS 26_5_0 like Mac OS X) AppleWebKit/605.1.15 (KHTML, like Gecko) GSA/425.6.927981711 Mobile/15E148 Safari/604.1"
151.18.79.113 - - [17/Jun/2026:14:32:37 +0200] "GET /wp-content/plugins/elementor/assets/css/widget-social-icons.min.css?ver=3.24.0 HTTP/2.0" 200 1039 "https://reggio-emilia.elettroservicegroup.it/assistenza-aeg-reggio-emilia/?gad_source=1&gad_campaignid=23800353523&gclid=Cj0KCQjwi8nRBhDhARIsAHZf_pZqzezdkgqlB5WnMBpaWtV_jYUeMGWBb8YuB0LnR8yX4--muLvIHRIaAheLEALw_wcB" "Mozilla/5.0 (iPhone; CPU iPhone OS 26_5_0 like Mac OS X) AppleWebKit/605.1.15 (KHTML, like Gecko) GSA/425.6.927981711 Mobile/15E148 Safari/604.1"
151.18.79.113 - - [17/Jun/2026:14:32:37 +0200] "GET /wp-content/uploads/elementor/google-fonts/css/roboto.css?ver=1742255001 HTTP/2.0" 200 1890 "https://reggio-emilia.elettroservicegroup.it/assistenza-aeg-reggio-emilia/?gad_source=1&gad_campaignid=23800353523&gclid=Cj0KCQjwi8nRBhDhARIsAHZf_pZqzezdkgqlB5WnMBpaWtV_jYUeMGWBb8YuB0LnR8yX4--muLvIHRIaAheLEALw_wcB" "Mozilla/5.0 (iPhone; CPU iPhone OS 26_5_0 like Mac OS X) AppleWebKit/605.1.15 (KHTML, like Gecko) GSA/425.6.927981711 Mobile/15E148 Safari/604.1"
151.18.79.113 - - [17/Jun/2026:14:32:37 +0200] "GET /wp-content/plugins/elementor/assets/lib/font-awesome/css/fontawesome.css?ver=5.15.3 HTTP/2.0" 200 12535 "https://reggio-emilia.elettroservicegroup.it/assistenza-aeg-reggio-emilia/?gad_source=1&gad_campaignid=23800353523&gclid=Cj0KCQjwi8nRBhDhARIsAHZf_pZqzezdkgqlB5WnMBpaWtV_jYUeMGWBb8YuB0LnR8yX4--muLvIHRIaAheLEALw_wcB" "Mozilla/5.0 (iPhone; CPU iPhone OS 26_5_0 like Mac OS X) AppleWebKit/605.1.15 (KHTML, like Gecko) GSA/425.6.927981711 Mobile/15E148 Safari/604.1"
151.18.79.113 - - [17/Jun/2026:14:32:37 +0200] "GET /wp-content/uploads/2021/10/cropped-cropped-cropped-logo_white_background.png HTTP/2.0" 200 26788 "https://reggio-emilia.elettroservicegroup.it/assistenza-aeg-reggio-emilia/?gad_source=1&gad_campaignid=23800353523&gclid=Cj0KCQjwi8nRBhDhARIsAHZf_pZqzezdkgqlB5WnMBpaWtV_jYUeMGWBb8YuB0LnR8yX4--muLvIHRIaAheLEALw_wcB" "Mozilla/5.0 (iPhone; CPU iPhone OS 26_5_0 like Mac OS X) AppleWebKit/605.1.15 (KHTML, like Gecko) GSA/425.6.927981711 Mobile/15E148 Safari/604.1"
151.18.79.113 - - [17/Jun/2026:14:32:37 +0200] "GET /wp-content/plugins/gp-premium/menu-plus/functions/js/sticky.min.js?ver=2.5.5 HTTP/2.0" 200 2670 "https://reggio-emilia.elettroservicegroup.it/assistenza-aeg-reggio-emilia/?gad_source=1&gad_campaignid=23800353523&gclid=Cj0KCQjwi8nRBhDhARIsAHZf_pZqzezdkgqlB5WnMBpaWtV_jYUeMGWBb8YuB0LnR8yX4--muLvIHRIaAheLEALw_wcB" "Mozilla/5.0 (iPhone; CPU iPhone OS 26_5_0 like Mac OS X) AppleWebKit/605.1.15 (KHTML, like Gecko) GSA/425.6.927981711 Mobile/15E148 Safari/604.1"
151.18.79.113 - - [17/Jun/2026:14:32:37 +0200] "GET /wp-content/plugins/elementor/assets/lib/font-awesome/js/v4-shims.min.js?ver=4.1.3 HTTP/2.0" 200 4043 "https://reggio-emilia.elettroservicegroup.it/assistenza-aeg-reggio-emilia/?gad_source=1&gad_campaignid=23800353523&gclid=Cj0KCQjwi8nRBhDhARIsAHZf_pZqzezdkgqlB5WnMBpaWtV_jYUeMGWBb8YuB0LnR8yX4--muLvIHRIaAheLEALw_wcB" "Mozilla/5.0 (iPhone; CPU iPhone OS 26_5_0 like Mac OS X) AppleWebKit/605.1.15 (KHTML, like Gecko) GSA/425.6.927981711 Mobile/15E148 Safari/604.1"
151.18.79.113 - - [17/Jun/2026:14:32:37 +0200] "GET /wp-includes/js/jquery/jquery-migrate.min.js?ver=3.4.1 HTTP/2.0" 200 4685 "https://reggio-emilia.elettroservicegroup.it/assistenza-aeg-reggio-emilia/?gad_source=1&gad_campaignid=23800353523&gclid=Cj0KCQjwi8nRBhDhARIsAHZf_pZqzezdkgqlB5WnMBpaWtV_jYUeMGWBb8YuB0LnR8yX4--muLvIHRIaAheLEALw_wcB" "Mozilla/5.0 (iPhone; CPU iPhone OS 26_5_0 like Mac OS X) AppleWebKit/605.1.15 (KHTML, like Gecko) GSA/425.6.927981711 Mobile/15E148 Safari/604.1"
151.18.79.113 - - [17/Jun/2026:14:32:37 +0200] "GET /wp-content/uploads/elementor/google-fonts/css/robotoslab.css?ver=1742255003 HTTP/2.0" 200 721 "https://reggio-emilia.elettroservicegroup.it/assistenza-aeg-reggio-emilia/?gad_source=1&gad_campaignid=23800353523&gclid=Cj0KCQjwi8nRBhDhARIsAHZf_pZqzezdkgqlB5WnMBpaWtV_jYUeMGWBb8YuB0LnR8yX4--muLvIHRIaAheLEALw_wcB" "Mozilla/5.0 (iPhone; CPU iPhone OS 26_5_0 like Mac OS X) AppleWebKit/605.1.15 (KHTML, like Gecko) GSA/425.6.927981711 Mobile/15E148 Safari/604.1"
151.18.79.113 - - [17/Jun/2026:14:32:37 +0200] "GET /wp-includes/js/jquery/jquery.min.js?ver=3.7.1 HTTP/2.0" 200 29769 "https://reggio-emilia.elettroservicegroup.it/assistenza-aeg-reggio-emilia/?gad_source=1&gad_campaignid=23800353523&gclid=Cj0KCQjwi8nRBhDhARIsAHZf_pZqzezdkgqlB5WnMBpaWtV_jYUeMGWBb8YuB0LnR8yX4--muLvIHRIaAheLEALw_wcB" "Mozilla/5.0 (iPhone; CPU iPhone OS 26_5_0 like Mac OS X) AppleWebKit/605.1.15 (KHTML, like Gecko) GSA/425.6.927981711 Mobile/15E148 Safari/604.1"
151.18.79.113 - - [17/Jun/2026:14:32:37 +0200] "GET /wp-content/themes/generatepress/assets/js/back-to-top.min.js?ver=3.6.1 HTTP/2.0" 200 336 "https://reggio-emilia.elettroservicegroup.it/assistenza-aeg-reggio-emilia/?gad_source=1&gad_campaignid=23800353523&gclid=Cj0KCQjwi8nRBhDhARIsAHZf_pZqzezdkgqlB5WnMBpaWtV_jYUeMGWBb8YuB0LnR8yX4--muLvIHRIaAheLEALw_wcB" "Mozilla/5.0 (iPhone; CPU iPhone OS 26_5_0 like Mac OS X) AppleWebKit/605.1.15 (KHTML, like Gecko) GSA/425.6.927981711 Mobile/15E148 Safari/604.1"
151.18.79.113 - - [17/Jun/2026:14:32:37 +0200] "GET /wp-content/themes/generatepress/assets/js/menu.min.js?ver=3.6.1 HTTP/2.0" 200 1688 "https://reggio-emilia.elettroservicegroup.it/assistenza-aeg-reggio-emilia/?gad_source=1&gad_campaignid=23800353523&gclid=Cj0KCQjwi8nRBhDhARIsAHZf_pZqzezdkgqlB5WnMBpaWtV_jYUeMGWBb8YuB0LnR8yX4--muLvIHRIaAheLEALw_wcB" "Mozilla/5.0 (iPhone; CPU iPhone OS 26_5_0 like Mac OS X) AppleWebKit/605.1.15 (KHTML, like Gecko) GSA/425.6.927981711 Mobile/15E148 Safari/604.1"
151.18.79.113 - - [17/Jun/2026:14:32:37 +0200] "GET /wp-content/plugins/elementor/assets/js/webpack.runtime.min.js?ver=4.1.3 HTTP/2.0" 200 2340 "https://reggio-emilia.elettroservicegroup.it/assistenza-aeg-reggio-emilia/?gad_source=1&gad_campaignid=23800353523&gclid=Cj0KCQjwi8nRBhDhARIsAHZf_pZqzezdkgqlB5WnMBpaWtV_jYUeMGWBb8YuB0LnR8yX4--muLvIHRIaAheLEALw_wcB" "Mozilla/5.0 (iPhone; CPU iPhone OS 26_5_0 like Mac OS X) AppleWebKit/605.1.15 (KHTML, like Gecko) GSA/425.6.927981711 Mobile/15E148 Safari/604.1"
151.18.79.113 - - [17/Jun/2026:14:32:37 +0200] "GET /wp-includes/js/jquery/ui/core.min.js?ver=1.13.3 HTTP/2.0" 200 6820 "https://reggio-emilia.elettroservicegroup.it/assistenza-aeg-reggio-emilia/?gad_source=1&gad_campaignid=23800353523&gclid=Cj0KCQjwi8nRBhDhARIsAHZf_pZqzezdkgqlB5WnMBpaWtV_jYUeMGWBb8YuB0LnR8yX4--muLvIHRIaAheLEALw_wcB" "Mozilla/5.0 (iPhone; CPU iPhone OS 26_5_0 like Mac OS X) AppleWebKit/605.1.15 (KHTML, like Gecko) GSA/425.6.927981711 Mobile/15E148 Safari/604.1"
151.18.79.113 - - [17/Jun/2026:14:32:37 +0200] "GET /wp-content/plugins/elementor/assets/js/frontend-modules.min.js?ver=4.1.3 HTTP/2.0" 200 15454 "https://reggio-emilia.elettroservicegroup.it/assistenza-aeg-reggio-emilia/?gad_source=1&gad_campaignid=23800353523&gclid=Cj0KCQjwi8nRBhDhARIsAHZf_pZqzezdkgqlB5WnMBpaWtV_jYUeMGWBb8YuB0LnR8yX4--muLvIHRIaAheLEALw_wcB" "Mozilla/5.0 (iPhone; CPU iPhone OS 26_5_0 like Mac OS X) AppleWebKit/605.1.15 (KHTML, like Gecko) GSA/425.6.927981711 Mobile/15E148 Safari/604.1"
151.18.79.113 - - [17/Jun/2026:14:32:37 +0200] "GET /wp-content/plugins/elementor/assets/js/frontend.min.js?ver=4.1.3 HTTP/2.0" 200 10140 "https://reggio-emilia.elettroservicegroup.it/assistenza-aeg-reggio-emilia/?gad_source=1&gad_campaignid=23800353523&gclid=Cj0KCQjwi8nRBhDhARIsAHZf_pZqzezdkgqlB5WnMBpaWtV_jYUeMGWBb8YuB0LnR8yX4--muLvIHRIaAheLEALw_wcB" "Mozilla/5.0 (iPhone; CPU iPhone OS 26_5_0 like Mac OS X) AppleWebKit/605.1.15 (KHTML, like Gecko) GSA/425.6.927981711 Mobile/15E148 Safari/604.1"
151.18.79.113 - - [17/Jun/2026:14:32:37 +0200] "GET /wp-content/plugins/complianz-gdpr-premium/cookiebanner/js/complianz.min.js?ver=1781536286 HTTP/2.0" 200 10762 "https://reggio-emilia.elettroservicegroup.it/assistenza-aeg-reggio-emilia/?gad_source=1&gad_campaignid=23800353523&gclid=Cj0KCQjwi8nRBhDhARIsAHZf_pZqzezdkgqlB5WnMBpaWtV_jYUeMGWBb8YuB0LnR8yX4--muLvIHRIaAheLEALw_wcB" "Mozilla/5.0 (iPhone; CPU iPhone OS 26_5_0 like Mac OS X) AppleWebKit/605.1.15 (KHTML, like Gecko) GSA/425.6.927981711 Mobile/15E148 Safari/604.1"
151.18.79.113 - - [17/Jun/2026:14:32:38 +0200] "GET /wp-content/uploads/2021/10/cropped-logo_white_background.png HTTP/2.0" 200 15855 "https://reggio-emilia.elettroservicegroup.it/assistenza-aeg-reggio-emilia/?gad_source=1&gad_campaignid=23800353523&gclid=Cj0KCQjwi8nRBhDhARIsAHZf_pZqzezdkgqlB5WnMBpaWtV_jYUeMGWBb8YuB0LnR8yX4--muLvIHRIaAheLEALw_wcB" "Mozilla/5.0 (iPhone; CPU iPhone OS 26_5_0 like Mac OS X) AppleWebKit/605.1.15 (KHTML, like Gecko) GSA/425.6.927981711 Mobile/15E148 Safari/604.1"
151.18.79.113 - - [17/Jun/2026:14:32:38 +0200] "GET /wp-content/uploads/elementor/google-fonts/fonts/roboto-kfo7cnqeu92fr1me7ksn66agldtyluama3yuba.woff2 HTTP/2.0" 200 40132 "https://reggio-emilia.elettroservicegroup.it/assistenza-aeg-reggio-emilia/?gad_source=1&gad_campaignid=23800353523&gclid=Cj0KCQjwi8nRBhDhARIsAHZf_pZqzezdkgqlB5WnMBpaWtV_jYUeMGWBb8YuB0LnR8yX4--muLvIHRIaAheLEALw_wcB" "Mozilla/5.0 (iPhone; CPU iPhone OS 26_5_0 like Mac OS X) AppleWebKit/605.1.15 (KHTML, like Gecko) GSA/425.6.927981711 Mobile/15E148 Safari/604.1"
151.18.79.113 - - [17/Jun/2026:14:32:38 +0200] "GET /wp-content/uploads/2022/10/COPERTINA-9.png HTTP/2.0" 200 238875 "https://reggio-emilia.elettroservicegroup.it/assistenza-aeg-reggio-emilia/?gad_source=1&gad_campaignid=23800353523&gclid=Cj0KCQjwi8nRBhDhARIsAHZf_pZqzezdkgqlB5WnMBpaWtV_jYUeMGWBb8YuB0LnR8yX4--muLvIHRIaAheLEALw_wcB" "Mozilla/5.0 (iPhone; CPU iPhone OS 26_5_0 like Mac OS X) AppleWebKit/605.1.15 (KHTML, like Gecko) GSA/425.6.927981711 Mobile/15E148 Safari/604.1"
65.108.235.243 - - [17/Jun/2026:14:32:37 +0200] "GET / HTTP/1.1" 200 23348 "-" "WP Fastest Cache Preload Bot"
151.18.79.113 - - [17/Jun/2026:14:32:38 +0200] "GET /wp-json/complianz/v1/banner?lang=it&locale=it_IT&token=nimms HTTP/2.0" 200 82 "https://reggio-emilia.elettroservicegroup.it/assistenza-aeg-reggio-emilia/?gad_source=1&gad_campaignid=23800353523&gclid=Cj0KCQjwi8nRBhDhARIsAHZf_pZqzezdkgqlB5WnMBpaWtV_jYUeMGWBb8YuB0LnR8yX4--muLvIHRIaAheLEALw_wcB" "Mozilla/5.0 (iPhone; CPU iPhone OS 26_5_0 like Mac OS X) AppleWebKit/605.1.15 (KHTML, like Gecko) GSA/425.6.927981711 Mobile/15E148 Safari/604.1"
151.18.79.113 - - [17/Jun/2026:14:32:38 +0200] "GET /wp-content/plugins/elementor/assets/js/section-frontend-handlers.d85ab872da118940910d.bundle.min.js HTTP/2.0" 200 230 "https://reggio-emilia.elettroservicegroup.it/assistenza-aeg-reggio-emilia/?gad_source=1&gad_campaignid=23800353523&gclid=Cj0KCQjwi8nRBhDhARIsAHZf_pZqzezdkgqlB5WnMBpaWtV_jYUeMGWBb8YuB0LnR8yX4--muLvIHRIaAheLEALw_wcB" "Mozilla/5.0 (iPhone; CPU iPhone OS 26_5_0 like Mac OS X) AppleWebKit/605.1.15 (KHTML, like Gecko) GSA/425.6.927981711 Mobile/15E148 Safari/604.1"
151.18.79.113 - - [17/Jun/2026:14:32:38 +0200] "GET /wp-content/plugins/elementor/assets/js/shared-frontend-handlers.03caa53373b56d3bab67.bundle.min.js HTTP/2.0" 200 2515 "https://reggio-emilia.elettroservicegroup.it/assistenza-aeg-reggio-emilia/?gad_source=1&gad_campaignid=23800353523&gclid=Cj0KCQjwi8nRBhDhARIsAHZf_pZqzezdkgqlB5WnMBpaWtV_jYUeMGWBb8YuB0LnR8yX4--muLvIHRIaAheLEALw_wcB" "Mozilla/5.0 (iPhone; CPU iPhone OS 26_5_0 like Mac OS X) AppleWebKit/605.1.15 (KHTML, like Gecko) GSA/425.6.927981711 Mobile/15E148 Safari/604.1"
151.18.79.113 - - [17/Jun/2026:14:32:38 +0200] "GET /wp-content/plugins/elementor/assets/js/text-editor.45609661e409413f1cef.bundle.min.js HTTP/2.0" 200 592 "https://reggio-emilia.elettroservicegroup.it/assistenza-aeg-reggio-emilia/?gad_source=1&gad_campaignid=23800353523&gclid=Cj0KCQjwi8nRBhDhARIsAHZf_pZqzezdkgqlB5WnMBpaWtV_jYUeMGWBb8YuB0LnR8yX4--muLvIHRIaAheLEALw_wcB" "Mozilla/5.0 (iPhone; CPU iPhone OS 26_5_0 like Mac OS X) AppleWebKit/605.1.15 (KHTML, like Gecko) GSA/425.6.927981711 Mobile/15E148 Safari/604.1"
151.18.79.113 - - [17/Jun/2026:14:32:39 +0200] "GET /wp-content/uploads/complianz/css/banner-1-optin.css?v=511 HTTP/2.0" 200 2862 "https://reggio-emilia.elettroservicegroup.it/assistenza-aeg-reggio-emilia/?gad_source=1&gad_campaignid=23800353523&gclid=Cj0KCQjwi8nRBhDhARIsAHZf_pZqzezdkgqlB5WnMBpaWtV_jYUeMGWBb8YuB0LnR8yX4--muLvIHRIaAheLEALw_wcB" "Mozilla/5.0 (iPhone; CPU iPhone OS 26_5_0 like Mac OS X) AppleWebKit/605.1.15 (KHTML, like Gecko) GSA/425.6.927981711 Mobile/15E148 Safari/604.1"
65.108.235.243 - - [17/Jun/2026:14:32:39 +0200] "POST /wp-cron.php?doing_wp_cron=1781699559.4642388820648193359375 HTTP/1.1" 200 1 "-" "WordPress/7.0; https://reggio-emilia.elettroservicegroup.it"
151.18.79.113 - - [17/Jun/2026:14:32:39 +0200] "GET /wp-json/complianz/v1/cookie_data HTTP/2.0" 200 82 "https://reggio-emilia.elettroservicegroup.it/assistenza-aeg-reggio-emilia/?gad_source=1&gad_campaignid=23800353523&gclid=Cj0KCQjwi8nRBhDhARIsAHZf_pZqzezdkgqlB5WnMBpaWtV_jYUeMGWBb8YuB0LnR8yX4--muLvIHRIaAheLEALw_wcB" "Mozilla/5.0 (iPhone; CPU iPhone OS 26_5_0 like Mac OS X) AppleWebKit/605.1.15 (KHTML, like Gecko) GSA/425.6.927981711 Mobile/15E148 Safari/604.1"
151.18.79.113 - - [17/Jun/2026:14:32:42 +0200] "POST /wp-json/complianz/v1/track HTTP/2.0" 200 20 "https://reggio-emilia.elettroservicegroup.it/assistenza-aeg-reggio-emilia/?gad_source=1&gad_campaignid=23800353523&gclid=Cj0KCQjwi8nRBhDhARIsAHZf_pZqzezdkgqlB5WnMBpaWtV_jYUeMGWBb8YuB0LnR8yX4--muLvIHRIaAheLEALw_wcB" "Mozilla/5.0 (iPhone; CPU iPhone OS 26_5_0 like Mac OS X) AppleWebKit/605.1.15 (KHTML, like Gecko) GSA/425.6.927981711 Mobile/15E148 Safari/604.1"
151.18.79.113 - - [17/Jun/2026:14:32:44 +0200] "GET /wp-content/uploads/2022/10/COPERTINA-11.png HTTP/2.0" 200 238875 "https://reggio-emilia.elettroservicegroup.it/assistenza-aeg-reggio-emilia/?gad_source=1&gad_campaignid=23800353523&gclid=Cj0KCQjwi8nRBhDhARIsAHZf_pZqzezdkgqlB5WnMBpaWtV_jYUeMGWBb8YuB0LnR8yX4--muLvIHRIaAheLEALw_wcB" "Mozilla/5.0 (iPhone; CPU iPhone OS 26_5_0 like Mac OS X) AppleWebKit/605.1.15 (KHTML, like Gecko) GSA/425.6.927981711 Mobile/15E148 Safari/604.1"
151.18.79.113 - - [17/Jun/2026:14:32:51 +0200] "GET /wp-content/uploads/2022/01/ASCIUGATRICE-TECNIC.jpg HTTP/2.0" 200 43278 "https://reggio-emilia.elettroservicegroup.it/assistenza-aeg-reggio-emilia/?gad_source=1&gad_campaignid=23800353523&gclid=Cj0KCQjwi8nRBhDhARIsAHZf_pZqzezdkgqlB5WnMBpaWtV_jYUeMGWBb8YuB0LnR8yX4--muLvIHRIaAheLEALw_wcB" "Mozilla/5.0 (iPhone; CPU iPhone OS 26_5_0 like Mac OS X) AppleWebKit/605.1.15 (KHTML, like Gecko) GSA/425.6.927981711 Mobile/15E148 Safari/604.1"
151.18.79.113 - - [17/Jun/2026:14:32:57 +0200] "GET /wp-content/uploads/2026/05/logo.png HTTP/2.0" 200 48185 "https://reggio-emilia.elettroservicegroup.it/assistenza-aeg-reggio-emilia/?gad_source=1&gad_campaignid=23800353523&gclid=Cj0KCQjwi8nRBhDhARIsAHZf_pZqzezdkgqlB5WnMBpaWtV_jYUeMGWBb8YuB0LnR8yX4--muLvIHRIaAheLEALw_wcB" "Mozilla/5.0 (iPhone; CPU iPhone OS 26_5_0 like Mac OS X) AppleWebKit/605.1.15 (KHTML, like Gecko) GSA/425.6.927981711 Mobile/15E148 Safari/604.1"
151.18.79.113 - - [17/Jun/2026:14:33:10 +0200] "GET /wp-content/plugins/complianz-gdpr-premium/assets/images/placeholders/google-maps-minimal-1280x920.jpg HTTP/2.0" 200 55264 "https://reggio-emilia.elettroservicegroup.it/assistenza-aeg-reggio-emilia/?gad_source=1&gad_campaignid=23800353523&gclid=Cj0KCQjwi8nRBhDhARIsAHZf_pZqzezdkgqlB5WnMBpaWtV_jYUeMGWBb8YuB0LnR8yX4--muLvIHRIaAheLEALw_wcB" "Mozilla/5.0 (iPhone; CPU iPhone OS 26_5_0 like Mac OS X) AppleWebKit/605.1.15 (KHTML, like Gecko) GSA/425.6.927981711 Mobile/15E148 Safari/604.1"
65.108.235.243 - - [17/Jun/2026:14:54:00 +0200] "POST /wp-cron.php?doing_wp_cron=1781700840.3016979694366455078125 HTTP/1.1" 200 1 "-" "WordPress/7.0; https://reggio-emilia.elettroservicegroup.it"
216.73.217.38 - - [17/Jun/2026:14:53:58 +0200] "GET /copertina-12 HTTP/2.0" 301 1 "-" "Mozilla/5.0 AppleWebKit/537.36 (KHTML, like Gecko; compatible; ClaudeBot/1.0; +claudebot@anthropic.com)"
216.73.217.38 - - [17/Jun/2026:14:54:00 +0200] "GET /copertina-12/ HTTP/2.0" 200 17005 "https://reggio-emilia.elettroservicegroup.it/copertina-12" "Mozilla/5.0 AppleWebKit/537.36 (KHTML, like Gecko; compatible; ClaudeBot/1.0; +claudebot@anthropic.com)"
65.108.235.243 - - [17/Jun/2026:14:54:01 +0200] "POST /wp-json/complianz/v1/wsc-scan HTTP/1.1" 400 88 "-" "WordPress/7.0; https://reggio-emilia.elettroservicegroup.it"
65.108.235.243 - - [17/Jun/2026:14:56:22 +0200] "GET /dichiarazione-sulla-privacy-ue/ HTTP/1.1" 200 19223 "-" "WP Fastest Cache Preload Bot"
65.108.235.243 - - [17/Jun/2026:14:56:25 +0200] "GET /imprint/ HTTP/1.1" 200 16733 "-" "WP Fastest Cache Preload Bot"
65.108.235.243 - - [17/Jun/2026:14:56:27 +0200] "GET /assistenza-whirlpool-rubiera/ HTTP/1.1" 200 23038 "-" "WP Fastest Cache Preload Bot"
65.108.235.243 - - [17/Jun/2026:14:56:31 +0200] "GET /assistenza-whirlpool-scandiano/ HTTP/1.1" 200 22952 "-" "WP Fastest Cache Preload Bot"
65.108.235.243 - - [17/Jun/2026:14:56:36 +0200] "GET / HTTP/1.1" 200 23348 "-" "WP Fastest Cache Preload Bot"
65.108.235.243 - - [17/Jun/2026:15:17:33 +0200] "POST /wp-cron.php?doing_wp_cron=1781702253.1922500133514404296875 HTTP/1.1" 200 1 "-" "WordPress/7.0; https://reggio-emilia.elettroservicegroup.it"
216.73.217.38 - - [17/Jun/2026:15:17:30 +0200] "GET /robots.txt HTTP/2.0" 200 110 "-" "Mozilla/5.0 AppleWebKit/537.36 (KHTML, like Gecko; compatible; ClaudeBot/1.0; +claudebot@anthropic.com)"
65.108.235.243 - - [17/Jun/2026:15:17:35 +0200] "GET /dichiarazione-sulla-privacy-ue/ HTTP/1.1" 200 19226 "-" "WP Fastest Cache Preload Bot"
65.108.235.243 - - [17/Jun/2026:15:17:38 +0200] "GET /imprint/ HTTP/1.1" 200 16731 "-" "WP Fastest Cache Preload Bot"
65.108.235.243 - - [17/Jun/2026:15:17:40 +0200] "GET /assistenza-whirlpool-rubiera/ HTTP/1.1" 200 23037 "-" "WP Fastest Cache Preload Bot"
65.108.235.243 - - [17/Jun/2026:15:17:41 +0200] "GET /assistenza-whirlpool-scandiano/ HTTP/1.1" 200 22952 "-" "WP Fastest Cache Preload Bot"
83.25.125.171 - - [17/Jun/2026:15:40:04 +0200] "POST /xmlrpc.php HTTP/2.0" 403 52 "-" "curl/7.81.0"
83.25.125.171 - - [17/Jun/2026:15:40:05 +0200] "POST /xmlrpc.php HTTP/2.0" 403 52 "-" "Mozilla/5.0 (Windows NT 10.0; Win64; x64) AppleWebKit/537.36 (KHTML, like Gecko) Chrome/119.0.0.0 Safari/537.36 Edg/119.0.0.0"
83.25.125.171 - - [17/Jun/2026:15:40:05 +0200] "POST /xmlrpc.php HTTP/2.0" 403 52 "-" "Mozilla/5.0 (Macintosh; Intel Mac OS X 10_15_7) AppleWebKit/537.36 (KHTML, like Gecko) Chrome/120.0.0.0 Safari/537.36"
83.25.125.171 - - [17/Jun/2026:15:40:05 +0200] "POST /xmlrpc.php HTTP/2.0" 403 52 "-" "Mozilla/5.0 (Windows NT 10.0; Win64; x64) AppleWebKit/537.36 (KHTML, like Gecko) Chrome/120.0.0.0 Safari/537.36"
83.25.125.171 - - [17/Jun/2026:15:40:06 +0200] "POST /xmlrpc.php HTTP/2.0" 403 52 "-" "Mozilla/5.0 (Macintosh; Intel Mac OS X 10_15_7) AppleWebKit/537.36 (KHTML, like Gecko) Chrome/120.0.0.0 Safari/537.36"
83.25.125.171 - - [17/Jun/2026:15:40:06 +0200] "POST /xmlrpc.php HTTP/2.0" 403 52 "-" "Mozilla/5.0 (X11; Linux x86_64) AppleWebKit/537.36 (KHTML, like Gecko) Chrome/120.0.0.0 Safari/537.36"
65.108.235.243 - - [17/Jun/2026:15:40:12 +0200] "POST /wp-cron.php?doing_wp_cron=1781703612.9146320819854736328125 HTTP/1.1" 200 1 "-" "WordPress/7.0; https://reggio-emilia.elettroservicegroup.it"
83.25.125.171 - - [17/Jun/2026:15:40:07 +0200] "POST /wp-load.php HTTP/2.0" 200 - "-" "Mozilla/5.0 (Windows NT 10.0; Win64; x64) AppleWebKit/537.36 (KHTML, like Gecko) Chrome/119.0.0.0 Safari/537.36 Edg/119.0.0.0"
83.25.125.171 - - [17/Jun/2026:15:40:13 +0200] "POST /xmlrpc.php HTTP/2.0" 200 11672 "-" "Mozilla/5.0 (Windows NT 10.0; Win64; x64) AppleWebKit/537.36 (KHTML, like Gecko) Chrome/119.0.0.0 Safari/537.36 Edg/119.0.0.0"
69.126.53.220 - - [17/Jun/2026:15:40:15 +0200] "GET /wp-login.php HTTP/2.0" 200 3220 "-" "Mozilla/5.0 (Macintosh; Intel Mac OS X 10_15_7) AppleWebKit/537.36 (KHTML, like Gecko) Chrome/131.0.0.0 Safari/537.36"
65.108.235.243 - - [17/Jun/2026:15:40:14 +0200] "GET /assistenza-whirlpool-santilario-denza/ HTTP/1.1" 200 23095 "-" "WP Fastest Cache Preload Bot"
69.126.53.220 - - [17/Jun/2026:15:40:17 +0200] "POST /wp-login.php HTTP/2.0" 200 3337 "https://reggio-emilia.elettroservicegroup.it/wp-login.php" "Mozilla/5.0 (Macintosh; Intel Mac OS X 10_15_7) AppleWebKit/537.36 (KHTML, like Gecko) Chrome/131.0.0.0 Safari/537.36"
73.82.109.0 - - [17/Jun/2026:15:40:21 +0200] "GET /wp-login.php HTTP/2.0" 200 3220 "-" "Mozilla/5.0 (Macintosh; Intel Mac OS X 10_15_7) AppleWebKit/537.36 (KHTML, like Gecko) Chrome/131.0.0.0 Safari/537.36"
65.108.235.243 - - [17/Jun/2026:15:40:19 +0200] "GET /assistenza-whirlpool-guastalla/ HTTP/1.1" 200 23046 "-" "WP Fastest Cache Preload Bot"
73.82.109.0 - - [17/Jun/2026:15:40:23 +0200] "POST /wp-login.php HTTP/2.0" 200 3337 "https://reggio-emilia.elettroservicegroup.it/wp-login.php" "Mozilla/5.0 (Macintosh; Intel Mac OS X 10_15_7) AppleWebKit/537.36 (KHTML, like Gecko) Chrome/131.0.0.0 Safari/537.36"
65.108.235.243 - - [17/Jun/2026:15:40:23 +0200] "GET /assistenza-whirlpool-correggio/ HTTP/1.1" 200 23075 "-" "WP Fastest Cache Preload Bot"
65.108.235.243 - - [17/Jun/2026:15:40:27 +0200] "GET /assistenza-whirlpool-reggio-emilia/ HTTP/1.1" 200 23033 "-" "WP Fastest Cache Preload Bot"
174.17.186.199 - - [17/Jun/2026:15:40:28 +0200] "GET /wp-login.php HTTP/2.0" 200 3220 "-" "Mozilla/5.0 (Macintosh; Intel Mac OS X 10_15_7) AppleWebKit/537.36 (KHTML, like Gecko) Chrome/131.0.0.0 Safari/537.36"
174.17.186.199 - - [17/Jun/2026:15:40:31 +0200] "POST /wp-login.php HTTP/2.0" 200 3337 "https://reggio-emilia.elettroservicegroup.it/wp-login.php" "Mozilla/5.0 (Macintosh; Intel Mac OS X 10_15_7) AppleWebKit/537.36 (KHTML, like Gecko) Chrome/131.0.0.0 Safari/537.36"
65.108.235.243 - - [17/Jun/2026:16:06:31 +0200] "POST /wp-cron.php?doing_wp_cron=1781705191.6966409683227539062500 HTTP/1.1" 200 1 "-" "WordPress/7.0; https://reggio-emilia.elettroservicegroup.it"
40.77.167.3 - - [17/Jun/2026:16:06:25 +0200] "GET /brescia/ HTTP/2.0" 200 16959 "-" "Mozilla/5.0 AppleWebKit/537.36 (KHTML, like Gecko; compatible; bingbot/2.0; +http://www.bing.com/bingbot.htm) Chrome/116.0.1938.76 Safari/537.36"
65.108.235.243 - - [17/Jun/2026:16:06:32 +0200] "GET /assistenza-smeg-rubiera/ HTTP/1.1" 200 22983 "-" "WP Fastest Cache Preload Bot"
65.108.235.243 - - [17/Jun/2026:16:06:35 +0200] "GET /assistenza-smeg-scandiano/ HTTP/1.1" 200 22989 "-" "WP Fastest Cache Preload Bot"
65.108.235.243 - - [17/Jun/2026:16:06:39 +0200] "GET /assistenza-smeg-santilario-denza/ HTTP/1.1" 200 23033 "-" "WP Fastest Cache Preload Bot"
65.108.235.243 - - [17/Jun/2026:16:06:41 +0200] "GET /assistenza-smeg-guastalla/ HTTP/1.1" 200 22987 "-" "WP Fastest Cache Preload Bot"
65.108.235.243 - - [17/Jun/2026:16:06:43 +0200] "POST /wp-json/complianz/v1/wsc-scan HTTP/1.1" 400 88 "-" "WordPress/7.0; https://reggio-emilia.elettroservicegroup.it"
65.108.235.243 - - [17/Jun/2026:16:17:18 +0200] "POST /wp-cron.php?doing_wp_cron=1781705838.5086801052093505859375 HTTP/1.1" 200 1 "-" "WordPress/7.0; https://reggio-emilia.elettroservicegroup.it"
66.249.70.200 - - [17/Jun/2026:16:17:16 +0200] "GET /page-sitemap.xml HTTP/1.1" 200 2004 "-" "Mozilla/5.0 (compatible; Googlebot/2.1; +http://www.google.com/bot.html)"
65.108.235.243 - - [17/Jun/2026:16:17:19 +0200] "GET /assistenza-smeg-correggio/ HTTP/1.1" 200 22987 "-" "WP Fastest Cache Preload Bot"
65.108.235.243 - - [17/Jun/2026:16:17:20 +0200] "GET /assistenza-smeg-reggio-emilia/ HTTP/1.1" 200 22988 "-" "WP Fastest Cache Preload Bot"
65.108.235.243 - - [17/Jun/2026:16:17:21 +0200] "GET /assistenza-siemens-rubiera/ HTTP/1.1" 200 22911 "-" "WP Fastest Cache Preload Bot"
65.108.235.243 - - [17/Jun/2026:16:17:21 +0200] "GET /assistenza-siemens-scandiano/ HTTP/1.1" 200 22903 "-" "WP Fastest Cache Preload Bot"
65.108.235.243 - - [17/Jun/2026:16:29:29 +0200] "POST /wp-cron.php?doing_wp_cron=1781706569.6256079673767089843750 HTTP/1.1" 200 1 "-" "WordPress/7.0; https://reggio-emilia.elettroservicegroup.it"
216.73.217.38 - - [17/Jun/2026:16:29:27 +0200] "GET /robots.txt HTTP/2.0" 200 110 "-" "Mozilla/5.0 AppleWebKit/537.36 (KHTML, like Gecko; compatible; ClaudeBot/1.0; +claudebot@anthropic.com)"
65.108.235.243 - - [17/Jun/2026:16:29:30 +0200] "GET /assistenza-siemens-santilario-denza/ HTTP/1.1" 200 22971 "-" "WP Fastest Cache Preload Bot"
65.108.235.243 - - [17/Jun/2026:16:29:33 +0200] "GET /assistenza-siemens-guastalla/ HTTP/1.1" 200 22902 "-" "WP Fastest Cache Preload Bot"
65.108.235.243 - - [17/Jun/2026:16:29:37 +0200] "GET /assistenza-siemens-correggio/ HTTP/1.1" 200 22902 "-" "WP Fastest Cache Preload Bot"
65.108.235.243 - - [17/Jun/2026:16:29:40 +0200] "GET /assistenza-siemens-reggio-emilia/ HTTP/1.1" 200 22896 "-" "WP Fastest Cache Preload Bot"
65.108.235.243 - - [17/Jun/2026:16:30:10 +0200] "POST /wp-cron.php?doing_wp_cron=1781706610.7951679229736328125000 HTTP/1.1" 200 1 "-" "WordPress/7.0; https://reggio-emilia.elettroservicegroup.it"
216.73.217.38 - - [17/Jun/2026:16:30:10 +0200] "GET /copertina-12 HTTP/2.0" 301 1 "-" "Mozilla/5.0 AppleWebKit/537.36 (KHTML, like Gecko; compatible; ClaudeBot/1.0; +claudebot@anthropic.com)"
216.73.217.38 - - [17/Jun/2026:16:30:10 +0200] "GET /copertina-12/ HTTP/2.0" 200 17005 "https://reggio-emilia.elettroservicegroup.it/copertina-12" "Mozilla/5.0 AppleWebKit/537.36 (KHTML, like Gecko; compatible; ClaudeBot/1.0; +claudebot@anthropic.com)"
65.108.235.243 - - [17/Jun/2026:16:47:19 +0200] "POST /wp-cron.php?doing_wp_cron=1781707638.9996399879455566406250 HTTP/1.1" 200 1 "-" "WordPress/7.0; https://reggio-emilia.elettroservicegroup.it"
74.125.151.199 - - [17/Jun/2026:16:47:12 +0200] "GET /assistenza-miele-reggio-emilia/ HTTP/1.1" 200 22979 "-" "Mozilla/5.0 (Linux; Android 6.0.1; Nexus 5X Build/MMB29P) AppleWebKit/537.36 (KHTML, like Gecko) Chrome/148.0.7778.96 Mobile Safari/537.36 (compatible; AdsBot-Google-Mobile; +http://www.google.com/mobile/adsbot.html)"
65.108.235.243 - - [17/Jun/2026:16:47:19 +0200] "GET /assistenza-rex-electrolux-rubiera/ HTTP/1.1" 200 23003 "-" "WP Fastest Cache Preload Bot"
65.108.235.243 - - [17/Jun/2026:16:47:20 +0200] "GET /assistenza-rex-electrolux-scandiano/ HTTP/1.1" 200 23005 "-" "WP Fastest Cache Preload Bot"
65.108.235.243 - - [17/Jun/2026:16:47:21 +0200] "GET /assistenza-rex-electrolux-santilario-denza/ HTTP/1.1" 200 23067 "-" "WP Fastest Cache Preload Bot"
65.108.235.243 - - [17/Jun/2026:16:47:22 +0200] "GET /assistenza-rex-electrolux-guastalla/ HTTP/1.1" 200 23002 "-" "WP Fastest Cache Preload Bot"
65.108.235.243 - - [17/Jun/2026:16:47:55 +0200] "POST /wp-cron.php?doing_wp_cron=1781707675.2219600677490234375000 HTTP/1.1" 200 1 "-" "WordPress/7.0; https://reggio-emilia.elettroservicegroup.it"
74.125.151.199 - - [17/Jun/2026:16:47:54 +0200] "GET /assistenza-candy-reggio-emilia/ HTTP/1.1" 200 22991 "-" "Mozilla/5.0 (Linux; Android 6.0.1; Nexus 5X Build/MMB29P) AppleWebKit/537.36 (KHTML, like Gecko) Chrome/148.0.7778.96 Mobile Safari/537.36 (compatible; AdsBot-Google-Mobile; +http://www.google.com/mobile/adsbot.html)"
65.108.235.243 - - [17/Jun/2026:16:48:08 +0200] "POST /wp-cron.php?doing_wp_cron=1781707688.5925509929656982421875 HTTP/1.1" 200 1 "-" "WordPress/7.0; https://reggio-emilia.elettroservicegroup.it"
74.125.151.201 - - [17/Jun/2026:16:48:08 +0200] "GET /assistenza-rex-electrolux-rubiera/ HTTP/1.1" 200 23052 "-" "Mozilla/5.0 (Linux; Android 6.0.1; Nexus 5X Build/MMB29P) AppleWebKit/537.36 (KHTML, like Gecko) Chrome/148.0.7778.96 Mobile Safari/537.36 (compatible; AdsBot-Google-Mobile; +http://www.google.com/mobile/adsbot.html)"
65.108.235.243 - - [17/Jun/2026:16:49:51 +0200] "POST /wp-cron.php?doing_wp_cron=1781707791.4121329784393310546875 HTTP/1.1" 200 1 "-" "WordPress/7.0; https://reggio-emilia.elettroservicegroup.it"
74.125.151.200 - - [17/Jun/2026:16:49:48 +0200] "GET /assistenza-ariston-rubiera/ HTTP/1.1" 200 23079 "-" "Mozilla/5.0 (Linux; Android 6.0.1; Nexus 5X Build/MMB29P) AppleWebKit/537.36 (KHTML, like Gecko) Chrome/148.0.7778.96 Mobile Safari/537.36 (compatible; AdsBot-Google-Mobile; +http://www.google.com/mobile/adsbot.html)"
65.108.235.243 - - [17/Jun/2026:17:03:03 +0200] "POST /wp-cron.php?doing_wp_cron=1781708583.3624169826507568359375 HTTP/1.1" 200 1 "-" "WordPress/7.0; https://reggio-emilia.elettroservicegroup.it"
66.249.70.200 - - [17/Jun/2026:17:03:00 +0200] "GET /assistenza-ariston-scandiano/ HTTP/1.1" 200 23050 "-" "Mozilla/5.0 (Linux; Android 6.0.1; Nexus 5X Build/MMB29P) AppleWebKit/537.36 (KHTML, like Gecko) Chrome/148.0.7778.96 Mobile Safari/537.36 (compatible; Googlebot/2.1; +http://www.google.com/bot.html)"
65.108.235.243 - - [17/Jun/2026:17:03:03 +0200] "GET /assistenza-rex-electrolux-correggio/ HTTP/1.1" 200 23006 "-" "WP Fastest Cache Preload Bot"
65.108.235.243 - - [17/Jun/2026:17:03:06 +0200] "GET /assistenza-rex-electrolux-reggio-emilia/ HTTP/1.1" 200 23004 "-" "WP Fastest Cache Preload Bot"
65.108.235.243 - - [17/Jun/2026:17:03:09 +0200] "GET /assistenza-miele-rubiera/ HTTP/1.1" 200 22927 "-" "WP Fastest Cache Preload Bot"
65.108.235.243 - - [17/Jun/2026:17:03:10 +0200] "GET /assistenza-miele-scandiano/ HTTP/1.1" 200 22920 "-" "WP Fastest Cache Preload Bot"
66.249.70.201 - - [17/Jun/2026:17:05:43 +0200] "GET /wp-content/plugins/elementor/assets/lib/font-awesome/css/fontawesome.css?ver=5.15.3 HTTP/1.1" 200 12535 "https://reggio-emilia.elettroservicegroup.it/assistenza-ariston-scandiano/" "Mozilla/5.0 (Linux; Android 6.0.1; Nexus 5X Build/MMB29P) AppleWebKit/537.36 (KHTML, like Gecko) Chrome/148.0.7778.96 Mobile Safari/537.36 (compatible; Googlebot/2.1; +http://www.google.com/bot.html)"
66.249.70.199 - - [17/Jun/2026:17:05:46 +0200] "GET /wp-content/uploads/elementor/css/post-14366.css?ver=1780704000 HTTP/1.1" 200 302 "https://reggio-emilia.elettroservicegroup.it/assistenza-ariston-scandiano/" "Mozilla/5.0 (Linux; Android 6.0.1; Nexus 5X Build/MMB29P) AppleWebKit/537.36 (KHTML, like Gecko) Chrome/148.0.7778.96 Mobile Safari/537.36 (compatible; Googlebot/2.1; +http://www.google.com/bot.html)"
66.249.70.201 - - [17/Jun/2026:17:05:47 +0200] "GET /wp-content/plugins/elementor/assets/css/widget-image.min.css?ver=4.1.3 HTTP/1.1" 200 96 "https://reggio-emilia.elettroservicegroup.it/assistenza-ariston-scandiano/" "Mozilla/5.0 (Linux; Android 6.0.1; Nexus 5X Build/MMB29P) AppleWebKit/537.36 (KHTML, like Gecko) Chrome/148.0.7778.96 Mobile Safari/537.36 (compatible; Googlebot/2.1; +http://www.google.com/bot.html)"
66.249.70.200 - - [17/Jun/2026:17:05:48 +0200] "GET /wp-content/plugins/elementor/assets/lib/font-awesome/css/brands.css?ver=5.15.3 HTTP/1.1" 200 298 "https://reggio-emilia.elettroservicegroup.it/assistenza-ariston-scandiano/" "Mozilla/5.0 (Linux; Android 6.0.1; Nexus 5X Build/MMB29P) AppleWebKit/537.36 (KHTML, like Gecko) Chrome/148.0.7778.96 Mobile Safari/537.36 (compatible; Googlebot/2.1; +http://www.google.com/bot.html)"
66.249.70.199 - - [17/Jun/2026:17:05:48 +0200] "GET /wp-content/plugins/elementor/assets/lib/eicons/css/elementor-icons.min.css?ver=5.34.0 HTTP/1.1" 200 4115 "https://reggio-emilia.elettroservicegroup.it/assistenza-ariston-scandiano/" "Mozilla/5.0 (Linux; Android 6.0.1; Nexus 5X Build/MMB29P) AppleWebKit/537.36 (KHTML, like Gecko) Chrome/148.0.7778.96 Mobile Safari/537.36 (compatible; Googlebot/2.1; +http://www.google.com/bot.html)"
66.249.70.200 - - [17/Jun/2026:17:05:49 +0200] "GET /wp-content/plugins/elementor/assets/css/widget-heading.min.css?ver=4.1.3 HTTP/1.1" 200 127 "https://reggio-emilia.elettroservicegroup.it/assistenza-ariston-scandiano/" "Mozilla/5.0 (Linux; Android 6.0.1; Nexus 5X Build/MMB29P) AppleWebKit/537.36 (KHTML, like Gecko) Chrome/148.0.7778.96 Mobile Safari/537.36 (compatible; Googlebot/2.1; +http://www.google.com/bot.html)"
66.249.70.200 - - [17/Jun/2026:17:05:50 +0200] "GET /wp-content/plugins/elementor/assets/lib/font-awesome/css/solid.css?ver=5.15.3 HTTP/1.1" 200 299 "https://reggio-emilia.elettroservicegroup.it/assistenza-ariston-scandiano/" "Mozilla/5.0 (Linux; Android 6.0.1; Nexus 5X Build/MMB29P) AppleWebKit/537.36 (KHTML, like Gecko) Chrome/148.0.7778.96 Mobile Safari/537.36 (compatible; Googlebot/2.1; +http://www.google.com/bot.html)"
66.249.70.199 - - [17/Jun/2026:17:05:50 +0200] "GET /wp-content/plugins/header-footer-elementor/assets/css/header-footer-elementor.css?ver=2.8.8 HTTP/1.1" 200 260 "https://reggio-emilia.elettroservicegroup.it/assistenza-ariston-scandiano/" "Mozilla/5.0 (Linux; Android 6.0.1; Nexus 5X Build/MMB29P) AppleWebKit/537.36 (KHTML, like Gecko) Chrome/148.0.7778.96 Mobile Safari/537.36 (compatible; Googlebot/2.1; +http://www.google.com/bot.html)"
66.249.70.200 - - [17/Jun/2026:17:05:51 +0200] "GET /wp-content/uploads/elementor/css/post-17700.css?ver=1780704000 HTTP/1.1" 200 2167 "https://reggio-emilia.elettroservicegroup.it/assistenza-ariston-scandiano/" "Mozilla/5.0 (Linux; Android 6.0.1; Nexus 5X Build/MMB29P) AppleWebKit/537.36 (KHTML, like Gecko) Chrome/148.0.7778.96 Mobile Safari/537.36 (compatible; Googlebot/2.1; +http://www.google.com/bot.html)"
66.249.70.199 - - [17/Jun/2026:17:05:51 +0200] "GET /wp-content/plugins/all-in-one-seo-pack/dist/Lite/assets/css/table-of-contents/global.e90f6d47.css?ver=4.9.8 HTTP/1.1" 200 420 "https://reggio-emilia.elettroservicegroup.it/assistenza-ariston-scandiano/" "Mozilla/5.0 (Linux; Android 6.0.1; Nexus 5X Build/MMB29P) AppleWebKit/537.36 (KHTML, like Gecko) Chrome/148.0.7778.96 Mobile Safari/537.36 (compatible; Googlebot/2.1; +http://www.google.com/bot.html)"
66.249.70.199 - - [17/Jun/2026:17:05:52 +0200] "GET /wp-content/themes/generatepress/assets/css/main.min.css?ver=3.6.1 HTTP/1.1" 200 4410 "https://reggio-emilia.elettroservicegroup.it/assistenza-ariston-scandiano/" "Mozilla/5.0 (Linux; Android 6.0.1; Nexus 5X Build/MMB29P) AppleWebKit/537.36 (KHTML, like Gecko) Chrome/148.0.7778.96 Mobile Safari/537.36 (compatible; Googlebot/2.1; +http://www.google.com/bot.html)"
66.249.70.199 - - [17/Jun/2026:17:05:53 +0200] "GET /wp-content/plugins/header-footer-elementor/inc/widgets-css/frontend.css?ver=2.8.8 HTTP/1.1" 200 8711 "https://reggio-emilia.elettroservicegroup.it/assistenza-ariston-scandiano/" "Mozilla/5.0 (Linux; Android 6.0.1; Nexus 5X Build/MMB29P) AppleWebKit/537.36 (KHTML, like Gecko) Chrome/148.0.7778.96 Mobile Safari/537.36 (compatible; Googlebot/2.1; +http://www.google.com/bot.html)"
66.249.70.199 - - [17/Jun/2026:17:05:54 +0200] "GET /wp-includes/js/jquery/ui/core.min.js?ver=1.13.3 HTTP/1.1" 200 6820 "https://reggio-emilia.elettroservicegroup.it/assistenza-ariston-scandiano/" "Mozilla/5.0 (Linux; Android 6.0.1; Nexus 5X Build/MMB29P) AppleWebKit/537.36 (KHTML, like Gecko) Chrome/148.0.7778.96 Mobile Safari/537.36 (compatible; Googlebot/2.1; +http://www.google.com/bot.html)"
66.249.70.199 - - [17/Jun/2026:17:05:54 +0200] "GET /wp-content/plugins/elementor/assets/js/frontend-modules.min.js?ver=4.1.3 HTTP/1.1" 200 15454 "https://reggio-emilia.elettroservicegroup.it/assistenza-ariston-scandiano/" "Mozilla/5.0 (Linux; Android 6.0.1; Nexus 5X Build/MMB29P) AppleWebKit/537.36 (KHTML, like Gecko) Chrome/148.0.7778.96 Mobile Safari/537.36 (compatible; Googlebot/2.1; +http://www.google.com/bot.html)"
66.249.70.199 - - [17/Jun/2026:17:05:55 +0200] "GET /wp-content/themes/generatepress/assets/js/menu.min.js?ver=3.6.1 HTTP/1.1" 200 1688 "https://reggio-emilia.elettroservicegroup.it/assistenza-ariston-scandiano/" "Mozilla/5.0 (Linux; Android 6.0.1; Nexus 5X Build/MMB29P) AppleWebKit/537.36 (KHTML, like Gecko) Chrome/148.0.7778.96 Mobile Safari/537.36 (compatible; Googlebot/2.1; +http://www.google.com/bot.html)"
66.249.70.199 - - [17/Jun/2026:17:05:56 +0200] "GET /wp-content/themes/generatepress/assets/js/back-to-top.min.js?ver=3.6.1 HTTP/1.1" 200 336 "https://reggio-emilia.elettroservicegroup.it/assistenza-ariston-scandiano/" "Mozilla/5.0 (Linux; Android 6.0.1; Nexus 5X Build/MMB29P) AppleWebKit/537.36 (KHTML, like Gecko) Chrome/148.0.7778.96 Mobile Safari/537.36 (compatible; Googlebot/2.1; +http://www.google.com/bot.html)"
