66.249.70.199 - - [17/Jun/2026:17:05:58 +0200] "GET /wp-content/plugins/complianz-gdpr-premium/cookiebanner/js/complianz.min.js?ver=1780704000 HTTP/1.1" 200 10762 "https://reggio-emilia.elettroservicegroup.it/assistenza-ariston-scandiano/" "Mozilla/5.0 (Linux; Android 6.0.1; Nexus 5X Build/MMB29P) AppleWebKit/537.36 (KHTML, like Gecko) Chrome/148.0.7778.96 Mobile Safari/537.36 (compatible; Googlebot/2.1; +http://www.google.com/bot.html)"
65.108.235.243 - - [17/Jun/2026:17:06:00 +0200] "POST /wp-cron.php?doing_wp_cron=1781708760.9209799766540527343750 HTTP/1.1" 200 1 "-" "WordPress/7.0; https://reggio-emilia.elettroservicegroup.it"
66.249.70.201 - - [17/Jun/2026:17:05:59 +0200] "GET /wp-json/complianz/v1/banner?lang=it&locale=it_IT&token=glvis HTTP/1.1" 200 82 "https://reggio-emilia.elettroservicegroup.it/assistenza-ariston-scandiano/" "Mozilla/5.0 (Linux; Android 6.0.1; Nexus 5X Build/MMB29P) AppleWebKit/537.36 (KHTML, like Gecko) Chrome/148.0.7778.96 Mobile Safari/537.36 (compatible; Googlebot/2.1; +http://www.google.com/bot.html)"
66.249.70.199 - - [17/Jun/2026:17:06:02 +0200] "GET /wp-content/uploads/complianz/css/banner-1-optin.css?v=511 HTTP/1.1" 200 2862 "https://reggio-emilia.elettroservicegroup.it/assistenza-ariston-scandiano/" "Mozilla/5.0 (Linux; Android 6.0.1; Nexus 5X Build/MMB29P) AppleWebKit/537.36 (KHTML, like Gecko) Chrome/148.0.7778.96 Mobile Safari/537.36 (compatible; Googlebot/2.1; +http://www.google.com/bot.html)"
66.249.70.199 - - [17/Jun/2026:17:06:03 +0200] "GET /wp-json/complianz/v1/cookie_data HTTP/1.1" 200 82 "https://reggio-emilia.elettroservicegroup.it/assistenza-ariston-scandiano/" "Mozilla/5.0 (Linux; Android 6.0.1; Nexus 5X Build/MMB29P) AppleWebKit/537.36 (KHTML, like Gecko) Chrome/148.0.7778.96 Mobile Safari/537.36 (compatible; Googlebot/2.1; +http://www.google.com/bot.html)"
65.108.235.243 - - [17/Jun/2026:17:06:04 +0200] "GET /assistenza-miele-santilario-denza/ HTTP/1.1" 200 22986 "-" "WP Fastest Cache Preload Bot"
65.108.235.243 - - [17/Jun/2026:17:06:05 +0200] "GET /assistenza-miele-guastalla/ HTTP/1.1" 200 22916 "-" "WP Fastest Cache Preload Bot"
65.108.235.243 - - [17/Jun/2026:17:06:06 +0200] "GET /assistenza-miele-correggio/ HTTP/1.1" 200 22918 "-" "WP Fastest Cache Preload Bot"
65.108.235.243 - - [17/Jun/2026:17:06:08 +0200] "GET /assistenza-miele-reggio-emilia/ HTTP/1.1" 200 22913 "-" "WP Fastest Cache Preload Bot"
65.108.235.243 - - [17/Jun/2026:17:25:59 +0200] "POST /wp-json/complianz/v1/wsc-scan HTTP/1.1" 400 88 "-" "WordPress/7.0; https://reggio-emilia.elettroservicegroup.it"
65.108.235.243 - - [17/Jun/2026:17:25:59 +0200] "GET /assistenza-lavatrici-rex-electrolux-rubiera/ HTTP/1.1" 200 22958 "-" "WP Fastest Cache Preload Bot"
65.108.235.243 - - [17/Jun/2026:17:26:00 +0200] "GET /assistenza-lavatrici-whirlpool-rubiera/ HTTP/1.1" 200 23094 "-" "WP Fastest Cache Preload Bot"
65.108.235.243 - - [17/Jun/2026:17:26:00 +0200] "GET /assistenza-lavatrici-whirlpool-scandiano/ HTTP/1.1" 200 23106 "-" "WP Fastest Cache Preload Bot"
65.108.235.243 - - [17/Jun/2026:17:26:01 +0200] "GET /assistenza-lavatrici-whirlpool-santilario-denza/ HTTP/1.1" 200 23170 "-" "WP Fastest Cache Preload Bot"
65.108.235.243 - - [17/Jun/2026:17:28:32 +0200] "POST /wp-cron.php?doing_wp_cron=1781710112.0061390399932861328125 HTTP/1.1" 200 1 "-" "WordPress/7.0; https://reggio-emilia.elettroservicegroup.it"
47.128.23.200 - - [17/Jun/2026:17:28:26 +0200] "GET /fontan-casino-mobile-erfahrungen-2024-ein-ausfuhrlicher-blick-auf-die-mobile-plattform/ HTTP/2.0" 404 15881 "-" "Mozilla/5.0 (Linux; Android 5.0) AppleWebKit/537.36 (KHTML, like Gecko) Mobile Safari/537.36 (compatible; Bytespider; spider-feedback@bytedance.com)"
47.128.23.200 - - [17/Jun/2026:17:28:32 +0200] "GET /wp-content/uploads/elementor/css/post-14146.css?ver=1781676230 HTTP/2.0" 404 17155 "https://reggio-emilia.elettroservicegroup.it/fontan-casino-mobile-erfahrungen-2024-ein-ausfuhrlicher-blick-auf-die-mobile-plattform/" "Mozilla/5.0 (Linux; Android 5.0) AppleWebKit/537.36 (KHTML, like Gecko) Mobile Safari/537.36 (compatible; Bytespider; spider-feedback@bytedance.com)"
47.128.23.200 - - [17/Jun/2026:17:28:32 +0200] "GET /wp-content/plugins/header-footer-elementor/inc/widgets-css/frontend.css?ver=2.8.8 HTTP/2.0" 404 17159 "https://reggio-emilia.elettroservicegroup.it/fontan-casino-mobile-erfahrungen-2024-ein-ausfuhrlicher-blick-auf-die-mobile-plattform/" "Mozilla/5.0 (Linux; Android 5.0) AppleWebKit/537.36 (KHTML, like Gecko) Mobile Safari/537.36 (compatible; Bytespider; spider-feedback@bytedance.com)"
47.128.23.200 - - [17/Jun/2026:17:28:32 +0200] "GET /wp-content/plugins/header-footer-elementor/assets/css/header-footer-elementor.css?ver=2.8.8 HTTP/2.0" 404 17165 "https://reggio-emilia.elettroservicegroup.it/fontan-casino-mobile-erfahrungen-2024-ein-ausfuhrlicher-blick-auf-die-mobile-plattform/" "Mozilla/5.0 (Linux; Android 5.0) AppleWebKit/537.36 (KHTML, like Gecko) Mobile Safari/537.36 (compatible; Bytespider; spider-feedback@bytedance.com)"
47.128.23.200 - - [17/Jun/2026:17:28:32 +0200] "GET /wp-content/plugins/all-in-one-seo-pack/dist/Lite/assets/css/table-of-contents/global.e90f6d47.css?ver=4.9.8 HTTP/2.0" 404 17174 "https://reggio-emilia.elettroservicegroup.it/fontan-casino-mobile-erfahrungen-2024-ein-ausfuhrlicher-blick-auf-die-mobile-plattform/" "Mozilla/5.0 (Linux; Android 5.0) AppleWebKit/537.36 (KHTML, like Gecko) Mobile Safari/537.36 (compatible; Bytespider; spider-feedback@bytedance.com)"
47.128.23.200 - - [17/Jun/2026:17:28:33 +0200] "GET /wp-content/plugins/elementor/assets/lib/eicons/css/elementor-icons.min.css?ver=5.34.0 HTTP/2.0" 404 17168 "https://reggio-emilia.elettroservicegroup.it/fontan-casino-mobile-erfahrungen-2024-ein-ausfuhrlicher-blick-auf-die-mobile-plattform/" "Mozilla/5.0 (Linux; Android 5.0) AppleWebKit/537.36 (KHTML, like Gecko) Mobile Safari/537.36 (compatible; Bytespider; spider-feedback@bytedance.com)"
47.128.23.200 - - [17/Jun/2026:17:28:32 +0200] "GET /wp-content/plugins/elementor/assets/lib/font-awesome/css/all.min.css?ver=4.1.3 HTTP/2.0" 404 17172 "https://reggio-emilia.elettroservicegroup.it/fontan-casino-mobile-erfahrungen-2024-ein-ausfuhrlicher-blick-auf-die-mobile-plattform/" "Mozilla/5.0 (Linux; Android 5.0) AppleWebKit/537.36 (KHTML, like Gecko) Mobile Safari/537.36 (compatible; Bytespider; spider-feedback@bytedance.com)"
47.128.23.200 - - [17/Jun/2026:17:28:32 +0200] "GET /wp-includes/css/dist/block-library/style.min.css?ver=7.0 HTTP/2.0" 404 17157 "https://reggio-emilia.elettroservicegroup.it/fontan-casino-mobile-erfahrungen-2024-ein-ausfuhrlicher-blick-auf-die-mobile-plattform/" "Mozilla/5.0 (Linux; Android 5.0) AppleWebKit/537.36 (KHTML, like Gecko) Mobile Safari/537.36 (compatible; Bytespider; spider-feedback@bytedance.com)"
47.128.23.200 - - [17/Jun/2026:17:28:32 +0200] "GET /wp-content/plugins/complianz-gdpr-premium/assets/css/cookieblocker.min.css?ver=1781536286 HTTP/2.0" 404 17165 "https://reggio-emilia.elettroservicegroup.it/fontan-casino-mobile-erfahrungen-2024-ein-ausfuhrlicher-blick-auf-die-mobile-plattform/" "Mozilla/5.0 (Linux; Android 5.0) AppleWebKit/537.36 (KHTML, like Gecko) Mobile Safari/537.36 (compatible; Bytespider; spider-feedback@bytedance.com)"
47.128.23.200 - - [17/Jun/2026:17:28:32 +0200] "GET /wp-content/plugins/elementor/assets/css/frontend.min.css?ver=4.1.3 HTTP/2.0" 404 17155 "https://reggio-emilia.elettroservicegroup.it/fontan-casino-mobile-erfahrungen-2024-ein-ausfuhrlicher-blick-auf-die-mobile-plattform/" "Mozilla/5.0 (Linux; Android 5.0) AppleWebKit/537.36 (KHTML, like Gecko) Mobile Safari/537.36 (compatible; Bytespider; spider-feedback@bytedance.com)"
47.128.23.200 - - [17/Jun/2026:17:28:33 +0200] "GET /wp-content/themes/generatepress/assets/css/main.min.css?ver=3.6.1 HTTP/2.0" 404 17162 "https://reggio-emilia.elettroservicegroup.it/fontan-casino-mobile-erfahrungen-2024-ein-ausfuhrlicher-blick-auf-die-mobile-plattform/" "Mozilla/5.0 (Linux; Android 5.0) AppleWebKit/537.36 (KHTML, like Gecko) Mobile Safari/537.36 (compatible; Bytespider; spider-feedback@bytedance.com)"
47.128.23.200 - - [17/Jun/2026:17:28:33 +0200] "GET /wp-content/uploads/elementor/css/post-14366.css?ver=1781676231 HTTP/2.0" 404 17157 "https://reggio-emilia.elettroservicegroup.it/fontan-casino-mobile-erfahrungen-2024-ein-ausfuhrlicher-blick-auf-die-mobile-plattform/" "Mozilla/5.0 (Linux; Android 5.0) AppleWebKit/537.36 (KHTML, like Gecko) Mobile Safari/537.36 (compatible; Bytespider; spider-feedback@bytedance.com)"
47.128.23.200 - - [17/Jun/2026:17:28:33 +0200] "GET /wp-content/plugins/elementor/assets/lib/font-awesome/css/v4-shims.min.css?ver=4.1.3 HTTP/2.0" 404 17176 "https://reggio-emilia.elettroservicegroup.it/fontan-casino-mobile-erfahrungen-2024-ein-ausfuhrlicher-blick-auf-die-mobile-plattform/" "Mozilla/5.0 (Linux; Android 5.0) AppleWebKit/537.36 (KHTML, like Gecko) Mobile Safari/537.36 (compatible; Bytespider; spider-feedback@bytedance.com)"
47.128.23.200 - - [17/Jun/2026:17:28:33 +0200] "GET /wp-content/plugins/gp-premium/menu-plus/functions/css/navigation-branding-flex.min.css?ver=2.5.5 HTTP/2.0" 404 17183 "https://reggio-emilia.elettroservicegroup.it/fontan-casino-mobile-erfahrungen-2024-ein-ausfuhrlicher-blick-auf-die-mobile-plattform/" "Mozilla/5.0 (Linux; Android 5.0) AppleWebKit/537.36 (KHTML, like Gecko) Mobile Safari/537.36 (compatible; Bytespider; spider-feedback@bytedance.com)"
47.128.23.200 - - [17/Jun/2026:17:28:33 +0200] "GET /wp-content/uploads/2021/10/cropped-cropped-cropped-logo_white_background.png HTTP/2.0" 404 80055 "https://reggio-emilia.elettroservicegroup.it/fontan-casino-mobile-erfahrungen-2024-ein-ausfuhrlicher-blick-auf-die-mobile-plattform/" "Mozilla/5.0 (Linux; Android 5.0) AppleWebKit/537.36 (KHTML, like Gecko) Mobile Safari/537.36 (compatible; Bytespider; spider-feedback@bytedance.com)"
47.128.23.200 - - [17/Jun/2026:17:28:33 +0200] "GET /wp-content/plugins/elementor/assets/css/widget-icon-list.min.css?ver=3.24.3 HTTP/2.0" 404 17167 "https://reggio-emilia.elettroservicegroup.it/fontan-casino-mobile-erfahrungen-2024-ein-ausfuhrlicher-blick-auf-die-mobile-plattform/" "Mozilla/5.0 (Linux; Android 5.0) AppleWebKit/537.36 (KHTML, like Gecko) Mobile Safari/537.36 (compatible; Bytespider; spider-feedback@bytedance.com)"
47.128.23.200 - - [17/Jun/2026:17:28:33 +0200] "GET /wp-content/plugins/elementor/assets/css/widget-social-icons.min.css?ver=3.24.0 HTTP/2.0" 404 17165 "https://reggio-emilia.elettroservicegroup.it/fontan-casino-mobile-erfahrungen-2024-ein-ausfuhrlicher-blick-auf-die-mobile-plattform/" "Mozilla/5.0 (Linux; Android 5.0) AppleWebKit/537.36 (KHTML, like Gecko) Mobile Safari/537.36 (compatible; Bytespider; spider-feedback@bytedance.com)"
47.128.23.200 - - [17/Jun/2026:17:28:33 +0200] "GET /wp-content/plugins/elementor/assets/lib/font-awesome/css/fontawesome.css?ver=5.15.3 HTTP/2.0" 404 17172 "https://reggio-emilia.elettroservicegroup.it/fontan-casino-mobile-erfahrungen-2024-ein-ausfuhrlicher-blick-auf-die-mobile-plattform/" "Mozilla/5.0 (Linux; Android 5.0) AppleWebKit/537.36 (KHTML, like Gecko) Mobile Safari/537.36 (compatible; Bytespider; spider-feedback@bytedance.com)"
47.128.23.200 - - [17/Jun/2026:17:28:33 +0200] "GET /wp-content/plugins/gp-premium/blog/functions/css/featured-images.min.css?ver=2.5.5 HTTP/2.0" 404 17167 "https://reggio-emilia.elettroservicegroup.it/fontan-casino-mobile-erfahrungen-2024-ein-ausfuhrlicher-blick-auf-die-mobile-plattform/" "Mozilla/5.0 (Linux; Android 5.0) AppleWebKit/537.36 (KHTML, like Gecko) Mobile Safari/537.36 (compatible; Bytespider; spider-feedback@bytedance.com)"
47.128.23.200 - - [17/Jun/2026:17:28:33 +0200] "GET /wp-content/plugins/elementor/assets/lib/font-awesome/css/solid.css?ver=5.15.3 HTTP/2.0" 404 17171 "https://reggio-emilia.elettroservicegroup.it/fontan-casino-mobile-erfahrungen-2024-ein-ausfuhrlicher-blick-auf-die-mobile-plattform/" "Mozilla/5.0 (Linux; Android 5.0) AppleWebKit/537.36 (KHTML, like Gecko) Mobile Safari/537.36 (compatible; Bytespider; spider-feedback@bytedance.com)"
47.128.23.200 - - [17/Jun/2026:17:28:33 +0200] "GET /wp-content/uploads/elementor/google-fonts/css/roboto.css?ver=1742255001 HTTP/2.0" 404 17154 "https://reggio-emilia.elettroservicegroup.it/fontan-casino-mobile-erfahrungen-2024-ein-ausfuhrlicher-blick-auf-die-mobile-plattform/" "Mozilla/5.0 (Linux; Android 5.0) AppleWebKit/537.36 (KHTML, like Gecko) Mobile Safari/537.36 (compatible; Bytespider; spider-feedback@bytedance.com)"
47.128.23.200 - - [17/Jun/2026:17:28:33 +0200] "GET /wp-content/plugins/elementor/assets/lib/font-awesome/css/brands.css?ver=5.15.3 HTTP/2.0" 404 17174 "https://reggio-emilia.elettroservicegroup.it/fontan-casino-mobile-erfahrungen-2024-ein-ausfuhrlicher-blick-auf-die-mobile-plattform/" "Mozilla/5.0 (Linux; Android 5.0) AppleWebKit/537.36 (KHTML, like Gecko) Mobile Safari/537.36 (compatible; Bytespider; spider-feedback@bytedance.com)"
65.108.235.243 - - [17/Jun/2026:17:28:42 +0200] "POST /wp-cron.php?doing_wp_cron=1781710122.3059160709381103515625 HTTP/1.1" 200 1 "-" "WordPress/7.0; https://reggio-emilia.elettroservicegroup.it"
47.128.23.200 - - [17/Jun/2026:17:28:33 +0200] "GET /wp-content/uploads/elementor/google-fonts/css/robotoslab.css?ver=1742255003 HTTP/2.0" 404 17158 "https://reggio-emilia.elettroservicegroup.it/fontan-casino-mobile-erfahrungen-2024-ein-ausfuhrlicher-blick-auf-die-mobile-plattform/" "Mozilla/5.0 (Linux; Android 5.0) AppleWebKit/537.36 (KHTML, like Gecko) Mobile Safari/537.36 (compatible; Bytespider; spider-feedback@bytedance.com)"
47.128.23.200 - - [17/Jun/2026:17:28:43 +0200] "GET /wp-content/uploads/2021/10/cropped-cropped-cropped-logo_white_background.png HTTP/2.0" 404 80055 "https://reggio-emilia.elettroservicegroup.it/fontan-casino-mobile-erfahrungen-2024-ein-ausfuhrlicher-blick-auf-die-mobile-plattform/" "Mozilla/5.0 (Linux; Android 5.0) AppleWebKit/537.36 (KHTML, like Gecko) Mobile Safari/537.36 (compatible; Bytespider; spider-feedback@bytedance.com)"
47.128.23.200 - - [17/Jun/2026:17:28:43 +0200] "GET /wp-content/uploads/2021/10/cropped-logo_white_background.png HTTP/2.0" 404 79959 "https://reggio-emilia.elettroservicegroup.it/fontan-casino-mobile-erfahrungen-2024-ein-ausfuhrlicher-blick-auf-die-mobile-plattform/" "Mozilla/5.0 (Linux; Android 5.0) AppleWebKit/537.36 (KHTML, like Gecko) Mobile Safari/537.36 (compatible; Bytespider; spider-feedback@bytedance.com)"
74.125.151.200 - - [17/Jun/2026:17:32:44 +0200] "GET /wp-content/uploads/elementor/css/post-14146.css?ver=1781676230 HTTP/1.1" 200 428 "https://reggio-emilia.elettroservicegroup.it/assistenza-candy-reggio-emilia/" "AdsBot-Google (+http://www.google.com/adsbot.html)"
74.125.151.200 - - [17/Jun/2026:17:32:49 +0200] "GET /wp-content/uploads/elementor/css/post-14366.css?ver=1781676231 HTTP/1.1" 200 302 "https://reggio-emilia.elettroservicegroup.it/assistenza-candy-reggio-emilia/" "AdsBot-Google (+http://www.google.com/adsbot.html)"
74.125.151.199 - - [17/Jun/2026:17:32:50 +0200] "GET /wp-content/plugins/header-footer-elementor/inc/widgets-css/frontend.css?ver=2.8.8 HTTP/1.1" 200 8711 "https://reggio-emilia.elettroservicegroup.it/assistenza-candy-reggio-emilia/" "AdsBot-Google (+http://www.google.com/adsbot.html)"
74.125.151.199 - - [17/Jun/2026:17:32:52 +0200] "GET /wp-content/plugins/elementor/assets/lib/font-awesome/css/brands.css?ver=5.15.3 HTTP/1.1" 200 298 "https://reggio-emilia.elettroservicegroup.it/assistenza-candy-reggio-emilia/" "AdsBot-Google (+http://www.google.com/adsbot.html)"
74.125.151.199 - - [17/Jun/2026:17:32:55 +0200] "GET /wp-content/plugins/header-footer-elementor/assets/css/header-footer-elementor.css?ver=2.8.8 HTTP/1.1" 200 260 "https://reggio-emilia.elettroservicegroup.it/assistenza-candy-reggio-emilia/" "AdsBot-Google (+http://www.google.com/adsbot.html)"
74.125.151.199 - - [17/Jun/2026:17:32:56 +0200] "GET /wp-content/plugins/elementor/assets/lib/font-awesome/css/solid.css?ver=5.15.3 HTTP/1.1" 200 299 "https://reggio-emilia.elettroservicegroup.it/assistenza-candy-reggio-emilia/" "AdsBot-Google (+http://www.google.com/adsbot.html)"
74.125.151.199 - - [17/Jun/2026:17:32:57 +0200] "GET /wp-content/plugins/elementor/assets/css/widget-social-icons.min.css?ver=3.24.0 HTTP/1.1" 200 1039 "https://reggio-emilia.elettroservicegroup.it/assistenza-candy-reggio-emilia/" "AdsBot-Google (+http://www.google.com/adsbot.html)"
74.125.151.199 - - [17/Jun/2026:17:32:58 +0200] "GET /wp-content/uploads/elementor/css/post-17708.css?ver=1781683523 HTTP/1.1" 200 2177 "https://reggio-emilia.elettroservicegroup.it/assistenza-candy-reggio-emilia/" "AdsBot-Google (+http://www.google.com/adsbot.html)"
74.125.151.199 - - [17/Jun/2026:17:32:58 +0200] "GET /wp-content/plugins/complianz-gdpr-premium/assets/css/cookieblocker.min.css?ver=1781536286 HTTP/1.1" 200 615 "https://reggio-emilia.elettroservicegroup.it/assistenza-candy-reggio-emilia/" "AdsBot-Google (+http://www.google.com/adsbot.html)"
74.125.151.199 - - [17/Jun/2026:17:32:59 +0200] "GET /wp-content/plugins/gp-premium/menu-plus/functions/css/navigation-branding-flex.min.css?ver=2.5.5 HTTP/1.1" 200 542 "https://reggio-emilia.elettroservicegroup.it/assistenza-candy-reggio-emilia/" "AdsBot-Google (+http://www.google.com/adsbot.html)"
74.125.151.199 - - [17/Jun/2026:17:33:01 +0200] "GET /wp-content/plugins/gp-premium/menu-plus/functions/js/sticky.min.js?ver=2.5.5 HTTP/1.1" 200 2670 "https://reggio-emilia.elettroservicegroup.it/assistenza-candy-reggio-emilia/" "AdsBot-Google (+http://www.google.com/adsbot.html)"
74.125.151.199 - - [17/Jun/2026:17:33:02 +0200] "GET /wp-content/plugins/elementor/assets/css/widget-spacer.min.css?ver=4.1.3 HTTP/1.1" 200 287 "https://reggio-emilia.elettroservicegroup.it/assistenza-candy-reggio-emilia/" "AdsBot-Google (+http://www.google.com/adsbot.html)"
74.125.151.199 - - [17/Jun/2026:17:33:03 +0200] "GET /wp-content/plugins/elementor/assets/lib/font-awesome/css/v4-shims.min.css?ver=4.1.3 HTTP/1.1" 200 3986 "https://reggio-emilia.elettroservicegroup.it/assistenza-candy-reggio-emilia/" "AdsBot-Google (+http://www.google.com/adsbot.html)"
74.125.151.199 - - [17/Jun/2026:17:33:04 +0200] "GET /wp-content/plugins/elementor/assets/css/widget-heading.min.css?ver=4.1.3 HTTP/1.1" 200 127 "https://reggio-emilia.elettroservicegroup.it/assistenza-candy-reggio-emilia/" "AdsBot-Google (+http://www.google.com/adsbot.html)"
74.125.151.199 - - [17/Jun/2026:17:33:05 +0200] "GET /wp-includes/js/jquery/jquery-migrate.min.js?ver=3.4.1 HTTP/1.1" 200 4685 "https://reggio-emilia.elettroservicegroup.it/assistenza-candy-reggio-emilia/" "AdsBot-Google (+http://www.google.com/adsbot.html)"
74.125.151.199 - - [17/Jun/2026:17:33:06 +0200] "GET /wp-content/plugins/elementor/assets/lib/eicons/css/elementor-icons.min.css?ver=5.34.0 HTTP/1.1" 200 4115 "https://reggio-emilia.elettroservicegroup.it/assistenza-candy-reggio-emilia/" "AdsBot-Google (+http://www.google.com/adsbot.html)"
74.125.151.199 - - [17/Jun/2026:17:33:06 +0200] "GET /wp-content/plugins/elementor/assets/css/widget-image.min.css?ver=4.1.3 HTTP/1.1" 200 96 "https://reggio-emilia.elettroservicegroup.it/assistenza-candy-reggio-emilia/" "AdsBot-Google (+http://www.google.com/adsbot.html)"
74.125.151.199 - - [17/Jun/2026:17:33:07 +0200] "GET /wp-content/plugins/elementor/assets/js/webpack.runtime.min.js?ver=4.1.3 HTTP/1.1" 200 2340 "https://reggio-emilia.elettroservicegroup.it/assistenza-candy-reggio-emilia/" "AdsBot-Google (+http://www.google.com/adsbot.html)"
74.125.151.199 - - [17/Jun/2026:17:33:08 +0200] "GET /wp-content/plugins/elementor/assets/lib/animations/styles/bounceIn.min.css?ver=4.1.3 HTTP/1.1" 200 186 "https://reggio-emilia.elettroservicegroup.it/assistenza-candy-reggio-emilia/" "AdsBot-Google (+http://www.google.com/adsbot.html)"
74.125.151.199 - - [17/Jun/2026:17:33:10 +0200] "GET /wp-content/plugins/elementor/assets/lib/animations/styles/zoomIn.min.css?ver=4.1.3 HTTP/1.1" 200 87 "https://reggio-emilia.elettroservicegroup.it/assistenza-candy-reggio-emilia/" "AdsBot-Google (+http://www.google.com/adsbot.html)"
74.125.151.199 - - [17/Jun/2026:17:33:11 +0200] "GET /wp-content/uploads/elementor/google-fonts/css/roboto.css?ver=1742255001 HTTP/1.1" 200 1890 "https://reggio-emilia.elettroservicegroup.it/assistenza-candy-reggio-emilia/" "AdsBot-Google (+http://www.google.com/adsbot.html)"
74.125.151.199 - - [17/Jun/2026:17:33:12 +0200] "GET /wp-content/themes/generatepress/assets/css/main.min.css?ver=3.6.1 HTTP/1.1" 200 4410 "https://reggio-emilia.elettroservicegroup.it/assistenza-candy-reggio-emilia/" "AdsBot-Google (+http://www.google.com/adsbot.html)"
74.125.151.199 - - [17/Jun/2026:17:33:13 +0200] "GET /wp-content/uploads/elementor/google-fonts/css/robotoslab.css?ver=1742255003 HTTP/1.1" 200 721 "https://reggio-emilia.elettroservicegroup.it/assistenza-candy-reggio-emilia/" "AdsBot-Google (+http://www.google.com/adsbot.html)"
74.125.151.199 - - [17/Jun/2026:17:33:16 +0200] "GET /wp-content/plugins/elementor/assets/js/frontend-modules.min.js?ver=4.1.3 HTTP/1.1" 200 15454 "https://reggio-emilia.elettroservicegroup.it/assistenza-candy-reggio-emilia/" "AdsBot-Google (+http://www.google.com/adsbot.html)"
74.125.151.199 - - [17/Jun/2026:17:33:33 +0200] "GET /wp-includes/js/jquery/ui/core.min.js?ver=1.13.3 HTTP/1.1" 200 6820 "https://reggio-emilia.elettroservicegroup.it/assistenza-candy-reggio-emilia/" "AdsBot-Google (+http://www.google.com/adsbot.html)"
74.125.151.199 - - [17/Jun/2026:17:33:35 +0200] "GET /wp-content/plugins/elementor/assets/js/frontend.min.js?ver=4.1.3 HTTP/1.1" 200 10140 "https://reggio-emilia.elettroservicegroup.it/assistenza-candy-reggio-emilia/" "AdsBot-Google (+http://www.google.com/adsbot.html)"
74.125.151.199 - - [17/Jun/2026:17:33:39 +0200] "GET /wp-content/themes/generatepress/assets/js/menu.min.js?ver=3.6.1 HTTP/1.1" 200 1688 "https://reggio-emilia.elettroservicegroup.it/assistenza-candy-reggio-emilia/" "AdsBot-Google (+http://www.google.com/adsbot.html)"
74.125.151.199 - - [17/Jun/2026:17:33:40 +0200] "GET /wp-content/themes/generatepress/assets/js/back-to-top.min.js?ver=3.6.1 HTTP/1.1" 200 336 "https://reggio-emilia.elettroservicegroup.it/assistenza-candy-reggio-emilia/" "AdsBot-Google (+http://www.google.com/adsbot.html)"
74.125.151.199 - - [17/Jun/2026:17:33:42 +0200] "GET /wp-content/plugins/complianz-gdpr-premium/cookiebanner/js/complianz.min.js?ver=1781536286 HTTP/1.1" 200 10762 "https://reggio-emilia.elettroservicegroup.it/assistenza-candy-reggio-emilia/" "AdsBot-Google (+http://www.google.com/adsbot.html)"
65.108.235.243 - - [17/Jun/2026:17:33:45 +0200] "POST /wp-cron.php?doing_wp_cron=1781710425.6580369472503662109375 HTTP/1.1" 200 1 "-" "WordPress/7.0; https://reggio-emilia.elettroservicegroup.it"
74.125.151.199 - - [17/Jun/2026:17:33:43 +0200] "GET /wp-json/complianz/v1/banner?lang=it&locale=it_IT&token=lectn HTTP/1.1" 200 82 "https://reggio-emilia.elettroservicegroup.it/assistenza-candy-reggio-emilia/" "AdsBot-Google (+http://www.google.com/adsbot.html)"
65.108.235.243 - - [17/Jun/2026:17:33:46 +0200] "GET /assistenza-lavatrici-rex-electrolux-scandiano/ HTTP/1.1" 200 22963 "-" "WP Fastest Cache Preload Bot"
65.108.235.243 - - [17/Jun/2026:17:33:47 +0200] "GET /assistenza-lavatrici-whirlpool-guastalla/ HTTP/1.1" 200 23102 "-" "WP Fastest Cache Preload Bot"
65.108.235.243 - - [17/Jun/2026:17:33:47 +0200] "GET /assistenza-lavatrici-whirlpool-correggio/ HTTP/1.1" 200 23100 "-" "WP Fastest Cache Preload Bot"
65.108.235.243 - - [17/Jun/2026:17:33:48 +0200] "GET /assistenza-lavatrici-whirlpool-reggio-emilia/ HTTP/1.1" 200 23096 "-" "WP Fastest Cache Preload Bot"
74.125.151.199 - - [17/Jun/2026:17:33:51 +0200] "GET /wp-content/uploads/elementor/google-fonts/fonts/roboto-kfo7cnqeu92fr1me7ksn66agldtyluama3yuba.woff2 HTTP/1.1" 304 - "https://reggio-emilia.elettroservicegroup.it/wp-content/uploads/elementor/google-fonts/css/roboto.css?ver=1742255001" "AdsBot-Google (+http://www.google.com/adsbot.html)"
74.125.151.199 - - [17/Jun/2026:17:33:52 +0200] "GET /wp-content/uploads/complianz/css/banner-1-optin.css?v=511 HTTP/1.1" 200 2862 "https://reggio-emilia.elettroservicegroup.it/assistenza-candy-reggio-emilia/" "AdsBot-Google (+http://www.google.com/adsbot.html)"
74.125.151.199 - - [17/Jun/2026:17:33:54 +0200] "GET /wp-json/complianz/v1/cookie_data HTTP/1.1" 200 82 "https://reggio-emilia.elettroservicegroup.it/assistenza-candy-reggio-emilia/" "AdsBot-Google (+http://www.google.com/adsbot.html)"
65.108.235.243 - - [17/Jun/2026:17:54:00 +0200] "GET /assistenza-lavatrici-rex-electrolux-santilario-denza/ HTTP/1.1" 200 23032 "-" "WP Fastest Cache Preload Bot"
65.108.235.243 - - [17/Jun/2026:17:54:03 +0200] "GET /assistenza-lavatrici-smeg-rubiera/ HTTP/1.1" 200 22953 "-" "WP Fastest Cache Preload Bot"
65.108.235.243 - - [17/Jun/2026:17:54:05 +0200] "GET /assistenza-lavatrici-smeg-scandiano/ HTTP/1.1" 200 22955 "-" "WP Fastest Cache Preload Bot"
65.108.235.243 - - [17/Jun/2026:17:54:07 +0200] "GET /assistenza-lavatrici-rex-electrolux-guastalla/ HTTP/1.1" 200 22963 "-" "WP Fastest Cache Preload Bot"
74.125.151.199 - - [17/Jun/2026:17:55:31 +0200] "GET /wp-content/plugins/gp-premium/menu-plus/functions/css/navigation-branding-flex.min.css?ver=2.5.5 HTTP/1.1" 200 542 "https://reggio-emilia.elettroservicegroup.it/assistenza-miele-reggio-emilia/" "AdsBot-Google (+http://www.google.com/adsbot.html)"
74.125.151.199 - - [17/Jun/2026:17:55:33 +0200] "GET /wp-content/plugins/elementor/assets/lib/font-awesome/css/brands.css?ver=5.15.3 HTTP/1.1" 200 298 "https://reggio-emilia.elettroservicegroup.it/assistenza-miele-reggio-emilia/" "AdsBot-Google (+http://www.google.com/adsbot.html)"
74.125.151.200 - - [17/Jun/2026:17:55:38 +0200] "GET /wp-content/plugins/elementor/assets/css/widget-heading.min.css?ver=4.1.3 HTTP/1.1" 200 127 "https://reggio-emilia.elettroservicegroup.it/assistenza-miele-reggio-emilia/" "AdsBot-Google (+http://www.google.com/adsbot.html)"
74.125.151.200 - - [17/Jun/2026:17:55:40 +0200] "GET /wp-content/plugins/elementor/assets/css/widget-spacer.min.css?ver=4.1.3 HTTP/1.1" 200 287 "https://reggio-emilia.elettroservicegroup.it/assistenza-miele-reggio-emilia/" "AdsBot-Google (+http://www.google.com/adsbot.html)"
74.125.151.199 - - [17/Jun/2026:17:55:42 +0200] "GET /wp-content/plugins/elementor/assets/lib/animations/styles/zoomIn.min.css?ver=4.1.3 HTTP/1.1" 200 87 "https://reggio-emilia.elettroservicegroup.it/assistenza-miele-reggio-emilia/" "AdsBot-Google (+http://www.google.com/adsbot.html)"
74.125.151.199 - - [17/Jun/2026:17:55:44 +0200] "GET /wp-content/plugins/elementor/assets/css/widget-icon-list.min.css?ver=3.24.3 HTTP/1.1" 200 928 "https://reggio-emilia.elettroservicegroup.it/assistenza-miele-reggio-emilia/" "AdsBot-Google (+http://www.google.com/adsbot.html)"
74.125.151.199 - - [17/Jun/2026:17:55:45 +0200] "GET /wp-content/plugins/gp-premium/menu-plus/functions/js/sticky.min.js?ver=2.5.5 HTTP/1.1" 200 2670 "https://reggio-emilia.elettroservicegroup.it/assistenza-miele-reggio-emilia/" "AdsBot-Google (+http://www.google.com/adsbot.html)"
74.125.151.199 - - [17/Jun/2026:17:55:46 +0200] "GET /wp-content/plugins/all-in-one-seo-pack/dist/Lite/assets/css/table-of-contents/global.e90f6d47.css?ver=4.9.8 HTTP/1.1" 200 420 "https://reggio-emilia.elettroservicegroup.it/assistenza-miele-reggio-emilia/" "AdsBot-Google (+http://www.google.com/adsbot.html)"
74.125.151.199 - - [17/Jun/2026:17:55:47 +0200] "GET /wp-content/plugins/elementor/assets/css/widget-social-icons.min.css?ver=3.24.0 HTTP/1.1" 200 1039 "https://reggio-emilia.elettroservicegroup.it/assistenza-miele-reggio-emilia/" "AdsBot-Google (+http://www.google.com/adsbot.html)"
74.125.151.199 - - [17/Jun/2026:17:55:48 +0200] "GET /wp-content/plugins/elementor/assets/lib/font-awesome/css/solid.css?ver=5.15.3 HTTP/1.1" 200 299 "https://reggio-emilia.elettroservicegroup.it/assistenza-miele-reggio-emilia/" "AdsBot-Google (+http://www.google.com/adsbot.html)"
74.125.151.199 - - [17/Jun/2026:17:55:49 +0200] "GET /wp-content/plugins/elementor/assets/lib/animations/styles/bounceIn.min.css?ver=4.1.3 HTTP/1.1" 200 186 "https://reggio-emilia.elettroservicegroup.it/assistenza-miele-reggio-emilia/" "AdsBot-Google (+http://www.google.com/adsbot.html)"
74.125.151.199 - - [17/Jun/2026:17:55:50 +0200] "GET /wp-content/plugins/header-footer-elementor/assets/css/header-footer-elementor.css?ver=2.8.8 HTTP/1.1" 200 260 "https://reggio-emilia.elettroservicegroup.it/assistenza-miele-reggio-emilia/" "AdsBot-Google (+http://www.google.com/adsbot.html)"
74.125.151.199 - - [17/Jun/2026:17:55:53 +0200] "GET /wp-content/uploads/elementor/css/post-17816.css?ver=1781689181 HTTP/1.1" 200 2185 "https://reggio-emilia.elettroservicegroup.it/assistenza-miele-reggio-emilia/" "AdsBot-Google (+http://www.google.com/adsbot.html)"
74.125.151.199 - - [17/Jun/2026:17:55:55 +0200] "GET /wp-content/plugins/elementor/assets/lib/font-awesome/css/v4-shims.min.css?ver=4.1.3 HTTP/1.1" 200 3986 "https://reggio-emilia.elettroservicegroup.it/assistenza-miele-reggio-emilia/" "AdsBot-Google (+http://www.google.com/adsbot.html)"
74.125.151.199 - - [17/Jun/2026:17:55:58 +0200] "GET /wp-content/themes/generatepress/assets/css/main.min.css?ver=3.6.1 HTTP/1.1" 200 4410 "https://reggio-emilia.elettroservicegroup.it/assistenza-miele-reggio-emilia/" "AdsBot-Google (+http://www.google.com/adsbot.html)"
74.125.151.199 - - [17/Jun/2026:17:55:59 +0200] "GET /wp-content/plugins/elementor/assets/css/frontend.min.css?ver=4.1.3 HTTP/1.1" 200 6618 "https://reggio-emilia.elettroservicegroup.it/assistenza-miele-reggio-emilia/" "AdsBot-Google (+http://www.google.com/adsbot.html)"
74.125.151.199 - - [17/Jun/2026:17:56:05 +0200] "GET /wp-content/plugins/elementor/assets/js/frontend-modules.min.js?ver=4.1.3 HTTP/1.1" 200 15454 "https://reggio-emilia.elettroservicegroup.it/assistenza-miele-reggio-emilia/" "AdsBot-Google (+http://www.google.com/adsbot.html)"
74.125.151.199 - - [17/Jun/2026:17:56:05 +0200] "GET /wp-includes/js/jquery/ui/core.min.js?ver=1.13.3 HTTP/1.1" 200 6820 "https://reggio-emilia.elettroservicegroup.it/assistenza-miele-reggio-emilia/" "AdsBot-Google (+http://www.google.com/adsbot.html)"
74.125.151.199 - - [17/Jun/2026:17:56:08 +0200] "GET /wp-content/plugins/elementor/assets/js/frontend.min.js?ver=4.1.3 HTTP/1.1" 200 10140 "https://reggio-emilia.elettroservicegroup.it/assistenza-miele-reggio-emilia/" "AdsBot-Google (+http://www.google.com/adsbot.html)"
74.125.151.199 - - [17/Jun/2026:17:56:09 +0200] "GET /wp-content/themes/generatepress/assets/js/menu.min.js?ver=3.6.1 HTTP/1.1" 200 1688 "https://reggio-emilia.elettroservicegroup.it/assistenza-miele-reggio-emilia/" "AdsBot-Google (+http://www.google.com/adsbot.html)"
74.125.151.199 - - [17/Jun/2026:17:56:10 +0200] "GET /wp-content/themes/generatepress/assets/js/back-to-top.min.js?ver=3.6.1 HTTP/1.1" 200 336 "https://reggio-emilia.elettroservicegroup.it/assistenza-miele-reggio-emilia/" "AdsBot-Google (+http://www.google.com/adsbot.html)"
65.108.235.243 - - [17/Jun/2026:17:56:17 +0200] "POST /wp-cron.php?doing_wp_cron=1781711777.8041050434112548828125 HTTP/1.1" 200 1 "-" "WordPress/7.0; https://reggio-emilia.elettroservicegroup.it"
74.125.151.199 - - [17/Jun/2026:17:56:11 +0200] "GET /wp-json/complianz/v1/banner?lang=it&locale=it_IT&token=njacz HTTP/1.1" 200 82 "https://reggio-emilia.elettroservicegroup.it/assistenza-miele-reggio-emilia/" "AdsBot-Google (+http://www.google.com/adsbot.html)"
65.108.235.243 - - [17/Jun/2026:17:56:19 +0200] "GET /assistenza-lavatrici-smeg-santilario-denza/ HTTP/1.1" 200 23033 "-" "WP Fastest Cache Preload Bot"
74.125.151.199 - - [17/Jun/2026:17:56:24 +0200] "GET /wp-content/uploads/complianz/css/banner-1-optin.css?v=511 HTTP/1.1" 200 2862 "https://reggio-emilia.elettroservicegroup.it/assistenza-miele-reggio-emilia/" "AdsBot-Google (+http://www.google.com/adsbot.html)"
65.108.235.243 - - [17/Jun/2026:17:56:22 +0200] "GET /assistenza-lavatrici-smeg-guastalla/ HTTP/1.1" 200 22957 "-" "WP Fastest Cache Preload Bot"
74.125.151.199 - - [17/Jun/2026:17:56:25 +0200] "GET /wp-json/complianz/v1/cookie_data HTTP/1.1" 200 82 "https://reggio-emilia.elettroservicegroup.it/assistenza-miele-reggio-emilia/" "AdsBot-Google (+http://www.google.com/adsbot.html)"
65.108.235.243 - - [17/Jun/2026:17:56:25 +0200] "GET /assistenza-lavatrici-smeg-correggio/ HTTP/1.1" 200 22956 "-" "WP Fastest Cache Preload Bot"
65.108.235.243 - - [17/Jun/2026:17:56:28 +0200] "GET /assistenza-lavatrici-smeg-reggio-emilia/ HTTP/1.1" 200 22961 "-" "WP Fastest Cache Preload Bot"
65.108.235.243 - - [17/Jun/2026:17:59:18 +0200] "POST /wp-cron.php?doing_wp_cron=1781711958.1150290966033935546875 HTTP/1.1" 200 1 "-" "WordPress/7.0; https://reggio-emilia.elettroservicegroup.it"
216.73.217.38 - - [17/Jun/2026:17:59:15 +0200] "GET /robots.txt HTTP/2.0" 200 110 "-" "Mozilla/5.0 AppleWebKit/537.36 (KHTML, like Gecko; compatible; ClaudeBot/1.0; +claudebot@anthropic.com)"
216.73.217.38 - - [17/Jun/2026:17:59:18 +0200] "GET /sitemap.rss HTTP/2.0" 200 1464 "-" "Mozilla/5.0 AppleWebKit/537.36 (KHTML, like Gecko; compatible; ClaudeBot/1.0; +claudebot@anthropic.com)"
216.73.217.38 - - [17/Jun/2026:17:59:18 +0200] "GET /sitemap.xml HTTP/2.0" 200 336 "-" "Mozilla/5.0 AppleWebKit/537.36 (KHTML, like Gecko; compatible; ClaudeBot/1.0; +claudebot@anthropic.com)"
74.125.151.199 - - [17/Jun/2026:18:05:03 +0200] "GET /wp-content/plugins/elementor/assets/lib/font-awesome/css/v4-shims.min.css?ver=4.1.3 HTTP/1.1" 200 3986 "https://reggio-emilia.elettroservicegroup.it/assistenza-rex-electrolux-rubiera/" "AdsBot-Google (+http://www.google.com/adsbot.html)"
74.125.151.199 - - [17/Jun/2026:18:05:04 +0200] "GET /wp-content/plugins/elementor/assets/lib/animations/styles/zoomIn.min.css?ver=4.1.3 HTTP/1.1" 200 87 "https://reggio-emilia.elettroservicegroup.it/assistenza-rex-electrolux-rubiera/" "AdsBot-Google (+http://www.google.com/adsbot.html)"
74.125.151.200 - - [17/Jun/2026:18:05:05 +0200] "GET /wp-content/plugins/elementor/assets/lib/animations/styles/bounceIn.min.css?ver=4.1.3 HTTP/1.1" 200 186 "https://reggio-emilia.elettroservicegroup.it/assistenza-rex-electrolux-rubiera/" "AdsBot-Google (+http://www.google.com/adsbot.html)"
74.125.151.200 - - [17/Jun/2026:18:05:06 +0200] "GET /wp-content/plugins/elementor/assets/css/widget-spacer.min.css?ver=4.1.3 HTTP/1.1" 200 287 "https://reggio-emilia.elettroservicegroup.it/assistenza-rex-electrolux-rubiera/" "AdsBot-Google (+http://www.google.com/adsbot.html)"
74.125.151.199 - - [17/Jun/2026:18:05:07 +0200] "GET /wp-content/plugins/elementor/assets/css/widget-icon-list.min.css?ver=3.24.3 HTTP/1.1" 200 928 "https://reggio-emilia.elettroservicegroup.it/assistenza-rex-electrolux-rubiera/" "AdsBot-Google (+http://www.google.com/adsbot.html)"
74.125.151.200 - - [17/Jun/2026:18:05:08 +0200] "GET /wp-content/plugins/elementor/assets/lib/font-awesome/css/brands.css?ver=5.15.3 HTTP/1.1" 200 298 "https://reggio-emilia.elettroservicegroup.it/assistenza-rex-electrolux-rubiera/" "AdsBot-Google (+http://www.google.com/adsbot.html)"
74.125.151.199 - - [17/Jun/2026:18:05:13 +0200] "GET /wp-content/plugins/elementor/assets/css/widget-image.min.css?ver=4.1.3 HTTP/1.1" 200 96 "https://reggio-emilia.elettroservicegroup.it/assistenza-rex-electrolux-rubiera/" "AdsBot-Google (+http://www.google.com/adsbot.html)"
74.125.151.199 - - [17/Jun/2026:18:05:17 +0200] "GET /wp-content/plugins/header-footer-elementor/assets/css/header-footer-elementor.css?ver=2.8.8 HTTP/1.1" 200 260 "https://reggio-emilia.elettroservicegroup.it/assistenza-rex-electrolux-rubiera/" "AdsBot-Google (+http://www.google.com/adsbot.html)"
74.125.151.199 - - [17/Jun/2026:18:05:19 +0200] "GET /wp-content/plugins/all-in-one-seo-pack/dist/Lite/assets/css/table-of-contents/global.e90f6d47.css?ver=4.9.8 HTTP/1.1" 200 420 "https://reggio-emilia.elettroservicegroup.it/assistenza-rex-electrolux-rubiera/" "AdsBot-Google (+http://www.google.com/adsbot.html)"
74.125.151.199 - - [17/Jun/2026:18:05:20 +0200] "GET /wp-content/plugins/gp-premium/menu-plus/functions/css/navigation-branding-flex.min.css?ver=2.5.5 HTTP/1.1" 200 542 "https://reggio-emilia.elettroservicegroup.it/assistenza-rex-electrolux-rubiera/" "AdsBot-Google (+http://www.google.com/adsbot.html)"
74.125.151.199 - - [17/Jun/2026:18:05:21 +0200] "GET /wp-content/plugins/elementor/assets/css/widget-social-icons.min.css?ver=3.24.0 HTTP/1.1" 200 1039 "https://reggio-emilia.elettroservicegroup.it/assistenza-rex-electrolux-rubiera/" "AdsBot-Google (+http://www.google.com/adsbot.html)"
74.125.151.199 - - [17/Jun/2026:18:05:22 +0200] "GET /wp-content/plugins/elementor/assets/css/widget-heading.min.css?ver=4.1.3 HTTP/1.1" 200 127 "https://reggio-emilia.elettroservicegroup.it/assistenza-rex-electrolux-rubiera/" "AdsBot-Google (+http://www.google.com/adsbot.html)"
74.125.151.199 - - [17/Jun/2026:18:05:23 +0200] "GET /wp-content/uploads/elementor/css/post-17827.css?ver=1781686377 HTTP/1.1" 200 2174 "https://reggio-emilia.elettroservicegroup.it/assistenza-rex-electrolux-rubiera/" "AdsBot-Google (+http://www.google.com/adsbot.html)"
74.125.151.199 - - [17/Jun/2026:18:05:24 +0200] "GET /wp-content/uploads/elementor/google-fonts/css/robotoslab.css?ver=1742255003 HTTP/1.1" 200 721 "https://reggio-emilia.elettroservicegroup.it/assistenza-rex-electrolux-rubiera/" "AdsBot-Google (+http://www.google.com/adsbot.html)"
74.125.151.199 - - [17/Jun/2026:18:05:25 +0200] "GET /wp-content/plugins/elementor/assets/lib/font-awesome/css/solid.css?ver=5.15.3 HTTP/1.1" 200 299 "https://reggio-emilia.elettroservicegroup.it/assistenza-rex-electrolux-rubiera/" "AdsBot-Google (+http://www.google.com/adsbot.html)"
74.125.151.199 - - [17/Jun/2026:18:05:26 +0200] "GET /wp-content/plugins/elementor/assets/lib/font-awesome/js/v4-shims.min.js?ver=4.1.3 HTTP/1.1" 200 4043 "https://reggio-emilia.elettroservicegroup.it/assistenza-rex-electrolux-rubiera/" "AdsBot-Google (+http://www.google.com/adsbot.html)"
74.125.151.199 - - [17/Jun/2026:18:05:27 +0200] "GET /wp-content/uploads/elementor/google-fonts/css/roboto.css?ver=1742255001 HTTP/1.1" 200 1890 "https://reggio-emilia.elettroservicegroup.it/assistenza-rex-electrolux-rubiera/" "AdsBot-Google (+http://www.google.com/adsbot.html)"
74.125.151.199 - - [17/Jun/2026:18:05:28 +0200] "GET /wp-content/plugins/elementor/assets/lib/eicons/css/elementor-icons.min.css?ver=5.34.0 HTTP/1.1" 200 4115 "https://reggio-emilia.elettroservicegroup.it/assistenza-rex-electrolux-rubiera/" "AdsBot-Google (+http://www.google.com/adsbot.html)"
74.125.151.199 - - [17/Jun/2026:18:05:29 +0200] "GET /wp-content/plugins/elementor/assets/js/webpack.runtime.min.js?ver=4.1.3 HTTP/1.1" 200 2340 "https://reggio-emilia.elettroservicegroup.it/assistenza-rex-electrolux-rubiera/" "AdsBot-Google (+http://www.google.com/adsbot.html)"
74.125.151.199 - - [17/Jun/2026:18:05:30 +0200] "GET /wp-content/plugins/elementor/assets/css/frontend.min.css?ver=4.1.3 HTTP/1.1" 200 6618 "https://reggio-emilia.elettroservicegroup.it/assistenza-rex-electrolux-rubiera/" "AdsBot-Google (+http://www.google.com/adsbot.html)"
74.125.151.199 - - [17/Jun/2026:18:05:31 +0200] "GET /wp-content/plugins/gp-premium/menu-plus/functions/js/sticky.min.js?ver=2.5.5 HTTP/1.1" 200 2670 "https://reggio-emilia.elettroservicegroup.it/assistenza-rex-electrolux-rubiera/" "AdsBot-Google (+http://www.google.com/adsbot.html)"
74.125.151.199 - - [17/Jun/2026:18:05:32 +0200] "GET /wp-includes/js/jquery/jquery-migrate.min.js?ver=3.4.1 HTTP/1.1" 200 4685 "https://reggio-emilia.elettroservicegroup.it/assistenza-rex-electrolux-rubiera/" "AdsBot-Google (+http://www.google.com/adsbot.html)"
74.125.151.199 - - [17/Jun/2026:18:05:33 +0200] "GET /wp-content/themes/generatepress/assets/css/main.min.css?ver=3.6.1 HTTP/1.1" 200 4410 "https://reggio-emilia.elettroservicegroup.it/assistenza-rex-electrolux-rubiera/" "AdsBot-Google (+http://www.google.com/adsbot.html)"
74.125.151.199 - - [17/Jun/2026:18:05:39 +0200] "GET /wp-content/plugins/elementor/assets/js/frontend-modules.min.js?ver=4.1.3 HTTP/1.1" 200 15454 "https://reggio-emilia.elettroservicegroup.it/assistenza-rex-electrolux-rubiera/" "AdsBot-Google (+http://www.google.com/adsbot.html)"
74.125.151.199 - - [17/Jun/2026:18:05:40 +0200] "GET /wp-includes/js/jquery/ui/core.min.js?ver=1.13.3 HTTP/1.1" 200 6820 "https://reggio-emilia.elettroservicegroup.it/assistenza-rex-electrolux-rubiera/" "AdsBot-Google (+http://www.google.com/adsbot.html)"
74.125.151.199 - - [17/Jun/2026:18:05:40 +0200] "GET /wp-content/plugins/elementor/assets/js/frontend.min.js?ver=4.1.3 HTTP/1.1" 200 10140 "https://reggio-emilia.elettroservicegroup.it/assistenza-rex-electrolux-rubiera/" "AdsBot-Google (+http://www.google.com/adsbot.html)"
74.125.151.199 - - [17/Jun/2026:18:05:41 +0200] "GET /wp-content/themes/generatepress/assets/js/back-to-top.min.js?ver=3.6.1 HTTP/1.1" 200 336 "https://reggio-emilia.elettroservicegroup.it/assistenza-rex-electrolux-rubiera/" "AdsBot-Google (+http://www.google.com/adsbot.html)"
74.125.151.199 - - [17/Jun/2026:18:05:45 +0200] "GET /wp-content/themes/generatepress/assets/js/menu.min.js?ver=3.6.1 HTTP/1.1" 200 1688 "https://reggio-emilia.elettroservicegroup.it/assistenza-rex-electrolux-rubiera/" "AdsBot-Google (+http://www.google.com/adsbot.html)"
65.108.235.243 - - [17/Jun/2026:18:05:48 +0200] "POST /wp-cron.php?doing_wp_cron=1781712348.9405570030212402343750 HTTP/1.1" 200 1 "-" "WordPress/7.0; https://reggio-emilia.elettroservicegroup.it"
74.125.151.199 - - [17/Jun/2026:18:05:47 +0200] "GET /wp-json/complianz/v1/banner?lang=it&locale=it_IT&token=noeog HTTP/1.1" 200 82 "https://reggio-emilia.elettroservicegroup.it/assistenza-rex-electrolux-rubiera/" "AdsBot-Google (+http://www.google.com/adsbot.html)"
65.108.235.243 - - [17/Jun/2026:18:05:49 +0200] "GET /assistenza-lavatrici-rex-electrolux-correggio/ HTTP/1.1" 200 22963 "-" "WP Fastest Cache Preload Bot"
74.125.151.199 - - [17/Jun/2026:18:05:50 +0200] "GET /wp-content/uploads/elementor/google-fonts/fonts/roboto-kfo7cnqeu92fr1me7ksn66agldtyluama3yuba.woff2 HTTP/1.1" 304 - "https://reggio-emilia.elettroservicegroup.it/wp-content/uploads/elementor/google-fonts/css/roboto.css?ver=1742255001" "AdsBot-Google (+http://www.google.com/adsbot.html)"
65.108.235.243 - - [17/Jun/2026:18:05:50 +0200] "GET /assistenza-lavatrici-rex-electrolux-reggio-emilia/ HTTP/1.1" 200 22949 "-" "WP Fastest Cache Preload Bot"
65.108.235.243 - - [17/Jun/2026:18:05:51 +0200] "GET /assistenza-lavatrici-indesit-rubiera/ HTTP/1.1" 200 22852 "-" "WP Fastest Cache Preload Bot"
74.125.151.199 - - [17/Jun/2026:18:05:51 +0200] "GET /wp-json/complianz/v1/cookie_data HTTP/1.1" 200 82 "https://reggio-emilia.elettroservicegroup.it/assistenza-rex-electrolux-rubiera/" "AdsBot-Google (+http://www.google.com/adsbot.html)"
74.125.151.199 - - [17/Jun/2026:18:05:52 +0200] "GET /wp-content/uploads/complianz/css/banner-1-optin.css?v=511 HTTP/1.1" 200 2862 "https://reggio-emilia.elettroservicegroup.it/assistenza-rex-electrolux-rubiera/" "AdsBot-Google (+http://www.google.com/adsbot.html)"
65.108.235.243 - - [17/Jun/2026:18:05:51 +0200] "GET /assistenza-lavatrici-indesit-scandiano/ HTTP/1.1" 200 22860 "-" "WP Fastest Cache Preload Bot"
65.108.235.243 - - [17/Jun/2026:18:12:25 +0200] "POST /wp-cron.php?doing_wp_cron=1781712745.8635969161987304687500 HTTP/1.1" 200 1 "-" "WordPress/7.0; https://reggio-emilia.elettroservicegroup.it"
216.73.217.38 - - [17/Jun/2026:18:12:24 +0200] "GET /copertina-12 HTTP/2.0" 301 1 "-" "Mozilla/5.0 AppleWebKit/537.36 (KHTML, like Gecko; compatible; ClaudeBot/1.0; +claudebot@anthropic.com)"
216.73.217.38 - - [17/Jun/2026:18:12:26 +0200] "GET /copertina-12/ HTTP/2.0" 200 17005 "https://reggio-emilia.elettroservicegroup.it/copertina-12" "Mozilla/5.0 AppleWebKit/537.36 (KHTML, like Gecko; compatible; ClaudeBot/1.0; +claudebot@anthropic.com)"
65.108.235.243 - - [17/Jun/2026:18:12:26 +0200] "GET /assistenza-lavatrici-indesit-santilario-denza/ HTTP/1.1" 200 22932 "-" "WP Fastest Cache Preload Bot"
65.108.235.243 - - [17/Jun/2026:18:12:27 +0200] "GET /assistenza-lavatrici-indesit-guastalla/ HTTP/1.1" 200 22860 "-" "WP Fastest Cache Preload Bot"
65.108.235.243 - - [17/Jun/2026:18:12:30 +0200] "GET /assistenza-lavatrici-indesit-correggio/ HTTP/1.1" 200 22861 "-" "WP Fastest Cache Preload Bot"
65.108.235.243 - - [17/Jun/2026:18:12:32 +0200] "GET /assistenza-lavatrici-indesit-reggio-emilia/ HTTP/1.1" 200 22851 "-" "WP Fastest Cache Preload Bot"
74.125.151.200 - - [17/Jun/2026:18:13:09 +0200] "GET /wp-content/plugins/elementor/assets/css/frontend.min.css?ver=4.1.3 HTTP/1.1" 200 6618 "https://reggio-emilia.elettroservicegroup.it/assistenza-ariston-rubiera/" "AdsBot-Google (+http://www.google.com/adsbot.html)"
74.125.151.199 - - [17/Jun/2026:18:13:10 +0200] "GET /wp-includes/js/jquery/jquery.min.js?ver=3.7.1 HTTP/1.1" 200 29769 "https://reggio-emilia.elettroservicegroup.it/assistenza-ariston-rubiera/" "AdsBot-Google (+http://www.google.com/adsbot.html)"
74.125.151.200 - - [17/Jun/2026:18:13:12 +0200] "GET /wp-content/plugins/elementor/assets/css/widget-icon-list.min.css?ver=3.24.3 HTTP/1.1" 200 928 "https://reggio-emilia.elettroservicegroup.it/assistenza-ariston-rubiera/" "AdsBot-Google (+http://www.google.com/adsbot.html)"
74.125.151.201 - - [17/Jun/2026:18:13:13 +0200] "GET /wp-content/plugins/all-in-one-seo-pack/dist/Lite/assets/css/table-of-contents/global.e90f6d47.css?ver=4.9.8 HTTP/1.1" 200 420 "https://reggio-emilia.elettroservicegroup.it/assistenza-ariston-rubiera/" "AdsBot-Google (+http://www.google.com/adsbot.html)"
74.125.151.199 - - [17/Jun/2026:18:13:15 +0200] "GET /wp-content/uploads/elementor/css/post-17701.css?ver=1781696682 HTTP/1.1" 200 2167 "https://reggio-emilia.elettroservicegroup.it/assistenza-ariston-rubiera/" "AdsBot-Google (+http://www.google.com/adsbot.html)"
74.125.151.200 - - [17/Jun/2026:18:13:19 +0200] "GET /wp-content/plugins/elementor/assets/lib/font-awesome/js/v4-shims.min.js?ver=4.1.3 HTTP/1.1" 200 4043 "https://reggio-emilia.elettroservicegroup.it/assistenza-ariston-rubiera/" "AdsBot-Google (+http://www.google.com/adsbot.html)"
74.125.151.199 - - [17/Jun/2026:18:13:20 +0200] "GET /wp-content/plugins/elementor/assets/lib/font-awesome/css/fontawesome.css?ver=5.15.3 HTTP/1.1" 200 12535 "https://reggio-emilia.elettroservicegroup.it/assistenza-ariston-rubiera/" "AdsBot-Google (+http://www.google.com/adsbot.html)"
74.125.151.199 - - [17/Jun/2026:18:13:20 +0200] "GET /wp-content/plugins/elementor/assets/lib/font-awesome/css/all.min.css?ver=4.1.3 HTTP/1.1" 200 12402 "https://reggio-emilia.elettroservicegroup.it/assistenza-ariston-rubiera/" "AdsBot-Google (+http://www.google.com/adsbot.html)"
65.108.235.243 - - [17/Jun/2026:18:13:26 +0200] "POST /wp-cron.php?doing_wp_cron=1781712806.6953759193420410156250 HTTP/1.1" 200 1 "-" "WordPress/7.0; https://reggio-emilia.elettroservicegroup.it"
74.125.151.199 - - [17/Jun/2026:18:13:24 +0200] "GET /wp-json/complianz/v1/banner?lang=it&locale=it_IT&token=lcps HTTP/1.1" 200 82 "https://reggio-emilia.elettroservicegroup.it/assistenza-ariston-rubiera/" "AdsBot-Google (+http://www.google.com/adsbot.html)"
74.125.151.199 - - [17/Jun/2026:18:13:42 +0200] "GET /wp-content/plugins/elementor/assets/js/section-frontend-handlers.d85ab872da118940910d.bundle.min.js HTTP/1.1" 200 230 "https://reggio-emilia.elettroservicegroup.it/assistenza-ariston-rubiera/" "AdsBot-Google (+http://www.google.com/adsbot.html)"
74.125.151.199 - - [17/Jun/2026:18:13:43 +0200] "GET /wp-content/plugins/elementor/assets/js/shared-frontend-handlers.03caa53373b56d3bab67.bundle.min.js HTTP/1.1" 200 2515 "https://reggio-emilia.elettroservicegroup.it/assistenza-ariston-rubiera/" "AdsBot-Google (+http://www.google.com/adsbot.html)"
74.125.151.199 - - [17/Jun/2026:18:13:45 +0200] "GET /wp-content/plugins/elementor/assets/js/text-editor.45609661e409413f1cef.bundle.min.js HTTP/1.1" 200 592 "https://reggio-emilia.elettroservicegroup.it/assistenza-ariston-rubiera/" "AdsBot-Google (+http://www.google.com/adsbot.html)"
65.108.235.243 - - [17/Jun/2026:18:19:25 +0200] "POST /wp-cron.php?doing_wp_cron=1781713165.7286460399627685546875 HTTP/1.1" 200 1 "-" "WordPress/7.0; https://reggio-emilia.elettroservicegroup.it"
74.125.151.199 - - [17/Jun/2026:18:19:22 +0200] "GET /assistenza-frigoriferi-reggio-emilia/ HTTP/1.1" 200 21047 "-" "Mozilla/5.0 (Linux; Android 6.0.1; Nexus 5X Build/MMB29P) AppleWebKit/537.36 (KHTML, like Gecko) Chrome/148.0.7778.96 Mobile Safari/537.36 (compatible; AdsBot-Google-Mobile; +http://www.google.com/mobile/adsbot.html)"
65.108.235.243 - - [17/Jun/2026:18:19:26 +0200] "GET /assistenza-lavatrici-bosch-rubiera/ HTTP/1.1" 200 22997 "-" "WP Fastest Cache Preload Bot"
65.108.235.243 - - [17/Jun/2026:18:19:28 +0200] "GET /assistenza-lavatrici-bosch-scandiano/ HTTP/1.1" 200 23000 "-" "WP Fastest Cache Preload Bot"
65.108.235.243 - - [17/Jun/2026:18:19:30 +0200] "GET /assistenza-lavatrici-bosch-santilario-denza/ HTTP/1.1" 200 23065 "-" "WP Fastest Cache Preload Bot"
65.108.235.243 - - [17/Jun/2026:18:19:32 +0200] "GET /assistenza-lavatrici-bosch-guastalla/ HTTP/1.1" 200 23000 "-" "WP Fastest Cache Preload Bot"
40.77.167.56 - - [17/Jun/2026:18:20:01 +0200] "GET /assistenza-lavatrici-rex-electrolux-santilario-denza/ HTTP/2.0" 200 23010 "-" "Mozilla/5.0 AppleWebKit/537.36 (KHTML, like Gecko; compatible; bingbot/2.0; +http://www.bing.com/bingbot.htm) Chrome/116.0.1938.76 Safari/537.36"
52.167.144.163 - - [17/Jun/2026:18:41:09 +0200] "GET /wp-content/uploads/2022/01/TECNIC-LAVATRICE-1.jpg HTTP/2.0" 200 66013 "-" "Mozilla/5.0 AppleWebKit/537.36 (KHTML, like Gecko; compatible; bingbot/2.0; +http://www.bing.com/bingbot.htm) Chrome/116.0.1938.76 Safari/537.36"
74.7.242.23 - - [17/Jun/2026:18:42:36 +0200] "GET /sitemap.xml HTTP/2.0" 200 336 "-" "Mozilla/5.0 AppleWebKit/537.36 (KHTML, like Gecko; compatible; GPTBot/1.4; +https://openai.com/gptbot)"
65.108.235.243 - - [17/Jun/2026:18:42:40 +0200] "POST /wp-cron.php?doing_wp_cron=1781714560.0033268928527832031250 HTTP/1.1" 200 1 "-" "WordPress/7.0; https://reggio-emilia.elettroservicegroup.it"
