65.108.235.243 - - [17/Jun/2026:02:55:51 +0200] "GET /assistenza-lavastoviglie-bosch-piacenza/ HTTP/1.1" 200 22141 "-" "WP Fastest Cache Preload Bot"
52.167.144.175 - - [17/Jun/2026:03:00:08 +0200] "GET /wp-content/uploads/2022/01/marche.jpg HTTP/2.0" 200 72829 "-" "Mozilla/5.0 AppleWebKit/537.36 (KHTML, like Gecko; compatible; bingbot/2.0; +http://www.bing.com/bingbot.htm) Chrome/116.0.1938.76 Safari/537.36"
65.108.235.243 - - [17/Jun/2026:03:27:08 +0200] "POST /wp-json/complianz/v1/wsc-scan HTTP/1.1" 400 88 "-" "WordPress/7.0; https://piacenza.elettroservicegroup.it"
65.108.235.243 - - [17/Jun/2026:03:27:08 +0200] "GET /assistenza-lavastoviglie-ariston-piacenza/ HTTP/1.1" 200 22072 "-" "WP Fastest Cache Preload Bot"
65.108.235.243 - - [17/Jun/2026:03:27:09 +0200] "GET /assistenza-lavastoviglie-aeg-piacenza/ HTTP/1.1" 200 22134 "-" "WP Fastest Cache Preload Bot"
65.108.235.243 - - [17/Jun/2026:03:27:10 +0200] "GET /assistenza-lavastoviglie-piacenza/ HTTP/1.1" 200 21751 "-" "WP Fastest Cache Preload Bot"
65.108.235.243 - - [17/Jun/2026:03:27:10 +0200] "GET /assistenza-indesit-piacenza/ HTTP/1.1" 200 21789 "-" "WP Fastest Cache Preload Bot"
40.77.167.3 - - [17/Jun/2026:03:42:51 +0200] "GET /assistenza-whirlpool-piacenza/ HTTP/2.0" 200 21820 "-" "Mozilla/5.0 AppleWebKit/537.36 (KHTML, like Gecko; compatible; bingbot/2.0; +http://www.bing.com/bingbot.htm) Chrome/116.0.1938.76 Safari/537.36"
192.42.116.17 - - [17/Jun/2026:04:10:50 +0200] "GET / HTTP/1.1" 415 159257 "-" "python-requests/2.31.0"
65.108.235.243 - - [17/Jun/2026:04:13:31 +0200] "POST /wp-cron.php?doing_wp_cron=1781662411.8332629203796386718750 HTTP/1.1" 200 1 "-" "WordPress/7.0; https://piacenza.elettroservicegroup.it"
216.73.217.122 - - [17/Jun/2026:04:13:28 +0200] "GET /robots.txt HTTP/2.0" 200 108 "-" "Mozilla/5.0 AppleWebKit/537.36 (KHTML, like Gecko; compatible; ClaudeBot/1.0; +claudebot@anthropic.com)"
65.108.235.243 - - [17/Jun/2026:04:13:41 +0200] "GET /assistenza-candy-piacenza/ HTTP/1.1" 200 21882 "-" "WP Fastest Cache Preload Bot"
65.108.235.243 - - [17/Jun/2026:04:13:41 +0200] "GET /assistenza-bosch-piacenza/ HTTP/1.1" 200 21881 "-" "WP Fastest Cache Preload Bot"
65.108.235.243 - - [17/Jun/2026:04:13:42 +0200] "GET /assistenza-ariston-piacenza/ HTTP/1.1" 200 21877 "-" "WP Fastest Cache Preload Bot"
65.108.235.243 - - [17/Jun/2026:04:13:42 +0200] "GET /assistenza-aeg-piacenza/ HTTP/1.1" 200 21879 "-" "WP Fastest Cache Preload Bot"
52.167.144.204 - - [17/Jun/2026:04:36:24 +0200] "GET /wp-content/uploads/2022/01/asko-1-e1642500140372-300x228.jpg HTTP/2.0" 200 12008 "-" "Mozilla/5.0 AppleWebKit/537.36 (KHTML, like Gecko; compatible; bingbot/2.0; +http://www.bing.com/bingbot.htm) Chrome/116.0.1938.76 Safari/537.36"
65.108.235.243 - - [17/Jun/2026:04:49:30 +0200] "POST /wp-cron.php?doing_wp_cron=1781664570.2305519580841064453125 HTTP/1.1" 200 1 "-" "WordPress/7.0; https://piacenza.elettroservicegroup.it"
52.167.144.160 - - [17/Jun/2026:04:49:28 +0200] "GET /sitemap.rss HTTP/2.0" 200 1299 "-" "Mozilla/5.0 AppleWebKit/537.36 (KHTML, like Gecko; compatible; bingbot/2.0; +http://www.bing.com/bingbot.htm) Chrome/116.0.1938.76 Safari/537.36"
65.108.235.243 - - [17/Jun/2026:04:49:31 +0200] "GET /cookie-policy/ HTTP/1.1" 200 17993 "-" "WP Fastest Cache Preload Bot"
65.108.235.243 - - [17/Jun/2026:04:49:32 +0200] "GET /termini-e-condizioni/ HTTP/1.1" 200 17561 "-" "WP Fastest Cache Preload Bot"
65.108.235.243 - - [17/Jun/2026:04:49:33 +0200] "GET /cookie-policy-ue/ HTTP/1.1" 200 19414 "-" "WP Fastest Cache Preload Bot"
65.108.235.243 - - [17/Jun/2026:04:49:34 +0200] "GET /informativa-privacy/ HTTP/1.1" 200 19803 "-" "WP Fastest Cache Preload Bot"
65.108.235.243 - - [17/Jun/2026:04:49:35 +0200] "POST /wp-json/complianz/v1/wsc-scan HTTP/1.1" 400 88 "-" "WordPress/7.0; https://piacenza.elettroservicegroup.it"
52.167.144.201 - - [17/Jun/2026:05:10:42 +0200] "GET /termini-e-condizioni/ HTTP/2.0" 200 17538 "-" "Mozilla/5.0 AppleWebKit/537.36 (KHTML, like Gecko; compatible; bingbot/2.0; +http://www.bing.com/bingbot.htm) Chrome/116.0.1938.76 Safari/537.36"
40.77.167.78 - - [17/Jun/2026:05:11:00 +0200] "GET /wp-content/uploads/elementor/css/post-15546.css?ver=1781626730 HTTP/2.0" 200 173 "https://piacenza.elettroservicegroup.it/termini-e-condizioni/" "Mozilla/5.0 AppleWebKit/537.36 (KHTML, like Gecko; compatible; bingbot/2.0; +http://www.bing.com/bingbot.htm) Chrome/136.0.0.0 Safari/537.36 AppleWebKit/537.36 (KHTML, like Gecko; compatible; bingbot/2.0; +http://www.bing.com/bingbot.htm) Chrome/116.0.1938.76 Safari/537.36"
40.77.167.78 - - [17/Jun/2026:05:11:00 +0200] "GET /wp-content/uploads/elementor/css/post-14366.css?ver=1781626728 HTTP/2.0" 200 302 "https://piacenza.elettroservicegroup.it/termini-e-condizioni/" "Mozilla/5.0 AppleWebKit/537.36 (KHTML, like Gecko; compatible; bingbot/2.0; +http://www.bing.com/bingbot.htm) Chrome/136.0.0.0 Safari/537.36 AppleWebKit/537.36 (KHTML, like Gecko; compatible; bingbot/2.0; +http://www.bing.com/bingbot.htm) Chrome/116.0.1938.76 Safari/537.36"
40.77.167.78 - - [17/Jun/2026:05:11:00 +0200] "GET /wp-content/uploads/elementor/css/post-14146.css?ver=1781626728 HTTP/2.0" 200 428 "https://piacenza.elettroservicegroup.it/termini-e-condizioni/" "Mozilla/5.0 AppleWebKit/537.36 (KHTML, like Gecko; compatible; bingbot/2.0; +http://www.bing.com/bingbot.htm) Chrome/136.0.0.0 Safari/537.36 AppleWebKit/537.36 (KHTML, like Gecko; compatible; bingbot/2.0; +http://www.bing.com/bingbot.htm) Chrome/116.0.1938.76 Safari/537.36"
52.167.144.201 - - [17/Jun/2026:05:11:04 +0200] "GET /wp-content/cache/wpfc-minified/lnrgtxtf/3tfd1.css HTTP/2.0" 200 16112 "https://piacenza.elettroservicegroup.it/termini-e-condizioni/" "Mozilla/5.0 AppleWebKit/537.36 (KHTML, like Gecko; compatible; bingbot/2.0; +http://www.bing.com/bingbot.htm) Chrome/136.0.0.0 Safari/537.36 AppleWebKit/537.36 (KHTML, like Gecko; compatible; bingbot/2.0; +http://www.bing.com/bingbot.htm) Chrome/116.0.1938.76 Safari/537.36"
40.77.167.71 - - [17/Jun/2026:05:34:53 +0200] "GET /assistenza-rex-electrolux-piacenza/ HTTP/2.0" 200 21808 "-" "Mozilla/5.0 AppleWebKit/537.36 (KHTML, like Gecko; compatible; bingbot/2.0; +http://www.bing.com/bingbot.htm) Chrome/116.0.1938.76 Safari/537.36"
52.167.144.162 - - [17/Jun/2026:05:35:19 +0200] "GET /wp-content/uploads/elementor/css/post-16973.css?ver=1781639078 HTTP/2.0" 200 1998 "https://piacenza.elettroservicegroup.it/assistenza-rex-electrolux-piacenza/" "Mozilla/5.0 AppleWebKit/537.36 (KHTML, like Gecko; compatible; bingbot/2.0; +http://www.bing.com/bingbot.htm) Chrome/136.0.0.0 Safari/537.36 AppleWebKit/537.36 (KHTML, like Gecko; compatible; bingbot/2.0; +http://www.bing.com/bingbot.htm) Chrome/116.0.1938.76 Safari/537.36"
65.108.235.243 - - [17/Jun/2026:05:37:58 +0200] "POST /wp-cron.php?doing_wp_cron=1781667478.5223588943481445312500 HTTP/1.1" 200 1 "-" "WordPress/7.0; https://piacenza.elettroservicegroup.it"
216.73.217.38 - - [17/Jun/2026:05:37:56 +0200] "GET /robots.txt HTTP/2.0" 200 108 "-" "Mozilla/5.0 AppleWebKit/537.36 (KHTML, like Gecko; compatible; ClaudeBot/1.0; +claudebot@anthropic.com)"
65.108.235.243 - - [17/Jun/2026:05:37:58 +0200] "GET /assistenza-frigoriferi/ HTTP/1.1" 200 19880 "-" "WP Fastest Cache Preload Bot"
65.108.235.243 - - [17/Jun/2026:05:37:59 +0200] "GET /assistenza-lavastoviglie/ HTTP/1.1" 200 19941 "-" "WP Fastest Cache Preload Bot"
65.108.235.243 - - [17/Jun/2026:05:38:00 +0200] "GET /assistenza-asciugatrici/ HTTP/1.1" 200 19690 "-" "WP Fastest Cache Preload Bot"
65.108.235.243 - - [17/Jun/2026:05:38:00 +0200] "GET /assistenza-lavatrici/ HTTP/1.1" 200 19431 "-" "WP Fastest Cache Preload Bot"
40.77.167.187 - - [17/Jun/2026:05:38:01 +0200] "GET /robots.txt HTTP/2.0" 301 1 "-" "Mozilla/5.0 AppleWebKit/537.36 (KHTML, like Gecko; compatible; bingbot/2.0; +http://www.bing.com/bingbot.htm) Chrome/116.0.1938.76 Safari/537.36"
40.77.167.187 - - [17/Jun/2026:05:38:02 +0200] "GET /robots.txt HTTP/2.0" 200 108 "-" "Mozilla/5.0 AppleWebKit/537.36 (KHTML, like Gecko; compatible; bingbot/2.0; +http://www.bing.com/bingbot.htm) Chrome/116.0.1938.76 Safari/537.36"
40.77.167.116 - - [17/Jun/2026:05:38:14 +0200] "GET /assistenza-bosch-firenzuola-darda/ HTTP/2.0" 301 1 "-" "Mozilla/5.0 AppleWebKit/537.36 (KHTML, like Gecko; compatible; bingbot/2.0; +http://www.bing.com/bingbot.htm) Chrome/116.0.1938.76 Safari/537.36"
65.108.235.243 - - [17/Jun/2026:05:39:28 +0200] "POST /wp-cron.php?doing_wp_cron=1781667568.2966790199279785156250 HTTP/1.1" 200 1 "-" "WordPress/7.0; https://piacenza.elettroservicegroup.it"
216.73.217.38 - - [17/Jun/2026:05:39:26 +0200] "GET /?p=15726 HTTP/2.0" 301 1 "-" "Mozilla/5.0 AppleWebKit/537.36 (KHTML, like Gecko; compatible; ClaudeBot/1.0; +claudebot@anthropic.com)"
216.73.217.38 - - [17/Jun/2026:05:39:28 +0200] "GET /elettro4-1-768x301/ HTTP/2.0" 200 17160 "https://piacenza.elettroservicegroup.it/?p=15726" "Mozilla/5.0 AppleWebKit/537.36 (KHTML, like Gecko; compatible; ClaudeBot/1.0; +claudebot@anthropic.com)"
65.108.235.243 - - [17/Jun/2026:06:01:47 +0200] "POST /wp-cron.php?doing_wp_cron=1781668907.4994900226593017578125 HTTP/1.1" 200 1 "-" "WordPress/7.0; https://piacenza.elettroservicegroup.it"
40.77.167.72 - - [17/Jun/2026:06:01:45 +0200] "GET /assistenza-bosch-firenzuola-darda/ HTTP/2.0" 301 1 "-" "Mozilla/5.0 AppleWebKit/537.36 (KHTML, like Gecko; compatible; bingbot/2.0; +http://www.bing.com/bingbot.htm) Chrome/116.0.1938.76 Safari/537.36"
65.108.235.243 - - [17/Jun/2026:06:01:48 +0200] "GET / HTTP/1.1" 200 21806 "-" "WP Fastest Cache Preload Bot"
65.108.235.243 - - [17/Jun/2026:06:01:49 +0200] "POST /wp-json/complianz/v1/wsc-scan HTTP/1.1" 400 88 "-" "WordPress/7.0; https://piacenza.elettroservicegroup.it"
145.40.145.157 - - [17/Jun/2026:06:05:17 +0200] "POST /xmlrpc.php HTTP/1.1" 200 11697 "-" "Mozilla/5.0 (Windows NT 10.0; Win64; x64) AppleWebKit/537.36"
65.108.235.243 - - [17/Jun/2026:06:37:22 +0200] "POST /wp-cron.php?doing_wp_cron=1781671042.4034070968627929687500 HTTP/1.1" 200 1 "-" "WordPress/7.0; https://piacenza.elettroservicegroup.it"
17.241.75.102 - - [17/Jun/2026:06:37:17 +0200] "GET /robots.txt HTTP/2.0" 200 132 "-" "Mozilla/5.0 (Macintosh; Intel Mac OS X 10_15_7) AppleWebKit/605.1.15 (KHTML, like Gecko) Version/17.4 Safari/605.1.15 (Applebot/0.1; +http://www.apple.com/go/applebot)"
17.241.75.102 - - [17/Jun/2026:06:37:22 +0200] "GET /wp-content/uploads/2022/01/ASCIUGATRICE-TECNIC-6-300x225.jpg HTTP/2.0" 200 16834 "-" "Mozilla/5.0 (Macintosh; Intel Mac OS X 10_15_7) AppleWebKit/605.1.15 (KHTML, like Gecko) Version/17.4 Safari/605.1.15 (Applebot/0.1; +http://www.apple.com/go/applebot)"
65.108.235.243 - - [17/Jun/2026:06:47:18 +0200] "POST /wp-cron.php?doing_wp_cron=1781671638.9029378890991210937500 HTTP/1.1" 200 1 "-" "WordPress/7.0; https://piacenza.elettroservicegroup.it"
216.73.217.38 - - [17/Jun/2026:06:47:17 +0200] "GET /robots.txt HTTP/2.0" 200 108 "-" "Mozilla/5.0 AppleWebKit/537.36 (KHTML, like Gecko; compatible; ClaudeBot/1.0; +claudebot@anthropic.com)"
65.108.235.243 - - [17/Jun/2026:06:47:19 +0200] "GET /imprint/ HTTP/1.1" 200 17183 "-" "WP Fastest Cache Preload Bot"
65.108.235.243 - - [17/Jun/2026:06:47:20 +0200] "GET /dichiarazione-sulla-privacy-ue/ HTTP/1.1" 200 19667 "-" "WP Fastest Cache Preload Bot"
65.108.235.243 - - [17/Jun/2026:06:47:21 +0200] "GET /assistenza-whirlpool-piacenza/ HTTP/1.1" 200 21841 "-" "WP Fastest Cache Preload Bot"
65.108.235.243 - - [17/Jun/2026:06:47:23 +0200] "GET /assistenza-smeg-piacenza/ HTTP/1.1" 200 21790 "-" "WP Fastest Cache Preload Bot"
65.108.235.243 - - [17/Jun/2026:06:47:24 +0200] "GET / HTTP/1.1" 200 21807 "-" "WP Fastest Cache Preload Bot"
65.108.235.243 - - [17/Jun/2026:06:47:34 +0200] "POST /wp-cron.php?doing_wp_cron=1781671654.5523540973663330078125 HTTP/1.1" 200 1 "-" "WordPress/7.0; https://piacenza.elettroservicegroup.it"
216.73.217.38 - - [17/Jun/2026:06:47:34 +0200] "GET /sitemap.xml HTTP/2.0" 200 332 "-" "Mozilla/5.0 AppleWebKit/537.36 (KHTML, like Gecko; compatible; ClaudeBot/1.0; +claudebot@anthropic.com)"
191.102.179.188 - - [17/Jun/2026:07:36:59 +0200] "POST /xmlrpc.php HTTP/1.1" 403 52 "-" "Python-xmlrpc/3.10"
65.108.235.243 - - [17/Jun/2026:07:37:02 +0200] "POST /wp-json/complianz/v1/wsc-scan HTTP/1.1" 400 88 "-" "WordPress/7.0; https://piacenza.elettroservicegroup.it"
65.108.235.243 - - [17/Jun/2026:07:37:02 +0200] "GET /imprint/ HTTP/1.1" 200 17167 "-" "WP Fastest Cache Preload Bot"
191.102.179.188 - - [17/Jun/2026:07:37:02 +0200] "GET /wp-login.php HTTP/1.1" 200 3565 "-" "Mozilla/5.0 (Macintosh; Intel Mac OS X 10_12_6) AppleWebKit/603.3.8 (KHTML, like Gecko) Version/10.1.2 Safari/603.3.8"
65.108.235.243 - - [17/Jun/2026:07:37:03 +0200] "GET /dichiarazione-sulla-privacy-ue/ HTTP/1.1" 200 19664 "-" "WP Fastest Cache Preload Bot"
65.108.235.243 - - [17/Jun/2026:07:37:03 +0200] "GET /assistenza-whirlpool-piacenza/ HTTP/1.1" 200 21841 "-" "WP Fastest Cache Preload Bot"
191.102.179.188 - - [17/Jun/2026:07:37:04 +0200] "GET /wp-login.php HTTP/1.1" 200 3565 "-" "Mozilla/5.0 (Macintosh; Intel Mac OS X 10_12_6) AppleWebKit/603.3.8 (KHTML, like Gecko) Version/10.1.2 Safari/603.3.8"
65.108.235.243 - - [17/Jun/2026:07:37:04 +0200] "GET /assistenza-smeg-piacenza/ HTTP/1.1" 200 21790 "-" "WP Fastest Cache Preload Bot"
191.102.179.188 - - [17/Jun/2026:07:37:05 +0200] "GET /wp-admin/post-new.php HTTP/1.1" 302 - "-" "Mozilla/5.0 (Macintosh; Intel Mac OS X 10_12_6) AppleWebKit/603.3.8 (KHTML, like Gecko) Version/10.1.2 Safari/603.3.8"
191.102.179.188 - - [17/Jun/2026:07:37:05 +0200] "GET /wp-login.php?redirect_to=https%3A%2F%2Fpiacenza.elettroservicegroup.it%2Fwp-admin%2Fpost-new.php&reauth=1 HTTP/1.1" 200 3568 "-" "Mozilla/5.0 (Macintosh; Intel Mac OS X 10_12_6) AppleWebKit/603.3.8 (KHTML, like Gecko) Version/10.1.2 Safari/603.3.8"
65.108.235.243 - - [17/Jun/2026:07:38:47 +0200] "POST /wp-cron.php?doing_wp_cron=1781674727.0269811153411865234375 HTTP/1.1" 200 1 "-" "WordPress/7.0; https://piacenza.elettroservicegroup.it"
216.73.217.38 - - [17/Jun/2026:07:38:45 +0200] "GET /sitemap.xml HTTP/2.0" 200 332 "-" "Mozilla/5.0 AppleWebKit/537.36 (KHTML, like Gecko; compatible; ClaudeBot/1.0; +claudebot@anthropic.com)"
40.77.167.43 - - [17/Jun/2026:07:58:17 +0200] "GET /assistenza-lavastoviglie-piacenza/ HTTP/2.0" 200 21729 "-" "Mozilla/5.0 AppleWebKit/537.36 (KHTML, like Gecko; compatible; bingbot/2.0; +http://www.bing.com/bingbot.htm) Chrome/116.0.1938.76 Safari/537.36"
40.77.167.43 - - [17/Jun/2026:07:58:36 +0200] "GET /wp-content/cache/wpfc-minified/f30nqy5v/4br7l.css HTTP/2.0" 200 16390 "https://piacenza.elettroservicegroup.it/assistenza-lavastoviglie-piacenza/" "Mozilla/5.0 AppleWebKit/537.36 (KHTML, like Gecko; compatible; bingbot/2.0; +http://www.bing.com/bingbot.htm) Chrome/136.0.0.0 Safari/537.36 AppleWebKit/537.36 (KHTML, like Gecko; compatible; bingbot/2.0; +http://www.bing.com/bingbot.htm) Chrome/116.0.1938.76 Safari/537.36"
40.77.167.158 - - [17/Jun/2026:07:58:40 +0200] "GET /wp-content/uploads/elementor/css/post-16905.css?ver=1780587580 HTTP/2.0" 200 2136 "https://piacenza.elettroservicegroup.it/assistenza-lavastoviglie-piacenza/" "Mozilla/5.0 AppleWebKit/537.36 (KHTML, like Gecko; compatible; bingbot/2.0; +http://www.bing.com/bingbot.htm) Chrome/136.0.0.0 Safari/537.36 AppleWebKit/537.36 (KHTML, like Gecko; compatible; bingbot/2.0; +http://www.bing.com/bingbot.htm) Chrome/116.0.1938.76 Safari/537.36"
143.110.220.181 - - [17/Jun/2026:07:59:06 +0200] "GET /wp-login.php HTTP/1.1" 200 3575 "-" "Mozilla/5.0"
65.108.235.243 - - [17/Jun/2026:07:59:05 +0200] "GET /assistenza-siemens-piacenza/ HTTP/1.1" 200 21970 "-" "WP Fastest Cache Preload Bot"
143.110.220.181 - - [17/Jun/2026:07:59:06 +0200] "GET /?author=1 HTTP/1.1" 404 73039 "-" "Mozilla/5.0"
65.108.235.243 - - [17/Jun/2026:07:59:06 +0200] "GET /assistenza-rex-electrolux-piacenza/ HTTP/1.1" 200 21830 "-" "WP Fastest Cache Preload Bot"
143.110.220.181 - - [17/Jun/2026:07:59:07 +0200] "GET /?feed=rss2 HTTP/1.1" 301 - "-" "Mozilla/5.0"
65.108.235.243 - - [17/Jun/2026:07:59:07 +0200] "GET /assistenza-miele-piacenza/ HTTP/1.1" 200 22079 "-" "WP Fastest Cache Preload Bot"
143.110.220.181 - - [17/Jun/2026:07:59:09 +0200] "GET /feed/ HTTP/1.1" 200 561 "-" "Mozilla/5.0"
65.108.235.243 - - [17/Jun/2026:07:59:09 +0200] "GET /assistenza-lavatrici-whirlpool-piacenza/ HTTP/1.1" 200 21959 "-" "WP Fastest Cache Preload Bot"
65.108.235.243 - - [17/Jun/2026:08:06:12 +0200] "POST /wp-cron.php?doing_wp_cron=1781676372.2042129039764404296875 HTTP/1.1" 200 1 "-" "WordPress/7.0; https://piacenza.elettroservicegroup.it"
17.22.245.82 - - [17/Jun/2026:08:06:03 +0200] "GET /robots.txt HTTP/2.0" 200 132 "-" "Mozilla/5.0 (Macintosh; Intel Mac OS X 10_15_7) AppleWebKit/605.1.15 (KHTML, like Gecko) Version/17.4 Safari/605.1.15 (Applebot/0.1; +http://www.apple.com/go/applebot)"
17.22.245.82 - - [17/Jun/2026:08:06:12 +0200] "GET /?attachment_id=16066 HTTP/2.0" 200 18566 "-" "Mozilla/5.0 (Macintosh; Intel Mac OS X 10_15_7) AppleWebKit/605.1.15 (KHTML, like Gecko) Version/17.4 Safari/605.1.15 (Applebot/0.1; +http://www.apple.com/go/applebot)"
65.108.235.243 - - [17/Jun/2026:08:06:15 +0200] "GET /assistenza-lavatrici-smeg-piacenza/ HTTP/1.1" 200 21694 "-" "WP Fastest Cache Preload Bot"
65.108.235.243 - - [17/Jun/2026:08:06:19 +0200] "GET /assistenza-lavatrici-rex-electrolux-piacenza/ HTTP/1.1" 200 21668 "-" "WP Fastest Cache Preload Bot"
65.108.235.243 - - [17/Jun/2026:08:06:22 +0200] "GET /assistenza-lavatrici-indesit-piacenza/ HTTP/1.1" 200 21691 "-" "WP Fastest Cache Preload Bot"
65.108.235.243 - - [17/Jun/2026:08:06:25 +0200] "GET /assistenza-lavatrici-bosch-piacenza/ HTTP/1.1" 200 21738 "-" "WP Fastest Cache Preload Bot"
40.77.178.13 - - [17/Jun/2026:08:14:31 +0200] "GET /wp-content/cache/wpfc-minified/f30nqy5v/2t0qf.css HTTP/2.0" 200 90012 "https://piacenza.elettroservicegroup.it/assistenza-lavastoviglie-piacenza/" "Mozilla/5.0 AppleWebKit/537.36 (KHTML, like Gecko; compatible; bingbot/2.0; +http://www.bing.com/bingbot.htm) Chrome/136.0.0.0 Safari/537.36"
65.55.210.116 - - [17/Jun/2026:08:14:31 +0200] "GET /wp-content/uploads/elementor/css/post-16905.css?ver=1781648145 HTTP/2.0" 200 27857 "https://piacenza.elettroservicegroup.it/assistenza-lavastoviglie-piacenza/" "Mozilla/5.0 AppleWebKit/537.36 (KHTML, like Gecko; compatible; bingbot/2.0; +http://www.bing.com/bingbot.htm) Chrome/136.0.0.0 Safari/537.36"
65.108.235.243 - - [17/Jun/2026:08:27:37 +0200] "POST /wp-cron.php?doing_wp_cron=1781677657.8313100337982177734375 HTTP/1.1" 200 1 "-" "WordPress/7.0; https://piacenza.elettroservicegroup.it"
104.210.140.128 - - [17/Jun/2026:08:27:36 +0200] "GET /robots.txt HTTP/2.0" 200 108 "-" "Mozilla/5.0 (Macintosh; Intel Mac OS X 10_15_7) AppleWebKit/537.36 (KHTML, like Gecko) Chrome/131.0.0.0 Safari/537.36; compatible; OAI-SearchBot/1.0; +https://openai.com/searchbot"
65.108.235.243 - - [17/Jun/2026:08:27:38 +0200] "GET /assistenza-lavatrici-ariston-piacenza/ HTTP/1.1" 200 21752 "-" "WP Fastest Cache Preload Bot"
65.108.235.243 - - [17/Jun/2026:08:27:39 +0200] "GET /assistenza-lavatrici-aeg-piacenza/ HTTP/1.1" 200 21757 "-" "WP Fastest Cache Preload Bot"
65.108.235.243 - - [17/Jun/2026:08:27:39 +0200] "GET /assistenza-lavatrici-piacenza/ HTTP/1.1" 200 22007 "-" "WP Fastest Cache Preload Bot"
65.108.235.243 - - [17/Jun/2026:08:27:41 +0200] "GET /assistenza-lavastoviglie-whirlpool-piacenza/ HTTP/1.1" 200 21702 "-" "WP Fastest Cache Preload Bot"
65.108.235.243 - - [17/Jun/2026:08:56:32 +0200] "POST /wp-cron.php?doing_wp_cron=1781679392.7078781127929687500000 HTTP/1.1" 200 1 "-" "WordPress/7.0; https://piacenza.elettroservicegroup.it"
40.77.167.56 - - [17/Jun/2026:08:56:30 +0200] "GET /assistenza-condizionatori/ HTTP/2.0" 404 16281 "-" "Mozilla/5.0 AppleWebKit/537.36 (KHTML, like Gecko; compatible; bingbot/2.0; +http://www.bing.com/bingbot.htm) Chrome/116.0.1938.76 Safari/537.36"
65.108.235.243 - - [17/Jun/2026:08:56:33 +0200] "POST /wp-json/complianz/v1/wsc-scan HTTP/1.1" 400 88 "-" "WordPress/7.0; https://piacenza.elettroservicegroup.it"
65.108.235.243 - - [17/Jun/2026:08:56:34 +0200] "GET /assistenza-lavastoviglie-smeg-piacenza/ HTTP/1.1" 200 21649 "-" "WP Fastest Cache Preload Bot"
65.108.235.243 - - [17/Jun/2026:08:56:34 +0200] "GET /assistenza-lavastoviglie-rex-electrolux-piacenza/ HTTP/1.1" 200 21611 "-" "WP Fastest Cache Preload Bot"
65.108.235.243 - - [17/Jun/2026:08:56:35 +0200] "GET /assistenza-lavastoviglie-indesit-piacenza/ HTTP/1.1" 200 22114 "-" "WP Fastest Cache Preload Bot"
65.108.235.243 - - [17/Jun/2026:08:56:35 +0200] "GET /assistenza-lavastoviglie-bosch-piacenza/ HTTP/1.1" 200 22141 "-" "WP Fastest Cache Preload Bot"
20.215.188.205 - - [17/Jun/2026:09:03:12 +0200] "GET /assistenza-ariston-piacenza/ HTTP/2.0" 200 21854 "-" "Mozilla/5.0 AppleWebKit/537.36 (KHTML, like Gecko); compatible; ChatGPT-User/1.0; +https://openai.com/bot"
91.242.75.144 - - [17/Jun/2026:09:12:20 +0200] "POST /xmlrpc.php HTTP/1.1" 403 52 "-" "Python-xmlrpc/3.10"
91.242.123.173 - - [17/Jun/2026:09:12:24 +0200] "GET /wp-login.php HTTP/1.1" 200 3565 "-" "Mozilla/5.0 (Macintosh; Intel Mac OS X 10_12_6) AppleWebKit/603.3.8 (KHTML, like Gecko) Version/10.1.2 Safari/603.3.8"
65.108.235.243 - - [17/Jun/2026:09:12:25 +0200] "GET /assistenza-lavastoviglie-ariston-piacenza/ HTTP/1.1" 200 22071 "-" "WP Fastest Cache Preload Bot"
91.242.123.173 - - [17/Jun/2026:09:12:27 +0200] "GET /wp-login.php HTTP/1.1" 200 3565 "-" "Mozilla/5.0 (Macintosh; Intel Mac OS X 10_12_6) AppleWebKit/603.3.8 (KHTML, like Gecko) Version/10.1.2 Safari/603.3.8"
65.108.235.243 - - [17/Jun/2026:09:12:27 +0200] "GET /assistenza-lavastoviglie-aeg-piacenza/ HTTP/1.1" 200 22134 "-" "WP Fastest Cache Preload Bot"
91.242.123.173 - - [17/Jun/2026:09:12:31 +0200] "GET /wp-admin/post-new.php HTTP/1.1" 302 - "-" "Mozilla/5.0 (Macintosh; Intel Mac OS X 10_12_6) AppleWebKit/603.3.8 (KHTML, like Gecko) Version/10.1.2 Safari/603.3.8"
65.108.235.243 - - [17/Jun/2026:09:12:31 +0200] "GET /assistenza-lavastoviglie-piacenza/ HTTP/1.1" 200 21752 "-" "WP Fastest Cache Preload Bot"
91.242.123.173 - - [17/Jun/2026:09:12:33 +0200] "GET /wp-login.php?redirect_to=https%3A%2F%2Fpiacenza.elettroservicegroup.it%2Fwp-admin%2Fpost-new.php&reauth=1 HTTP/1.1" 200 3568 "-" "Mozilla/5.0 (Macintosh; Intel Mac OS X 10_12_6) AppleWebKit/603.3.8 (KHTML, like Gecko) Version/10.1.2 Safari/603.3.8"
65.108.235.243 - - [17/Jun/2026:09:12:34 +0200] "GET /assistenza-indesit-piacenza/ HTTP/1.1" 200 21789 "-" "WP Fastest Cache Preload Bot"
65.108.235.243 - - [17/Jun/2026:10:16:00 +0200] "POST /wp-cron.php?doing_wp_cron=1781684160.8988890647888183593750 HTTP/1.1" 200 1 "-" "WordPress/7.0; https://piacenza.elettroservicegroup.it"
52.167.144.156 - - [17/Jun/2026:10:15:55 +0200] "GET /elettro4-2/ HTTP/2.0" 200 17163 "-" "Mozilla/5.0 AppleWebKit/537.36 (KHTML, like Gecko; compatible; bingbot/2.0; +http://www.bing.com/bingbot.htm) Chrome/116.0.1938.76 Safari/537.36"
65.108.235.243 - - [17/Jun/2026:10:16:01 +0200] "POST /wp-json/complianz/v1/wsc-scan HTTP/1.1" 400 88 "-" "WordPress/7.0; https://piacenza.elettroservicegroup.it"
65.108.235.243 - - [17/Jun/2026:10:16:01 +0200] "GET /assistenza-candy-piacenza/ HTTP/1.1" 200 21882 "-" "WP Fastest Cache Preload Bot"
65.108.235.243 - - [17/Jun/2026:10:16:02 +0200] "GET /assistenza-bosch-piacenza/ HTTP/1.1" 200 21881 "-" "WP Fastest Cache Preload Bot"
65.108.235.243 - - [17/Jun/2026:10:16:02 +0200] "GET /assistenza-ariston-piacenza/ HTTP/1.1" 200 21876 "-" "WP Fastest Cache Preload Bot"
65.108.235.243 - - [17/Jun/2026:10:16:02 +0200] "GET /assistenza-aeg-piacenza/ HTTP/1.1" 200 21879 "-" "WP Fastest Cache Preload Bot"
57.141.20.26 - - [17/Jun/2026:10:22:09 +0200] "GET /robots.txt HTTP/2.0" 200 195 "-" "facebookexternalhit/1.1 (+http://www.facebook.com/externalhit_uatext.php)"
65.108.235.243 - - [17/Jun/2026:10:22:09 +0200] "POST /wp-cron.php?doing_wp_cron=1781684529.8092451095581054687500 HTTP/1.1" 200 1 "-" "WordPress/7.0; https://piacenza.elettroservicegroup.it"
57.141.20.51 - - [17/Jun/2026:10:22:07 +0200] "GET /robots.txt HTTP/2.0" 200 - "-" "facebookexternalhit/1.1 (+http://www.facebook.com/externalhit_uatext.php)"
65.108.235.243 - - [17/Jun/2026:10:22:10 +0200] "GET /cookie-policy/ HTTP/1.1" 200 17993 "-" "WP Fastest Cache Preload Bot"
65.108.235.243 - - [17/Jun/2026:10:22:11 +0200] "GET /termini-e-condizioni/ HTTP/1.1" 200 17561 "-" "WP Fastest Cache Preload Bot"
65.108.235.243 - - [17/Jun/2026:10:22:11 +0200] "GET /cookie-policy-ue/ HTTP/1.1" 200 19412 "-" "WP Fastest Cache Preload Bot"
65.108.235.243 - - [17/Jun/2026:10:22:12 +0200] "GET /informativa-privacy/ HTTP/1.1" 200 19803 "-" "WP Fastest Cache Preload Bot"
65.108.235.243 - - [17/Jun/2026:11:06:41 +0200] "POST /wp-cron.php?doing_wp_cron=1781687201.6636390686035156250000 HTTP/1.1" 200 1 "-" "WordPress/7.0; https://piacenza.elettroservicegroup.it"
104.245.244.208 - - [17/Jun/2026:11:06:39 +0200] "GET /robots.txt HTTP/1.1" 200 108 "-" "Googlebot"
65.108.235.243 - - [17/Jun/2026:11:06:42 +0200] "GET /assistenza-frigoriferi/ HTTP/1.1" 200 19882 "-" "WP Fastest Cache Preload Bot"
65.108.235.243 - - [17/Jun/2026:11:06:42 +0200] "GET /assistenza-lavastoviglie/ HTTP/1.1" 200 19940 "-" "WP Fastest Cache Preload Bot"
65.108.235.243 - - [17/Jun/2026:11:06:42 +0200] "GET /assistenza-asciugatrici/ HTTP/1.1" 200 19690 "-" "WP Fastest Cache Preload Bot"
65.108.235.243 - - [17/Jun/2026:11:06:43 +0200] "GET /assistenza-lavatrici/ HTTP/1.1" 200 19431 "-" "WP Fastest Cache Preload Bot"
145.223.58.78 - - [17/Jun/2026:11:08:27 +0200] "GET /assistenza-candy-piacenza/ HTTP/1.1" 200 21860 "-" "Mozilla/5.0 (compatible; Googlebot/2.1; +http://www.google.com/bot.html)"
80.125.135.251 - - [17/Jun/2026:11:25:43 +0200] "GET / HTTP/1.1" 200 23706 "-" "Mozilla/5.0 (Windows NT 10.0; Win64; x64) AppleWebKit/537.36 (KHTML, like Gecko) Chrome/120.0.0.0 Safari/537.36"
95.75.35.97 - - [17/Jun/2026:11:31:15 +0200] "GET / HTTP/2.0" 200 21784 "https://www.google.com/" "Mozilla/5.0 (Linux; Android 10; K) AppleWebKit/537.36 (KHTML, like Gecko) Chrome/149.0.0.0 Mobile Safari/537.36"
95.75.35.97 - - [17/Jun/2026:11:31:15 +0200] "GET /wp-content/cache/wpfc-minified/98f2uwim/2s0xd.css HTTP/2.0" 200 418 "-" "Mozilla/5.0 (Linux; Android 10; K) AppleWebKit/537.36 (KHTML, like Gecko) Chrome/149.0.0.0 Mobile Safari/537.36"
95.75.35.97 - - [17/Jun/2026:11:31:15 +0200] "GET /wp-content/cache/wpfc-minified/lkeozi6d/2s0xd.css HTTP/2.0" 200 7521 "-" "Mozilla/5.0 (Linux; Android 10; K) AppleWebKit/537.36 (KHTML, like Gecko) Chrome/149.0.0.0 Mobile Safari/537.36"
95.75.35.97 - - [17/Jun/2026:11:31:15 +0200] "GET /wp-content/cache/wpfc-minified/qha2vzve/2s0xd.css HTTP/2.0" 200 11336 "https://piacenza.elettroservicegroup.it/" "Mozilla/5.0 (Linux; Android 10; K) AppleWebKit/537.36 (KHTML, like Gecko) Chrome/149.0.0.0 Mobile Safari/537.36"
95.75.35.97 - - [17/Jun/2026:11:31:15 +0200] "GET /wp-content/uploads/elementor/css/post-14146.css?ver=1781626728 HTTP/2.0" 200 428 "https://piacenza.elettroservicegroup.it/" "Mozilla/5.0 (Linux; Android 10; K) AppleWebKit/537.36 (KHTML, like Gecko) Chrome/149.0.0.0 Mobile Safari/537.36"
95.75.35.97 - - [17/Jun/2026:11:31:15 +0200] "GET /wp-content/cache/wpfc-minified/eujroqks/2s6ut.css HTTP/2.0" 200 16488 "https://piacenza.elettroservicegroup.it/" "Mozilla/5.0 (Linux; Android 10; K) AppleWebKit/537.36 (KHTML, like Gecko) Chrome/149.0.0.0 Mobile Safari/537.36"
95.75.35.97 - - [17/Jun/2026:11:31:15 +0200] "GET /wp-content/uploads/elementor/css/post-14227.css?ver=1781629604 HTTP/2.0" 200 2273 "https://piacenza.elettroservicegroup.it/" "Mozilla/5.0 (Linux; Android 10; K) AppleWebKit/537.36 (KHTML, like Gecko) Chrome/149.0.0.0 Mobile Safari/537.36"
95.75.35.97 - - [17/Jun/2026:11:31:15 +0200] "GET /wp-content/uploads/elementor/css/post-14366.css?ver=1781626728 HTTP/2.0" 200 302 "https://piacenza.elettroservicegroup.it/" "Mozilla/5.0 (Linux; Android 10; K) AppleWebKit/537.36 (KHTML, like Gecko) Chrome/149.0.0.0 Mobile Safari/537.36"
95.75.35.97 - - [17/Jun/2026:11:31:15 +0200] "GET /wp-content/uploads/elementor/css/post-14146.css?ver=1781193701 HTTP/2.0" 200 428 "-" "Mozilla/5.0 (Linux; Android 10; K) AppleWebKit/537.36 (KHTML, like Gecko) Chrome/149.0.0.0 Mobile Safari/537.36"
95.75.35.97 - - [17/Jun/2026:11:31:15 +0200] "GET /wp-content/uploads/2021/10/cropped-cropped-cropped-logo_white_background.png HTTP/2.0" 200 10924 "https://piacenza.elettroservicegroup.it/" "Mozilla/5.0 (Linux; Android 10; K) AppleWebKit/537.36 (KHTML, like Gecko) Chrome/149.0.0.0 Mobile Safari/537.36"
95.75.35.97 - - [17/Jun/2026:11:31:15 +0200] "GET /wp-content/cache/wpfc-minified/9h35mpo4/2s0xd.css HTTP/2.0" 200 4410 "https://piacenza.elettroservicegroup.it/" "Mozilla/5.0 (Linux; Android 10; K) AppleWebKit/537.36 (KHTML, like Gecko) Chrome/149.0.0.0 Mobile Safari/537.36"
95.75.35.97 - - [17/Jun/2026:11:31:15 +0200] "GET /wp-content/cache/wpfc-minified/30gnld0u/2s0xd.css HTTP/2.0" 200 19026 "https://piacenza.elettroservicegroup.it/" "Mozilla/5.0 (Linux; Android 10; K) AppleWebKit/537.36 (KHTML, like Gecko) Chrome/149.0.0.0 Mobile Safari/537.36"
95.75.35.97 - - [17/Jun/2026:11:31:15 +0200] "GET /wp-content/cache/wpfc-minified/6ykfum2g/2s6ua.css HTTP/2.0" 200 14492 "https://piacenza.elettroservicegroup.it/" "Mozilla/5.0 (Linux; Android 10; K) AppleWebKit/537.36 (KHTML, like Gecko) Chrome/149.0.0.0 Mobile Safari/537.36"
95.75.35.97 - - [17/Jun/2026:11:31:15 +0200] "GET /wp-content/cache/wpfc-minified/fhnlhga3/2s0xd.js HTTP/2.0" 200 37594 "https://piacenza.elettroservicegroup.it/" "Mozilla/5.0 (Linux; Android 10; K) AppleWebKit/537.36 (KHTML, like Gecko) Chrome/149.0.0.0 Mobile Safari/537.36"
95.75.35.97 - - [17/Jun/2026:11:31:15 +0200] "GET /wp-content/uploads/elementor/css/post-14366.css?ver=1781193701 HTTP/2.0" 200 302 "-" "Mozilla/5.0 (Linux; Android 10; K) AppleWebKit/537.36 (KHTML, like Gecko) Chrome/149.0.0.0 Mobile Safari/537.36"
95.75.35.97 - - [17/Jun/2026:11:31:15 +0200] "GET /wp-content/plugins/gp-premium/menu-plus/functions/js/sticky.min.js?ver=2.5.5 HTTP/2.0" 200 2670 "https://piacenza.elettroservicegroup.it/" "Mozilla/5.0 (Linux; Android 10; K) AppleWebKit/537.36 (KHTML, like Gecko) Chrome/149.0.0.0 Mobile Safari/537.36"
95.75.35.97 - - [17/Jun/2026:11:31:15 +0200] "GET /wp-content/uploads/elementor/css/post-14227.css?ver=1781194643 HTTP/2.0" 200 2273 "-" "Mozilla/5.0 (Linux; Android 10; K) AppleWebKit/537.36 (KHTML, like Gecko) Chrome/149.0.0.0 Mobile Safari/537.36"
95.75.35.97 - - [17/Jun/2026:11:31:15 +0200] "GET /wp-content/uploads/2022/01/TECNICO-ELETTRODOMESTICI-2.jpg HTTP/2.0" 200 24210 "https://piacenza.elettroservicegroup.it/" "Mozilla/5.0 (Linux; Android 10; K) AppleWebKit/537.36 (KHTML, like Gecko) Chrome/149.0.0.0 Mobile Safari/537.36"
95.75.35.97 - - [17/Jun/2026:11:31:15 +0200] "GET /wp-content/plugins/elementor/assets/js/webpack.runtime.min.js?ver=4.1.3 HTTP/2.0" 200 2340 "https://piacenza.elettroservicegroup.it/" "Mozilla/5.0 (Linux; Android 10; K) AppleWebKit/537.36 (KHTML, like Gecko) Chrome/149.0.0.0 Mobile Safari/537.36"
95.75.35.97 - - [17/Jun/2026:11:31:15 +0200] "GET /wp-content/plugins/elementor/assets/js/frontend-modules.min.js?ver=4.1.3 HTTP/2.0" 200 15454 "https://piacenza.elettroservicegroup.it/" "Mozilla/5.0 (Linux; Android 10; K) AppleWebKit/537.36 (KHTML, like Gecko) Chrome/149.0.0.0 Mobile Safari/537.36"
95.75.35.97 - - [17/Jun/2026:11:31:15 +0200] "GET /wp-includes/js/jquery/ui/core.min.js?ver=1.13.3 HTTP/2.0" 200 6820 "https://piacenza.elettroservicegroup.it/" "Mozilla/5.0 (Linux; Android 10; K) AppleWebKit/537.36 (KHTML, like Gecko) Chrome/149.0.0.0 Mobile Safari/537.36"
95.75.35.97 - - [17/Jun/2026:11:31:15 +0200] "GET /wp-content/plugins/elementor/assets/js/frontend.min.js?ver=4.1.3 HTTP/2.0" 200 10140 "https://piacenza.elettroservicegroup.it/" "Mozilla/5.0 (Linux; Android 10; K) AppleWebKit/537.36 (KHTML, like Gecko) Chrome/149.0.0.0 Mobile Safari/537.36"
95.75.35.97 - - [17/Jun/2026:11:31:15 +0200] "GET /wp-content/themes/generatepress/assets/js/menu.min.js?ver=3.6.1 HTTP/2.0" 200 1688 "https://piacenza.elettroservicegroup.it/" "Mozilla/5.0 (Linux; Android 10; K) AppleWebKit/537.36 (KHTML, like Gecko) Chrome/149.0.0.0 Mobile Safari/537.36"
95.75.35.97 - - [17/Jun/2026:11:31:15 +0200] "GET /wp-content/themes/generatepress/assets/js/back-to-top.min.js?ver=3.6.1 HTTP/2.0" 200 336 "https://piacenza.elettroservicegroup.it/" "Mozilla/5.0 (Linux; Android 10; K) AppleWebKit/537.36 (KHTML, like Gecko) Chrome/149.0.0.0 Mobile Safari/537.36"
95.75.35.97 - - [17/Jun/2026:11:31:15 +0200] "GET /wp-content/plugins/complianz-gdpr-premium/cookiebanner/js/complianz.min.js?ver=1781539588 HTTP/2.0" 200 10762 "https://piacenza.elettroservicegroup.it/" "Mozilla/5.0 (Linux; Android 10; K) AppleWebKit/537.36 (KHTML, like Gecko) Chrome/149.0.0.0 Mobile Safari/537.36"
95.75.35.97 - - [17/Jun/2026:11:31:16 +0200] "GET /wp-content/uploads/elementor/google-fonts/fonts/roboto-kfo7cnqeu92fr1me7ksn66agldtyluama3yuba.woff2 HTTP/2.0" 200 40132 "https://piacenza.elettroservicegroup.it/wp-content/cache/wpfc-minified/6ykfum2g/2s6ua.css" "Mozilla/5.0 (Linux; Android 10; K) AppleWebKit/537.36 (KHTML, like Gecko) Chrome/149.0.0.0 Mobile Safari/537.36"
95.75.35.97 - - [17/Jun/2026:11:31:16 +0200] "GET /wp-content/plugins/elementor/assets/lib/font-awesome/webfonts/fa-solid-900.woff2 HTTP/2.0" 200 78201 "https://piacenza.elettroservicegroup.it/wp-content/cache/wpfc-minified/eujroqks/2s6ut.css" "Mozilla/5.0 (Linux; Android 10; K) AppleWebKit/537.36 (KHTML, like Gecko) Chrome/149.0.0.0 Mobile Safari/537.36"
95.75.35.97 - - [17/Jun/2026:11:31:16 +0200] "GET /wp-content/plugins/elementor/assets/lib/font-awesome/webfonts/fa-regular-400.woff2 HTTP/2.0" 200 13277 "https://piacenza.elettroservicegroup.it/wp-content/cache/wpfc-minified/eujroqks/2s6ut.css" "Mozilla/5.0 (Linux; Android 10; K) AppleWebKit/537.36 (KHTML, like Gecko) Chrome/149.0.0.0 Mobile Safari/537.36"
95.75.35.97 - - [17/Jun/2026:11:31:16 +0200] "GET /wp-content/uploads/2021/10/asko-e1634463631713.jpg HTTP/2.0" 200 45004 "https://piacenza.elettroservicegroup.it/" "Mozilla/5.0 (Linux; Android 10; K) AppleWebKit/537.36 (KHTML, like Gecko) Chrome/149.0.0.0 Mobile Safari/537.36"
95.75.35.97 - - [17/Jun/2026:11:31:16 +0200] "GET /wp-content/uploads/2021/10/copertina-washing-machine-2668472_1920-1536x1024.jpg HTTP/2.0" 200 92351 "https://piacenza.elettroservicegroup.it/" "Mozilla/5.0 (Linux; Android 10; K) AppleWebKit/537.36 (KHTML, like Gecko) Chrome/149.0.0.0 Mobile Safari/537.36"
95.75.35.97 - - [17/Jun/2026:11:31:16 +0200] "GET /wp-content/plugins/elementor/assets/js/section-frontend-handlers.d85ab872da118940910d.bundle.min.js HTTP/2.0" 200 230 "https://piacenza.elettroservicegroup.it/" "Mozilla/5.0 (Linux; Android 10; K) AppleWebKit/537.36 (KHTML, like Gecko) Chrome/149.0.0.0 Mobile Safari/537.36"
95.75.35.97 - - [17/Jun/2026:11:31:16 +0200] "GET /wp-content/plugins/elementor/assets/js/shared-frontend-handlers.03caa53373b56d3bab67.bundle.min.js HTTP/2.0" 200 2515 "https://piacenza.elettroservicegroup.it/" "Mozilla/5.0 (Linux; Android 10; K) AppleWebKit/537.36 (KHTML, like Gecko) Chrome/149.0.0.0 Mobile Safari/537.36"
95.75.35.97 - - [17/Jun/2026:11:31:16 +0200] "GET /wp-content/plugins/elementor/assets/js/text-editor.45609661e409413f1cef.bundle.min.js HTTP/2.0" 200 592 "https://piacenza.elettroservicegroup.it/" "Mozilla/5.0 (Linux; Android 10; K) AppleWebKit/537.36 (KHTML, like Gecko) Chrome/149.0.0.0 Mobile Safari/537.36"
95.75.35.97 - - [17/Jun/2026:11:31:17 +0200] "GET /wp-content/uploads/2021/10/cropped-cropped-cropped-cropped-logo_white_background-192x192.png HTTP/2.0" 200 3844 "https://piacenza.elettroservicegroup.it/" "Mozilla/5.0 (Linux; Android 10; K) AppleWebKit/537.36 (KHTML, like Gecko) Chrome/149.0.0.0 Mobile Safari/537.36"
95.75.35.97 - - [17/Jun/2026:11:31:17 +0200] "GET /wp-content/uploads/2021/10/cropped-cropped-cropped-cropped-logo_white_background-180x180.png HTTP/2.0" 200 3630 "https://piacenza.elettroservicegroup.it/" "Mozilla/5.0 (Linux; Android 10; K) AppleWebKit/537.36 (KHTML, like Gecko) Chrome/149.0.0.0 Mobile Safari/537.36"
65.108.235.243 - - [17/Jun/2026:11:31:17 +0200] "POST /wp-cron.php?doing_wp_cron=1781688677.8618819713592529296875 HTTP/1.1" 200 1 "-" "WordPress/7.0; https://piacenza.elettroservicegroup.it"
95.75.35.97 - - [17/Jun/2026:11:31:16 +0200] "GET /wp-json/complianz/v1/banner?lang=it&locale=it_IT&token=nzybi HTTP/2.0" 200 81 "https://piacenza.elettroservicegroup.it/" "Mozilla/5.0 (Linux; Android 10; K) AppleWebKit/537.36 (KHTML, like Gecko) Chrome/149.0.0.0 Mobile Safari/537.36"
95.75.35.97 - - [17/Jun/2026:11:31:18 +0200] "GET /wp-content/uploads/complianz/css/banner-1-optin.css?v=40 HTTP/2.0" 200 2857 "https://piacenza.elettroservicegroup.it/" "Mozilla/5.0 (Linux; Android 10; K) AppleWebKit/537.36 (KHTML, like Gecko) Chrome/149.0.0.0 Mobile Safari/537.36"
95.75.35.97 - - [17/Jun/2026:11:31:18 +0200] "GET /wp-json/complianz/v1/cookie_data HTTP/2.0" 200 69 "https://piacenza.elettroservicegroup.it/" "Mozilla/5.0 (Linux; Android 10; K) AppleWebKit/537.36 (KHTML, like Gecko) Chrome/149.0.0.0 Mobile Safari/537.36"
65.108.235.243 - - [17/Jun/2026:11:31:18 +0200] "POST /wp-json/complianz/v1/wsc-scan HTTP/1.1" 400 88 "-" "WordPress/7.0; https://piacenza.elettroservicegroup.it"
65.108.235.243 - - [17/Jun/2026:11:31:18 +0200] "GET / HTTP/1.1" 200 21806 "-" "WP Fastest Cache Preload Bot"
95.75.35.97 - - [17/Jun/2026:11:31:22 +0200] "POST /wp-json/complianz/v1/track HTTP/2.0" 200 20 "https://piacenza.elettroservicegroup.it/" "Mozilla/5.0 (Linux; Android 10; K) AppleWebKit/537.36 (KHTML, like Gecko) Chrome/149.0.0.0 Mobile Safari/537.36"
95.75.35.97 - - [17/Jun/2026:11:31:23 +0200] "GET /wp-content/uploads/2022/01/copertina-Riparazione_Lavastoviglie-1-12.jpg HTTP/2.0" 200 35425 "https://piacenza.elettroservicegroup.it/" "Mozilla/5.0 (Linux; Android 10; K) AppleWebKit/537.36 (KHTML, like Gecko) Chrome/149.0.0.0 Mobile Safari/537.36"
95.75.35.97 - - [17/Jun/2026:11:31:23 +0200] "GET /wp-content/uploads/2021/11/Frigorifero-combinato.jpg HTTP/2.0" 200 40876 "https://piacenza.elettroservicegroup.it/" "Mozilla/5.0 (Linux; Android 10; K) AppleWebKit/537.36 (KHTML, like Gecko) Chrome/149.0.0.0 Mobile Safari/537.36"
95.75.35.97 - - [17/Jun/2026:11:31:24 +0200] "GET /wp-content/uploads/2022/01/forno-c.jpg HTTP/2.0" 200 51020 "https://piacenza.elettroservicegroup.it/" "Mozilla/5.0 (Linux; Android 10; K) AppleWebKit/537.36 (KHTML, like Gecko) Chrome/149.0.0.0 Mobile Safari/537.36"