65.108.235.243 - - [23/Jun/2026:14:19:01 +0200] "POST /wp-cron.php?doing_wp_cron=1782217141.0958158969879150390625 HTTP/1.1" 200 1 "-" "WordPress/7.0; https://elettroservicegroup.it"
198.235.24.165 - - [23/Jun/2026:14:18:51 +0200] "GET / HTTP/1.1" 301 - "-" "Hello from Palo Alto Networks, find out more about our scans in https://docs-cortex.paloaltonetworks.com/r/1/Cortex-Xpanse/Scanning-activity"
65.108.235.243 - - [23/Jun/2026:14:25:09 +0200] "POST /wp-cron.php?doing_wp_cron=1782217509.5071690082550048828125 HTTP/1.1" 200 1 "-" "WordPress/7.0; https://elettroservicegroup.it"
74.7.175.159 - - [23/Jun/2026:14:25:00 +0200] "GET /robots.txt HTTP/2.0" 200 99 "-" "Mozilla/5.0 (Macintosh; Intel Mac OS X 10_15_7) AppleWebKit/537.36 (KHTML, like Gecko) Chrome/131.0.0.0 Safari/537.36; compatible; OAI-SearchBot/1.4; robots.txt; +https://openai.com/searchbot"
65.108.235.243 - - [23/Jun/2026:14:29:47 +0200] "POST /wp-cron.php?doing_wp_cron=1782217787.6941390037536621093750 HTTP/1.1" 200 1 "-" "WordPress/7.0; https://elettroservicegroup.it"
36.235.123.176 - - [23/Jun/2026:14:29:42 +0200] "GET /imprint/ HTTP/1.1" 200 17891 "-" "Mozilla/5.0 (Linux; Android 2.3.4) AppleWebKit/535.2 (KHTML, like Gecko) Chrome/52.0.883.0 Safari/535.2"
65.108.235.243 - - [23/Jun/2026:14:29:48 +0200] "POST /wp-json/complianz/v1/wsc-scan HTTP/1.1" 400 88 "-" "WordPress/7.0; https://elettroservicegroup.it"
65.108.235.243 - - [23/Jun/2026:14:34:37 +0200] "POST /wp-cron.php?doing_wp_cron=1782218077.8946640491485595703125 HTTP/1.1" 200 1 "-" "WordPress/7.0; https://elettroservicegroup.it"
192.178.16.102 - - [23/Jun/2026:14:34:28 +0200] "GET / HTTP/1.1" 200 21574 "-" "Mozilla/5.0 (Linux; Android 6.0.1; Nexus 5X Build/MMB29P) AppleWebKit/537.36 (KHTML, like Gecko) Chrome/148.0.7778.96 Mobile Safari/537.36 (compatible; AdsBot-Google-Mobile; +http://www.google.com/mobile/adsbot.html)"
46.105.38.210 - - [23/Jun/2026:14:40:13 +0200] "GET /robots.txt HTTP/1.1" 403 - "-" "Mozilla/5.0 (compatible; MJ12bot/v2.0.5; http://mj12bot.com/)"
192.178.16.102 - - [23/Jun/2026:14:42:00 +0200] "GET /wp-content/plugins/elementor/assets/lib/font-awesome/css/solid.min.css?ver=5.15.3 HTTP/1.1" 200 286 "https://elettroservicegroup.it/" "AdsBot-Google (+http://www.google.com/adsbot.html)"
192.178.16.103 - - [23/Jun/2026:14:42:00 +0200] "GET /wp-content/plugins/elementor/assets/lib/eicons/css/elementor-icons.min.css?ver=5.49.0 HTTP/1.1" 200 4115 "https://elettroservicegroup.it/" "AdsBot-Google (+http://www.google.com/adsbot.html)"
192.178.16.101 - - [23/Jun/2026:14:42:00 +0200] "GET /wp-content/plugins/elementor/assets/lib/font-awesome/js/v4-shims.min.js?ver=4.1.3 HTTP/1.1" 200 4043 "https://elettroservicegroup.it/" "AdsBot-Google (+http://www.google.com/adsbot.html)"
192.178.16.102 - - [23/Jun/2026:14:42:00 +0200] "GET /wp-content/themes/generatepress/assets/css/main.min.css?ver=3.6.1 HTTP/1.1" 200 4410 "https://elettroservicegroup.it/" "AdsBot-Google (+http://www.google.com/adsbot.html)"
192.178.16.103 - - [23/Jun/2026:14:42:00 +0200] "GET /wp-content/plugins/elementor/assets/js/frontend-modules.min.js?ver=4.1.3 HTTP/1.1" 200 15454 "https://elettroservicegroup.it/" "AdsBot-Google (+http://www.google.com/adsbot.html)"
192.178.16.101 - - [23/Jun/2026:14:42:00 +0200] "GET /wp-content/plugins/elementor/assets/js/frontend.min.js?ver=4.1.3 HTTP/1.1" 200 10140 "https://elettroservicegroup.it/" "AdsBot-Google (+http://www.google.com/adsbot.html)"
192.178.16.102 - - [23/Jun/2026:14:42:01 +0200] "GET /wp-content/plugins/elementor/assets/lib/font-awesome/css/regular.min.css?ver=5.15.3 HTTP/1.1" 200 282 "https://elettroservicegroup.it/" "AdsBot-Google (+http://www.google.com/adsbot.html)"
192.178.16.103 - - [23/Jun/2026:14:42:01 +0200] "GET /wp-content/uploads/elementor/css/post-13305.css?ver=1782186157 HTTP/1.1" 200 2452 "https://elettroservicegroup.it/" "AdsBot-Google (+http://www.google.com/adsbot.html)"
192.178.16.103 - - [23/Jun/2026:14:42:01 +0200] "GET /wp-content/plugins/elementor/assets/lib/font-awesome/css/all.min.css?ver=4.1.3 HTTP/1.1" 200 12402 "https://elettroservicegroup.it/" "AdsBot-Google (+http://www.google.com/adsbot.html)"
192.178.16.103 - - [23/Jun/2026:14:42:01 +0200] "GET /wp-content/plugins/elementor/assets/css/widget-heading.min.css?ver=4.1.3 HTTP/1.1" 200 127 "https://elettroservicegroup.it/" "AdsBot-Google (+http://www.google.com/adsbot.html)"
192.178.16.102 - - [23/Jun/2026:14:42:01 +0200] "GET /wp-content/plugins/elementor/assets/lib/eicons/css/elementor-icons.min.css?ver=5.34.0 HTTP/1.1" 200 4115 "https://elettroservicegroup.it/" "AdsBot-Google (+http://www.google.com/adsbot.html)"
192.178.16.102 - - [23/Jun/2026:14:42:01 +0200] "GET /wp-content/uploads/elementor/google-fonts/css/roboto.css?ver=1742274089 HTTP/1.1" 200 1874 "https://elettroservicegroup.it/" "AdsBot-Google (+http://www.google.com/adsbot.html)"
192.178.16.102 - - [23/Jun/2026:14:42:01 +0200] "GET /wp-content/plugins/elementor/assets/css/widget-icon-list.min.css?ver=3.24.3 HTTP/1.1" 200 928 "https://elettroservicegroup.it/" "AdsBot-Google (+http://www.google.com/adsbot.html)"
192.178.16.102 - - [23/Jun/2026:14:42:01 +0200] "GET /wp-content/plugins/elementor/assets/css/widget-spacer.min.css?ver=4.1.3 HTTP/1.1" 200 287 "https://elettroservicegroup.it/" "AdsBot-Google (+http://www.google.com/adsbot.html)"
192.178.16.101 - - [23/Jun/2026:14:42:02 +0200] "GET /wp-content/plugins/elementor/assets/lib/animations/styles/zoomIn.min.css?ver=4.1.3 HTTP/1.1" 200 87 "https://elettroservicegroup.it/" "AdsBot-Google (+http://www.google.com/adsbot.html)"
192.178.16.103 - - [23/Jun/2026:14:42:02 +0200] "GET /wp-includes/js/jquery/jquery-migrate.min.js?ver=3.4.1 HTTP/1.1" 200 4685 "https://elettroservicegroup.it/" "AdsBot-Google (+http://www.google.com/adsbot.html)"
192.178.16.101 - - [23/Jun/2026:14:42:02 +0200] "GET /wp-content/uploads/elementor/css/post-14146.css?ver=1782185770 HTTP/1.1" 200 428 "https://elettroservicegroup.it/" "AdsBot-Google (+http://www.google.com/adsbot.html)"
192.178.16.102 - - [23/Jun/2026:14:42:02 +0200] "GET /wp-content/plugins/elementor/assets/lib/font-awesome/css/brands.css?ver=5.15.3 HTTP/1.1" 200 298 "https://elettroservicegroup.it/" "AdsBot-Google (+http://www.google.com/adsbot.html)"
192.178.16.103 - - [23/Jun/2026:14:42:02 +0200] "GET /wp-content/plugins/elementor/assets/lib/animations/styles/bounceIn.min.css?ver=4.1.3 HTTP/1.1" 200 186 "https://elettroservicegroup.it/" "AdsBot-Google (+http://www.google.com/adsbot.html)"
192.178.16.103 - - [23/Jun/2026:14:42:02 +0200] "GET /wp-content/plugins/elementor/assets/lib/font-awesome/css/fontawesome.css?ver=5.15.3 HTTP/1.1" 200 12535 "https://elettroservicegroup.it/" "AdsBot-Google (+http://www.google.com/adsbot.html)"
192.178.16.101 - - [23/Jun/2026:14:42:02 +0200] "GET /wp-content/uploads/elementor/css/post-14366.css?ver=1782186151 HTTP/1.1" 200 310 "https://elettroservicegroup.it/" "AdsBot-Google (+http://www.google.com/adsbot.html)"
192.178.16.102 - - [23/Jun/2026:14:42:02 +0200] "GET /wp-content/themes/generatepress/assets/js/back-to-top.min.js?ver=3.6.1 HTTP/1.1" 200 336 "https://elettroservicegroup.it/" "AdsBot-Google (+http://www.google.com/adsbot.html)"
192.178.16.103 - - [23/Jun/2026:14:42:03 +0200] "GET /wp-content/plugins/header-footer-elementor/inc/widgets-css/frontend.css?ver=2.8.8 HTTP/1.1" 200 8711 "https://elettroservicegroup.it/" "AdsBot-Google (+http://www.google.com/adsbot.html)"
192.178.16.103 - - [23/Jun/2026:14:42:03 +0200] "GET /wp-content/plugins/complianz-gdpr-premium/cookiebanner/js/complianz.min.js?ver=1781535054 HTTP/1.1" 200 10762 "https://elettroservicegroup.it/" "AdsBot-Google (+http://www.google.com/adsbot.html)"
45.61.125.238 - - [23/Jun/2026:14:42:28 +0200] "GET / HTTP/1.1" 200 23176 "-" "Mozilla/5.0 (X11; Linux x86_64) AppleWebKit/537.36 (KHTML, like Gecko) Chrome/131.0.0.0 Safari/537.36"
65.108.235.243 - - [23/Jun/2026:14:42:38 +0200] "POST /wp-cron.php?doing_wp_cron=1782218558.4884650707244873046875 HTTP/1.1" 200 1 "-" "WordPress/7.0; https://elettroservicegroup.it"
64.137.94.237 - - [23/Jun/2026:14:42:29 +0200] "GET /?p=1 HTTP/1.1" 404 83363 "-" "Mozilla/5.0 (X11; Linux x86_64) AppleWebKit/537.36 (KHTML, like Gecko) Chrome/131.0.0.0 Safari/537.36"
31.59.27.189 - - [23/Jun/2026:14:42:39 +0200] "GET /?page_id=2 HTTP/1.1" 404 83369 "-" "Mozilla/5.0 (X11; Linux x86_64) AppleWebKit/537.36 (KHTML, like Gecko) Chrome/131.0.0.0 Safari/537.36"
192.178.16.101 - - [23/Jun/2026:14:42:41 +0200] "GET /wp-content/plugins/elementor/assets/lib/font-awesome/webfonts/fa-regular-400.woff2 HTTP/1.1" 200 13277 "https://elettroservicegroup.it/wp-content/plugins/elementor/assets/lib/font-awesome/css/all.min.css?ver=4.1.3" "AdsBot-Google (+http://www.google.com/adsbot.html)"
192.178.16.102 - - [23/Jun/2026:14:42:42 +0200] "GET /wp-content/uploads/elementor/google-fonts/fonts/roboto-kfo7cnqeu92fr1me7ksn66agldtyluama3yuba.woff2 HTTP/1.1" 200 40132 "https://elettroservicegroup.it/wp-content/uploads/elementor/google-fonts/css/roboto.css?ver=1742274089" "AdsBot-Google (+http://www.google.com/adsbot.html)"
192.178.16.102 - - [23/Jun/2026:14:42:42 +0200] "GET /wp-content/plugins/elementor/assets/lib/font-awesome/webfonts/fa-solid-900.woff2 HTTP/1.1" 200 78201 "https://elettroservicegroup.it/wp-content/plugins/elementor/assets/lib/font-awesome/css/all.min.css?ver=4.1.3" "AdsBot-Google (+http://www.google.com/adsbot.html)"
192.178.16.102 - - [23/Jun/2026:14:42:41 +0200] "GET /wp-json/complianz/v1/banner?lang=it&locale=it_IT&token=njacz HTTP/1.1" 200 82 "https://elettroservicegroup.it/" "AdsBot-Google (+http://www.google.com/adsbot.html)"
192.178.16.102 - - [23/Jun/2026:14:42:43 +0200] "GET /wp-json/complianz/v1/cookie_data HTTP/1.1" 200 97 "https://elettroservicegroup.it/" "AdsBot-Google (+http://www.google.com/adsbot.html)"
93.36.218.192 - - [23/Jun/2026:14:43:51 +0200] "GET /chi-siamo/ HTTP/2.0" 200 21759 "https://elettroservicegroup.it/chi-siamo/" "Mozilla/5.0 (Windows NT 10.0; Win64; x64) AppleWebKit/537.36 (KHTML, like Gecko) Chrome/149.0.0.0 Safari/537.36"
65.108.235.243 - - [23/Jun/2026:14:48:33 +0200] "POST /wp-cron.php?doing_wp_cron=1782218913.2036480903625488281250 HTTP/1.1" 200 1 "-" "WordPress/7.0; https://elettroservicegroup.it"
139.135.44.191 - - [23/Jun/2026:14:48:25 +0200] "POST /xmlrpc.php HTTP/1.1" 404 83443 "-" "Mozilla/5.0 (Linux; Android 10; arm64) AppleWebKit/537.36 (KHTML, like Gecko) Safari/10.0.0.0 Safari/537.36"
65.108.235.243 - - [23/Jun/2026:14:54:51 +0200] "POST /wp-cron.php?doing_wp_cron=1782219291.8990559577941894531250 HTTP/1.1" 200 1 "-" "WordPress/7.0; https://elettroservicegroup.it"
216.73.217.62 - - [23/Jun/2026:14:54:43 +0200] "GET /robots.txt HTTP/2.0" 200 99 "-" "Mozilla/5.0 AppleWebKit/537.36 (KHTML, like Gecko; compatible; ClaudeBot/1.0; +claudebot@anthropic.com)"
65.108.235.243 - - [23/Jun/2026:15:22:02 +0200] "POST /wp-cron.php?doing_wp_cron=1782220922.5933470726013183593750 HTTP/1.1" 200 1 "-" "WordPress/7.0; https://elettroservicegroup.it"
159.89.19.201 - - [23/Jun/2026:15:21:54 +0200] "POST /xmlrpc.php HTTP/1.1" 404 17623 "-" "undici"
159.89.19.201 - - [23/Jun/2026:15:22:03 +0200] "GET /wp-json/wp/v2/categories?search=Uncategorized&per_page=100 HTTP/1.1" 415 1379 "-" "undici"
159.89.19.201 - - [23/Jun/2026:15:22:05 +0200] "GET /wp-json/wp/v2/settings HTTP/1.1" 401 84 "-" "undici"
65.108.235.243 - - [23/Jun/2026:15:28:14 +0200] "POST /wp-cron.php?doing_wp_cron=1782221294.1198151111602783203125 HTTP/1.1" 200 1 "-" "WordPress/7.0; https://elettroservicegroup.it"
192.178.4.103 - - [23/Jun/2026:15:28:11 +0200] "GET /2026/05/31/migliori-bonus-registrazione-casino/ HTTP/1.1" 404 17618 "-" "Mozilla/5.0 (Linux; Android 6.0.1; Nexus 5X Build/MMB29P) AppleWebKit/537.36 (KHTML, like Gecko) Chrome/148.0.7778.96 Mobile Safari/537.36 (compatible; Googlebot/2.1; +http://www.google.com/bot.html)"
65.108.235.243 - - [23/Jun/2026:15:49:57 +0200] "POST /wp-json/complianz/v1/wsc-scan HTTP/1.1" 400 88 "-" "WordPress/7.0; https://elettroservicegroup.it"
65.108.235.243 - - [23/Jun/2026:16:12:18 +0200] "POST /wp-cron.php?doing_wp_cron=1782223938.2153151035308837890625 HTTP/1.1" 200 1 "-" "WordPress/7.0; https://elettroservicegroup.it"
192.178.4.102 - - [23/Jun/2026:16:12:15 +0200] "GET /?p=15544 HTTP/1.1" 404 17581 "-" "Mozilla/5.0 (Linux; Android 6.0.1; Nexus 5X Build/MMB29P) AppleWebKit/537.36 (KHTML, like Gecko) Chrome/148.0.7778.96 Mobile Safari/537.36 (compatible; Googlebot/2.1; +http://www.google.com/bot.html)"
192.178.4.103 - - [23/Jun/2026:16:12:17 +0200] "GET /?p=15587 HTTP/1.1" 404 17581 "-" "Mozilla/5.0 (Linux; Android 6.0.1; Nexus 5X Build/MMB29P) AppleWebKit/537.36 (KHTML, like Gecko) Chrome/148.0.7778.96 Mobile Safari/537.36 (compatible; Googlebot/2.1; +http://www.google.com/bot.html)"
65.108.235.243 - - [23/Jun/2026:16:12:19 +0200] "POST /wp-admin/admin-ajax.php?action=wordfence_testAjax HTTP/1.1" 200 16 "-" "WordPress/7.0; https://elettroservicegroup.it"
65.108.235.243 - - [23/Jun/2026:16:12:22 +0200] "GET /wp-admin/admin-ajax.php?action=wordfence_doScan&isFork=0&scanMode=quick&cronKey=f3a6d662e693bff020e462d83367cfde&signature=61e82af6e3cd8197d43531c9307eeb5b9b01572f9f731bd50b8df435779ad52b HTTP/1.1" 200 1 "-" "WordPress/7.0; https://elettroservicegroup.it"
65.108.235.243 - - [23/Jun/2026:16:16:33 +0200] "POST /wp-cron.php?doing_wp_cron=1782224193.0993700027465820312500 HTTP/1.1" 200 1 "-" "WordPress/7.0; https://elettroservicegroup.it"
216.73.217.62 - - [23/Jun/2026:16:16:26 +0200] "GET /robots.txt HTTP/2.0" 200 99 "-" "Mozilla/5.0 AppleWebKit/537.36 (KHTML, like Gecko; compatible; ClaudeBot/1.0; +claudebot@anthropic.com)"
216.73.217.62 - - [23/Jun/2026:16:16:33 +0200] "GET /sitemap.rss HTTP/2.0" 200 729 "-" "Mozilla/5.0 AppleWebKit/537.36 (KHTML, like Gecko; compatible; ClaudeBot/1.0; +claudebot@anthropic.com)"
65.108.235.243 - - [23/Jun/2026:16:23:33 +0200] "POST /wp-cron.php?doing_wp_cron=1782224613.0019030570983886718750 HTTP/1.1" 200 1 "-" "WordPress/7.0; https://elettroservicegroup.it"
124.6.165.35 - - [23/Jun/2026:16:23:26 +0200] "GET /wp-login.php HTTP/1.1" 200 5541 "" "Mozilla/5.0 (Macintosh; Intel Mac OS X 13_6_1; rv:120.0) Gecko/20100101 Firefox/120.0"
124.6.165.35 - - [23/Jun/2026:16:23:34 +0200] "GET /?author=1 HTTP/1.1" 404 70179 "https://www.google.com/search?q=wordpress" "Mozilla/5.0 (X11; Linux x86_64) AppleWebKit/537.36 (KHTML, like Gecko) Chrome/120.0.0.0 Safari/537.36"
201.49.178.100 - - [23/Jun/2026:16:23:37 +0200] "GET /?author=2 HTTP/1.1" 404 70179 "-" "Mozilla/5.0 (Windows NT 11.0; Win64; x64) AppleWebKit/537.36 (KHTML, like Gecko) Chrome/120.0.0.0 Safari/537.36"
82.45.92.197 - - [23/Jun/2026:16:23:39 +0200] "GET /?author=3 HTTP/1.1" 404 70179 "-" "Mozilla/5.0 (Macintosh; Intel Mac OS X 10_15_7) AppleWebKit/605.1.15 (KHTML, like Gecko) Version/17.0 Safari/605.1.15"
101.100.165.73 - - [23/Jun/2026:16:23:42 +0200] "GET /?author=4 HTTP/1.1" 200 11734 "https://www.facebook.com/" "Mozilla/5.0 (Windows NT 11.0; Win64; x64; rv:119.0) Gecko/20100101 Firefox/119.0"
92.96.111.217 - - [23/Jun/2026:16:23:45 +0200] "GET /?author=5 HTTP/1.1" 404 70179 "https://www.bing.com/" "Mozilla/5.0 (Macintosh; Intel Mac OS X 13_6_1) AppleWebKit/605.1.15 (KHTML, like Gecko) Version/17.2 Safari/605.1.15"
99.238.224.91 - - [23/Jun/2026:16:23:48 +0200] "GET /wp-json/wp/v2/users HTTP/1.1" 401 108 "https://www.facebook.com/" "Mozilla/5.0 (Macintosh; Intel Mac OS X 10_15_7; rv:120.0) Gecko/20100101 Firefox/120.0"
171.233.46.7 - - [23/Jun/2026:16:23:50 +0200] "POST /wp-login.php HTTP/1.1" 200 5685 "https://elettroservicegroup.it/wp-login.php" "Mozilla/5.0 (Macintosh; Intel Mac OS X 10_15_7; rv:118.0) Gecko/20100101 Firefox/118.0"
78.190.125.93 - - [23/Jun/2026:16:23:50 +0200] "POST /wp-login.php HTTP/1.1" 200 5685 "https://elettroservicegroup.it/wp-login.php" "Mozilla/5.0 (Macintosh; Intel Mac OS X 13_6_1) AppleWebKit/537.36 (KHTML, like Gecko) Chrome/119.0.0.0 Safari/537.36"
171.233.46.7 - - [23/Jun/2026:16:23:52 +0200] "POST /wp-login.php HTTP/1.1" 200 5685 "https://elettroservicegroup.it/wp-login.php" "Mozilla/5.0 (Macintosh; Intel Mac OS X 13_6_1; rv:119.0) Gecko/20100101 Firefox/119.0"
78.190.125.93 - - [23/Jun/2026:16:23:52 +0200] "POST /wp-login.php HTTP/1.1" 200 5685 "https://elettroservicegroup.it/wp-login.php" "Mozilla/5.0 (Windows NT 11.0; Win64; x64) AppleWebKit/537.36 (KHTML, like Gecko) Chrome/119.0.0.0 Safari/537.36"
171.233.46.7 - - [23/Jun/2026:16:23:53 +0200] "POST /wp-login.php HTTP/1.1" 200 5685 "https://elettroservicegroup.it/wp-login.php" "Mozilla/5.0 (Macintosh; Intel Mac OS X 10_15_7; rv:121.0) Gecko/20100101 Firefox/121.0"
78.190.125.93 - - [23/Jun/2026:16:23:53 +0200] "POST /wp-login.php HTTP/1.1" 200 5685 "https://elettroservicegroup.it/wp-login.php" "Mozilla/5.0 (X11; Ubuntu; Linux x86_64) AppleWebKit/537.36 (KHTML, like Gecko) Chrome/119.0.0.0 Safari/537.36"
171.233.46.7 - - [23/Jun/2026:16:23:55 +0200] "POST /wp-login.php HTTP/1.1" 302 - "https://elettroservicegroup.it/wp-login.php" "Mozilla/5.0 (X11; Ubuntu; Linux x86_64) AppleWebKit/537.36 (KHTML, like Gecko) Chrome/120.0.0.0 Safari/537.36"
78.190.125.93 - - [23/Jun/2026:16:23:56 +0200] "POST /wp-login.php HTTP/1.1" 503 18983 "https://elettroservicegroup.it/wp-login.php" "Mozilla/5.0 (Windows NT 10.0; Win64; x64) AppleWebKit/537.36 (KHTML, like Gecko) Chrome/119.0.0.0 Safari/537.36"
171.233.46.7 - - [23/Jun/2026:16:23:57 +0200] "POST /wp-login.php HTTP/1.1" 200 5685 "https://elettroservicegroup.it/wp-login.php" "Mozilla/5.0 (Windows NT 11.0; Win64; x64) AppleWebKit/537.36 (KHTML, like Gecko) Chrome/118.0.0.0 Safari/537.36"
65.108.235.243 - - [23/Jun/2026:16:24:03 +0200] "POST /wp-cron.php?doing_wp_cron=1782224643.5131170749664306640625 HTTP/1.1" 200 1 "-" "WordPress/7.0; https://elettroservicegroup.it"
1.41.1.110 - - [23/Jun/2026:16:24:01 +0200] "POST /wp-login.php HTTP/1.1" 200 5685 "https://elettroservicegroup.it/wp-login.php" "Mozilla/5.0 (Macintosh; Intel Mac OS X 13_6_1; rv:119.0) Gecko/20100101 Firefox/119.0"
1.41.1.110 - - [23/Jun/2026:16:24:04 +0200] "POST /wp-login.php HTTP/1.1" 200 5685 "https://elettroservicegroup.it/wp-login.php" "Mozilla/5.0 (X11; Linux x86_64) AppleWebKit/537.36 (KHTML, like Gecko) Chrome/119.0.0.0 Safari/537.36"
65.108.235.243 - - [23/Jun/2026:16:24:05 +0200] "POST /wp-cron.php?doing_wp_cron=1782224645.4925010204315185546875 HTTP/1.1" 200 1 "-" "WordPress/7.0; https://elettroservicegroup.it"
171.233.46.7 - - [23/Jun/2026:16:23:59 +0200] "POST /wp-login.php HTTP/1.1" 503 18983 "https://elettroservicegroup.it/wp-login.php" "Mozilla/5.0 (Windows NT 11.0; Win64; x64) AppleWebKit/537.36 (KHTML, like Gecko) Chrome/118.0.0.0 Safari/537.36"
134.195.221.95 - - [23/Jun/2026:16:24:06 +0200] "POST /wp-login.php HTTP/1.1" 200 11708 "https://elettroservicegroup.it/wp-login.php" "Mozilla/5.0 (Macintosh; Intel Mac OS X 13_6_1; rv:120.0) Gecko/20100101 Firefox/120.0"
1.41.1.110 - - [23/Jun/2026:16:24:06 +0200] "POST /wp-login.php HTTP/1.1" 302 - "https://elettroservicegroup.it/wp-login.php" "Mozilla/5.0 (Windows NT 10.0; Win64; x64; rv:120.0) Gecko/20100101 Firefox/120.0"
1.41.1.110 - - [23/Jun/2026:16:24:08 +0200] "POST /wp-login.php HTTP/1.1" 200 5685 "https://elettroservicegroup.it/wp-login.php" "Mozilla/5.0 (Windows NT 11.0; Win64; x64) AppleWebKit/537.36 (KHTML, like Gecko) Chrome/121.0.0.0 Safari/537.36"
181.209.106.98 - - [23/Jun/2026:16:24:08 +0200] "POST /wp-login.php HTTP/1.1" 200 5685 "https://elettroservicegroup.it/wp-login.php" "Mozilla/5.0 (X11; Linux x86_64) AppleWebKit/537.36 (KHTML, like Gecko) Chrome/121.0.0.0 Safari/537.36"
181.209.106.98 - - [23/Jun/2026:16:24:11 +0200] "POST /wp-login.php HTTP/1.1" 200 5685 "https://elettroservicegroup.it/wp-login.php" "Mozilla/5.0 (X11; Linux x86_64) AppleWebKit/537.36 (KHTML, like Gecko) Chrome/118.0.0.0 Safari/537.36"
1.41.1.110 - - [23/Jun/2026:16:24:10 +0200] "POST /wp-login.php HTTP/1.1" 503 18983 "https://elettroservicegroup.it/wp-login.php" "Mozilla/5.0 (Macintosh; Intel Mac OS X 13_6_1; rv:121.0) Gecko/20100101 Firefox/121.0"
181.209.106.98 - - [23/Jun/2026:16:24:13 +0200] "POST /wp-login.php HTTP/1.1" 200 5685 "https://elettroservicegroup.it/wp-login.php" "Mozilla/5.0 (Windows NT 10.0; Win64; x64) AppleWebKit/537.36 (KHTML, like Gecko) Chrome/118.0.0.0 Safari/537.36"
99.44.24.27 - - [23/Jun/2026:16:24:15 +0200] "POST /wp-login.php HTTP/1.1" 200 11789 "https://elettroservicegroup.it/wp-login.php" "Mozilla/5.0 (X11; Linux x86_64) AppleWebKit/537.36 (KHTML, like Gecko) Chrome/121.0.0.0 Safari/537.36"
181.209.106.98 - - [23/Jun/2026:16:24:15 +0200] "POST /wp-login.php HTTP/1.1" 200 5685 "https://elettroservicegroup.it/wp-login.php" "Mozilla/5.0 (Windows NT 11.0; Win64; x64; rv:118.0) Gecko/20100101 Firefox/118.0"
88.251.192.122 - - [23/Jun/2026:16:24:17 +0200] "POST /wp-login.php HTTP/1.1" 200 5685 "https://elettroservicegroup.it/wp-login.php" "Mozilla/5.0 (Macintosh; Intel Mac OS X 13_6_1) AppleWebKit/605.1.15 (KHTML, like Gecko) Version/17.2 Safari/605.1.15"
181.209.106.98 - - [23/Jun/2026:16:24:16 +0200] "POST /wp-login.php HTTP/1.1" 503 18983 "https://elettroservicegroup.it/wp-login.php" "Mozilla/5.0 (Macintosh; Intel Mac OS X 13_6_1) AppleWebKit/537.36 (KHTML, like Gecko) Chrome/120.0.0.0 Safari/537.36"
88.251.192.122 - - [23/Jun/2026:16:24:19 +0200] "POST /wp-login.php HTTP/1.1" 200 5685 "https://elettroservicegroup.it/wp-login.php" "Mozilla/5.0 (Windows NT 11.0; Win64; x64; rv:120.0) Gecko/20100101 Firefox/120.0"
103.66.77.178 - - [23/Jun/2026:16:24:21 +0200] "POST /wp-login.php HTTP/1.1" 200 11704 "https://elettroservicegroup.it/wp-login.php" "Mozilla/5.0 (X11; Linux x86_64) AppleWebKit/537.36 (KHTML, like Gecko) Chrome/118.0.0.0 Safari/537.36"
88.251.192.122 - - [23/Jun/2026:16:24:21 +0200] "POST /wp-login.php HTTP/1.1" 200 5685 "https://elettroservicegroup.it/wp-login.php" "Mozilla/5.0 (Windows NT 10.0; Win64; x64; rv:119.0) Gecko/20100101 Firefox/119.0"
87.7.239.38 - - [23/Jun/2026:16:24:22 +0200] "POST /wp-login.php HTTP/1.1" 200 5685 "https://elettroservicegroup.it/wp-login.php" "Mozilla/5.0 (Macintosh; Intel Mac OS X 13_6_1; rv:118.0) Gecko/20100101 Firefox/118.0"
88.251.192.122 - - [23/Jun/2026:16:24:23 +0200] "POST /wp-login.php HTTP/1.1" 200 5685 "https://elettroservicegroup.it/wp-login.php" "Mozilla/5.0 (Windows NT 10.0; Win64; x64) AppleWebKit/537.36 (KHTML, like Gecko) Chrome/120.0.0.0 Safari/537.36"
87.7.239.38 - - [23/Jun/2026:16:24:24 +0200] "POST /wp-login.php HTTP/1.1" 200 5685 "https://elettroservicegroup.it/wp-login.php" "Mozilla/5.0 (Macintosh; Intel Mac OS X 10_15_7) AppleWebKit/605.1.15 (KHTML, like Gecko) Version/16.6 Safari/605.1.15"
87.7.239.38 - - [23/Jun/2026:16:24:26 +0200] "POST /wp-login.php HTTP/1.1" 200 5685 "https://elettroservicegroup.it/wp-login.php" "Mozilla/5.0 (Macintosh; Intel Mac OS X 10_15_7) AppleWebKit/605.1.15 (KHTML, like Gecko) Version/17.0 Safari/605.1.15"
88.251.192.122 - - [23/Jun/2026:16:24:26 +0200] "POST /wp-login.php HTTP/1.1" 503 18983 "https://elettroservicegroup.it/wp-login.php" "Mozilla/5.0 (Macintosh; Intel Mac OS X 13_6_1) AppleWebKit/537.36 (KHTML, like Gecko) Chrome/120.0.0.0 Safari/537.36"
87.7.239.38 - - [23/Jun/2026:16:24:28 +0200] "POST /wp-login.php HTTP/1.1" 200 5685 "https://elettroservicegroup.it/wp-login.php" "Mozilla/5.0 (Macintosh; Intel Mac OS X 13_6_1; rv:118.0) Gecko/20100101 Firefox/118.0"
153.117.1.66 - - [23/Jun/2026:16:24:31 +0200] "POST /wp-login.php HTTP/1.1" 200 11758 "https://elettroservicegroup.it/wp-login.php" "Mozilla/5.0 (Macintosh; Intel Mac OS X 13_6_1) AppleWebKit/605.1.15 (KHTML, like Gecko) Version/17.1 Safari/605.1.15"
87.7.239.38 - - [23/Jun/2026:16:24:30 +0200] "POST /wp-login.php HTTP/1.1" 302 - "https://elettroservicegroup.it/wp-login.php" "Mozilla/5.0 (Windows NT 11.0; Win64; x64; rv:120.0) Gecko/20100101 Firefox/120.0"
87.7.239.38 - - [23/Jun/2026:16:24:31 +0200] "POST /wp-login.php HTTP/1.1" 503 18983 "https://elettroservicegroup.it/wp-login.php" "Mozilla/5.0 (Windows NT 10.0; Win64; x64) AppleWebKit/537.36 (KHTML, like Gecko) Chrome/120.0.0.0 Safari/537.36"
80.64.81.2 - - [23/Jun/2026:16:24:32 +0200] "POST /wp-login.php HTTP/1.1" 200 5685 "https://elettroservicegroup.it/wp-login.php" "Mozilla/5.0 (Macintosh; Intel Mac OS X 13_6_1; rv:121.0) Gecko/20100101 Firefox/121.0"
80.64.81.2 - - [23/Jun/2026:16:24:33 +0200] "POST /wp-login.php HTTP/1.1" 200 5685 "https://elettroservicegroup.it/wp-login.php" "Mozilla/5.0 (Macintosh; Intel Mac OS X 10_15_7) AppleWebKit/537.36 (KHTML, like Gecko) Chrome/119.0.0.0 Safari/537.36"
78.173.9.58 - - [23/Jun/2026:16:24:35 +0200] "POST /wp-login.php HTTP/1.1" 200 11738 "https://elettroservicegroup.it/wp-login.php" "Mozilla/5.0 (Macintosh; Intel Mac OS X 13_6_1; rv:119.0) Gecko/20100101 Firefox/119.0"
80.64.81.2 - - [23/Jun/2026:16:24:34 +0200] "POST /wp-login.php HTTP/1.1" 200 5685 "https://elettroservicegroup.it/wp-login.php" "Mozilla/5.0 (Macintosh; Intel Mac OS X 13_6_1; rv:118.0) Gecko/20100101 Firefox/118.0"
130.193.124.220 - - [23/Jun/2026:16:24:36 +0200] "POST /wp-login.php HTTP/1.1" 200 11709 "https://elettroservicegroup.it/wp-login.php" "Mozilla/5.0 (Macintosh; Intel Mac OS X 13_6_1) AppleWebKit/537.36 (KHTML, like Gecko) Chrome/119.0.0.0 Safari/537.36"
80.64.81.2 - - [23/Jun/2026:16:24:36 +0200] "POST /wp-login.php HTTP/1.1" 200 5685 "https://elettroservicegroup.it/wp-login.php" "Mozilla/5.0 (Macintosh; Intel Mac OS X 13_6_1; rv:118.0) Gecko/20100101 Firefox/118.0"
37.26.82.62 - - [23/Jun/2026:16:24:37 +0200] "POST /wp-login.php HTTP/1.1" 302 - "https://elettroservicegroup.it/wp-login.php" "Mozilla/5.0 (Windows NT 11.0; Win64; x64) AppleWebKit/537.36 (KHTML, like Gecko) Chrome/120.0.0.0 Safari/537.36"
37.26.82.62 - - [23/Jun/2026:16:24:38 +0200] "POST /wp-login.php HTTP/1.1" 200 5685 "https://elettroservicegroup.it/wp-login.php" "Mozilla/5.0 (Macintosh; Intel Mac OS X 10_15_7) AppleWebKit/537.36 (KHTML, like Gecko) Chrome/118.0.0.0 Safari/537.36"
80.64.81.2 - - [23/Jun/2026:16:24:38 +0200] "POST /wp-login.php HTTP/1.1" 503 18983 "https://elettroservicegroup.it/wp-login.php" "Mozilla/5.0 (Windows NT 11.0; Win64; x64) AppleWebKit/537.36 (KHTML, like Gecko) Chrome/120.0.0.0 Safari/537.36"
37.26.82.62 - - [23/Jun/2026:16:24:40 +0200] "POST /wp-login.php HTTP/1.1" 200 5685 "https://elettroservicegroup.it/wp-login.php" "Mozilla/5.0 (Macintosh; Intel Mac OS X 10_15_7) AppleWebKit/537.36 (KHTML, like Gecko) Chrome/120.0.0.0 Safari/537.36"
37.26.82.62 - - [23/Jun/2026:16:24:41 +0200] "POST /wp-login.php HTTP/1.1" 200 5685 "https://elettroservicegroup.it/wp-login.php" "Mozilla/5.0 (Macintosh; Intel Mac OS X 10_15_7) AppleWebKit/605.1.15 (KHTML, like Gecko) Version/16.6 Safari/605.1.15"
37.26.82.62 - - [23/Jun/2026:16:24:42 +0200] "POST /wp-login.php HTTP/1.1" 200 5685 "https://elettroservicegroup.it/wp-login.php" "Mozilla/5.0 (Macintosh; Intel Mac OS X 13_6_1; rv:119.0) Gecko/20100101 Firefox/119.0"
197.58.176.141 - - [23/Jun/2026:16:24:43 +0200] "POST /wp-login.php HTTP/1.1" 200 5685 "https://elettroservicegroup.it/wp-login.php" "Mozilla/5.0 (Macintosh; Intel Mac OS X 10_15_7) AppleWebKit/537.36 (KHTML, like Gecko) Chrome/121.0.0.0 Safari/537.36"
37.26.82.62 - - [23/Jun/2026:16:24:43 +0200] "POST /wp-login.php HTTP/1.1" 503 18983 "https://elettroservicegroup.it/wp-login.php" "Mozilla/5.0 (Macintosh; Intel Mac OS X 10_15_7; rv:120.0) Gecko/20100101 Firefox/120.0"
197.58.176.141 - - [23/Jun/2026:16:24:45 +0200] "POST /wp-login.php HTTP/1.1" 200 5685 "https://elettroservicegroup.it/wp-login.php" "Mozilla/5.0 (Macintosh; Intel Mac OS X 13_6_1; rv:119.0) Gecko/20100101 Firefox/119.0"
197.58.176.141 - - [23/Jun/2026:16:24:47 +0200] "POST /wp-login.php HTTP/1.1" 200 5685 "https://elettroservicegroup.it/wp-login.php" "Mozilla/5.0 (Macintosh; Intel Mac OS X 13_6_1) AppleWebKit/537.36 (KHTML, like Gecko) Chrome/118.0.0.0 Safari/537.36"
88.230.59.215 - - [23/Jun/2026:16:24:47 +0200] "POST /wp-login.php HTTP/1.1" 200 5685 "https://elettroservicegroup.it/wp-login.php" "Mozilla/5.0 (Macintosh; Intel Mac OS X 13_6_1) AppleWebKit/605.1.15 (KHTML, like Gecko) Version/17.1 Safari/605.1.15"
88.230.59.215 - - [23/Jun/2026:16:24:49 +0200] "POST /wp-login.php HTTP/1.1" 200 5685 "https://elettroservicegroup.it/wp-login.php" "Mozilla/5.0 (X11; Ubuntu; Linux x86_64) AppleWebKit/537.36 (KHTML, like Gecko) Chrome/120.0.0.0 Safari/537.36"
197.58.176.141 - - [23/Jun/2026:16:24:49 +0200] "POST /wp-login.php HTTP/1.1" 503 18983 "https://elettroservicegroup.it/wp-login.php" "Mozilla/5.0 (Macintosh; Intel Mac OS X 13_6_1) AppleWebKit/605.1.15 (KHTML, like Gecko) Version/17.1 Safari/605.1.15"
88.230.59.215 - - [23/Jun/2026:16:24:50 +0200] "POST /wp-login.php HTTP/1.1" 200 5685 "https://elettroservicegroup.it/wp-login.php" "Mozilla/5.0 (Macintosh; Intel Mac OS X 10_15_7) AppleWebKit/537.36 (KHTML, like Gecko) Chrome/118.0.0.0 Safari/537.36"
88.230.59.215 - - [23/Jun/2026:16:24:52 +0200] "POST /wp-login.php HTTP/1.1" 200 5685 "https://elettroservicegroup.it/wp-login.php" "Mozilla/5.0 (Macintosh; Intel Mac OS X 10_15_7) AppleWebKit/605.1.15 (KHTML, like Gecko) Version/17.2 Safari/605.1.15"
77.2.117.160 - - [23/Jun/2026:16:24:52 +0200] "POST /wp-login.php HTTP/1.1" 200 5685 "https://elettroservicegroup.it/wp-login.php" "Mozilla/5.0 (X11; Linux x86_64) AppleWebKit/537.36 (KHTML, like Gecko) Chrome/119.0.0.0 Safari/537.36"
77.2.117.160 - - [23/Jun/2026:16:24:54 +0200] "POST /wp-login.php HTTP/1.1" 200 5685 "https://elettroservicegroup.it/wp-login.php" "Mozilla/5.0 (Windows NT 10.0; Win64; x64) AppleWebKit/537.36 (KHTML, like Gecko) Chrome/118.0.0.0 Safari/537.36"
88.230.59.215 - - [23/Jun/2026:16:24:54 +0200] "POST /wp-login.php HTTP/1.1" 503 18983 "https://elettroservicegroup.it/wp-login.php" "Mozilla/5.0 (Macintosh; Intel Mac OS X 10_15_7) AppleWebKit/537.36 (KHTML, like Gecko) Chrome/120.0.0.0 Safari/537.36"
77.2.117.160 - - [23/Jun/2026:16:24:56 +0200] "POST /wp-login.php HTTP/1.1" 200 5685 "https://elettroservicegroup.it/wp-login.php" "Mozilla/5.0 (Windows NT 11.0; Win64; x64; rv:120.0) Gecko/20100101 Firefox/120.0"
77.2.117.160 - - [23/Jun/2026:16:24:57 +0200] "POST /wp-login.php HTTP/1.1" 200 5685 "https://elettroservicegroup.it/wp-login.php" "Mozilla/5.0 (X11; Ubuntu; Linux x86_64) AppleWebKit/537.36 (KHTML, like Gecko) Chrome/121.0.0.0 Safari/537.36"
190.211.145.68 - - [23/Jun/2026:16:24:57 +0200] "POST /wp-login.php HTTP/1.1" 200 5685 "https://elettroservicegroup.it/wp-login.php" "Mozilla/5.0 (Windows NT 11.0; Win64; x64; rv:119.0) Gecko/20100101 Firefox/119.0"
190.211.145.68 - - [23/Jun/2026:16:25:00 +0200] "POST /wp-login.php HTTP/1.1" 200 5685 "https://elettroservicegroup.it/wp-login.php" "Mozilla/5.0 (Windows NT 10.0; Win64; x64) AppleWebKit/537.36 (KHTML, like Gecko) Chrome/119.0.0.0 Safari/537.36"
77.2.117.160 - - [23/Jun/2026:16:24:59 +0200] "POST /wp-login.php HTTP/1.1" 503 18983 "https://elettroservicegroup.it/wp-login.php" "Mozilla/5.0 (X11; Linux x86_64) AppleWebKit/537.36 (KHTML, like Gecko) Chrome/120.0.0.0 Safari/537.36"
190.211.145.68 - - [23/Jun/2026:16:25:02 +0200] "POST /wp-login.php HTTP/1.1" 200 5685 "https://elettroservicegroup.it/wp-login.php" "Mozilla/5.0 (X11; Ubuntu; Linux x86_64) AppleWebKit/537.36 (KHTML, like Gecko) Chrome/118.0.0.0 Safari/537.36"
65.108.235.243 - - [23/Jun/2026:16:25:06 +0200] "POST /wp-cron.php?doing_wp_cron=1782224706.0053939819335937500000 HTTP/1.1" 200 1 "-" "WordPress/7.0; https://elettroservicegroup.it"
14.191.114.228 - - [23/Jun/2026:16:25:03 +0200] "POST /wp-login.php HTTP/1.1" 200 5685 "https://elettroservicegroup.it/wp-login.php" "Mozilla/5.0 (X11; Ubuntu; Linux x86_64) AppleWebKit/537.36 (KHTML, like Gecko) Chrome/120.0.0.0 Safari/537.36"
14.191.114.228 - - [23/Jun/2026:16:25:07 +0200] "POST /wp-login.php HTTP/1.1" 200 5685 "https://elettroservicegroup.it/wp-login.php" "Mozilla/5.0 (Windows NT 11.0; Win64; x64; rv:119.0) Gecko/20100101 Firefox/119.0"
65.108.235.243 - - [23/Jun/2026:16:25:08 +0200] "POST /wp-cron.php?doing_wp_cron=1782224708.6889619827270507812500 HTTP/1.1" 200 1 "-" "WordPress/7.0; https://elettroservicegroup.it"
190.211.145.68 - - [23/Jun/2026:16:25:04 +0200] "POST /wp-login.php HTTP/1.1" 503 18983 "https://elettroservicegroup.it/wp-login.php" "Mozilla/5.0 (Macintosh; Intel Mac OS X 10_15_7) AppleWebKit/537.36 (KHTML, like Gecko) Chrome/118.0.0.0 Safari/537.36"
14.191.114.228 - - [23/Jun/2026:16:25:09 +0200] "POST /wp-login.php HTTP/1.1" 200 5685 "https://elettroservicegroup.it/wp-login.php" "Mozilla/5.0 (Macintosh; Intel Mac OS X 13_6_1; rv:121.0) Gecko/20100101 Firefox/121.0"
81.101.137.46 - - [23/Jun/2026:16:25:10 +0200] "POST /wp-login.php HTTP/1.1" 200 5685 "https://elettroservicegroup.it/wp-login.php" "Mozilla/5.0 (Macintosh; Intel Mac OS X 10_15_7) AppleWebKit/537.36 (KHTML, like Gecko) Chrome/118.0.0.0 Safari/537.36"
14.191.114.228 - - [23/Jun/2026:16:25:11 +0200] "POST /wp-login.php HTTP/1.1" 200 5685 "https://elettroservicegroup.it/wp-login.php" "Mozilla/5.0 (Macintosh; Intel Mac OS X 13_6_1; rv:120.0) Gecko/20100101 Firefox/120.0"
81.101.137.46 - - [23/Jun/2026:16:25:12 +0200] "POST /wp-login.php HTTP/1.1" 200 5685 "https://elettroservicegroup.it/wp-login.php" "Mozilla/5.0 (Macintosh; Intel Mac OS X 13_6_1) AppleWebKit/605.1.15 (KHTML, like Gecko) Version/17.1 Safari/605.1.15"
188.86.155.211 - - [23/Jun/2026:16:25:16 +0200] "POST /wp-login.php HTTP/1.1" 200 11724 "https://elettroservicegroup.it/wp-login.php" "Mozilla/5.0 (Windows NT 10.0; Win64; x64) AppleWebKit/537.36 (KHTML, like Gecko) Chrome/118.0.0.0 Safari/537.36"
185.139.61.193 - - [23/Jun/2026:16:25:16 +0200] "POST /wp-login.php HTTP/1.1" 200 11799 "https://elettroservicegroup.it/wp-login.php" "Mozilla/5.0 (Macintosh; Intel Mac OS X 10_15_7) AppleWebKit/605.1.15 (KHTML, like Gecko) Version/16.6 Safari/605.1.15"
73.145.241.244 - - [23/Jun/2026:16:25:16 +0200] "POST /wp-login.php HTTP/1.1" 200 5685 "https://elettroservicegroup.it/wp-login.php" "Mozilla/5.0 (Macintosh; Intel Mac OS X 10_15_7) AppleWebKit/605.1.15 (KHTML, like Gecko) Version/17.0 Safari/605.1.15"
14.239.22.138 - - [23/Jun/2026:16:25:18 +0200] "POST /wp-login.php HTTP/1.1" 200 5685 "https://elettroservicegroup.it/wp-login.php" "Mozilla/5.0 (Macintosh; Intel Mac OS X 10_15_7) AppleWebKit/537.36 (KHTML, like Gecko) Chrome/120.0.0.0 Safari/537.36"
73.145.241.244 - - [23/Jun/2026:16:25:24 +0200] "POST /wp-login.php HTTP/1.1" 200 5685 "https://elettroservicegroup.it/wp-login.php" "Mozilla/5.0 (Windows NT 10.0; Win64; x64) AppleWebKit/537.36 (KHTML, like Gecko) Chrome/120.0.0.0 Safari/537.36"
14.239.22.138 - - [23/Jun/2026:16:25:25 +0200] "POST /wp-login.php HTTP/1.1" 200 5685 "https://elettroservicegroup.it/wp-login.php" "Mozilla/5.0 (Windows NT 11.0; Win64; x64; rv:118.0) Gecko/20100101 Firefox/118.0"
73.145.241.244 - - [23/Jun/2026:16:25:26 +0200] "POST /wp-login.php HTTP/1.1" 200 5685 "https://elettroservicegroup.it/wp-login.php" "Mozilla/5.0 (Macintosh; Intel Mac OS X 10_15_7) AppleWebKit/605.1.15 (KHTML, like Gecko) Version/17.1 Safari/605.1.15"
14.239.22.138 - - [23/Jun/2026:16:25:27 +0200] "POST /wp-login.php HTTP/1.1" 200 5685 "https://elettroservicegroup.it/wp-login.php" "Mozilla/5.0 (X11; Linux x86_64) AppleWebKit/537.36 (KHTML, like Gecko) Chrome/119.0.0.0 Safari/537.36"
73.145.241.244 - - [23/Jun/2026:16:25:29 +0200] "POST /wp-login.php HTTP/1.1" 503 18983 "https://elettroservicegroup.it/wp-login.php" "Mozilla/5.0 (Windows NT 10.0; Win64; x64) AppleWebKit/537.36 (KHTML, like Gecko) Chrome/121.0.0.0 Safari/537.36"
14.239.22.138 - - [23/Jun/2026:16:25:29 +0200] "POST /wp-login.php HTTP/1.1" 200 5685 "https://elettroservicegroup.it/wp-login.php" "Mozilla/5.0 (X11; Linux x86_64) AppleWebKit/537.36 (KHTML, like Gecko) Chrome/118.0.0.0 Safari/537.36"
14.239.22.138 - - [23/Jun/2026:16:25:32 +0200] "POST /wp-login.php HTTP/1.1" 503 18983 "https://elettroservicegroup.it/wp-login.php" "Mozilla/5.0 (Macintosh; Intel Mac OS X 13_6_1; rv:118.0) Gecko/20100101 Firefox/118.0"
58.65.217.190 - - [23/Jun/2026:16:25:33 +0200] "POST /wp-login.php HTTP/1.1" 200 5685 "https://elettroservicegroup.it/wp-login.php" "Mozilla/5.0 (Windows NT 11.0; Win64; x64; rv:121.0) Gecko/20100101 Firefox/121.0"
217.164.132.201 - - [23/Jun/2026:16:25:35 +0200] "POST /wp-login.php HTTP/1.1" 200 11764 "https://elettroservicegroup.it/wp-login.php" "Mozilla/5.0 (Macintosh; Intel Mac OS X 13_6_1; rv:118.0) Gecko/20100101 Firefox/118.0"
58.65.217.190 - - [23/Jun/2026:16:25:35 +0200] "POST /wp-login.php HTTP/1.1" 200 5685 "https://elettroservicegroup.it/wp-login.php" "Mozilla/5.0 (X11; Ubuntu; Linux x86_64) AppleWebKit/537.36 (KHTML, like Gecko) Chrome/118.0.0.0 Safari/537.36"
65.108.235.243 - - [23/Jun/2026:16:25:38 +0200] "POST /wp-cron.php?doing_wp_cron=1782224738.8048629760742187500000 HTTP/1.1" 200 1 "-" "WordPress/7.0; https://elettroservicegroup.it"
58.65.217.190 - - [23/Jun/2026:16:25:37 +0200] "POST /wp-login.php HTTP/1.1" 200 5685 "https://elettroservicegroup.it/wp-login.php" "Mozilla/5.0 (Macintosh; Intel Mac OS X 10_15_7) AppleWebKit/605.1.15 (KHTML, like Gecko) Version/17.0 Safari/605.1.15"
129.222.59.187 - - [23/Jun/2026:16:25:37 +0200] "POST /wp-login.php HTTP/1.1" 200 5685 "https://elettroservicegroup.it/wp-login.php" "Mozilla/5.0 (X11; Linux x86_64) AppleWebKit/537.36 (KHTML, like Gecko) Chrome/121.0.0.0 Safari/537.36"
129.222.59.187 - - [23/Jun/2026:16:25:39 +0200] "POST /wp-login.php HTTP/1.1" 200 5685 "https://elettroservicegroup.it/wp-login.php" "Mozilla/5.0 (Macintosh; Intel Mac OS X 10_15_7) AppleWebKit/537.36 (KHTML, like Gecko) Chrome/119.0.0.0 Safari/537.36"
58.65.217.190 - - [23/Jun/2026:16:25:40 +0200] "POST /wp-login.php HTTP/1.1" 503 18983 "https://elettroservicegroup.it/wp-login.php" "Mozilla/5.0 (Macintosh; Intel Mac OS X 13_6_1) AppleWebKit/537.36 (KHTML, like Gecko) Chrome/119.0.0.0 Safari/537.36"
129.222.59.187 - - [23/Jun/2026:16:25:41 +0200] "POST /wp-login.php HTTP/1.1" 200 5685 "https://elettroservicegroup.it/wp-login.php" "Mozilla/5.0 (Windows NT 10.0; Win64; x64; rv:120.0) Gecko/20100101 Firefox/120.0"
85.163.226.25 - - [23/Jun/2026:16:25:43 +0200] "POST /wp-login.php HTTP/1.1" 200 11769 "https://elettroservicegroup.it/wp-login.php" "Mozilla/5.0 (Macintosh; Intel Mac OS X 13_6_1) AppleWebKit/605.1.15 (KHTML, like Gecko) Version/16.6 Safari/605.1.15"
129.222.59.187 - - [23/Jun/2026:16:25:43 +0200] "POST /wp-login.php HTTP/1.1" 200 5685 "https://elettroservicegroup.it/wp-login.php" "Mozilla/5.0 (Macintosh; Intel Mac OS X 10_15_7) AppleWebKit/537.36 (KHTML, like Gecko) Chrome/119.0.0.0 Safari/537.36"
168.121.27.72 - - [23/Jun/2026:16:25:45 +0200] "POST /wp-login.php HTTP/1.1" 200 5685 "https://elettroservicegroup.it/wp-login.php" "Mozilla/5.0 (Macintosh; Intel Mac OS X 13_6_1; rv:118.0) Gecko/20100101 Firefox/118.0"
129.222.59.187 - - [23/Jun/2026:16:25:45 +0200] "POST /wp-login.php HTTP/1.1" 503 18983 "https://elettroservicegroup.it/wp-login.php" "Mozilla/5.0 (Windows NT 10.0; Win64; x64) AppleWebKit/537.36 (KHTML, like Gecko) Chrome/119.0.0.0 Safari/537.36"
168.121.27.72 - - [23/Jun/2026:16:25:47 +0200] "POST /wp-login.php HTTP/1.1" 200 5685 "https://elettroservicegroup.it/wp-login.php" "Mozilla/5.0 (Windows NT 11.0; Win64; x64) AppleWebKit/537.36 (KHTML, like Gecko) Chrome/119.0.0.0 Safari/537.36"
168.121.27.72 - - [23/Jun/2026:16:25:49 +0200] "POST /wp-login.php HTTP/1.1" 200 5685 "https://elettroservicegroup.it/wp-login.php" "Mozilla/5.0 (Macintosh; Intel Mac OS X 10_15_7) AppleWebKit/605.1.15 (KHTML, like Gecko) Version/16.6 Safari/605.1.15"
189.15.227.254 - - [23/Jun/2026:16:25:49 +0200] "POST /wp-login.php HTTP/1.1" 200 5685 "https://elettroservicegroup.it/wp-login.php" "Mozilla/5.0 (Macintosh; Intel Mac OS X 10_15_7) AppleWebKit/537.36 (KHTML, like Gecko) Chrome/121.0.0.0 Safari/537.36"
168.121.27.72 - - [23/Jun/2026:16:25:52 +0200] "POST /wp-login.php HTTP/1.1" 200 5685 "https://elettroservicegroup.it/wp-login.php" "Mozilla/5.0 (X11; Ubuntu; Linux x86_64) AppleWebKit/537.36 (KHTML, like Gecko) Chrome/118.0.0.0 Safari/537.36"
189.15.227.254 - - [23/Jun/2026:16:25:53 +0200] "POST /wp-login.php HTTP/1.1" 200 5685 "https://elettroservicegroup.it/wp-login.php" "Mozilla/5.0 (X11; Ubuntu; Linux x86_64) AppleWebKit/537.36 (KHTML, like Gecko) Chrome/119.0.0.0 Safari/537.36"
168.121.27.72 - - [23/Jun/2026:16:25:54 +0200] "POST /wp-login.php HTTP/1.1" 503 18983 "https://elettroservicegroup.it/wp-login.php" "Mozilla/5.0 (Windows NT 11.0; Win64; x64; rv:118.0) Gecko/20100101 Firefox/118.0"
189.15.227.254 - - [23/Jun/2026:16:25:55 +0200] "POST /wp-login.php HTTP/1.1" 200 5685 "https://elettroservicegroup.it/wp-login.php" "Mozilla/5.0 (Macintosh; Intel Mac OS X 10_15_7; rv:121.0) Gecko/20100101 Firefox/121.0"
65.108.235.243 - - [23/Jun/2026:16:26:00 +0200] "POST /wp-cron.php?doing_wp_cron=1782224760.0989499092102050781250 HTTP/1.1" 200 1 "-" "WordPress/7.0; https://elettroservicegroup.it"
189.15.227.254 - - [23/Jun/2026:16:25:58 +0200] "POST /wp-login.php HTTP/1.1" 200 5685 "https://elettroservicegroup.it/wp-login.php" "Mozilla/5.0 (Macintosh; Intel Mac OS X 10_15_7; rv:119.0) Gecko/20100101 Firefox/119.0"
78.145.59.228 - - [23/Jun/2026:16:25:58 +0200] "POST /wp-login.php HTTP/1.1" 200 5685 "https://elettroservicegroup.it/wp-login.php" "Mozilla/5.0 (Macintosh; Intel Mac OS X 13_6_1) AppleWebKit/605.1.15 (KHTML, like Gecko) Version/17.1 Safari/605.1.15"
78.145.59.228 - - [23/Jun/2026:16:26:01 +0200] "POST /wp-login.php HTTP/1.1" 200 5685 "https://elettroservicegroup.it/wp-login.php" "Mozilla/5.0 (Macintosh; Intel Mac OS X 10_15_7; rv:121.0) Gecko/20100101 Firefox/121.0"
189.15.227.254 - - [23/Jun/2026:16:26:01 +0200] "POST /wp-login.php HTTP/1.1" 503 18983 "https://elettroservicegroup.it/wp-login.php" "Mozilla/5.0 (Macintosh; Intel Mac OS X 10_15_7; rv:119.0) Gecko/20100101 Firefox/119.0"
78.145.59.228 - - [23/Jun/2026:16:26:03 +0200] "POST /wp-login.php HTTP/1.1" 200 5685 "https://elettroservicegroup.it/wp-login.php" "Mozilla/5.0 (Windows NT 11.0; Win64; x64; rv:119.0) Gecko/20100101 Firefox/119.0"
79.168.27.233 - - [23/Jun/2026:16:26:05 +0200] "POST /wp-login.php HTTP/1.1" 200 5685 "https://elettroservicegroup.it/wp-login.php" "Mozilla/5.0 (X11; Ubuntu; Linux x86_64) AppleWebKit/537.36 (KHTML, like Gecko) Chrome/119.0.0.0 Safari/537.36"
78.145.59.228 - - [23/Jun/2026:16:26:04 +0200] "POST /wp-login.php HTTP/1.1" 503 18983 "https://elettroservicegroup.it/wp-login.php" "Mozilla/5.0 (Macintosh; Intel Mac OS X 10_15_7) AppleWebKit/537.36 (KHTML, like Gecko) Chrome/121.0.0.0 Safari/537.36"
181.208.176.34 - - [23/Jun/2026:16:26:09 +0200] "POST /wp-login.php HTTP/1.1" 200 11737 "https://elettroservicegroup.it/wp-login.php" "Mozilla/5.0 (Macintosh; Intel Mac OS X 13_6_1; rv:119.0) Gecko/20100101 Firefox/119.0"
185.77.179.130 - - [23/Jun/2026:16:26:09 +0200] "POST /wp-login.php HTTP/1.1" 200 11712 "https://elettroservicegroup.it/wp-login.php" "Mozilla/5.0 (X11; Linux x86_64) AppleWebKit/537.36 (KHTML, like Gecko) Chrome/121.0.0.0 Safari/537.36"
65.108.235.243 - - [23/Jun/2026:16:26:12 +0200] "POST /wp-cron.php?doing_wp_cron=1782224772.5041069984436035156250 HTTP/1.1" 200 1 "-" "WordPress/7.0; https://elettroservicegroup.it"
90.60.189.243 - - [23/Jun/2026:16:26:10 +0200] "POST /wp-login.php HTTP/1.1" 200 5685 "https://elettroservicegroup.it/wp-login.php" "Mozilla/5.0 (Macintosh; Intel Mac OS X 10_15_7; rv:120.0) Gecko/20100101 Firefox/120.0"
90.60.189.243 - - [23/Jun/2026:16:26:13 +0200] "POST /wp-login.php HTTP/1.1" 200 5685 "https://elettroservicegroup.it/wp-login.php" "Mozilla/5.0 (X11; Linux x86_64) AppleWebKit/537.36 (KHTML, like Gecko) Chrome/121.0.0.0 Safari/537.36"
65.108.235.243 - - [23/Jun/2026:16:27:09 +0200] "POST /wp-cron.php?doing_wp_cron=1782224829.6982541084289550781250 HTTP/1.1" 200 1 "-" "WordPress/7.0; https://elettroservicegroup.it"
17.22.253.134 - - [23/Jun/2026:16:27:01 +0200] "GET /robots.txt HTTP/2.0" 200 126 "-" "Mozilla/5.0 (Macintosh; Intel Mac OS X 10_15_7) AppleWebKit/605.1.15 (KHTML, like Gecko) Version/17.4 Safari/605.1.15 (Applebot/0.1; +http://www.apple.com/go/applebot)"
17.22.253.134 - - [23/Jun/2026:16:27:10 +0200] "GET /sitemap.rss HTTP/2.0" 200 819 "-" "Mozilla/5.0 (Macintosh; Intel Mac OS X 10_15_7) AppleWebKit/605.1.15 (KHTML, like Gecko) Version/17.4 Safari/605.1.15 (Applebot/0.1; +http://www.apple.com/go/applebot)"
65.108.235.243 - - [23/Jun/2026:16:32:13 +0200] "POST /wp-cron.php?doing_wp_cron=1782225133.1967160701751708984375 HTTP/1.1" 200 1 "-" "WordPress/7.0; https://elettroservicegroup.it"
17.246.15.17 - - [23/Jun/2026:16:32:05 +0200] "GET /robots.txt HTTP/2.0" 200 126 "-" "Mozilla/5.0 (Macintosh; Intel Mac OS X 10_15_7) AppleWebKit/605.1.15 (KHTML, like Gecko) Version/17.4 Safari/605.1.15 (Applebot/0.1; +http://www.apple.com/go/applebot)"
17.246.15.17 - - [23/Jun/2026:16:32:13 +0200] "GET /sitemap.xml HTTP/2.0" 200 363 "-" "Mozilla/5.0 (Macintosh; Intel Mac OS X 10_15_7) AppleWebKit/605.1.15 (KHTML, like Gecko) Version/17.4 Safari/605.1.15 (Applebot/0.1; +http://www.apple.com/go/applebot)"
92.222.108.104 - - [23/Jun/2026:16:41:29 +0200] "GET /robots.txt HTTP/2.0" 403 - "-" "Mozilla/5.0 (compatible; AhrefsBot/7.0; +http://ahrefs.com/robot/)"
94.23.188.217 - - [23/Jun/2026:16:41:31 +0200] "GET / HTTP/2.0" 403 - "-" "Mozilla/5.0 (compatible; AhrefsBot/7.0; +http://ahrefs.com/robot/)"
34.68.88.27 - - [23/Jun/2026:17:32:16 +0200] "HEAD /robots.txt HTTP/2.0" 200 11727 "-" "Mozilla/5.0 (X11; Linux x86_64) AppleWebKit/537.36 (KHTML, like Gecko) Chrome/136.0.0.0 Safari/537.36"
34.68.88.27 - - [23/Jun/2026:17:32:16 +0200] "GET /robots.txt HTTP/2.0" 200 11727 "-" "Mozilla/5.0 (X11; Linux x86_64) AppleWebKit/537.36 (KHTML, like Gecko) Chrome/136.0.0.0 Safari/537.36"
34.68.88.27 - - [23/Jun/2026:17:32:16 +0200] "HEAD / HTTP/2.0" 200 11739 "-" "Mozilla/5.0 AppleWebKit/537.36 (KHTML, like Gecko); compatible; ShapBot/0.1.0"
34.68.88.27 - - [23/Jun/2026:17:32:17 +0200] "GET / HTTP/2.0" 200 11764 "-" "Mozilla/5.0 AppleWebKit/537.36 (KHTML, like Gecko); compatible; ShapBot/0.1.0"
5.250.185.57 - - [23/Jun/2026:17:41:34 +0200] "GET /plugins/editors/jce/jce.xml HTTP/1.1" 200 11750 "-" "SecurityAudit/1.0"
5.250.185.57 - - [23/Jun/2026:17:41:35 +0200] "GET /administrator/components/com_jce/jce.xml HTTP/1.1" 200 11823 "-" "SecurityAudit/1.0"
65.108.235.243 - - [23/Jun/2026:17:46:55 +0200] "POST /wp-cron.php?doing_wp_cron=1782229615.2089879512786865234375 HTTP/1.1" 200 1 "-" "WordPress/7.0; https://elettroservicegroup.it"
43.164.198.19 - - [23/Jun/2026:17:46:45 +0200] "GET /wp-json/wp/v2/users?per_page=100 HTTP/1.1" 401 108 "-" "Mozilla/5.0 (iPhone; CPU iPhone OS 18_1 like Mac OS X) AppleWebKit/605.1.15 (KHTML, like Gecko) Version/18.1 Mobile/15E148 Safari/604.1"
65.108.235.243 - - [23/Jun/2026:17:46:57 +0200] "POST /wp-json/complianz/v1/wsc-scan HTTP/1.1" 400 88 "-" "WordPress/7.0; https://elettroservicegroup.it"
65.108.235.243 - - [23/Jun/2026:17:47:17 +0200] "GET /?wp_scrape_key=696e0b07de7a2f3bfe8b04829b3f5111&wp_scrape_nonce=1782229635 HTTP/1.1" 500 201 "-" "WordPress/7.0; https://elettroservicegroup.it"
65.108.235.243 - - [23/Jun/2026:17:51:47 +0200] "POST /wp-cron.php?doing_wp_cron=1782229907.6449449062347412109375 HTTP/1.1" 200 1 "-" "WordPress/7.0; https://elettroservicegroup.it"
114.119.132.207 - - [23/Jun/2026:17:51:45 +0200] "GET /robots.txt HTTP/1.1" 200 99 "https://elettroservicegroup.it/robots.txt" "Mozilla/5.0 (Windows NT 10.0; Win64; x64) AppleWebKit/537.36 (KHTML, like Gecko) Chrome/148.0.0.0 Safari/537.36"
65.108.235.243 - - [23/Jun/2026:17:51:48 +0200] "GET /chi-siamo/ HTTP/1.1" 200 21774 "-" "WP Fastest Cache Preload Bot"
65.108.235.243 - - [23/Jun/2026:17:51:49 +0200] "GET /imprint/ HTTP/1.1" 200 17732 "-" "WP Fastest Cache Preload Bot"
65.108.235.243 - - [23/Jun/2026:17:51:49 +0200] "GET /dichiarazione-sulla-privacy-ue/ HTTP/1.1" 200 20747 "-" "WP Fastest Cache Preload Bot"
65.108.235.243 - - [23/Jun/2026:17:51:49 +0200] "GET /cookie-policy-ue/ HTTP/1.1" 200 20477 "-" "WP Fastest Cache Preload Bot"
65.108.235.243 - - [23/Jun/2026:17:51:50 +0200] "GET / HTTP/1.1" 200 21326 "-" "WP Fastest Cache Preload Bot"
65.108.235.243 - - [23/Jun/2026:17:58:38 +0200] "POST /wp-cron.php?doing_wp_cron=1782230318.1040399074554443359375 HTTP/1.1" 200 1 "-" "WordPress/7.0; https://elettroservicegroup.it"
216.73.217.62 - - [23/Jun/2026:17:58:36 +0200] "GET /robots.txt HTTP/2.0" 200 99 "-" "Mozilla/5.0 AppleWebKit/537.36 (KHTML, like Gecko; compatible; ClaudeBot/1.0; +claudebot@anthropic.com)"
65.108.235.243 - - [23/Jun/2026:17:58:38 +0200] "GET /chi-siamo/ HTTP/1.1" 200 21774 "-" "WP Fastest Cache Preload Bot"
65.108.235.243 - - [23/Jun/2026:17:58:38 +0200] "GET /imprint/ HTTP/1.1" 200 17732 "-" "WP Fastest Cache Preload Bot"
65.108.235.243 - - [23/Jun/2026:17:58:39 +0200] "GET /dichiarazione-sulla-privacy-ue/ HTTP/1.1" 200 20746 "-" "WP Fastest Cache Preload Bot"
65.108.235.243 - - [23/Jun/2026:17:58:39 +0200] "GET /cookie-policy-ue/ HTTP/1.1" 200 20465 "-" "WP Fastest Cache Preload Bot"
216.73.217.62 - - [23/Jun/2026:17:58:39 +0200] "GET /sitemap.rss HTTP/2.0" 200 729 "-" "Mozilla/5.0 AppleWebKit/537.36 (KHTML, like Gecko; compatible; ClaudeBot/1.0; +claudebot@anthropic.com)"
216.73.217.62 - - [23/Jun/2026:17:58:39 +0200] "GET /sitemap.xml HTTP/2.0" 200 309 "-" "Mozilla/5.0 AppleWebKit/537.36 (KHTML, like Gecko; compatible; ClaudeBot/1.0; +claudebot@anthropic.com)"
65.108.235.243 - - [23/Jun/2026:18:38:29 +0200] "GET /termini-e-condizioni/ HTTP/1.1" 200 18683 "-" "WP Fastest Cache Preload Bot"
65.108.235.243 - - [23/Jun/2026:18:38:31 +0200] "GET /cookie-policy/ HTTP/1.1" 200 22716 "-" "WP Fastest Cache Preload Bot"
65.108.235.243 - - [23/Jun/2026:18:38:32 +0200] "GET /informativa-privacy/ HTTP/1.1" 200 20842 "-" "WP Fastest Cache Preload Bot"
65.108.235.243 - - [23/Jun/2026:18:38:33 +0200] "GET / HTTP/1.1" 200 21326 "-" "WP Fastest Cache Preload Bot"
65.108.235.243 - - [23/Jun/2026:18:56:39 +0200] "POST /wp-json/complianz/v1/wsc-scan HTTP/1.1" 400 88 "-" "WordPress/7.0; https://elettroservicegroup.it"
