65.108.235.243 - - [16/Jun/2026:14:06:08 +0200] "POST /wp-cron.php?doing_wp_cron=1781611568.2128241062164306640625 HTTP/1.1" 200 1 "-" "WordPress/7.0; https://brescia.elettroservicegroup.it"
52.167.144.57 - - [16/Jun/2026:14:06:05 +0200] "GET /robots.txt HTTP/2.0" 200 106 "-" "Mozilla/5.0 AppleWebKit/537.36 (KHTML, like Gecko; compatible; bingbot/2.0; +http://www.bing.com/bingbot.htm) Chrome/116.0.1938.76 Safari/537.36"
65.108.235.243 - - [16/Jun/2026:14:06:09 +0200] "POST /wp-json/complianz/v1/wsc-scan HTTP/1.1" 400 88 "-" "WordPress/7.0; https://brescia.elettroservicegroup.it"
40.77.167.45 - - [16/Jun/2026:14:06:16 +0200] "GET /assistenza-asciugatrici/ HTTP/2.0" 404 17890 "-" "Mozilla/5.0 AppleWebKit/537.36 (KHTML, like Gecko; compatible; bingbot/2.0; +http://www.bing.com/bingbot.htm) Chrome/116.0.1938.76 Safari/537.36"
65.108.235.243 - - [16/Jun/2026:14:41:51 +0200] "POST /wp-cron.php?doing_wp_cron=1781613710.9270019531250000000000 HTTP/1.1" 200 1 "-" "WordPress/7.0; https://brescia.elettroservicegroup.it"
138.97.139.113 - - [16/Jun/2026:14:41:47 +0200] "GET / HTTP/1.1" 200 19998 "-" "Mozilla/5.0 (iPad; CPU iPad OS 13_7 like Mac OS X) AppleWebKit/536.1 (KHTML, like Gecko) FxiOS/11.4a4243.0 Mobile/26A560 Safari/536.1"
103.137.93.115 - - [16/Jun/2026:14:41:56 +0200] "GET / HTTP/1.1" 200 19998 "-" "Mozilla/5.0 (Macintosh; Intel Mac OS X 10_8_7 rv:5.0; nr-ZA) AppleWebKit/531.3.7 (KHTML, like Gecko) Version/5.0 Safari/531.3.7"
65.108.235.243 - - [16/Jun/2026:15:50:22 +0200] "POST /wp-cron.php?doing_wp_cron=1781617822.5024669170379638671875 HTTP/1.1" 200 1 "-" "WordPress/7.0; https://brescia.elettroservicegroup.it"
183.253.72.63 - - [16/Jun/2026:15:50:14 +0200] "GET /wp-content/plugins/wp-file-manager/lib/php/connector.minimal.php HTTP/1.1" 404 17998 "-" "python-requests/2.32.5"
65.108.235.243 - - [16/Jun/2026:15:50:24 +0200] "POST /wp-json/complianz/v1/wsc-scan HTTP/1.1" 400 88 "-" "WordPress/7.0; https://brescia.elettroservicegroup.it"
183.253.72.63 - - [16/Jun/2026:15:50:23 +0200] "GET /filemanager/connectors/php/connector.php HTTP/1.1" 404 17993 "-" "python-requests/2.32.5"
65.108.235.243 - - [16/Jun/2026:15:50:29 +0200] "POST /wp-cron.php?doing_wp_cron=1781617829.4103929996490478515625 HTTP/1.1" 200 1 "-" "WordPress/7.0; https://brescia.elettroservicegroup.it"
183.253.72.63 - - [16/Jun/2026:15:50:27 +0200] "GET /filemanager/connectors/php/connector.minimal.php HTTP/1.1" 404 17987 "-" "python-requests/2.32.5"
183.253.72.63 - - [16/Jun/2026:15:50:31 +0200] "GET /filemanager/connectors/php/elFinderConnector.class.php HTTP/1.1" 404 17999 "-" "python-requests/2.32.5"
183.253.72.63 - - [16/Jun/2026:15:50:35 +0200] "GET /elfinder/php/connector.minimal.php HTTP/1.1" 404 17992 "-" "python-requests/2.32.5"
183.253.72.63 - - [16/Jun/2026:15:50:38 +0200] "GET /elfinder/php/connector.minimal.php HTTP/1.1" 404 17992 "-" "python-requests/2.32.5"
183.253.72.63 - - [16/Jun/2026:15:50:41 +0200] "GET /elfinder/connector.minimal.php HTTP/1.1" 404 17927 "-" "python-requests/2.32.5"
183.253.72.63 - - [16/Jun/2026:15:50:43 +0200] "GET /elFinder/php/connector.minimal.php HTTP/1.1" 404 17993 "-" "python-requests/2.32.5"
183.253.72.63 - - [16/Jun/2026:15:50:46 +0200] "GET /lib/elfinder/php/connector.minimal.php HTTP/1.1" 404 17997 "-" "python-requests/2.32.5"
47.128.23.31 - - [16/Jun/2026:15:53:49 +0200] "GET /robots.txt HTTP/1.1" 200 11809 "-" "Mozilla/5.0 (Linux; Android 5.0) AppleWebKit/537.36 (KHTML, like Gecko) Mobile Safari/537.36 (compatible; Bytespider; spider-feedback@bytedance.com)"
65.108.235.243 - - [16/Jun/2026:16:40:27 +0200] "POST /wp-cron.php?doing_wp_cron=1781620827.3439130783081054687500 HTTP/1.1" 200 1 "-" "WordPress/7.0; https://brescia.elettroservicegroup.it"
116.76.196.232 - - [16/Jun/2026:16:40:24 +0200] "GET /robots.txt HTTP/1.1" 200 193 "-" "Mozilla/5.0 (Windows NT 10.0; Win64; x64) AppleWebKit/537.36 (KHTML, like Gecko) Chrome/51.0.3809.91 Safari/537.36 Edge/18.18362"
65.108.235.243 - - [16/Jun/2026:17:24:49 +0200] "POST /wp-cron.php?doing_wp_cron=1781623489.1281490325927734375000 HTTP/1.1" 200 1 "-" "WordPress/7.0; https://brescia.elettroservicegroup.it"
66.249.70.1 - - [16/Jun/2026:17:24:46 +0200] "GET /robots.txt HTTP/1.1" 200 106 "-" "Mozilla/5.0 (compatible; Googlebot/2.1; +http://www.google.com/bot.html)"
66.249.70.8 - - [16/Jun/2026:17:24:49 +0200] "GET /?p=15909 HTTP/1.1" 404 17857 "-" "Mozilla/5.0 (Linux; Android 6.0.1; Nexus 5X Build/MMB29P) AppleWebKit/537.36 (KHTML, like Gecko) Chrome/148.0.7778.96 Mobile Safari/537.36 (compatible; Googlebot/2.1; +http://www.google.com/bot.html)"
65.108.235.243 - - [16/Jun/2026:17:24:53 +0200] "POST /wp-json/complianz/v1/wsc-scan HTTP/1.1" 400 88 "-" "WordPress/7.0; https://brescia.elettroservicegroup.it"
65.108.235.243 - - [16/Jun/2026:17:48:10 +0200] "POST /wp-cron.php?doing_wp_cron=1781624890.5178740024566650390625 HTTP/1.1" 200 1 "-" "WordPress/7.0; https://brescia.elettroservicegroup.it"
3.151.194.164 - - [16/Jun/2026:17:48:04 +0200] "GET / HTTP/1.1" 415 103136 "-" "visionheight.com/scan Mozilla/5.0 (Macintosh; Intel Mac OS X 10_15_7) Chrome/126.0.0.0 Safari/537.36"
65.108.235.243 - - [16/Jun/2026:18:15:17 +0200] "POST /wp-cron.php?doing_wp_cron=1781626517.1124780178070068359375 HTTP/1.1" 200 1 "-" "WordPress/7.0; https://brescia.elettroservicegroup.it"
66.249.70.1 - - [16/Jun/2026:18:15:14 +0200] "GET /?p=16072 HTTP/1.1" 404 17857 "-" "Mozilla/5.0 (Linux; Android 6.0.1; Nexus 5X Build/MMB29P) AppleWebKit/537.36 (KHTML, like Gecko) Chrome/148.0.7778.96 Mobile Safari/537.36 (compatible; Googlebot/2.1; +http://www.google.com/bot.html)"
5.189.128.39 - - [16/Jun/2026:18:25:01 +0200] "GET /wp-login.php HTTP/2.0" 200 11721 "-" "Mozilla/5.0 (Macintosh; Intel Mac OS X 10_15_7) AppleWebKit/605.1.15 (KHTML, like Gecko) Version/18.0 Safari/605.1.15"
5.189.128.39 - - [16/Jun/2026:18:25:01 +0200] "POST /xmlrpc.php HTTP/2.0" 200 11789 "-" "Mozilla/5.0 (Windows NT 10.0; Win64; x64) AppleWebKit/537.36 (KHTML, like Gecko) Chrome/124.0.0.0 Safari/537.36"
154.47.20.210 - - [16/Jun/2026:18:25:03 +0200] "POST /xmlrpc.php HTTP/2.0" 200 11835 "-" "Mozilla/5.0 (Windows NT 10.0; Win64; x64) AppleWebKit/537.36 (KHTML, like Gecko) Chrome/124.0.0.0 Safari/537.36"
176.125.228.148 - - [16/Jun/2026:18:25:14 +0200] "POST /xmlrpc.php HTTP/2.0" 200 11807 "-" "Mozilla/5.0 (Macintosh; Intel Mac OS X 10_15_7) AppleWebKit/605.1.15 (KHTML, like Gecko) Version/18.0 Safari/605.1.15"
188.241.177.45 - - [16/Jun/2026:18:25:15 +0200] "POST /xmlrpc.php HTTP/2.0" 200 11843 "-" "Mozilla/5.0 (Windows NT 10.0; Win64; x64) AppleWebKit/537.36 (KHTML, like Gecko) Chrome/124.0.0.0 Safari/537.36"
195.80.150.222 - - [16/Jun/2026:18:25:16 +0200] "POST /xmlrpc.php HTTP/2.0" 403 52 "-" "Mozilla/5.0 (Macintosh; Intel Mac OS X 10_15_7) AppleWebKit/605.1.15 (KHTML, like Gecko) Version/18.0 Safari/605.1.15"
212.56.53.186 - - [16/Jun/2026:18:25:17 +0200] "POST /xmlrpc.php HTTP/2.0" 403 52 "-" "Mozilla/5.0 (Macintosh; Intel Mac OS X 10_15_7) AppleWebKit/605.1.15 (KHTML, like Gecko) Version/18.0 Safari/605.1.15"
191.96.255.152 - - [16/Jun/2026:18:25:18 +0200] "POST /xmlrpc.php HTTP/2.0" 403 52 "-" "Mozilla/5.0 (Windows NT 10.0; Win64; x64; rv:133.0) Gecko/20100101 Firefox/133.0"
143.244.48.27 - - [16/Jun/2026:18:25:29 +0200] "POST /xmlrpc.php HTTP/2.0" 403 52 "-" "Mozilla/5.0 (Windows NT 10.0; Win64; x64) AppleWebKit/537.36 (KHTML, like Gecko) Chrome/124.0.0.0 Safari/537.36"
51.210.110.194 - - [16/Jun/2026:18:25:29 +0200] "POST /xmlrpc.php HTTP/2.0" 200 11814 "-" "Mozilla/5.0 (Windows NT 10.0; Win64; x64) AppleWebKit/537.36 (KHTML, like Gecko) Chrome/124.0.0.0 Safari/537.36"
5.189.128.39 - - [16/Jun/2026:18:25:30 +0200] "GET /wp-login.php HTTP/2.0" 200 11811 "-" "Mozilla/5.0 (Windows NT 10.0; Win64; x64) AppleWebKit/537.36 (KHTML, like Gecko) Chrome/124.0.0.0 Safari/537.36"
5.189.128.39 - - [16/Jun/2026:18:25:30 +0200] "GET /wp-login.php HTTP/2.0" 200 11811 "-" "Mozilla/5.0 (Windows NT 10.0; Win64; x64) AppleWebKit/537.36 (KHTML, like Gecko) Chrome/124.0.0.0 Safari/537.36"
5.189.128.39 - - [16/Jun/2026:18:25:30 +0200] "GET /wp-login.php HTTP/2.0" 200 11835 "-" "Mozilla/5.0 (Macintosh; Intel Mac OS X 10_15_7) AppleWebKit/605.1.15 (KHTML, like Gecko) Version/18.0 Safari/605.1.15"
5.189.128.39 - - [16/Jun/2026:18:25:30 +0200] "GET /wp-login.php HTTP/2.0" 200 11835 "-" "Mozilla/5.0 (Macintosh; Intel Mac OS X 10_15_7) AppleWebKit/605.1.15 (KHTML, like Gecko) Version/18.0 Safari/605.1.15"
5.189.128.39 - - [16/Jun/2026:18:25:31 +0200] "GET /wp-login.php HTTP/2.0" 200 11795 "-" "Mozilla/5.0 (Windows NT 10.0; Win64; x64) AppleWebKit/537.36 (KHTML, like Gecko) Chrome/124.0.0.0 Safari/537.36"
65.108.235.243 - - [16/Jun/2026:18:25:33 +0200] "POST /wp-cron.php?doing_wp_cron=1781627133.6457250118255615234375 HTTP/1.1" 200 1 "-" "WordPress/7.0; https://brescia.elettroservicegroup.it"
79.127.132.207 - - [16/Jun/2026:18:25:31 +0200] "GET /wp-login.php HTTP/2.0" 200 2698 "-" "Mozilla/5.0 (Windows NT 10.0; Win64; x64) AppleWebKit/537.36 (KHTML, like Gecko) Chrome/124.0.0.0 Safari/537.36"
79.127.132.207 - - [16/Jun/2026:18:25:33 +0200] "POST /wp-login.php HTTP/2.0" 200 2815 "https://brescia.elettroservicegroup.it/wp-login.php" "Mozilla/5.0 (Windows NT 10.0; Win64; x64) AppleWebKit/537.36 (KHTML, like Gecko) Chrome/124.0.0.0 Safari/537.36"
65.108.235.243 - - [16/Jun/2026:18:25:34 +0200] "POST /wp-json/complianz/v1/wsc-scan HTTP/1.1" 400 88 "-" "WordPress/7.0; https://brescia.elettroservicegroup.it"
65.108.235.243 - - [16/Jun/2026:18:29:16 +0200] "POST /wp-cron.php?doing_wp_cron=1781627356.2214810848236083984375 HTTP/1.1" 200 1 "-" "WordPress/7.0; https://brescia.elettroservicegroup.it"
207.180.220.231 - - [16/Jun/2026:18:29:11 +0200] "GET /wp-login.php HTTP/2.0" 200 2698 "-" "Mozilla/5.0 (Windows NT 10.0; Win64; x64; rv:133.0) Gecko/20100101 Firefox/133.0"
207.180.220.231 - - [16/Jun/2026:18:29:17 +0200] "POST /xmlrpc.php HTTP/2.0" 403 52 "-" "Mozilla/5.0 (Windows NT 10.0; Win64; x64; rv:133.0) Gecko/20100101 Firefox/133.0"
192.42.116.49 - - [16/Jun/2026:18:29:17 +0200] "POST /xmlrpc.php HTTP/2.0" 200 11753 "-" "Mozilla/5.0 (Windows NT 10.0; Win64; x64) AppleWebKit/537.36 (KHTML, like Gecko) Chrome/124.0.0.0 Safari/537.36"
192.42.116.20 - - [16/Jun/2026:18:29:18 +0200] "POST /xmlrpc.php HTTP/2.0" 200 11823 "-" "Mozilla/5.0 (Macintosh; Intel Mac OS X 10_15_7) AppleWebKit/605.1.15 (KHTML, like Gecko) Version/18.0 Safari/605.1.15"
192.42.116.66 - - [16/Jun/2026:18:29:19 +0200] "POST /xmlrpc.php HTTP/2.0" 200 11770 "-" "Mozilla/5.0 (Macintosh; Intel Mac OS X 10_15_7) AppleWebKit/605.1.15 (KHTML, like Gecko) Version/18.0 Safari/605.1.15"
173.239.200.135 - - [16/Jun/2026:18:29:21 +0200] "POST /xmlrpc.php HTTP/2.0" 403 52 "-" "Mozilla/5.0 (Windows NT 10.0; Win64; x64) AppleWebKit/537.36 (KHTML, like Gecko) Chrome/124.0.0.0 Safari/537.36"
173.239.247.137 - - [16/Jun/2026:18:29:22 +0200] "POST /xmlrpc.php HTTP/2.0" 403 52 "-" "Mozilla/5.0 (Windows NT 10.0; Win64; x64; rv:133.0) Gecko/20100101 Firefox/133.0"
191.96.106.38 - - [16/Jun/2026:18:29:24 +0200] "POST /xmlrpc.php HTTP/2.0" 403 52 "-" "Mozilla/5.0 (Windows NT 10.0; Win64; x64) AppleWebKit/537.36 (KHTML, like Gecko) Chrome/124.0.0.0 Safari/537.36"
181.214.164.131 - - [16/Jun/2026:18:29:25 +0200] "POST /xmlrpc.php HTTP/2.0" 403 52 "-" "Mozilla/5.0 (Windows NT 10.0; Win64; x64) AppleWebKit/537.36 (KHTML, like Gecko) Chrome/124.0.0.0 Safari/537.36"
138.199.30.52 - - [16/Jun/2026:18:29:25 +0200] "POST /xmlrpc.php HTTP/2.0" 200 11708 "-" "Mozilla/5.0 (Windows NT 10.0; Win64; x64; rv:133.0) Gecko/20100101 Firefox/133.0"
192.42.116.47 - - [16/Jun/2026:18:29:26 +0200] "POST /xmlrpc.php HTTP/2.0" 200 11800 "-" "Mozilla/5.0 (Macintosh; Intel Mac OS X 10_15_7) AppleWebKit/605.1.15 (KHTML, like Gecko) Version/18.0 Safari/605.1.15"
95.181.237.132 - - [16/Jun/2026:18:29:26 +0200] "POST /xmlrpc.php HTTP/2.0" 403 52 "-" "Mozilla/5.0 (Macintosh; Intel Mac OS X 10_15_7) AppleWebKit/605.1.15 (KHTML, like Gecko) Version/18.0 Safari/605.1.15"
65.108.235.243 - - [16/Jun/2026:18:29:28 +0200] "POST /wp-cron.php?doing_wp_cron=1781627368.1221520900726318359375 HTTP/1.1" 200 1 "-" "WordPress/7.0; https://brescia.elettroservicegroup.it"
207.180.220.231 - - [16/Jun/2026:18:29:27 +0200] "GET /wp-login.php HTTP/2.0" 200 2698 "-" "Mozilla/5.0 (Windows NT 10.0; Win64; x64; rv:133.0) Gecko/20100101 Firefox/133.0"
207.180.220.231 - - [16/Jun/2026:18:29:28 +0200] "POST /wp-login.php HTTP/2.0" 200 2815 "https://brescia.elettroservicegroup.it/wp-login.php" "Mozilla/5.0 (Windows NT 10.0; Win64; x64; rv:133.0) Gecko/20100101 Firefox/133.0"
65.108.235.243 - - [16/Jun/2026:19:13:54 +0200] "POST /wp-cron.php?doing_wp_cron=1781630034.6761629581451416015625 HTTP/1.1" 200 1 "-" "WordPress/7.0; https://brescia.elettroservicegroup.it"
66.249.70.8 - - [16/Jun/2026:19:13:50 +0200] "GET /?p=16107 HTTP/1.1" 404 17857 "-" "Mozilla/5.0 (Linux; Android 6.0.1; Nexus 5X Build/MMB29P) AppleWebKit/537.36 (KHTML, like Gecko) Chrome/148.0.7778.96 Mobile Safari/537.36 (compatible; Googlebot/2.1; +http://www.google.com/bot.html)"
65.108.235.243 - - [16/Jun/2026:20:22:57 +0200] "POST /wp-cron.php?doing_wp_cron=1781634176.9322059154510498046875 HTTP/1.1" 200 1 "-" "WordPress/7.0; https://brescia.elettroservicegroup.it"
66.249.70.1 - - [16/Jun/2026:20:22:53 +0200] "GET /?p=16794 HTTP/1.1" 404 17857 "-" "Mozilla/5.0 (Linux; Android 6.0.1; Nexus 5X Build/MMB29P) AppleWebKit/537.36 (KHTML, like Gecko) Chrome/148.0.7778.96 Mobile Safari/537.36 (compatible; Googlebot/2.1; +http://www.google.com/bot.html)"
65.108.235.243 - - [16/Jun/2026:20:22:57 +0200] "POST /wp-json/complianz/v1/wsc-scan HTTP/1.1" 400 88 "-" "WordPress/7.0; https://brescia.elettroservicegroup.it"
74.7.227.20 - - [16/Jun/2026:23:26:11 +0200] "GET /sitemap.xml HTTP/2.0" 415 339 "-" "Mozilla/5.0 AppleWebKit/537.36 (KHTML, like Gecko; compatible; GPTBot/1.4; +https://openai.com/gptbot)"
65.108.235.243 - - [16/Jun/2026:23:26:18 +0200] "POST /wp-cron.php?doing_wp_cron=1781645178.0042369365692138671875 HTTP/1.1" 200 1 "-" "WordPress/7.0; https://brescia.elettroservicegroup.it"
74.7.241.186 - - [16/Jun/2026:23:26:12 +0200] "GET /robots.txt HTTP/2.0" 200 106 "-" "Mozilla/5.0 (Macintosh; Intel Mac OS X 10_15_7) AppleWebKit/537.36 (KHTML, like Gecko) Chrome/131.0.0.0 Safari/537.36; compatible; OAI-SearchBot/1.4; robots.txt; +https://openai.com/searchbot"
65.108.235.243 - - [16/Jun/2026:23:26:19 +0200] "POST /wp-json/complianz/v1/wsc-scan HTTP/1.1" 400 88 "-" "WordPress/7.0; https://brescia.elettroservicegroup.it"
65.108.235.243 - - [16/Jun/2026:23:27:40 +0200] "POST /wp-cron.php?doing_wp_cron=1781645260.9554030895233154296875 HTTP/1.1" 200 1 "-" "WordPress/7.0; https://brescia.elettroservicegroup.it"
74.7.227.20 - - [16/Jun/2026:23:27:39 +0200] "GET /sitemap.rss HTTP/2.0" 404 383 "-" "Mozilla/5.0 AppleWebKit/537.36 (KHTML, like Gecko; compatible; GPTBot/1.4; +https://openai.com/gptbot)"
65.108.235.243 - - [16/Jun/2026:23:32:16 +0200] "POST /wp-cron.php?doing_wp_cron=1781645536.1561410427093505859375 HTTP/1.1" 200 1 "-" "WordPress/7.0; https://brescia.elettroservicegroup.it"
66.249.70.1 - - [16/Jun/2026:23:32:14 +0200] "GET /?p=16288 HTTP/1.1" 404 17857 "-" "Mozilla/5.0 (Linux; Android 6.0.1; Nexus 5X Build/MMB29P) AppleWebKit/537.36 (KHTML, like Gecko) Chrome/148.0.7778.96 Mobile Safari/537.36 (compatible; Googlebot/2.1; +http://www.google.com/bot.html)"
65.108.235.243 - - [16/Jun/2026:23:39:29 +0200] "POST /wp-cron.php?doing_wp_cron=1781645969.6016709804534912109375 HTTP/1.1" 200 1 "-" "WordPress/7.0; https://brescia.elettroservicegroup.it"
65.108.235.243 - - [16/Jun/2026:23:39:29 +0200] "POST /wp-cron.php?doing_wp_cron=1781645969.6016709804534912109375 HTTP/1.1" 200 1 "-" "WordPress/7.0; https://brescia.elettroservicegroup.it"
57.141.20.9 - - [16/Jun/2026:23:39:28 +0200] "GET /robots.txt HTTP/2.0" 200 193 "-" "facebookexternalhit/1.1 (+http://www.facebook.com/externalhit_uatext.php)"
57.141.20.57 - - [16/Jun/2026:23:39:27 +0200] "GET /robots.txt HTTP/2.0" 200 - "-" "facebookexternalhit/1.1 (+http://www.facebook.com/externalhit_uatext.php)"
65.108.235.243 - - [17/Jun/2026:00:44:35 +0200] "POST /wp-cron.php?doing_wp_cron=1781649875.5033800601959228515625 HTTP/1.1" 200 1 "-" "WordPress/7.0; https://brescia.elettroservicegroup.it"
66.249.70.8 - - [17/Jun/2026:00:44:31 +0200] "GET /?p=16095 HTTP/1.1" 404 17857 "-" "Mozilla/5.0 (Linux; Android 6.0.1; Nexus 5X Build/MMB29P) AppleWebKit/537.36 (KHTML, like Gecko) Chrome/148.0.7778.96 Mobile Safari/537.36 (compatible; Googlebot/2.1; +http://www.google.com/bot.html)"
65.108.235.243 - - [17/Jun/2026:00:44:36 +0200] "POST /wp-json/complianz/v1/wsc-scan HTTP/1.1" 400 88 "-" "WordPress/7.0; https://brescia.elettroservicegroup.it"
65.108.235.243 - - [17/Jun/2026:01:01:16 +0200] "POST /wp-cron.php?doing_wp_cron=1781650876.2286140918731689453125 HTTP/1.1" 200 1 "-" "WordPress/7.0; https://brescia.elettroservicegroup.it"
66.249.70.8 - - [17/Jun/2026:01:01:14 +0200] "GET /?p=16702 HTTP/1.1" 404 17857 "-" "Mozilla/5.0 (Linux; Android 6.0.1; Nexus 5X Build/MMB29P) AppleWebKit/537.36 (KHTML, like Gecko) Chrome/148.0.7778.96 Mobile Safari/537.36 (compatible; Googlebot/2.1; +http://www.google.com/bot.html)"
65.108.235.243 - - [17/Jun/2026:01:24:18 +0200] "POST /wp-cron.php?doing_wp_cron=1781652257.9091410636901855468750 HTTP/1.1" 200 1 "-" "WordPress/7.0; https://brescia.elettroservicegroup.it"
66.249.70.1 - - [17/Jun/2026:01:24:13 +0200] "GET /?p=15923 HTTP/1.1" 404 17857 "-" "Mozilla/5.0 (Linux; Android 6.0.1; Nexus 5X Build/MMB29P) AppleWebKit/537.36 (KHTML, like Gecko) Chrome/148.0.7778.96 Mobile Safari/537.36 (compatible; Googlebot/2.1; +http://www.google.com/bot.html)"
65.108.235.243 - - [17/Jun/2026:01:41:17 +0200] "POST /wp-cron.php?doing_wp_cron=1781653277.5433568954467773437500 HTTP/1.1" 200 1 "-" "WordPress/7.0; https://brescia.elettroservicegroup.it"
114.119.137.153 - - [17/Jun/2026:01:41:15 +0200] "GET /robots.txt HTTP/1.1" 200 106 "https://brescia.elettroservicegroup.it/robots.txt" "Mozilla/5.0 (compatible;PetalBot;+https://webmaster.petalsearch.com/site/petalbot)"
65.108.235.243 - - [17/Jun/2026:02:04:01 +0200] "POST /wp-cron.php?doing_wp_cron=1781654641.3141150474548339843750 HTTP/1.1" 200 1 "-" "WordPress/7.0; https://brescia.elettroservicegroup.it"
66.249.70.8 - - [17/Jun/2026:02:03:59 +0200] "GET /?p=16409 HTTP/1.1" 404 17858 "-" "Mozilla/5.0 (Linux; Android 6.0.1; Nexus 5X Build/MMB29P) AppleWebKit/537.36 (KHTML, like Gecko) Chrome/148.0.7778.96 Mobile Safari/537.36 (compatible; Googlebot/2.1; +http://www.google.com/bot.html)"
65.108.235.243 - - [17/Jun/2026:02:04:01 +0200] "POST /wp-json/complianz/v1/wsc-scan HTTP/1.1" 400 88 "-" "WordPress/7.0; https://brescia.elettroservicegroup.it"
65.108.235.243 - - [17/Jun/2026:02:08:21 +0200] "POST /wp-cron.php?doing_wp_cron=1781654901.1356320381164550781250 HTTP/1.1" 200 1 "-" "WordPress/7.0; https://brescia.elettroservicegroup.it"
66.249.70.1 - - [17/Jun/2026:02:08:18 +0200] "GET /?p=15720 HTTP/1.1" 404 17858 "-" "Mozilla/5.0 (Linux; Android 6.0.1; Nexus 5X Build/MMB29P) AppleWebKit/537.36 (KHTML, like Gecko) Chrome/148.0.7778.96 Mobile Safari/537.36 (compatible; Googlebot/2.1; +http://www.google.com/bot.html)"
65.108.235.243 - - [17/Jun/2026:02:10:21 +0200] "POST /wp-cron.php?doing_wp_cron=1781655021.6375849246978759765625 HTTP/1.1" 200 1 "-" "WordPress/7.0; https://brescia.elettroservicegroup.it"
217.113.194.246 - - [17/Jun/2026:02:10:20 +0200] "GET /robots.txt HTTP/1.1" 200 193 "-" "Mozilla/5.0 (compatible; Barkrowler/0.9; +https://babbar.tech/crawler)"
217.113.194.90 - - [17/Jun/2026:02:10:48 +0200] "GET / HTTP/1.1" 200 11836 "-" "Mozilla/5.0 (compatible; Barkrowler/0.9; +https://babbar.tech/crawler)"
65.108.235.243 - - [17/Jun/2026:02:11:13 +0200] "POST /wp-cron.php?doing_wp_cron=1781655073.4260900020599365234375 HTTP/1.1" 200 1 "-" "WordPress/7.0; https://brescia.elettroservicegroup.it"
217.113.194.88 - - [17/Jun/2026:02:11:11 +0200] "GET /post-2-2/ HTTP/1.1" 200 95738 "-" "Mozilla/5.0 (compatible; Barkrowler/0.9; +https://babbar.tech/crawler)"
65.108.235.243 - - [17/Jun/2026:02:11:34 +0200] "POST /wp-cron.php?doing_wp_cron=1781655094.9592840671539306640625 HTTP/1.1" 200 1 "-" "WordPress/7.0; https://brescia.elettroservicegroup.it"
217.113.194.84 - - [17/Jun/2026:02:11:34 +0200] "GET /post-10-2/ HTTP/1.1" 200 95766 "-" "Mozilla/5.0 (compatible; Barkrowler/0.9; +https://babbar.tech/crawler)"
217.113.194.246 - - [17/Jun/2026:02:11:55 +0200] "GET /post-8-2/ HTTP/1.1" 200 95738 "-" "Mozilla/5.0 (compatible; Barkrowler/0.9; +https://babbar.tech/crawler)"
217.113.194.220 - - [17/Jun/2026:02:12:11 +0200] "GET /post-6-2/ HTTP/1.1" 200 95738 "-" "Mozilla/5.0 (compatible; Barkrowler/0.9; +https://babbar.tech/crawler)"
65.108.235.243 - - [17/Jun/2026:02:25:57 +0200] "POST /wp-cron.php?doing_wp_cron=1781655957.6251840591430664062500 HTTP/1.1" 200 1 "-" "WordPress/7.0; https://brescia.elettroservicegroup.it"
66.249.70.8 - - [17/Jun/2026:02:25:55 +0200] "GET /?p=16159 HTTP/1.1" 404 17858 "-" "Mozilla/5.0 (Linux; Android 6.0.1; Nexus 5X Build/MMB29P) AppleWebKit/537.36 (KHTML, like Gecko) Chrome/148.0.7778.96 Mobile Safari/537.36 (compatible; Googlebot/2.1; +http://www.google.com/bot.html)"
65.108.235.243 - - [17/Jun/2026:02:30:41 +0200] "POST /wp-cron.php?doing_wp_cron=1781656241.0622930526733398437500 HTTP/1.1" 200 1 "-" "WordPress/7.0; https://brescia.elettroservicegroup.it"
66.249.70.8 - - [17/Jun/2026:02:30:38 +0200] "GET /?p=16264 HTTP/1.1" 404 17858 "-" "Mozilla/5.0 (Linux; Android 6.0.1; Nexus 5X Build/MMB29P) AppleWebKit/537.36 (KHTML, like Gecko) Chrome/148.0.7778.96 Mobile Safari/537.36 (compatible; Googlebot/2.1; +http://www.google.com/bot.html)"
65.108.235.243 - - [17/Jun/2026:02:43:18 +0200] "POST /wp-cron.php?doing_wp_cron=1781656998.8292469978332519531250 HTTP/1.1" 200 1 "-" "WordPress/7.0; https://brescia.elettroservicegroup.it"
66.249.70.8 - - [17/Jun/2026:02:43:17 +0200] "GET /?p=15867 HTTP/1.1" 404 17858 "-" "Mozilla/5.0 (Linux; Android 6.0.1; Nexus 5X Build/MMB29P) AppleWebKit/537.36 (KHTML, like Gecko) Chrome/148.0.7778.96 Mobile Safari/537.36 (compatible; Googlebot/2.1; +http://www.google.com/bot.html)"
65.108.235.243 - - [17/Jun/2026:02:58:42 +0200] "POST /wp-cron.php?doing_wp_cron=1781657922.9225990772247314453125 HTTP/1.1" 200 1 "-" "WordPress/7.0; https://brescia.elettroservicegroup.it"
66.249.70.1 - - [17/Jun/2026:02:58:40 +0200] "GET /?p=16594 HTTP/1.1" 404 17858 "-" "Mozilla/5.0 (Linux; Android 6.0.1; Nexus 5X Build/MMB29P) AppleWebKit/537.36 (KHTML, like Gecko) Chrome/148.0.7778.96 Mobile Safari/537.36 (compatible; Googlebot/2.1; +http://www.google.com/bot.html)"
65.108.235.243 - - [17/Jun/2026:03:32:33 +0200] "POST /wp-cron.php?doing_wp_cron=1781659953.8954489231109619140625 HTTP/1.1" 200 1 "-" "WordPress/7.0; https://brescia.elettroservicegroup.it"
66.249.70.2 - - [17/Jun/2026:03:32:32 +0200] "GET /lavatrice-3/ HTTP/1.1" 200 18731 "-" "Mozilla/5.0 (Linux; Android 6.0.1; Nexus 5X Build/MMB29P) AppleWebKit/537.36 (KHTML, like Gecko) Chrome/148.0.7778.96 Mobile Safari/537.36 (compatible; Googlebot/2.1; +http://www.google.com/bot.html)"
65.108.235.243 - - [17/Jun/2026:03:32:34 +0200] "POST /wp-json/complianz/v1/wsc-scan HTTP/1.1" 400 88 "-" "WordPress/7.0; https://brescia.elettroservicegroup.it"
66.249.70.1 - - [17/Jun/2026:03:34:47 +0200] "GET /wp-content/plugins/elementor/assets/css/widget-social-icons.min.css?ver=3.24.0 HTTP/1.1" 200 1039 "https://brescia.elettroservicegroup.it/lavatrice-3/" "Mozilla/5.0 (Linux; Android 6.0.1; Nexus 5X Build/MMB29P) AppleWebKit/537.36 (KHTML, like Gecko) Chrome/148.0.7778.96 Mobile Safari/537.36 (compatible; Googlebot/2.1; +http://www.google.com/bot.html)"
66.249.70.1 - - [17/Jun/2026:03:34:47 +0200] "GET /wp-content/plugins/elementor/assets/lib/font-awesome/js/v4-shims.min.js?ver=4.1.3 HTTP/1.1" 200 4043 "https://brescia.elettroservicegroup.it/lavatrice-3/" "Mozilla/5.0 (Linux; Android 6.0.1; Nexus 5X Build/MMB29P) AppleWebKit/537.36 (KHTML, like Gecko) Chrome/148.0.7778.96 Mobile Safari/537.36 (compatible; Googlebot/2.1; +http://www.google.com/bot.html)"
66.249.70.2 - - [17/Jun/2026:03:34:47 +0200] "GET /wp-content/plugins/elementor/assets/lib/font-awesome/css/solid.css?ver=5.15.3 HTTP/1.1" 200 299 "https://brescia.elettroservicegroup.it/lavatrice-3/" "Mozilla/5.0 (Linux; Android 6.0.1; Nexus 5X Build/MMB29P) AppleWebKit/537.36 (KHTML, like Gecko) Chrome/148.0.7778.96 Mobile Safari/537.36 (compatible; Googlebot/2.1; +http://www.google.com/bot.html)"
66.249.70.1 - - [17/Jun/2026:03:34:47 +0200] "GET /wp-content/plugins/all-in-one-seo-pack/dist/Lite/assets/css/table-of-contents/global.e90f6d47.css?ver=4.9.8 HTTP/1.1" 200 420 "https://brescia.elettroservicegroup.it/lavatrice-3/" "Mozilla/5.0 (Linux; Android 6.0.1; Nexus 5X Build/MMB29P) AppleWebKit/537.36 (KHTML, like Gecko) Chrome/148.0.7778.96 Mobile Safari/537.36 (compatible; Googlebot/2.1; +http://www.google.com/bot.html)"
66.249.70.2 - - [17/Jun/2026:03:34:48 +0200] "GET /wp-content/plugins/complianz-gdpr-premium/assets/css/cookieblocker.min.css?ver=1780704000 HTTP/1.1" 200 615 "https://brescia.elettroservicegroup.it/lavatrice-3/" "Mozilla/5.0 (Linux; Android 6.0.1; Nexus 5X Build/MMB29P) AppleWebKit/537.36 (KHTML, like Gecko) Chrome/148.0.7778.96 Mobile Safari/537.36 (compatible; Googlebot/2.1; +http://www.google.com/bot.html)"
66.249.70.2 - - [17/Jun/2026:03:34:48 +0200] "GET /wp-content/uploads/elementor/google-fonts/css/robotoslab.css?ver=1742275294 HTTP/1.1" 200 717 "https://brescia.elettroservicegroup.it/lavatrice-3/" "Mozilla/5.0 (Linux; Android 6.0.1; Nexus 5X Build/MMB29P) AppleWebKit/537.36 (KHTML, like Gecko) Chrome/148.0.7778.96 Mobile Safari/537.36 (compatible; Googlebot/2.1; +http://www.google.com/bot.html)"
66.249.70.1 - - [17/Jun/2026:03:34:48 +0200] "GET /wp-content/plugins/header-footer-elementor/assets/css/header-footer-elementor.css?ver=2.8.8 HTTP/1.1" 200 260 "https://brescia.elettroservicegroup.it/lavatrice-3/" "Mozilla/5.0 (Linux; Android 6.0.1; Nexus 5X Build/MMB29P) AppleWebKit/537.36 (KHTML, like Gecko) Chrome/148.0.7778.96 Mobile Safari/537.36 (compatible; Googlebot/2.1; +http://www.google.com/bot.html)"
66.249.70.8 - - [17/Jun/2026:03:34:48 +0200] "GET /wp-content/plugins/gp-premium/menu-plus/functions/js/sticky.min.js?ver=2.5.5 HTTP/1.1" 200 2670 "https://brescia.elettroservicegroup.it/lavatrice-3/" "Mozilla/5.0 (Linux; Android 6.0.1; Nexus 5X Build/MMB29P) AppleWebKit/537.36 (KHTML, like Gecko) Chrome/148.0.7778.96 Mobile Safari/537.36 (compatible; Googlebot/2.1; +http://www.google.com/bot.html)"
66.249.70.2 - - [17/Jun/2026:03:34:48 +0200] "GET /wp-includes/css/dist/block-library/style.min.css?ver=7.0 HTTP/1.1" 200 15998 "https://brescia.elettroservicegroup.it/lavatrice-3/" "Mozilla/5.0 (Linux; Android 6.0.1; Nexus 5X Build/MMB29P) AppleWebKit/537.36 (KHTML, like Gecko) Chrome/148.0.7778.96 Mobile Safari/537.36 (compatible; Googlebot/2.1; +http://www.google.com/bot.html)"
66.249.70.2 - - [17/Jun/2026:03:34:48 +0200] "GET /wp-content/themes/generatepress/assets/js/menu.min.js?ver=3.6.1 HTTP/1.1" 200 1688 "https://brescia.elettroservicegroup.it/lavatrice-3/" "Mozilla/5.0 (Linux; Android 6.0.1; Nexus 5X Build/MMB29P) AppleWebKit/537.36 (KHTML, like Gecko) Chrome/148.0.7778.96 Mobile Safari/537.36 (compatible; Googlebot/2.1; +http://www.google.com/bot.html)"
66.249.70.1 - - [17/Jun/2026:03:34:48 +0200] "GET /wp-content/plugins/elementor/assets/lib/font-awesome/css/fontawesome.css?ver=5.15.3 HTTP/1.1" 200 12535 "https://brescia.elettroservicegroup.it/lavatrice-3/" "Mozilla/5.0 (Linux; Android 6.0.1; Nexus 5X Build/MMB29P) AppleWebKit/537.36 (KHTML, like Gecko) Chrome/148.0.7778.96 Mobile Safari/537.36 (compatible; Googlebot/2.1; +http://www.google.com/bot.html)"
66.249.70.2 - - [17/Jun/2026:03:34:48 +0200] "GET /wp-content/uploads/elementor/google-fonts/css/roboto.css?ver=1742275292 HTTP/1.1" 200 1886 "https://brescia.elettroservicegroup.it/lavatrice-3/" "Mozilla/5.0 (Linux; Android 6.0.1; Nexus 5X Build/MMB29P) AppleWebKit/537.36 (KHTML, like Gecko) Chrome/148.0.7778.96 Mobile Safari/537.36 (compatible; Googlebot/2.1; +http://www.google.com/bot.html)"
66.249.70.8 - - [17/Jun/2026:03:34:48 +0200] "GET /wp-content/plugins/wpfront-notification-bar/js/wpfront-notification-bar.min.js?ver=3.5.1.05102 HTTP/1.1" 200 1497 "https://brescia.elettroservicegroup.it/lavatrice-3/" "Mozilla/5.0 (Linux; Android 6.0.1; Nexus 5X Build/MMB29P) AppleWebKit/537.36 (KHTML, like Gecko) Chrome/148.0.7778.96 Mobile Safari/537.36 (compatible; Googlebot/2.1; +http://www.google.com/bot.html)"
66.249.70.2 - - [17/Jun/2026:03:34:49 +0200] "GET /wp-content/plugins/complianz-gdpr-premium/cookiebanner/js/complianz.min.js?ver=1780704000 HTTP/1.1" 200 10762 "https://brescia.elettroservicegroup.it/lavatrice-3/" "Mozilla/5.0 (Linux; Android 6.0.1; Nexus 5X Build/MMB29P) AppleWebKit/537.36 (KHTML, like Gecko) Chrome/148.0.7778.96 Mobile Safari/537.36 (compatible; Googlebot/2.1; +http://www.google.com/bot.html)"
65.108.235.243 - - [17/Jun/2026:03:34:54 +0200] "POST /wp-cron.php?doing_wp_cron=1781660094.7940030097961425781250 HTTP/1.1" 200 1 "-" "WordPress/7.0; https://brescia.elettroservicegroup.it"
66.249.70.1 - - [17/Jun/2026:03:34:52 +0200] "GET /?p=16342 HTTP/1.1" 404 17877 "-" "Mozilla/5.0 (Linux; Android 6.0.1; Nexus 5X Build/MMB29P) AppleWebKit/537.36 (KHTML, like Gecko) Chrome/148.0.7778.96 Mobile Safari/537.36 (compatible; Googlebot/2.1; +http://www.google.com/bot.html)"
66.249.70.2 - - [17/Jun/2026:03:35:02 +0200] "GET /wp-json/complianz/v1/banner?lang=it&locale=it_IT&token=elxap HTTP/1.1" 200 81 "https://brescia.elettroservicegroup.it/lavatrice-3/" "Mozilla/5.0 (Linux; Android 6.0.1; Nexus 5X Build/MMB29P) AppleWebKit/537.36 (KHTML, like Gecko) Chrome/148.0.7778.96 Mobile Safari/537.36 (compatible; Googlebot/2.1; +http://www.google.com/bot.html)"
66.249.70.2 - - [17/Jun/2026:03:35:03 +0200] "GET /wp-content/plugins/elementor/assets/css/conditionals/dialog.min.css?ver=4.1.3 HTTP/1.1" 200 1428 "https://brescia.elettroservicegroup.it/lavatrice-3/" "Mozilla/5.0 (Linux; Android 6.0.1; Nexus 5X Build/MMB29P) AppleWebKit/537.36 (KHTML, like Gecko) Chrome/148.0.7778.96 Mobile Safari/537.36 (compatible; Googlebot/2.1; +http://www.google.com/bot.html)"
66.249.70.1 - - [17/Jun/2026:03:35:03 +0200] "GET /wp-content/plugins/elementor/assets/lib/share-link/share-link.min.js?ver=4.1.3 HTTP/1.1" 200 1077 "https://brescia.elettroservicegroup.it/lavatrice-3/" "Mozilla/5.0 (Linux; Android 6.0.1; Nexus 5X Build/MMB29P) AppleWebKit/537.36 (KHTML, like Gecko) Chrome/148.0.7778.96 Mobile Safari/537.36 (compatible; Googlebot/2.1; +http://www.google.com/bot.html)"
66.249.70.2 - - [17/Jun/2026:03:35:03 +0200] "GET /wp-content/plugins/elementor/assets/js/shared-frontend-handlers.03caa53373b56d3bab67.bundle.min.js HTTP/1.1" 200 2515 "https://brescia.elettroservicegroup.it/lavatrice-3/" "Mozilla/5.0 (Linux; Android 6.0.1; Nexus 5X Build/MMB29P) AppleWebKit/537.36 (KHTML, like Gecko) Chrome/148.0.7778.96 Mobile Safari/537.36 (compatible; Googlebot/2.1; +http://www.google.com/bot.html)"
66.249.70.8 - - [17/Jun/2026:03:35:03 +0200] "GET /wp-content/plugins/elementor/assets/js/text-editor.45609661e409413f1cef.bundle.min.js HTTP/1.1" 200 592 "https://brescia.elettroservicegroup.it/lavatrice-3/" "Mozilla/5.0 (Linux; Android 6.0.1; Nexus 5X Build/MMB29P) AppleWebKit/537.36 (KHTML, like Gecko) Chrome/148.0.7778.96 Mobile Safari/537.36 (compatible; Googlebot/2.1; +http://www.google.com/bot.html)"
66.249.70.1 - - [17/Jun/2026:03:35:03 +0200] "GET /wp-content/plugins/elementor/assets/js/397f2d183c19202777d6.bundle.min.js HTTP/1.1" 200 8477 "https://brescia.elettroservicegroup.it/lavatrice-3/" "Mozilla/5.0 (Linux; Android 6.0.1; Nexus 5X Build/MMB29P) AppleWebKit/537.36 (KHTML, like Gecko) Chrome/148.0.7778.96 Mobile Safari/537.36 (compatible; Googlebot/2.1; +http://www.google.com/bot.html)"
65.108.235.243 - - [17/Jun/2026:04:01:44 +0200] "POST /wp-cron.php?doing_wp_cron=1781661704.4965150356292724609375 HTTP/1.1" 200 1 "-" "WordPress/7.0; https://brescia.elettroservicegroup.it"
66.249.70.1 - - [17/Jun/2026:04:01:38 +0200] "GET /?p=16157 HTTP/1.1" 404 17858 "-" "Mozilla/5.0 (Linux; Android 6.0.1; Nexus 5X Build/MMB29P) AppleWebKit/537.36 (KHTML, like Gecko) Chrome/148.0.7778.96 Mobile Safari/537.36 (compatible; Googlebot/2.1; +http://www.google.com/bot.html)"
65.108.235.243 - - [17/Jun/2026:04:03:12 +0200] "POST /wp-cron.php?doing_wp_cron=1781661792.3382179737091064453125 HTTP/1.1" 200 1 "-" "WordPress/7.0; https://brescia.elettroservicegroup.it"
66.249.70.2 - - [17/Jun/2026:04:03:10 +0200] "GET /?p=15800 HTTP/1.1" 404 17858 "-" "Mozilla/5.0 (Linux; Android 6.0.1; Nexus 5X Build/MMB29P) AppleWebKit/537.36 (KHTML, like Gecko) Chrome/148.0.7778.96 Mobile Safari/537.36 (compatible; Googlebot/2.1; +http://www.google.com/bot.html)"
65.108.235.243 - - [17/Jun/2026:04:10:38 +0200] "POST /wp-cron.php?doing_wp_cron=1781662238.3454070091247558593750 HTTP/1.1" 200 1 "-" "WordPress/7.0; https://brescia.elettroservicegroup.it"
104.210.140.141 - - [17/Jun/2026:04:10:36 +0200] "GET /robots.txt HTTP/2.0" 200 106 "-" "Mozilla/5.0 (Macintosh; Intel Mac OS X 10_15_7) AppleWebKit/537.36 (KHTML, like Gecko) Chrome/131.0.0.0 Safari/537.36; compatible; OAI-SearchBot/1.0; +https://openai.com/searchbot"
65.108.235.243 - - [17/Jun/2026:04:30:56 +0200] "POST /wp-cron.php?doing_wp_cron=1781663456.7693529129028320312500 HTTP/1.1" 200 1 "-" "WordPress/7.0; https://brescia.elettroservicegroup.it"
66.249.70.2 - - [17/Jun/2026:04:30:55 +0200] "GET /?p=16419 HTTP/1.1" 404 17858 "-" "Mozilla/5.0 (Linux; Android 6.0.1; Nexus 5X Build/MMB29P) AppleWebKit/537.36 (KHTML, like Gecko) Chrome/148.0.7778.96 Mobile Safari/537.36 (compatible; Googlebot/2.1; +http://www.google.com/bot.html)"
65.108.235.243 - - [17/Jun/2026:04:37:11 +0200] "POST /wp-cron.php?doing_wp_cron=1781663831.3342800140380859375000 HTTP/1.1" 200 1 "-" "WordPress/7.0; https://brescia.elettroservicegroup.it"
66.249.70.2 - - [17/Jun/2026:04:37:08 +0200] "GET /?p=16746 HTTP/1.1" 404 17858 "-" "Mozilla/5.0 (Linux; Android 6.0.1; Nexus 5X Build/MMB29P) AppleWebKit/537.36 (KHTML, like Gecko) Chrome/148.0.7778.96 Mobile Safari/537.36 (compatible; Googlebot/2.1; +http://www.google.com/bot.html)"
65.108.235.243 - - [17/Jun/2026:04:37:11 +0200] "POST /wp-json/complianz/v1/wsc-scan HTTP/1.1" 400 88 "-" "WordPress/7.0; https://brescia.elettroservicegroup.it"
65.108.235.243 - - [17/Jun/2026:04:43:35 +0200] "POST /wp-cron.php?doing_wp_cron=1781664215.5518400669097900390625 HTTP/1.1" 200 1 "-" "WordPress/7.0; https://brescia.elettroservicegroup.it"
66.249.70.8 - - [17/Jun/2026:04:43:33 +0200] "GET /?p=16304 HTTP/1.1" 404 17858 "-" "Mozilla/5.0 (Linux; Android 6.0.1; Nexus 5X Build/MMB29P) AppleWebKit/537.36 (KHTML, like Gecko) Chrome/148.0.7778.96 Mobile Safari/537.36 (compatible; Googlebot/2.1; +http://www.google.com/bot.html)"
65.108.235.243 - - [17/Jun/2026:04:53:06 +0200] "POST /wp-cron.php?doing_wp_cron=1781664786.3954350948333740234375 HTTP/1.1" 200 1 "-" "WordPress/7.0; https://brescia.elettroservicegroup.it"
66.249.70.2 - - [17/Jun/2026:04:53:01 +0200] "GET /?p=16539 HTTP/1.1" 404 17861 "-" "Mozilla/5.0 (Linux; Android 6.0.1; Nexus 5X Build/MMB29P) AppleWebKit/537.36 (KHTML, like Gecko) Chrome/148.0.7778.96 Mobile Safari/537.36 (compatible; Googlebot/2.1; +http://www.google.com/bot.html)"
65.108.235.243 - - [17/Jun/2026:04:56:23 +0200] "POST /wp-cron.php?doing_wp_cron=1781664983.5479431152343750000000 HTTP/1.1" 200 1 "-" "WordPress/7.0; https://brescia.elettroservicegroup.it"
66.249.70.2 - - [17/Jun/2026:04:56:21 +0200] "GET /?p=16439 HTTP/1.1" 404 17861 "-" "Mozilla/5.0 (Linux; Android 6.0.1; Nexus 5X Build/MMB29P) AppleWebKit/537.36 (KHTML, like Gecko) Chrome/148.0.7778.96 Mobile Safari/537.36 (compatible; Googlebot/2.1; +http://www.google.com/bot.html)"
65.108.235.243 - - [17/Jun/2026:04:59:46 +0200] "POST /wp-cron.php?doing_wp_cron=1781665186.4071340560913085937500 HTTP/1.1" 200 1 "-" "WordPress/7.0; https://brescia.elettroservicegroup.it"
66.249.70.8 - - [17/Jun/2026:04:59:42 +0200] "GET /?p=16195 HTTP/1.1" 404 17861 "-" "Mozilla/5.0 (Linux; Android 6.0.1; Nexus 5X Build/MMB29P) AppleWebKit/537.36 (KHTML, like Gecko) Chrome/148.0.7778.96 Mobile Safari/537.36 (compatible; Googlebot/2.1; +http://www.google.com/bot.html)"
65.108.235.243 - - [17/Jun/2026:05:05:41 +0200] "POST /wp-cron.php?doing_wp_cron=1781665540.9911749362945556640625 HTTP/1.1" 200 1 "-" "WordPress/7.0; https://brescia.elettroservicegroup.it"
17.22.237.49 - - [17/Jun/2026:05:05:35 +0200] "GET /robots.txt HTTP/2.0" 200 193 "-" "Mozilla/5.0 (Macintosh; Intel Mac OS X 10_15_7) AppleWebKit/605.1.15 (KHTML, like Gecko) Version/17.4 Safari/605.1.15 (Applebot/0.1; +http://www.apple.com/go/applebot)"
17.22.237.49 - - [17/Jun/2026:05:05:41 +0200] "GET /feed/?attachment_id=14359 HTTP/2.0" 200 842 "-" "Mozilla/5.0 (Macintosh; Intel Mac OS X 10_15_7) AppleWebKit/605.1.15 (KHTML, like Gecko) Version/17.4 Safari/605.1.15 (Applebot/0.1; +http://www.apple.com/go/applebot)"
65.108.235.243 - - [17/Jun/2026:05:06:28 +0200] "POST /wp-cron.php?doing_wp_cron=1781665588.0373558998107910156250 HTTP/1.1" 200 1 "-" "WordPress/7.0; https://brescia.elettroservicegroup.it"
66.249.70.8 - - [17/Jun/2026:05:06:26 +0200] "GET /?p=16215 HTTP/1.1" 404 17861 "-" "Mozilla/5.0 (Linux; Android 6.0.1; Nexus 5X Build/MMB29P) AppleWebKit/537.36 (KHTML, like Gecko) Chrome/148.0.7778.96 Mobile Safari/537.36 (compatible; Googlebot/2.1; +http://www.google.com/bot.html)"
65.108.235.243 - - [17/Jun/2026:05:20:31 +0200] "POST /wp-cron.php?doing_wp_cron=1781666431.1375629901885986328125 HTTP/1.1" 200 1 "-" "WordPress/7.0; https://brescia.elettroservicegroup.it"
66.249.70.8 - - [17/Jun/2026:05:20:29 +0200] "GET /?p=15836 HTTP/1.1" 404 17861 "-" "Mozilla/5.0 (Linux; Android 6.0.1; Nexus 5X Build/MMB29P) AppleWebKit/537.36 (KHTML, like Gecko) Chrome/148.0.7778.96 Mobile Safari/537.36 (compatible; Googlebot/2.1; +http://www.google.com/bot.html)"
65.108.235.243 - - [17/Jun/2026:05:21:40 +0200] "POST /wp-cron.php?doing_wp_cron=1781666500.0598859786987304687500 HTTP/1.1" 200 1 "-" "WordPress/7.0; https://brescia.elettroservicegroup.it"
66.249.70.8 - - [17/Jun/2026:05:21:38 +0200] "GET /?p=16553 HTTP/1.1" 404 17861 "-" "Mozilla/5.0 (Linux; Android 6.0.1; Nexus 5X Build/MMB29P) AppleWebKit/537.36 (KHTML, like Gecko) Chrome/148.0.7778.96 Mobile Safari/537.36 (compatible; Googlebot/2.1; +http://www.google.com/bot.html)"
65.108.235.243 - - [17/Jun/2026:05:22:43 +0200] "POST /wp-cron.php?doing_wp_cron=1781666563.2040140628814697265625 HTTP/1.1" 200 1 "-" "WordPress/7.0; https://brescia.elettroservicegroup.it"
66.249.70.8 - - [17/Jun/2026:05:22:41 +0200] "GET /?p=15766 HTTP/1.1" 404 17861 "-" "Mozilla/5.0 (Linux; Android 6.0.1; Nexus 5X Build/MMB29P) AppleWebKit/537.36 (KHTML, like Gecko) Chrome/148.0.7778.96 Mobile Safari/537.36 (compatible; Googlebot/2.1; +http://www.google.com/bot.html)"
65.108.235.243 - - [17/Jun/2026:05:26:23 +0200] "POST /wp-cron.php?doing_wp_cron=1781666783.4153509140014648437500 HTTP/1.1" 200 1 "-" "WordPress/7.0; https://brescia.elettroservicegroup.it"
66.249.70.2 - - [17/Jun/2026:05:26:21 +0200] "GET /?p=15670 HTTP/1.1" 404 17861 "-" "Mozilla/5.0 (Linux; Android 6.0.1; Nexus 5X Build/MMB29P) AppleWebKit/537.36 (KHTML, like Gecko) Chrome/148.0.7778.96 Mobile Safari/537.36 (compatible; Googlebot/2.1; +http://www.google.com/bot.html)"
65.108.235.243 - - [17/Jun/2026:05:27:58 +0200] "POST /wp-cron.php?doing_wp_cron=1781666878.8289670944213867187500 HTTP/1.1" 200 1 "-" "WordPress/7.0; https://brescia.elettroservicegroup.it"
66.249.70.1 - - [17/Jun/2026:05:27:57 +0200] "GET /?p=16116 HTTP/1.1" 404 17861 "-" "Mozilla/5.0 (Linux; Android 6.0.1; Nexus 5X Build/MMB29P) AppleWebKit/537.36 (KHTML, like Gecko) Chrome/148.0.7778.96 Mobile Safari/537.36 (compatible; Googlebot/2.1; +http://www.google.com/bot.html)"
65.108.235.243 - - [17/Jun/2026:05:29:06 +0200] "POST /wp-cron.php?doing_wp_cron=1781666946.0304729938507080078125 HTTP/1.1" 200 1 "-" "WordPress/7.0; https://brescia.elettroservicegroup.it"
66.249.70.1 - - [17/Jun/2026:05:29:04 +0200] "GET /?p=16130 HTTP/1.1" 404 17861 "-" "Mozilla/5.0 (Linux; Android 6.0.1; Nexus 5X Build/MMB29P) AppleWebKit/537.36 (KHTML, like Gecko) Chrome/148.0.7778.96 Mobile Safari/537.36 (compatible; Googlebot/2.1; +http://www.google.com/bot.html)"
65.108.235.243 - - [17/Jun/2026:05:32:46 +0200] "POST /wp-cron.php?doing_wp_cron=1781667166.3938810825347900390625 HTTP/1.1" 200 1 "-" "WordPress/7.0; https://brescia.elettroservicegroup.it"
66.249.70.2 - - [17/Jun/2026:05:32:44 +0200] "GET /?p=15866 HTTP/1.1" 404 17861 "-" "Mozilla/5.0 (Linux; Android 6.0.1; Nexus 5X Build/MMB29P) AppleWebKit/537.36 (KHTML, like Gecko) Chrome/148.0.7778.96 Mobile Safari/537.36 (compatible; Googlebot/2.1; +http://www.google.com/bot.html)"
65.108.235.243 - - [17/Jun/2026:05:34:53 +0200] "POST /wp-cron.php?doing_wp_cron=1781667293.1943049430847167968750 HTTP/1.1" 200 1 "-" "WordPress/7.0; https://brescia.elettroservicegroup.it"
66.249.70.8 - - [17/Jun/2026:05:34:50 +0200] "GET /?p=16209 HTTP/1.1" 404 17861 "-" "Mozilla/5.0 (Linux; Android 6.0.1; Nexus 5X Build/MMB29P) AppleWebKit/537.36 (KHTML, like Gecko) Chrome/148.0.7778.96 Mobile Safari/537.36 (compatible; Googlebot/2.1; +http://www.google.com/bot.html)"
65.108.235.243 - - [17/Jun/2026:05:35:56 +0200] "POST /wp-cron.php?doing_wp_cron=1781667356.8337190151214599609375 HTTP/1.1" 200 1 "-" "WordPress/7.0; https://brescia.elettroservicegroup.it"
66.249.70.1 - - [17/Jun/2026:05:35:54 +0200] "GET /?p=16514 HTTP/1.1" 404 17861 "-" "Mozilla/5.0 (Linux; Android 6.0.1; Nexus 5X Build/MMB29P) AppleWebKit/537.36 (KHTML, like Gecko) Chrome/148.0.7778.96 Mobile Safari/537.36 (compatible; Googlebot/2.1; +http://www.google.com/bot.html)"
65.108.235.243 - - [17/Jun/2026:05:36:27 +0200] "POST /wp-cron.php?doing_wp_cron=1781667387.7920160293579101562500 HTTP/1.1" 200 1 "-" "WordPress/7.0; https://brescia.elettroservicegroup.it"
66.249.70.8 - - [17/Jun/2026:05:36:26 +0200] "GET /?p=16750 HTTP/1.1" 404 17861 "-" "Mozilla/5.0 (Linux; Android 6.0.1; Nexus 5X Build/MMB29P) AppleWebKit/537.36 (KHTML, like Gecko) Chrome/148.0.7778.96 Mobile Safari/537.36 (compatible; Googlebot/2.1; +http://www.google.com/bot.html)"
65.108.235.243 - - [17/Jun/2026:05:37:29 +0200] "POST /wp-cron.php?doing_wp_cron=1781667449.2934100627899169921875 HTTP/1.1" 200 1 "-" "WordPress/7.0; https://brescia.elettroservicegroup.it"
66.249.70.1 - - [17/Jun/2026:05:37:27 +0200] "GET /?p=15874 HTTP/1.1" 404 17861 "-" "Mozilla/5.0 (Linux; Android 6.0.1; Nexus 5X Build/MMB29P) AppleWebKit/537.36 (KHTML, like Gecko) Chrome/148.0.7778.96 Mobile Safari/537.36 (compatible; Googlebot/2.1; +http://www.google.com/bot.html)"
65.108.235.243 - - [17/Jun/2026:05:37:50 +0200] "POST /wp-cron.php?doing_wp_cron=1781667470.5223410129547119140625 HTTP/1.1" 200 1 "-" "WordPress/7.0; https://brescia.elettroservicegroup.it"
66.249.70.1 - - [17/Jun/2026:05:37:50 +0200] "GET /?p=15945 HTTP/1.1" 404 17861 "-" "Mozilla/5.0 (Linux; Android 6.0.1; Nexus 5X Build/MMB29P) AppleWebKit/537.36 (KHTML, like Gecko) Chrome/148.0.7778.96 Mobile Safari/537.36 (compatible; Googlebot/2.1; +http://www.google.com/bot.html)"
65.108.235.243 - - [17/Jun/2026:05:43:40 +0200] "POST /wp-cron.php?doing_wp_cron=1781667820.6352689266204833984375 HTTP/1.1" 200 1 "-" "WordPress/7.0; https://brescia.elettroservicegroup.it"
66.249.70.2 - - [17/Jun/2026:05:43:38 +0200] "GET /?p=16154 HTTP/1.1" 404 17861 "-" "Mozilla/5.0 (Linux; Android 6.0.1; Nexus 5X Build/MMB29P) AppleWebKit/537.36 (KHTML, like Gecko) Chrome/148.0.7778.96 Mobile Safari/537.36 (compatible; Googlebot/2.1; +http://www.google.com/bot.html)"
65.108.235.243 - - [17/Jun/2026:05:43:41 +0200] "POST /wp-json/complianz/v1/wsc-scan HTTP/1.1" 400 88 "-" "WordPress/7.0; https://brescia.elettroservicegroup.it"
65.108.235.243 - - [17/Jun/2026:05:45:15 +0200] "POST /wp-cron.php?doing_wp_cron=1781667915.0496690273284912109375 HTTP/1.1" 200 1 "-" "WordPress/7.0; https://brescia.elettroservicegroup.it"
66.249.70.2 - - [17/Jun/2026:05:45:13 +0200] "GET /?p=16810 HTTP/1.1" 404 17861 "-" "Mozilla/5.0 (Linux; Android 6.0.1; Nexus 5X Build/MMB29P) AppleWebKit/537.36 (KHTML, like Gecko) Chrome/148.0.7778.96 Mobile Safari/537.36 (compatible; Googlebot/2.1; +http://www.google.com/bot.html)"
65.108.235.243 - - [17/Jun/2026:05:46:18 +0200] "POST /wp-cron.php?doing_wp_cron=1781667978.3091409206390380859375 HTTP/1.1" 200 1 "-" "WordPress/7.0; https://brescia.elettroservicegroup.it"
66.249.70.2 - - [17/Jun/2026:05:46:14 +0200] "GET /?p=16400 HTTP/1.1" 404 17861 "-" "Mozilla/5.0 (Linux; Android 6.0.1; Nexus 5X Build/MMB29P) AppleWebKit/537.36 (KHTML, like Gecko) Chrome/148.0.7778.96 Mobile Safari/537.36 (compatible; Googlebot/2.1; +http://www.google.com/bot.html)"
65.108.235.243 - - [17/Jun/2026:05:47:26 +0200] "POST /wp-cron.php?doing_wp_cron=1781668046.7308619022369384765625 HTTP/1.1" 200 1 "-" "WordPress/7.0; https://brescia.elettroservicegroup.it"
66.249.70.8 - - [17/Jun/2026:05:47:20 +0200] "GET /?p=15781 HTTP/1.1" 404 17861 "-" "Mozilla/5.0 (Linux; Android 6.0.1; Nexus 5X Build/MMB29P) AppleWebKit/537.36 (KHTML, like Gecko) Chrome/148.0.7778.96 Mobile Safari/537.36 (compatible; Googlebot/2.1; +http://www.google.com/bot.html)"
65.108.235.243 - - [17/Jun/2026:05:48:02 +0200] "POST /wp-cron.php?doing_wp_cron=1781668082.4144089221954345703125 HTTP/1.1" 200 1 "-" "WordPress/7.0; https://brescia.elettroservicegroup.it"
66.249.70.8 - - [17/Jun/2026:05:47:57 +0200] "GET /?p=16298 HTTP/1.1" 503 19986 "-" "Mozilla/5.0 (Linux; Android 6.0.1; Nexus 5X Build/MMB29P) AppleWebKit/537.36 (KHTML, like Gecko) Chrome/148.0.7778.96 Mobile Safari/537.36 (compatible; Googlebot/2.1; +http://www.google.com/bot.html)"
65.108.235.243 - - [17/Jun/2026:05:49:53 +0200] "POST /wp-cron.php?doing_wp_cron=1781668193.7306530475616455078125 HTTP/1.1" 200 1 "-" "WordPress/7.0; https://brescia.elettroservicegroup.it"
66.249.70.8 - - [17/Jun/2026:05:49:49 +0200] "GET /?p=16618 HTTP/1.1" 404 17861 "-" "Mozilla/5.0 (Linux; Android 6.0.1; Nexus 5X Build/MMB29P) AppleWebKit/537.36 (KHTML, like Gecko) Chrome/148.0.7778.96 Mobile Safari/537.36 (compatible; Googlebot/2.1; +http://www.google.com/bot.html)"
66.249.70.8 - - [17/Jun/2026:05:50:20 +0200] "GET /?p=15883 HTTP/1.1" 404 17861 "-" "Mozilla/5.0 (Linux; Android 6.0.1; Nexus 5X Build/MMB29P) AppleWebKit/537.36 (KHTML, like Gecko) Chrome/148.0.7778.96 Mobile Safari/537.36 (compatible; Googlebot/2.1; +http://www.google.com/bot.html)"
65.108.235.243 - - [17/Jun/2026:05:51:11 +0200] "POST /wp-cron.php?doing_wp_cron=1781668271.4313299655914306640625 HTTP/1.1" 200 1 "-" "WordPress/7.0; https://brescia.elettroservicegroup.it"
66.249.70.8 - - [17/Jun/2026:05:51:09 +0200] "GET /?p=16008 HTTP/1.1" 404 17861 "-" "Mozilla/5.0 (Linux; Android 6.0.1; Nexus 5X Build/MMB29P) AppleWebKit/537.36 (KHTML, like Gecko) Chrome/148.0.7778.96 Mobile Safari/537.36 (compatible; Googlebot/2.1; +http://www.google.com/bot.html)"
65.108.235.243 - - [17/Jun/2026:05:52:10 +0200] "POST /wp-cron.php?doing_wp_cron=1781668330.3084230422973632812500 HTTP/1.1" 200 1 "-" "WordPress/7.0; https://brescia.elettroservicegroup.it"
66.249.70.8 - - [17/Jun/2026:05:52:06 +0200] "GET /?p=15858 HTTP/1.1" 404 17861 "-" "Mozilla/5.0 (Linux; Android 6.0.1; Nexus 5X Build/MMB29P) AppleWebKit/537.36 (KHTML, like Gecko) Chrome/148.0.7778.96 Mobile Safari/537.36 (compatible; Googlebot/2.1; +http://www.google.com/bot.html)"
65.108.235.243 - - [17/Jun/2026:05:52:37 +0200] "POST /wp-cron.php?doing_wp_cron=1781668357.4330589771270751953125 HTTP/1.1" 200 1 "-" "WordPress/7.0; https://brescia.elettroservicegroup.it"
66.249.70.8 - - [17/Jun/2026:05:52:37 +0200] "GET /?p=16076 HTTP/1.1" 404 17861 "-" "Mozilla/5.0 (Linux; Android 6.0.1; Nexus 5X Build/MMB29P) AppleWebKit/537.36 (KHTML, like Gecko) Chrome/148.0.7778.96 Mobile Safari/537.36 (compatible; Googlebot/2.1; +http://www.google.com/bot.html)"
65.108.235.243 - - [17/Jun/2026:05:54:08 +0200] "POST /wp-cron.php?doing_wp_cron=1781668448.3358829021453857421875 HTTP/1.1" 200 1 "-" "WordPress/7.0; https://brescia.elettroservicegroup.it"
66.249.70.2 - - [17/Jun/2026:05:54:06 +0200] "GET /?p=15722 HTTP/1.1" 404 17861 "-" "Mozilla/5.0 (Linux; Android 6.0.1; Nexus 5X Build/MMB29P) AppleWebKit/537.36 (KHTML, like Gecko) Chrome/148.0.7778.96 Mobile Safari/537.36 (compatible; Googlebot/2.1; +http://www.google.com/bot.html)"
65.108.235.243 - - [17/Jun/2026:05:54:35 +0200] "POST /wp-cron.php?doing_wp_cron=1781668475.4021489620208740234375 HTTP/1.1" 200 1 "-" "WordPress/7.0; https://brescia.elettroservicegroup.it"
66.249.70.8 - - [17/Jun/2026:05:54:35 +0200] "GET /?p=15952 HTTP/1.1" 404 17861 "-" "Mozilla/5.0 (Linux; Android 6.0.1; Nexus 5X Build/MMB29P) AppleWebKit/537.36 (KHTML, like Gecko) Chrome/148.0.7778.96 Mobile Safari/537.36 (compatible; Googlebot/2.1; +http://www.google.com/bot.html)"
65.108.235.243 - - [17/Jun/2026:05:55:58 +0200] "POST /wp-cron.php?doing_wp_cron=1781668558.7063989639282226562500 HTTP/1.1" 200 1 "-" "WordPress/7.0; https://brescia.elettroservicegroup.it"
66.249.70.2 - - [17/Jun/2026:05:55:56 +0200] "GET /?p=16588 HTTP/1.1" 404 17861 "-" "Mozilla/5.0 (Linux; Android 6.0.1; Nexus 5X Build/MMB29P) AppleWebKit/537.36 (KHTML, like Gecko) Chrome/148.0.7778.96 Mobile Safari/537.36 (compatible; Googlebot/2.1; +http://www.google.com/bot.html)"
65.108.235.243 - - [17/Jun/2026:05:56:58 +0200] "POST /wp-cron.php?doing_wp_cron=1781668618.9115579128265380859375 HTTP/1.1" 200 1 "-" "WordPress/7.0; https://brescia.elettroservicegroup.it"
66.249.70.2 - - [17/Jun/2026:05:56:55 +0200] "GET /?p=16608 HTTP/1.1" 404 17861 "-" "Mozilla/5.0 (Linux; Android 6.0.1; Nexus 5X Build/MMB29P) AppleWebKit/537.36 (KHTML, like Gecko) Chrome/148.0.7778.96 Mobile Safari/537.36 (compatible; Googlebot/2.1; +http://www.google.com/bot.html)"
