65.108.235.243 - - [12/Jun/2026:14:12:35 +0200] "POST /wp-cron.php?doing_wp_cron=1781266355.5218210220336914062500 HTTP/1.1" 200 1 "-" "WordPress/7.0; https://elettroservicegroup.it"
147.185.132.37 - - [12/Jun/2026:14:12:33 +0200] "GET /wp-login.php HTTP/1.1" 200 19111 "-" "Hello from Palo Alto Networks, find out more about our scans in https://docs-cortex.paloaltonetworks.com/r/1/Cortex-Xpanse/Scanning-activity"
65.108.235.243 - - [12/Jun/2026:14:24:54 +0200] "POST /wp-cron.php?doing_wp_cron=1781267094.7143208980560302734375 HTTP/1.1" 200 1 "-" "WordPress/7.0; https://elettroservicegroup.it"
216.73.217.89 - - [12/Jun/2026:14:24:52 +0200] "GET /robots.txt HTTP/2.0" 200 99 "-" "Mozilla/5.0 AppleWebKit/537.36 (KHTML, like Gecko; compatible; ClaudeBot/1.0; +claudebot@anthropic.com)"
216.73.217.89 - - [12/Jun/2026:14:24:54 +0200] "GET /wp-content/cache/wpfc-minified/10hpkmg7/43vgn.css HTTP/2.0" 200 418 "-" "Mozilla/5.0 AppleWebKit/537.36 (KHTML, like Gecko; compatible; ClaudeBot/1.0; +claudebot@anthropic.com)"
216.73.217.89 - - [12/Jun/2026:14:26:13 +0200] "GET /wp-content/cache/wpfc-minified/7ahyfouu/43vgn.css HTTP/2.0" 200 4410 "-" "Mozilla/5.0 AppleWebKit/537.36 (KHTML, like Gecko; compatible; ClaudeBot/1.0; +claudebot@anthropic.com)"
87.106.40.166 - - [12/Jun/2026:14:32:34 +0200] "GET / HTTP/1.1" 200 12493 "-" "Mozilla/5.0 (Windows NT 10.0; Win64; x64) AppleWebKit/537.36"
152.42.197.195 - - [12/Jun/2026:14:38:28 +0200] "GET /wp-json/link-factory/v1/health HTTP/1.1" 200 107 "-" "undici"
152.42.197.195 - - [12/Jun/2026:14:38:30 +0200] "GET /wp-login.php HTTP/1.1" 200 11756 "-" "Mozilla/5.0 (X11; Linux x86_64) AppleWebKit/537.36 (KHTML, like Gecko) Chrome/127.0 Safari/537.36"
152.42.197.195 - - [12/Jun/2026:14:38:32 +0200] "POST /wp-login.php HTTP/1.1" 200 11808 "https://elettroservicegroup.it/wp-login.php" "Mozilla/5.0 (X11; Linux x86_64) AppleWebKit/537.36 (KHTML, like Gecko) Chrome/127.0 Safari/537.36"
65.108.235.243 - - [12/Jun/2026:15:03:21 +0200] "POST /wp-cron.php?doing_wp_cron=1781269401.4310190677642822265625 HTTP/1.1" 200 1 "-" "WordPress/7.0; https://elettroservicegroup.it"
66.249.64.98 - - [12/Jun/2026:15:03:11 +0200] "GET /2026/05/31/migliori-casino-con-senza-verifica-e-prelievo-veloce/ HTTP/1.1" 404 17504 "-" "Mozilla/5.0 (Linux; Android 6.0.1; Nexus 5X Build/MMB29P) AppleWebKit/537.36 (KHTML, like Gecko) Chrome/148.0.7778.96 Mobile Safari/537.36 (compatible; Googlebot/2.1; +http://www.google.com/bot.html)"
65.108.235.243 - - [12/Jun/2026:15:03:23 +0200] "POST /wp-admin/admin-ajax.php?action=wordfence_testAjax HTTP/1.1" 200 16 "-" "WordPress/7.0; https://elettroservicegroup.it"
65.108.235.243 - - [12/Jun/2026:15:03:25 +0200] "GET /wp-admin/admin-ajax.php?action=wordfence_doScan&isFork=0&scanMode=quick&cronKey=766d5ab0cefdd489e6bd80f92a4e8eec&signature=5c4a8a003fffeb45041ff0a1378df6175d6b6c50c6cd6dc98a0dcde20a232962 HTTP/1.1" 200 1 "-" "WordPress/7.0; https://elettroservicegroup.it"
65.108.235.243 - - [12/Jun/2026:15:09:57 +0200] "POST /wp-cron.php?doing_wp_cron=1781269797.9407050609588623046875 HTTP/1.1" 200 1 "-" "WordPress/7.0; https://elettroservicegroup.it"
66.249.64.97 - - [12/Jun/2026:15:09:55 +0200] "GET /2026/05/31/migliori-casino-online-con-prelievo-stesso-giorno/ HTTP/1.1" 404 17504 "-" "Mozilla/5.0 (Linux; Android 6.0.1; Nexus 5X Build/MMB29P) AppleWebKit/537.36 (KHTML, like Gecko) Chrome/148.0.7778.96 Mobile Safari/537.36 (compatible; Googlebot/2.1; +http://www.google.com/bot.html)"
195.250.29.165 - - [12/Jun/2026:15:35:12 +0200] "GET /readme.html HTTP/2.0" 200 11817 "-" "Mozilla/5.0 (Windows NT 10.0; Win64; x64) AppleWebKit/537.36 (KHTML, like Gecko) Chrome/133.0.0.0 Safari/537.36"
132.255.164.117 - - [12/Jun/2026:15:35:17 +0200] "GET / HTTP/2.0" 200 11779 "-" "Mozilla/5.0 (Windows NT 10.0; Win64; x64) AppleWebKit/537.36 (KHTML, like Gecko) Chrome/133.0.0.0 Safari/537.36"
37.27.234.213 - - [12/Jun/2026:15:35:45 +0200] "GET / HTTP/2.0" 200 11819 "-" "Mozilla/5.0 (Windows NT 10.0; Win64; x64) AppleWebKit/537.36 (KHTML, like Gecko) Chrome/133.0.0.0 Safari/537.36"
141.98.11.117 - - [12/Jun/2026:15:35:53 +0200] "GET /feed/ HTTP/2.0" 200 11738 "-" "Mozilla/5.0 (Windows NT 10.0; Win64; x64) AppleWebKit/537.36 (KHTML, like Gecko) Chrome/133.0.0.0 Safari/537.36"
132.255.164.117 - - [12/Jun/2026:15:35:53 +0200] "GET /rss/ HTTP/2.0" 200 11817 "-" "Mozilla/5.0 (Windows NT 10.0; Win64; x64) AppleWebKit/537.36 (KHTML, like Gecko) Chrome/133.0.0.0 Safari/537.36"
103.255.134.61 - - [12/Jun/2026:15:35:54 +0200] "GET /wp-sitemap-users-1.xml HTTP/2.0" 200 11778 "-" "Mozilla/5.0 (Windows NT 10.0; Win64; x64) AppleWebKit/537.36 (KHTML, like Gecko) Chrome/133.0.0.0 Safari/537.36"
192.210.239.16 - - [12/Jun/2026:15:35:55 +0200] "GET /sitemap.xml HTTP/2.0" 200 11798 "-" "Mozilla/5.0 (Windows NT 10.0; Win64; x64) AppleWebKit/537.36 (KHTML, like Gecko) Chrome/133.0.0.0 Safari/537.36"
192.250.239.252 - - [12/Jun/2026:15:36:03 +0200] "GET /wp-json/oembed/1.0/embed?url=https%3A%2F%2Felettroservicegroup.it&format=json HTTP/2.0" 200 107 "-" "Mozilla/5.0 (Windows NT 10.0; Win64; x64) AppleWebKit/537.36 (KHTML, like Gecko) Chrome/133.0.0.0 Safari/537.36"
78.128.43.246 - - [12/Jun/2026:15:36:11 +0200] "GET /author-sitemap.xml HTTP/2.0" 200 11696 "-" "Mozilla/5.0 (Windows NT 10.0; Win64; x64) AppleWebKit/537.36 (KHTML, like Gecko) Chrome/133.0.0.0 Safari/537.36"
87.192.224.131 - - [12/Jun/2026:15:36:15 +0200] "GET /sitemap_index.xml HTTP/2.0" 200 11788 "-" "Mozilla/5.0 (Windows NT 10.0; Win64; x64) AppleWebKit/537.36 (KHTML, like Gecko) Chrome/133.0.0.0 Safari/537.36"
13.203.150.39 - - [12/Jun/2026:15:36:19 +0200] "POST /graphql HTTP/2.0" 200 107 "-" "Mozilla/5.0 (Windows NT 10.0; Win64; x64) AppleWebKit/537.36 (KHTML, like Gecko) Chrome/133.0.0.0 Safari/537.36"
13.203.150.39 - - [12/Jun/2026:15:36:19 +0200] "GET /?rest_route=/wp/v2/users&_jsonp=callback&per_page=100&_fields=id,slug HTTP/2.0" 200 107 "-" "Mozilla/5.0 (Windows NT 10.0; Win64; x64) AppleWebKit/537.36 (KHTML, like Gecko) Chrome/133.0.0.0 Safari/537.36"
64.225.121.94 - - [12/Jun/2026:15:36:23 +0200] "GET /wp-json/wc/v3/customers?per_page=100&_fields=username,email HTTP/2.0" 200 107 "-" "Mozilla/5.0 (Windows NT 10.0; Win64; x64) AppleWebKit/537.36 (KHTML, like Gecko) Chrome/133.0.0.0 Safari/537.36"
185.43.207.46 - - [12/Jun/2026:15:36:24 +0200] "GET /wp-json/wc/v2/customers?per_page=100&_fields=username HTTP/2.0" 200 107 "-" "Mozilla/5.0 (Windows NT 10.0; Win64; x64) AppleWebKit/537.36 (KHTML, like Gecko) Chrome/133.0.0.0 Safari/537.36"
37.27.234.213 - - [12/Jun/2026:15:36:29 +0200] "GET /wp-sitemap-users-1.xml HTTP/2.0" 200 11732 "-" "Mozilla/5.0 (Windows NT 10.0; Win64; x64) AppleWebKit/537.36 (KHTML, like Gecko) Chrome/133.0.0.0 Safari/537.36"
103.127.30.137 - - [12/Jun/2026:15:36:33 +0200] "GET /wp-json/buddypress/v1/members?per_page=100&_fields=user_login HTTP/2.0" 200 107 "-" "Mozilla/5.0 (Windows NT 10.0; Win64; x64) AppleWebKit/537.36 (KHTML, like Gecko) Chrome/133.0.0.0 Safari/537.36"
87.192.224.131 - - [12/Jun/2026:15:36:34 +0200] "GET /wp-json/buddyboss/v1/members?per_page=100&_fields=user_login HTTP/2.0" 200 107 "-" "Mozilla/5.0 (Windows NT 10.0; Win64; x64) AppleWebKit/537.36 (KHTML, like Gecko) Chrome/133.0.0.0 Safari/537.36"
171.244.34.150 - - [12/Jun/2026:15:36:36 +0200] "GET /wp-json/rankmath/v1/getHead?url=https://elettroservicegroup.it HTTP/2.0" 200 107 "-" "Mozilla/5.0 (Windows NT 10.0; Win64; x64) AppleWebKit/537.36 (KHTML, like Gecko) Chrome/133.0.0.0 Safari/537.36"
209.38.251.46 - - [12/Jun/2026:15:36:36 +0200] "GET /wp-json/wp/v2/users?per_page=100&_fields=slug,locale HTTP/2.0" 200 107 "-" "Mozilla/5.0 (Windows NT 10.0; Win64; x64) AppleWebKit/537.36 (KHTML, like Gecko) Chrome/133.0.0.0 Safari/537.36"
31.24.155.180 - - [12/Jun/2026:15:36:40 +0200] "GET /feed/json/ HTTP/2.0" 200 107 "-" "Mozilla/5.0 (Windows NT 10.0; Win64; x64) AppleWebKit/537.36 (KHTML, like Gecko) Chrome/133.0.0.0 Safari/537.36"
104.155.29.73 - - [12/Jun/2026:15:36:42 +0200] "GET /wp-json/wp/v2/users?per_page=100&_fields=slug HTTP/2.0" 200 107 "https://elettroservicegroup.it/" "Mozilla/5.0 (Windows NT 10.0; Win64; x64) AppleWebKit/537.36 (KHTML, like Gecko) Chrome/133.0.0.0 Safari/537.36"
113.190.40.93 - - [12/Jun/2026:15:36:44 +0200] "GET /wp-json/wp/v2/users/me HTTP/2.0" 200 107 "-" "Mozilla/5.0 (Windows NT 10.0; Win64; x64) AppleWebKit/537.36 (KHTML, like Gecko) Chrome/133.0.0.0 Safari/537.36"
208.68.37.246 - - [12/Jun/2026:15:36:44 +0200] "POST /xmlrpc.php HTTP/2.0" 200 107 "-" "Mozilla/5.0 (Windows NT 10.0; Win64; x64) AppleWebKit/537.36 (KHTML, like Gecko) Chrome/133.0.0.0 Safari/537.36"
87.192.224.131 - - [12/Jun/2026:15:36:46 +0200] "GET /?author=1 HTTP/2.0" 200 11772 "-" "Mozilla/5.0 (Windows NT 10.0; Win64; x64) AppleWebKit/537.36 (KHTML, like Gecko) Chrome/133.0.0.0 Safari/537.36"
62.72.44.19 - - [12/Jun/2026:15:36:50 +0200] "GET /?rest_route=/wp/v2/users&_jsonp=callback&per_page=100&_fields=id,slug HTTP/2.0" 200 107 "-" "Mozilla/5.0 (Windows NT 10.0; Win64; x64) AppleWebKit/537.36 (KHTML, like Gecko) Chrome/133.0.0.0 Safari/537.36"
178.238.208.153 - - [12/Jun/2026:15:36:51 +0200] "GET /wp-json/rankmath/v1/getHead?url=https://elettroservicegroup.it HTTP/2.0" 200 107 "-" "Mozilla/5.0 (Windows NT 10.0; Win64; x64) AppleWebKit/537.36 (KHTML, like Gecko) Chrome/133.0.0.0 Safari/537.36"
185.43.207.46 - - [12/Jun/2026:15:37:04 +0200] "GET /wp-json/ultimate-member/v1/users HTTP/2.0" 200 107 "-" "Mozilla/5.0 (Windows NT 10.0; Win64; x64) AppleWebKit/537.36 (KHTML, like Gecko) Chrome/133.0.0.0 Safari/537.36"
195.142.108.235 - - [12/Jun/2026:15:37:06 +0200] "GET /wp-json/buddypress/v1/members HTTP/2.0" 200 107 "-" "Mozilla/5.0 (Windows NT 10.0; Win64; x64) AppleWebKit/537.36 (KHTML, like Gecko) Chrome/133.0.0.0 Safari/537.36"
172.194.139.254 - - [12/Jun/2026:15:37:11 +0200] "GET /wp-json/wp/v2/users?_jsonp=callback&per_page=100&_fields=id,slug HTTP/2.0" 200 107 "-" "Mozilla/5.0 (Windows NT 10.0; Win64; x64) AppleWebKit/537.36 (KHTML, like Gecko) Chrome/133.0.0.0 Safari/537.36"
185.176.8.77 - - [12/Jun/2026:15:37:11 +0200] "GET /wp-json/learnpress/v1/users HTTP/2.0" 200 107 "-" "Mozilla/5.0 (Windows NT 10.0; Win64; x64) AppleWebKit/537.36 (KHTML, like Gecko) Chrome/133.0.0.0 Safari/537.36"
64.225.121.94 - - [12/Jun/2026:15:37:12 +0200] "GET /wp-json/wc/v3/customers HTTP/2.0" 200 107 "-" "Mozilla/5.0 (Windows NT 10.0; Win64; x64) AppleWebKit/537.36 (KHTML, like Gecko) Chrome/133.0.0.0 Safari/537.36"
87.192.224.131 - - [12/Jun/2026:15:37:12 +0200] "GET /wp-json/wp/v2/comments?per_page=100&_fields=author_name,author_url HTTP/2.0" 200 107 "-" "Mozilla/5.0 (Windows NT 10.0; Win64; x64) AppleWebKit/537.36 (KHTML, like Gecko) Chrome/133.0.0.0 Safari/537.36"
31.24.155.180 - - [12/Jun/2026:15:37:17 +0200] "GET /wp-json/bbp-api/v1/users HTTP/2.0" 200 107 "-" "Mozilla/5.0 (Windows NT 10.0; Win64; x64) AppleWebKit/537.36 (KHTML, like Gecko) Chrome/133.0.0.0 Safari/537.36"
132.255.164.117 - - [12/Jun/2026:15:37:18 +0200] "GET /wp-json/wp/v2/media?per_page=50&_fields=author HTTP/2.0" 200 107 "-" "Mozilla/5.0 (Windows NT 10.0; Win64; x64) AppleWebKit/537.36 (KHTML, like Gecko) Chrome/133.0.0.0 Safari/537.36"
87.192.224.131 - - [12/Jun/2026:15:37:25 +0200] "GET /?author=3 HTTP/2.0" 200 11720 "-" "Mozilla/5.0 (Windows NT 10.0; Win64; x64) AppleWebKit/537.36 (KHTML, like Gecko) Chrome/133.0.0.0 Safari/537.36"
103.154.176.224 - - [12/Jun/2026:15:37:32 +0200] "GET /wp-json/mepr/v1/members HTTP/2.0" 200 107 "-" "Mozilla/5.0 (Windows NT 10.0; Win64; x64) AppleWebKit/537.36 (KHTML, like Gecko) Chrome/133.0.0.0 Safari/537.36"
208.109.240.82 - - [12/Jun/2026:15:37:38 +0200] "GET /?author=4 HTTP/2.0" 200 11755 "-" "Mozilla/5.0 (Windows NT 10.0; Win64; x64) AppleWebKit/537.36 (KHTML, like Gecko) Chrome/133.0.0.0 Safari/537.36"
103.255.134.61 - - [12/Jun/2026:15:37:40 +0200] "GET /wp-json/tutor/v1/students HTTP/2.0" 200 107 "-" "Mozilla/5.0 (Windows NT 10.0; Win64; x64) AppleWebKit/537.36 (KHTML, like Gecko) Chrome/133.0.0.0 Safari/537.36"
13.203.150.39 - - [12/Jun/2026:15:37:43 +0200] "GET /?author=3 HTTP/2.0" 200 11779 "-" "Mozilla/5.0 (Windows NT 10.0; Win64; x64) AppleWebKit/537.36 (KHTML, like Gecko) Chrome/133.0.0.0 Safari/537.36"
178.128.36.92 - - [12/Jun/2026:15:37:46 +0200] "POST /xmlrpc.php HTTP/2.0" 200 107 "-" "Mozilla/5.0 (Windows NT 10.0; Win64; x64) AppleWebKit/537.36 (KHTML, like Gecko) Chrome/133.0.0.0 Safari/537.36"
65.108.235.243 - - [12/Jun/2026:15:38:45 +0200] "POST /wp-cron.php?doing_wp_cron=1781271525.3558208942413330078125 HTTP/1.1" 200 1 "-" "WordPress/7.0; https://elettroservicegroup.it"
216.73.217.89 - - [12/Jun/2026:15:38:43 +0200] "GET /robots.txt HTTP/2.0" 200 99 "-" "Mozilla/5.0 AppleWebKit/537.36 (KHTML, like Gecko; compatible; ClaudeBot/1.0; +claudebot@anthropic.com)"
216.73.217.89 - - [12/Jun/2026:15:39:06 +0200] "GET /wp-content/cache/wpfc-minified/8mnxu7sd/43vgn.css HTTP/2.0" 200 16200 "-" "Mozilla/5.0 AppleWebKit/537.36 (KHTML, like Gecko; compatible; ClaudeBot/1.0; +claudebot@anthropic.com)"
65.108.235.243 - - [12/Jun/2026:15:41:23 +0200] "POST /wp-cron.php?doing_wp_cron=1781271683.4411129951477050781250 HTTP/1.1" 200 1 "-" "WordPress/7.0; https://elettroservicegroup.it"
66.249.64.96 - - [12/Jun/2026:15:41:13 +0200] "GET /2026/05/31/migliori-siti-craps-online-aams/ HTTP/1.1" 404 17479 "-" "Mozilla/5.0 (Linux; Android 6.0.1; Nexus 5X Build/MMB29P) AppleWebKit/537.36 (KHTML, like Gecko) Chrome/148.0.7778.96 Mobile Safari/537.36 (compatible; Googlebot/2.1; +http://www.google.com/bot.html)"
65.108.235.243 - - [12/Jun/2026:15:47:50 +0200] "POST /wp-cron.php?doing_wp_cron=1781272070.9224820137023925781250 HTTP/1.1" 200 1 "-" "WordPress/7.0; https://elettroservicegroup.it"
66.249.64.98 - - [12/Jun/2026:15:47:48 +0200] "GET /2026/05/31/poker-room-palermo/ HTTP/1.1" 404 17475 "-" "Mozilla/5.0 (Linux; Android 6.0.1; Nexus 5X Build/MMB29P) AppleWebKit/537.36 (KHTML, like Gecko) Chrome/148.0.7778.96 Mobile Safari/537.36 (compatible; Googlebot/2.1; +http://www.google.com/bot.html)"
65.108.235.243 - - [12/Jun/2026:16:02:27 +0200] "POST /wp-cron.php?doing_wp_cron=1781272947.5484640598297119140625 HTTP/1.1" 200 1 "-" "WordPress/7.0; https://elettroservicegroup.it"
66.249.64.96 - - [12/Jun/2026:16:02:24 +0200] "GET /?p=15908 HTTP/1.1" 404 17443 "-" "Mozilla/5.0 (Linux; Android 6.0.1; Nexus 5X Build/MMB29P) AppleWebKit/537.36 (KHTML, like Gecko) Chrome/148.0.7778.96 Mobile Safari/537.36 (compatible; Googlebot/2.1; +http://www.google.com/bot.html)"
216.73.217.89 - - [12/Jun/2026:16:17:44 +0200] "GET /wp-content/cache/wpfc-minified/ln72gqbu/44215.css HTTP/2.0" 200 16103 "-" "Mozilla/5.0 AppleWebKit/537.36 (KHTML, like Gecko; compatible; ClaudeBot/1.0; +claudebot@anthropic.com)"
65.108.235.243 - - [12/Jun/2026:16:19:35 +0200] "POST /wp-cron.php?doing_wp_cron=1781273975.6278159618377685546875 HTTP/1.1" 200 1 "-" "WordPress/7.0; https://elettroservicegroup.it"
66.249.64.98 - - [12/Jun/2026:16:19:33 +0200] "GET /2026/05/31/casino-aams-vs-non-aams-limiti/ HTTP/1.1" 404 17494 "-" "Mozilla/5.0 (Linux; Android 6.0.1; Nexus 5X Build/MMB29P) AppleWebKit/537.36 (KHTML, like Gecko) Chrome/148.0.7778.96 Mobile Safari/537.36 (compatible; Googlebot/2.1; +http://www.google.com/bot.html)"
65.108.235.243 - - [12/Jun/2026:16:37:21 +0200] "POST /wp-cron.php?doing_wp_cron=1781275041.2409551143646240234375 HTTP/1.1" 200 1 "-" "WordPress/7.0; https://elettroservicegroup.it"
152.42.197.195 - - [12/Jun/2026:16:37:18 +0200] "POST /xmlrpc.php HTTP/1.1" 404 17487 "-" "undici"
152.42.197.195 - - [12/Jun/2026:16:37:23 +0200] "GET /wp-json/wp/v2/categories?search=Uncategorized&per_page=100 HTTP/1.1" 415 273 "-" "undici"
152.42.197.195 - - [12/Jun/2026:16:37:25 +0200] "GET /wp-json/wp/v2/settings HTTP/1.1" 401 84 "-" "undici"
31.24.139.127 - - [12/Jun/2026:16:44:29 +0200] "GET /chi-siamo/ HTTP/2.0" 200 21673 "https://reggio-emilia.elettroservicegroup.it/" "Mozilla/5.0 (Windows NT 10.0; Win64; x64) AppleWebKit/537.36 (KHTML, like Gecko) Chrome/148.0.0.0 Safari/537.36"
31.24.139.127 - - [12/Jun/2026:16:44:30 +0200] "GET /wp-content/uploads/elementor/css/post-14146.css?ver=1781232806 HTTP/2.0" 200 428 "https://elettroservicegroup.it/chi-siamo/" "Mozilla/5.0 (Windows NT 10.0; Win64; x64) AppleWebKit/537.36 (KHTML, like Gecko) Chrome/148.0.0.0 Safari/537.36"
31.24.139.127 - - [12/Jun/2026:16:44:30 +0200] "GET /wp-content/cache/wpfc-minified/10hpkmg7/43vgn.css HTTP/2.0" 200 418 "https://elettroservicegroup.it/chi-siamo/" "Mozilla/5.0 (Windows NT 10.0; Win64; x64) AppleWebKit/537.36 (KHTML, like Gecko) Chrome/148.0.0.0 Safari/537.36"
31.24.139.127 - - [12/Jun/2026:16:44:30 +0200] "GET /wp-content/uploads/elementor/css/post-15145.css?ver=1781232806 HTTP/2.0" 200 704 "https://elettroservicegroup.it/chi-siamo/" "Mozilla/5.0 (Windows NT 10.0; Win64; x64) AppleWebKit/537.36 (KHTML, like Gecko) Chrome/148.0.0.0 Safari/537.36"
31.24.139.127 - - [12/Jun/2026:16:44:30 +0200] "GET /wp-content/uploads/elementor/css/post-14366.css?ver=1781232806 HTTP/2.0" 200 310 "https://elettroservicegroup.it/chi-siamo/" "Mozilla/5.0 (Windows NT 10.0; Win64; x64) AppleWebKit/537.36 (KHTML, like Gecko) Chrome/148.0.0.0 Safari/537.36"
31.24.139.127 - - [12/Jun/2026:16:44:30 +0200] "GET /wp-content/cache/wpfc-minified/eh40z7s2/43vgn.css HTTP/2.0" 200 11323 "https://elettroservicegroup.it/chi-siamo/" "Mozilla/5.0 (Windows NT 10.0; Win64; x64) AppleWebKit/537.36 (KHTML, like Gecko) Chrome/148.0.0.0 Safari/537.36"
31.24.139.127 - - [12/Jun/2026:16:44:30 +0200] "GET /wp-content/cache/wpfc-minified/m8vzkiox/43vgn.css HTTP/2.0" 200 23329 "https://elettroservicegroup.it/chi-siamo/" "Mozilla/5.0 (Windows NT 10.0; Win64; x64) AppleWebKit/537.36 (KHTML, like Gecko) Chrome/148.0.0.0 Safari/537.36"
31.24.139.127 - - [12/Jun/2026:16:44:30 +0200] "GET /wp-content/cache/wpfc-minified/7ahyfouu/43vgn.css HTTP/2.0" 200 4410 "https://elettroservicegroup.it/chi-siamo/" "Mozilla/5.0 (Windows NT 10.0; Win64; x64) AppleWebKit/537.36 (KHTML, like Gecko) Chrome/148.0.0.0 Safari/537.36"
31.24.139.127 - - [12/Jun/2026:16:44:30 +0200] "GET /wp-content/cache/wpfc-minified/fspqf2ba/43vgn.css HTTP/2.0" 200 16112 "https://elettroservicegroup.it/chi-siamo/" "Mozilla/5.0 (Windows NT 10.0; Win64; x64) AppleWebKit/537.36 (KHTML, like Gecko) Chrome/148.0.0.0 Safari/537.36"
31.24.139.127 - - [12/Jun/2026:16:44:30 +0200] "GET /wp-content/cache/wpfc-minified/dih7xtos/43vgn.css HTTP/2.0" 200 19016 "https://elettroservicegroup.it/chi-siamo/" "Mozilla/5.0 (Windows NT 10.0; Win64; x64) AppleWebKit/537.36 (KHTML, like Gecko) Chrome/148.0.0.0 Safari/537.36"
31.24.139.127 - - [12/Jun/2026:16:44:30 +0200] "GET /wp-content/cache/wpfc-minified/6yk1ya41/43vgn.css HTTP/2.0" 200 14481 "https://elettroservicegroup.it/chi-siamo/" "Mozilla/5.0 (Windows NT 10.0; Win64; x64) AppleWebKit/537.36 (KHTML, like Gecko) Chrome/148.0.0.0 Safari/537.36"
31.24.139.127 - - [12/Jun/2026:16:44:30 +0200] "GET /wp-content/uploads/2021/10/cropped-cropped-cropped-logo_white_background.png HTTP/2.0" 200 38971 "https://elettroservicegroup.it/chi-siamo/" "Mozilla/5.0 (Windows NT 10.0; Win64; x64) AppleWebKit/537.36 (KHTML, like Gecko) Chrome/148.0.0.0 Safari/537.36"
31.24.139.127 - - [12/Jun/2026:16:44:30 +0200] "GET /wp-content/uploads/2026/05/COPERTINA-11-300x150-1.png HTTP/2.0" 200 30285 "https://elettroservicegroup.it/chi-siamo/" "Mozilla/5.0 (Windows NT 10.0; Win64; x64) AppleWebKit/537.36 (KHTML, like Gecko) Chrome/148.0.0.0 Safari/537.36"
31.24.139.127 - - [12/Jun/2026:16:44:30 +0200] "GET /wp-content/cache/wpfc-minified/kbnudfut/43vgn.js HTTP/2.0" 200 8744 "https://elettroservicegroup.it/chi-siamo/" "Mozilla/5.0 (Windows NT 10.0; Win64; x64) AppleWebKit/537.36 (KHTML, like Gecko) Chrome/148.0.0.0 Safari/537.36"
31.24.139.127 - - [12/Jun/2026:16:44:30 +0200] "GET /wp-content/plugins/gp-premium/menu-plus/functions/js/sticky.min.js?ver=2.5.5 HTTP/2.0" 200 2670 "https://elettroservicegroup.it/chi-siamo/" "Mozilla/5.0 (Windows NT 10.0; Win64; x64) AppleWebKit/537.36 (KHTML, like Gecko) Chrome/148.0.0.0 Safari/537.36"
31.24.139.127 - - [12/Jun/2026:16:44:30 +0200] "GET /wp-content/cache/wpfc-minified/kdwvm73z/43vgn.js HTTP/2.0" 200 32843 "https://elettroservicegroup.it/chi-siamo/" "Mozilla/5.0 (Windows NT 10.0; Win64; x64) AppleWebKit/537.36 (KHTML, like Gecko) Chrome/148.0.0.0 Safari/537.36"
31.24.139.127 - - [12/Jun/2026:16:44:30 +0200] "GET /wp-content/plugins/elementor/assets/js/webpack.runtime.min.js?ver=4.1.3 HTTP/2.0" 200 2340 "https://elettroservicegroup.it/chi-siamo/" "Mozilla/5.0 (Windows NT 10.0; Win64; x64) AppleWebKit/537.36 (KHTML, like Gecko) Chrome/148.0.0.0 Safari/537.36"
31.24.139.127 - - [12/Jun/2026:16:44:30 +0200] "GET /wp-content/plugins/elementor/assets/js/frontend-modules.min.js?ver=4.1.3 HTTP/2.0" 200 15454 "https://elettroservicegroup.it/chi-siamo/" "Mozilla/5.0 (Windows NT 10.0; Win64; x64) AppleWebKit/537.36 (KHTML, like Gecko) Chrome/148.0.0.0 Safari/537.36"
31.24.139.127 - - [12/Jun/2026:16:44:30 +0200] "GET /wp-includes/js/jquery/ui/core.min.js?ver=1.13.3 HTTP/2.0" 200 6820 "https://elettroservicegroup.it/chi-siamo/" "Mozilla/5.0 (Windows NT 10.0; Win64; x64) AppleWebKit/537.36 (KHTML, like Gecko) Chrome/148.0.0.0 Safari/537.36"
31.24.139.127 - - [12/Jun/2026:16:44:30 +0200] "GET /wp-content/themes/generatepress/assets/js/back-to-top.min.js?ver=3.6.1 HTTP/2.0" 200 336 "https://elettroservicegroup.it/chi-siamo/" "Mozilla/5.0 (Windows NT 10.0; Win64; x64) AppleWebKit/537.36 (KHTML, like Gecko) Chrome/148.0.0.0 Safari/537.36"
31.24.139.127 - - [12/Jun/2026:16:44:30 +0200] "GET /wp-content/themes/generatepress/assets/js/menu.min.js?ver=3.6.1 HTTP/2.0" 200 1688 "https://elettroservicegroup.it/chi-siamo/" "Mozilla/5.0 (Windows NT 10.0; Win64; x64) AppleWebKit/537.36 (KHTML, like Gecko) Chrome/148.0.0.0 Safari/537.36"
31.24.139.127 - - [12/Jun/2026:16:44:30 +0200] "GET /wp-content/plugins/complianz-gdpr-premium/cookiebanner/js/complianz.min.js?ver=1780325960 HTTP/2.0" 200 10708 "https://elettroservicegroup.it/chi-siamo/" "Mozilla/5.0 (Windows NT 10.0; Win64; x64) AppleWebKit/537.36 (KHTML, like Gecko) Chrome/148.0.0.0 Safari/537.36"
31.24.139.127 - - [12/Jun/2026:16:44:30 +0200] "GET /wp-content/plugins/elementor/assets/js/frontend.min.js?ver=4.1.3 HTTP/2.0" 200 10140 "https://elettroservicegroup.it/chi-siamo/" "Mozilla/5.0 (Windows NT 10.0; Win64; x64) AppleWebKit/537.36 (KHTML, like Gecko) Chrome/148.0.0.0 Safari/537.36"
31.24.139.127 - - [12/Jun/2026:16:44:30 +0200] "GET /wp-content/plugins/elementor/assets/lib/font-awesome/webfonts/fa-solid-900.woff2 HTTP/2.0" 200 78201 "https://elettroservicegroup.it/wp-content/cache/wpfc-minified/fspqf2ba/43vgn.css" "Mozilla/5.0 (Windows NT 10.0; Win64; x64) AppleWebKit/537.36 (KHTML, like Gecko) Chrome/148.0.0.0 Safari/537.36"
31.24.139.127 - - [12/Jun/2026:16:44:30 +0200] "GET /wp-content/uploads/elementor/google-fonts/fonts/robotoslab-bngmuxzytxpivibgjjsb6ufn5qu.woff2 HTTP/2.0" 200 34328 "https://elettroservicegroup.it/wp-content/cache/wpfc-minified/6yk1ya41/43vgn.css" "Mozilla/5.0 (Windows NT 10.0; Win64; x64) AppleWebKit/537.36 (KHTML, like Gecko) Chrome/148.0.0.0 Safari/537.36"
31.24.139.127 - - [12/Jun/2026:16:44:30 +0200] "GET /wp-content/uploads/2021/10/COPERTINA.png HTTP/2.0" 200 238875 "https://elettroservicegroup.it/chi-siamo/" "Mozilla/5.0 (Windows NT 10.0; Win64; x64) AppleWebKit/537.36 (KHTML, like Gecko) Chrome/148.0.0.0 Safari/537.36"
31.24.139.127 - - [12/Jun/2026:16:44:30 +0200] "GET /wp-content/uploads/2026/05/RECENSIONI-gOOGLE.png HTTP/2.0" 200 5052 "https://elettroservicegroup.it/chi-siamo/" "Mozilla/5.0 (Windows NT 10.0; Win64; x64) AppleWebKit/537.36 (KHTML, like Gecko) Chrome/148.0.0.0 Safari/537.36"
31.24.139.127 - - [12/Jun/2026:16:44:30 +0200] "GET /wp-content/plugins/elementor/assets/lib/font-awesome/webfonts/fa-regular-400.woff2 HTTP/2.0" 200 13277 "https://elettroservicegroup.it/wp-content/cache/wpfc-minified/fspqf2ba/43vgn.css" "Mozilla/5.0 (Windows NT 10.0; Win64; x64) AppleWebKit/537.36 (KHTML, like Gecko) Chrome/148.0.0.0 Safari/537.36"
31.24.139.127 - - [12/Jun/2026:16:44:30 +0200] "GET /wp-content/plugins/elementor/assets/js/section-frontend-handlers.d85ab872da118940910d.bundle.min.js HTTP/2.0" 200 230 "https://elettroservicegroup.it/chi-siamo/" "Mozilla/5.0 (Windows NT 10.0; Win64; x64) AppleWebKit/537.36 (KHTML, like Gecko) Chrome/148.0.0.0 Safari/537.36"
31.24.139.127 - - [12/Jun/2026:16:44:30 +0200] "GET /wp-content/plugins/elementor/assets/js/text-editor.45609661e409413f1cef.bundle.min.js HTTP/2.0" 200 592 "https://elettroservicegroup.it/chi-siamo/" "Mozilla/5.0 (Windows NT 10.0; Win64; x64) AppleWebKit/537.36 (KHTML, like Gecko) Chrome/148.0.0.0 Safari/537.36"
31.24.139.127 - - [12/Jun/2026:16:44:30 +0200] "GET /wp-content/plugins/elementor/assets/js/shared-frontend-handlers.03caa53373b56d3bab67.bundle.min.js HTTP/2.0" 200 2515 "https://elettroservicegroup.it/chi-siamo/" "Mozilla/5.0 (Windows NT 10.0; Win64; x64) AppleWebKit/537.36 (KHTML, like Gecko) Chrome/148.0.0.0 Safari/537.36"
31.24.139.127 - - [12/Jun/2026:16:44:31 +0200] "GET /wp-content/uploads/2021/10/cropped-cropped-cropped-cropped-logo_white_background-32x32.png HTTP/2.0" 200 1525 "https://elettroservicegroup.it/chi-siamo/" "Mozilla/5.0 (Windows NT 10.0; Win64; x64) AppleWebKit/537.36 (KHTML, like Gecko) Chrome/148.0.0.0 Safari/537.36"
65.108.235.243 - - [12/Jun/2026:16:44:33 +0200] "POST /wp-cron.php?doing_wp_cron=1781275473.0255570411682128906250 HTTP/1.1" 200 1 "-" "WordPress/7.0; https://elettroservicegroup.it"
31.24.139.127 - - [12/Jun/2026:16:44:30 +0200] "GET /wp-json/complianz/v1/banner?lang=it&locale=it_IT&token=abiyw HTTP/2.0" 200 83 "https://elettroservicegroup.it/chi-siamo/" "Mozilla/5.0 (Windows NT 10.0; Win64; x64) AppleWebKit/537.36 (KHTML, like Gecko) Chrome/148.0.0.0 Safari/537.36"
31.24.139.127 - - [12/Jun/2026:16:44:33 +0200] "GET /wp-content/uploads/complianz/css/banner-1-optin.css?v=45 HTTP/2.0" 200 2651 "https://elettroservicegroup.it/chi-siamo/" "Mozilla/5.0 (Windows NT 10.0; Win64; x64) AppleWebKit/537.36 (KHTML, like Gecko) Chrome/148.0.0.0 Safari/537.36"
31.24.139.127 - - [12/Jun/2026:16:44:33 +0200] "GET /wp-json/complianz/v1/cookie_data HTTP/2.0" 200 97 "https://elettroservicegroup.it/chi-siamo/" "Mozilla/5.0 (Windows NT 10.0; Win64; x64) AppleWebKit/537.36 (KHTML, like Gecko) Chrome/148.0.0.0 Safari/537.36"
31.24.139.127 - - [12/Jun/2026:16:44:45 +0200] "POST /wp-json/complianz/v1/track HTTP/2.0" 200 20 "https://elettroservicegroup.it/chi-siamo/" "Mozilla/5.0 (Windows NT 10.0; Win64; x64) AppleWebKit/537.36 (KHTML, like Gecko) Chrome/148.0.0.0 Safari/537.36"
31.24.139.127 - - [12/Jun/2026:16:44:53 +0200] "GET /wp-content/plugins/complianz-gdpr-premium/assets/images/placeholders/google-maps-minimal-1280x920.jpg HTTP/2.0" 200 55264 "https://elettroservicegroup.it/chi-siamo/" "Mozilla/5.0 (Windows NT 10.0; Win64; x64) AppleWebKit/537.36 (KHTML, like Gecko) Chrome/148.0.0.0 Safari/537.36"
65.108.235.243 - - [12/Jun/2026:16:50:45 +0200] "POST /wp-cron.php?doing_wp_cron=1781275844.9909510612487792968750 HTTP/1.1" 200 1 "-" "WordPress/7.0; https://elettroservicegroup.it"
216.73.217.89 - - [12/Jun/2026:16:50:43 +0200] "GET /robots.txt HTTP/2.0" 200 99 "-" "Mozilla/5.0 AppleWebKit/537.36 (KHTML, like Gecko; compatible; ClaudeBot/1.0; +claudebot@anthropic.com)"
78.141.222.30 - - [12/Jun/2026:17:12:22 +0200] "GET /wp-content/plugins/elite-slider/elite-slider.php HTTP/1.1" 200 11845 "-" "Mozilla/5.0 (X11; Linux x86_64) AppleWebKit/537.36 (KHTML, like Gecko) Chrome/143.0.0.0 Safari/537.36"
20.230.111.191 - - [12/Jun/2026:17:23:38 +0200] "GET / HTTP/1.1" 200 23111 "-" "Mozilla/5.0 (Windows NT 10.0; Win64; x64; rv:151.0) Gecko/20100101 Firefox/151.0"