136.107.96.80 - - [12/Jun/2026:16:13:24 +0200] "GET /wp-content/uploads/2021/12/LAVASTOVIGLIE.jpg HTTP/2.0" 200 8879 "https://reggio-emilia.elettroservicegroup.it/assistenza-lavastoviglie-reggio-emilia/" "Mozilla/5.0 (Linux; Android 8.1.0; Moto G (4)) AppleWebKit/537.36 (KHTML like Gecko) Chrome/149.0.0.0 Mobile Safari/537.36 PTST/260602.124101"
136.107.96.80 - - [12/Jun/2026:16:13:25 +0200] "GET /wp-json/complianz/v1/banner?lang=it&locale=it_IT&token=iomvf HTTP/2.0" 200 84 "https://reggio-emilia.elettroservicegroup.it/assistenza-lavastoviglie-reggio-emilia/" "Mozilla/5.0 (Linux; Android 8.1.0; Moto G (4)) AppleWebKit/537.36 (KHTML like Gecko) Chrome/149.0.0.0 Mobile Safari/537.36 PTST/260602.124101"
136.107.96.80 - - [12/Jun/2026:16:13:26 +0200] "GET /wp-content/plugins/elementor/assets/js/section-frontend-handlers.d85ab872da118940910d.bundle.min.js HTTP/2.0" 200 230 "https://reggio-emilia.elettroservicegroup.it/assistenza-lavastoviglie-reggio-emilia/" "Mozilla/5.0 (Linux; Android 8.1.0; Moto G (4)) AppleWebKit/537.36 (KHTML like Gecko) Chrome/149.0.0.0 Mobile Safari/537.36 PTST/260602.124101"
136.107.96.80 - - [12/Jun/2026:16:13:26 +0200] "GET /wp-content/plugins/elementor/assets/js/shared-frontend-handlers.03caa53373b56d3bab67.bundle.min.js HTTP/2.0" 200 2515 "https://reggio-emilia.elettroservicegroup.it/assistenza-lavastoviglie-reggio-emilia/" "Mozilla/5.0 (Linux; Android 8.1.0; Moto G (4)) AppleWebKit/537.36 (KHTML like Gecko) Chrome/149.0.0.0 Mobile Safari/537.36 PTST/260602.124101"
136.107.96.80 - - [12/Jun/2026:16:13:26 +0200] "GET /wp-content/plugins/elementor/assets/js/text-editor.45609661e409413f1cef.bundle.min.js HTTP/2.0" 200 592 "https://reggio-emilia.elettroservicegroup.it/assistenza-lavastoviglie-reggio-emilia/" "Mozilla/5.0 (Linux; Android 8.1.0; Moto G (4)) AppleWebKit/537.36 (KHTML like Gecko) Chrome/149.0.0.0 Mobile Safari/537.36 PTST/260602.124101"
136.107.96.80 - - [12/Jun/2026:16:13:26 +0200] "GET /wp-content/uploads/complianz/css/banner-1-optin.css?v=511 HTTP/2.0" 200 2622 "https://reggio-emilia.elettroservicegroup.it/assistenza-lavastoviglie-reggio-emilia/" "Mozilla/5.0 (Linux; Android 8.1.0; Moto G (4)) AppleWebKit/537.36 (KHTML like Gecko) Chrome/149.0.0.0 Mobile Safari/537.36 PTST/260602.124101"
136.107.96.80 - - [12/Jun/2026:16:13:26 +0200] "GET /wp-json/complianz/v1/cookie_data HTTP/2.0" 200 82 "https://reggio-emilia.elettroservicegroup.it/assistenza-lavastoviglie-reggio-emilia/" "Mozilla/5.0 (Linux; Android 8.1.0; Moto G (4)) AppleWebKit/537.36 (KHTML like Gecko) Chrome/149.0.0.0 Mobile Safari/537.36 PTST/260602.124101"
136.107.96.80 - - [12/Jun/2026:16:13:31 +0200] "GET /wp-content/uploads/2021/10/cropped-cropped-cropped-cropped-logo_white_background-32x32.png HTTP/2.0" 200 1181 "https://reggio-emilia.elettroservicegroup.it/assistenza-lavastoviglie-reggio-emilia/" "Mozilla/5.0 (Linux; Android 8.1.0; Moto G (4)) AppleWebKit/537.36 (KHTML like Gecko) Chrome/149.0.0.0 Mobile Safari/537.36 PTST/260602.124101"
136.107.96.80 - - [12/Jun/2026:16:13:46 +0200] "GET /llms.txt HTTP/2.0" 200 6887 "-" "Mozilla/5.0 (X11; Linux x86_64) AppleWebKit/537.36 (KHTML, like Gecko) HeadlessChrome/149.0.0.0 Safari/537.36"
136.107.96.80 - - [12/Jun/2026:16:13:47 +0200] "GET /wp-content/uploads/2021/12/copertina-Riparazione_Lavastoviglie-.jpg HTTP/2.0" 200 35425 "https://reggio-emilia.elettroservicegroup.it/assistenza-lavastoviglie-reggio-emilia/" "Mozilla/5.0 (Linux; Android 8.1.0; Moto G (4)) AppleWebKit/537.36 (KHTML like Gecko) Chrome/149.0.0.0 Mobile Safari/537.36 PTST/260602.124101"
65.108.235.243 - - [12/Jun/2026:16:13:48 +0200] "POST /wp-cron.php?doing_wp_cron=1781273628.2875800132751464843750 HTTP/1.1" 200 1 "-" "WordPress/7.0; https://reggio-emilia.elettroservicegroup.it"
136.107.96.80 - - [12/Jun/2026:16:13:48 +0200] "GET /robots.txt HTTP/2.0" 200 110 "-" "Mozilla/5.0 (X11; Linux x86_64) AppleWebKit/537.36 (KHTML, like Gecko) HeadlessChrome/149.0.0.0 Safari/537.36"
136.107.96.80 - - [12/Jun/2026:16:13:49 +0200] "POST /wp-json/complianz/v1/track HTTP/2.0" 200 20 "https://reggio-emilia.elettroservicegroup.it/assistenza-lavastoviglie-reggio-emilia/" "Mozilla/5.0 (Linux; Android 8.1.0; Moto G (4)) AppleWebKit/537.36 (KHTML like Gecko) Chrome/149.0.0.0 Mobile Safari/537.36 PTST/260602.124101"
65.108.235.243 - - [12/Jun/2026:16:15:02 +0200] "POST /wp-cron.php?doing_wp_cron=1781273702.9313728809356689453125 HTTP/1.1" 200 1 "-" "WordPress/7.0; https://reggio-emilia.elettroservicegroup.it"
74.125.151.200 - - [12/Jun/2026:16:15:00 +0200] "GET /assistenza-aeg-correggio/ HTTP/1.1" 200 29864 "-" "Mozilla/5.0 (Linux; Android 6.0.1; Nexus 5X Build/MMB29P) AppleWebKit/537.36 (KHTML, like Gecko) Chrome/148.0.7778.96 Mobile Safari/537.36 (compatible; AdsBot-Google-Mobile; +http://www.google.com/mobile/adsbot.html)"
65.108.235.243 - - [12/Jun/2026:16:15:48 +0200] "POST /wp-cron.php?doing_wp_cron=1781273748.2266769409179687500000 HTTP/1.1" 200 1 "-" "WordPress/7.0; https://reggio-emilia.elettroservicegroup.it"
74.125.151.200 - - [12/Jun/2026:16:15:42 +0200] "GET /assistenza-whirlpool-reggio-emilia/ HTTP/1.1" 200 30048 "-" "Mozilla/5.0 (Linux; Android 6.0.1; Nexus 5X Build/MMB29P) AppleWebKit/537.36 (KHTML, like Gecko) Chrome/148.0.7778.96 Mobile Safari/537.36 (compatible; AdsBot-Google-Mobile; +http://www.google.com/mobile/adsbot.html)"
74.125.151.199 - - [12/Jun/2026:16:15:50 +0200] "GET /wp-content/uploads/elementor/css/post-17840.css?ver=1781196190 HTTP/1.1" 200 2168 "https://reggio-emilia.elettroservicegroup.it/assistenza-whirlpool-reggio-emilia/" "AdsBot-Google (+http://www.google.com/adsbot.html)"
65.108.235.243 - - [12/Jun/2026:16:15:50 +0200] "GET /assistenza-lavastoviglie-ariston-santilario-denza/ HTTP/1.1" 200 30005 "-" "WP Fastest Cache Preload Bot"
65.108.235.243 - - [12/Jun/2026:16:15:53 +0200] "GET /assistenza-lavastoviglie-ariston-guastalla/ HTTP/1.1" 200 29922 "-" "WP Fastest Cache Preload Bot"
65.108.235.243 - - [12/Jun/2026:16:15:55 +0200] "GET /assistenza-lavastoviglie-ariston-correggio/ HTTP/1.1" 200 29912 "-" "WP Fastest Cache Preload Bot"
65.108.235.243 - - [12/Jun/2026:16:15:57 +0200] "GET /assistenza-lavastoviglie-ariston-reggio-emilia/ HTTP/1.1" 200 29911 "-" "WP Fastest Cache Preload Bot"
65.108.235.243 - - [12/Jun/2026:16:17:18 +0200] "POST /wp-cron.php?doing_wp_cron=1781273838.6337769031524658203125 HTTP/1.1" 200 1 "-" "WordPress/7.0; https://reggio-emilia.elettroservicegroup.it"
74.125.151.200 - - [12/Jun/2026:16:17:16 +0200] "GET /assistenza-ariston-reggio-emilia/ HTTP/1.1" 200 30027 "-" "Mozilla/5.0 (Linux; Android 6.0.1; Nexus 5X Build/MMB29P) AppleWebKit/537.36 (KHTML, like Gecko) Chrome/148.0.7778.96 Mobile Safari/537.36 (compatible; AdsBot-Google-Mobile; +http://www.google.com/mobile/adsbot.html)"
74.125.151.199 - - [12/Jun/2026:16:17:21 +0200] "GET /wp-content/uploads/elementor/css/post-17696.css?ver=1781243926 HTTP/1.1" 200 2167 "https://reggio-emilia.elettroservicegroup.it/assistenza-ariston-reggio-emilia/" "AdsBot-Google (+http://www.google.com/adsbot.html)"
74.125.151.200 - - [12/Jun/2026:16:17:22 +0200] "GET /wp-content/uploads/elementor/google-fonts/fonts/roboto-kfo7cnqeu92fr1me7ksn66agldtyluama3yuba.woff2 HTTP/1.1" 304 - "https://reggio-emilia.elettroservicegroup.it/wp-content/uploads/elementor/google-fonts/css/roboto.css?ver=1742255001" "AdsBot-Google (+http://www.google.com/adsbot.html)"
74.125.151.201 - - [12/Jun/2026:16:20:21 +0200] "GET /wp-content/uploads/elementor/css/post-17691.css?ver=1781246083 HTTP/1.1" 200 2181 "https://reggio-emilia.elettroservicegroup.it/assistenza-aeg-correggio/" "AdsBot-Google (+http://www.google.com/adsbot.html)"
74.125.151.199 - - [12/Jun/2026:16:36:03 +0200] "GET /assistenza-indesit-rubiera/ HTTP/1.1" 200 34967 "-" "AdsBot-Google (+http://www.google.com/adsbot.html)"
74.125.151.199 - - [12/Jun/2026:16:36:05 +0200] "GET /wp-content/cache/wpfc-minified/ky0w1tys/2roae.css HTTP/1.1" 200 418 "https://reggio-emilia.elettroservicegroup.it/assistenza-indesit-rubiera/" "AdsBot-Google (+http://www.google.com/adsbot.html)"
74.125.151.200 - - [12/Jun/2026:16:36:06 +0200] "GET /wp-content/uploads/elementor/css/post-14146.css?ver=1781191611 HTTP/1.1" 200 428 "https://reggio-emilia.elettroservicegroup.it/assistenza-indesit-rubiera/" "AdsBot-Google (+http://www.google.com/adsbot.html)"
74.125.151.199 - - [12/Jun/2026:16:36:06 +0200] "GET /wp-content/cache/wpfc-minified/l9m140dq/2roae.css HTTP/1.1" 200 7521 "https://reggio-emilia.elettroservicegroup.it/assistenza-indesit-rubiera/" "AdsBot-Google (+http://www.google.com/adsbot.html)"
74.125.151.200 - - [12/Jun/2026:16:36:06 +0200] "GET /wp-content/uploads/elementor/css/post-14366.css?ver=1781191611 HTTP/1.1" 200 302 "https://reggio-emilia.elettroservicegroup.it/assistenza-indesit-rubiera/" "AdsBot-Google (+http://www.google.com/adsbot.html)"
74.125.151.199 - - [12/Jun/2026:16:36:07 +0200] "GET /wp-content/cache/wpfc-minified/kwp9n0f5/2roag.css HTTP/1.1" 200 7263 "https://reggio-emilia.elettroservicegroup.it/assistenza-indesit-rubiera/" "AdsBot-Google (+http://www.google.com/adsbot.html)"
74.125.151.200 - - [12/Jun/2026:16:36:08 +0200] "GET /wp-content/cache/wpfc-minified/m8ydgnxm/2roae.css HTTP/1.1" 200 4410 "https://reggio-emilia.elettroservicegroup.it/assistenza-indesit-rubiera/" "AdsBot-Google (+http://www.google.com/adsbot.html)"
74.125.151.199 - - [12/Jun/2026:16:36:09 +0200] "GET /wp-content/cache/wpfc-minified/1yoxc57o/2roag.css HTTP/1.1" 200 16447 "https://reggio-emilia.elettroservicegroup.it/assistenza-indesit-rubiera/" "AdsBot-Google (+http://www.google.com/adsbot.html)"
74.125.151.200 - - [12/Jun/2026:16:36:10 +0200] "GET /wp-content/uploads/elementor/css/post-17725.css?ver=1781233131 HTTP/1.1" 200 2162 "https://reggio-emilia.elettroservicegroup.it/assistenza-indesit-rubiera/" "AdsBot-Google (+http://www.google.com/adsbot.html)"
74.125.151.199 - - [12/Jun/2026:16:36:11 +0200] "GET /wp-content/cache/wpfc-minified/6jxfx2dx/43zik.js HTTP/1.1" 200 37598 "https://reggio-emilia.elettroservicegroup.it/assistenza-indesit-rubiera/" "AdsBot-Google (+http://www.google.com/adsbot.html)"
74.125.151.199 - - [12/Jun/2026:16:36:12 +0200] "GET /wp-content/cache/wpfc-minified/8tnr6p1l/2roae.css HTTP/1.1" 200 2043 "https://reggio-emilia.elettroservicegroup.it/assistenza-indesit-rubiera/" "AdsBot-Google (+http://www.google.com/adsbot.html)"
74.125.151.199 - - [12/Jun/2026:16:36:13 +0200] "GET /wp-content/cache/wpfc-minified/g52dp1tu/2roae.css HTTP/1.1" 200 19034 "https://reggio-emilia.elettroservicegroup.it/assistenza-indesit-rubiera/" "AdsBot-Google (+http://www.google.com/adsbot.html)"
74.125.151.199 - - [12/Jun/2026:16:36:13 +0200] "GET /wp-content/plugins/elementor/assets/js/webpack.runtime.min.js?ver=4.1.3 HTTP/1.1" 200 2340 "https://reggio-emilia.elettroservicegroup.it/assistenza-indesit-rubiera/" "AdsBot-Google (+http://www.google.com/adsbot.html)"
74.125.151.199 - - [12/Jun/2026:16:36:14 +0200] "GET /wp-content/plugins/gp-premium/menu-plus/functions/js/sticky.min.js?ver=2.5.5 HTTP/1.1" 200 2670 "https://reggio-emilia.elettroservicegroup.it/assistenza-indesit-rubiera/" "AdsBot-Google (+http://www.google.com/adsbot.html)"
74.125.151.199 - - [12/Jun/2026:16:36:16 +0200] "GET /wp-content/plugins/elementor/assets/js/frontend.min.js?ver=4.1.3 HTTP/1.1" 200 10140 "https://reggio-emilia.elettroservicegroup.it/assistenza-indesit-rubiera/" "AdsBot-Google (+http://www.google.com/adsbot.html)"
74.125.151.199 - - [12/Jun/2026:16:36:17 +0200] "GET /wp-content/plugins/elementor/assets/js/frontend-modules.min.js?ver=4.1.3 HTTP/1.1" 200 15454 "https://reggio-emilia.elettroservicegroup.it/assistenza-indesit-rubiera/" "AdsBot-Google (+http://www.google.com/adsbot.html)"
74.125.151.199 - - [12/Jun/2026:16:36:18 +0200] "GET /wp-includes/js/jquery/ui/core.min.js?ver=1.13.3 HTTP/1.1" 200 6820 "https://reggio-emilia.elettroservicegroup.it/assistenza-indesit-rubiera/" "AdsBot-Google (+http://www.google.com/adsbot.html)"
74.125.151.199 - - [12/Jun/2026:16:36:19 +0200] "GET /wp-content/plugins/complianz-gdpr-premium/cookiebanner/js/complianz.min.js?ver=1780326507 HTTP/1.1" 200 10708 "https://reggio-emilia.elettroservicegroup.it/assistenza-indesit-rubiera/" "AdsBot-Google (+http://www.google.com/adsbot.html)"
74.125.151.199 - - [12/Jun/2026:16:36:19 +0200] "GET /wp-content/themes/generatepress/assets/js/menu.min.js?ver=3.6.1 HTTP/1.1" 200 1688 "https://reggio-emilia.elettroservicegroup.it/assistenza-indesit-rubiera/" "AdsBot-Google (+http://www.google.com/adsbot.html)"
74.125.151.199 - - [12/Jun/2026:16:36:20 +0200] "GET /wp-content/themes/generatepress/assets/js/back-to-top.min.js?ver=3.6.1 HTTP/1.1" 200 336 "https://reggio-emilia.elettroservicegroup.it/assistenza-indesit-rubiera/" "AdsBot-Google (+http://www.google.com/adsbot.html)"
65.108.235.243 - - [12/Jun/2026:16:36:23 +0200] "POST /wp-cron.php?doing_wp_cron=1781274983.2887339591979980468750 HTTP/1.1" 200 1 "-" "WordPress/7.0; https://reggio-emilia.elettroservicegroup.it"
74.125.151.199 - - [12/Jun/2026:16:36:21 +0200] "GET /wp-json/complianz/v1/banner?lang=it&locale=it_IT&token=tzdqv HTTP/1.1" 200 84 "https://reggio-emilia.elettroservicegroup.it/assistenza-indesit-rubiera/" "AdsBot-Google (+http://www.google.com/adsbot.html)"
74.125.151.199 - - [12/Jun/2026:16:36:24 +0200] "GET /wp-content/uploads/elementor/google-fonts/fonts/roboto-kfo7cnqeu92fr1me7ksn66agldtyluama3yuba.woff2 HTTP/1.1" 200 40132 "https://reggio-emilia.elettroservicegroup.it/wp-content/cache/wpfc-minified/8tnr6p1l/2roae.css" "AdsBot-Google (+http://www.google.com/adsbot.html)"
65.108.235.243 - - [12/Jun/2026:16:36:23 +0200] "GET /assistenza-lavastoviglie-aeg-rubiera/ HTTP/1.1" 200 29909 "-" "WP Fastest Cache Preload Bot"
65.108.235.243 - - [12/Jun/2026:16:36:24 +0200] "GET /assistenza-lavastoviglie-aeg-scandiano/ HTTP/1.1" 200 29911 "-" "WP Fastest Cache Preload Bot"
74.125.151.199 - - [12/Jun/2026:16:36:24 +0200] "GET /wp-json/complianz/v1/cookie_data HTTP/1.1" 200 82 "https://reggio-emilia.elettroservicegroup.it/assistenza-indesit-rubiera/" "AdsBot-Google (+http://www.google.com/adsbot.html)"
65.108.235.243 - - [12/Jun/2026:16:36:24 +0200] "GET /assistenza-lavastoviglie-aeg-santilario-denza/ HTTP/1.1" 200 29986 "-" "WP Fastest Cache Preload Bot"
65.108.235.243 - - [12/Jun/2026:16:36:25 +0200] "GET /assistenza-lavastoviglie-aeg-guastalla/ HTTP/1.1" 200 30031 "-" "WP Fastest Cache Preload Bot"
74.125.151.199 - - [12/Jun/2026:16:36:26 +0200] "GET /wp-content/uploads/complianz/css/banner-1-optin.css?v=511 HTTP/1.1" 200 2622 "https://reggio-emilia.elettroservicegroup.it/assistenza-indesit-rubiera/" "AdsBot-Google (+http://www.google.com/adsbot.html)"
74.125.151.199 - - [12/Jun/2026:16:36:27 +0200] "GET /wp-content/plugins/elementor/assets/js/shared-frontend-handlers.03caa53373b56d3bab67.bundle.min.js HTTP/1.1" 200 2515 "https://reggio-emilia.elettroservicegroup.it/assistenza-indesit-rubiera/" "AdsBot-Google (+http://www.google.com/adsbot.html)"
74.125.151.199 - - [12/Jun/2026:16:36:28 +0200] "GET /wp-content/plugins/elementor/assets/js/section-frontend-handlers.d85ab872da118940910d.bundle.min.js HTTP/1.1" 200 230 "https://reggio-emilia.elettroservicegroup.it/assistenza-indesit-rubiera/" "AdsBot-Google (+http://www.google.com/adsbot.html)"
74.125.151.199 - - [12/Jun/2026:16:36:28 +0200] "GET /wp-content/plugins/elementor/assets/js/text-editor.45609661e409413f1cef.bundle.min.js HTTP/1.1" 200 592 "https://reggio-emilia.elettroservicegroup.it/assistenza-indesit-rubiera/" "AdsBot-Google (+http://www.google.com/adsbot.html)"
162.120.188.143 - - [12/Jun/2026:16:44:00 +0200] "GET /assistenza-frigoriferi-reggio-emilia/ HTTP/2.0" 200 33003 "https://www.google.com/" "Mozilla/5.0 (Windows NT 10.0; Win64; x64) AppleWebKit/537.36 (KHTML, like Gecko) Chrome/148.0.0.0 Safari/537.36"
31.24.139.127 - - [12/Jun/2026:16:44:01 +0200] "GET /wp-content/cache/wpfc-minified/l9m140dq/2roae.css HTTP/2.0" 200 7521 "https://reggio-emilia.elettroservicegroup.it/assistenza-frigoriferi-reggio-emilia/" "Mozilla/5.0 (Windows NT 10.0; Win64; x64) AppleWebKit/537.36 (KHTML, like Gecko) Chrome/148.0.0.0 Safari/537.36"
31.24.139.127 - - [12/Jun/2026:16:44:01 +0200] "GET /wp-content/cache/wpfc-minified/ky0w1tys/2roae.css HTTP/2.0" 200 418 "https://reggio-emilia.elettroservicegroup.it/assistenza-frigoriferi-reggio-emilia/" "Mozilla/5.0 (Windows NT 10.0; Win64; x64) AppleWebKit/537.36 (KHTML, like Gecko) Chrome/148.0.0.0 Safari/537.36"
31.24.139.127 - - [12/Jun/2026:16:44:01 +0200] "GET /wp-content/uploads/elementor/css/post-14146.css?ver=1781191611 HTTP/2.0" 200 428 "https://reggio-emilia.elettroservicegroup.it/assistenza-frigoriferi-reggio-emilia/" "Mozilla/5.0 (Windows NT 10.0; Win64; x64) AppleWebKit/537.36 (KHTML, like Gecko) Chrome/148.0.0.0 Safari/537.36"
31.24.139.127 - - [12/Jun/2026:16:44:01 +0200] "GET /wp-content/cache/wpfc-minified/kwp9n0f5/2roag.css HTTP/2.0" 200 7263 "https://reggio-emilia.elettroservicegroup.it/assistenza-frigoriferi-reggio-emilia/" "Mozilla/5.0 (Windows NT 10.0; Win64; x64) AppleWebKit/537.36 (KHTML, like Gecko) Chrome/148.0.0.0 Safari/537.36"
31.24.139.127 - - [12/Jun/2026:16:44:01 +0200] "GET /wp-content/uploads/elementor/css/post-14366.css?ver=1781191611 HTTP/2.0" 200 302 "https://reggio-emilia.elettroservicegroup.it/assistenza-frigoriferi-reggio-emilia/" "Mozilla/5.0 (Windows NT 10.0; Win64; x64) AppleWebKit/537.36 (KHTML, like Gecko) Chrome/148.0.0.0 Safari/537.36"
31.24.139.127 - - [12/Jun/2026:16:44:01 +0200] "GET /wp-content/uploads/elementor/css/post-15287.css?ver=1781204405 HTTP/2.0" 200 1968 "https://reggio-emilia.elettroservicegroup.it/assistenza-frigoriferi-reggio-emilia/" "Mozilla/5.0 (Windows NT 10.0; Win64; x64) AppleWebKit/537.36 (KHTML, like Gecko) Chrome/148.0.0.0 Safari/537.36"
31.24.139.127 - - [12/Jun/2026:16:44:01 +0200] "GET /wp-content/cache/wpfc-minified/m8ydgnxm/2roae.css HTTP/2.0" 200 4410 "https://reggio-emilia.elettroservicegroup.it/assistenza-frigoriferi-reggio-emilia/" "Mozilla/5.0 (Windows NT 10.0; Win64; x64) AppleWebKit/537.36 (KHTML, like Gecko) Chrome/148.0.0.0 Safari/537.36"
31.24.139.127 - - [12/Jun/2026:16:44:01 +0200] "GET /wp-content/cache/wpfc-minified/3kc3wt3/3tw7a.css HTTP/2.0" 200 16442 "https://reggio-emilia.elettroservicegroup.it/assistenza-frigoriferi-reggio-emilia/" "Mozilla/5.0 (Windows NT 10.0; Win64; x64) AppleWebKit/537.36 (KHTML, like Gecko) Chrome/148.0.0.0 Safari/537.36"
31.24.139.127 - - [12/Jun/2026:16:44:01 +0200] "GET /wp-content/uploads/2021/10/cropped-cropped-cropped-logo_white_background.png HTTP/2.0" 200 26788 "https://reggio-emilia.elettroservicegroup.it/assistenza-frigoriferi-reggio-emilia/" "Mozilla/5.0 (Windows NT 10.0; Win64; x64) AppleWebKit/537.36 (KHTML, like Gecko) Chrome/148.0.0.0 Safari/537.36"
31.24.139.127 - - [12/Jun/2026:16:44:01 +0200] "GET /wp-content/uploads/2021/10/cropped-logo_white_background.png HTTP/2.0" 200 15855 "https://reggio-emilia.elettroservicegroup.it/assistenza-frigoriferi-reggio-emilia/" "Mozilla/5.0 (Windows NT 10.0; Win64; x64) AppleWebKit/537.36 (KHTML, like Gecko) Chrome/148.0.0.0 Safari/537.36"
31.24.139.127 - - [12/Jun/2026:16:44:01 +0200] "GET /wp-content/cache/wpfc-minified/g52dp1tu/2roae.css HTTP/2.0" 200 19034 "https://reggio-emilia.elettroservicegroup.it/assistenza-frigoriferi-reggio-emilia/" "Mozilla/5.0 (Windows NT 10.0; Win64; x64) AppleWebKit/537.36 (KHTML, like Gecko) Chrome/148.0.0.0 Safari/537.36"
31.24.139.127 - - [12/Jun/2026:16:44:01 +0200] "GET /wp-content/cache/wpfc-minified/8tnr6p1l/2roae.css HTTP/2.0" 200 2043 "https://reggio-emilia.elettroservicegroup.it/assistenza-frigoriferi-reggio-emilia/" "Mozilla/5.0 (Windows NT 10.0; Win64; x64) AppleWebKit/537.36 (KHTML, like Gecko) Chrome/148.0.0.0 Safari/537.36"
31.24.139.127 - - [12/Jun/2026:16:44:01 +0200] "GET /wp-content/plugins/gp-premium/menu-plus/functions/js/sticky.min.js?ver=2.5.5 HTTP/2.0" 200 2670 "https://reggio-emilia.elettroservicegroup.it/assistenza-frigoriferi-reggio-emilia/" "Mozilla/5.0 (Windows NT 10.0; Win64; x64) AppleWebKit/537.36 (KHTML, like Gecko) Chrome/148.0.0.0 Safari/537.36"
31.24.139.127 - - [12/Jun/2026:16:44:01 +0200] "GET /wp-content/cache/wpfc-minified/6jxfx2dx/43zik.js HTTP/2.0" 200 37598 "https://reggio-emilia.elettroservicegroup.it/assistenza-frigoriferi-reggio-emilia/" "Mozilla/5.0 (Windows NT 10.0; Win64; x64) AppleWebKit/537.36 (KHTML, like Gecko) Chrome/148.0.0.0 Safari/537.36"
31.24.139.127 - - [12/Jun/2026:16:44:01 +0200] "GET /wp-content/plugins/elementor/assets/js/webpack.runtime.min.js?ver=4.1.3 HTTP/2.0" 200 2340 "https://reggio-emilia.elettroservicegroup.it/assistenza-frigoriferi-reggio-emilia/" "Mozilla/5.0 (Windows NT 10.0; Win64; x64) AppleWebKit/537.36 (KHTML, like Gecko) Chrome/148.0.0.0 Safari/537.36"
31.24.139.127 - - [12/Jun/2026:16:44:01 +0200] "GET /wp-content/plugins/elementor/assets/js/frontend-modules.min.js?ver=4.1.3 HTTP/2.0" 200 15454 "https://reggio-emilia.elettroservicegroup.it/assistenza-frigoriferi-reggio-emilia/" "Mozilla/5.0 (Windows NT 10.0; Win64; x64) AppleWebKit/537.36 (KHTML, like Gecko) Chrome/148.0.0.0 Safari/537.36"
31.24.139.127 - - [12/Jun/2026:16:44:01 +0200] "GET /wp-includes/js/jquery/ui/core.min.js?ver=1.13.3 HTTP/2.0" 200 6820 "https://reggio-emilia.elettroservicegroup.it/assistenza-frigoriferi-reggio-emilia/" "Mozilla/5.0 (Windows NT 10.0; Win64; x64) AppleWebKit/537.36 (KHTML, like Gecko) Chrome/148.0.0.0 Safari/537.36"
31.24.139.127 - - [12/Jun/2026:16:44:01 +0200] "GET /wp-content/plugins/elementor/assets/js/frontend.min.js?ver=4.1.3 HTTP/2.0" 200 10140 "https://reggio-emilia.elettroservicegroup.it/assistenza-frigoriferi-reggio-emilia/" "Mozilla/5.0 (Windows NT 10.0; Win64; x64) AppleWebKit/537.36 (KHTML, like Gecko) Chrome/148.0.0.0 Safari/537.36"
31.24.139.127 - - [12/Jun/2026:16:44:01 +0200] "GET /wp-content/themes/generatepress/assets/js/menu.min.js?ver=3.6.1 HTTP/2.0" 200 1688 "https://reggio-emilia.elettroservicegroup.it/assistenza-frigoriferi-reggio-emilia/" "Mozilla/5.0 (Windows NT 10.0; Win64; x64) AppleWebKit/537.36 (KHTML, like Gecko) Chrome/148.0.0.0 Safari/537.36"
31.24.139.127 - - [12/Jun/2026:16:44:01 +0200] "GET /wp-content/themes/generatepress/assets/js/back-to-top.min.js?ver=3.6.1 HTTP/2.0" 200 336 "https://reggio-emilia.elettroservicegroup.it/assistenza-frigoriferi-reggio-emilia/" "Mozilla/5.0 (Windows NT 10.0; Win64; x64) AppleWebKit/537.36 (KHTML, like Gecko) Chrome/148.0.0.0 Safari/537.36"
31.24.139.127 - - [12/Jun/2026:16:44:01 +0200] "GET /wp-content/plugins/complianz-gdpr-premium/cookiebanner/js/complianz.min.js?ver=1780326507 HTTP/2.0" 200 10708 "https://reggio-emilia.elettroservicegroup.it/assistenza-frigoriferi-reggio-emilia/" "Mozilla/5.0 (Windows NT 10.0; Win64; x64) AppleWebKit/537.36 (KHTML, like Gecko) Chrome/148.0.0.0 Safari/537.36"
31.24.139.127 - - [12/Jun/2026:16:44:01 +0200] "GET /wp-content/uploads/2021/10/Frigorifero-combinato-e1634459015932.jpg HTTP/2.0" 200 79096 "https://reggio-emilia.elettroservicegroup.it/wp-content/uploads/elementor/css/post-15287.css?ver=1781204405" "Mozilla/5.0 (Windows NT 10.0; Win64; x64) AppleWebKit/537.36 (KHTML, like Gecko) Chrome/148.0.0.0 Safari/537.36"
31.24.139.127 - - [12/Jun/2026:16:44:02 +0200] "GET /wp-content/uploads/2021/10/TECNICO-ELETTRODOMESTICI-5.jpg HTTP/2.0" 200 23089 "https://reggio-emilia.elettroservicegroup.it/assistenza-frigoriferi-reggio-emilia/" "Mozilla/5.0 (Windows NT 10.0; Win64; x64) AppleWebKit/537.36 (KHTML, like Gecko) Chrome/148.0.0.0 Safari/537.36"
31.24.139.127 - - [12/Jun/2026:16:44:02 +0200] "GET /wp-content/uploads/2021/10/FRIGO.png HTTP/2.0" 200 115519 "https://reggio-emilia.elettroservicegroup.it/assistenza-frigoriferi-reggio-emilia/" "Mozilla/5.0 (Windows NT 10.0; Win64; x64) AppleWebKit/537.36 (KHTML, like Gecko) Chrome/148.0.0.0 Safari/537.36"
31.24.139.127 - - [12/Jun/2026:16:44:02 +0200] "GET /wp-content/uploads/elementor/google-fonts/fonts/roboto-kfo7cnqeu92fr1me7ksn66agldtyluama3yuba.woff2 HTTP/2.0" 200 40132 "https://reggio-emilia.elettroservicegroup.it/wp-content/cache/wpfc-minified/8tnr6p1l/2roae.css" "Mozilla/5.0 (Windows NT 10.0; Win64; x64) AppleWebKit/537.36 (KHTML, like Gecko) Chrome/148.0.0.0 Safari/537.36"
31.24.139.127 - - [12/Jun/2026:16:44:02 +0200] "GET /wp-content/plugins/elementor/assets/js/section-frontend-handlers.d85ab872da118940910d.bundle.min.js HTTP/2.0" 200 230 "https://reggio-emilia.elettroservicegroup.it/assistenza-frigoriferi-reggio-emilia/" "Mozilla/5.0 (Windows NT 10.0; Win64; x64) AppleWebKit/537.36 (KHTML, like Gecko) Chrome/148.0.0.0 Safari/537.36"
31.24.139.127 - - [12/Jun/2026:16:44:02 +0200] "GET /wp-content/plugins/elementor/assets/js/shared-frontend-handlers.03caa53373b56d3bab67.bundle.min.js HTTP/2.0" 200 2515 "https://reggio-emilia.elettroservicegroup.it/assistenza-frigoriferi-reggio-emilia/" "Mozilla/5.0 (Windows NT 10.0; Win64; x64) AppleWebKit/537.36 (KHTML, like Gecko) Chrome/148.0.0.0 Safari/537.36"
31.24.139.127 - - [12/Jun/2026:16:44:02 +0200] "GET /wp-content/plugins/elementor/assets/js/text-editor.45609661e409413f1cef.bundle.min.js HTTP/2.0" 200 592 "https://reggio-emilia.elettroservicegroup.it/assistenza-frigoriferi-reggio-emilia/" "Mozilla/5.0 (Windows NT 10.0; Win64; x64) AppleWebKit/537.36 (KHTML, like Gecko) Chrome/148.0.0.0 Safari/537.36"
31.24.139.127 - - [12/Jun/2026:16:44:03 +0200] "GET /wp-content/uploads/2021/10/cropped-cropped-cropped-cropped-logo_white_background-32x32.png HTTP/2.0" 200 1181 "https://reggio-emilia.elettroservicegroup.it/assistenza-frigoriferi-reggio-emilia/" "Mozilla/5.0 (Windows NT 10.0; Win64; x64) AppleWebKit/537.36 (KHTML, like Gecko) Chrome/148.0.0.0 Safari/537.36"
65.108.235.243 - - [12/Jun/2026:16:44:03 +0200] "POST /wp-cron.php?doing_wp_cron=1781275443.6197500228881835937500 HTTP/1.1" 200 1 "-" "WordPress/7.0; https://reggio-emilia.elettroservicegroup.it"
31.24.139.127 - - [12/Jun/2026:16:44:02 +0200] "GET /wp-json/complianz/v1/banner?lang=it&locale=it_IT&token=wxoto HTTP/2.0" 200 84 "https://reggio-emilia.elettroservicegroup.it/assistenza-frigoriferi-reggio-emilia/" "Mozilla/5.0 (Windows NT 10.0; Win64; x64) AppleWebKit/537.36 (KHTML, like Gecko) Chrome/148.0.0.0 Safari/537.36"
31.24.139.127 - - [12/Jun/2026:16:44:03 +0200] "GET /wp-content/uploads/complianz/css/banner-1-optin.css?v=511 HTTP/2.0" 200 2622 "https://reggio-emilia.elettroservicegroup.it/assistenza-frigoriferi-reggio-emilia/" "Mozilla/5.0 (Windows NT 10.0; Win64; x64) AppleWebKit/537.36 (KHTML, like Gecko) Chrome/148.0.0.0 Safari/537.36"
31.24.139.127 - - [12/Jun/2026:16:44:03 +0200] "GET /wp-json/complianz/v1/cookie_data HTTP/2.0" 200 82 "https://reggio-emilia.elettroservicegroup.it/assistenza-frigoriferi-reggio-emilia/" "Mozilla/5.0 (Windows NT 10.0; Win64; x64) AppleWebKit/537.36 (KHTML, like Gecko) Chrome/148.0.0.0 Safari/537.36"
65.108.235.243 - - [12/Jun/2026:16:44:04 +0200] "GET /assistenza-lavastoviglie-aeg-correggio/ HTTP/1.1" 200 30037 "-" "WP Fastest Cache Preload Bot"
65.108.235.243 - - [12/Jun/2026:16:44:05 +0200] "GET /assistenza-lavastoviglie-aeg-reggio-emilia/ HTTP/1.1" 200 29903 "-" "WP Fastest Cache Preload Bot"
31.24.139.127 - - [12/Jun/2026:16:44:05 +0200] "POST /wp-json/complianz/v1/track HTTP/2.0" 200 20 "https://reggio-emilia.elettroservicegroup.it/assistenza-frigoriferi-reggio-emilia/" "Mozilla/5.0 (Windows NT 10.0; Win64; x64) AppleWebKit/537.36 (KHTML, like Gecko) Chrome/148.0.0.0 Safari/537.36"
65.108.235.243 - - [12/Jun/2026:16:44:05 +0200] "GET /assistenza-indesit-rubiera/ HTTP/1.1" 200 29909 "-" "WP Fastest Cache Preload Bot"
65.108.235.243 - - [12/Jun/2026:16:44:06 +0200] "GET /assistenza-lavastoviglie-rubiera/ HTTP/1.1" 200 30561 "-" "WP Fastest Cache Preload Bot"
40.77.167.75 - - [12/Jun/2026:16:51:16 +0200] "GET /assistenza-frigoriferi-reggio-emilia/ HTTP/2.0" 200 33003 "-" "Mozilla/5.0 AppleWebKit/537.36 (KHTML, like Gecko; compatible; bingbot/2.0; +http://www.bing.com/bingbot.htm) Chrome/116.0.1938.76 Safari/537.36"
40.77.167.151 - - [12/Jun/2026:16:51:33 +0200] "GET /wp-content/uploads/elementor/css/post-15287.css?ver=1781204405 HTTP/2.0" 200 1968 "https://reggio-emilia.elettroservicegroup.it/assistenza-frigoriferi-reggio-emilia/" "Mozilla/5.0 AppleWebKit/537.36 (KHTML, like Gecko; compatible; bingbot/2.0; +http://www.bing.com/bingbot.htm) Chrome/136.0.0.0 Safari/537.36 AppleWebKit/537.36 (KHTML, like Gecko; compatible; bingbot/2.0; +http://www.bing.com/bingbot.htm) Chrome/116.0.1938.76 Safari/537.36"