45.157.112.229 - - [11/Jun/2026:15:08:26 +0200] "GET /wp-includes/js/jquery/jquery.js HTTP/1.1" 200 285334 "-" "-"
65.108.235.243 - - [11/Jun/2026:17:28:48 +0200] "POST /wp-cron.php?doing_wp_cron=1781191728.5485939979553222656250 HTTP/1.1" 200 1 "-" "WordPress/7.0; https://vicenza.elettroservicegroup.it"
43.134.184.25 - - [11/Jun/2026:17:28:47 +0200] "GET /robots.txt HTTP/2.0" 200 892 "http://vicenza.elettroservicegroup.it/robots.txt" "Mozilla/5.0 (Macintosh; Intel Mac OS X 10_15_7) AppleWebKit/537.36 (KHTML, like Gecko) Chrome/131.0.0.0 Safari/537.36"
43.134.184.25 - - [11/Jun/2026:17:28:47 +0200] "GET /robots.txt HTTP/1.1" 101 - "http://vicenza.elettroservicegroup.it/robots.txt" "Mozilla/5.0 (Macintosh; Intel Mac OS X 10_15_7) AppleWebKit/537.36 (KHTML, like Gecko) Chrome/131.0.0.0 Safari/537.36"
108.129.94.201 - - [11/Jun/2026:18:43:15 +0200] "POST / HTTP/1.1" 200 11770 "-" "Mozilla/5.0"
31.40.203.94 - - [11/Jun/2026:21:17:40 +0200] "GET /wp-login.php HTTP/1.1" 200 13681 "-" "Mozilla/5.0 (Macintosh; Intel Mac OS X 10_12_6) AppleWebKit/603.3.8 (KHTML, like Gecko) Version/10.1.2 Safari/603.3.8"
31.40.203.94 - - [11/Jun/2026:21:17:40 +0200] "POST /wp-login.php HTTP/1.1" 200 13681 "-" "Mozilla/5.0 (Macintosh; Intel Mac OS X 10_12_6) AppleWebKit/603.3.8 (KHTML, like Gecko) Version/10.1.2 Safari/603.3.8"
31.40.203.94 - - [11/Jun/2026:21:17:40 +0200] "GET /wp-admin/post-new.php HTTP/1.1" 200 13681 "-" "Mozilla/5.0 (Macintosh; Intel Mac OS X 10_12_6) AppleWebKit/603.3.8 (KHTML, like Gecko) Version/10.1.2 Safari/603.3.8"
176.7.209.159 - - [11/Jun/2026:21:28:31 +0200] "POST /xmlrpc.php HTTP/1.1" 403 52 "-" "Mozilla/5.0 (Windows NT 10.0; Win64; x64; rv:121.0) Gecko/20100101 Firefox/121.0"
176.7.209.159 - - [11/Jun/2026:21:28:32 +0200] "POST /xmlrpc.php HTTP/1.1" 403 52 "-" "Mozilla/5.0 (X11; Linux x86_64) AppleWebKit/537.36 (KHTML, like Gecko) Chrome/120.0.0.0 Safari/537.36"
176.7.209.159 - - [11/Jun/2026:21:28:32 +0200] "POST /xmlrpc.php HTTP/1.1" 403 52 "-" "Mozilla/5.0 (Windows NT 10.0; Win64; x64) AppleWebKit/537.36 (KHTML, like Gecko) Chrome/119.0.0.0 Safari/537.36 Edg/119.0.0.0"
176.7.209.159 - - [11/Jun/2026:21:28:33 +0200] "POST /xmlrpc.php HTTP/1.1" 200 11787 "-" "Mozilla/5.0 (Windows NT 10.0; Win64; x64) AppleWebKit/537.36 (KHTML, like Gecko) Chrome/120.0.0.0 Safari/537.36"
176.7.209.159 - - [11/Jun/2026:21:28:33 +0200] "POST /xmlrpc.php HTTP/1.1" 200 11857 "-" "Mozilla/5.0 (Macintosh; Intel Mac OS X 10_15_7) AppleWebKit/537.36 (KHTML, like Gecko) Chrome/120.0.0.0 Safari/537.36"
149.50.134.219 - - [11/Jun/2026:23:07:01 +0200] "POST / HTTP/1.1" 200 11789 "-" "Mozilla/5.0"
45.157.112.93 - - [12/Jun/2026:00:56:55 +0200] "GET /wp-includes/js/jquery/jquery.js HTTP/1.1" 200 11835 "-" "-"
158.173.67.10 - - [12/Jun/2026:01:36:17 +0200] "GET / HTTP/1.1" 200 11730 "-" "Mozilla/5.0 (Macintosh; Intel Mac OS X 10_15_7) AppleWebKit/537.36 (KHTML, like Gecko) Chrome/131.0.0.0 Safari/537.36"
158.173.67.144 - - [12/Jun/2026:01:36:18 +0200] "GET / HTTP/1.1" 200 11781 "-" "Mozilla/5.0 (Macintosh; Intel Mac OS X 10_15_7) AppleWebKit/537.36 (KHTML, like Gecko) Chrome/133.0.0.0 Safari/537.36"
158.173.67.247 - - [12/Jun/2026:01:36:20 +0200] "GET / HTTP/1.1" 200 11799 "-" "Mozilla/5.0 (Macintosh; Intel Mac OS X 10_15_7) AppleWebKit/537.36 (KHTML, like Gecko) Chrome/131.0.0.0 Safari/537.36"
158.173.67.200 - - [12/Jun/2026:01:36:20 +0200] "GET /wp-content/plugins/ninja-forms-uploads/readme.txt HTTP/1.1" 200 11838 "-" "Mozilla/5.0 (Macintosh; Intel Mac OS X 10_15_7) AppleWebKit/537.36 (KHTML, like Gecko) Chrome/131.0.0.0 Safari/537.36"
158.173.67.213 - - [12/Jun/2026:01:36:21 +0200] "GET /wp-content/plugins/advanced-custom-post-type/changelog.md HTTP/1.1" 200 11867 "-" "Mozilla/5.0 (Linux; Android 12; Pixel 6) AppleWebKit/537.36 (KHTML, like Gecko) Chrome/99.0.4844.58 Mobile Safari/537.36"
158.173.67.122 - - [12/Jun/2026:01:36:21 +0200] "GET /wp-content/plugins/payment-gateway-pix-for-woocommerce/README.txt HTTP/1.1" 200 11823 "-" "Mozilla/5.0 (Linux; Android 12; Pixel 6) AppleWebKit/537.36 (KHTML, like Gecko) Chrome/99.0.4844.58 Mobile Safari/537.36"
158.173.67.61 - - [12/Jun/2026:01:36:22 +0200] "GET / HTTP/1.1" 200 11699 "-" "Mozilla/5.0 (Linux; Android 10; K) AppleWebKit/537.36 (KHTML, like Gecko) Chrome/131.0.0.0 Mobile Safari/537.36"
158.173.67.233 - - [12/Jun/2026:01:36:24 +0200] "GET /wp-content/plugins/datalogics/README.txt HTTP/1.1" 200 11964 "-" "Mozilla/5.0 (Windows NT 10.0; Win64; x64) AppleWebKit/537.36 (KHTML, like Gecko) Chrome/101.0.4951.64 Safari/537.36 Edg/101.0.1210.47"
158.173.67.16 - - [12/Jun/2026:01:36:24 +0200] "GET / HTTP/1.1" 200 11831 "-" "Mozilla/5.0 (Windows NT 10.0; Win64; x64) AppleWebKit/537.36 (KHTML, like Gecko) Chrome/101.0.4951.64 Safari/537.36 Edg/101.0.1210.47"
158.173.67.16 - - [12/Jun/2026:01:36:25 +0200] "GET /wp-content/wp-content/themes/truelysell/style.css HTTP/1.1" 200 11749 "-" "Mozilla/5.0 (Windows NT 10.0; Win64; x64) AppleWebKit/537.36 (KHTML, like Gecko) Chrome/104.0.0.0 Safari/537.36"
158.173.67.25 - - [12/Jun/2026:01:36:25 +0200] "GET /wp-content/plugins/woocommerce-wholesale-lead-capture/css/WWLCCustomFieldsControl.css HTTP/1.1" 200 11896 "-" "Mozilla/5.0 (Windows NT 10.0; Win64; x64) AppleWebKit/537.36 (KHTML, like Gecko) Chrome/104.0.0.0 Safari/537.36"
158.173.67.46 - - [12/Jun/2026:01:36:26 +0200] "GET /wp-content/plugins/wedesigntech-ultimate-booking-addon/changelog.txt HTTP/1.1" 200 11822 "-" "Mozilla/5.0 (Linux; Android 10; K) AppleWebKit/537.36 (KHTML, like Gecko) Chrome/131.0.0.0 Mobile Safari/537.36"
158.173.67.25 - - [12/Jun/2026:01:36:27 +0200] "GET /wp-content/plugins/s2member/readme.txt HTTP/1.1" 200 11773 "-" "Mozilla/5.0 (Linux; Android 10; K) AppleWebKit/537.36 (KHTML, like Gecko) Chrome/131.0.0.0 Mobile Safari/537.36"
158.173.67.185 - - [12/Jun/2026:01:36:27 +0200] "GET /wp-content/plugins/kalrav-ai-agent/readme.txt HTTP/1.1" 200 11910 "-" "Mozilla/5.0 (Macintosh; Intel Mac OS X 10_15_7) AppleWebKit/605.1.15 (KHTML, like Gecko) Version/18.0 Safari/605.1.15"
158.173.67.218 - - [12/Jun/2026:01:36:28 +0200] "GET /wp-content/plugins/wpvivid-backuprestore/readme.txt HTTP/1.1" 200 11901 "-" "Mozilla/5.0 (Windows NT 10.0; Win64; x64) AppleWebKit/537.36 (KHTML, like Gecko) Chrome/104.0.0.0 Safari/537.36"
158.173.67.166 - - [12/Jun/2026:01:36:32 +0200] "GET /wp-content/plugins/cimy-user-extra-fields/readme.txt HTTP/1.1" 200 11801 "-" "Mozilla/5.0 (Macintosh; Intel Mac OS X 10_15_7) AppleWebKit/605.1.15 (KHTML, like Gecko) Version/18.0 Safari/605.1.15"
158.173.67.166 - - [12/Jun/2026:01:36:32 +0200] "GET /wp-content/plugins/profile-builder/readme.txt HTTP/1.1" 200 11909 "-" "Mozilla/5.0 (Windows NT 10.0; Win64; x64) AppleWebKit/537.36 (KHTML, like Gecko) Chrome/104.0.0.0 Safari/537.36"
158.173.67.122 - - [12/Jun/2026:01:36:33 +0200] "GET /wp-content/plugins/lastudio-element-kit/readme.txt HTTP/1.1" 200 11860 "-" "Mozilla/5.0 (Macintosh; Intel Mac OS X 10_15_7) AppleWebKit/537.36 (KHTML, like Gecko) Chrome/133.0.0.0 Safari/537.36"
158.173.67.226 - - [12/Jun/2026:01:36:33 +0200] "GET /wp-content/plugins/login-customizer/readme.txt HTTP/1.1" 200 11811 "-" "Mozilla/5.0 (Windows NT 10.0; Win64; x64) AppleWebKit/537.36 (KHTML, like Gecko) Chrome/104.0.0.0 Safari/537.36"
158.173.67.141 - - [12/Jun/2026:01:36:34 +0200] "GET /wp-content/plugins/academy/readme.txt HTTP/1.1" 200 11751 "-" "Mozilla/5.0 (Macintosh; Intel Mac OS X 10_15_7) AppleWebKit/537.36 (KHTML, like Gecko) Chrome/131.0.0.0 Safari/537.36"
158.173.67.48 - - [12/Jun/2026:01:36:35 +0200] "GET /wp-content/plugins/directorist-social-login/assets/public/css/main.css HTTP/1.1" 200 11800 "-" "Mozilla/5.0 (Linux; Android 12; Pixel 6) AppleWebKit/537.36 (KHTML, like Gecko) Chrome/99.0.4844.58 Mobile Safari/537.36"
158.173.67.185 - - [12/Jun/2026:01:36:35 +0200] "GET /wp-content/plugins/acf-frontend-form-element/readme.txt HTTP/1.1" 200 11850 "-" "Mozilla/5.0 (Macintosh; Intel Mac OS X 10_15_7) AppleWebKit/605.1.15 (KHTML, like Gecko) Version/18.0 Safari/605.1.15"
158.173.67.10 - - [12/Jun/2026:01:36:36 +0200] "GET /wp-content/themes/workreap/style.css HTTP/1.1" 200 11765 "-" "Mozilla/5.0 (Windows NT 10.0; Win64; x64) AppleWebKit/537.36 (KHTML, like Gecko) Chrome/107.0.0.0 Safari/537.36"
158.173.67.144 - - [12/Jun/2026:01:36:36 +0200] "GET /wp-content/themes/energia/style.css HTTP/1.1" 200 11925 "-" "Mozilla/5.0 (Windows NT 10.0; Win64; x64) AppleWebKit/537.36 (KHTML, like Gecko) Chrome/101.0.4951.64 Safari/537.36 Edg/101.0.1210.47"
158.173.67.233 - - [12/Jun/2026:01:36:37 +0200] "GET /wp-content/plugins/modular-connector/readme.txt HTTP/1.1" 200 11766 "-" "Mozilla/5.0 (iPhone; CPU iPhone OS 17_2 like Mac OS X) AppleWebKit/605.1.15 (KHTML, like Gecko) Version/17.2 Mobile/15E148 Safari/604.1"
158.173.67.144 - - [12/Jun/2026:01:36:38 +0200] "GET /wp-content/plugins/branda-white-labeling/readme.txt HTTP/1.1" 200 11835 "-" "Mozilla/5.0 (Linux; Android 10; K) AppleWebKit/537.36 (KHTML, like Gecko) Chrome/131.0.0.0 Mobile Safari/537.36"
158.173.67.101 - - [12/Jun/2026:01:36:38 +0200] "GET / HTTP/1.1" 200 11740 "-" "Mozilla/5.0 (iPhone; CPU iPhone OS 18_0 like Mac OS X) AppleWebKit/605.1.15 (KHTML, like Gecko) Version/18.0 Mobile/15E148 Safari/604.1"
158.173.67.21 - - [12/Jun/2026:01:36:39 +0200] "GET /wp-content/themes/doccure/style.css HTTP/1.1" 200 11789 "-" "Mozilla/5.0 (Macintosh; Intel Mac OS X 10_15_7) AppleWebKit/605.1.15 (KHTML, like Gecko) Version/18.0 Safari/605.1.15"
158.173.67.193 - - [12/Jun/2026:01:36:39 +0200] "GET /wp-content/plugins/fox-lms/README.txt HTTP/1.1" 200 11835 "-" "Mozilla/5.0 (Windows NT 10.0; Win64; x64) AppleWebKit/537.36 (KHTML, like Gecko) Chrome/107.0.0.0 Safari/537.36"
158.173.67.101 - - [12/Jun/2026:01:36:40 +0200] "GET /wp-content/plugins/flex-qr-code-generator/readme.txt HTTP/1.1" 200 11814 "-" "Mozilla/5.0 (Linux; Android 12; Pixel 6) AppleWebKit/537.36 (KHTML, like Gecko) Chrome/99.0.4844.58 Mobile Safari/537.36"
158.173.67.73 - - [12/Jun/2026:01:36:40 +0200] "GET /wp-content/plugins/wpdirectorykit/README.txt HTTP/1.1" 200 11794 "-" "Mozilla/5.0 (Windows NT 10.0; Win64; x64) AppleWebKit/537.36 (KHTML, like Gecko) Chrome/104.0.0.0 Safari/537.36"
158.173.67.251 - - [12/Jun/2026:01:36:41 +0200] "GET /wp-content/plugins/user-verification/readme.md HTTP/1.1" 200 11840 "-" "Mozilla/5.0 (Macintosh; Intel Mac OS X 10_15_7) AppleWebKit/537.36 (KHTML, like Gecko) Chrome/133.0.0.0 Safari/537.36"
158.173.67.233 - - [12/Jun/2026:01:36:42 +0200] "GET /wp-content/plugins/acf-extended/readme.txt HTTP/1.1" 200 11811 "-" "Mozilla/5.0 (iPhone; CPU iPhone OS 18_0 like Mac OS X) AppleWebKit/605.1.15 (KHTML, like Gecko) Version/18.0 Mobile/15E148 Safari/604.1"
158.173.67.251 - - [12/Jun/2026:01:36:42 +0200] "GET /wp-content/plugins/sneeit-framework/readme.txt HTTP/1.1" 200 11796 "-" "Mozilla/5.0 (Windows NT 10.0; Win64; x64) AppleWebKit/537.36 (KHTML, like Gecko) Chrome/107.0.0.0 Safari/537.36"
158.173.67.213 - - [12/Jun/2026:01:36:43 +0200] "GET /wp-content/plugins/waveplayer/readme.txt HTTP/1.1" 200 11849 "-" "Mozilla/5.0 (Linux; Android 12; Pixel 6) AppleWebKit/537.36 (KHTML, like Gecko) Chrome/99.0.4844.58 Mobile Safari/537.36"
158.173.67.16 - - [12/Jun/2026:01:36:43 +0200] "GET /wp-content/plugins/ecab-taxi-booking-manager/readme.txt HTTP/1.1" 200 11813 "-" "Mozilla/5.0 (Macintosh; Intel Mac OS X 10_15_7) AppleWebKit/537.36 (KHTML, like Gecko) Chrome/133.0.0.0 Safari/537.36"
158.173.67.243 - - [12/Jun/2026:01:36:44 +0200] "GET /wp-content/plugins/cpi-wp-migration/readme.txt HTTP/1.1" 200 11840 "-" "Mozilla/5.0 (Macintosh; Intel Mac OS X 10_15_7) AppleWebKit/537.36 (KHTML, like Gecko) Chrome/133.0.0.0 Safari/537.36"
158.173.67.156 - - [12/Jun/2026:01:36:45 +0200] "GET /wp-content/plugins/king-addons/readme.txt HTTP/1.1" 200 11820 "-" "Mozilla/5.0 (iPhone; CPU iPhone OS 17_2 like Mac OS X) AppleWebKit/605.1.15 (KHTML, like Gecko) Version/17.2 Mobile/15E148 Safari/604.1"
158.173.67.213 - - [12/Jun/2026:01:36:45 +0200] "GET /wp-content/plugins/ai-engine/readme.txt HTTP/1.1" 200 11824 "-" "Mozilla/5.0 (Windows NT 10.0; Win64; x64) AppleWebKit/537.36 (KHTML, like Gecko) Chrome/107.0.0.0 Safari/537.36"
158.173.67.218 - - [12/Jun/2026:01:36:46 +0200] "GET /wp-content/plugins/post-smtp/readme.txt HTTP/1.1" 200 11909 "-" "Mozilla/5.0 (Windows NT 10.0; Win64; x64) AppleWebKit/537.36 (KHTML, like Gecko) Chrome/107.0.0.0 Safari/537.36"
158.173.67.46 - - [12/Jun/2026:01:36:46 +0200] "GET /wp-content/plugins/wc-designer-pro/changelog.txt HTTP/1.1" 200 11902 "-" "Mozilla/5.0 (Macintosh; Intel Mac OS X 10_15_7) AppleWebKit/537.36 (KHTML, like Gecko) Chrome/133.0.0.0 Safari/537.36"
158.173.67.193 - - [12/Jun/2026:01:36:47 +0200] "GET /wp-content/themes/miraculous/style.css HTTP/1.1" 200 11792 "-" "Mozilla/5.0 (Macintosh; Intel Mac OS X 10_15_7) AppleWebKit/537.36 (KHTML, like Gecko) Chrome/133.0.0.0 Safari/537.36"
158.173.67.139 - - [12/Jun/2026:01:36:48 +0200] "GET /wp-content/plugins/uni-woo-custom-product-options-premium/readme.txt HTTP/1.1" 200 11837 "-" "Mozilla/5.0 (Windows NT 10.0; Win64; x64) AppleWebKit/537.36 (KHTML, like Gecko) Chrome/101.0.4951.64 Safari/537.36 Edg/101.0.1210.47"
158.173.67.61 - - [12/Jun/2026:01:36:48 +0200] "GET /wp-content/plugins/podlove-podcasting-plugin-for-wordpress/readme.txt HTTP/1.1" 200 11919 "-" "Mozilla/5.0 (Linux; Android 10; K) AppleWebKit/537.36 (KHTML, like Gecko) Chrome/131.0.0.0 Mobile Safari/537.36"
158.173.67.213 - - [12/Jun/2026:01:36:49 +0200] "GET /wp-content/plugins/WooCommerce-Multi-Locations-Inventory-Management/readme.txt HTTP/1.1" 200 11948 "-" "Mozilla/5.0 (Windows NT 10.0; Win64; x64) AppleWebKit/537.36 (KHTML, like Gecko) Chrome/101.0.4951.64 Safari/537.36 Edg/101.0.1210.47"
158.173.67.25 - - [12/Jun/2026:01:36:49 +0200] "GET /wp-content/plugins/wp-event-solution/readme.txt HTTP/1.1" 200 11792 "-" "Mozilla/5.0 (Linux; Android 12; Pixel 6) AppleWebKit/537.36 (KHTML, like Gecko) Chrome/99.0.4844.58 Mobile Safari/537.36"
158.173.67.251 - - [12/Jun/2026:01:36:50 +0200] "GET /wp-content/themes/freeio/style.css HTTP/1.1" 200 11813 "-" "Mozilla/5.0 (Windows NT 10.0; Win64; x64) AppleWebKit/537.36 (KHTML, like Gecko) Chrome/104.0.0.0 Safari/537.36"
158.173.67.73 - - [12/Jun/2026:01:36:51 +0200] "GET /wp-content/themes/em4u/style.css HTTP/1.1" 200 11806 "-" "Mozilla/5.0 (iPhone; CPU iPhone OS 17_2 like Mac OS X) AppleWebKit/605.1.15 (KHTML, like Gecko) Version/17.2 Mobile/15E148 Safari/604.1"
158.173.67.144 - - [12/Jun/2026:01:36:51 +0200] "GET /wp-content/plugins/wp-marketing-automations/readme.txt HTTP/1.1" 200 11903 "-" "Mozilla/5.0 (iPhone; CPU iPhone OS 18_0 like Mac OS X) AppleWebKit/605.1.15 (KHTML, like Gecko) Version/18.0 Mobile/15E148 Safari/604.1"
158.173.67.237 - - [12/Jun/2026:01:36:52 +0200] "GET /wp-content/plugins/order-delivery-date/readme.txt HTTP/1.1" 200 11874 "-" "Mozilla/5.0 (Windows NT 10.0; Win64; x64) AppleWebKit/537.36 (KHTML, like Gecko) Chrome/107.0.0.0 Safari/537.36"
158.173.67.16 - - [12/Jun/2026:01:36:52 +0200] "GET /wp-content/themes/noo-jobmonster/style.css HTTP/1.1" 200 11882 "-" "Mozilla/5.0 (Macintosh; Intel Mac OS X 10_15_7) AppleWebKit/537.36 (KHTML, like Gecko) Chrome/124.0.0.0 Safari/537.36"
158.173.67.166 - - [12/Jun/2026:01:36:53 +0200] "GET /wp-content/themes/service-finder/style.css HTTP/1.1" 200 11780 "-" "Mozilla/5.0 (Linux; Android 10; K) AppleWebKit/537.36 (KHTML, like Gecko) Chrome/131.0.0.0 Mobile Safari/537.36"
158.173.67.200 - - [12/Jun/2026:01:36:54 +0200] "GET /wp-content/themes/litho/style.css HTTP/1.1" 200 11828 "-" "Mozilla/5.0 (Linux; Android 10; K) AppleWebKit/537.36 (KHTML, like Gecko) Chrome/131.0.0.0 Mobile Safari/537.36"
158.173.67.185 - - [12/Jun/2026:01:36:54 +0200] "GET /wp-content/plugins/wp-registration/readme.txt HTTP/1.1" 200 11828 "-" "Mozilla/5.0 (Macintosh; Intel Mac OS X 10_15_7) AppleWebKit/537.36 (KHTML, like Gecko) Chrome/131.0.0.0 Safari/537.36"
158.173.67.16 - - [12/Jun/2026:01:36:55 +0200] "GET /wp-content/plugins/ht-contactform/readme.txt HTTP/1.1" 200 11801 "-" "Mozilla/5.0 (Linux; Android 10; K) AppleWebKit/537.36 (KHTML, like Gecko) Chrome/131.0.0.0 Mobile Safari/537.36"
158.173.67.141 - - [12/Jun/2026:01:36:55 +0200] "GET /wp-content/themes/alone/style.css HTTP/1.1" 200 11841 "-" "Mozilla/5.0 (Windows NT 10.0; Win64; x64) AppleWebKit/537.36 (KHTML, like Gecko) Chrome/101.0.4951.64 Safari/537.36 Edg/101.0.1210.47"
65.108.235.243 - - [12/Jun/2026:04:34:44 +0200] "POST /wp-cron.php?doing_wp_cron=1781231684.1481359004974365234375 HTTP/1.1" 200 1 "-" "WordPress/7.0; https://vicenza.elettroservicegroup.it"
66.132.172.219 - - [12/Jun/2026:04:34:43 +0200] "GET / HTTP/1.1" 415 179130 "-" "Mozilla/5.0 (compatible; CensysInspect/1.1; +https://about.censys.io/)"
66.132.172.219 - - [12/Jun/2026:04:34:48 +0200] "GET /wp-json/?_fields=name,description,home,gmt_offset,timezone_string,namespaces HTTP/1.1" 200 11846 "-" "Mozilla/5.0 (compatible; CensysInspect/1.1; +https://about.censys.io/)"
66.132.172.219 - - [12/Jun/2026:04:34:52 +0200] "GET / HTTP/1.1" 415 13681 "-" "Mozilla/5.0 (compatible; CensysInspect/1.1; +https://about.censys.io/)"
95.164.158.241 - - [12/Jun/2026:04:42:09 +0200] "GET /wp-login.php HTTP/1.1" 200 13681 "-" "Mozilla/5.0 (Macintosh; Intel Mac OS X 10_12_6) AppleWebKit/603.3.8 (KHTML, like Gecko) Version/10.1.2 Safari/603.3.8"
95.164.158.241 - - [12/Jun/2026:04:42:10 +0200] "POST http://vicenza.elettroservicegroup.it/wp-login.php HTTP/1.1" 200 13681 "-" "Mozilla/5.0 (Macintosh; Intel Mac OS X 10_12_6) AppleWebKit/603.3.8 (KHTML, like Gecko) Version/10.1.2 Safari/603.3.8"
95.164.158.241 - - [12/Jun/2026:04:42:11 +0200] "GET http://vicenza.elettroservicegroup.it/wp-admin/post-new.php HTTP/1.1" 200 13681 "-" "Mozilla/5.0 (Macintosh; Intel Mac OS X 10_12_6) AppleWebKit/603.3.8 (KHTML, like Gecko) Version/10.1.2 Safari/603.3.8"
180.153.197.110 - - [12/Jun/2026:06:13:18 +0200] "GET /robots.txt HTTP/2.0" 200 892 "http://vicenza.elettroservicegroup.it/robots.txt" "Mozilla/5.0 (Macintosh; Intel Mac OS X 10_15_7) AppleWebKit/537.36 (KHTML, like Gecko) Chrome/123.0.0.0 Safari/537.36"
180.153.197.110 - - [12/Jun/2026:06:13:18 +0200] "GET /robots.txt HTTP/1.1" 101 - "http://vicenza.elettroservicegroup.it/robots.txt" "Mozilla/5.0 (Macintosh; Intel Mac OS X 10_15_7) AppleWebKit/537.36 (KHTML, like Gecko) Chrome/123.0.0.0 Safari/537.36"
158.173.67.122 - - [12/Jun/2026:09:40:51 +0200] "GET /wp-content/plugins/excel-like-price-change-for-woocommerce-and-wp-e-commerce-light/readme.txt HTTP/1.1" 200 11842 "-" "Mozilla/5.0 (Linux; Android 10; K) AppleWebKit/537.36 (KHTML, like Gecko) Chrome/131.0.0.0 Mobile Safari/537.36"
158.173.67.16 - - [12/Jun/2026:09:40:52 +0200] "GET /wp-content/plugins/wp-event-solution/readme.txt HTTP/1.1" 200 11820 "-" "Mozilla/5.0 (Macintosh; Intel Mac OS X 10_15_7) AppleWebKit/537.36 (KHTML, like Gecko) Chrome/124.0.0.0 Safari/537.36"
158.173.67.218 - - [12/Jun/2026:09:40:54 +0200] "GET /wp-content/plugins/wc-fields-factory/readme.txt HTTP/1.1" 200 11881 "-" "Mozilla/5.0 (Windows NT 10.0; Win64; x64) AppleWebKit/537.36 (KHTML, like Gecko) Chrome/104.0.0.0 Safari/537.36"
158.173.67.101 - - [12/Jun/2026:09:40:58 +0200] "GET /wp-content/plugins/user-registration-pro/readme.txt HTTP/1.1" 200 11791 "-" "Mozilla/5.0 (Linux; Android 12; Pixel 6) AppleWebKit/537.36 (KHTML, like Gecko) Chrome/99.0.4844.58 Mobile Safari/537.36"
158.173.67.101 - - [12/Jun/2026:09:41:04 +0200] "GET /wp-content/plugins/user-registration/readme.txt HTTP/1.1" 200 11795 "-" "Mozilla/5.0 (iPhone; CPU iPhone OS 18_0 like Mac OS X) AppleWebKit/605.1.15 (KHTML, like Gecko) Version/18.0 Mobile/15E148 Safari/604.1"
158.173.67.25 - - [12/Jun/2026:09:41:06 +0200] "GET /wp-content/themes/motors/CHANGELOG.md HTTP/1.1" 200 11882 "-" "Mozilla/5.0 (Macintosh; Intel Mac OS X 10_15_7) AppleWebKit/537.36 (KHTML, like Gecko) Chrome/131.0.0.0 Safari/537.36"
158.173.67.122 - - [12/Jun/2026:09:41:07 +0200] "GET /wp-content/plugins/file-away/readme.txt HTTP/1.1" 200 11939 "-" "Mozilla/5.0 (Linux; Android 12; Pixel 6) AppleWebKit/537.36 (KHTML, like Gecko) Chrome/99.0.4844.58 Mobile Safari/537.36"
158.173.67.251 - - [12/Jun/2026:09:41:10 +0200] "GET /wp-content/plugins/baiduseo/readme.txt HTTP/1.1" 200 11823 "-" "Mozilla/5.0 (Windows NT 10.0; Win64; x64) AppleWebKit/537.36 (KHTML, like Gecko) Chrome/107.0.0.0 Safari/537.36"
158.173.67.122 - - [12/Jun/2026:09:41:10 +0200] "GET /wp-content/themes/adforest/style.css HTTP/1.1" 200 11709 "-" "Mozilla/5.0 (Macintosh; Intel Mac OS X 10_15_7) AppleWebKit/537.36 (KHTML, like Gecko) Chrome/131.0.0.0 Safari/537.36"
158.173.67.46 - - [12/Jun/2026:09:41:12 +0200] "GET /wp-content/themes/superio/style.css HTTP/1.1" 200 11858 "-" "Mozilla/5.0 (Macintosh; Intel Mac OS X 10_15_7) AppleWebKit/537.36 (KHTML, like Gecko) Chrome/124.0.0.0 Safari/537.36"
158.173.67.48 - - [12/Jun/2026:09:41:16 +0200] "GET /wp-content/plugins/order-delivery-date/readme.txt HTTP/1.1" 200 11821 "-" "Mozilla/5.0 (iPhone; CPU iPhone OS 18_0 like Mac OS X) AppleWebKit/605.1.15 (KHTML, like Gecko) Version/18.0 Mobile/15E148 Safari/604.1"
158.173.67.101 - - [12/Jun/2026:09:41:40 +0200] "GET /wp-content/plugins/suretriggers/readme.txt HTTP/1.1" 200 11801 "-" "Mozilla/5.0 (Windows NT 10.0; Win64; x64) AppleWebKit/537.36 (KHTML, like Gecko) Chrome/101.0.4951.64 Safari/537.36 Edg/101.0.1210.47"
158.173.67.6 - - [12/Jun/2026:09:41:42 +0200] "GET /wp-content/themes/foodbakery/style.css HTTP/1.1" 200 11856 "-" "Mozilla/5.0 (Linux; Android 10; K) AppleWebKit/537.36 (KHTML, like Gecko) Chrome/131.0.0.0 Mobile Safari/537.36"
158.173.67.226 - - [12/Jun/2026:09:41:42 +0200] "GET /wp-content/plugins/whmpress/history.txt HTTP/1.1" 200 11771 "-" "Mozilla/5.0 (Macintosh; Intel Mac OS X 10_15_7) AppleWebKit/605.1.15 (KHTML, like Gecko) Version/18.0 Safari/605.1.15"
158.173.67.61 - - [12/Jun/2026:09:41:44 +0200] "GET /wp-content/themes/javo-directory/style.css HTTP/1.1" 200 11972 "-" "Mozilla/5.0 (Macintosh; Intel Mac OS X 10_15_7) AppleWebKit/537.36 (KHTML, like Gecko) Chrome/131.0.0.0 Safari/537.36"
158.173.67.46 - - [12/Jun/2026:09:41:48 +0200] "GET /wp-content/plugins/iwjob/assets/css/style.css HTTP/1.1" 200 11829 "-" "Mozilla/5.0 (Macintosh; Intel Mac OS X 10_15_7) AppleWebKit/605.1.15 (KHTML, like Gecko) Version/18.0 Safari/605.1.15"
158.173.67.233 - - [12/Jun/2026:09:41:49 +0200] "GET /wp-content/themes/golo/style.css HTTP/1.1" 200 11771 "-" "Mozilla/5.0 (Linux; Android 10; K) AppleWebKit/537.36 (KHTML, like Gecko) Chrome/131.0.0.0 Mobile Safari/537.36"
158.173.67.61 - - [12/Jun/2026:09:41:52 +0200] "GET /wp-content/plugins/suretriggers/readme.txt HTTP/1.1" 200 11852 "-" "Mozilla/5.0 (Windows NT 10.0; Win64; x64) AppleWebKit/537.36 (KHTML, like Gecko) Chrome/104.0.0.0 Safari/537.36"
158.173.67.251 - - [12/Jun/2026:09:41:53 +0200] "GET /wp-content/themes/civi/style.css HTTP/1.1" 200 11927 "-" "Mozilla/5.0 (Windows NT 10.0; Win64; x64) AppleWebKit/537.36 (KHTML, like Gecko) Chrome/107.0.0.0 Safari/537.36"
158.173.67.251 - - [12/Jun/2026:09:41:54 +0200] "GET /wp-content/themes/jobcareer/style.css HTTP/1.1" 200 11901 "-" "Mozilla/5.0 (iPhone; CPU iPhone OS 17_2 like Mac OS X) AppleWebKit/605.1.15 (KHTML, like Gecko) Version/17.2 Mobile/15E148 Safari/604.1"
158.173.67.10 - - [12/Jun/2026:09:42:08 +0200] "GET /wp-content/plugins/chaty-pro/css/chaty-front.min.css HTTP/1.1" 200 11903 "-" "Mozilla/5.0 (iPhone; CPU iPhone OS 17_2 like Mac OS X) AppleWebKit/605.1.15 (KHTML, like Gecko) Version/17.2 Mobile/15E148 Safari/604.1"
158.173.67.237 - - [12/Jun/2026:09:42:09 +0200] "GET /wp-content/themes/homevillas-real-estate/style.css HTTP/1.1" 200 11808 "-" "Mozilla/5.0 (Windows NT 10.0; Win64; x64) AppleWebKit/537.36 (KHTML, like Gecko) Chrome/101.0.4951.64 Safari/537.36 Edg/101.0.1210.47"
158.173.67.200 - - [12/Jun/2026:09:42:32 +0200] "GET /wp-content/themes/realhomes/style.css HTTP/1.1" 200 11837 "-" "Mozilla/5.0 (Linux; Android 12; Pixel 6) AppleWebKit/537.36 (KHTML, like Gecko) Chrome/99.0.4844.58 Mobile Safari/537.36"
158.173.67.25 - - [12/Jun/2026:09:42:34 +0200] "GET /wp-content/plugins/k-elements/readme.txt HTTP/1.1" 200 11819 "-" "Mozilla/5.0 (iPhone; CPU iPhone OS 18_0 like Mac OS X) AppleWebKit/605.1.15 (KHTML, like Gecko) Version/18.0 Mobile/15E148 Safari/604.1"
158.173.67.200 - - [12/Jun/2026:09:42:38 +0200] "GET /wp-content/plugins/security-malware-firewall/readme.txt HTTP/1.1" 200 11858 "-" "Mozilla/5.0 (Windows NT 10.0; Win64; x64) AppleWebKit/537.36 (KHTML, like Gecko) Chrome/101.0.4951.64 Safari/537.36 Edg/101.0.1210.47"
158.173.67.48 - - [12/Jun/2026:09:42:41 +0200] "GET /wp-content/themes/directorybox/style.css HTTP/1.1" 200 11865 "-" "Mozilla/5.0 (Windows NT 10.0; Win64; x64) AppleWebKit/537.36 (KHTML, like Gecko) Chrome/101.0.4951.64 Safari/537.36 Edg/101.0.1210.47"
158.173.67.247 - - [12/Jun/2026:09:42:42 +0200] "GET /wp-content/plugins/indeed-wp-superbackup/admin/assets/css/style.css HTTP/1.1" 200 11856 "-" "Mozilla/5.0 (Windows NT 10.0; Win64; x64) AppleWebKit/537.36 (KHTML, like Gecko) Chrome/104.0.0.0 Safari/537.36"
158.173.67.139 - - [12/Jun/2026:09:42:44 +0200] "GET /wp-content/plugins/post-grid/readme.txt HTTP/1.1" 200 11833 "-" "Mozilla/5.0 (Windows NT 10.0; Win64; x64) AppleWebKit/537.36 (KHTML, like Gecko) Chrome/107.0.0.0 Safari/537.36"
158.173.67.233 - - [12/Jun/2026:09:43:06 +0200] "GET /wp-content/themes/homey/style.css HTTP/1.1" 200 11868 "-" "Mozilla/5.0 (Windows NT 10.0; Win64; x64) AppleWebKit/537.36 (KHTML, like Gecko) Chrome/104.0.0.0 Safari/537.36"
158.173.67.166 - - [12/Jun/2026:09:43:16 +0200] "GET /wp-content/themes/adifier/style.css HTTP/1.1" 200 11819 "-" "Mozilla/5.0 (Macintosh; Intel Mac OS X 10_15_7) AppleWebKit/605.1.15 (KHTML, like Gecko) Version/18.0 Safari/605.1.15"
158.173.67.101 - - [12/Jun/2026:09:43:20 +0200] "GET /wp-content/plugins/fancy-product-designer/readme.txt HTTP/1.1" 200 11826 "-" "Mozilla/5.0 (Windows NT 10.0; Win64; x64) AppleWebKit/537.36 (KHTML, like Gecko) Chrome/107.0.0.0 Safari/537.36"
158.173.67.112 - - [12/Jun/2026:09:44:00 +0200] "GET /wp-content/plugins/jobboardwp/readme.txt HTTP/1.1" 200 11810 "-" "Mozilla/5.0 (Macintosh; Intel Mac OS X 10_15_7) AppleWebKit/537.36 (KHTML, like Gecko) Chrome/131.0.0.0 Safari/537.36"
158.173.67.21 - - [12/Jun/2026:09:44:03 +0200] "GET /wp-content/plugins/woocommerce-photo-reviews/changelog.txt HTTP/1.1" 200 11938 "-" "Mozilla/5.0 (Windows NT 10.0; Win64; x64) AppleWebKit/537.36 (KHTML, like Gecko) Chrome/107.0.0.0 Safari/537.36"
158.173.67.101 - - [12/Jun/2026:09:44:13 +0200] "GET /wp-content/plugins/pie-register-premium/readme.txt HTTP/1.1" 200 11853 "-" "Mozilla/5.0 (Linux; Android 10; K) AppleWebKit/537.36 (KHTML, like Gecko) Chrome/131.0.0.0 Mobile Safari/537.36"
158.173.67.233 - - [12/Jun/2026:09:44:37 +0200] "GET /wp-content/plugins/indeed-wp-superbackup/languages/indeed-wp-superbackup.pot HTTP/1.1" 200 11891 "-" "Mozilla/5.0 (Macintosh; Intel Mac OS X 10_15_7) AppleWebKit/537.36 (KHTML, like Gecko) Chrome/133.0.0.0 Safari/537.36"
158.173.67.10 - - [12/Jun/2026:09:44:38 +0200] "GET /wp-content/plugins/custom-registration-form-builder-with-submission-manager/readme.txt HTTP/1.1" 200 11856 "-" "Mozilla/5.0 (Macintosh; Intel Mac OS X 10_15_7) AppleWebKit/537.36 (KHTML, like Gecko) Chrome/124.0.0.0 Safari/537.36"
158.173.67.247 - - [12/Jun/2026:09:44:39 +0200] "GET /wp-content/plugins/wp-time-capsule/readme.txt HTTP/1.1" 200 11890 "-" "Mozilla/5.0 (Windows NT 10.0; Win64; x64) AppleWebKit/537.36 (KHTML, like Gecko) Chrome/101.0.4951.64 Safari/537.36 Edg/101.0.1210.47"
158.173.67.218 - - [12/Jun/2026:09:44:41 +0200] "GET /wp-content/plugins/really-simple-ssl-pro-multisite/readme.txt HTTP/1.1" 200 11796 "-" "Mozilla/5.0 (Linux; Android 12; Pixel 6) AppleWebKit/537.36 (KHTML, like Gecko) Chrome/99.0.4844.58 Mobile Safari/537.36"
158.173.67.10 - - [12/Jun/2026:09:44:42 +0200] "GET /wp-content/plugins/really-simple-ssl-pro/readme.txt HTTP/1.1" 200 11729 "-" "Mozilla/5.0 (Windows NT 10.0; Win64; x64) AppleWebKit/537.36 (KHTML, like Gecko) Chrome/104.0.0.0 Safari/537.36"
158.173.67.237 - - [12/Jun/2026:09:44:44 +0200] "GET /wp-content/plugins/really-simple-ssl/readme.txt HTTP/1.1" 200 11835 "-" "Mozilla/5.0 (Macintosh; Intel Mac OS X 10_15_7) AppleWebKit/605.1.15 (KHTML, like Gecko) Version/18.0 Safari/605.1.15"
158.173.67.213 - - [12/Jun/2026:09:44:45 +0200] "GET /wp-content/plugins/wp-membership/languages/wpmembership.pot HTTP/1.1" 200 11809 "-" "Mozilla/5.0 (iPhone; CPU iPhone OS 18_0 like Mac OS X) AppleWebKit/605.1.15 (KHTML, like Gecko) Version/18.0 Mobile/15E148 Safari/604.1"
158.173.67.144 - - [12/Jun/2026:09:44:46 +0200] "GET /wp-content/themes/wplms/style.css HTTP/1.1" 200 11776 "-" "Mozilla/5.0 (Macintosh; Intel Mac OS X 10_15_7) AppleWebKit/605.1.15 (KHTML, like Gecko) Version/18.0 Safari/605.1.15"
158.173.67.112 - - [12/Jun/2026:09:44:47 +0200] "GET /wp-content/plugins/wp-jobsearch/admin/css/admin.css HTTP/1.1" 200 11809 "-" "Mozilla/5.0 (Windows NT 10.0; Win64; x64) AppleWebKit/537.36 (KHTML, like Gecko) Chrome/104.0.0.0 Safari/537.36"
158.173.67.16 - - [12/Jun/2026:09:44:49 +0200] "GET /wp-content/plugins/wp-wc-affiliate-program/languages/rtwwwap-wp-wc-affiliate-program.pot HTTP/1.1" 200 11929 "-" "Mozilla/5.0 (Macintosh; Intel Mac OS X 10_15_7) AppleWebKit/537.36 (KHTML, like Gecko) Chrome/133.0.0.0 Safari/537.36"
158.173.67.30 - - [12/Jun/2026:09:44:50 +0200] "GET /wp-content/plugins/Ultimate_AI/assets/css/style.css HTTP/1.1" 200 11813 "-" "Mozilla/5.0 (Windows NT 10.0; Win64; x64) AppleWebKit/537.36 (KHTML, like Gecko) Chrome/107.0.0.0 Safari/537.36"
158.173.67.156 - - [12/Jun/2026:09:44:51 +0200] "GET /wp-content/plugins/latepoint/readme.txt HTTP/1.1" 200 11772 "-" "Mozilla/5.0 (iPhone; CPU iPhone OS 17_2 like Mac OS X) AppleWebKit/605.1.15 (KHTML, like Gecko) Version/17.2 Mobile/15E148 Safari/604.1"
158.173.67.233 - - [12/Jun/2026:09:44:55 +0200] "GET /wp-content/plugins/gutenkit-blocks-addon/readme.txt HTTP/1.1" 200 11875 "-" "Mozilla/5.0 (iPhone; CPU iPhone OS 17_2 like Mac OS X) AppleWebKit/605.1.15 (KHTML, like Gecko) Version/17.2 Mobile/15E148 Safari/604.1"
158.173.67.46 - - [12/Jun/2026:09:44:57 +0200] "GET /wp-content/plugins/rss-feed-post-generator-echo/readme.txt HTTP/1.1" 200 11863 "-" "Mozilla/5.0 (Linux; Android 12; Pixel 6) AppleWebKit/537.36 (KHTML, like Gecko) Chrome/99.0.4844.58 Mobile Safari/537.36"
158.173.67.112 - - [12/Jun/2026:09:44:58 +0200] "GET /wp-content/plugins/json-api-user/readme.txt HTTP/1.1" 200 11803 "-" "Mozilla/5.0 (Windows NT 10.0; Win64; x64) AppleWebKit/537.36 (KHTML, like Gecko) Chrome/101.0.4951.64 Safari/537.36 Edg/101.0.1210.47"
158.173.67.30 - - [12/Jun/2026:09:44:59 +0200] "GET /wp-content/plugins/charitable/CHANGELOG.md HTTP/1.1" 200 11901 "-" "Mozilla/5.0 (Linux; Android 10; K) AppleWebKit/537.36 (KHTML, like Gecko) Chrome/131.0.0.0 Mobile Safari/537.36"
158.173.67.73 - - [12/Jun/2026:09:45:03 +0200] "GET /wp-content/plugins/wp-job-portal/readme.txt HTTP/1.1" 200 11806 "-" "Mozilla/5.0 (iPhone; CPU iPhone OS 18_0 like Mac OS X) AppleWebKit/605.1.15 (KHTML, like Gecko) Version/18.0 Mobile/15E148 Safari/604.1"
158.173.67.73 - - [12/Jun/2026:09:45:04 +0200] "GET /wp-content/plugins/js-support-ticket/readme.txt HTTP/1.1" 200 11796 "-" "Mozilla/5.0 (Macintosh; Intel Mac OS X 10_15_7) AppleWebKit/537.36 (KHTML, like Gecko) Chrome/124.0.0.0 Safari/537.36"
158.173.67.237 - - [12/Jun/2026:09:45:05 +0200] "GET /wp-content/plugins/give/readme.txt HTTP/1.1" 200 11838 "-" "Mozilla/5.0 (Macintosh; Intel Mac OS X 10_15_7) AppleWebKit/537.36 (KHTML, like Gecko) Chrome/124.0.0.0 Safari/537.36"
158.173.67.139 - - [12/Jun/2026:09:45:06 +0200] "GET /wp-content/debug.log HTTP/1.1" 200 11765 "-" "Mozilla/5.0 (Windows NT 10.0; Win64; x64) AppleWebKit/537.36 (KHTML, like Gecko) Chrome/104.0.0.0 Safari/537.36"
158.173.67.101 - - [12/Jun/2026:09:45:07 +0200] "GET /wp-content/plugins/zm-ajax-login-register/readme.txt HTTP/1.1" 200 11887 "-" "Mozilla/5.0 (Macintosh; Intel Mac OS X 10_15_7) AppleWebKit/537.36 (KHTML, like Gecko) Chrome/131.0.0.0 Safari/537.36"
158.173.67.166 - - [12/Jun/2026:09:45:08 +0200] "GET /wp-content/plugins/instawp-connect/readme.txt HTTP/1.1" 200 11854 "-" "Mozilla/5.0 (Linux; Android 10; K) AppleWebKit/537.36 (KHTML, like Gecko) Chrome/131.0.0.0 Mobile Safari/537.36"
158.173.67.9 - - [12/Jun/2026:09:45:30 +0200] "GET /wp-content/plugins/instawp-connect/readme.txt HTTP/1.1" 200 11865 "-" "Mozilla/5.0 (Windows NT 10.0; Win64; x64) AppleWebKit/537.36 (KHTML, like Gecko) Chrome/104.0.0.0 Safari/537.36"
158.173.67.139 - - [12/Jun/2026:09:45:30 +0200] "GET / HTTP/1.1" 200 11836 "-" "Mozilla/5.0 (iPhone; CPU iPhone OS 17_2 like Mac OS X) AppleWebKit/605.1.15 (KHTML, like Gecko) Version/17.2 Mobile/15E148 Safari/604.1"
158.173.67.166 - - [12/Jun/2026:09:45:34 +0200] "GET /wp-content/plugins/wp-seopress/readme.txt HTTP/1.1" 200 11891 "-" "Mozilla/5.0 (iPhone; CPU iPhone OS 18_0 like Mac OS X) AppleWebKit/605.1.15 (KHTML, like Gecko) Version/18.0 Mobile/15E148 Safari/604.1"
158.173.67.200 - - [12/Jun/2026:09:45:35 +0200] "GET /wp-content/plugins/keydatas/readme.txt HTTP/1.1" 200 11812 "-" "Mozilla/5.0 (Macintosh; Intel Mac OS X 10_15_7) AppleWebKit/605.1.15 (KHTML, like Gecko) Version/18.0 Safari/605.1.15"
158.173.67.141 - - [12/Jun/2026:09:45:36 +0200] "GET /wp-content/plugins/wp-time-capsule/readme.txt HTTP/1.1" 200 11813 "-" "Mozilla/5.0 (Linux; Android 12; Pixel 6) AppleWebKit/537.36 (KHTML, like Gecko) Chrome/99.0.4844.58 Mobile Safari/537.36"
158.173.67.237 - - [12/Jun/2026:09:45:38 +0200] "GET /wp-content/plugins/wp-mlm/readme.txt HTTP/1.1" 200 11834 "-" "Mozilla/5.0 (Macintosh; Intel Mac OS X 10_15_7) AppleWebKit/537.36 (KHTML, like Gecko) Chrome/131.0.0.0 Safari/537.36"
158.173.67.213 - - [12/Jun/2026:09:45:38 +0200] "GET /wp-content/plugins/userpro/changelog.txt HTTP/1.1" 200 11820 "-" "Mozilla/5.0 (iPhone; CPU iPhone OS 18_0 like Mac OS X) AppleWebKit/605.1.15 (KHTML, like Gecko) Version/18.0 Mobile/15E148 Safari/604.1"
158.173.67.226 - - [12/Jun/2026:09:45:40 +0200] "GET /wp-content/plugins/chatbot-chatgpt/readme.txt HTTP/1.1" 200 11834 "-" "Mozilla/5.0 (Windows NT 10.0; Win64; x64) AppleWebKit/537.36 (KHTML, like Gecko) Chrome/101.0.4951.64 Safari/537.36 Edg/101.0.1210.47"
158.173.67.139 - - [12/Jun/2026:09:45:44 +0200] "GET /wp-content/plugins/wp-automatic/css/wp-automatic.css HTTP/1.1" 200 11864 "-" "Mozilla/5.0 (iPhone; CPU iPhone OS 18_0 like Mac OS X) AppleWebKit/605.1.15 (KHTML, like Gecko) Version/18.0 Mobile/15E148 Safari/604.1"
158.173.67.200 - - [12/Jun/2026:09:45:44 +0200] "GET /wp-content/plugins/wp-automatic/changelog HTTP/1.1" 200 11941 "-" "Mozilla/5.0 (iPhone; CPU iPhone OS 18_0 like Mac OS X) AppleWebKit/605.1.15 (KHTML, like Gecko) Version/18.0 Mobile/15E148 Safari/604.1"
158.173.67.112 - - [12/Jun/2026:09:46:02 +0200] "GET /wp-content/plugins/wp-photo-album-plus/changelog.txt HTTP/1.1" 200 11862 "-" "Mozilla/5.0 (Windows NT 10.0; Win64; x64) AppleWebKit/537.36 (KHTML, like Gecko) Chrome/104.0.0.0 Safari/537.36"
158.173.67.233 - - [12/Jun/2026:09:46:03 +0200] "GET /wp-content/plugins/startklar-elmentor-forms-extwidgets/readme.txt HTTP/1.1" 200 11905 "-" "Mozilla/5.0 (iPhone; CPU iPhone OS 17_2 like Mac OS X) AppleWebKit/605.1.15 (KHTML, like Gecko) Version/17.2 Mobile/15E148 Safari/604.1"
158.173.67.185 - - [12/Jun/2026:09:46:27 +0200] "GET /wp-content/plugins/edwiser-bridge/readme.txt HTTP/1.1" 200 11804 "-" "Mozilla/5.0 (Macintosh; Intel Mac OS X 10_15_7) AppleWebKit/537.36 (KHTML, like Gecko) Chrome/133.0.0.0 Safari/537.36"
158.173.67.9 - - [12/Jun/2026:09:46:54 +0200] "GET /wp-content/plugins/learning-management-system/readme.txt HTTP/1.1" 200 11855 "-" "Mozilla/5.0 (iPhone; CPU iPhone OS 17_2 like Mac OS X) AppleWebKit/605.1.15 (KHTML, like Gecko) Version/17.2 Mobile/15E148 Safari/604.1"
158.173.67.218 - - [12/Jun/2026:09:46:55 +0200] "GET /wp-content/plugins/woocommerce-simple-registration/readme.txt HTTP/1.1" 200 11800 "-" "Mozilla/5.0 (Windows NT 10.0; Win64; x64) AppleWebKit/537.36 (KHTML, like Gecko) Chrome/107.0.0.0 Safari/537.36"
158.173.67.122 - - [12/Jun/2026:09:47:42 +0200] "GET /wp-content/plugins/miniorange-2-factor-authentication/readme.txt HTTP/1.1" 200 11939 "-" "Mozilla/5.0 (Linux; Android 10; K) AppleWebKit/537.36 (KHTML, like Gecko) Chrome/131.0.0.0 Mobile Safari/537.36"
158.173.67.112 - - [12/Jun/2026:09:47:44 +0200] "GET /wp-content/plugins/miniorange-malware-protection/readme.txt HTTP/1.1" 200 11808 "-" "Mozilla/5.0 (Macintosh; Intel Mac OS X 10_15_7) AppleWebKit/605.1.15 (KHTML, like Gecko) Version/18.0 Safari/605.1.15"
158.173.67.141 - - [12/Jun/2026:09:48:33 +0200] "GET /wp-content/plugins/instawp-connect/readme.txt HTTP/1.1" 200 11817 "-" "Mozilla/5.0 (Windows NT 10.0; Win64; x64) AppleWebKit/537.36 (KHTML, like Gecko) Chrome/104.0.0.0 Safari/537.36"
158.173.67.200 - - [12/Jun/2026:09:49:27 +0200] "GET /wp-content/plugins/masterstudy-lms-learning-management-system/readme.txt HTTP/1.1" 200 11936 "-" "Mozilla/5.0 (Macintosh; Intel Mac OS X 10_15_7) AppleWebKit/537.36 (KHTML, like Gecko) Chrome/124.0.0.0 Safari/537.36"
158.173.67.139 - - [12/Jun/2026:09:49:30 +0200] "GET /wp-content/plugins/activedemand/readme.txt HTTP/1.1" 200 11916 "-" "Mozilla/5.0 (Linux; Android 10; K) AppleWebKit/537.36 (KHTML, like Gecko) Chrome/131.0.0.0 Mobile Safari/537.36"
158.173.67.9 - - [12/Jun/2026:09:49:32 +0200] "GET /wp-content/plugins/phppoet-checkout-fields/readme.txt HTTP/1.1" 200 11807 "-" "Mozilla/5.0 (Linux; Android 10; K) AppleWebKit/537.36 (KHTML, like Gecko) Chrome/131.0.0.0 Mobile Safari/537.36"
158.173.67.218 - - [12/Jun/2026:09:49:33 +0200] "GET / HTTP/1.1" 200 11785 "-" "Mozilla/5.0 (iPhone; CPU iPhone OS 17_2 like Mac OS X) AppleWebKit/605.1.15 (KHTML, like Gecko) Version/17.2 Mobile/15E148 Safari/604.1"
158.173.67.166 - - [12/Jun/2026:09:49:34 +0200] "GET /wp-content/plugins/bertha-ai-free/readme.txt HTTP/1.1" 200 11828 "-" "Mozilla/5.0 (Linux; Android 10; K) AppleWebKit/537.36 (KHTML, like Gecko) Chrome/131.0.0.0 Mobile Safari/537.36"
158.173.67.156 - - [12/Jun/2026:09:49:36 +0200] "GET /wp-content/plugins/rencontre/readme.txt HTTP/1.1" 200 11858 "-" "Mozilla/5.0 (iPhone; CPU iPhone OS 18_0 like Mac OS X) AppleWebKit/605.1.15 (KHTML, like Gecko) Version/18.0 Mobile/15E148 Safari/604.1"
158.173.67.25 - - [12/Jun/2026:09:49:38 +0200] "GET /wp-content/plugins/login-as-customer-or-user/readme.txt HTTP/1.1" 200 11894 "-" "Mozilla/5.0 (iPhone; CPU iPhone OS 17_2 like Mac OS X) AppleWebKit/605.1.15 (KHTML, like Gecko) Version/17.2 Mobile/15E148 Safari/604.1"
158.173.67.251 - - [12/Jun/2026:09:49:40 +0200] "GET /wp-content/plugins/post-smtp/readme.txt HTTP/1.1" 200 11829 "-" "Mozilla/5.0 (Windows NT 10.0; Win64; x64) AppleWebKit/537.36 (KHTML, like Gecko) Chrome/101.0.4951.64 Safari/537.36 Edg/101.0.1210.47"
158.173.67.213 - - [12/Jun/2026:09:49:53 +0200] "GET /wp-content/plugins/ai-engine/readme.txt HTTP/1.1" 200 11794 "-" "Mozilla/5.0 (Macintosh; Intel Mac OS X 10_15_7) AppleWebKit/537.36 (KHTML, like Gecko) Chrome/133.0.0.0 Safari/537.36"
158.173.67.251 - - [12/Jun/2026:09:49:55 +0200] "GET /wp-content/plugins/userpro/changelog.txt HTTP/1.1" 200 11765 "-" "Mozilla/5.0 (Windows NT 10.0; Win64; x64) AppleWebKit/537.36 (KHTML, like Gecko) Chrome/101.0.4951.64 Safari/537.36 Edg/101.0.1210.47"
158.173.67.6 - - [12/Jun/2026:09:49:56 +0200] "GET /wp-content/plugins/backup-backup/readme.txt HTTP/1.1" 200 11817 "-" "Mozilla/5.0 (Macintosh; Intel Mac OS X 10_15_7) AppleWebKit/537.36 (KHTML, like Gecko) Chrome/124.0.0.0 Safari/537.36"
158.173.67.144 - - [12/Jun/2026:09:50:00 +0200] "GET /wp-content/plugins/royal-elementor-addons/readme.txt HTTP/1.1" 200 11892 "-" "Mozilla/5.0 (Macintosh; Intel Mac OS X 10_15_7) AppleWebKit/537.36 (KHTML, like Gecko) Chrome/131.0.0.0 Safari/537.36"
158.173.67.73 - - [12/Jun/2026:09:50:44 +0200] "GET /wp-content/plugins/import-xml-feed/readme.txt HTTP/1.1" 200 11829 "-" "Mozilla/5.0 (Linux; Android 10; K) AppleWebKit/537.36 (KHTML, like Gecko) Chrome/131.0.0.0 Mobile Safari/537.36"
158.173.67.10 - - [12/Jun/2026:09:50:46 +0200] "GET /wp-content/plugins/email-posts-to-subscribers/readme.txt HTTP/1.1" 200 11906 "-" "Mozilla/5.0 (Linux; Android 10; K) AppleWebKit/537.36 (KHTML, like Gecko) Chrome/131.0.0.0 Mobile Safari/537.36"
158.173.67.166 - - [12/Jun/2026:09:50:48 +0200] "GET /wp-content/plugins/kadence-blocks/readme.txt HTTP/1.1" 200 11954 "-" "Mozilla/5.0 (Macintosh; Intel Mac OS X 10_15_7) AppleWebKit/605.1.15 (KHTML, like Gecko) Version/18.0 Safari/605.1.15"
158.173.67.243 - - [12/Jun/2026:09:50:49 +0200] "GET /wp-content/plugins/jupiterx-core/readme.txt HTTP/1.1" 200 11816 "-" "Mozilla/5.0 (Windows NT 10.0; Win64; x64) AppleWebKit/537.36 (KHTML, like Gecko) Chrome/104.0.0.0 Safari/537.36"
158.173.67.139 - - [12/Jun/2026:09:51:07 +0200] "GET /wp-content/plugins/forminator/readme.txt HTTP/1.1" 200 11875 "-" "Mozilla/5.0 (Windows NT 10.0; Win64; x64) AppleWebKit/537.36 (KHTML, like Gecko) Chrome/101.0.4951.64 Safari/537.36 Edg/101.0.1210.47"
158.173.67.139 - - [12/Jun/2026:09:51:08 +0200] "GET /wp-content/plugins/ht-mega-for-elementor/readme.txt HTTP/1.1" 200 11841 "-" "Mozilla/5.0 (Macintosh; Intel Mac OS X 10_15_7) AppleWebKit/605.1.15 (KHTML, like Gecko) Version/18.0 Safari/605.1.15"
158.173.67.10 - - [12/Jun/2026:09:51:30 +0200] "GET /wp-content/plugins/wp-post-author/readme.txt HTTP/1.1" 200 11878 "-" "Mozilla/5.0 (Linux; Android 10; K) AppleWebKit/537.36 (KHTML, like Gecko) Chrome/131.0.0.0 Mobile Safari/537.36"
158.173.67.6 - - [12/Jun/2026:09:51:36 +0200] "GET /wp-content/plugins/mstore-api/readme.txt HTTP/1.1" 200 11814 "-" "Mozilla/5.0 (Windows NT 10.0; Win64; x64) AppleWebKit/537.36 (KHTML, like Gecko) Chrome/101.0.4951.64 Safari/537.36 Edg/101.0.1210.47"
158.173.67.193 - - [12/Jun/2026:09:51:38 +0200] "GET /wp-content/plugins/ultimate-member/readme.txt HTTP/1.1" 200 11900 "-" "Mozilla/5.0 (Macintosh; Intel Mac OS X 10_15_7) AppleWebKit/537.36 (KHTML, like Gecko) Chrome/131.0.0.0 Safari/537.36"
158.173.67.185 - - [12/Jun/2026:09:51:40 +0200] "GET /wp-content/plugins/essential-addons-for-elementor-lite/readme.txt HTTP/1.1" 200 11859 "-" "Mozilla/5.0 (Macintosh; Intel Mac OS X 10_15_7) AppleWebKit/537.36 (KHTML, like Gecko) Chrome/131.0.0.0 Safari/537.36"
158.173.67.9 - - [12/Jun/2026:09:51:43 +0200] "GET /wp-content/plugins/easy-digital-downloads/readme.txt HTTP/1.1" 200 11862 "-" "Mozilla/5.0 (Linux; Android 10; K) AppleWebKit/537.36 (KHTML, like Gecko) Chrome/131.0.0.0 Mobile Safari/537.36"
158.173.67.46 - - [12/Jun/2026:09:51:47 +0200] "GET /wp-content/plugins/woocommerce-payments/readme.txt HTTP/1.1" 200 11945 "-" "Mozilla/5.0 (Windows NT 10.0; Win64; x64) AppleWebKit/537.36 (KHTML, like Gecko) Chrome/104.0.0.0 Safari/537.36"
158.173.67.141 - - [12/Jun/2026:09:51:48 +0200] "GET /wp-content/plugins/wp-email-capture/readme.txt HTTP/1.1" 200 11836 "-" "Mozilla/5.0 (Linux; Android 12; Pixel 6) AppleWebKit/537.36 (KHTML, like Gecko) Chrome/99.0.4844.58 Mobile Safari/537.36"
158.173.67.6 - - [12/Jun/2026:09:51:56 +0200] "GET /wp-content/plugins/zendrop-dropshipping-and-fulfillment/readme.txt HTTP/1.1" 200 11966 "-" "Mozilla/5.0 (iPhone; CPU iPhone OS 17_2 like Mac OS X) AppleWebKit/605.1.15 (KHTML, like Gecko) Version/17.2 Mobile/15E148 Safari/604.1"
158.173.67.30 - - [12/Jun/2026:09:52:40 +0200] "GET /complete-order/?selected_package=1 HTTP/1.1" 200 11898 "-" "Mozilla/5.0 (Linux; Android 10; K) AppleWebKit/537.36 (KHTML, like Gecko) Chrome/131.0.0.0 Mobile Safari/537.36"
158.173.67.25 - - [12/Jun/2026:09:52:41 +0200] "GET / HTTP/1.1" 200 11766 "-" "Mozilla/5.0 (Macintosh; Intel Mac OS X 10_15_7) AppleWebKit/605.1.15 (KHTML, like Gecko) Version/18.0 Safari/605.1.15"
158.173.67.166 - - [12/Jun/2026:09:52:42 +0200] "GET /wp-content/plugins/wp-sms/readme.txt HTTP/1.1" 200 11799 "-" "Mozilla/5.0 (Windows NT 10.0; Win64; x64) AppleWebKit/537.36 (KHTML, like Gecko) Chrome/107.0.0.0 Safari/537.36"
158.173.67.233 - - [12/Jun/2026:09:53:37 +0200] "GET /wp-content/plugins/n-media-woocommerce-checkout-fields/readme.txt HTTP/1.1" 200 11803 "-" "Mozilla/5.0 (Macintosh; Intel Mac OS X 10_15_7) AppleWebKit/537.36 (KHTML, like Gecko) Chrome/124.0.0.0 Safari/537.36"
191.102.187.120 - - [12/Jun/2026:14:02:07 +0200] "GET /wp-login.php HTTP/1.1" 200 13681 "-" "Mozilla/5.0 (Macintosh; Intel Mac OS X 10_12_6) AppleWebKit/603.3.8 (KHTML, like Gecko) Version/10.1.2 Safari/603.3.8"
191.102.187.120 - - [12/Jun/2026:14:02:08 +0200] "POST http://vicenza.elettroservicegroup.it/wp-login.php HTTP/1.1" 200 13681 "-" "Mozilla/5.0 (Macintosh; Intel Mac OS X 10_12_6) AppleWebKit/603.3.8 (KHTML, like Gecko) Version/10.1.2 Safari/603.3.8"
191.102.187.120 - - [12/Jun/2026:14:02:08 +0200] "GET http://vicenza.elettroservicegroup.it/wp-admin/post-new.php HTTP/1.1" 200 13681 "-" "Mozilla/5.0 (Macintosh; Intel Mac OS X 10_12_6) AppleWebKit/603.3.8 (KHTML, like Gecko) Version/10.1.2 Safari/603.3.8"