52.167.144.139 - - [14/Jun/2026:15:29:38 +0200] "GET /sitemap.xml.gz HTTP/2.0" 200 313 "-" "Mozilla/5.0 AppleWebKit/537.36 (KHTML, like Gecko; compatible; bingbot/2.0; +http://www.bing.com/bingbot.htm) Chrome/116.0.1938.76 Safari/537.36"
65.108.235.243 - - [14/Jun/2026:15:40:45 +0200] "POST /wp-cron.php?doing_wp_cron=1781444445.8582348823547363281250 HTTP/1.1" 200 1 "-" "WordPress/7.0; https://parma.elettroservicegroup.it"
151.46.71.242 - - [14/Jun/2026:15:40:38 +0200] "GET /favicon.ico HTTP/2.0" 302 1 "-" "NetworkingExtension/8623.2.7.10.4 Network/5569.82.5 iOS/26.3"
151.46.71.242 - - [14/Jun/2026:15:40:46 +0200] "GET /wp-content/uploads/2021/10/cropped-cropped-cropped-cropped-logo_white_background-32x32.png HTTP/2.0" 200 1525 "-" "NetworkingExtension/8623.2.7.10.4 Network/5569.82.5 iOS/26.3"
151.46.71.242 - - [14/Jun/2026:15:40:38 +0200] "GET /apple-touch-icon-precomposed.png HTTP/2.0" 404 25155 "-" "NetworkingExtension/8623.2.7.10.4 Network/5569.82.5 iOS/26.3"
151.46.71.242 - - [14/Jun/2026:15:40:38 +0200] "GET /apple-touch-icon.png HTTP/2.0" 404 25143 "-" "NetworkingExtension/8623.2.7.10.4 Network/5569.82.5 iOS/26.3"
65.108.235.243 - - [14/Jun/2026:15:40:47 +0200] "POST /wp-cron.php?doing_wp_cron=1781444447.8321070671081542968750 HTTP/1.1" 200 1 "-" "WordPress/7.0; https://parma.elettroservicegroup.it"
151.46.71.242 - - [14/Jun/2026:15:40:38 +0200] "GET /assistenza-whirlpool-parma/ HTTP/2.0" 200 31064 "-" "Mozilla/5.0 (Macintosh; Intel Mac OS X 10_11_1) AppleWebKit/601.2.4 (KHTML, like Gecko) Version/9.0.1 Safari/601.2.4 facebookexternalhit/1.1 Facebot Twitterbot/1.0"
151.46.71.242 - - [14/Jun/2026:15:40:48 +0200] "GET /wp-content/uploads/2021/10/cropped-cropped-cropped-cropped-logo_white_background-32x32.png HTTP/2.0" 200 1525 "-" "NetworkingExtension/8623.2.7.10.4 Network/5569.82.5 iOS/26.3"
151.46.71.242 - - [14/Jun/2026:15:40:48 +0200] "GET /wp-content/uploads/2021/10/TECNICO-ELETTRODOMESTICI-10.jpg HTTP/2.0" 200 24210 "-" "NetworkingExtension/8623.2.7.10.4 Network/5569.82.5 iOS/26.3"
151.46.71.242 - - [14/Jun/2026:15:40:48 +0200] "GET /wp-content/uploads/2021/10/cropped-cropped-cropped-cropped-logo_white_background-180x180.png HTTP/2.0" 200 21353 "-" "NetworkingExtension/8623.2.7.10.4 Network/5569.82.5 iOS/26.3"
151.46.71.242 - - [14/Jun/2026:15:40:48 +0200] "GET /wp-content/uploads/2022/01/tecnico-elettro-300x200.jpg HTTP/2.0" 200 15134 "-" "NetworkingExtension/8623.2.7.10.4 Network/5569.82.5 iOS/26.3"
151.46.71.242 - - [14/Jun/2026:15:40:48 +0200] "GET /wp-content/uploads/2021/10/cropped-cropped-cropped-logo_white_background.png HTTP/2.0" 200 38971 "-" "NetworkingExtension/8623.2.7.10.4 Network/5569.82.5 iOS/26.3"
151.46.71.242 - - [14/Jun/2026:15:40:48 +0200] "GET /wp-content/uploads/2021/10/cropped-cropped-cropped-cropped-logo_white_background-192x192.png HTTP/2.0" 200 19089 "-" "NetworkingExtension/8623.2.7.10.4 Network/5569.82.5 iOS/26.3"
65.108.235.243 - - [14/Jun/2026:16:00:26 +0200] "POST /wp-cron.php?doing_wp_cron=1781445626.3479650020599365234375 HTTP/1.1" 200 1 "-" "WordPress/7.0; https://parma.elettroservicegroup.it"
102.100.120.93 - - [14/Jun/2026:16:00:22 +0200] "GET /assistenza-ariston-parma/ HTTP/2.0" 200 31091 "-" "Mozilla/5.0 (Linux; Android 8.0; Pixel 2 Build/OPD3.170816.012) AppleWebKit/537.36 (KHTML, like Gecko) Chrome/60.0.5754.1012 Mobile Safari/537.36"
45.157.75.96 - - [14/Jun/2026:16:00:28 +0200] "GET /wp-content/plugins/elementor/assets/lib/font-awesome/css/solid.css?ver=5.15.3 HTTP/2.0" 200 299 "https://parma.elettroservicegroup.it/assistenza-ariston-parma/" "Mozilla/5.0 (Linux; Android 8.0; Pixel 2 Build/OPD3.170816.012) AppleWebKit/537.36 (KHTML, like Gecko) Chrome/60.0.5754.1012 Mobile Safari/537.36"
45.157.75.96 - - [14/Jun/2026:16:00:28 +0200] "GET /wp-content/plugins/elementor/assets/css/widget-social-icons.min.css?ver=3.24.0 HTTP/2.0" 200 1039 "https://parma.elettroservicegroup.it/assistenza-ariston-parma/" "Mozilla/5.0 (Linux; Android 8.0; Pixel 2 Build/OPD3.170816.012) AppleWebKit/537.36 (KHTML, like Gecko) Chrome/60.0.5754.1012 Mobile Safari/537.36"
45.157.75.96 - - [14/Jun/2026:16:00:28 +0200] "GET /wp-content/plugins/header-footer-elementor/assets/css/header-footer-elementor.css?ver=2.8.8 HTTP/2.0" 200 260 "https://parma.elettroservicegroup.it/assistenza-ariston-parma/" "Mozilla/5.0 (Linux; Android 8.0; Pixel 2 Build/OPD3.170816.012) AppleWebKit/537.36 (KHTML, like Gecko) Chrome/60.0.5754.1012 Mobile Safari/537.36"
45.157.75.96 - - [14/Jun/2026:16:00:28 +0200] "GET /wp-content/uploads/elementor/css/post-17270.css?ver=1781445625 HTTP/2.0" 200 2155 "https://parma.elettroservicegroup.it/assistenza-ariston-parma/" "Mozilla/5.0 (Linux; Android 8.0; Pixel 2 Build/OPD3.170816.012) AppleWebKit/537.36 (KHTML, like Gecko) Chrome/60.0.5754.1012 Mobile Safari/537.36"
45.157.75.96 - - [14/Jun/2026:16:00:28 +0200] "GET /wp-content/plugins/elementor/assets/lib/eicons/css/elementor-icons.min.css?ver=5.34.0 HTTP/2.0" 200 4115 "https://parma.elettroservicegroup.it/assistenza-ariston-parma/" "Mozilla/5.0 (Linux; Android 8.0; Pixel 2 Build/OPD3.170816.012) AppleWebKit/537.36 (KHTML, like Gecko) Chrome/60.0.5754.1012 Mobile Safari/537.36"
45.157.75.96 - - [14/Jun/2026:16:00:28 +0200] "GET /wp-content/plugins/header-footer-elementor/inc/widgets-css/frontend.css?ver=2.8.8 HTTP/2.0" 200 8711 "https://parma.elettroservicegroup.it/assistenza-ariston-parma/" "Mozilla/5.0 (Linux; Android 8.0; Pixel 2 Build/OPD3.170816.012) AppleWebKit/537.36 (KHTML, like Gecko) Chrome/60.0.5754.1012 Mobile Safari/537.36"
45.157.75.96 - - [14/Jun/2026:16:00:28 +0200] "GET /wp-content/uploads/elementor/css/post-14146.css?ver=1781410207 HTTP/2.0" 200 428 "https://parma.elettroservicegroup.it/assistenza-ariston-parma/" "Mozilla/5.0 (Linux; Android 8.0; Pixel 2 Build/OPD3.170816.012) AppleWebKit/537.36 (KHTML, like Gecko) Chrome/60.0.5754.1012 Mobile Safari/537.36"
45.157.75.96 - - [14/Jun/2026:16:00:28 +0200] "GET /wp-content/plugins/elementor/assets/css/widget-icon-list.min.css?ver=3.24.3 HTTP/2.0" 200 928 "https://parma.elettroservicegroup.it/assistenza-ariston-parma/" "Mozilla/5.0 (Linux; Android 8.0; Pixel 2 Build/OPD3.170816.012) AppleWebKit/537.36 (KHTML, like Gecko) Chrome/60.0.5754.1012 Mobile Safari/537.36"
45.157.75.96 - - [14/Jun/2026:16:00:28 +0200] "GET /wp-content/plugins/elementor/assets/css/frontend.min.css?ver=4.1.3 HTTP/2.0" 200 6618 "https://parma.elettroservicegroup.it/assistenza-ariston-parma/" "Mozilla/5.0 (Linux; Android 8.0; Pixel 2 Build/OPD3.170816.012) AppleWebKit/537.36 (KHTML, like Gecko) Chrome/60.0.5754.1012 Mobile Safari/537.36"
45.157.75.96 - - [14/Jun/2026:16:00:28 +0200] "GET /wp-content/plugins/elementor/assets/lib/animations/styles/zoomIn.min.css?ver=4.1.3 HTTP/2.0" 200 87 "https://parma.elettroservicegroup.it/assistenza-ariston-parma/" "Mozilla/5.0 (Linux; Android 8.0; Pixel 2 Build/OPD3.170816.012) AppleWebKit/537.36 (KHTML, like Gecko) Chrome/60.0.5754.1012 Mobile Safari/537.36"
45.157.75.96 - - [14/Jun/2026:16:00:28 +0200] "GET /wp-content/uploads/elementor/css/post-14366.css?ver=1781410209 HTTP/2.0" 200 302 "https://parma.elettroservicegroup.it/assistenza-ariston-parma/" "Mozilla/5.0 (Linux; Android 8.0; Pixel 2 Build/OPD3.170816.012) AppleWebKit/537.36 (KHTML, like Gecko) Chrome/60.0.5754.1012 Mobile Safari/537.36"
45.157.75.96 - - [14/Jun/2026:16:00:28 +0200] "GET /wp-content/uploads/elementor/google-fonts/css/roboto.css?ver=1742280360 HTTP/2.0" 200 1880 "https://parma.elettroservicegroup.it/assistenza-ariston-parma/" "Mozilla/5.0 (Linux; Android 8.0; Pixel 2 Build/OPD3.170816.012) AppleWebKit/537.36 (KHTML, like Gecko) Chrome/60.0.5754.1012 Mobile Safari/537.36"
45.157.75.96 - - [14/Jun/2026:16:00:28 +0200] "GET /wp-content/plugins/complianz-gdpr-premium/assets/css/cookieblocker.min.css?ver=1780326315 HTTP/2.0" 200 615 "https://parma.elettroservicegroup.it/assistenza-ariston-parma/" "Mozilla/5.0 (Linux; Android 8.0; Pixel 2 Build/OPD3.170816.012) AppleWebKit/537.36 (KHTML, like Gecko) Chrome/60.0.5754.1012 Mobile Safari/537.36"
45.157.75.96 - - [14/Jun/2026:16:00:28 +0200] "GET /wp-content/plugins/elementor/assets/css/widget-image.min.css?ver=4.1.3 HTTP/2.0" 200 96 "https://parma.elettroservicegroup.it/assistenza-ariston-parma/" "Mozilla/5.0 (Linux; Android 8.0; Pixel 2 Build/OPD3.170816.012) AppleWebKit/537.36 (KHTML, like Gecko) Chrome/60.0.5754.1012 Mobile Safari/537.36"
45.157.75.96 - - [14/Jun/2026:16:00:28 +0200] "GET /wp-content/plugins/elementor/assets/lib/font-awesome/css/all.min.css?ver=4.1.3 HTTP/2.0" 200 12402 "https://parma.elettroservicegroup.it/assistenza-ariston-parma/" "Mozilla/5.0 (Linux; Android 8.0; Pixel 2 Build/OPD3.170816.012) AppleWebKit/537.36 (KHTML, like Gecko) Chrome/60.0.5754.1012 Mobile Safari/537.36"
45.157.75.96 - - [14/Jun/2026:16:00:28 +0200] "GET /wp-content/plugins/elementor/assets/css/widget-heading.min.css?ver=4.1.3 HTTP/2.0" 200 127 "https://parma.elettroservicegroup.it/assistenza-ariston-parma/" "Mozilla/5.0 (Linux; Android 8.0; Pixel 2 Build/OPD3.170816.012) AppleWebKit/537.36 (KHTML, like Gecko) Chrome/60.0.5754.1012 Mobile Safari/537.36"
45.157.75.96 - - [14/Jun/2026:16:00:28 +0200] "GET /wp-content/plugins/elementor/assets/lib/font-awesome/css/brands.css?ver=5.15.3 HTTP/2.0" 200 298 "https://parma.elettroservicegroup.it/assistenza-ariston-parma/" "Mozilla/5.0 (Linux; Android 8.0; Pixel 2 Build/OPD3.170816.012) AppleWebKit/537.36 (KHTML, like Gecko) Chrome/60.0.5754.1012 Mobile Safari/537.36"
45.157.75.96 - - [14/Jun/2026:16:00:28 +0200] "GET /wp-content/plugins/gp-premium/menu-plus/functions/css/navigation-branding-flex.min.css?ver=2.5.5 HTTP/2.0" 200 542 "https://parma.elettroservicegroup.it/assistenza-ariston-parma/" "Mozilla/5.0 (Linux; Android 8.0; Pixel 2 Build/OPD3.170816.012) AppleWebKit/537.36 (KHTML, like Gecko) Chrome/60.0.5754.1012 Mobile Safari/537.36"
45.157.75.96 - - [14/Jun/2026:16:00:28 +0200] "GET /wp-content/plugins/elementor/assets/css/widget-spacer.min.css?ver=4.1.3 HTTP/2.0" 200 287 "https://parma.elettroservicegroup.it/assistenza-ariston-parma/" "Mozilla/5.0 (Linux; Android 8.0; Pixel 2 Build/OPD3.170816.012) AppleWebKit/537.36 (KHTML, like Gecko) Chrome/60.0.5754.1012 Mobile Safari/537.36"
45.157.75.96 - - [14/Jun/2026:16:00:28 +0200] "GET /wp-content/plugins/elementor/assets/lib/font-awesome/css/v4-shims.min.css?ver=4.1.3 HTTP/2.0" 200 3986 "https://parma.elettroservicegroup.it/assistenza-ariston-parma/" "Mozilla/5.0 (Linux; Android 8.0; Pixel 2 Build/OPD3.170816.012) AppleWebKit/537.36 (KHTML, like Gecko) Chrome/60.0.5754.1012 Mobile Safari/537.36"
45.157.75.96 - - [14/Jun/2026:16:00:28 +0200] "GET /wp-content/plugins/elementor/assets/lib/animations/styles/bounceIn.min.css?ver=4.1.3 HTTP/2.0" 200 186 "https://parma.elettroservicegroup.it/assistenza-ariston-parma/" "Mozilla/5.0 (Linux; Android 8.0; Pixel 2 Build/OPD3.170816.012) AppleWebKit/537.36 (KHTML, like Gecko) Chrome/60.0.5754.1012 Mobile Safari/537.36"
45.157.75.96 - - [14/Jun/2026:16:00:28 +0200] "GET /wp-content/plugins/all-in-one-seo-pack/dist/Lite/assets/css/table-of-contents/global.e90f6d47.css?ver=4.9.8 HTTP/2.0" 200 420 "https://parma.elettroservicegroup.it/assistenza-ariston-parma/" "Mozilla/5.0 (Linux; Android 8.0; Pixel 2 Build/OPD3.170816.012) AppleWebKit/537.36 (KHTML, like Gecko) Chrome/60.0.5754.1012 Mobile Safari/537.36"
45.157.75.96 - - [14/Jun/2026:16:00:28 +0200] "GET /wp-content/plugins/elementor/assets/lib/eicons/css/elementor-icons.min.css?ver=5.49.0 HTTP/2.0" 200 4115 "https://parma.elettroservicegroup.it/assistenza-ariston-parma/" "Mozilla/5.0 (Linux; Android 8.0; Pixel 2 Build/OPD3.170816.012) AppleWebKit/537.36 (KHTML, like Gecko) Chrome/60.0.5754.1012 Mobile Safari/537.36"
45.157.75.96 - - [14/Jun/2026:16:00:28 +0200] "GET /wp-content/themes/generatepress/assets/css/main.min.css?ver=3.6.1 HTTP/2.0" 200 4410 "https://parma.elettroservicegroup.it/assistenza-ariston-parma/" "Mozilla/5.0 (Linux; Android 8.0; Pixel 2 Build/OPD3.170816.012) AppleWebKit/537.36 (KHTML, like Gecko) Chrome/60.0.5754.1012 Mobile Safari/537.36"
45.157.75.96 - - [14/Jun/2026:16:00:28 +0200] "GET /wp-content/plugins/elementor/assets/lib/font-awesome/css/fontawesome.css?ver=5.15.3 HTTP/2.0" 200 12535 "https://parma.elettroservicegroup.it/assistenza-ariston-parma/" "Mozilla/5.0 (Linux; Android 8.0; Pixel 2 Build/OPD3.170816.012) AppleWebKit/537.36 (KHTML, like Gecko) Chrome/60.0.5754.1012 Mobile Safari/537.36"
45.157.75.96 - - [14/Jun/2026:16:00:28 +0200] "GET /wp-content/uploads/elementor/google-fonts/css/robotoslab.css?ver=1742280362 HTTP/2.0" 200 715 "https://parma.elettroservicegroup.it/assistenza-ariston-parma/" "Mozilla/5.0 (Linux; Android 8.0; Pixel 2 Build/OPD3.170816.012) AppleWebKit/537.36 (KHTML, like Gecko) Chrome/60.0.5754.1012 Mobile Safari/537.36"
45.157.75.96 - - [14/Jun/2026:16:00:28 +0200] "GET /wp-content/plugins/elementor/assets/lib/font-awesome/css/fontawesome.min.css?ver=5.15.3 HTTP/2.0" 200 12179 "https://parma.elettroservicegroup.it/assistenza-ariston-parma/" "Mozilla/5.0 (Linux; Android 8.0; Pixel 2 Build/OPD3.170816.012) AppleWebKit/537.36 (KHTML, like Gecko) Chrome/60.0.5754.1012 Mobile Safari/537.36"
45.157.75.96 - - [14/Jun/2026:16:00:29 +0200] "GET /wp-content/plugins/elementor/assets/lib/font-awesome/css/regular.min.css?ver=5.15.3 HTTP/2.0" 200 282 "https://parma.elettroservicegroup.it/assistenza-ariston-parma/" "Mozilla/5.0 (Linux; Android 8.0; Pixel 2 Build/OPD3.170816.012) AppleWebKit/537.36 (KHTML, like Gecko) Chrome/60.0.5754.1012 Mobile Safari/537.36"
45.157.75.96 - - [14/Jun/2026:16:00:29 +0200] "GET /wp-content/plugins/elementor/assets/lib/font-awesome/css/solid.min.css?ver=5.15.3 HTTP/2.0" 200 286 "https://parma.elettroservicegroup.it/assistenza-ariston-parma/" "Mozilla/5.0 (Linux; Android 8.0; Pixel 2 Build/OPD3.170816.012) AppleWebKit/537.36 (KHTML, like Gecko) Chrome/60.0.5754.1012 Mobile Safari/537.36"
45.157.75.96 - - [14/Jun/2026:16:00:29 +0200] "GET /wp-content/plugins/elementor/assets/lib/font-awesome/js/v4-shims.min.js?ver=4.1.3 HTTP/2.0" 200 4043 "https://parma.elettroservicegroup.it/assistenza-ariston-parma/" "Mozilla/5.0 (Linux; Android 8.0; Pixel 2 Build/OPD3.170816.012) AppleWebKit/537.36 (KHTML, like Gecko) Chrome/60.0.5754.1012 Mobile Safari/537.36"
45.157.75.96 - - [14/Jun/2026:16:00:29 +0200] "GET /wp-includes/js/jquery/jquery.min.js?ver=3.7.1 HTTP/2.0" 200 29769 "https://parma.elettroservicegroup.it/assistenza-ariston-parma/" "Mozilla/5.0 (Linux; Android 8.0; Pixel 2 Build/OPD3.170816.012) AppleWebKit/537.36 (KHTML, like Gecko) Chrome/60.0.5754.1012 Mobile Safari/537.36"
45.157.75.96 - - [14/Jun/2026:16:00:29 +0200] "GET /wp-content/uploads/2021/10/cropped-cropped-cropped-logo_white_background.png HTTP/2.0" 206 500 "https://parma.elettroservicegroup.it/assistenza-ariston-parma/" "Mozilla/5.0 (Linux; Android 8.0; Pixel 2 Build/OPD3.170816.012) AppleWebKit/537.36 (KHTML, like Gecko) Chrome/60.0.5754.1012 Mobile Safari/537.36"
45.157.75.96 - - [14/Jun/2026:16:00:29 +0200] "GET /wp-includes/js/jquery/jquery-migrate.min.js?ver=3.4.1 HTTP/2.0" 200 4685 "https://parma.elettroservicegroup.it/assistenza-ariston-parma/" "Mozilla/5.0 (Linux; Android 8.0; Pixel 2 Build/OPD3.170816.012) AppleWebKit/537.36 (KHTML, like Gecko) Chrome/60.0.5754.1012 Mobile Safari/537.36"
45.157.75.96 - - [14/Jun/2026:16:00:29 +0200] "GET /wp-content/uploads/2021/10/cropped-logo_white_background.png HTTP/2.0" 206 500 "https://parma.elettroservicegroup.it/assistenza-ariston-parma/" "Mozilla/5.0 (Linux; Android 8.0; Pixel 2 Build/OPD3.170816.012) AppleWebKit/537.36 (KHTML, like Gecko) Chrome/60.0.5754.1012 Mobile Safari/537.36"
45.157.75.96 - - [14/Jun/2026:16:00:29 +0200] "GET /wp-content/plugins/gp-premium/menu-plus/functions/js/sticky.min.js?ver=2.5.5 HTTP/2.0" 200 2670 "https://parma.elettroservicegroup.it/assistenza-ariston-parma/" "Mozilla/5.0 (Linux; Android 8.0; Pixel 2 Build/OPD3.170816.012) AppleWebKit/537.36 (KHTML, like Gecko) Chrome/60.0.5754.1012 Mobile Safari/537.36"
45.157.75.96 - - [14/Jun/2026:16:00:29 +0200] "GET /wp-content/plugins/elementor/assets/js/webpack.runtime.min.js?ver=4.1.3 HTTP/2.0" 200 2340 "https://parma.elettroservicegroup.it/assistenza-ariston-parma/" "Mozilla/5.0 (Linux; Android 8.0; Pixel 2 Build/OPD3.170816.012) AppleWebKit/537.36 (KHTML, like Gecko) Chrome/60.0.5754.1012 Mobile Safari/537.36"
45.157.75.96 - - [14/Jun/2026:16:00:29 +0200] "GET /wp-content/plugins/elementor/assets/js/frontend-modules.min.js?ver=4.1.3 HTTP/2.0" 200 15454 "https://parma.elettroservicegroup.it/assistenza-ariston-parma/" "Mozilla/5.0 (Linux; Android 8.0; Pixel 2 Build/OPD3.170816.012) AppleWebKit/537.36 (KHTML, like Gecko) Chrome/60.0.5754.1012 Mobile Safari/537.36"
45.157.75.96 - - [14/Jun/2026:16:00:29 +0200] "GET /wp-includes/js/jquery/ui/core.min.js?ver=1.13.3 HTTP/2.0" 200 6820 "https://parma.elettroservicegroup.it/assistenza-ariston-parma/" "Mozilla/5.0 (Linux; Android 8.0; Pixel 2 Build/OPD3.170816.012) AppleWebKit/537.36 (KHTML, like Gecko) Chrome/60.0.5754.1012 Mobile Safari/537.36"
45.157.75.96 - - [14/Jun/2026:16:00:29 +0200] "GET /wp-content/plugins/elementor/assets/js/frontend.min.js?ver=4.1.3 HTTP/2.0" 200 10140 "https://parma.elettroservicegroup.it/assistenza-ariston-parma/" "Mozilla/5.0 (Linux; Android 8.0; Pixel 2 Build/OPD3.170816.012) AppleWebKit/537.36 (KHTML, like Gecko) Chrome/60.0.5754.1012 Mobile Safari/537.36"
45.157.75.96 - - [14/Jun/2026:16:00:30 +0200] "GET /wp-content/uploads/2022/01/tecnico-elettro-300x200-1.jpg HTTP/2.0" 206 500 "https://parma.elettroservicegroup.it/assistenza-ariston-parma/" "Mozilla/5.0 (Linux; Android 8.0; Pixel 2 Build/OPD3.170816.012) AppleWebKit/537.36 (KHTML, like Gecko) Chrome/60.0.5754.1012 Mobile Safari/537.36"
45.157.75.96 - - [14/Jun/2026:16:00:30 +0200] "GET /wp-content/themes/generatepress/assets/js/back-to-top.min.js?ver=3.6.1 HTTP/2.0" 200 336 "https://parma.elettroservicegroup.it/assistenza-ariston-parma/" "Mozilla/5.0 (Linux; Android 8.0; Pixel 2 Build/OPD3.170816.012) AppleWebKit/537.36 (KHTML, like Gecko) Chrome/60.0.5754.1012 Mobile Safari/537.36"
45.157.75.96 - - [14/Jun/2026:16:00:30 +0200] "GET /wp-content/themes/generatepress/assets/js/menu.min.js?ver=3.6.1 HTTP/2.0" 200 1688 "https://parma.elettroservicegroup.it/assistenza-ariston-parma/" "Mozilla/5.0 (Linux; Android 8.0; Pixel 2 Build/OPD3.170816.012) AppleWebKit/537.36 (KHTML, like Gecko) Chrome/60.0.5754.1012 Mobile Safari/537.36"
45.157.75.96 - - [14/Jun/2026:16:00:30 +0200] "GET /wp-content/uploads/burst/js/burst.min.js?ver=1781432218 HTTP/2.0" 200 3381 "https://parma.elettroservicegroup.it/assistenza-ariston-parma/" "Mozilla/5.0 (Linux; Android 8.0; Pixel 2 Build/OPD3.170816.012) AppleWebKit/537.36 (KHTML, like Gecko) Chrome/60.0.5754.1012 Mobile Safari/537.36"
45.157.75.96 - - [14/Jun/2026:16:00:30 +0200] "GET /wp-content/plugins/burst-statistics/assets/js/timeme/timeme.min.js?ver=1780499187 HTTP/2.0" 200 1835 "https://parma.elettroservicegroup.it/assistenza-ariston-parma/" "Mozilla/5.0 (Linux; Android 8.0; Pixel 2 Build/OPD3.170816.012) AppleWebKit/537.36 (KHTML, like Gecko) Chrome/60.0.5754.1012 Mobile Safari/537.36"
45.157.75.96 - - [14/Jun/2026:16:00:30 +0200] "GET /wp-content/uploads/2021/10/TECNICO-ELETTRODOMESTICI-10.jpg HTTP/2.0" 206 500 "https://parma.elettroservicegroup.it/assistenza-ariston-parma/" "Mozilla/5.0 (Linux; Android 8.0; Pixel 2 Build/OPD3.170816.012) AppleWebKit/537.36 (KHTML, like Gecko) Chrome/60.0.5754.1012 Mobile Safari/537.36"
45.157.75.96 - - [14/Jun/2026:16:00:30 +0200] "GET /wp-content/uploads/2022/01/elettro6-638x1024-1-e1641569161973.jpg HTTP/2.0" 206 500 "https://parma.elettroservicegroup.it/assistenza-ariston-parma/" "Mozilla/5.0 (Linux; Android 8.0; Pixel 2 Build/OPD3.170816.012) AppleWebKit/537.36 (KHTML, like Gecko) Chrome/60.0.5754.1012 Mobile Safari/537.36"
45.157.75.96 - - [14/Jun/2026:16:00:30 +0200] "GET /wp-content/plugins/complianz-gdpr-premium/cookiebanner/js/complianz.min.js?ver=1780326315 HTTP/2.0" 200 10708 "https://parma.elettroservicegroup.it/assistenza-ariston-parma/" "Mozilla/5.0 (Linux; Android 8.0; Pixel 2 Build/OPD3.170816.012) AppleWebKit/537.36 (KHTML, like Gecko) Chrome/60.0.5754.1012 Mobile Safari/537.36"
45.157.75.96 - - [14/Jun/2026:16:00:31 +0200] "GET /wp-content/uploads/2021/10/TECNICO-ELETTRODOMESTICI-10.jpg HTTP/2.0" 304 - "https://parma.elettroservicegroup.it/assistenza-ariston-parma/" "Mozilla/5.0 (Linux; Android 8.0; Pixel 2 Build/OPD3.170816.012) AppleWebKit/537.36 (KHTML, like Gecko) Chrome/60.0.5754.1012 Mobile Safari/537.36"
45.157.75.96 - - [14/Jun/2026:16:00:31 +0200] "GET /wp-content/plugins/elementor/assets/js/section-frontend-handlers.d85ab872da118940910d.bundle.min.js HTTP/2.0" 200 230 "https://parma.elettroservicegroup.it/assistenza-ariston-parma/" "Mozilla/5.0 (Linux; Android 8.0; Pixel 2 Build/OPD3.170816.012) AppleWebKit/537.36 (KHTML, like Gecko) Chrome/60.0.5754.1012 Mobile Safari/537.36"
45.157.75.96 - - [14/Jun/2026:16:00:31 +0200] "GET /wp-content/plugins/elementor/assets/js/shared-frontend-handlers.03caa53373b56d3bab67.bundle.min.js HTTP/2.0" 200 2515 "https://parma.elettroservicegroup.it/assistenza-ariston-parma/" "Mozilla/5.0 (Linux; Android 8.0; Pixel 2 Build/OPD3.170816.012) AppleWebKit/537.36 (KHTML, like Gecko) Chrome/60.0.5754.1012 Mobile Safari/537.36"
45.157.75.96 - - [14/Jun/2026:16:00:31 +0200] "GET /wp-content/plugins/elementor/assets/js/text-editor.45609661e409413f1cef.bundle.min.js HTTP/2.0" 200 592 "https://parma.elettroservicegroup.it/assistenza-ariston-parma/" "Mozilla/5.0 (Linux; Android 8.0; Pixel 2 Build/OPD3.170816.012) AppleWebKit/537.36 (KHTML, like Gecko) Chrome/60.0.5754.1012 Mobile Safari/537.36"
45.157.75.96 - - [14/Jun/2026:16:00:31 +0200] "GET /wp-content/uploads/2021/10/TECNICO-ELETTRODOMESTICI-10.jpg HTTP/2.0" 206 23710 "https://parma.elettroservicegroup.it/assistenza-ariston-parma/" "Mozilla/5.0 (Linux; Android 8.0; Pixel 2 Build/OPD3.170816.012) AppleWebKit/537.36 (KHTML, like Gecko) Chrome/60.0.5754.1012 Mobile Safari/537.36"
45.157.75.96 - - [14/Jun/2026:16:00:31 +0200] "GET /wp-json/complianz/v1/banner?lang=it&locale=it_IT&token=wovqg HTTP/2.0" 200 84 "https://parma.elettroservicegroup.it/assistenza-ariston-parma/" "Mozilla/5.0 (Linux; Android 8.0; Pixel 2 Build/OPD3.170816.012) AppleWebKit/537.36 (KHTML, like Gecko) Chrome/60.0.5754.1012 Mobile Safari/537.36"
45.157.75.96 - - [14/Jun/2026:16:00:32 +0200] "GET /wp-content/uploads/complianz/css/banner-1-optin.css?v=46 HTTP/2.0" 200 2617 "https://parma.elettroservicegroup.it/assistenza-ariston-parma/" "Mozilla/5.0 (Linux; Android 8.0; Pixel 2 Build/OPD3.170816.012) AppleWebKit/537.36 (KHTML, like Gecko) Chrome/60.0.5754.1012 Mobile Safari/537.36"
45.157.75.96 - - [14/Jun/2026:16:00:32 +0200] "GET /wp-json/complianz/v1/cookie_data HTTP/2.0" 200 81 "https://parma.elettroservicegroup.it/assistenza-ariston-parma/" "Mozilla/5.0 (Linux; Android 8.0; Pixel 2 Build/OPD3.170816.012) AppleWebKit/537.36 (KHTML, like Gecko) Chrome/60.0.5754.1012 Mobile Safari/537.36"
65.108.235.243 - - [14/Jun/2026:16:02:33 +0200] "POST /wp-cron.php?doing_wp_cron=1781445753.0396320819854736328125 HTTP/1.1" 200 1 "-" "WordPress/7.0; https://parma.elettroservicegroup.it"
104.210.140.143 - - [14/Jun/2026:16:02:30 +0200] "GET /robots.txt HTTP/2.0" 200 104 "-" "Mozilla/5.0 (Macintosh; Intel Mac OS X 10_15_7) AppleWebKit/537.36 (KHTML, like Gecko) Chrome/131.0.0.0 Safari/537.36; compatible; OAI-SearchBot/1.0; +https://openai.com/searchbot"
65.108.235.243 - - [14/Jun/2026:16:03:30 +0200] "POST /wp-cron.php?doing_wp_cron=1781445810.4396779537200927734375 HTTP/1.1" 200 1 "-" "WordPress/7.0; https://parma.elettroservicegroup.it"
52.167.144.233 - - [14/Jun/2026:16:03:27 +0200] "GET /assistenza-ariston-fidenza/ HTTP/2.0" 200 30962 "-" "Mozilla/5.0 AppleWebKit/537.36 (KHTML, like Gecko; compatible; bingbot/2.0; +http://www.bing.com/bingbot.htm) Chrome/116.0.1938.76 Safari/537.36"
52.167.144.233 - - [14/Jun/2026:16:03:46 +0200] "GET /wp-content/uploads/elementor/css/post-17271.css?ver=1781445810 HTTP/2.0" 200 2155 "https://parma.elettroservicegroup.it/assistenza-ariston-fidenza/" "Mozilla/5.0 AppleWebKit/537.36 (KHTML, like Gecko; compatible; bingbot/2.0; +http://www.bing.com/bingbot.htm) Chrome/136.0.0.0 Safari/537.36 AppleWebKit/537.36 (KHTML, like Gecko; compatible; bingbot/2.0; +http://www.bing.com/bingbot.htm) Chrome/116.0.1938.76 Safari/537.36"
65.108.235.243 - - [14/Jun/2026:16:04:30 +0200] "POST /wp-cron.php?doing_wp_cron=1781445870.2372219562530517578125 HTTP/1.1" 200 1 "-" "WordPress/7.0; https://parma.elettroservicegroup.it"
52.167.144.233 - - [14/Jun/2026:16:04:27 +0200] "GET /imprint/ HTTP/2.0" 200 26018 "-" "Mozilla/5.0 AppleWebKit/537.36 (KHTML, like Gecko; compatible; bingbot/2.0; +http://www.bing.com/bingbot.htm) Chrome/116.0.1938.76 Safari/537.36"
74.7.227.134 - - [14/Jun/2026:16:16:52 +0200] "GET /sitemap.rss HTTP/2.0" 415 1350 "-" "Mozilla/5.0 AppleWebKit/537.36 (KHTML, like Gecko; compatible; GPTBot/1.4; +https://openai.com/gptbot)"
65.108.235.243 - - [14/Jun/2026:16:17:00 +0200] "POST /wp-cron.php?doing_wp_cron=1781446620.6420230865478515625000 HTTP/1.1" 200 1 "-" "WordPress/7.0; https://parma.elettroservicegroup.it"
74.7.241.180 - - [14/Jun/2026:16:16:52 +0200] "GET /robots.txt HTTP/2.0" 200 104 "-" "Mozilla/5.0 (Macintosh; Intel Mac OS X 10_15_7) AppleWebKit/537.36 (KHTML, like Gecko) Chrome/131.0.0.0 Safari/537.36; compatible; OAI-SearchBot/1.4; robots.txt; +https://openai.com/searchbot"
65.108.235.243 - - [14/Jun/2026:16:28:54 +0200] "POST /wp-cron.php?doing_wp_cron=1781447334.6841239929199218750000 HTTP/1.1" 200 1 "-" "WordPress/7.0; https://parma.elettroservicegroup.it"
74.7.227.134 - - [14/Jun/2026:16:28:52 +0200] "GET /sitemap.xml HTTP/2.0" 415 313 "-" "Mozilla/5.0 AppleWebKit/537.36 (KHTML, like Gecko; compatible; GPTBot/1.4; +https://openai.com/gptbot)"
65.108.235.243 - - [14/Jun/2026:16:40:58 +0200] "POST /wp-cron.php?doing_wp_cron=1781448058.6473898887634277343750 HTTP/1.1" 200 1 "-" "WordPress/7.0; https://parma.elettroservicegroup.it"
40.77.167.70 - - [14/Jun/2026:16:40:56 +0200] "GET /sitemap.rss HTTP/2.0" 200 1351 "-" "Mozilla/5.0 AppleWebKit/537.36 (KHTML, like Gecko; compatible; bingbot/2.0; +http://www.bing.com/bingbot.htm) Chrome/116.0.1938.76 Safari/537.36"
52.167.144.158 - - [14/Jun/2026:17:02:22 +0200] "GET /assistenza-whirlpool-parma/ HTTP/2.0" 200 22634 "-" "Mozilla/5.0 AppleWebKit/537.36 (KHTML, like Gecko; compatible; bingbot/2.0; +http://www.bing.com/bingbot.htm) Chrome/116.0.1938.76 Safari/537.36"
52.167.144.158 - - [14/Jun/2026:17:02:31 +0200] "GET /wp-content/uploads/elementor/css/post-17366.css?ver=1781213553 HTTP/2.0" 200 2160 "https://parma.elettroservicegroup.it/assistenza-whirlpool-parma/" "Mozilla/5.0 AppleWebKit/537.36 (KHTML, like Gecko; compatible; bingbot/2.0; +http://www.bing.com/bingbot.htm) Chrome/136.0.0.0 Safari/537.36 AppleWebKit/537.36 (KHTML, like Gecko; compatible; bingbot/2.0; +http://www.bing.com/bingbot.htm) Chrome/116.0.1938.76 Safari/537.36"
65.108.235.243 - - [14/Jun/2026:17:04:02 +0200] "POST /wp-cron.php?doing_wp_cron=1781449442.3476738929748535156250 HTTP/1.1" 200 1 "-" "WordPress/7.0; https://parma.elettroservicegroup.it"
216.73.216.124 - - [14/Jun/2026:17:04:00 +0200] "GET /robots.txt HTTP/2.0" 200 104 "-" "Mozilla/5.0 AppleWebKit/537.36 (KHTML, like Gecko; compatible; ClaudeBot/1.0; +claudebot@anthropic.com)"
65.108.235.243 - - [14/Jun/2026:17:11:14 +0200] "POST /wp-cron.php?doing_wp_cron=1781449874.4374990463256835937500 HTTP/1.1" 200 1 "-" "WordPress/7.0; https://parma.elettroservicegroup.it"
147.185.132.22 - - [14/Jun/2026:17:11:11 +0200] "GET /wp-login.php HTTP/1.1" 200 12847 "-" "Hello from Palo Alto Networks, find out more about our scans in https://docs-cortex.paloaltonetworks.com/r/1/Cortex-Xpanse/Scanning-activity"
47.79.23.252 - - [14/Jun/2026:17:29:16 +0200] "GET /wp-admin/network/user-edit-get.php HTTP/1.1" 200 11769 "-" "Mozilla/5.0 (Macintosh; Intel Mac OS X 10_13_3) AppleWebKit/537.36 (KHTML, like Gecko) Chrome/65.0.3325.146 Safari/537.36"
104.168.6.134 - - [14/Jun/2026:17:29:16 +0200] "GET /wp-admin/ HTTP/1.1" 200 11833 "-" "Mozilla/5.0 (Windows NT 6.3; Win64; x64) AppleWebKit/537.36 (KHTML, like Gecko) Chrome/67.0.3396.62 Safari/537.36"
198.44.130.17 - - [14/Jun/2026:17:29:20 +0200] "GET /wp-content/plugins/duracelltomi-google-tag-manager/uninstall-function.php HTTP/1.1" 200 11815 "-" "Mozilla/4.0 (compatible; MSIE 7.0; Windows NT 6.1; WOW64; Trident/7.0; SLCC2; .NET CLR 2.0.50727; .NET CLR 3.5.30729; .NET CLR 3.0.30729; Media Center PC 6.0; InfoPath.3; .NET4.0C; .NET4.0E)"
134.209.106.75 - - [14/Jun/2026:17:29:44 +0200] "GET /wp-content/themes/generatepress/no-results-sql.php HTTP/1.1" 200 11884 "-" "Mozilla/4.0 (compatible; MSIE 7.0; Windows NT 6.1; WOW64; Trident/7.0; SLCC2; .NET CLR 2.0.50727; .NET CLR 3.5.30729; .NET CLR 3.0.30729; Media Center PC 6.0; .NET4.0C; .NET4.0E; InfoPath.2)"
140.245.99.105 - - [14/Jun/2026:17:30:44 +0200] "GET /wp-content/themes/generatepress/archive-get.php HTTP/1.1" 200 11795 "-" "Mozilla/4.0 (compatible; MSIE 7.0; Windows NT 6.2; WOW64; Trident/7.0; .NET4.0C; .NET4.0E; .NET CLR 2.0.50727; .NET CLR 3.0.30729; .NET CLR 3.5.30729; InfoPath.2)"
154.40.60.118 - - [14/Jun/2026:17:30:49 +0200] "GET /wp-includes/block-supports/typography-exception.php?new=my-db.com/3 HTTP/1.1" 200 11823 "-" "Mozilla/5.0 (Macintosh; Intel Mac OS X 10_11_6) AppleWebKit/605.1.15 (KHTML, like Gecko) Version/11.1 Safari/605.1.15"
65.108.235.243 - - [14/Jun/2026:17:31:15 +0200] "POST /wp-cron.php?doing_wp_cron=1781451075.6575291156768798828125 HTTP/1.1" 200 1 "-" "WordPress/7.0; https://parma.elettroservicegroup.it"
148.75.55.55 - - [14/Jun/2026:17:31:11 +0200] "GET /wp-admin/ HTTP/1.1" 302 1 "-" "Mozilla/5.0 (Windows NT 10.0; WOW64; Trident/7.0; TBTE; rv:11.0) like Gecko"
103.62.49.162 - - [14/Jun/2026:17:31:14 +0200] "GET /wp-content/themes/generatepress/content-link-class.php HTTP/1.1" 404 25156 "-" "Mozilla/5.0 (X11; Linux x86_64) AppleWebKit/537.36 (KHTML, like Gecko) Chrome/66.0.3359.139 Safari/537.36"
148.75.55.55 - - [14/Jun/2026:17:31:21 +0200] "GET /wp-login.php?redirect_to=https%3A%2F%2Fparma.elettroservicegroup.it%2Fwp-admin%2F&reauth=1 HTTP/1.1" 200 3294 "-" "Mozilla/5.0 (Windows NT 10.0; WOW64; Trident/7.0; TBTE; rv:11.0) like Gecko"
203.10.98.186 - - [14/Jun/2026:17:31:27 +0200] "GET /wp-admin/edit-tags-integer.php?new=my-db.com/3 HTTP/1.1" 200 11795 "-" "Mozilla/5.0 (compatible; MSIE 9.0; Windows NT 6.1; Win64; x64; Trident/7.0)"
65.108.235.243 - - [14/Jun/2026:17:31:51 +0200] "POST /wp-cron.php?doing_wp_cron=1781451111.8516330718994140625000 HTTP/1.1" 200 1 "-" "WordPress/7.0; https://parma.elettroservicegroup.it"
18.183.86.168 - - [14/Jun/2026:17:31:49 +0200] "GET /wp-includes/blocks/widget-group-url.php HTTP/1.1" 404 25161 "-" "Mozilla/5.0 (Macintosh; Intel Mac OS X 10_9_5) AppleWebKit/537.36 (KHTML, like Gecko) Chrome/65.0.3325.181 Safari/537.36"
171.226.66.107 - - [14/Jun/2026:17:31:52 +0200] "GET /wp-config-sample.php?frameworkqmwy HTTP/1.1" 500 833 "-" "Mozilla/5.0 (Windows NT 6.3; WOW64; Trident/7.0; Touch; rv:11.0) like Gecko"
134.209.106.75 - - [14/Jun/2026:17:31:54 +0200] "GET /wp-config-sample.php?frameworkqmwy HTTP/1.1" 200 11824 "-" "Mozilla/5.0 (Windows NT 6.3; WOW64; Trident/7.0; Touch; rv:11.0) like Gecko"
20.229.212.220 - - [14/Jun/2026:17:33:37 +0200] "GET /wp-admin/maint/index.php HTTP/1.1" 200 11795 "-" "Mozilla/5.0 (Windows NT 10.0; Win64; x64) AppleWebKit/537.36 (KHTML, like Gecko) Chrome/120.0.0.0 Safari/537.36"
20.229.212.220 - - [14/Jun/2026:17:33:37 +0200] "GET /wp.php HTTP/1.1" 200 11773 "-" "Mozilla/5.0 (Windows NT 10.0; Win64; x64) AppleWebKit/537.36 (KHTML, like Gecko) Chrome/120.0.0.0 Safari/537.36"
20.229.212.220 - - [14/Jun/2026:17:33:39 +0200] "GET /x.php HTTP/1.1" 200 11732 "-" "Mozilla/5.0 (Windows NT 10.0; Win64; x64) AppleWebKit/537.36 (KHTML, like Gecko) Chrome/120.0.0.0 Safari/537.36"
20.229.212.220 - - [14/Jun/2026:17:33:41 +0200] "GET /atomlib.php HTTP/1.1" 200 11863 "-" "Mozilla/5.0 (Windows NT 10.0; Win64; x64) AppleWebKit/537.36 (KHTML, like Gecko) Chrome/120.0.0.0 Safari/537.36"
20.229.212.220 - - [14/Jun/2026:17:33:41 +0200] "GET /classwithtostring.php HTTP/1.1" 200 11873 "-" "Mozilla/5.0 (Windows NT 10.0; Win64; x64) AppleWebKit/537.36 (KHTML, like Gecko) Chrome/120.0.0.0 Safari/537.36"
20.229.212.220 - - [14/Jun/2026:17:33:42 +0200] "GET /p.php HTTP/1.1" 200 11833 "-" "Mozilla/5.0 (Windows NT 10.0; Win64; x64) AppleWebKit/537.36 (KHTML, like Gecko) Chrome/120.0.0.0 Safari/537.36"
20.229.212.220 - - [14/Jun/2026:17:33:43 +0200] "GET /term.php HTTP/1.1" 200 11796 "-" "Mozilla/5.0 (Windows NT 10.0; Win64; x64) AppleWebKit/537.36 (KHTML, like Gecko) Chrome/120.0.0.0 Safari/537.36"
20.229.212.220 - - [14/Jun/2026:17:33:44 +0200] "GET /w.php HTTP/1.1" 200 11792 "-" "Mozilla/5.0 (Windows NT 10.0; Win64; x64) AppleWebKit/537.36 (KHTML, like Gecko) Chrome/120.0.0.0 Safari/537.36"
20.229.212.220 - - [14/Jun/2026:17:33:48 +0200] "GET /wp-admin/css/colors/blue/index.php HTTP/1.1" 200 11834 "-" "Mozilla/5.0 (Windows NT 10.0; Win64; x64) AppleWebKit/537.36 (KHTML, like Gecko) Chrome/120.0.0.0 Safari/537.36"
20.229.212.220 - - [14/Jun/2026:17:33:48 +0200] "GET /wp-admin/network/about.php HTTP/1.1" 200 11822 "-" "Mozilla/5.0 (Windows NT 10.0; Win64; x64) AppleWebKit/537.36 (KHTML, like Gecko) Chrome/120.0.0.0 Safari/537.36"
20.229.212.220 - - [14/Jun/2026:17:33:49 +0200] "GET /wp-mail.php HTTP/1.1" 200 11762 "-" "Mozilla/5.0 (Windows NT 10.0; Win64; x64) AppleWebKit/537.36 (KHTML, like Gecko) Chrome/120.0.0.0 Safari/537.36"
20.229.212.220 - - [14/Jun/2026:17:33:50 +0200] "GET /about.php HTTP/1.1" 200 11806 "-" "Mozilla/5.0 (Windows NT 10.0; Win64; x64) AppleWebKit/537.36 (KHTML, like Gecko) Chrome/120.0.0.0 Safari/537.36"
20.229.212.220 - - [14/Jun/2026:17:33:51 +0200] "GET /index/function.php HTTP/1.1" 200 11857 "-" "Mozilla/5.0 (Windows NT 10.0; Win64; x64) AppleWebKit/537.36 (KHTML, like Gecko) Chrome/120.0.0.0 Safari/537.36"
20.229.212.220 - - [14/Jun/2026:17:33:51 +0200] "GET /wp-content/admin.php HTTP/1.1" 200 11859 "-" "Mozilla/5.0 (Windows NT 10.0; Win64; x64) AppleWebKit/537.36 (KHTML, like Gecko) Chrome/120.0.0.0 Safari/537.36"
20.229.212.220 - - [14/Jun/2026:17:33:52 +0200] "GET /wp-content/languages/index.php HTTP/1.1" 200 11882 "-" "Mozilla/5.0 (Windows NT 10.0; Win64; x64) AppleWebKit/537.36 (KHTML, like Gecko) Chrome/120.0.0.0 Safari/537.36"
20.229.212.220 - - [14/Jun/2026:17:33:53 +0200] "GET /wp-content/plugins/twenty/login.php HTTP/1.1" 200 11904 "-" "Mozilla/5.0 (Windows NT 10.0; Win64; x64) AppleWebKit/537.36 (KHTML, like Gecko) Chrome/120.0.0.0 Safari/537.36"
20.229.212.220 - - [14/Jun/2026:17:33:54 +0200] "GET /wp-includes/rest-api HTTP/1.1" 200 11830 "-" "Mozilla/5.0 (Windows NT 10.0; Win64; x64) AppleWebKit/537.36 (KHTML, like Gecko) Chrome/120.0.0.0 Safari/537.36"
20.229.212.220 - - [14/Jun/2026:17:33:54 +0200] "GET /wp-login.php HTTP/1.1" 200 11820 "-" "Mozilla/5.0 (Windows NT 10.0; Win64; x64) AppleWebKit/537.36 (KHTML, like Gecko) Chrome/120.0.0.0 Safari/537.36"
20.229.212.220 - - [14/Jun/2026:17:33:55 +0200] "GET /wp-png.php HTTP/1.1" 200 11806 "-" "Mozilla/5.0 (Windows NT 10.0; Win64; x64) AppleWebKit/537.36 (KHTML, like Gecko) Chrome/120.0.0.0 Safari/537.36"
20.229.212.220 - - [14/Jun/2026:17:33:55 +0200] "GET /.well-known/admin.php HTTP/1.1" 200 11819 "-" "Mozilla/5.0 (Windows NT 10.0; Win64; x64) AppleWebKit/537.36 (KHTML, like Gecko) Chrome/120.0.0.0 Safari/537.36"
20.229.212.220 - - [14/Jun/2026:17:33:56 +0200] "GET /0x.php HTTP/1.1" 200 11747 "-" "Mozilla/5.0 (Windows NT 10.0; Win64; x64) AppleWebKit/537.36 (KHTML, like Gecko) Chrome/120.0.0.0 Safari/537.36"
20.229.212.220 - - [14/Jun/2026:17:33:57 +0200] "GET /2.php HTTP/1.1" 200 11762 "-" "Mozilla/5.0 (Windows NT 10.0; Win64; x64) AppleWebKit/537.36 (KHTML, like Gecko) Chrome/120.0.0.0 Safari/537.36"
20.229.212.220 - - [14/Jun/2026:17:33:57 +0200] "GET /8.php HTTP/1.1" 200 11762 "-" "Mozilla/5.0 (Windows NT 10.0; Win64; x64) AppleWebKit/537.36 (KHTML, like Gecko) Chrome/120.0.0.0 Safari/537.36"
20.229.212.220 - - [14/Jun/2026:17:33:57 +0200] "GET /a5.php HTTP/1.1" 200 11763 "-" "Mozilla/5.0 (Windows NT 10.0; Win64; x64) AppleWebKit/537.36 (KHTML, like Gecko) Chrome/120.0.0.0 Safari/537.36"
20.229.212.220 - - [14/Jun/2026:17:33:58 +0200] "GET /admin/function.php HTTP/1.1" 200 11848 "-" "Mozilla/5.0 (Windows NT 10.0; Win64; x64) AppleWebKit/537.36 (KHTML, like Gecko) Chrome/120.0.0.0 Safari/537.36"
20.229.212.220 - - [14/Jun/2026:17:33:59 +0200] "GET /av.php HTTP/1.1" 200 11748 "-" "Mozilla/5.0 (Windows NT 10.0; Win64; x64) AppleWebKit/537.36 (KHTML, like Gecko) Chrome/120.0.0.0 Safari/537.36"
20.229.212.220 - - [14/Jun/2026:17:33:59 +0200] "GET /bgymj.php HTTP/1.1" 200 11751 "-" "Mozilla/5.0 (Windows NT 10.0; Win64; x64) AppleWebKit/537.36 (KHTML, like Gecko) Chrome/120.0.0.0 Safari/537.36"
20.229.212.220 - - [14/Jun/2026:17:34:00 +0200] "GET /bless.php HTTP/1.1" 200 11742 "-" "Mozilla/5.0 (Windows NT 10.0; Win64; x64) AppleWebKit/537.36 (KHTML, like Gecko) Chrome/120.0.0.0 Safari/537.36"
20.229.212.220 - - [14/Jun/2026:17:34:01 +0200] "GET /bolt.php HTTP/1.1" 200 11851 "-" "Mozilla/5.0 (Windows NT 10.0; Win64; x64) AppleWebKit/537.36 (KHTML, like Gecko) Chrome/120.0.0.0 Safari/537.36"
20.229.212.220 - - [14/Jun/2026:17:34:03 +0200] "GET /cgi-bin HTTP/1.1" 200 11820 "-" "Mozilla/5.0 (Windows NT 10.0; Win64; x64) AppleWebKit/537.36 (KHTML, like Gecko) Chrome/120.0.0.0 Safari/537.36"
52.167.144.204 - - [14/Jun/2026:17:59:18 +0200] "GET /wp-content/uploads/2021/11/copertina-washing-machine-2668472_1920-1536x1024.jpg HTTP/2.0" 200 204103 "-" "Mozilla/5.0 AppleWebKit/537.36 (KHTML, like Gecko; compatible; bingbot/2.0; +http://www.bing.com/bingbot.htm) Chrome/116.0.1938.76 Safari/537.36"
65.108.235.243 - - [14/Jun/2026:18:24:46 +0200] "POST /wp-cron.php?doing_wp_cron=1781454286.7041189670562744140625 HTTP/1.1" 200 1 "-" "WordPress/7.0; https://parma.elettroservicegroup.it"
216.73.217.21 - - [14/Jun/2026:18:24:44 +0200] "GET /robots.txt HTTP/2.0" 200 104 "-" "Mozilla/5.0 AppleWebKit/537.36 (KHTML, like Gecko; compatible; ClaudeBot/1.0; +claudebot@anthropic.com)"
65.108.235.243 - - [14/Jun/2026:18:24:50 +0200] "POST /wp-cron.php?doing_wp_cron=1781454290.1712560653686523437500 HTTP/1.1" 200 1 "-" "WordPress/7.0; https://parma.elettroservicegroup.it"
216.73.217.21 - - [14/Jun/2026:18:24:49 +0200] "GET /sitemap.rss HTTP/2.0" 200 1350 "-" "Mozilla/5.0 AppleWebKit/537.36 (KHTML, like Gecko; compatible; ClaudeBot/1.0; +claudebot@anthropic.com)"
65.108.235.243 - - [14/Jun/2026:18:28:27 +0200] "POST /wp-cron.php?doing_wp_cron=1781454507.0151050090789794921875 HTTP/1.1" 200 1 "-" "WordPress/7.0; https://parma.elettroservicegroup.it"
34.123.82.129 - - [14/Jun/2026:18:28:25 +0200] "GET /.env HTTP/1.1" 301 1 "-" "Mozilla/5.0 (Macintosh; Intel Mac OS X 10_15_7) AppleWebKit/537.36 (KHTML, like Gecko) Chrome/142.0.0.0 Safari/537.36"
52.167.144.222 - - [14/Jun/2026:19:06:14 +0200] "GET /assistenza-smeg-parma/ HTTP/2.0" 200 34860 "-" "Mozilla/5.0 AppleWebKit/537.36 (KHTML, like Gecko; compatible; bingbot/2.0; +http://www.bing.com/bingbot.htm) Chrome/116.0.1938.76 Safari/537.36"
40.77.167.154 - - [14/Jun/2026:19:06:30 +0200] "GET /wp-content/uploads/elementor/css/post-17361.css?ver=1781244285 HTTP/2.0" 200 2168 "https://parma.elettroservicegroup.it/assistenza-smeg-parma/" "Mozilla/5.0 AppleWebKit/537.36 (KHTML, like Gecko; compatible; bingbot/2.0; +http://www.bing.com/bingbot.htm) Chrome/136.0.0.0 Safari/537.36 AppleWebKit/537.36 (KHTML, like Gecko; compatible; bingbot/2.0; +http://www.bing.com/bingbot.htm) Chrome/116.0.1938.76 Safari/537.36"
65.108.235.243 - - [14/Jun/2026:20:04:18 +0200] "POST /wp-cron.php?doing_wp_cron=1781460258.8530249595642089843750 HTTP/1.1" 200 1 "-" "WordPress/7.0; https://parma.elettroservicegroup.it"
40.77.167.52 - - [14/Jun/2026:20:04:14 +0200] "GET /assistenza-ariston-busseto/ HTTP/2.0" 200 30960 "-" "Mozilla/5.0 AppleWebKit/537.36 (KHTML, like Gecko; compatible; bingbot/2.0; +http://www.bing.com/bingbot.htm) Chrome/116.0.1938.76 Safari/537.36"
40.77.167.22 - - [14/Jun/2026:20:04:39 +0200] "GET /wp-content/uploads/elementor/css/post-17272.css?ver=1781460258 HTTP/2.0" 200 2155 "https://parma.elettroservicegroup.it/assistenza-ariston-busseto/" "Mozilla/5.0 AppleWebKit/537.36 (KHTML, like Gecko; compatible; bingbot/2.0; +http://www.bing.com/bingbot.htm) Chrome/136.0.0.0 Safari/537.36 AppleWebKit/537.36 (KHTML, like Gecko; compatible; bingbot/2.0; +http://www.bing.com/bingbot.htm) Chrome/116.0.1938.76 Safari/537.36"
65.108.235.243 - - [14/Jun/2026:20:04:45 +0200] "POST /wp-cron.php?doing_wp_cron=1781460285.6938259601593017578125 HTTP/1.1" 200 1 "-" "WordPress/7.0; https://parma.elettroservicegroup.it"
40.77.167.52 - - [14/Jun/2026:20:04:45 +0200] "GET /assistenza-smeg-collecchio/ HTTP/2.0" 200 30959 "-" "Mozilla/5.0 AppleWebKit/537.36 (KHTML, like Gecko; compatible; bingbot/2.0; +http://www.bing.com/bingbot.htm) Chrome/116.0.1938.76 Safari/537.36"
40.77.167.22 - - [14/Jun/2026:20:04:59 +0200] "GET /wp-content/uploads/elementor/css/post-17365.css?ver=1781460285 HTTP/2.0" 200 2167 "https://parma.elettroservicegroup.it/assistenza-smeg-collecchio/" "Mozilla/5.0 AppleWebKit/537.36 (KHTML, like Gecko; compatible; bingbot/2.0; +http://www.bing.com/bingbot.htm) Chrome/136.0.0.0 Safari/537.36 AppleWebKit/537.36 (KHTML, like Gecko; compatible; bingbot/2.0; +http://www.bing.com/bingbot.htm) Chrome/116.0.1938.76 Safari/537.36"
65.108.235.243 - - [14/Jun/2026:20:46:03 +0200] "POST /wp-cron.php?doing_wp_cron=1781462763.4314520359039306640625 HTTP/1.1" 200 1 "-" "WordPress/7.0; https://parma.elettroservicegroup.it"
5.181.169.137 - - [14/Jun/2026:20:46:01 +0200] "GET /wp-login.php HTTP/2.0" 200 3298 "-" "Mozilla/5.0 (Windows NT 10.0; Win64; x64) AppleWebKit/537.36 (KHTML, like Gecko) Chrome/120.0.0.0 Safari/537.36"
5.181.169.137 - - [14/Jun/2026:20:46:03 +0200] "GET /wp-includes/css/dist/base-styles/admin-schemes.min.css?ver=7.0 HTTP/2.0" 200 726 "https://parma.elettroservicegroup.it/wp-login.php" "Mozilla/5.0 (Windows NT 10.0; Win64; x64) AppleWebKit/537.36 (KHTML, like Gecko) Chrome/120.0.0.0 Safari/537.36"
5.181.169.137 - - [14/Jun/2026:20:46:03 +0200] "GET /wp-admin/css/l10n.min.css?ver=7.0 HTTP/2.0" 200 677 "https://parma.elettroservicegroup.it/wp-login.php" "Mozilla/5.0 (Windows NT 10.0; Win64; x64) AppleWebKit/537.36 (KHTML, like Gecko) Chrome/120.0.0.0 Safari/537.36"
5.181.169.137 - - [14/Jun/2026:20:46:03 +0200] "GET /wp-includes/js/zxcvbn-async.min.js?ver=1.0 HTTP/2.0" 200 188 "https://parma.elettroservicegroup.it/wp-login.php" "Mozilla/5.0 (Windows NT 10.0; Win64; x64) AppleWebKit/537.36 (KHTML, like Gecko) Chrome/120.0.0.0 Safari/537.36"
5.181.169.137 - - [14/Jun/2026:20:46:03 +0200] "GET /wp-includes/js/jquery/jquery-migrate.min.js?ver=3.4.1 HTTP/2.0" 200 4685 "https://parma.elettroservicegroup.it/wp-login.php" "Mozilla/5.0 (Windows NT 10.0; Win64; x64) AppleWebKit/537.36 (KHTML, like Gecko) Chrome/120.0.0.0 Safari/537.36"
5.181.169.137 - - [14/Jun/2026:20:46:03 +0200] "GET /wp-content/plugins/wordfence/modules/login-security/js/login.1778685035.js?ver=1.1.16 HTTP/2.0" 200 5237 "https://parma.elettroservicegroup.it/wp-login.php" "Mozilla/5.0 (Windows NT 10.0; Win64; x64) AppleWebKit/537.36 (KHTML, like Gecko) Chrome/120.0.0.0 Safari/537.36"
5.181.169.137 - - [14/Jun/2026:20:46:03 +0200] "GET /wp-includes/css/buttons.min.css?ver=7.0 HTTP/2.0" 200 1462 "https://parma.elettroservicegroup.it/wp-login.php" "Mozilla/5.0 (Windows NT 10.0; Win64; x64) AppleWebKit/537.36 (KHTML, like Gecko) Chrome/120.0.0.0 Safari/537.36"
5.181.169.137 - - [14/Jun/2026:20:46:03 +0200] "GET /wp-admin/css/forms.min.css?ver=7.0 HTTP/2.0" 200 6492 "https://parma.elettroservicegroup.it/wp-login.php" "Mozilla/5.0 (Windows NT 10.0; Win64; x64) AppleWebKit/537.36 (KHTML, like Gecko) Chrome/120.0.0.0 Safari/537.36"
5.181.169.137 - - [14/Jun/2026:20:46:03 +0200] "GET /wp-admin/css/login.min.css?ver=7.0 HTTP/2.0" 200 2020 "https://parma.elettroservicegroup.it/wp-login.php" "Mozilla/5.0 (Windows NT 10.0; Win64; x64) AppleWebKit/537.36 (KHTML, like Gecko) Chrome/120.0.0.0 Safari/537.36"
5.181.169.137 - - [14/Jun/2026:20:46:03 +0200] "GET /wp-content/plugins/wordfence/modules/login-security/css/login.1778685035.css?ver=1.1.16 HTTP/2.0" 200 705 "https://parma.elettroservicegroup.it/wp-login.php" "Mozilla/5.0 (Windows NT 10.0; Win64; x64) AppleWebKit/537.36 (KHTML, like Gecko) Chrome/120.0.0.0 Safari/537.36"
5.181.169.137 - - [14/Jun/2026:20:46:03 +0200] "GET /wp-includes/js/clipboard.min.js?ver=2.0.11 HTTP/2.0" 200 2997 "https://parma.elettroservicegroup.it/wp-login.php" "Mozilla/5.0 (Windows NT 10.0; Win64; x64) AppleWebKit/537.36 (KHTML, like Gecko) Chrome/120.0.0.0 Safari/537.36"
5.181.169.137 - - [14/Jun/2026:20:46:03 +0200] "GET /wp-includes/css/dashicons.min.css?ver=7.0 HTTP/2.0" 200 35100 "https://parma.elettroservicegroup.it/wp-login.php" "Mozilla/5.0 (Windows NT 10.0; Win64; x64) AppleWebKit/537.36 (KHTML, like Gecko) Chrome/120.0.0.0 Safari/537.36"
5.181.169.137 - - [14/Jun/2026:20:46:03 +0200] "GET /wp-includes/js/dist/hooks.min.js?ver=7496969728ca0f95732d HTTP/2.0" 200 1711 "https://parma.elettroservicegroup.it/wp-login.php" "Mozilla/5.0 (Windows NT 10.0; Win64; x64) AppleWebKit/537.36 (KHTML, like Gecko) Chrome/120.0.0.0 Safari/537.36"
5.181.169.137 - - [14/Jun/2026:20:46:03 +0200] "GET /wp-includes/js/dist/i18n.min.js?ver=781d11515ad3d91786ec HTTP/2.0" 200 2333 "https://parma.elettroservicegroup.it/wp-login.php" "Mozilla/5.0 (Windows NT 10.0; Win64; x64) AppleWebKit/537.36 (KHTML, like Gecko) Chrome/120.0.0.0 Safari/537.36"
5.181.169.137 - - [14/Jun/2026:20:46:03 +0200] "GET /wp-includes/js/wp-util.min.js?ver=7.0 HTTP/2.0" 200 693 "https://parma.elettroservicegroup.it/wp-login.php" "Mozilla/5.0 (Windows NT 10.0; Win64; x64) AppleWebKit/537.36 (KHTML, like Gecko) Chrome/120.0.0.0 Safari/537.36"
5.181.169.137 - - [14/Jun/2026:20:46:03 +0200] "GET /wp-admin/js/user-profile.min.js?ver=7.0 HTTP/2.0" 200 2891 "https://parma.elettroservicegroup.it/wp-login.php" "Mozilla/5.0 (Windows NT 10.0; Win64; x64) AppleWebKit/537.36 (KHTML, like Gecko) Chrome/120.0.0.0 Safari/537.36"
5.181.169.137 - - [14/Jun/2026:20:46:03 +0200] "GET /wp-admin/js/password-strength-meter.min.js?ver=7.0 HTTP/2.0" 200 560 "https://parma.elettroservicegroup.it/wp-login.php" "Mozilla/5.0 (Windows NT 10.0; Win64; x64) AppleWebKit/537.36 (KHTML, like Gecko) Chrome/120.0.0.0 Safari/537.36"
5.181.169.137 - - [14/Jun/2026:20:46:03 +0200] "GET /wp-includes/js/dist/a11y.min.js?ver=af934e5259bc51b8718e HTTP/2.0" 200 915 "https://parma.elettroservicegroup.it/wp-login.php" "Mozilla/5.0 (Windows NT 10.0; Win64; x64) AppleWebKit/537.36 (KHTML, like Gecko) Chrome/120.0.0.0 Safari/537.36"
5.181.169.137 - - [14/Jun/2026:20:46:03 +0200] "GET /wp-includes/js/dist/dom-ready.min.js?ver=a06281ae5cf5500e9317 HTTP/2.0" 200 398 "https://parma.elettroservicegroup.it/wp-login.php" "Mozilla/5.0 (Windows NT 10.0; Win64; x64) AppleWebKit/537.36 (KHTML, like Gecko) Chrome/120.0.0.0 Safari/537.36"
5.181.169.137 - - [14/Jun/2026:20:46:03 +0200] "GET /wp-includes/js/underscore.min.js?ver=1.13.8 HTTP/2.0" 200 7243 "https://parma.elettroservicegroup.it/wp-login.php" "Mozilla/5.0 (Windows NT 10.0; Win64; x64) AppleWebKit/537.36 (KHTML, like Gecko) Chrome/120.0.0.0 Safari/537.36"
5.181.169.137 - - [14/Jun/2026:20:46:03 +0200] "GET /wp-includes/js/jquery/jquery.min.js?ver=3.7.1 HTTP/2.0" 200 29769 "https://parma.elettroservicegroup.it/wp-login.php" "Mozilla/5.0 (Windows NT 10.0; Win64; x64) AppleWebKit/537.36 (KHTML, like Gecko) Chrome/120.0.0.0 Safari/537.36"
5.181.169.137 - - [14/Jun/2026:20:46:03 +0200] "GET /wp-admin/images/wordpress-logo-gray.svg?ver=20260303 HTTP/2.0" 200 765 "https://parma.elettroservicegroup.it/wp-admin/css/login.min.css?ver=7.0" "Mozilla/5.0 (Windows NT 10.0; Win64; x64) AppleWebKit/537.36 (KHTML, like Gecko) Chrome/120.0.0.0 Safari/537.36"
5.181.169.137 - - [14/Jun/2026:20:46:03 +0200] "GET /wp-includes/js/zxcvbn.min.js HTTP/2.0" 200 387992 "https://parma.elettroservicegroup.it/wp-login.php" "Mozilla/5.0 (Windows NT 10.0; Win64; x64) AppleWebKit/537.36 (KHTML, like Gecko) Chrome/120.0.0.0 Safari/537.36"
5.181.169.137 - - [14/Jun/2026:20:46:09 +0200] "GET /wp-login.php HTTP/1.1" 200 12847 "-" "Mozilla/5.0 (Windows NT 10.0; Win64; x64) AppleWebKit/537.36 (KHTML, like Gecko) Chrome/120.0.0.0 Safari/537.36"
5.181.169.137 - - [14/Jun/2026:20:46:09 +0200] "POST /wp-login.php HTTP/1.1" 200 13266 "https://parma.elettroservicegroup.it/wp-login.php" "Mozilla/5.0 (Windows NT 10.0; Win64; x64) AppleWebKit/537.36 (KHTML, like Gecko) Chrome/120.0.0.0 Safari/537.36"
5.181.169.137 - - [14/Jun/2026:20:46:10 +0200] "GET /wp-admin/ HTTP/1.1" 302 - "-" "Mozilla/5.0 (Windows NT 10.0; Win64; x64) AppleWebKit/537.36 (KHTML, like Gecko) Chrome/120.0.0.0 Safari/537.36"
5.181.169.137 - - [14/Jun/2026:20:46:10 +0200] "GET /wp-login.php?redirect_to=https%3A%2F%2Fparma.elettroservicegroup.it%2Fwp-admin%2F&reauth=1 HTTP/1.1" 200 12935 "https://parma.elettroservicegroup.it/wp-admin/" "Mozilla/5.0 (Windows NT 10.0; Win64; x64) AppleWebKit/537.36 (KHTML, like Gecko) Chrome/120.0.0.0 Safari/537.36"
5.181.169.137 - - [14/Jun/2026:20:46:11 +0200] "POST /wp-admin/ HTTP/1.1" 302 - "https://parma.elettroservicegroup.it/wp-admin/" "Mozilla/5.0 (Windows NT 10.0; Win64; x64) AppleWebKit/537.36 (KHTML, like Gecko) Chrome/120.0.0.0 Safari/537.36"
5.181.169.137 - - [14/Jun/2026:20:46:12 +0200] "GET /wp-login.php?redirect_to=https%3A%2F%2Fparma.elettroservicegroup.it%2Fwp-admin%2F&reauth=1 HTTP/1.1" 200 12935 "https://parma.elettroservicegroup.it/wp-admin/" "Mozilla/5.0 (Windows NT 10.0; Win64; x64) AppleWebKit/537.36 (KHTML, like Gecko) Chrome/120.0.0.0 Safari/537.36"
