5.90.59.67 - - [14/Jun/2026:23:59:33 +0200] "GET /wp-content/uploads/2022/01/TECNIC-LAVATRICE-768x432-1.jpg HTTP/2.0" 200 50994 "https://parma.elettroservicegroup.it/assistenza-indesit-parma/" "Mozilla/5.0 (Linux; Android 10; K) AppleWebKit/537.36 (KHTML, like Gecko) Chrome/148.0.0.0 Mobile Safari/537.36"
5.90.59.67 - - [14/Jun/2026:23:59:33 +0200] "GET /wp-content/uploads/elementor/google-fonts/fonts/roboto-kfo7cnqeu92fr1me7ksn66agldtyluama3yuba.woff2 HTTP/2.0" 200 40132 "https://parma.elettroservicegroup.it/wp-content/uploads/elementor/google-fonts/css/roboto.css?ver=1742280360" "Mozilla/5.0 (Linux; Android 10; K) AppleWebKit/537.36 (KHTML, like Gecko) Chrome/148.0.0.0 Mobile Safari/537.36"
5.90.59.67 - - [14/Jun/2026:23:59:33 +0200] "GET /wp-content/uploads/2022/01/elett5-2.jpg HTTP/2.0" 200 11223 "https://parma.elettroservicegroup.it/assistenza-indesit-parma/" "Mozilla/5.0 (Linux; Android 10; K) AppleWebKit/537.36 (KHTML, like Gecko) Chrome/148.0.0.0 Mobile Safari/537.36"
5.90.59.67 - - [14/Jun/2026:23:59:33 +0200] "GET /wp-content/plugins/elementor/assets/lib/font-awesome/webfonts/fa-regular-400.woff2 HTTP/2.0" 200 13277 "https://parma.elettroservicegroup.it/wp-content/plugins/elementor/assets/lib/font-awesome/css/all.min.css?ver=4.1.3" "Mozilla/5.0 (Linux; Android 10; K) AppleWebKit/537.36 (KHTML, like Gecko) Chrome/148.0.0.0 Mobile Safari/537.36"
5.90.59.67 - - [14/Jun/2026:23:59:33 +0200] "GET /wp-content/plugins/elementor/assets/lib/font-awesome/webfonts/fa-solid-900.woff2 HTTP/2.0" 200 78201 "https://parma.elettroservicegroup.it/wp-content/plugins/elementor/assets/lib/font-awesome/css/all.min.css?ver=4.1.3" "Mozilla/5.0 (Linux; Android 10; K) AppleWebKit/537.36 (KHTML, like Gecko) Chrome/148.0.0.0 Mobile Safari/537.36"
5.90.59.67 - - [14/Jun/2026:23:59:33 +0200] "POST /wp-content/plugins/burst-statistics/endpoint.php HTTP/2.0" 200 1 "https://parma.elettroservicegroup.it/assistenza-indesit-parma/" "Mozilla/5.0 (Linux; Android 10; K) AppleWebKit/537.36 (KHTML, like Gecko) Chrome/148.0.0.0 Mobile Safari/537.36"
5.90.59.67 - - [14/Jun/2026:23:59:33 +0200] "GET /wp-content/plugins/elementor/assets/js/section-frontend-handlers.d85ab872da118940910d.bundle.min.js HTTP/2.0" 200 230 "https://parma.elettroservicegroup.it/assistenza-indesit-parma/" "Mozilla/5.0 (Linux; Android 10; K) AppleWebKit/537.36 (KHTML, like Gecko) Chrome/148.0.0.0 Mobile Safari/537.36"
5.90.59.67 - - [14/Jun/2026:23:59:33 +0200] "GET /wp-content/plugins/elementor/assets/js/shared-frontend-handlers.03caa53373b56d3bab67.bundle.min.js HTTP/2.0" 200 2515 "https://parma.elettroservicegroup.it/assistenza-indesit-parma/" "Mozilla/5.0 (Linux; Android 10; K) AppleWebKit/537.36 (KHTML, like Gecko) Chrome/148.0.0.0 Mobile Safari/537.36"
5.90.59.67 - - [14/Jun/2026:23:59:33 +0200] "GET /wp-content/plugins/elementor/assets/js/text-editor.45609661e409413f1cef.bundle.min.js HTTP/2.0" 200 592 "https://parma.elettroservicegroup.it/assistenza-indesit-parma/" "Mozilla/5.0 (Linux; Android 10; K) AppleWebKit/537.36 (KHTML, like Gecko) Chrome/148.0.0.0 Mobile Safari/537.36"
5.90.59.67 - - [14/Jun/2026:23:59:33 +0200] "GET /wp-json/complianz/v1/banner?lang=it&locale=it_IT&token=ylvaq HTTP/2.0" 200 84 "https://parma.elettroservicegroup.it/assistenza-indesit-parma/" "Mozilla/5.0 (Linux; Android 10; K) AppleWebKit/537.36 (KHTML, like Gecko) Chrome/148.0.0.0 Mobile Safari/537.36"
5.90.59.67 - - [14/Jun/2026:23:59:33 +0200] "GET /wp-content/uploads/complianz/css/banner-1-optin.css?v=46 HTTP/2.0" 200 2617 "https://parma.elettroservicegroup.it/assistenza-indesit-parma/" "Mozilla/5.0 (Linux; Android 10; K) AppleWebKit/537.36 (KHTML, like Gecko) Chrome/148.0.0.0 Mobile Safari/537.36"
5.90.59.67 - - [14/Jun/2026:23:59:33 +0200] "GET /wp-json/complianz/v1/cookie_data HTTP/2.0" 200 81 "https://parma.elettroservicegroup.it/assistenza-indesit-parma/" "Mozilla/5.0 (Linux; Android 10; K) AppleWebKit/537.36 (KHTML, like Gecko) Chrome/148.0.0.0 Mobile Safari/537.36"
5.90.59.67 - - [14/Jun/2026:23:59:34 +0200] "GET /wp-content/uploads/2021/10/cropped-cropped-cropped-cropped-logo_white_background-192x192.png HTTP/2.0" 200 19089 "https://parma.elettroservicegroup.it/assistenza-indesit-parma/" "Mozilla/5.0 (Linux; Android 10; K) AppleWebKit/537.36 (KHTML, like Gecko) Chrome/148.0.0.0 Mobile Safari/537.36"
5.90.59.67 - - [14/Jun/2026:23:59:34 +0200] "GET /wp-content/uploads/2021/10/cropped-cropped-cropped-cropped-logo_white_background-180x180.png HTTP/2.0" 200 21353 "https://parma.elettroservicegroup.it/assistenza-indesit-parma/" "Mozilla/5.0 (Linux; Android 10; K) AppleWebKit/537.36 (KHTML, like Gecko) Chrome/148.0.0.0 Mobile Safari/537.36"
5.90.59.67 - - [14/Jun/2026:23:59:35 +0200] "POST /wp-json/complianz/v1/track HTTP/2.0" 200 20 "https://parma.elettroservicegroup.it/assistenza-indesit-parma/" "Mozilla/5.0 (Linux; Android 10; K) AppleWebKit/537.36 (KHTML, like Gecko) Chrome/148.0.0.0 Mobile Safari/537.36"
5.90.59.67 - - [14/Jun/2026:23:59:50 +0200] "GET /wp-content/uploads/2022/01/elettro3.jpg HTTP/2.0" 200 6766 "https://parma.elettroservicegroup.it/assistenza-indesit-parma/" "Mozilla/5.0 (Linux; Android 10; K) AppleWebKit/537.36 (KHTML, like Gecko) Chrome/148.0.0.0 Mobile Safari/537.36"
5.90.59.67 - - [15/Jun/2026:00:00:11 +0200] "GET /wp-content/uploads/2026/05/logo.png HTTP/2.0" 200 48185 "https://parma.elettroservicegroup.it/assistenza-indesit-parma/" "Mozilla/5.0 (Linux; Android 10; K) AppleWebKit/537.36 (KHTML, like Gecko) Chrome/148.0.0.0 Mobile Safari/537.36"
5.90.59.67 - - [15/Jun/2026:00:00:15 +0200] "GET /wp-content/uploads/2022/01/elett2.jpg HTTP/2.0" 200 28330 "https://parma.elettroservicegroup.it/assistenza-indesit-parma/" "Mozilla/5.0 (Linux; Android 10; K) AppleWebKit/537.36 (KHTML, like Gecko) Chrome/148.0.0.0 Mobile Safari/537.36"
5.90.59.67 - - [15/Jun/2026:00:01:01 +0200] "POST /wp-content/plugins/burst-statistics/endpoint.php HTTP/2.0" 200 1 "https://parma.elettroservicegroup.it/assistenza-indesit-parma/" "Mozilla/5.0 (Linux; Android 10; K) AppleWebKit/537.36 (KHTML, like Gecko) Chrome/148.0.0.0 Mobile Safari/537.36"
65.108.235.243 - - [15/Jun/2026:01:00:05 +0200] "POST /wp-cron.php?doing_wp_cron=1781478005.3651568889617919921875 HTTP/1.1" 200 1 "-" "WordPress/7.0; https://parma.elettroservicegroup.it"
66.249.64.69 - - [15/Jun/2026:00:59:55 +0200] "GET /assistenza-lavatrici-parma/ HTTP/1.1" 200 22656 "-" "Mozilla/5.0 (Linux; Android 6.0.1; Nexus 5X Build/MMB29P) AppleWebKit/537.36 (KHTML, like Gecko) Chrome/148.0.7778.96 Mobile Safari/537.36 (compatible; Googlebot/2.1; +http://www.google.com/bot.html)"
66.249.64.70 - - [15/Jun/2026:01:01:19 +0200] "GET /wp-content/plugins/all-in-one-seo-pack/dist/Lite/assets/css/table-of-contents/global.e90f6d47.css?ver=4.9.8 HTTP/1.1" 200 420 "https://parma.elettroservicegroup.it/assistenza-lavatrici-parma/" "Mozilla/5.0 (Linux; Android 6.0.1; Nexus 5X Build/MMB29P) AppleWebKit/537.36 (KHTML, like Gecko) Chrome/148.0.7778.96 Mobile Safari/537.36 (compatible; Googlebot/2.1; +http://www.google.com/bot.html)"
66.249.64.70 - - [15/Jun/2026:01:01:19 +0200] "GET /wp-content/plugins/header-footer-elementor/assets/css/header-footer-elementor.css?ver=2.8.8 HTTP/1.1" 200 260 "https://parma.elettroservicegroup.it/assistenza-lavatrici-parma/" "Mozilla/5.0 (Linux; Android 6.0.1; Nexus 5X Build/MMB29P) AppleWebKit/537.36 (KHTML, like Gecko) Chrome/148.0.7778.96 Mobile Safari/537.36 (compatible; Googlebot/2.1; +http://www.google.com/bot.html)"
66.249.64.71 - - [15/Jun/2026:01:01:19 +0200] "GET /wp-content/plugins/header-footer-elementor/inc/widgets-css/frontend.css?ver=2.8.8 HTTP/1.1" 200 8711 "https://parma.elettroservicegroup.it/assistenza-lavatrici-parma/" "Mozilla/5.0 (Linux; Android 6.0.1; Nexus 5X Build/MMB29P) AppleWebKit/537.36 (KHTML, like Gecko) Chrome/148.0.7778.96 Mobile Safari/537.36 (compatible; Googlebot/2.1; +http://www.google.com/bot.html)"
66.249.64.71 - - [15/Jun/2026:01:01:20 +0200] "GET /wp-content/plugins/elementor/assets/lib/font-awesome/css/fontawesome.css?ver=5.15.3 HTTP/1.1" 200 12535 "https://parma.elettroservicegroup.it/assistenza-lavatrici-parma/" "Mozilla/5.0 (Linux; Android 6.0.1; Nexus 5X Build/MMB29P) AppleWebKit/537.36 (KHTML, like Gecko) Chrome/148.0.7778.96 Mobile Safari/537.36 (compatible; Googlebot/2.1; +http://www.google.com/bot.html)"
66.249.64.71 - - [15/Jun/2026:01:01:20 +0200] "GET /wp-content/uploads/elementor/css/post-17314.css?ver=1780704000 HTTP/1.1" 200 2271 "https://parma.elettroservicegroup.it/assistenza-lavatrici-parma/" "Mozilla/5.0 (Linux; Android 6.0.1; Nexus 5X Build/MMB29P) AppleWebKit/537.36 (KHTML, like Gecko) Chrome/148.0.7778.96 Mobile Safari/537.36 (compatible; Googlebot/2.1; +http://www.google.com/bot.html)"
40.77.167.78 - - [15/Jun/2026:01:05:07 +0200] "GET /assistenza-lavatrici-parma/ HTTP/2.0" 200 22521 "-" "Mozilla/5.0 AppleWebKit/537.36 (KHTML, like Gecko; compatible; bingbot/2.0; +http://www.bing.com/bingbot.htm) Chrome/116.0.1938.76 Safari/537.36"
65.108.235.243 - - [15/Jun/2026:01:34:26 +0200] "POST /wp-cron.php?doing_wp_cron=1781480066.2732100486755371093750 HTTP/1.1" 200 1 "-" "WordPress/7.0; https://parma.elettroservicegroup.it"
216.73.217.21 - - [15/Jun/2026:01:34:21 +0200] "GET /robots.txt HTTP/2.0" 200 104 "-" "Mozilla/5.0 AppleWebKit/537.36 (KHTML, like Gecko; compatible; ClaudeBot/1.0; +claudebot@anthropic.com)"
65.108.235.243 - - [15/Jun/2026:01:35:08 +0200] "POST /wp-cron.php?doing_wp_cron=1781480108.8693590164184570312500 HTTP/1.1" 200 1 "-" "WordPress/7.0; https://parma.elettroservicegroup.it"
216.73.217.21 - - [15/Jun/2026:01:35:07 +0200] "GET /sitemap.rss HTTP/2.0" 200 1350 "-" "Mozilla/5.0 AppleWebKit/537.36 (KHTML, like Gecko; compatible; ClaudeBot/1.0; +claudebot@anthropic.com)"
158.47.217.20 - - [15/Jun/2026:01:40:58 +0200] "GET /assistenza-lavatrici-parma/ HTTP/1.1" 200 143295 "-" "Mozilla/5.0 (X11; Ubuntu; Linux i686; rv:24.0) Gecko/20100101 Firefox/24.0 Chrome/80.0.3987.132 Safari/537.36"
20.229.212.220 - - [15/Jun/2026:02:17:18 +0200] "GET /wp-content/plugins/admin.php HTTP/1.1" 200 11849 "-" "Mozilla/5.0 (Windows NT 10.0; Win64; x64) AppleWebKit/537.36 (KHTML, like Gecko) Chrome/120.0.0.0 Safari/537.36"
20.229.212.220 - - [15/Jun/2026:02:17:19 +0200] "GET /adminfuns.php HTTP/1.1" 200 11749 "-" "Mozilla/5.0 (Windows NT 10.0; Win64; x64) AppleWebKit/537.36 (KHTML, like Gecko) Chrome/120.0.0.0 Safari/537.36"
20.229.212.220 - - [15/Jun/2026:02:17:20 +0200] "GET /admin.php HTTP/1.1" 200 11821 "-" "Mozilla/5.0 (Windows NT 10.0; Win64; x64) AppleWebKit/537.36 (KHTML, like Gecko) Chrome/120.0.0.0 Safari/537.36"
20.229.212.220 - - [15/Jun/2026:02:17:22 +0200] "GET /php8.php HTTP/1.1" 200 11795 "-" "Mozilla/5.0 (Windows NT 10.0; Win64; x64) AppleWebKit/537.36 (KHTML, like Gecko) Chrome/120.0.0.0 Safari/537.36"
20.229.212.220 - - [15/Jun/2026:02:17:22 +0200] "GET /wp-includes/interactivity-api/index.php HTTP/1.1" 200 11830 "-" "Mozilla/5.0 (Windows NT 10.0; Win64; x64) AppleWebKit/537.36 (KHTML, like Gecko) Chrome/120.0.0.0 Safari/537.36"
20.229.212.220 - - [15/Jun/2026:02:17:24 +0200] "GET /wp-content/uploads HTTP/1.1" 200 11898 "-" "Mozilla/5.0 (Windows NT 10.0; Win64; x64) AppleWebKit/537.36 (KHTML, like Gecko) Chrome/120.0.0.0 Safari/537.36"
20.229.212.220 - - [15/Jun/2026:02:17:26 +0200] "GET /wp-mail.php HTTP/1.1" 200 11718 "-" "Mozilla/5.0 (Windows NT 10.0; Win64; x64) AppleWebKit/537.36 (KHTML, like Gecko) Chrome/120.0.0.0 Safari/537.36"
20.229.212.220 - - [15/Jun/2026:02:17:27 +0200] "GET /a7.php HTTP/1.1" 200 11878 "-" "Mozilla/5.0 (Windows NT 10.0; Win64; x64) AppleWebKit/537.36 (KHTML, like Gecko) Chrome/120.0.0.0 Safari/537.36"
20.229.212.220 - - [15/Jun/2026:02:17:28 +0200] "GET /php.php HTTP/1.1" 200 11765 "-" "Mozilla/5.0 (Windows NT 10.0; Win64; x64) AppleWebKit/537.36 (KHTML, like Gecko) Chrome/120.0.0.0 Safari/537.36"
20.229.212.220 - - [15/Jun/2026:02:17:30 +0200] "GET /8.php HTTP/1.1" 200 11822 "-" "Mozilla/5.0 (Windows NT 10.0; Win64; x64) AppleWebKit/537.36 (KHTML, like Gecko) Chrome/120.0.0.0 Safari/537.36"
20.229.212.220 - - [15/Jun/2026:02:17:31 +0200] "GET /wp-includes/rest-api/ HTTP/1.1" 200 11887 "-" "Mozilla/5.0 (Windows NT 10.0; Win64; x64) AppleWebKit/537.36 (KHTML, like Gecko) Chrome/120.0.0.0 Safari/537.36"
20.229.212.220 - - [15/Jun/2026:02:17:31 +0200] "GET /ahax.php HTTP/1.1" 200 11870 "-" "Mozilla/5.0 (Windows NT 10.0; Win64; x64) AppleWebKit/537.36 (KHTML, like Gecko) Chrome/120.0.0.0 Safari/537.36"
20.229.212.220 - - [15/Jun/2026:02:17:32 +0200] "GET /alfa.php HTTP/1.1" 200 11760 "-" "Mozilla/5.0 (Windows NT 10.0; Win64; x64) AppleWebKit/537.36 (KHTML, like Gecko) Chrome/120.0.0.0 Safari/537.36"
20.229.212.220 - - [15/Jun/2026:02:17:37 +0200] "GET /bolt.php HTTP/1.1" 200 11820 "-" "Mozilla/5.0 (Windows NT 10.0; Win64; x64) AppleWebKit/537.36 (KHTML, like Gecko) Chrome/120.0.0.0 Safari/537.36"
20.229.212.220 - - [15/Jun/2026:02:17:38 +0200] "GET /wp-content/themes/about.php HTTP/1.1" 200 11736 "-" "Mozilla/5.0 (Windows NT 10.0; Win64; x64) AppleWebKit/537.36 (KHTML, like Gecko) Chrome/120.0.0.0 Safari/537.36"
20.229.212.220 - - [15/Jun/2026:02:17:39 +0200] "GET /wp-includes/Text/index.php HTTP/1.1" 200 11883 "-" "Mozilla/5.0 (Windows NT 10.0; Win64; x64) AppleWebKit/537.36 (KHTML, like Gecko) Chrome/120.0.0.0 Safari/537.36"
20.229.212.220 - - [15/Jun/2026:02:17:39 +0200] "GET /wp-signin.php HTTP/1.1" 200 11866 "-" "Mozilla/5.0 (Windows NT 10.0; Win64; x64) AppleWebKit/537.36 (KHTML, like Gecko) Chrome/120.0.0.0 Safari/537.36"
20.229.212.220 - - [15/Jun/2026:02:17:40 +0200] "GET /x.php HTTP/1.1" 200 11772 "-" "Mozilla/5.0 (Windows NT 10.0; Win64; x64) AppleWebKit/537.36 (KHTML, like Gecko) Chrome/120.0.0.0 Safari/537.36"
20.229.212.220 - - [15/Jun/2026:02:17:41 +0200] "GET /about/function.php HTTP/1.1" 200 11749 "-" "Mozilla/5.0 (Windows NT 10.0; Win64; x64) AppleWebKit/537.36 (KHTML, like Gecko) Chrome/120.0.0.0 Safari/537.36"
20.229.212.220 - - [15/Jun/2026:02:17:42 +0200] "GET /bless.php HTTP/1.1" 200 11777 "-" "Mozilla/5.0 (Windows NT 10.0; Win64; x64) AppleWebKit/537.36 (KHTML, like Gecko) Chrome/120.0.0.0 Safari/537.36"
20.229.212.220 - - [15/Jun/2026:02:17:42 +0200] "GET /content.php HTTP/1.1" 200 11779 "-" "Mozilla/5.0 (Windows NT 10.0; Win64; x64) AppleWebKit/537.36 (KHTML, like Gecko) Chrome/120.0.0.0 Safari/537.36"
20.229.212.220 - - [15/Jun/2026:02:17:43 +0200] "GET /radio.php HTTP/1.1" 200 11736 "-" "Mozilla/5.0 (Windows NT 10.0; Win64; x64) AppleWebKit/537.36 (KHTML, like Gecko) Chrome/120.0.0.0 Safari/537.36"
20.229.212.220 - - [15/Jun/2026:02:17:44 +0200] "GET /wp-content/about.php HTTP/1.1" 200 11828 "-" "Mozilla/5.0 (Windows NT 10.0; Win64; x64) AppleWebKit/537.36 (KHTML, like Gecko) Chrome/120.0.0.0 Safari/537.36"
20.229.212.220 - - [15/Jun/2026:02:17:45 +0200] "GET /wp-content/uploads/admin.php HTTP/1.1" 200 11787 "-" "Mozilla/5.0 (Windows NT 10.0; Win64; x64) AppleWebKit/537.36 (KHTML, like Gecko) Chrome/120.0.0.0 Safari/537.36"
20.229.212.220 - - [15/Jun/2026:02:17:45 +0200] "GET /wp-includes/pomo HTTP/1.1" 200 11773 "-" "Mozilla/5.0 (Windows NT 10.0; Win64; x64) AppleWebKit/537.36 (KHTML, like Gecko) Chrome/120.0.0.0 Safari/537.36"
20.229.212.220 - - [15/Jun/2026:02:17:48 +0200] "GET /.dj/index.php HTTP/1.1" 200 11822 "-" "Mozilla/5.0 (Windows NT 10.0; Win64; x64) AppleWebKit/537.36 (KHTML, like Gecko) Chrome/120.0.0.0 Safari/537.36"
20.229.212.220 - - [15/Jun/2026:02:17:49 +0200] "GET /aaa.php HTTP/1.1" 200 11739 "-" "Mozilla/5.0 (Windows NT 10.0; Win64; x64) AppleWebKit/537.36 (KHTML, like Gecko) Chrome/120.0.0.0 Safari/537.36"
20.229.212.220 - - [15/Jun/2026:02:17:50 +0200] "GET /abcd.php HTTP/1.1" 200 11835 "-" "Mozilla/5.0 (Windows NT 10.0; Win64; x64) AppleWebKit/537.36 (KHTML, like Gecko) Chrome/120.0.0.0 Safari/537.36"
20.229.212.220 - - [15/Jun/2026:02:17:51 +0200] "GET /admin/function.php HTTP/1.1" 200 11873 "-" "Mozilla/5.0 (Windows NT 10.0; Win64; x64) AppleWebKit/537.36 (KHTML, like Gecko) Chrome/120.0.0.0 Safari/537.36"
43.157.50.58 - - [15/Jun/2026:02:56:13 +0200] "GET / HTTP/1.1" 200 165225 "http://parma.elettroservicegroup.it" "Mozilla/5.0 (iPhone; CPU iPhone OS 13_2_3 like Mac OS X) AppleWebKit/605.1.15 (KHTML, like Gecko) Version/13.0.3 Mobile/15E148 Safari/604.1"
65.108.235.243 - - [15/Jun/2026:03:33:57 +0200] "POST /wp-cron.php?doing_wp_cron=1781487237.2705760002136230468750 HTTP/1.1" 200 1 "-" "WordPress/7.0; https://parma.elettroservicegroup.it"
40.77.167.46 - - [15/Jun/2026:03:33:52 +0200] "GET /assistenza-lavatrici-indesit-parma/ HTTP/2.0" 200 22597 "-" "Mozilla/5.0 AppleWebKit/537.36 (KHTML, like Gecko; compatible; bingbot/2.0; +http://www.bing.com/bingbot.htm) Chrome/116.0.1938.76 Safari/537.36"
52.167.144.57 - - [15/Jun/2026:03:33:56 +0200] "GET /robots.txt HTTP/2.0" 200 104 "-" "Mozilla/5.0 AppleWebKit/537.36 (KHTML, like Gecko; compatible; bingbot/2.0; +http://www.bing.com/bingbot.htm) Chrome/116.0.1938.76 Safari/537.36"
52.167.144.20 - - [15/Jun/2026:03:34:22 +0200] "GET /wp-content/uploads/elementor/css/post-17334.css?ver=1781487236 HTTP/2.0" 200 2055 "https://parma.elettroservicegroup.it/assistenza-lavatrici-indesit-parma/" "Mozilla/5.0 AppleWebKit/537.36 (KHTML, like Gecko; compatible; bingbot/2.0; +http://www.bing.com/bingbot.htm) Chrome/136.0.0.0 Safari/537.36 AppleWebKit/537.36 (KHTML, like Gecko; compatible; bingbot/2.0; +http://www.bing.com/bingbot.htm) Chrome/116.0.1938.76 Safari/537.36"
65.108.235.243 - - [15/Jun/2026:03:40:13 +0200] "POST /wp-cron.php?doing_wp_cron=1781487613.0538949966430664062500 HTTP/1.1" 200 1 "-" "WordPress/7.0; https://parma.elettroservicegroup.it"
216.73.217.21 - - [15/Jun/2026:03:40:07 +0200] "GET /robots.txt HTTP/2.0" 200 104 "-" "Mozilla/5.0 AppleWebKit/537.36 (KHTML, like Gecko; compatible; ClaudeBot/1.0; +claudebot@anthropic.com)"
65.108.235.243 - - [15/Jun/2026:03:49:13 +0200] "POST /wp-cron.php?doing_wp_cron=1781488153.8667058944702148437500 HTTP/1.1" 200 1 "-" "WordPress/7.0; https://parma.elettroservicegroup.it"
40.77.167.24 - - [15/Jun/2026:03:49:05 +0200] "GET /solutions-de-paiement-securisees-et-rapides-chez-1win-casino/ HTTP/2.0" 404 16912 "-" "Mozilla/5.0 AppleWebKit/537.36 (KHTML, like Gecko; compatible; bingbot/2.0; +http://www.bing.com/bingbot.htm) Chrome/116.0.1938.76 Safari/537.36"
65.108.235.243 - - [15/Jun/2026:04:02:38 +0200] "POST /wp-cron.php?doing_wp_cron=1781488958.3674860000610351562500 HTTP/1.1" 200 1 "-" "WordPress/7.0; https://parma.elettroservicegroup.it"
216.73.217.21 - - [15/Jun/2026:04:02:36 +0200] "GET /sitemap.rss HTTP/2.0" 200 1348 "-" "Mozilla/5.0 AppleWebKit/537.36 (KHTML, like Gecko; compatible; ClaudeBot/1.0; +claudebot@anthropic.com)"
65.108.235.243 - - [15/Jun/2026:04:46:18 +0200] "POST /wp-cron.php?doing_wp_cron=1781491578.2594010829925537109375 HTTP/1.1" 200 1 "-" "WordPress/7.0; https://parma.elettroservicegroup.it"
40.77.167.70 - - [15/Jun/2026:04:46:15 +0200] "GET /assistenza-lavatrici-fidenza/ HTTP/2.0" 200 22558 "-" "Mozilla/5.0 AppleWebKit/537.36 (KHTML, like Gecko; compatible; bingbot/2.0; +http://www.bing.com/bingbot.htm) Chrome/116.0.1938.76 Safari/537.36"
40.77.167.70 - - [15/Jun/2026:04:46:35 +0200] "GET /wp-content/uploads/elementor/css/post-17316.css?ver=1781491577 HTTP/2.0" 200 2257 "https://parma.elettroservicegroup.it/assistenza-lavatrici-fidenza/" "Mozilla/5.0 AppleWebKit/537.36 (KHTML, like Gecko; compatible; bingbot/2.0; +http://www.bing.com/bingbot.htm) Chrome/136.0.0.0 Safari/537.36 AppleWebKit/537.36 (KHTML, like Gecko; compatible; bingbot/2.0; +http://www.bing.com/bingbot.htm) Chrome/116.0.1938.76 Safari/537.36"
65.108.235.243 - - [15/Jun/2026:05:04:53 +0200] "POST /wp-cron.php?doing_wp_cron=1781492693.9540119171142578125000 HTTP/1.1" 200 1 "-" "WordPress/7.0; https://parma.elettroservicegroup.it"
52.167.144.201 - - [15/Jun/2026:05:04:48 +0200] "GET /assistenza-lavatrici-bosch-parma/ HTTP/2.0" 200 22697 "-" "Mozilla/5.0 AppleWebKit/537.36 (KHTML, like Gecko; compatible; bingbot/2.0; +http://www.bing.com/bingbot.htm) Chrome/116.0.1938.76 Safari/537.36"
52.167.144.205 - - [15/Jun/2026:05:05:12 +0200] "GET /wp-content/uploads/elementor/css/post-17329.css?ver=1781492692 HTTP/2.0" 200 2035 "https://parma.elettroservicegroup.it/assistenza-lavatrici-bosch-parma/" "Mozilla/5.0 AppleWebKit/537.36 (KHTML, like Gecko; compatible; bingbot/2.0; +http://www.bing.com/bingbot.htm) Chrome/136.0.0.0 Safari/537.36 AppleWebKit/537.36 (KHTML, like Gecko; compatible; bingbot/2.0; +http://www.bing.com/bingbot.htm) Chrome/116.0.1938.76 Safari/537.36"
223.27.115.248 - - [15/Jun/2026:06:01:40 +0200] "POST /xmlrpc.php HTTP/1.1" 403 52 "-" "Mozilla/5.0 (Windows NT 10.0; Win64; x64) AppleWebKit/537.36"
190.1.229.157 - - [15/Jun/2026:06:01:43 +0200] "GET / HTTP/1.1" 200 161085 "-" "Mozilla/5.0 (Windows NT 10.0; Win64; x64) AppleWebKit/537.36 (KHTML, like Gecko) Chrome/120.0.0.0 Safari/537.36"
65.108.235.243 - - [15/Jun/2026:06:01:54 +0200] "POST /wp-cron.php?doing_wp_cron=1781496114.1603100299835205078125 HTTP/1.1" 200 1 "-" "WordPress/7.0; https://parma.elettroservicegroup.it"
190.1.229.157 - - [15/Jun/2026:06:01:50 +0200] "GET /wp-login.php HTTP/1.1" 200 12847 "-" "Mozilla/5.0 (Windows NT 10.0; Win64; x64) AppleWebKit/537.36 (KHTML, like Gecko) Chrome/120.0.0.0 Safari/537.36"
190.1.229.157 - - [15/Jun/2026:06:01:55 +0200] "GET /wp-login.php?wp_lang=en_US HTTP/1.1" 200 10089 "-" "Mozilla/5.0 (Windows NT 10.0; Win64; x64) AppleWebKit/537.36 (KHTML, like Gecko) Chrome/120.0.0.0 Safari/537.36"
190.1.229.157 - - [15/Jun/2026:06:01:56 +0200] "POST /wp-login.php HTTP/1.1" 200 10545 "https://parma.elettroservicegroup.it" "Mozilla/5.0 (Windows NT 10.0; Win64; x64) AppleWebKit/537.36 (KHTML, like Gecko) Chrome/120.0.0.0 Safari/537.36"
65.108.235.243 - - [15/Jun/2026:06:02:47 +0200] "POST /wp-cron.php?doing_wp_cron=1781496167.6291570663452148437500 HTTP/1.1" 200 1 "-" "WordPress/7.0; https://parma.elettroservicegroup.it"
40.77.167.121 - - [15/Jun/2026:06:02:44 +0200] "GET /assistenza-lavatrici-aeg-parma/ HTTP/2.0" 200 22646 "-" "Mozilla/5.0 AppleWebKit/537.36 (KHTML, like Gecko; compatible; bingbot/2.0; +http://www.bing.com/bingbot.htm) Chrome/116.0.1938.76 Safari/537.36"
40.77.167.74 - - [15/Jun/2026:06:03:14 +0200] "GET /wp-content/uploads/elementor/css/post-17319.css?ver=1781496167 HTTP/2.0" 200 2076 "https://parma.elettroservicegroup.it/assistenza-lavatrici-aeg-parma/" "Mozilla/5.0 AppleWebKit/537.36 (KHTML, like Gecko; compatible; bingbot/2.0; +http://www.bing.com/bingbot.htm) Chrome/136.0.0.0 Safari/537.36 AppleWebKit/537.36 (KHTML, like Gecko; compatible; bingbot/2.0; +http://www.bing.com/bingbot.htm) Chrome/116.0.1938.76 Safari/537.36"
65.108.235.243 - - [15/Jun/2026:06:04:31 +0200] "POST /wp-cron.php?doing_wp_cron=1781496270.9644811153411865234375 HTTP/1.1" 200 1 "-" "WordPress/7.0; https://parma.elettroservicegroup.it"
216.73.217.21 - - [15/Jun/2026:06:04:26 +0200] "GET /robots.txt HTTP/2.0" 200 104 "-" "Mozilla/5.0 AppleWebKit/537.36 (KHTML, like Gecko; compatible; ClaudeBot/1.0; +claudebot@anthropic.com)"
35.192.232.168 - - [15/Jun/2026:06:05:27 +0200] "POST / HTTP/1.1" 200 11735 "https://www.parma.elettroservicegroup.it/" "Mozilla/5.0 (Windows NT 10.0; Win64; x64) AppleWebKit/537.36 (KHTML, like Gecko) Chrome/145.0.0.0 Safari/537.36"
65.108.235.243 - - [15/Jun/2026:06:08:47 +0200] "POST /wp-cron.php?doing_wp_cron=1781496527.7668409347534179687500 HTTP/1.1" 200 1 "-" "WordPress/7.0; https://parma.elettroservicegroup.it"
65.108.235.243 - - [15/Jun/2026:06:08:47 +0200] "POST /wp-cron.php?doing_wp_cron=1781496527.7667529582977294921875 HTTP/1.1" 200 1 "-" "WordPress/7.0; https://parma.elettroservicegroup.it"
162.120.187.136 - - [15/Jun/2026:06:08:39 +0200] "GET /assistenza-condizionatori/ HTTP/2.0" 404 - "https://www.google.com/" "Mozilla/5.0 (Windows NT 10.0; Win64; x64) AppleWebKit/537.36 (KHTML, like Gecko) Chrome/149.0.0.0 Safari/537.36"
142.250.32.103 - - [15/Jun/2026:06:08:39 +0200] "GET /.well-known/traffic-advice HTTP/1.1" 404 16880 "-" "Chrome Privacy Preserving Prefetch Proxy"
5.252.155.48 - - [15/Jun/2026:06:14:08 +0200] "GET / HTTP/2.0" 200 22283 "-" "Mozilla/5.0 (Windows NT 10.0; Win64; x64; rv:151.0) Gecko/20100101 Firefox/151.0"
5.252.155.48 - - [15/Jun/2026:06:14:15 +0200] "GET /wp-content/uploads/elementor/css/post-14146.css?ver=1781190898 HTTP/2.0" 200 428 "https://parma.elettroservicegroup.it/" "Mozilla/5.0 (Windows NT 10.0; Win64; x64; rv:151.0) Gecko/20100101 Firefox/151.0"
5.252.155.48 - - [15/Jun/2026:06:14:15 +0200] "GET /wp-content/cache/wpfc-minified/f4mpgdct/2riv0.css HTTP/2.0" 200 7521 "https://parma.elettroservicegroup.it/" "Mozilla/5.0 (Windows NT 10.0; Win64; x64; rv:151.0) Gecko/20100101 Firefox/151.0"
5.252.155.48 - - [15/Jun/2026:06:14:15 +0200] "GET /wp-content/cache/wpfc-minified/mbb024jo/2riv0.css HTTP/2.0" 200 11331 "https://parma.elettroservicegroup.it/" "Mozilla/5.0 (Windows NT 10.0; Win64; x64; rv:151.0) Gecko/20100101 Firefox/151.0"
5.252.155.48 - - [15/Jun/2026:06:14:15 +0200] "GET /wp-content/cache/wpfc-minified/eqzpooq2/2riv0.css HTTP/2.0" 200 4410 "https://parma.elettroservicegroup.it/" "Mozilla/5.0 (Windows NT 10.0; Win64; x64; rv:151.0) Gecko/20100101 Firefox/151.0"
5.252.155.48 - - [15/Jun/2026:06:14:15 +0200] "GET /wp-content/uploads/elementor/css/post-14366.css?ver=1781190898 HTTP/2.0" 200 302 "https://parma.elettroservicegroup.it/" "Mozilla/5.0 (Windows NT 10.0; Win64; x64; rv:151.0) Gecko/20100101 Firefox/151.0"
5.252.155.48 - - [15/Jun/2026:06:14:15 +0200] "GET /wp-content/cache/wpfc-minified/bwue548/2riv0.css HTTP/2.0" 200 19030 "https://parma.elettroservicegroup.it/" "Mozilla/5.0 (Windows NT 10.0; Win64; x64; rv:151.0) Gecko/20100101 Firefox/151.0"
5.252.155.48 - - [15/Jun/2026:06:14:15 +0200] "GET /wp-content/cache/wpfc-minified/fpvwzn7j/2riv0.css HTTP/2.0" 200 14485 "https://parma.elettroservicegroup.it/" "Mozilla/5.0 (Windows NT 10.0; Win64; x64; rv:151.0) Gecko/20100101 Firefox/151.0"
5.252.155.48 - - [15/Jun/2026:06:14:15 +0200] "GET /wp-content/themes/generatepress/assets/js/menu.min.js?ver=3.6.1 HTTP/2.0" 200 1688 "https://parma.elettroservicegroup.it/" "Mozilla/5.0 (Windows NT 10.0; Win64; x64; rv:151.0) Gecko/20100101 Firefox/151.0"
5.252.155.48 - - [15/Jun/2026:06:14:15 +0200] "GET /wp-content/themes/generatepress/assets/js/back-to-top.min.js?ver=3.6.1 HTTP/2.0" 200 336 "https://parma.elettroservicegroup.it/" "Mozilla/5.0 (Windows NT 10.0; Win64; x64; rv:151.0) Gecko/20100101 Firefox/151.0"
5.252.155.48 - - [15/Jun/2026:06:14:15 +0200] "GET /wp-content/cache/wpfc-minified/9aoba38s/2riv0.css HTTP/2.0" 200 418 "https://parma.elettroservicegroup.it/" "Mozilla/5.0 (Windows NT 10.0; Win64; x64; rv:151.0) Gecko/20100101 Firefox/151.0"
5.252.155.48 - - [15/Jun/2026:06:14:15 +0200] "GET /wp-content/uploads/elementor/css/post-14227.css?ver=1781192142 HTTP/2.0" 200 2305 "https://parma.elettroservicegroup.it/" "Mozilla/5.0 (Windows NT 10.0; Win64; x64; rv:151.0) Gecko/20100101 Firefox/151.0"
5.252.155.48 - - [15/Jun/2026:06:14:15 +0200] "GET /wp-includes/js/jquery/ui/core.min.js?ver=1.13.3 HTTP/2.0" 200 6820 "https://parma.elettroservicegroup.it/" "Mozilla/5.0 (Windows NT 10.0; Win64; x64; rv:151.0) Gecko/20100101 Firefox/151.0"
5.252.155.48 - - [15/Jun/2026:06:14:15 +0200] "GET /wp-content/plugins/elementor/assets/js/webpack.runtime.min.js?ver=4.1.3 HTTP/2.0" 200 2340 "https://parma.elettroservicegroup.it/" "Mozilla/5.0 (Windows NT 10.0; Win64; x64; rv:151.0) Gecko/20100101 Firefox/151.0"
5.252.155.48 - - [15/Jun/2026:06:14:15 +0200] "GET /wp-content/plugins/complianz-gdpr-premium/cookiebanner/js/complianz.min.js?ver=1780326315 HTTP/2.0" 200 10708 "https://parma.elettroservicegroup.it/" "Mozilla/5.0 (Windows NT 10.0; Win64; x64; rv:151.0) Gecko/20100101 Firefox/151.0"
5.252.155.48 - - [15/Jun/2026:06:14:15 +0200] "GET /wp-content/plugins/elementor/assets/js/frontend-modules.min.js?ver=4.1.3 HTTP/2.0" 200 15454 "https://parma.elettroservicegroup.it/" "Mozilla/5.0 (Windows NT 10.0; Win64; x64; rv:151.0) Gecko/20100101 Firefox/151.0"
5.252.155.48 - - [15/Jun/2026:06:14:15 +0200] "GET /wp-content/cache/wpfc-minified/1yrs8cf2/2riv0.js HTTP/2.0" 200 42415 "https://parma.elettroservicegroup.it/" "Mozilla/5.0 (Windows NT 10.0; Win64; x64; rv:151.0) Gecko/20100101 Firefox/151.0"
5.252.155.48 - - [15/Jun/2026:06:14:15 +0200] "GET /wp-content/plugins/elementor/assets/js/frontend.min.js?ver=4.1.3 HTTP/2.0" 200 10140 "https://parma.elettroservicegroup.it/" "Mozilla/5.0 (Windows NT 10.0; Win64; x64; rv:151.0) Gecko/20100101 Firefox/151.0"
5.252.155.48 - - [15/Jun/2026:06:14:15 +0200] "GET /wp-content/plugins/gp-premium/menu-plus/functions/js/sticky.min.js?ver=2.5.5 HTTP/2.0" 200 2670 "https://parma.elettroservicegroup.it/" "Mozilla/5.0 (Windows NT 10.0; Win64; x64; rv:151.0) Gecko/20100101 Firefox/151.0"
5.252.155.48 - - [15/Jun/2026:06:14:15 +0200] "GET /wp-content/cache/wpfc-minified/qaafat52/2rsys.css HTTP/2.0" 200 16433 "https://parma.elettroservicegroup.it/" "Mozilla/5.0 (Windows NT 10.0; Win64; x64; rv:151.0) Gecko/20100101 Firefox/151.0"
5.252.155.48 - - [15/Jun/2026:06:14:15 +0200] "GET /wp-content/uploads/2021/10/cropped-cropped-cropped-logo_white_background.png HTTP/2.0" 200 38971 "https://parma.elettroservicegroup.it/" "Mozilla/5.0 (Windows NT 10.0; Win64; x64; rv:151.0) Gecko/20100101 Firefox/151.0"
5.252.155.48 - - [15/Jun/2026:06:14:15 +0200] "GET /wp-content/uploads/2021/10/cropped-logo_white_background.png HTTP/2.0" 200 16623 "https://parma.elettroservicegroup.it/" "Mozilla/5.0 (Windows NT 10.0; Win64; x64; rv:151.0) Gecko/20100101 Firefox/151.0"
5.252.155.48 - - [15/Jun/2026:06:14:17 +0200] "GET /wp-content/uploads/2021/10/cropped-cropped-cropped-cropped-logo_white_background-192x192.png HTTP/2.0" 200 19089 "https://parma.elettroservicegroup.it/" "Mozilla/5.0 (Windows NT 10.0; Win64; x64; rv:151.0) Gecko/20100101 Firefox/151.0"
5.252.155.48 - - [15/Jun/2026:06:14:17 +0200] "GET /wp-content/uploads/2021/10/cropped-cropped-cropped-cropped-logo_white_background-32x32.png HTTP/2.0" 200 1525 "https://parma.elettroservicegroup.it/" "Mozilla/5.0 (Windows NT 10.0; Win64; x64; rv:151.0) Gecko/20100101 Firefox/151.0"
5.252.155.48 - - [15/Jun/2026:06:14:17 +0200] "GET /wp-content/uploads/2021/11/HOME-COPERTINA.jpg HTTP/2.0" 200 63550 "https://parma.elettroservicegroup.it/wp-content/uploads/elementor/css/post-14227.css?ver=1781192142" "Mozilla/5.0 (Windows NT 10.0; Win64; x64; rv:151.0) Gecko/20100101 Firefox/151.0"
5.252.155.48 - - [15/Jun/2026:06:14:17 +0200] "GET /wp-content/uploads/2021/11/TECNICO-ELETTRODOMESTICI.jpg HTTP/2.0" 200 24210 "https://parma.elettroservicegroup.it/wp-content/uploads/elementor/css/post-14227.css?ver=1781192142" "Mozilla/5.0 (Windows NT 10.0; Win64; x64; rv:151.0) Gecko/20100101 Firefox/151.0"
5.252.155.48 - - [15/Jun/2026:06:14:17 +0200] "GET /wp-content/uploads/elementor/google-fonts/fonts/roboto-kfo7cnqeu92fr1me7ksn66agldtyluama3yuba.woff2 HTTP/2.0" 200 40128 "https://parma.elettroservicegroup.it/wp-content/cache/wpfc-minified/fpvwzn7j/2riv0.css" "Mozilla/5.0 (Windows NT 10.0; Win64; x64; rv:151.0) Gecko/20100101 Firefox/151.0"
5.252.155.48 - - [15/Jun/2026:06:14:17 +0200] "GET /wp-content/plugins/elementor/assets/lib/font-awesome/webfonts/fa-solid-900.woff2 HTTP/2.0" 200 78196 "https://parma.elettroservicegroup.it/wp-content/cache/wpfc-minified/fpvwzn7j/2riv0.css" "Mozilla/5.0 (Windows NT 10.0; Win64; x64; rv:151.0) Gecko/20100101 Firefox/151.0"
5.252.155.48 - - [15/Jun/2026:06:14:17 +0200] "GET /wp-content/plugins/elementor/assets/lib/font-awesome/webfonts/fa-regular-400.woff2 HTTP/2.0" 200 13276 "https://parma.elettroservicegroup.it/wp-content/cache/wpfc-minified/fpvwzn7j/2riv0.css" "Mozilla/5.0 (Windows NT 10.0; Win64; x64; rv:151.0) Gecko/20100101 Firefox/151.0"
5.252.155.48 - - [15/Jun/2026:06:14:17 +0200] "GET /wp-content/uploads/2021/11/asko-e1634463631713-1024x675.jpg HTTP/2.0" 200 85925 "https://parma.elettroservicegroup.it/" "Mozilla/5.0 (Windows NT 10.0; Win64; x64; rv:151.0) Gecko/20100101 Firefox/151.0"
5.252.155.48 - - [15/Jun/2026:06:14:17 +0200] "GET /wp-content/uploads/2021/11/copertina-washing-machine-2668472_1920-1024x683.jpg HTTP/2.0" 200 106509 "https://parma.elettroservicegroup.it/" "Mozilla/5.0 (Windows NT 10.0; Win64; x64; rv:151.0) Gecko/20100101 Firefox/151.0"
5.252.155.48 - - [15/Jun/2026:06:14:17 +0200] "GET /wp-content/uploads/2021/10/copertina-Riparazione_Lavastoviglie-.jpg HTTP/2.0" 200 35425 "https://parma.elettroservicegroup.it/" "Mozilla/5.0 (Windows NT 10.0; Win64; x64; rv:151.0) Gecko/20100101 Firefox/151.0"
5.252.155.48 - - [15/Jun/2026:06:14:17 +0200] "POST /wp-content/plugins/burst-statistics/endpoint.php HTTP/2.0" 200 1 "https://parma.elettroservicegroup.it/" "Mozilla/5.0 (Windows NT 10.0; Win64; x64; rv:151.0) Gecko/20100101 Firefox/151.0"
5.252.155.48 - - [15/Jun/2026:06:14:18 +0200] "GET /wp-content/plugins/elementor/assets/js/section-frontend-handlers.d85ab872da118940910d.bundle.min.js HTTP/2.0" 200 230 "https://parma.elettroservicegroup.it/" "Mozilla/5.0 (Windows NT 10.0; Win64; x64; rv:151.0) Gecko/20100101 Firefox/151.0"
5.252.155.48 - - [15/Jun/2026:06:14:18 +0200] "GET /wp-content/plugins/elementor/assets/js/shared-frontend-handlers.03caa53373b56d3bab67.bundle.min.js HTTP/2.0" 200 2515 "https://parma.elettroservicegroup.it/" "Mozilla/5.0 (Windows NT 10.0; Win64; x64; rv:151.0) Gecko/20100101 Firefox/151.0"
5.252.155.48 - - [15/Jun/2026:06:14:17 +0200] "GET / HTTP/2.0" 200 22283 "-" "Mozilla/5.0 (Windows NT 10.0; Win64; x64; rv:151.0) Gecko/20100101 Firefox/151.0"
5.252.155.48 - - [15/Jun/2026:06:14:17 +0200] "GET /wp-json/complianz/v1/banner?lang=it&locale=it_IT&token=pkbgz HTTP/2.0" 200 84 "https://parma.elettroservicegroup.it/" "Mozilla/5.0 (Windows NT 10.0; Win64; x64; rv:151.0) Gecko/20100101 Firefox/151.0"
5.252.155.48 - - [15/Jun/2026:06:14:19 +0200] "GET /wp-content/uploads/complianz/css/banner-1-optin.css?v=46 HTTP/2.0" 200 2617 "https://parma.elettroservicegroup.it/" "Mozilla/5.0 (Windows NT 10.0; Win64; x64; rv:151.0) Gecko/20100101 Firefox/151.0"
5.252.155.48 - - [15/Jun/2026:06:14:19 +0200] "GET /wp-json/complianz/v1/cookie_data HTTP/2.0" 200 81 "https://parma.elettroservicegroup.it/" "Mozilla/5.0 (Windows NT 10.0; Win64; x64; rv:151.0) Gecko/20100101 Firefox/151.0"
5.252.155.48 - - [15/Jun/2026:06:14:21 +0200] "GET /wp-content/plugins/elementor/assets/js/text-editor.45609661e409413f1cef.bundle.min.js HTTP/2.0" 200 592 "https://parma.elettroservicegroup.it/" "Mozilla/5.0 (Windows NT 10.0; Win64; x64; rv:151.0) Gecko/20100101 Firefox/151.0"
5.252.155.48 - - [15/Jun/2026:06:18:38 +0200] "GET /wp-content/uploads/2021/11/forno-c-1024x682.jpg HTTP/2.0" 200 79989 "https://parma.elettroservicegroup.it/" "Mozilla/5.0 (Windows NT 10.0; Win64; x64; rv:151.0) Gecko/20100101 Firefox/151.0"
5.252.155.48 - - [15/Jun/2026:06:18:38 +0200] "GET /wp-content/uploads/2021/11/Frigorifero-combinato-e1634459015932.jpg HTTP/2.0" 200 84397 "https://parma.elettroservicegroup.it/" "Mozilla/5.0 (Windows NT 10.0; Win64; x64; rv:151.0) Gecko/20100101 Firefox/151.0"
5.252.155.48 - - [15/Jun/2026:06:18:38 +0200] "GET /wp-content/uploads/2021/11/condizionatore-bonus-1024x683.jpg HTTP/2.0" 200 55996 "https://parma.elettroservicegroup.it/" "Mozilla/5.0 (Windows NT 10.0; Win64; x64; rv:151.0) Gecko/20100101 Firefox/151.0"
5.252.155.48 - - [15/Jun/2026:06:18:38 +0200] "GET /wp-content/uploads/2022/01/TECNIC-LAVATRICE-5-768x432.jpg HTTP/2.0" 200 50994 "https://parma.elettroservicegroup.it/" "Mozilla/5.0 (Windows NT 10.0; Win64; x64; rv:151.0) Gecko/20100101 Firefox/151.0"
5.252.155.48 - - [15/Jun/2026:06:18:39 +0200] "GET /wp-content/uploads/2021/10/TECNICO-FRIGO-2.jpg HTTP/2.0" 200 45005 "https://parma.elettroservicegroup.it/" "Mozilla/5.0 (Windows NT 10.0; Win64; x64; rv:151.0) Gecko/20100101 Firefox/151.0"
5.252.155.48 - - [15/Jun/2026:06:18:42 +0200] "POST /wp-content/plugins/burst-statistics/endpoint.php HTTP/2.0" 200 1 "https://parma.elettroservicegroup.it/" "Mozilla/5.0 (Windows NT 10.0; Win64; x64; rv:151.0) Gecko/20100101 Firefox/151.0"
65.108.235.243 - - [15/Jun/2026:06:18:47 +0200] "POST /wp-cron.php?doing_wp_cron=1781497127.4509611129760742187500 HTTP/1.1" 200 1 "-" "WordPress/7.0; https://parma.elettroservicegroup.it"
5.252.155.48 - - [15/Jun/2026:06:18:41 +0200] "GET /wp-login.php HTTP/2.0" 200 3299 "-" "Mozilla/5.0 (Windows NT 10.0; Win64; x64; rv:151.0) Gecko/20100101 Firefox/151.0"
5.252.155.48 - - [15/Jun/2026:06:18:47 +0200] "GET /wp-includes/js/jquery/jquery-migrate.min.js?ver=3.4.1 HTTP/2.0" 200 4685 "https://parma.elettroservicegroup.it/wp-login.php" "Mozilla/5.0 (Windows NT 10.0; Win64; x64; rv:151.0) Gecko/20100101 Firefox/151.0"
5.252.155.48 - - [15/Jun/2026:06:18:47 +0200] "GET /wp-content/plugins/wordfence/modules/login-security/js/login.1778685035.js?ver=1.1.16 HTTP/2.0" 200 5237 "https://parma.elettroservicegroup.it/wp-login.php" "Mozilla/5.0 (Windows NT 10.0; Win64; x64; rv:151.0) Gecko/20100101 Firefox/151.0"
5.252.155.48 - - [15/Jun/2026:06:18:47 +0200] "GET /wp-includes/js/jquery/jquery.min.js?ver=3.7.1 HTTP/2.0" 200 29769 "https://parma.elettroservicegroup.it/wp-login.php" "Mozilla/5.0 (Windows NT 10.0; Win64; x64; rv:151.0) Gecko/20100101 Firefox/151.0"
5.252.155.48 - - [15/Jun/2026:06:18:47 +0200] "GET /wp-includes/css/dashicons.min.css?ver=7.0 HTTP/2.0" 200 35100 "https://parma.elettroservicegroup.it/wp-login.php" "Mozilla/5.0 (Windows NT 10.0; Win64; x64; rv:151.0) Gecko/20100101 Firefox/151.0"
5.252.155.48 - - [15/Jun/2026:06:18:47 +0200] "GET /wp-admin/css/forms.min.css?ver=7.0 HTTP/2.0" 200 6492 "https://parma.elettroservicegroup.it/wp-login.php" "Mozilla/5.0 (Windows NT 10.0; Win64; x64; rv:151.0) Gecko/20100101 Firefox/151.0"
5.252.155.48 - - [15/Jun/2026:06:18:47 +0200] "GET /wp-includes/css/buttons.min.css?ver=7.0 HTTP/2.0" 200 1462 "https://parma.elettroservicegroup.it/wp-login.php" "Mozilla/5.0 (Windows NT 10.0; Win64; x64; rv:151.0) Gecko/20100101 Firefox/151.0"
5.252.155.48 - - [15/Jun/2026:06:18:47 +0200] "GET /wp-includes/css/dist/base-styles/admin-schemes.min.css?ver=7.0 HTTP/2.0" 200 726 "https://parma.elettroservicegroup.it/wp-login.php" "Mozilla/5.0 (Windows NT 10.0; Win64; x64; rv:151.0) Gecko/20100101 Firefox/151.0"
5.252.155.48 - - [15/Jun/2026:06:18:47 +0200] "GET /wp-admin/css/l10n.min.css?ver=7.0 HTTP/2.0" 200 677 "https://parma.elettroservicegroup.it/wp-login.php" "Mozilla/5.0 (Windows NT 10.0; Win64; x64; rv:151.0) Gecko/20100101 Firefox/151.0"
5.252.155.48 - - [15/Jun/2026:06:18:47 +0200] "GET /wp-admin/css/login.min.css?ver=7.0 HTTP/2.0" 200 2020 "https://parma.elettroservicegroup.it/wp-login.php" "Mozilla/5.0 (Windows NT 10.0; Win64; x64; rv:151.0) Gecko/20100101 Firefox/151.0"
5.252.155.48 - - [15/Jun/2026:06:18:47 +0200] "GET /wp-includes/js/clipboard.min.js?ver=2.0.11 HTTP/2.0" 200 2997 "https://parma.elettroservicegroup.it/wp-login.php" "Mozilla/5.0 (Windows NT 10.0; Win64; x64; rv:151.0) Gecko/20100101 Firefox/151.0"
5.252.155.48 - - [15/Jun/2026:06:18:47 +0200] "GET /wp-includes/js/zxcvbn-async.min.js?ver=1.0 HTTP/2.0" 200 188 "https://parma.elettroservicegroup.it/wp-login.php" "Mozilla/5.0 (Windows NT 10.0; Win64; x64; rv:151.0) Gecko/20100101 Firefox/151.0"
5.252.155.48 - - [15/Jun/2026:06:18:47 +0200] "GET /wp-content/plugins/wordfence/modules/login-security/css/login.1778685035.css?ver=1.1.16 HTTP/2.0" 200 705 "https://parma.elettroservicegroup.it/wp-login.php" "Mozilla/5.0 (Windows NT 10.0; Win64; x64; rv:151.0) Gecko/20100101 Firefox/151.0"
5.252.155.48 - - [15/Jun/2026:06:18:47 +0200] "GET /wp-admin/js/password-strength-meter.min.js?ver=7.0 HTTP/2.0" 200 560 "https://parma.elettroservicegroup.it/wp-login.php" "Mozilla/5.0 (Windows NT 10.0; Win64; x64; rv:151.0) Gecko/20100101 Firefox/151.0"
5.252.155.48 - - [15/Jun/2026:06:18:47 +0200] "GET /wp-includes/js/dist/hooks.min.js?ver=7496969728ca0f95732d HTTP/2.0" 200 1711 "https://parma.elettroservicegroup.it/wp-login.php" "Mozilla/5.0 (Windows NT 10.0; Win64; x64; rv:151.0) Gecko/20100101 Firefox/151.0"
5.252.155.48 - - [15/Jun/2026:06:18:47 +0200] "GET /wp-includes/js/dist/i18n.min.js?ver=781d11515ad3d91786ec HTTP/2.0" 200 2333 "https://parma.elettroservicegroup.it/wp-login.php" "Mozilla/5.0 (Windows NT 10.0; Win64; x64; rv:151.0) Gecko/20100101 Firefox/151.0"
5.252.155.48 - - [15/Jun/2026:06:18:47 +0200] "GET /wp-includes/js/dist/a11y.min.js?ver=af934e5259bc51b8718e HTTP/2.0" 200 915 "https://parma.elettroservicegroup.it/wp-login.php" "Mozilla/5.0 (Windows NT 10.0; Win64; x64; rv:151.0) Gecko/20100101 Firefox/151.0"
5.252.155.48 - - [15/Jun/2026:06:18:47 +0200] "GET /wp-includes/js/wp-util.min.js?ver=7.0 HTTP/2.0" 200 693 "https://parma.elettroservicegroup.it/wp-login.php" "Mozilla/5.0 (Windows NT 10.0; Win64; x64; rv:151.0) Gecko/20100101 Firefox/151.0"
5.252.155.48 - - [15/Jun/2026:06:18:47 +0200] "GET /wp-includes/js/dist/dom-ready.min.js?ver=a06281ae5cf5500e9317 HTTP/2.0" 200 398 "https://parma.elettroservicegroup.it/wp-login.php" "Mozilla/5.0 (Windows NT 10.0; Win64; x64; rv:151.0) Gecko/20100101 Firefox/151.0"
5.252.155.48 - - [15/Jun/2026:06:18:47 +0200] "GET /wp-includes/js/underscore.min.js?ver=1.13.8 HTTP/2.0" 200 7243 "https://parma.elettroservicegroup.it/wp-login.php" "Mozilla/5.0 (Windows NT 10.0; Win64; x64; rv:151.0) Gecko/20100101 Firefox/151.0"
5.252.155.48 - - [15/Jun/2026:06:18:47 +0200] "GET /wp-admin/js/user-profile.min.js?ver=7.0 HTTP/2.0" 200 2891 "https://parma.elettroservicegroup.it/wp-login.php" "Mozilla/5.0 (Windows NT 10.0; Win64; x64; rv:151.0) Gecko/20100101 Firefox/151.0"
5.252.155.48 - - [15/Jun/2026:06:18:48 +0200] "GET /wp-admin/images/wordpress-logo-gray.svg?ver=20260303 HTTP/2.0" 200 765 "https://parma.elettroservicegroup.it/wp-admin/css/login.min.css?ver=7.0" "Mozilla/5.0 (Windows NT 10.0; Win64; x64; rv:151.0) Gecko/20100101 Firefox/151.0"
5.252.155.48 - - [15/Jun/2026:06:18:48 +0200] "GET /wp-includes/js/zxcvbn.min.js HTTP/2.0" 200 387992 "https://parma.elettroservicegroup.it/wp-login.php" "Mozilla/5.0 (Windows NT 10.0; Win64; x64; rv:151.0) Gecko/20100101 Firefox/151.0"
65.108.235.243 - - [15/Jun/2026:06:21:22 +0200] "POST /wp-cron.php?doing_wp_cron=1781497282.0688738822937011718750 HTTP/1.1" 200 1 "-" "WordPress/7.0; https://parma.elettroservicegroup.it"
5.252.155.48 - - [15/Jun/2026:06:21:17 +0200] "POST /wp-admin/admin-ajax.php HTTP/2.0" 200 166 "https://parma.elettroservicegroup.it/wp-login.php" "Mozilla/5.0 (Windows NT 10.0; Win64; x64; rv:151.0) Gecko/20100101 Firefox/151.0"
43.157.62.101 - - [15/Jun/2026:07:13:31 +0200] "GET / HTTP/1.1" 200 165225 "http://parma.elettroservicegroup.it" "Mozilla/5.0 (iPhone; CPU iPhone OS 13_2_3 like Mac OS X) AppleWebKit/605.1.15 (KHTML, like Gecko) Version/13.0.3 Mobile/15E148 Safari/604.1"
65.108.235.243 - - [15/Jun/2026:07:18:35 +0200] "POST /wp-cron.php?doing_wp_cron=1781500714.9695019721984863281250 HTTP/1.1" 200 1 "-" "WordPress/7.0; https://parma.elettroservicegroup.it"
216.73.217.21 - - [15/Jun/2026:07:18:29 +0200] "GET /robots.txt HTTP/2.0" 200 104 "-" "Mozilla/5.0 AppleWebKit/537.36 (KHTML, like Gecko; compatible; ClaudeBot/1.0; +claudebot@anthropic.com)"
65.108.235.243 - - [15/Jun/2026:08:04:52 +0200] "POST /wp-cron.php?doing_wp_cron=1781503492.7884399890899658203125 HTTP/1.1" 200 1 "-" "WordPress/7.0; https://parma.elettroservicegroup.it"
52.167.144.163 - - [15/Jun/2026:08:04:49 +0200] "GET /assistenza-lavastoviglie-rex-electrolux-fidenza/ HTTP/2.0" 200 22563 "-" "Mozilla/5.0 AppleWebKit/537.36 (KHTML, like Gecko; compatible; bingbot/2.0; +http://www.bing.com/bingbot.htm) Chrome/116.0.1938.76 Safari/537.36"
40.77.167.61 - - [15/Jun/2026:08:05:17 +0200] "GET /wp-content/uploads/elementor/css/post-17307.css?ver=1781503492 HTTP/2.0" 200 2046 "https://parma.elettroservicegroup.it/assistenza-lavastoviglie-rex-electrolux-fidenza/" "Mozilla/5.0 AppleWebKit/537.36 (KHTML, like Gecko; compatible; bingbot/2.0; +http://www.bing.com/bingbot.htm) Chrome/136.0.0.0 Safari/537.36 AppleWebKit/537.36 (KHTML, like Gecko; compatible; bingbot/2.0; +http://www.bing.com/bingbot.htm) Chrome/116.0.1938.76 Safari/537.36"
31.215.145.38 - - [15/Jun/2026:08:10:58 +0200] "POST /xmlrpc.php HTTP/2.0" 200 11788 "-" "WordPress/XMLRPC Client"
170.85.31.31 - - [15/Jun/2026:08:40:14 +0200] "POST /wp-content/plugins/burst-statistics/endpoint.php HTTP/1.1" 200 1 "https://parma.elettroservicegroup.it/assistenza-aeg-parma/?gad_source=1&gad_campaignid=23795906066&gbraid=0AAAABDgs-LT0WkAOIMDNE7uM01Q16UtVf&gclid=CjwKCAjwuanRBhBSEiwAY5y6VykqFCxcPNUaU3fcFBFIXn2Z3Cn8PnXO_lDKOuW9WiD-oj-OYr6EoxoCIaAQAvD_BwE" "Mozilla/5.0 (Windows NT 10.0; Win64; x64) AppleWebKit/537.36 (KHTML, like Gecko) Chrome/149.0.0.0 Safari/537.36"
65.108.235.243 - - [15/Jun/2026:08:40:37 +0200] "POST /wp-cron.php?doing_wp_cron=1781505637.7631158828735351562500 HTTP/1.1" 200 1 "-" "WordPress/7.0; https://parma.elettroservicegroup.it"
216.73.217.21 - - [15/Jun/2026:08:40:35 +0200] "GET /robots.txt HTTP/2.0" 200 104 "-" "Mozilla/5.0 AppleWebKit/537.36 (KHTML, like Gecko; compatible; ClaudeBot/1.0; +claudebot@anthropic.com)"
216.73.217.21 - - [15/Jun/2026:08:40:40 +0200] "GET /sitemap.rss HTTP/2.0" 200 1349 "-" "Mozilla/5.0 AppleWebKit/537.36 (KHTML, like Gecko; compatible; ClaudeBot/1.0; +claudebot@anthropic.com)"
65.108.235.243 - - [15/Jun/2026:08:57:01 +0200] "POST /wp-cron.php?doing_wp_cron=1781506621.1702489852905273437500 HTTP/1.1" 200 1 "-" "WordPress/7.0; https://parma.elettroservicegroup.it"
5.90.243.187 - - [15/Jun/2026:08:56:58 +0200] "GET /assistenza-smeg-parma/?gad_source=1&gad_campaignid=23795906066&gclid=Cj0KCQjwornRBhCrARIsAON5exH_wpwmJDtJZHQfw24QRB3ZThFbEudtBFNGXOxmqTnGWqJ9G-xJ9wkaAs2FEALw_wcB HTTP/2.0" 200 22792 "https://www.google.com/" "Mozilla/5.0 (iPhone; CPU iPhone OS 26_5_0 like Mac OS X) AppleWebKit/605.1.15 (KHTML, like Gecko) CriOS/149.0.7827.137 Mobile/15E148 Safari/604.1"
5.90.243.187 - - [15/Jun/2026:08:57:01 +0200] "GET /wp-content/uploads/elementor/css/post-14146.css?ver=1781410207 HTTP/2.0" 200 428 "https://parma.elettroservicegroup.it/assistenza-smeg-parma/?gad_source=1&gad_campaignid=23795906066&gclid=Cj0KCQjwornRBhCrARIsAON5exH_wpwmJDtJZHQfw24QRB3ZThFbEudtBFNGXOxmqTnGWqJ9G-xJ9wkaAs2FEALw_wcB" "Mozilla/5.0 (iPhone; CPU iPhone OS 26_5_0 like Mac OS X) AppleWebKit/605.1.15 (KHTML, like Gecko) CriOS/149.0.7827.137 Mobile/15E148 Safari/604.1"
5.90.243.187 - - [15/Jun/2026:08:57:01 +0200] "GET /wp-content/plugins/all-in-one-seo-pack/dist/Lite/assets/css/table-of-contents/global.e90f6d47.css?ver=4.9.8 HTTP/2.0" 200 420 "https://parma.elettroservicegroup.it/assistenza-smeg-parma/?gad_source=1&gad_campaignid=23795906066&gclid=Cj0KCQjwornRBhCrARIsAON5exH_wpwmJDtJZHQfw24QRB3ZThFbEudtBFNGXOxmqTnGWqJ9G-xJ9wkaAs2FEALw_wcB" "Mozilla/5.0 (iPhone; CPU iPhone OS 26_5_0 like Mac OS X) AppleWebKit/605.1.15 (KHTML, like Gecko) CriOS/149.0.7827.137 Mobile/15E148 Safari/604.1"
5.90.243.187 - - [15/Jun/2026:08:57:01 +0200] "GET /wp-content/plugins/complianz-gdpr-premium/assets/css/cookieblocker.min.css?ver=1780326315 HTTP/2.0" 200 615 "https://parma.elettroservicegroup.it/assistenza-smeg-parma/?gad_source=1&gad_campaignid=23795906066&gclid=Cj0KCQjwornRBhCrARIsAON5exH_wpwmJDtJZHQfw24QRB3ZThFbEudtBFNGXOxmqTnGWqJ9G-xJ9wkaAs2FEALw_wcB" "Mozilla/5.0 (iPhone; CPU iPhone OS 26_5_0 like Mac OS X) AppleWebKit/605.1.15 (KHTML, like Gecko) CriOS/149.0.7827.137 Mobile/15E148 Safari/604.1"
5.90.243.187 - - [15/Jun/2026:08:57:01 +0200] "GET /wp-content/plugins/elementor/assets/css/widget-heading.min.css?ver=4.1.3 HTTP/2.0" 200 127 "https://parma.elettroservicegroup.it/assistenza-smeg-parma/?gad_source=1&gad_campaignid=23795906066&gclid=Cj0KCQjwornRBhCrARIsAON5exH_wpwmJDtJZHQfw24QRB3ZThFbEudtBFNGXOxmqTnGWqJ9G-xJ9wkaAs2FEALw_wcB" "Mozilla/5.0 (iPhone; CPU iPhone OS 26_5_0 like Mac OS X) AppleWebKit/605.1.15 (KHTML, like Gecko) CriOS/149.0.7827.137 Mobile/15E148 Safari/604.1"
5.90.243.187 - - [15/Jun/2026:08:57:01 +0200] "GET /wp-content/plugins/elementor/assets/lib/animations/styles/zoomIn.min.css?ver=4.1.3 HTTP/2.0" 200 87 "https://parma.elettroservicegroup.it/assistenza-smeg-parma/?gad_source=1&gad_campaignid=23795906066&gclid=Cj0KCQjwornRBhCrARIsAON5exH_wpwmJDtJZHQfw24QRB3ZThFbEudtBFNGXOxmqTnGWqJ9G-xJ9wkaAs2FEALw_wcB" "Mozilla/5.0 (iPhone; CPU iPhone OS 26_5_0 like Mac OS X) AppleWebKit/605.1.15 (KHTML, like Gecko) CriOS/149.0.7827.137 Mobile/15E148 Safari/604.1"
5.90.243.187 - - [15/Jun/2026:08:57:01 +0200] "GET /wp-content/plugins/elementor/assets/css/widget-social-icons.min.css?ver=3.24.0 HTTP/2.0" 200 1039 "https://parma.elettroservicegroup.it/assistenza-smeg-parma/?gad_source=1&gad_campaignid=23795906066&gclid=Cj0KCQjwornRBhCrARIsAON5exH_wpwmJDtJZHQfw24QRB3ZThFbEudtBFNGXOxmqTnGWqJ9G-xJ9wkaAs2FEALw_wcB" "Mozilla/5.0 (iPhone; CPU iPhone OS 26_5_0 like Mac OS X) AppleWebKit/605.1.15 (KHTML, like Gecko) CriOS/149.0.7827.137 Mobile/15E148 Safari/604.1"
5.90.243.187 - - [15/Jun/2026:08:57:01 +0200] "GET /wp-content/plugins/elementor/assets/lib/eicons/css/elementor-icons.min.css?ver=5.49.0 HTTP/2.0" 200 4115 "https://parma.elettroservicegroup.it/assistenza-smeg-parma/?gad_source=1&gad_campaignid=23795906066&gclid=Cj0KCQjwornRBhCrARIsAON5exH_wpwmJDtJZHQfw24QRB3ZThFbEudtBFNGXOxmqTnGWqJ9G-xJ9wkaAs2FEALw_wcB" "Mozilla/5.0 (iPhone; CPU iPhone OS 26_5_0 like Mac OS X) AppleWebKit/605.1.15 (KHTML, like Gecko) CriOS/149.0.7827.137 Mobile/15E148 Safari/604.1"
5.90.243.187 - - [15/Jun/2026:08:57:01 +0200] "GET /wp-content/plugins/elementor/assets/lib/font-awesome/css/all.min.css?ver=4.1.3 HTTP/2.0" 200 12402 "https://parma.elettroservicegroup.it/assistenza-smeg-parma/?gad_source=1&gad_campaignid=23795906066&gclid=Cj0KCQjwornRBhCrARIsAON5exH_wpwmJDtJZHQfw24QRB3ZThFbEudtBFNGXOxmqTnGWqJ9G-xJ9wkaAs2FEALw_wcB" "Mozilla/5.0 (iPhone; CPU iPhone OS 26_5_0 like Mac OS X) AppleWebKit/605.1.15 (KHTML, like Gecko) CriOS/149.0.7827.137 Mobile/15E148 Safari/604.1"
