47.128.23.37 - - [16/Jun/2026:14:08:30 +0200] "GET /robots.txt HTTP/1.1" 200 11805 "-" "Mozilla/5.0 (Linux; Android 5.0) AppleWebKit/537.36 (KHTML, like Gecko) Mobile Safari/537.36 (compatible; Bytespider; spider-feedback@bytedance.com)"
143.137.165.25 - - [16/Jun/2026:14:18:35 +0200] "POST /xmlrpc.php HTTP/1.1" 403 52 "-" "Python-xmlrpc/3.10"
143.137.165.25 - - [16/Jun/2026:14:18:40 +0200] "GET /wp-login.php HTTP/1.1" 200 3566 "-" "Mozilla/5.0 (Macintosh; Intel Mac OS X 10_12_6) AppleWebKit/603.3.8 (KHTML, like Gecko) Version/10.1.2 Safari/603.3.8"
65.108.235.243 - - [16/Jun/2026:14:18:42 +0200] "GET /assistenza-lavatrici-smeg-piacenza/ HTTP/1.1" 200 21691 "-" "WP Fastest Cache Preload Bot"
143.137.165.25 - - [16/Jun/2026:14:18:44 +0200] "GET /wp-login.php HTTP/1.1" 200 3566 "-" "Mozilla/5.0 (Macintosh; Intel Mac OS X 10_12_6) AppleWebKit/603.3.8 (KHTML, like Gecko) Version/10.1.2 Safari/603.3.8"
65.108.235.243 - - [16/Jun/2026:14:18:45 +0200] "GET /assistenza-lavatrici-rex-electrolux-piacenza/ HTTP/1.1" 200 21667 "-" "WP Fastest Cache Preload Bot"
143.137.165.25 - - [16/Jun/2026:14:18:48 +0200] "GET /wp-admin/post-new.php HTTP/1.1" 302 - "-" "Mozilla/5.0 (Macintosh; Intel Mac OS X 10_12_6) AppleWebKit/603.3.8 (KHTML, like Gecko) Version/10.1.2 Safari/603.3.8"
143.137.165.25 - - [16/Jun/2026:14:18:50 +0200] "GET /wp-login.php?redirect_to=https%3A%2F%2Fpiacenza.elettroservicegroup.it%2Fwp-admin%2Fpost-new.php&reauth=1 HTTP/1.1" 200 3569 "-" "Mozilla/5.0 (Macintosh; Intel Mac OS X 10_12_6) AppleWebKit/603.3.8 (KHTML, like Gecko) Version/10.1.2 Safari/603.3.8"
65.108.235.243 - - [16/Jun/2026:14:18:48 +0200] "GET /assistenza-lavatrici-indesit-piacenza/ HTTP/1.1" 200 21689 "-" "WP Fastest Cache Preload Bot"
65.108.235.243 - - [16/Jun/2026:14:18:51 +0200] "GET /assistenza-lavatrici-bosch-piacenza/ HTTP/1.1" 200 21732 "-" "WP Fastest Cache Preload Bot"
86.153.27.159 - - [16/Jun/2026:14:23:53 +0200] "GET /assistenza-bosch-piacenza/ HTTP/1.1" 200 21857 "-" "Mozilla/5.0 (iPhone; CPU iPhone OS 6_1_6 like Mac OS X) AppleWebKit/536.2 (KHTML, like Gecko) FxiOS/15.8c7621.0 Mobile/27R250 Safari/536.2"
65.108.235.243 - - [16/Jun/2026:14:23:57 +0200] "POST /wp-cron.php?doing_wp_cron=1781612637.0207750797271728515625 HTTP/1.1" 200 1 "-" "WordPress/7.0; https://piacenza.elettroservicegroup.it"
24.99.235.178 - - [16/Jun/2026:14:23:55 +0200] "GET /wp-json/ HTTP/1.1" 200 16774 "-" "Mozilla/5.0 (iPhone; CPU iPhone OS 11_4_1 like Mac OS X) AppleWebKit/533.2 (KHTML, like Gecko) FxiOS/17.8j9809.0 Mobile/57G201 Safari/533.2"
65.108.235.243 - - [16/Jun/2026:14:23:57 +0200] "GET /assistenza-lavatrici-ariston-piacenza/ HTTP/1.1" 200 21751 "-" "WP Fastest Cache Preload Bot"
65.108.235.243 - - [16/Jun/2026:14:23:58 +0200] "GET /assistenza-lavatrici-aeg-piacenza/ HTTP/1.1" 200 21755 "-" "WP Fastest Cache Preload Bot"
65.108.235.243 - - [16/Jun/2026:14:23:59 +0200] "GET /assistenza-lavatrici-piacenza/ HTTP/1.1" 200 22006 "-" "WP Fastest Cache Preload Bot"
65.108.235.243 - - [16/Jun/2026:14:23:59 +0200] "GET /assistenza-lavastoviglie-whirlpool-piacenza/ HTTP/1.1" 200 21699 "-" "WP Fastest Cache Preload Bot"
193.34.73.13 - - [16/Jun/2026:14:29:17 +0200] "POST /xmlrpc.php HTTP/1.1" 403 52 "-" "Python-xmlrpc/3.10"
65.108.235.243 - - [16/Jun/2026:14:29:19 +0200] "GET /assistenza-lavastoviglie-smeg-piacenza/ HTTP/1.1" 200 21649 "-" "WP Fastest Cache Preload Bot"
193.34.73.13 - - [16/Jun/2026:14:29:20 +0200] "GET /wp-login.php HTTP/1.1" 200 3566 "-" "Mozilla/5.0 (Macintosh; Intel Mac OS X 10_12_6) AppleWebKit/603.3.8 (KHTML, like Gecko) Version/10.1.2 Safari/603.3.8"
65.108.235.243 - - [16/Jun/2026:14:29:21 +0200] "GET /assistenza-lavastoviglie-rex-electrolux-piacenza/ HTTP/1.1" 200 21610 "-" "WP Fastest Cache Preload Bot"
193.34.73.13 - - [16/Jun/2026:14:29:23 +0200] "GET /wp-login.php HTTP/1.1" 200 3566 "-" "Mozilla/5.0 (Macintosh; Intel Mac OS X 10_12_6) AppleWebKit/603.3.8 (KHTML, like Gecko) Version/10.1.2 Safari/603.3.8"
65.108.235.243 - - [16/Jun/2026:14:29:23 +0200] "GET /assistenza-lavastoviglie-indesit-piacenza/ HTTP/1.1" 200 22112 "-" "WP Fastest Cache Preload Bot"
193.34.73.13 - - [16/Jun/2026:14:29:26 +0200] "GET /wp-admin/post-new.php HTTP/1.1" 302 - "-" "Mozilla/5.0 (Macintosh; Intel Mac OS X 10_12_6) AppleWebKit/603.3.8 (KHTML, like Gecko) Version/10.1.2 Safari/603.3.8"
65.108.235.243 - - [16/Jun/2026:14:29:26 +0200] "GET /assistenza-lavastoviglie-bosch-piacenza/ HTTP/1.1" 200 22138 "-" "WP Fastest Cache Preload Bot"
193.34.73.13 - - [16/Jun/2026:14:29:28 +0200] "GET /wp-login.php?redirect_to=https%3A%2F%2Fpiacenza.elettroservicegroup.it%2Fwp-admin%2Fpost-new.php&reauth=1 HTTP/1.1" 200 3569 "-" "Mozilla/5.0 (Macintosh; Intel Mac OS X 10_12_6) AppleWebKit/603.3.8 (KHTML, like Gecko) Version/10.1.2 Safari/603.3.8"
52.167.144.160 - - [16/Jun/2026:14:33:22 +0200] "GET /assistenza-siemens-piacenza/ HTTP/2.0" 200 21955 "-" "Mozilla/5.0 AppleWebKit/537.36 (KHTML, like Gecko; compatible; bingbot/2.0; +http://www.bing.com/bingbot.htm) Chrome/116.0.1938.76 Safari/537.36"
52.167.144.160 - - [16/Jun/2026:14:33:31 +0200] "GET /wp-content/cache/wpfc-minified/qha2vzve/4bjdx.css HTTP/2.0" 200 11336 "https://piacenza.elettroservicegroup.it/assistenza-siemens-piacenza/" "Mozilla/5.0 AppleWebKit/537.36 (KHTML, like Gecko; compatible; bingbot/2.0; +http://www.bing.com/bingbot.htm) Chrome/136.0.0.0 Safari/537.36 AppleWebKit/537.36 (KHTML, like Gecko; compatible; bingbot/2.0; +http://www.bing.com/bingbot.htm) Chrome/116.0.1938.76 Safari/537.36"
52.167.144.160 - - [16/Jun/2026:14:33:32 +0200] "GET /wp-content/cache/wpfc-minified/98f2uwim/4bjdx.css HTTP/2.0" 200 418 "https://piacenza.elettroservicegroup.it/assistenza-siemens-piacenza/" "Mozilla/5.0 AppleWebKit/537.36 (KHTML, like Gecko; compatible; bingbot/2.0; +http://www.bing.com/bingbot.htm) Chrome/136.0.0.0 Safari/537.36 AppleWebKit/537.36 (KHTML, like Gecko; compatible; bingbot/2.0; +http://www.bing.com/bingbot.htm) Chrome/116.0.1938.76 Safari/537.36"
52.167.144.160 - - [16/Jun/2026:14:33:32 +0200] "GET /wp-content/cache/wpfc-minified/lkeozi6d/4bjdx.css HTTP/2.0" 200 7521 "https://piacenza.elettroservicegroup.it/assistenza-siemens-piacenza/" "Mozilla/5.0 AppleWebKit/537.36 (KHTML, like Gecko; compatible; bingbot/2.0; +http://www.bing.com/bingbot.htm) Chrome/136.0.0.0 Safari/537.36 AppleWebKit/537.36 (KHTML, like Gecko; compatible; bingbot/2.0; +http://www.bing.com/bingbot.htm) Chrome/116.0.1938.76 Safari/537.36"
52.167.144.160 - - [16/Jun/2026:14:33:32 +0200] "GET /wp-content/uploads/elementor/css/post-14366.css?ver=1780585544 HTTP/2.0" 200 302 "https://piacenza.elettroservicegroup.it/assistenza-siemens-piacenza/" "Mozilla/5.0 AppleWebKit/537.36 (KHTML, like Gecko; compatible; bingbot/2.0; +http://www.bing.com/bingbot.htm) Chrome/136.0.0.0 Safari/537.36 AppleWebKit/537.36 (KHTML, like Gecko; compatible; bingbot/2.0; +http://www.bing.com/bingbot.htm) Chrome/116.0.1938.76 Safari/537.36"
52.167.144.173 - - [16/Jun/2026:14:33:39 +0200] "GET /wp-content/cache/wpfc-minified/5g6kml4/4bjox.css HTTP/2.0" 200 16441 "https://piacenza.elettroservicegroup.it/assistenza-siemens-piacenza/" "Mozilla/5.0 AppleWebKit/537.36 (KHTML, like Gecko; compatible; bingbot/2.0; +http://www.bing.com/bingbot.htm) Chrome/136.0.0.0 Safari/537.36 AppleWebKit/537.36 (KHTML, like Gecko; compatible; bingbot/2.0; +http://www.bing.com/bingbot.htm) Chrome/116.0.1938.76 Safari/537.36"
52.167.144.173 - - [16/Jun/2026:14:33:39 +0200] "GET /wp-content/cache/wpfc-minified/6ykfum2g/4bjdx.css HTTP/2.0" 200 14492 "https://piacenza.elettroservicegroup.it/assistenza-siemens-piacenza/" "Mozilla/5.0 AppleWebKit/537.36 (KHTML, like Gecko; compatible; bingbot/2.0; +http://www.bing.com/bingbot.htm) Chrome/136.0.0.0 Safari/537.36 AppleWebKit/537.36 (KHTML, like Gecko; compatible; bingbot/2.0; +http://www.bing.com/bingbot.htm) Chrome/116.0.1938.76 Safari/537.36"
40.77.167.43 - - [16/Jun/2026:14:33:44 +0200] "GET /wp-content/cache/wpfc-minified/1e78wxqt/4bjdx.js HTTP/2.0" 200 20 "https://piacenza.elettroservicegroup.it/assistenza-siemens-piacenza/" "Mozilla/5.0 AppleWebKit/537.36 (KHTML, like Gecko; compatible; bingbot/2.0; +http://www.bing.com/bingbot.htm) Chrome/136.0.0.0 Safari/537.36 AppleWebKit/537.36 (KHTML, like Gecko; compatible; bingbot/2.0; +http://www.bing.com/bingbot.htm) Chrome/116.0.1938.76 Safari/537.36"
40.77.167.43 - - [16/Jun/2026:14:33:44 +0200] "GET /wp-content/uploads/elementor/css/post-14146.css?ver=1780585543 HTTP/2.0" 200 428 "https://piacenza.elettroservicegroup.it/assistenza-siemens-piacenza/" "Mozilla/5.0 AppleWebKit/537.36 (KHTML, like Gecko; compatible; bingbot/2.0; +http://www.bing.com/bingbot.htm) Chrome/136.0.0.0 Safari/537.36 AppleWebKit/537.36 (KHTML, like Gecko; compatible; bingbot/2.0; +http://www.bing.com/bingbot.htm) Chrome/116.0.1938.76 Safari/537.36"
40.77.167.43 - - [16/Jun/2026:14:33:44 +0200] "GET /wp-content/cache/wpfc-minified/30gnld0u/4bjdx.css HTTP/2.0" 200 19026 "https://piacenza.elettroservicegroup.it/assistenza-siemens-piacenza/" "Mozilla/5.0 AppleWebKit/537.36 (KHTML, like Gecko; compatible; bingbot/2.0; +http://www.bing.com/bingbot.htm) Chrome/136.0.0.0 Safari/537.36 AppleWebKit/537.36 (KHTML, like Gecko; compatible; bingbot/2.0; +http://www.bing.com/bingbot.htm) Chrome/116.0.1938.76 Safari/537.36"
40.77.167.43 - - [16/Jun/2026:14:33:44 +0200] "GET /wp-content/cache/wpfc-minified/9h35mpo4/4bjdx.css HTTP/2.0" 200 4410 "https://piacenza.elettroservicegroup.it/assistenza-siemens-piacenza/" "Mozilla/5.0 AppleWebKit/537.36 (KHTML, like Gecko; compatible; bingbot/2.0; +http://www.bing.com/bingbot.htm) Chrome/136.0.0.0 Safari/537.36 AppleWebKit/537.36 (KHTML, like Gecko; compatible; bingbot/2.0; +http://www.bing.com/bingbot.htm) Chrome/116.0.1938.76 Safari/537.36"
65.55.210.209 - - [16/Jun/2026:14:49:30 +0200] "GET /wp-content/uploads/elementor/css/post-16983.css?ver=1781544170 HTTP/2.0" 200 2066 "https://piacenza.elettroservicegroup.it/assistenza-siemens-piacenza/" "Mozilla/5.0 AppleWebKit/537.36 (KHTML, like Gecko; compatible; bingbot/2.0; +http://www.bing.com/bingbot.htm) Chrome/136.0.0.0 Safari/537.36"
40.77.167.53 - - [16/Jun/2026:15:10:54 +0200] "GET /assistenza-aeg-piacenza/ HTTP/2.0" 200 21853 "-" "Mozilla/5.0 AppleWebKit/537.36 (KHTML, like Gecko; compatible; bingbot/2.0; +http://www.bing.com/bingbot.htm) Chrome/116.0.1938.76 Safari/537.36"
40.77.167.53 - - [16/Jun/2026:15:11:15 +0200] "GET /wp-content/uploads/elementor/css/post-16885.css?ver=1781548246 HTTP/2.0" 200 2011 "https://piacenza.elettroservicegroup.it/assistenza-aeg-piacenza/" "Mozilla/5.0 AppleWebKit/537.36 (KHTML, like Gecko; compatible; bingbot/2.0; +http://www.bing.com/bingbot.htm) Chrome/136.0.0.0 Safari/537.36 AppleWebKit/537.36 (KHTML, like Gecko; compatible; bingbot/2.0; +http://www.bing.com/bingbot.htm) Chrome/116.0.1938.76 Safari/537.36"
40.77.167.73 - - [16/Jun/2026:15:11:19 +0200] "GET /wp-content/uploads/elementor/google-fonts/fonts/robotoslab-bngmuxzytxpivibgjjsb6ufn5qu.woff2 HTTP/2.0" 200 34328 "https://piacenza.elettroservicegroup.it/wp-content/cache/wpfc-minified/6ykfum2g/2s6ua.css" "Mozilla/5.0 AppleWebKit/537.36 (KHTML, like Gecko; compatible; bingbot/2.0; +http://www.bing.com/bingbot.htm) Chrome/136.0.0.0 Safari/537.36 AppleWebKit/537.36 (KHTML, like Gecko; compatible; bingbot/2.0; +http://www.bing.com/bingbot.htm) Chrome/116.0.1938.76 Safari/537.36"
65.108.235.243 - - [16/Jun/2026:15:45:46 +0200] "POST /wp-cron.php?doing_wp_cron=1781617546.5008690357208251953125 HTTP/1.1" 200 1 "-" "WordPress/7.0; https://piacenza.elettroservicegroup.it"
216.73.217.139 - - [16/Jun/2026:15:45:42 +0200] "GET /robots.txt HTTP/2.0" 200 108 "-" "Mozilla/5.0 AppleWebKit/537.36 (KHTML, like Gecko; compatible; ClaudeBot/1.0; +claudebot@anthropic.com)"
65.108.235.243 - - [16/Jun/2026:15:45:47 +0200] "GET /assistenza-lavastoviglie-ariston-piacenza/ HTTP/1.1" 200 22070 "-" "WP Fastest Cache Preload Bot"
65.108.235.243 - - [16/Jun/2026:15:45:49 +0200] "GET /assistenza-lavastoviglie-aeg-piacenza/ HTTP/1.1" 200 22133 "-" "WP Fastest Cache Preload Bot"
65.108.235.243 - - [16/Jun/2026:15:45:49 +0200] "GET /assistenza-lavastoviglie-piacenza/ HTTP/1.1" 200 21750 "-" "WP Fastest Cache Preload Bot"
65.108.235.243 - - [16/Jun/2026:15:45:50 +0200] "GET /assistenza-indesit-piacenza/ HTTP/1.1" 200 21788 "-" "WP Fastest Cache Preload Bot"
65.108.235.243 - - [16/Jun/2026:15:45:51 +0200] "POST /wp-json/complianz/v1/wsc-scan HTTP/1.1" 400 88 "-" "WordPress/7.0; https://piacenza.elettroservicegroup.it"
216.73.217.139 - - [16/Jun/2026:15:46:10 +0200] "GET /wp-content/cache/wpfc-minified/7bizmdj7/73n1.css HTTP/2.0" 200 16210 "-" "Mozilla/5.0 AppleWebKit/537.36 (KHTML, like Gecko; compatible; ClaudeBot/1.0; +claudebot@anthropic.com)"
65.108.235.243 - - [16/Jun/2026:17:54:34 +0200] "POST /wp-cron.php?doing_wp_cron=1781625274.7825839519500732421875 HTTP/1.1" 200 1 "-" "WordPress/7.0; https://piacenza.elettroservicegroup.it"
34.170.189.242 - - [16/Jun/2026:17:54:33 +0200] "GET /.env HTTP/1.1" 301 1 "-" "Mozilla/5.0 (Macintosh; Intel Mac OS X 10_15_7) AppleWebKit/537.36 (KHTML, like Gecko) Chrome/142.0.0.0 Safari/537.36"
65.108.235.243 - - [16/Jun/2026:17:54:35 +0200] "POST /wp-json/complianz/v1/wsc-scan HTTP/1.1" 400 88 "-" "WordPress/7.0; https://piacenza.elettroservicegroup.it"
65.108.235.243 - - [16/Jun/2026:17:54:35 +0200] "GET /assistenza-candy-piacenza/ HTTP/1.1" 200 21880 "-" "WP Fastest Cache Preload Bot"
65.108.235.243 - - [16/Jun/2026:17:54:35 +0200] "GET /assistenza-bosch-piacenza/ HTTP/1.1" 200 21880 "-" "WP Fastest Cache Preload Bot"
65.108.235.243 - - [16/Jun/2026:17:54:36 +0200] "GET /assistenza-ariston-piacenza/ HTTP/1.1" 200 21876 "-" "WP Fastest Cache Preload Bot"
65.108.235.243 - - [16/Jun/2026:17:54:36 +0200] "GET /assistenza-aeg-piacenza/ HTTP/1.1" 200 21877 "-" "WP Fastest Cache Preload Bot"
34.70.139.217 - - [16/Jun/2026:18:18:46 +0200] "GET / HTTP/2.0" 200 23699 "http://www.piacenza.elettroservicegroup.it" "Mozilla/5.0 (compatible; CMS-Checker/1.0; +https://example.com)"
65.108.235.243 - - [16/Jun/2026:18:18:46 +0200] "GET /cookie-policy/ HTTP/1.1" 200 17995 "-" "WP Fastest Cache Preload Bot"
65.108.235.243 - - [16/Jun/2026:18:18:49 +0200] "GET /termini-e-condizioni/ HTTP/1.1" 200 17563 "-" "WP Fastest Cache Preload Bot"
65.108.235.243 - - [16/Jun/2026:18:18:50 +0200] "GET /cookie-policy-ue/ HTTP/1.1" 200 19415 "-" "WP Fastest Cache Preload Bot"
65.108.235.243 - - [16/Jun/2026:18:18:52 +0200] "GET /informativa-privacy/ HTTP/1.1" 200 19804 "-" "WP Fastest Cache Preload Bot"
65.108.235.243 - - [16/Jun/2026:18:54:47 +0200] "POST /wp-cron.php?doing_wp_cron=1781628887.9391570091247558593750 HTTP/1.1" 200 1 "-" "WordPress/7.0; https://piacenza.elettroservicegroup.it"
216.73.217.139 - - [16/Jun/2026:18:54:43 +0200] "GET /robots.txt HTTP/2.0" 200 108 "-" "Mozilla/5.0 AppleWebKit/537.36 (KHTML, like Gecko; compatible; ClaudeBot/1.0; +claudebot@anthropic.com)"
65.108.235.243 - - [16/Jun/2026:18:54:48 +0200] "GET /assistenza-frigoriferi/ HTTP/1.1" 200 19882 "-" "WP Fastest Cache Preload Bot"
65.108.235.243 - - [16/Jun/2026:18:54:48 +0200] "GET /assistenza-lavastoviglie/ HTTP/1.1" 200 19942 "-" "WP Fastest Cache Preload Bot"
65.108.235.243 - - [16/Jun/2026:18:54:49 +0200] "GET /assistenza-asciugatrici/ HTTP/1.1" 200 19697 "-" "WP Fastest Cache Preload Bot"
65.108.235.243 - - [16/Jun/2026:18:54:49 +0200] "GET /assistenza-lavatrici/ HTTP/1.1" 200 19431 "-" "WP Fastest Cache Preload Bot"
65.108.235.243 - - [16/Jun/2026:18:54:50 +0200] "POST /wp-json/complianz/v1/wsc-scan HTTP/1.1" 400 88 "-" "WordPress/7.0; https://piacenza.elettroservicegroup.it"
34.70.139.217 - - [16/Jun/2026:19:06:42 +0200] "GET / HTTP/1.1" 200 159241 "-" "Mozilla/5.0 (Windows NT 10.0; Win64; x64) AppleWebKit/537.36 (KHTML, like Gecko) Chrome/78.0.3904.108 Safari/537.36"
34.70.139.217 - - [16/Jun/2026:19:06:43 +0200] "GET //wp-includes/wlwmanifest.xml HTTP/1.1" 301 - "-" "Mozilla/5.0 (Windows NT 10.0; Win64; x64) AppleWebKit/537.36 (KHTML, like Gecko) Chrome/78.0.3904.108 Safari/537.36"
34.70.139.217 - - [16/Jun/2026:19:06:44 +0200] "GET //xmlrpc.php?rsd HTTP/1.1" 403 52 "-" "Mozilla/5.0 (Windows NT 10.0; Win64; x64) AppleWebKit/537.36 (KHTML, like Gecko) Chrome/78.0.3904.108 Safari/537.36"
34.70.139.217 - - [16/Jun/2026:19:06:44 +0200] "GET / HTTP/1.1" 200 159241 "-" "Mozilla/5.0 (Windows NT 10.0; Win64; x64) AppleWebKit/537.36 (KHTML, like Gecko) Chrome/78.0.3904.108 Safari/537.36"
65.108.235.243 - - [16/Jun/2026:19:06:42 +0200] "GET / HTTP/1.1" 200 21806 "-" "WP Fastest Cache Preload Bot"
34.70.139.217 - - [16/Jun/2026:19:06:45 +0200] "GET //?author=1 HTTP/1.1" 404 72970 "-" "Mozilla/5.0 (Windows NT 10.0; Win64; x64) AppleWebKit/537.36 (KHTML, like Gecko) Chrome/78.0.3904.108 Safari/537.36"
34.70.139.217 - - [16/Jun/2026:19:06:47 +0200] "GET //?author=2 HTTP/1.1" 404 72970 "-" "Mozilla/5.0 (Windows NT 10.0; Win64; x64) AppleWebKit/537.36 (KHTML, like Gecko) Chrome/78.0.3904.108 Safari/537.36"
34.70.139.217 - - [16/Jun/2026:19:06:49 +0200] "GET //wp-json/wp/v2/users/ HTTP/1.1" 401 108 "-" "Mozilla/5.0 (Windows NT 10.0; Win64; x64) AppleWebKit/537.36 (KHTML, like Gecko) Chrome/78.0.3904.108 Safari/537.36"
34.70.139.217 - - [16/Jun/2026:19:06:50 +0200] "GET //wp-json/oembed/1.0/embed?url=https://piacenza.elettroservicegroup.it/ HTTP/1.1" 200 2228 "-" "Mozilla/5.0 (Windows NT 10.0; Win64; x64) AppleWebKit/537.36 (KHTML, like Gecko) Chrome/78.0.3904.108 Safari/537.36"
34.70.139.217 - - [16/Jun/2026:19:06:51 +0200] "POST //xmlrpc.php HTTP/1.1" 403 52 "-" "Mozilla/5.0 (Windows NT 10.0; Win64; x64) AppleWebKit/537.36 (KHTML, like Gecko) Chrome/78.0.3904.108 Safari/537.36"
216.73.217.139 - - [16/Jun/2026:19:06:56 +0200] "GET /sitemap.rss HTTP/2.0" 200 1298 "-" "Mozilla/5.0 AppleWebKit/537.36 (KHTML, like Gecko; compatible; ClaudeBot/1.0; +claudebot@anthropic.com)"
65.108.235.243 - - [16/Jun/2026:19:20:37 +0200] "POST /wp-cron.php?doing_wp_cron=1781630437.6022510528564453125000 HTTP/1.1" 200 1 "-" "WordPress/7.0; https://piacenza.elettroservicegroup.it"
52.167.144.169 - - [16/Jun/2026:19:20:29 +0200] "GET /haier-png/ HTTP/2.0" 404 16273 "-" "Mozilla/5.0 AppleWebKit/537.36 (KHTML, like Gecko; compatible; bingbot/2.0; +http://www.bing.com/bingbot.htm) Chrome/116.0.1938.76 Safari/537.36"
65.108.235.243 - - [16/Jun/2026:19:45:37 +0200] "POST /wp-cron.php?doing_wp_cron=1781631937.3101680278778076171875 HTTP/1.1" 200 1 "-" "WordPress/7.0; https://piacenza.elettroservicegroup.it"
209.50.161.102 - - [16/Jun/2026:19:45:24 +0200] "GET /wp-login.php HTTP/2.0" 200 3244 "-" "Mozilla/5.0 (Windows NT 10.0; Win64; x64) AppleWebKit/537.36 (KHTML, like Gecko) Chrome/124.0.0.0 Safari/537.36"
209.50.161.102 - - [16/Jun/2026:19:45:39 +0200] "GET /wp-login.php?wp_lang=en_US HTTP/2.0" 200 2479 "-" "Mozilla/5.0 (Macintosh; Intel Mac OS X 10_15_7) AppleWebKit/605.1.15 (KHTML, like Gecko) Version/18.0 Safari/605.1.15"
209.50.161.102 - - [16/Jun/2026:19:45:41 +0200] "POST /wp-login.php?wp_lang=en_US HTTP/2.0" 200 2604 "https://piacenza.elettroservicegroup.it/wp-login.php?wp_lang=en_US" "Mozilla/5.0 (Macintosh; Intel Mac OS X 10_15_7) AppleWebKit/605.1.15 (KHTML, like Gecko) Version/18.0 Safari/605.1.15"
65.111.7.47 - - [16/Jun/2026:19:45:45 +0200] "GET /wp-login.php?wp_lang=en_US HTTP/2.0" 200 11775 "-" "Mozilla/5.0 (Windows NT 10.0; Win64; x64) AppleWebKit/537.36 (KHTML, like Gecko) Chrome/124.0.0.0 Safari/537.36"
65.108.235.243 - - [16/Jun/2026:19:45:41 +0200] "GET /imprint/ HTTP/1.1" 200 17186 "-" "WP Fastest Cache Preload Bot"
216.26.246.226 - - [16/Jun/2026:19:45:46 +0200] "GET /wp-login.php?wp_lang=en_US HTTP/2.0" 200 2479 "-" "Mozilla/5.0 (Windows NT 10.0; Win64; x64) AppleWebKit/537.36 (KHTML, like Gecko) Chrome/124.0.0.0 Safari/537.36"
216.26.246.226 - - [16/Jun/2026:19:45:48 +0200] "POST /wp-login.php?wp_lang=en_US HTTP/2.0" 200 2604 "https://piacenza.elettroservicegroup.it/wp-login.php?wp_lang=en_US" "Mozilla/5.0 (Windows NT 10.0; Win64; x64) AppleWebKit/537.36 (KHTML, like Gecko) Chrome/124.0.0.0 Safari/537.36"
65.108.235.243 - - [16/Jun/2026:19:45:47 +0200] "GET /dichiarazione-sulla-privacy-ue/ HTTP/1.1" 200 19675 "-" "WP Fastest Cache Preload Bot"
65.111.8.46 - - [16/Jun/2026:19:45:53 +0200] "GET /wp-login.php?wp_lang=en_US HTTP/2.0" 200 11830 "-" "Mozilla/5.0 (Windows NT 10.0; Win64; x64; rv:133.0) Gecko/20100101 Firefox/133.0"
216.26.241.202 - - [16/Jun/2026:19:45:54 +0200] "GET /wp-login.php?wp_lang=en_US HTTP/2.0" 200 2479 "-" "Mozilla/5.0 (Windows NT 10.0; Win64; x64) AppleWebKit/537.36 (KHTML, like Gecko) Chrome/124.0.0.0 Safari/537.36"
216.26.241.202 - - [16/Jun/2026:19:45:57 +0200] "POST /wp-login.php?wp_lang=en_US HTTP/2.0" 200 2604 "https://piacenza.elettroservicegroup.it/wp-login.php?wp_lang=en_US" "Mozilla/5.0 (Windows NT 10.0; Win64; x64) AppleWebKit/537.36 (KHTML, like Gecko) Chrome/124.0.0.0 Safari/537.36"
65.108.235.243 - - [16/Jun/2026:19:45:53 +0200] "GET /assistenza-whirlpool-piacenza/ HTTP/1.1" 200 21844 "-" "WP Fastest Cache Preload Bot"
209.50.172.243 - - [16/Jun/2026:19:46:01 +0200] "GET /wp-login.php?wp_lang=en_US HTTP/2.0" 200 2479 "-" "Mozilla/5.0 (Windows NT 10.0; Win64; x64; rv:133.0) Gecko/20100101 Firefox/133.0"
209.50.172.243 - - [16/Jun/2026:19:46:04 +0200] "POST /wp-login.php?wp_lang=en_US HTTP/2.0" 200 2604 "https://piacenza.elettroservicegroup.it/wp-login.php?wp_lang=en_US" "Mozilla/5.0 (Windows NT 10.0; Win64; x64; rv:133.0) Gecko/20100101 Firefox/133.0"
209.50.182.4 - - [16/Jun/2026:19:46:08 +0200] "GET /wp-login.php?wp_lang=en_US HTTP/2.0" 200 11865 "-" "Mozilla/5.0 (Macintosh; Intel Mac OS X 10_15_7) AppleWebKit/605.1.15 (KHTML, like Gecko) Version/18.0 Safari/605.1.15"
65.108.235.243 - - [16/Jun/2026:19:46:01 +0200] "GET /assistenza-smeg-piacenza/ HTTP/1.1" 200 21792 "-" "WP Fastest Cache Preload Bot"
216.26.243.196 - - [16/Jun/2026:19:46:08 +0200] "GET /wp-login.php?wp_lang=en_US HTTP/2.0" 200 2479 "-" "Mozilla/5.0 (Macintosh; Intel Mac OS X 10_15_7) AppleWebKit/605.1.15 (KHTML, like Gecko) Version/18.0 Safari/605.1.15"
216.26.243.196 - - [16/Jun/2026:19:46:11 +0200] "POST /wp-login.php?wp_lang=en_US HTTP/2.0" 200 2604 "https://piacenza.elettroservicegroup.it/wp-login.php?wp_lang=en_US" "Mozilla/5.0 (Macintosh; Intel Mac OS X 10_15_7) AppleWebKit/605.1.15 (KHTML, like Gecko) Version/18.0 Safari/605.1.15"
65.108.235.243 - - [16/Jun/2026:19:46:10 +0200] "GET / HTTP/1.1" 200 21806 "-" "WP Fastest Cache Preload Bot"
151.123.178.130 - - [16/Jun/2026:19:46:15 +0200] "GET /wp-login.php?wp_lang=en_US HTTP/2.0" 200 2479 "-" "Mozilla/5.0 (Windows NT 10.0; Win64; x64; rv:133.0) Gecko/20100101 Firefox/133.0"
151.123.178.130 - - [16/Jun/2026:19:46:16 +0200] "POST /wp-login.php?wp_lang=en_US HTTP/2.0" 200 2604 "https://piacenza.elettroservicegroup.it/wp-login.php?wp_lang=en_US" "Mozilla/5.0 (Windows NT 10.0; Win64; x64; rv:133.0) Gecko/20100101 Firefox/133.0"
104.207.54.254 - - [16/Jun/2026:19:46:18 +0200] "GET /wp-login.php?wp_lang=en_US HTTP/2.0" 200 2479 "-" "Mozilla/5.0 (Windows NT 10.0; Win64; x64) AppleWebKit/537.36 (KHTML, like Gecko) Chrome/124.0.0.0 Safari/537.36"
104.207.54.254 - - [16/Jun/2026:19:46:18 +0200] "POST /wp-login.php?wp_lang=en_US HTTP/2.0" 200 2604 "https://piacenza.elettroservicegroup.it/wp-login.php?wp_lang=en_US" "Mozilla/5.0 (Windows NT 10.0; Win64; x64) AppleWebKit/537.36 (KHTML, like Gecko) Chrome/124.0.0.0 Safari/537.36"
216.26.241.225 - - [16/Jun/2026:19:46:20 +0200] "GET /wp-login.php?wp_lang=en_US HTTP/2.0" 200 11811 "-" "Mozilla/5.0 (Macintosh; Intel Mac OS X 10_15_7) AppleWebKit/605.1.15 (KHTML, like Gecko) Version/18.0 Safari/605.1.15"
65.111.12.112 - - [16/Jun/2026:19:46:21 +0200] "GET /wp-login.php?wp_lang=en_US HTTP/2.0" 200 11845 "-" "Mozilla/5.0 (Windows NT 10.0; Win64; x64; rv:133.0) Gecko/20100101 Firefox/133.0"
104.207.58.169 - - [16/Jun/2026:19:46:22 +0200] "GET /wp-login.php?wp_lang=en_US HTTP/2.0" 200 2479 "-" "Mozilla/5.0 (Windows NT 10.0; Win64; x64) AppleWebKit/537.36 (KHTML, like Gecko) Chrome/124.0.0.0 Safari/537.36"
65.108.235.243 - - [16/Jun/2026:19:46:26 +0200] "POST /wp-cron.php?doing_wp_cron=1781631986.0081861019134521484375 HTTP/1.1" 200 1 "-" "WordPress/7.0; https://piacenza.elettroservicegroup.it"
104.207.58.169 - - [16/Jun/2026:19:46:23 +0200] "POST /wp-login.php?wp_lang=en_US HTTP/2.0" 200 2604 "https://piacenza.elettroservicegroup.it/wp-login.php?wp_lang=en_US" "Mozilla/5.0 (Windows NT 10.0; Win64; x64) AppleWebKit/537.36 (KHTML, like Gecko) Chrome/124.0.0.0 Safari/537.36"
209.50.189.127 - - [16/Jun/2026:19:46:26 +0200] "GET /wp-login.php?wp_lang=en_US HTTP/2.0" 200 11703 "-" "Mozilla/5.0 (Windows NT 10.0; Win64; x64) AppleWebKit/537.36 (KHTML, like Gecko) Chrome/124.0.0.0 Safari/537.36"
45.3.48.99 - - [16/Jun/2026:19:46:27 +0200] "GET /wp-login.php?wp_lang=en_US HTTP/2.0" 200 2479 "-" "Mozilla/5.0 (Macintosh; Intel Mac OS X 10_15_7) AppleWebKit/605.1.15 (KHTML, like Gecko) Version/18.0 Safari/605.1.15"
45.3.48.99 - - [16/Jun/2026:19:46:28 +0200] "POST /wp-login.php?wp_lang=en_US HTTP/2.0" 200 2604 "https://piacenza.elettroservicegroup.it/wp-login.php?wp_lang=en_US" "Mozilla/5.0 (Macintosh; Intel Mac OS X 10_15_7) AppleWebKit/605.1.15 (KHTML, like Gecko) Version/18.0 Safari/605.1.15"
216.26.235.127 - - [16/Jun/2026:19:46:30 +0200] "GET /wp-login.php?wp_lang=en_US HTTP/2.0" 200 2479 "-" "Mozilla/5.0 (Windows NT 10.0; Win64; x64) AppleWebKit/537.36 (KHTML, like Gecko) Chrome/124.0.0.0 Safari/537.36"
216.26.235.127 - - [16/Jun/2026:19:46:30 +0200] "POST /wp-login.php?wp_lang=en_US HTTP/2.0" 200 2604 "https://piacenza.elettroservicegroup.it/wp-login.php?wp_lang=en_US" "Mozilla/5.0 (Windows NT 10.0; Win64; x64) AppleWebKit/537.36 (KHTML, like Gecko) Chrome/124.0.0.0 Safari/537.36"
209.50.186.143 - - [16/Jun/2026:19:46:32 +0200] "GET /wp-login.php?wp_lang=en_US HTTP/2.0" 200 2479 "-" "Mozilla/5.0 (Macintosh; Intel Mac OS X 10_15_7) AppleWebKit/605.1.15 (KHTML, like Gecko) Version/18.0 Safari/605.1.15"
209.50.186.143 - - [16/Jun/2026:19:46:33 +0200] "POST /wp-login.php?wp_lang=en_US HTTP/2.0" 200 2604 "https://piacenza.elettroservicegroup.it/wp-login.php?wp_lang=en_US" "Mozilla/5.0 (Macintosh; Intel Mac OS X 10_15_7) AppleWebKit/605.1.15 (KHTML, like Gecko) Version/18.0 Safari/605.1.15"
65.111.4.157 - - [16/Jun/2026:19:46:36 +0200] "GET /wp-login.php?wp_lang=en_US HTTP/2.0" 200 11834 "-" "Mozilla/5.0 (Macintosh; Intel Mac OS X 10_15_7) AppleWebKit/605.1.15 (KHTML, like Gecko) Version/18.0 Safari/605.1.15"
45.3.47.1 - - [16/Jun/2026:19:46:37 +0200] "GET /wp-login.php?wp_lang=en_US HTTP/2.0" 200 11881 "-" "Mozilla/5.0 (Windows NT 10.0; Win64; x64; rv:133.0) Gecko/20100101 Firefox/133.0"
104.207.40.35 - - [16/Jun/2026:19:46:38 +0200] "GET /wp-login.php?wp_lang=en_US HTTP/2.0" 200 2479 "-" "Mozilla/5.0 (Macintosh; Intel Mac OS X 10_15_7) AppleWebKit/605.1.15 (KHTML, like Gecko) Version/18.0 Safari/605.1.15"
104.207.40.35 - - [16/Jun/2026:19:46:39 +0200] "POST /wp-login.php?wp_lang=en_US HTTP/2.0" 200 2604 "https://piacenza.elettroservicegroup.it/wp-login.php?wp_lang=en_US" "Mozilla/5.0 (Macintosh; Intel Mac OS X 10_15_7) AppleWebKit/605.1.15 (KHTML, like Gecko) Version/18.0 Safari/605.1.15"
65.108.235.243 - - [16/Jun/2026:20:14:38 +0200] "POST /wp-cron.php?doing_wp_cron=1781633678.7289369106292724609375 HTTP/1.1" 200 1 "-" "WordPress/7.0; https://piacenza.elettroservicegroup.it"
216.73.217.139 - - [16/Jun/2026:20:14:37 +0200] "GET /robots.txt HTTP/2.0" 200 108 "-" "Mozilla/5.0 AppleWebKit/537.36 (KHTML, like Gecko; compatible; ClaudeBot/1.0; +claudebot@anthropic.com)"
65.108.235.243 - - [16/Jun/2026:20:14:39 +0200] "POST /wp-json/complianz/v1/wsc-scan HTTP/1.1" 400 88 "-" "WordPress/7.0; https://piacenza.elettroservicegroup.it"
216.73.217.139 - - [16/Jun/2026:20:14:39 +0200] "GET /elettro4-1-768x301 HTTP/2.0" 301 1 "-" "Mozilla/5.0 AppleWebKit/537.36 (KHTML, like Gecko; compatible; ClaudeBot/1.0; +claudebot@anthropic.com)"
65.108.235.243 - - [16/Jun/2026:20:14:39 +0200] "GET /imprint/ HTTP/1.1" 200 17170 "-" "WP Fastest Cache Preload Bot"
216.73.217.139 - - [16/Jun/2026:20:14:40 +0200] "GET /elettro4-1-768x301/ HTTP/2.0" 200 17182 "https://piacenza.elettroservicegroup.it/elettro4-1-768x301" "Mozilla/5.0 AppleWebKit/537.36 (KHTML, like Gecko; compatible; ClaudeBot/1.0; +claudebot@anthropic.com)"
65.108.235.243 - - [16/Jun/2026:20:14:40 +0200] "GET /dichiarazione-sulla-privacy-ue/ HTTP/1.1" 200 19676 "-" "WP Fastest Cache Preload Bot"
65.108.235.243 - - [16/Jun/2026:20:14:40 +0200] "GET /assistenza-whirlpool-piacenza/ HTTP/1.1" 200 21843 "-" "WP Fastest Cache Preload Bot"
65.108.235.243 - - [16/Jun/2026:20:14:41 +0200] "GET /assistenza-smeg-piacenza/ HTTP/1.1" 200 21792 "-" "WP Fastest Cache Preload Bot"
114.119.148.161 - - [16/Jun/2026:21:30:17 +0200] "GET /robots.txt HTTP/1.1" 200 11836 "https://piacenza.elettroservicegroup.it/robots.txt" "Mozilla/5.0 (compatible;PetalBot;+https://webmaster.petalsearch.com/site/petalbot)"
65.108.235.243 - - [16/Jun/2026:21:44:34 +0200] "POST /wp-cron.php?doing_wp_cron=1781639074.5963399410247802734375 HTTP/1.1" 200 1 "-" "WordPress/7.0; https://piacenza.elettroservicegroup.it"
183.253.72.63 - - [16/Jun/2026:21:44:32 +0200] "GET /wp-content/plugins/wp-file-manager/lib/php/connector.minimal.php HTTP/1.1" 404 16307 "-" "python-requests/2.32.5"
65.108.235.243 - - [16/Jun/2026:21:44:37 +0200] "POST /wp-json/complianz/v1/wsc-scan HTTP/1.1" 400 88 "-" "WordPress/7.0; https://piacenza.elettroservicegroup.it"
65.108.235.243 - - [16/Jun/2026:21:44:37 +0200] "GET /assistenza-siemens-piacenza/ HTTP/1.1" 200 21971 "-" "WP Fastest Cache Preload Bot"
65.108.235.243 - - [16/Jun/2026:21:44:37 +0200] "GET /assistenza-rex-electrolux-piacenza/ HTTP/1.1" 200 21831 "-" "WP Fastest Cache Preload Bot"
65.108.235.243 - - [16/Jun/2026:21:44:38 +0200] "GET /assistenza-miele-piacenza/ HTTP/1.1" 200 22081 "-" "WP Fastest Cache Preload Bot"
65.108.235.243 - - [16/Jun/2026:21:44:39 +0200] "GET /assistenza-lavatrici-whirlpool-piacenza/ HTTP/1.1" 200 21960 "-" "WP Fastest Cache Preload Bot"
65.108.235.243 - - [16/Jun/2026:21:44:40 +0200] "POST /wp-admin/admin-ajax.php?action=wordfence_testAjax HTTP/1.1" 200 16 "-" "WordPress/7.0; https://piacenza.elettroservicegroup.it"
65.108.235.243 - - [16/Jun/2026:21:44:40 +0200] "GET /wp-admin/admin-ajax.php?action=wordfence_doScan&isFork=0&scanMode=quick&cronKey=67f91b58b588c533b6fd7cef55747d51&signature=fc6c276faf4fb792b1f7a835ef27ee9bd98b02dd7ce82250b3a2775be5968e36 HTTP/1.1" 200 1 "-" "WordPress/7.0; https://piacenza.elettroservicegroup.it"
65.108.235.243 - - [16/Jun/2026:21:44:45 +0200] "POST /wp-cron.php?doing_wp_cron=1781639085.0584039688110351562500 HTTP/1.1" 200 1 "-" "WordPress/7.0; https://piacenza.elettroservicegroup.it"
183.253.72.63 - - [16/Jun/2026:21:44:44 +0200] "GET /filemanager/connectors/php/connector.php HTTP/1.1" 404 16289 "-" "python-requests/2.32.5"
183.253.72.63 - - [16/Jun/2026:21:44:48 +0200] "GET /filemanager/connectors/php/connector.minimal.php HTTP/1.1" 404 16295 "-" "python-requests/2.32.5"
183.253.72.63 - - [16/Jun/2026:21:44:54 +0200] "GET /filemanager/connectors/php/elFinderConnector.class.php HTTP/1.1" 404 16303 "-" "python-requests/2.32.5"
183.253.72.63 - - [16/Jun/2026:21:44:58 +0200] "GET /elfinder/php/connector.minimal.php HTTP/1.1" 404 16288 "-" "python-requests/2.32.5"
183.253.72.63 - - [16/Jun/2026:21:45:02 +0200] "GET /elfinder/php/connector.minimal.php HTTP/1.1" 404 16288 "-" "python-requests/2.32.5"
183.253.72.63 - - [16/Jun/2026:21:45:04 +0200] "GET /elfinder/connector.minimal.php HTTP/1.1" 404 16287 "-" "python-requests/2.32.5"
183.253.72.63 - - [16/Jun/2026:21:45:14 +0200] "GET /lib/elfinder/php/connector.minimal.php HTTP/1.1" 404 16294 "-" "python-requests/2.32.5"
40.77.167.15 - - [16/Jun/2026:22:06:15 +0200] "GET /wp-content/uploads/2022/01/elet1-7-300x136.jpg HTTP/2.0" 200 5295 "-" "Mozilla/5.0 AppleWebKit/537.36 (KHTML, like Gecko; compatible; bingbot/2.0; +http://www.bing.com/bingbot.htm) Chrome/116.0.1938.76 Safari/537.36"
66.249.64.165 - - [16/Jun/2026:22:23:19 +0200] "GET /assistenza-miele-piacenza/ HTTP/1.1" 200 22057 "-" "Mozilla/5.0 (compatible; Googlebot/2.1; +http://www.google.com/bot.html)"
65.108.235.243 - - [16/Jun/2026:22:24:43 +0200] "POST /wp-cron.php?doing_wp_cron=1781641483.1020410060882568359375 HTTP/1.1" 200 1 "-" "WordPress/7.0; https://piacenza.elettroservicegroup.it"
216.73.217.139 - - [16/Jun/2026:22:24:38 +0200] "GET /robots.txt HTTP/2.0" 200 108 "-" "Mozilla/5.0 AppleWebKit/537.36 (KHTML, like Gecko; compatible; ClaudeBot/1.0; +claudebot@anthropic.com)"
65.108.235.243 - - [16/Jun/2026:22:24:44 +0200] "GET /assistenza-lavatrici-smeg-piacenza/ HTTP/1.1" 200 21695 "-" "WP Fastest Cache Preload Bot"
65.108.235.243 - - [16/Jun/2026:22:24:45 +0200] "GET /assistenza-lavatrici-rex-electrolux-piacenza/ HTTP/1.1" 200 21669 "-" "WP Fastest Cache Preload Bot"
65.108.235.243 - - [16/Jun/2026:22:24:46 +0200] "GET /assistenza-lavatrici-indesit-piacenza/ HTTP/1.1" 200 21692 "-" "WP Fastest Cache Preload Bot"
65.108.235.243 - - [16/Jun/2026:22:24:47 +0200] "GET /assistenza-lavatrici-bosch-piacenza/ HTTP/1.1" 200 21737 "-" "WP Fastest Cache Preload Bot"