162.120.188.137 - - [23/Jun/2026:14:22:35 +0200] "GET /assistenza-forni-elettrici/ HTTP/2.0" 404 - "https://www.google.com/" "Mozilla/5.0 (Linux; Android 10; K) AppleWebKit/537.36 (KHTML, like Gecko) Chrome/149.0.0.0 Mobile Safari/537.36"
65.108.235.243 - - [23/Jun/2026:14:22:40 +0200] "POST /wp-cron.php?doing_wp_cron=1782217360.7040960788726806640625 HTTP/1.1" 200 1 "-" "WordPress/7.0; https://piacenza.elettroservicegroup.it"
66.249.93.139 - - [23/Jun/2026:14:22:35 +0200] "GET /.well-known/traffic-advice HTTP/1.1" 404 16291 "-" "Chrome Privacy Preserving Prefetch Proxy"
65.108.235.243 - - [23/Jun/2026:14:22:43 +0200] "POST /wp-json/complianz/v1/wsc-scan HTTP/1.1" 400 88 "-" "WordPress/7.0; https://piacenza.elettroservicegroup.it"
162.120.187.143 - - [23/Jun/2026:14:22:43 +0200] "GET /assistenza-forni-elettrici/ HTTP/2.0" 404 16265 "https://www.google.com/" "Mozilla/5.0 (Linux; Android 10; K) AppleWebKit/537.36 (KHTML, like Gecko) Chrome/149.0.0.0 Mobile Safari/537.36"
65.108.235.243 - - [23/Jun/2026:14:22:43 +0200] "GET /imprint/ HTTP/1.1" 200 17182 "-" "WP Fastest Cache Preload Bot"
65.108.235.243 - - [23/Jun/2026:14:22:44 +0200] "GET /dichiarazione-sulla-privacy-ue/ HTTP/1.1" 200 19684 "-" "WP Fastest Cache Preload Bot"
65.108.235.243 - - [23/Jun/2026:14:22:45 +0200] "GET /assistenza-whirlpool-piacenza/ HTTP/1.1" 200 21852 "-" "WP Fastest Cache Preload Bot"
65.108.235.243 - - [23/Jun/2026:14:22:45 +0200] "GET /assistenza-smeg-piacenza/ HTTP/1.1" 200 21798 "-" "WP Fastest Cache Preload Bot"
65.108.235.243 - - [23/Jun/2026:14:22:46 +0200] "GET / HTTP/1.1" 200 21819 "-" "WP Fastest Cache Preload Bot"
95.75.32.176 - - [23/Jun/2026:14:24:51 +0200] "GET /assistenza-forni-elettrici/ HTTP/2.0" 404 - "https://www.google.com/" "Mozilla/5.0 (Linux; Android 10; K) AppleWebKit/537.36 (KHTML, like Gecko) Chrome/149.0.0.0 Mobile Safari/537.36"
65.108.235.243 - - [23/Jun/2026:14:24:53 +0200] "POST /wp-cron.php?doing_wp_cron=1782217493.6061460971832275390625 HTTP/1.1" 200 1 "-" "WordPress/7.0; https://piacenza.elettroservicegroup.it"
95.75.32.176 - - [23/Jun/2026:14:24:48 +0200] "GET /assistenza-forni-elettrici/ HTTP/2.0" 404 - "https://www.google.com/" "Mozilla/5.0 (Linux; Android 10; K) AppleWebKit/537.36 (KHTML, like Gecko) Chrome/149.0.0.0 Mobile Safari/537.36"
95.75.32.176 - - [23/Jun/2026:14:24:52 +0200] "GET /assistenza-forni-elettrici/ HTTP/2.0" 404 - "https://www.google.com/" "Mozilla/5.0 (Linux; Android 10; K) AppleWebKit/537.36 (KHTML, like Gecko) Chrome/149.0.0.0 Mobile Safari/537.36"
95.75.32.176 - - [23/Jun/2026:14:24:54 +0200] "GET /assistenza-forni-elettrici/ HTTP/2.0" 404 16265 "https://www.google.com/" "Mozilla/5.0 (Linux; Android 10; K) AppleWebKit/537.36 (KHTML, like Gecko) Chrome/149.0.0.0 Mobile Safari/537.36"
95.75.32.176 - - [23/Jun/2026:14:24:57 +0200] "GET /wp-content/plugins/header-footer-elementor/inc/widgets-css/frontend.css?ver=2.8.8 HTTP/2.0" 200 8711 "https://piacenza.elettroservicegroup.it/assistenza-forni-elettrici/" "Mozilla/5.0 (Linux; Android 10; K) AppleWebKit/537.36 (KHTML, like Gecko) Chrome/149.0.0.0 Mobile Safari/537.36"
95.75.32.176 - - [23/Jun/2026:14:24:57 +0200] "GET /wp-content/plugins/complianz-gdpr-premium/assets/css/cookieblocker.min.css?ver=1781539588 HTTP/2.0" 200 615 "https://piacenza.elettroservicegroup.it/assistenza-forni-elettrici/" "Mozilla/5.0 (Linux; Android 10; K) AppleWebKit/537.36 (KHTML, like Gecko) Chrome/149.0.0.0 Mobile Safari/537.36"
95.75.32.176 - - [23/Jun/2026:14:24:57 +0200] "GET /wp-content/plugins/header-footer-elementor/assets/css/header-footer-elementor.css?ver=2.8.8 HTTP/2.0" 200 260 "https://piacenza.elettroservicegroup.it/assistenza-forni-elettrici/" "Mozilla/5.0 (Linux; Android 10; K) AppleWebKit/537.36 (KHTML, like Gecko) Chrome/149.0.0.0 Mobile Safari/537.36"
95.75.32.176 - - [23/Jun/2026:14:24:57 +0200] "GET /wp-content/plugins/all-in-one-seo-pack/dist/Lite/assets/css/table-of-contents/global.e90f6d47.css?ver=4.9.8 HTTP/2.0" 200 420 "https://piacenza.elettroservicegroup.it/assistenza-forni-elettrici/" "Mozilla/5.0 (Linux; Android 10; K) AppleWebKit/537.36 (KHTML, like Gecko) Chrome/149.0.0.0 Mobile Safari/537.36"
95.75.32.176 - - [23/Jun/2026:14:24:57 +0200] "GET /wp-includes/css/dist/block-library/style.min.css?ver=7.0 HTTP/2.0" 200 15998 "https://piacenza.elettroservicegroup.it/assistenza-forni-elettrici/" "Mozilla/5.0 (Linux; Android 10; K) AppleWebKit/537.36 (KHTML, like Gecko) Chrome/149.0.0.0 Mobile Safari/537.36"
95.75.32.176 - - [23/Jun/2026:14:24:57 +0200] "GET /wp-content/plugins/elementor/assets/lib/eicons/css/elementor-icons.min.css?ver=5.50.0 HTTP/2.0" 200 4125 "https://piacenza.elettroservicegroup.it/assistenza-forni-elettrici/" "Mozilla/5.0 (Linux; Android 10; K) AppleWebKit/537.36 (KHTML, like Gecko) Chrome/149.0.0.0 Mobile Safari/537.36"
95.75.32.176 - - [23/Jun/2026:14:24:57 +0200] "GET /wp-content/plugins/elementor/assets/css/frontend.min.css?ver=4.1.4 HTTP/2.0" 200 6618 "https://piacenza.elettroservicegroup.it/assistenza-forni-elettrici/" "Mozilla/5.0 (Linux; Android 10; K) AppleWebKit/537.36 (KHTML, like Gecko) Chrome/149.0.0.0 Mobile Safari/537.36"
95.75.32.176 - - [23/Jun/2026:14:24:57 +0200] "GET /wp-content/uploads/elementor/css/post-14146.css?ver=1782146676 HTTP/2.0" 200 428 "https://piacenza.elettroservicegroup.it/assistenza-forni-elettrici/" "Mozilla/5.0 (Linux; Android 10; K) AppleWebKit/537.36 (KHTML, like Gecko) Chrome/149.0.0.0 Mobile Safari/537.36"
95.75.32.176 - - [23/Jun/2026:14:24:57 +0200] "GET /wp-content/uploads/elementor/css/post-14366.css?ver=1782146676 HTTP/2.0" 200 302 "https://piacenza.elettroservicegroup.it/assistenza-forni-elettrici/" "Mozilla/5.0 (Linux; Android 10; K) AppleWebKit/537.36 (KHTML, like Gecko) Chrome/149.0.0.0 Mobile Safari/537.36"
95.75.32.176 - - [23/Jun/2026:14:24:57 +0200] "GET /wp-content/plugins/elementor/assets/lib/eicons/css/elementor-icons.min.css?ver=5.34.0 HTTP/2.0" 200 4125 "https://piacenza.elettroservicegroup.it/assistenza-forni-elettrici/" "Mozilla/5.0 (Linux; Android 10; K) AppleWebKit/537.36 (KHTML, like Gecko) Chrome/149.0.0.0 Mobile Safari/537.36"
95.75.32.176 - - [23/Jun/2026:14:24:57 +0200] "GET /wp-content/themes/generatepress/assets/css/main.min.css?ver=3.6.1 HTTP/2.0" 200 4410 "https://piacenza.elettroservicegroup.it/assistenza-forni-elettrici/" "Mozilla/5.0 (Linux; Android 10; K) AppleWebKit/537.36 (KHTML, like Gecko) Chrome/149.0.0.0 Mobile Safari/537.36"
95.75.32.176 - - [23/Jun/2026:14:24:57 +0200] "GET /wp-content/plugins/elementor/assets/css/widget-icon-list.min.css?ver=3.24.3 HTTP/2.0" 200 928 "https://piacenza.elettroservicegroup.it/assistenza-forni-elettrici/" "Mozilla/5.0 (Linux; Android 10; K) AppleWebKit/537.36 (KHTML, like Gecko) Chrome/149.0.0.0 Mobile Safari/537.36"
95.75.32.176 - - [23/Jun/2026:14:24:57 +0200] "GET /wp-content/plugins/elementor/assets/css/widget-social-icons.min.css?ver=3.24.0 HTTP/2.0" 200 1039 "https://piacenza.elettroservicegroup.it/assistenza-forni-elettrici/" "Mozilla/5.0 (Linux; Android 10; K) AppleWebKit/537.36 (KHTML, like Gecko) Chrome/149.0.0.0 Mobile Safari/537.36"
95.75.32.176 - - [23/Jun/2026:14:24:57 +0200] "GET /wp-content/plugins/elementor/assets/lib/font-awesome/css/v4-shims.min.css?ver=4.1.4 HTTP/2.0" 200 3986 "https://piacenza.elettroservicegroup.it/assistenza-forni-elettrici/" "Mozilla/5.0 (Linux; Android 10; K) AppleWebKit/537.36 (KHTML, like Gecko) Chrome/149.0.0.0 Mobile Safari/537.36"
95.75.32.176 - - [23/Jun/2026:14:24:57 +0200] "GET /wp-content/plugins/elementor/assets/lib/font-awesome/css/all.min.css?ver=4.1.4 HTTP/2.0" 200 12402 "https://piacenza.elettroservicegroup.it/assistenza-forni-elettrici/" "Mozilla/5.0 (Linux; Android 10; K) AppleWebKit/537.36 (KHTML, like Gecko) Chrome/149.0.0.0 Mobile Safari/537.36"
95.75.32.176 - - [23/Jun/2026:14:24:57 +0200] "GET /wp-content/plugins/elementor/assets/lib/font-awesome/css/brands.css?ver=5.15.3 HTTP/2.0" 200 298 "https://piacenza.elettroservicegroup.it/assistenza-forni-elettrici/" "Mozilla/5.0 (Linux; Android 10; K) AppleWebKit/537.36 (KHTML, like Gecko) Chrome/149.0.0.0 Mobile Safari/537.36"
95.75.32.176 - - [23/Jun/2026:14:24:57 +0200] "GET /wp-content/plugins/elementor/assets/lib/font-awesome/css/solid.css?ver=5.15.3 HTTP/2.0" 200 299 "https://piacenza.elettroservicegroup.it/assistenza-forni-elettrici/" "Mozilla/5.0 (Linux; Android 10; K) AppleWebKit/537.36 (KHTML, like Gecko) Chrome/149.0.0.0 Mobile Safari/537.36"
95.75.32.176 - - [23/Jun/2026:14:24:57 +0200] "GET /wp-content/plugins/gp-premium/blog/functions/css/featured-images.min.css?ver=2.5.5 HTTP/2.0" 200 423 "https://piacenza.elettroservicegroup.it/assistenza-forni-elettrici/" "Mozilla/5.0 (Linux; Android 10; K) AppleWebKit/537.36 (KHTML, like Gecko) Chrome/149.0.0.0 Mobile Safari/537.36"
95.75.32.176 - - [23/Jun/2026:14:24:57 +0200] "GET /wp-content/plugins/gp-premium/menu-plus/functions/css/navigation-branding-flex.min.css?ver=2.5.5 HTTP/2.0" 200 542 "https://piacenza.elettroservicegroup.it/assistenza-forni-elettrici/" "Mozilla/5.0 (Linux; Android 10; K) AppleWebKit/537.36 (KHTML, like Gecko) Chrome/149.0.0.0 Mobile Safari/537.36"
95.75.32.176 - - [23/Jun/2026:14:24:57 +0200] "GET /wp-content/uploads/elementor/google-fonts/css/robotoslab.css?ver=1742277607 HTTP/2.0" 200 718 "https://piacenza.elettroservicegroup.it/assistenza-forni-elettrici/" "Mozilla/5.0 (Linux; Android 10; K) AppleWebKit/537.36 (KHTML, like Gecko) Chrome/149.0.0.0 Mobile Safari/537.36"
95.75.32.176 - - [23/Jun/2026:14:24:57 +0200] "GET /wp-content/uploads/elementor/google-fonts/css/roboto.css?ver=1742277605 HTTP/2.0" 200 1886 "https://piacenza.elettroservicegroup.it/assistenza-forni-elettrici/" "Mozilla/5.0 (Linux; Android 10; K) AppleWebKit/537.36 (KHTML, like Gecko) Chrome/149.0.0.0 Mobile Safari/537.36"
95.75.32.176 - - [23/Jun/2026:14:24:57 +0200] "GET /wp-content/plugins/elementor/assets/lib/font-awesome/css/fontawesome.css?ver=5.15.3 HTTP/2.0" 200 12535 "https://piacenza.elettroservicegroup.it/assistenza-forni-elettrici/" "Mozilla/5.0 (Linux; Android 10; K) AppleWebKit/537.36 (KHTML, like Gecko) Chrome/149.0.0.0 Mobile Safari/537.36"
95.75.32.176 - - [23/Jun/2026:14:24:57 +0200] "GET /wp-content/plugins/elementor/assets/lib/font-awesome/js/v4-shims.min.js?ver=4.1.4 HTTP/2.0" 200 4043 "https://piacenza.elettroservicegroup.it/assistenza-forni-elettrici/" "Mozilla/5.0 (Linux; Android 10; K) AppleWebKit/537.36 (KHTML, like Gecko) Chrome/149.0.0.0 Mobile Safari/537.36"
95.75.32.176 - - [23/Jun/2026:14:24:57 +0200] "GET /wp-content/plugins/complianz-gdpr-premium/DNSMPD/script.min.js?ver=1781539589 HTTP/2.0" 200 425 "https://piacenza.elettroservicegroup.it/assistenza-forni-elettrici/" "Mozilla/5.0 (Linux; Android 10; K) AppleWebKit/537.36 (KHTML, like Gecko) Chrome/149.0.0.0 Mobile Safari/537.36"
95.75.32.176 - - [23/Jun/2026:14:24:57 +0200] "GET /wp-content/plugins/gp-premium/menu-plus/functions/js/sticky.min.js?ver=2.5.5 HTTP/2.0" 200 2670 "https://piacenza.elettroservicegroup.it/assistenza-forni-elettrici/" "Mozilla/5.0 (Linux; Android 10; K) AppleWebKit/537.36 (KHTML, like Gecko) Chrome/149.0.0.0 Mobile Safari/537.36"
95.75.32.176 - - [23/Jun/2026:14:24:57 +0200] "GET /wp-includes/js/jquery/jquery-migrate.min.js?ver=3.4.1 HTTP/2.0" 200 4685 "https://piacenza.elettroservicegroup.it/assistenza-forni-elettrici/" "Mozilla/5.0 (Linux; Android 10; K) AppleWebKit/537.36 (KHTML, like Gecko) Chrome/149.0.0.0 Mobile Safari/537.36"
95.75.32.176 - - [23/Jun/2026:14:24:57 +0200] "GET /wp-content/uploads/2021/10/cropped-cropped-cropped-logo_white_background.png HTTP/2.0" 200 10924 "https://piacenza.elettroservicegroup.it/assistenza-forni-elettrici/" "Mozilla/5.0 (Linux; Android 10; K) AppleWebKit/537.36 (KHTML, like Gecko) Chrome/149.0.0.0 Mobile Safari/537.36"
95.75.32.176 - - [23/Jun/2026:14:24:57 +0200] "GET /wp-includes/js/jquery/jquery.min.js?ver=3.7.1 HTTP/2.0" 200 29769 "https://piacenza.elettroservicegroup.it/assistenza-forni-elettrici/" "Mozilla/5.0 (Linux; Android 10; K) AppleWebKit/537.36 (KHTML, like Gecko) Chrome/149.0.0.0 Mobile Safari/537.36"
95.75.32.176 - - [23/Jun/2026:14:24:57 +0200] "GET /wp-content/themes/generatepress/assets/js/menu.min.js?ver=3.6.1 HTTP/2.0" 200 1688 "https://piacenza.elettroservicegroup.it/assistenza-forni-elettrici/" "Mozilla/5.0 (Linux; Android 10; K) AppleWebKit/537.36 (KHTML, like Gecko) Chrome/149.0.0.0 Mobile Safari/537.36"
95.75.32.176 - - [23/Jun/2026:14:24:57 +0200] "GET /wp-content/themes/generatepress/assets/js/back-to-top.min.js?ver=3.6.1 HTTP/2.0" 200 336 "https://piacenza.elettroservicegroup.it/assistenza-forni-elettrici/" "Mozilla/5.0 (Linux; Android 10; K) AppleWebKit/537.36 (KHTML, like Gecko) Chrome/149.0.0.0 Mobile Safari/537.36"
95.75.32.176 - - [23/Jun/2026:14:24:57 +0200] "GET /wp-content/plugins/elementor/assets/js/webpack.runtime.min.js?ver=4.1.4 HTTP/2.0" 200 2340 "https://piacenza.elettroservicegroup.it/assistenza-forni-elettrici/" "Mozilla/5.0 (Linux; Android 10; K) AppleWebKit/537.36 (KHTML, like Gecko) Chrome/149.0.0.0 Mobile Safari/537.36"
95.75.32.176 - - [23/Jun/2026:14:24:57 +0200] "GET /wp-content/plugins/elementor/assets/js/frontend-modules.min.js?ver=4.1.4 HTTP/2.0" 200 15454 "https://piacenza.elettroservicegroup.it/assistenza-forni-elettrici/" "Mozilla/5.0 (Linux; Android 10; K) AppleWebKit/537.36 (KHTML, like Gecko) Chrome/149.0.0.0 Mobile Safari/537.36"
95.75.32.176 - - [23/Jun/2026:14:24:57 +0200] "GET /wp-includes/js/jquery/ui/core.min.js?ver=1.13.3 HTTP/2.0" 200 6820 "https://piacenza.elettroservicegroup.it/assistenza-forni-elettrici/" "Mozilla/5.0 (Linux; Android 10; K) AppleWebKit/537.36 (KHTML, like Gecko) Chrome/149.0.0.0 Mobile Safari/537.36"
95.75.32.176 - - [23/Jun/2026:14:24:57 +0200] "GET /wp-content/plugins/complianz-gdpr-premium/cookiebanner/js/complianz.min.js?ver=1781539588 HTTP/2.0" 200 10762 "https://piacenza.elettroservicegroup.it/assistenza-forni-elettrici/" "Mozilla/5.0 (Linux; Android 10; K) AppleWebKit/537.36 (KHTML, like Gecko) Chrome/149.0.0.0 Mobile Safari/537.36"
95.75.32.176 - - [23/Jun/2026:14:24:57 +0200] "GET /wp-content/plugins/elementor/assets/js/frontend.min.js?ver=4.1.4 HTTP/2.0" 200 10140 "https://piacenza.elettroservicegroup.it/assistenza-forni-elettrici/" "Mozilla/5.0 (Linux; Android 10; K) AppleWebKit/537.36 (KHTML, like Gecko) Chrome/149.0.0.0 Mobile Safari/537.36"
95.75.32.176 - - [23/Jun/2026:14:24:57 +0200] "GET /wp-content/uploads/elementor/google-fonts/fonts/robotoslab-bngmuxzytxpivibgjjsb6ufn5qu.woff2 HTTP/2.0" 200 34328 "https://piacenza.elettroservicegroup.it/wp-content/uploads/elementor/google-fonts/css/robotoslab.css?ver=1742277607" "Mozilla/5.0 (Linux; Android 10; K) AppleWebKit/537.36 (KHTML, like Gecko) Chrome/149.0.0.0 Mobile Safari/537.36"
95.75.32.176 - - [23/Jun/2026:14:24:58 +0200] "GET /wp-content/plugins/elementor/assets/js/section-frontend-handlers.d85ab872da118940910d.bundle.min.js HTTP/2.0" 200 230 "https://piacenza.elettroservicegroup.it/assistenza-forni-elettrici/" "Mozilla/5.0 (Linux; Android 10; K) AppleWebKit/537.36 (KHTML, like Gecko) Chrome/149.0.0.0 Mobile Safari/537.36"
95.75.32.176 - - [23/Jun/2026:14:24:58 +0200] "GET /wp-content/plugins/elementor/assets/js/shared-frontend-handlers.03caa53373b56d3bab67.bundle.min.js HTTP/2.0" 200 2515 "https://piacenza.elettroservicegroup.it/assistenza-forni-elettrici/" "Mozilla/5.0 (Linux; Android 10; K) AppleWebKit/537.36 (KHTML, like Gecko) Chrome/149.0.0.0 Mobile Safari/537.36"
95.75.32.176 - - [23/Jun/2026:14:24:58 +0200] "GET /wp-content/plugins/elementor/assets/js/text-editor.45609661e409413f1cef.bundle.min.js HTTP/2.0" 200 592 "https://piacenza.elettroservicegroup.it/assistenza-forni-elettrici/" "Mozilla/5.0 (Linux; Android 10; K) AppleWebKit/537.36 (KHTML, like Gecko) Chrome/149.0.0.0 Mobile Safari/537.36"
95.75.32.176 - - [23/Jun/2026:14:24:58 +0200] "GET /wp-content/uploads/2021/10/cropped-cropped-cropped-cropped-logo_white_background-192x192.png HTTP/2.0" 200 3844 "https://piacenza.elettroservicegroup.it/assistenza-forni-elettrici/" "Mozilla/5.0 (Linux; Android 10; K) AppleWebKit/537.36 (KHTML, like Gecko) Chrome/149.0.0.0 Mobile Safari/537.36"
95.75.32.176 - - [23/Jun/2026:14:24:58 +0200] "GET /wp-content/uploads/2021/10/cropped-cropped-cropped-cropped-logo_white_background-180x180.png HTTP/2.0" 200 3630 "https://piacenza.elettroservicegroup.it/assistenza-forni-elettrici/" "Mozilla/5.0 (Linux; Android 10; K) AppleWebKit/537.36 (KHTML, like Gecko) Chrome/149.0.0.0 Mobile Safari/537.36"
95.75.32.176 - - [23/Jun/2026:14:24:58 +0200] "GET /wp-json/complianz/v1/banner?lang=it&locale=it_IT&token=azklr HTTP/2.0" 200 81 "https://piacenza.elettroservicegroup.it/assistenza-forni-elettrici/" "Mozilla/5.0 (Linux; Android 10; K) AppleWebKit/537.36 (KHTML, like Gecko) Chrome/149.0.0.0 Mobile Safari/537.36"
95.75.32.176 - - [23/Jun/2026:14:24:59 +0200] "GET /wp-content/uploads/complianz/css/banner-1-optin.css?v=40 HTTP/2.0" 200 2857 "https://piacenza.elettroservicegroup.it/assistenza-forni-elettrici/" "Mozilla/5.0 (Linux; Android 10; K) AppleWebKit/537.36 (KHTML, like Gecko) Chrome/149.0.0.0 Mobile Safari/537.36"
65.108.235.243 - - [23/Jun/2026:14:24:57 +0200] "GET /imprint/ HTTP/1.1" 200 17180 "-" "WP Fastest Cache Preload Bot"
95.75.32.176 - - [23/Jun/2026:14:24:59 +0200] "GET /wp-json/complianz/v1/cookie_data HTTP/2.0" 200 - "https://piacenza.elettroservicegroup.it/assistenza-forni-elettrici/" "Mozilla/5.0 (Linux; Android 10; K) AppleWebKit/537.36 (KHTML, like Gecko) Chrome/149.0.0.0 Mobile Safari/537.36"
95.75.32.176 - - [23/Jun/2026:14:24:59 +0200] "POST /wp-json/complianz/v1/track HTTP/2.0" 200 - "https://piacenza.elettroservicegroup.it/assistenza-forni-elettrici/" "Mozilla/5.0 (Linux; Android 10; K) AppleWebKit/537.36 (KHTML, like Gecko) Chrome/149.0.0.0 Mobile Safari/537.36"
65.108.235.243 - - [23/Jun/2026:14:25:00 +0200] "GET /dichiarazione-sulla-privacy-ue/ HTTP/1.1" 200 19658 "-" "WP Fastest Cache Preload Bot"
95.75.32.176 - - [23/Jun/2026:14:25:01 +0200] "GET /assistenza-forni-elettrici/ HTTP/2.0" 404 16265 "https://www.google.com/" "Mozilla/5.0 (Linux; Android 10; K) AppleWebKit/537.36 (KHTML, like Gecko) Chrome/149.0.0.0 Mobile Safari/537.36"
95.75.32.176 - - [23/Jun/2026:14:25:04 +0200] "GET /wp-json/complianz/v1/cookie_data HTTP/2.0" 200 69 "https://piacenza.elettroservicegroup.it/assistenza-forni-elettrici/" "Mozilla/5.0 (Linux; Android 10; K) AppleWebKit/537.36 (KHTML, like Gecko) Chrome/149.0.0.0 Mobile Safari/537.36"
65.108.235.243 - - [23/Jun/2026:14:25:03 +0200] "GET /assistenza-whirlpool-piacenza/ HTTP/1.1" 200 21853 "-" "WP Fastest Cache Preload Bot"
95.75.32.176 - - [23/Jun/2026:14:25:06 +0200] "GET /wp-json/complianz/v1/cookie_data HTTP/2.0" 200 69 "https://piacenza.elettroservicegroup.it/assistenza-forni-elettrici/" "Mozilla/5.0 (Linux; Android 10; K) AppleWebKit/537.36 (KHTML, like Gecko) Chrome/149.0.0.0 Mobile Safari/537.36"
65.108.235.243 - - [23/Jun/2026:14:25:07 +0200] "GET /assistenza-smeg-piacenza/ HTTP/1.1" 200 21798 "-" "WP Fastest Cache Preload Bot"
65.108.235.243 - - [23/Jun/2026:14:34:46 +0200] "POST /wp-cron.php?doing_wp_cron=1782218086.0081989765167236328125 HTTP/1.1" 200 1 "-" "WordPress/7.0; https://piacenza.elettroservicegroup.it"
216.73.217.62 - - [23/Jun/2026:14:34:37 +0200] "GET /robots.txt HTTP/2.0" 200 108 "-" "Mozilla/5.0 AppleWebKit/537.36 (KHTML, like Gecko; compatible; ClaudeBot/1.0; +claudebot@anthropic.com)"
65.108.235.243 - - [23/Jun/2026:14:34:48 +0200] "GET /assistenza-siemens-piacenza/ HTTP/1.1" 200 21983 "-" "WP Fastest Cache Preload Bot"
65.108.235.243 - - [23/Jun/2026:14:34:52 +0200] "GET /assistenza-rex-electrolux-piacenza/ HTTP/1.1" 200 21847 "-" "WP Fastest Cache Preload Bot"
216.73.217.62 - - [23/Jun/2026:14:34:55 +0200] "GET /wp-content/cache/wpfc-minified/7bizmdj7/2bdyr.css HTTP/2.0" 200 16210 "-" "Mozilla/5.0 AppleWebKit/537.36 (KHTML, like Gecko; compatible; ClaudeBot/1.0; +claudebot@anthropic.com)"
65.108.235.243 - - [23/Jun/2026:14:34:55 +0200] "GET /assistenza-miele-piacenza/ HTTP/1.1" 200 22096 "-" "WP Fastest Cache Preload Bot"
65.108.235.243 - - [23/Jun/2026:14:34:56 +0200] "GET /assistenza-lavatrici-whirlpool-piacenza/ HTTP/1.1" 200 21965 "-" "WP Fastest Cache Preload Bot"
193.186.4.23 - - [23/Jun/2026:15:03:52 +0200] "GET / HTTP/2.0" 200 21796 "https://www.google.com/" "Mozilla/5.0 (Linux; Android 10; K) AppleWebKit/537.36 (KHTML, like Gecko) Chrome/149.0.0.0 Mobile Safari/537.36"
141.98.11.134 - - [23/Jun/2026:15:38:35 +0200] "GET / HTTP/1.1" 200 11732 "-" "Mozilla/5.0 (X11; Linux x86_64) AppleWebKit/537.36"
109.248.167.253 - - [23/Jun/2026:15:49:12 +0200] "POST /xmlrpc.php HTTP/1.1" 403 52 "-" "Python-xmlrpc/3.10"
65.108.235.243 - - [23/Jun/2026:15:49:20 +0200] "POST /wp-json/complianz/v1/wsc-scan HTTP/1.1" 400 88 "-" "WordPress/7.0; https://piacenza.elettroservicegroup.it"
109.248.167.253 - - [23/Jun/2026:15:49:20 +0200] "GET /wp-login.php HTTP/1.1" 200 3564 "-" "Mozilla/5.0 (Macintosh; Intel Mac OS X 10_12_6) AppleWebKit/603.3.8 (KHTML, like Gecko) Version/10.1.2 Safari/603.3.8"
65.108.235.243 - - [23/Jun/2026:15:49:20 +0200] "GET /assistenza-lavatrici-smeg-piacenza/ HTTP/1.1" 200 21711 "-" "WP Fastest Cache Preload Bot"
109.248.167.253 - - [23/Jun/2026:15:49:22 +0200] "GET /wp-login.php HTTP/1.1" 200 3564 "-" "Mozilla/5.0 (Macintosh; Intel Mac OS X 10_12_6) AppleWebKit/603.3.8 (KHTML, like Gecko) Version/10.1.2 Safari/603.3.8"
65.108.235.243 - - [23/Jun/2026:15:49:23 +0200] "GET /assistenza-lavatrici-rex-electrolux-piacenza/ HTTP/1.1" 200 21679 "-" "WP Fastest Cache Preload Bot"
109.248.167.253 - - [23/Jun/2026:15:49:26 +0200] "GET /wp-admin/post-new.php HTTP/1.1" 302 - "-" "Mozilla/5.0 (Macintosh; Intel Mac OS X 10_12_6) AppleWebKit/603.3.8 (KHTML, like Gecko) Version/10.1.2 Safari/603.3.8"
65.108.235.243 - - [23/Jun/2026:15:49:25 +0200] "GET /assistenza-lavatrici-indesit-piacenza/ HTTP/1.1" 200 21703 "-" "WP Fastest Cache Preload Bot"
109.248.167.253 - - [23/Jun/2026:15:49:27 +0200] "GET /wp-login.php?redirect_to=https%3A%2F%2Fpiacenza.elettroservicegroup.it%2Fwp-admin%2Fpost-new.php&reauth=1 HTTP/1.1" 200 3568 "-" "Mozilla/5.0 (Macintosh; Intel Mac OS X 10_12_6) AppleWebKit/603.3.8 (KHTML, like Gecko) Version/10.1.2 Safari/603.3.8"
65.108.235.243 - - [23/Jun/2026:15:49:28 +0200] "GET /assistenza-lavatrici-bosch-piacenza/ HTTP/1.1" 200 21747 "-" "WP Fastest Cache Preload Bot"
85.215.107.193 - - [23/Jun/2026:16:00:32 +0200] "GET /images/images/cache.php HTTP/1.1" 200 11848 "www.google.com" "Mozlila/5.0 (Linux; Android 7.0; SM-G892A Bulid/NRD90M; wv) AppleWebKit/537.36 (KHTML, like Gecko) Version/4.0 Chrome/60.0.3112.107 Moblie Safari/537.36"
65.108.235.243 - - [23/Jun/2026:16:20:08 +0200] "POST /wp-cron.php?doing_wp_cron=1782224408.9050500392913818359375 HTTP/1.1" 200 1 "-" "WordPress/7.0; https://piacenza.elettroservicegroup.it"
74.7.244.50 - - [23/Jun/2026:16:20:02 +0200] "GET /robots.txt HTTP/2.0" 301 1 "-" "Mozilla/5.0 (Macintosh; Intel Mac OS X 10_15_7) AppleWebKit/537.36 (KHTML, like Gecko) Chrome/131.0.0.0 Safari/537.36; compatible; OAI-SearchBot/1.4; robots.txt; +https://openai.com/searchbot"
74.7.244.50 - - [23/Jun/2026:16:20:09 +0200] "GET /robots.txt HTTP/2.0" 200 108 "https://www.piacenza.elettroservicegroup.it/robots.txt" "Mozilla/5.0 (Macintosh; Intel Mac OS X 10_15_7) AppleWebKit/537.36 (KHTML, like Gecko) Chrome/131.0.0.0 Safari/537.36; compatible; OAI-SearchBot/1.4; robots.txt; +https://openai.com/searchbot"
65.108.235.243 - - [23/Jun/2026:16:20:11 +0200] "GET /assistenza-lavatrici-ariston-piacenza/ HTTP/1.1" 200 21766 "-" "WP Fastest Cache Preload Bot"
65.108.235.243 - - [23/Jun/2026:16:20:13 +0200] "GET /assistenza-lavatrici-aeg-piacenza/ HTTP/1.1" 200 21770 "-" "WP Fastest Cache Preload Bot"
65.108.235.243 - - [23/Jun/2026:16:20:15 +0200] "GET /assistenza-lavatrici-piacenza/ HTTP/1.1" 200 22017 "-" "WP Fastest Cache Preload Bot"
65.108.235.243 - - [23/Jun/2026:16:20:18 +0200] "GET /assistenza-lavastoviglie-whirlpool-piacenza/ HTTP/1.1" 200 21716 "-" "WP Fastest Cache Preload Bot"
65.108.235.243 - - [23/Jun/2026:16:40:24 +0200] "POST /wp-cron.php?doing_wp_cron=1782225624.7104489803314208984375 HTTP/1.1" 200 1 "-" "WordPress/7.0; https://piacenza.elettroservicegroup.it"
66.249.64.165 - - [23/Jun/2026:16:40:19 +0200] "GET /?p=17867 HTTP/1.1" 404 16239 "-" "Mozilla/5.0 (Linux; Android 6.0.1; Nexus 5X Build/MMB29P) AppleWebKit/537.36 (KHTML, like Gecko) Chrome/148.0.7778.96 Mobile Safari/537.36 (compatible; Googlebot/2.1; +http://www.google.com/bot.html)"
65.108.235.243 - - [23/Jun/2026:16:40:26 +0200] "GET /assistenza-lavastoviglie-smeg-piacenza/ HTTP/1.1" 200 21663 "-" "WP Fastest Cache Preload Bot"
65.108.235.243 - - [23/Jun/2026:16:40:28 +0200] "GET /assistenza-lavastoviglie-rex-electrolux-piacenza/ HTTP/1.1" 200 21625 "-" "WP Fastest Cache Preload Bot"
65.108.235.243 - - [23/Jun/2026:16:40:30 +0200] "GET /assistenza-lavastoviglie-indesit-piacenza/ HTTP/1.1" 200 22131 "-" "WP Fastest Cache Preload Bot"
65.108.235.243 - - [23/Jun/2026:16:40:31 +0200] "GET /assistenza-lavastoviglie-bosch-piacenza/ HTTP/1.1" 200 22152 "-" "WP Fastest Cache Preload Bot"
65.108.235.243 - - [23/Jun/2026:17:18:26 +0200] "POST /wp-cron.php?doing_wp_cron=1782227906.6050720214843750000000 HTTP/1.1" 200 1 "-" "WordPress/7.0; https://piacenza.elettroservicegroup.it"
66.249.64.167 - - [23/Jun/2026:17:18:19 +0200] "GET /?p=17921 HTTP/1.1" 404 16239 "-" "Mozilla/5.0 (Linux; Android 6.0.1; Nexus 5X Build/MMB29P) AppleWebKit/537.36 (KHTML, like Gecko) Chrome/148.0.7778.96 Mobile Safari/537.36 (compatible; Googlebot/2.1; +http://www.google.com/bot.html)"
65.108.235.243 - - [23/Jun/2026:17:18:28 +0200] "POST /wp-json/complianz/v1/wsc-scan HTTP/1.1" 400 88 "-" "WordPress/7.0; https://piacenza.elettroservicegroup.it"
65.108.235.243 - - [23/Jun/2026:17:18:30 +0200] "GET /assistenza-lavastoviglie-ariston-piacenza/ HTTP/1.1" 200 22089 "-" "WP Fastest Cache Preload Bot"
65.108.235.243 - - [23/Jun/2026:17:18:32 +0200] "GET /assistenza-lavastoviglie-aeg-piacenza/ HTTP/1.1" 200 22144 "-" "WP Fastest Cache Preload Bot"
65.108.235.243 - - [23/Jun/2026:17:18:34 +0200] "GET /assistenza-lavastoviglie-piacenza/ HTTP/1.1" 200 21764 "-" "WP Fastest Cache Preload Bot"
65.108.235.243 - - [23/Jun/2026:17:18:35 +0200] "GET /assistenza-indesit-piacenza/ HTTP/1.1" 200 21799 "-" "WP Fastest Cache Preload Bot"
65.108.235.243 - - [23/Jun/2026:17:18:42 +0200] "GET /?wp_scrape_key=fb367653caf4524f907ea91c55ba9f8c&wp_scrape_nonce=1782227920 HTTP/1.1" 200 21954 "-" "WordPress/7.0; https://piacenza.elettroservicegroup.it"
65.108.235.243 - - [23/Jun/2026:17:34:38 +0200] "POST /wp-cron.php?doing_wp_cron=1782228878.0298569202423095703125 HTTP/1.1" 200 1 "-" "WordPress/7.0; https://piacenza.elettroservicegroup.it"
40.77.167.15 - - [23/Jun/2026:17:34:33 +0200] "GET /sitemap.rss HTTP/2.0" 200 1300 "-" "Mozilla/5.0 AppleWebKit/537.36 (KHTML, like Gecko; compatible; bingbot/2.0; +http://www.bing.com/bingbot.htm) Chrome/116.0.1938.76 Safari/537.36"
65.108.235.243 - - [23/Jun/2026:17:34:38 +0200] "GET /assistenza-candy-piacenza/ HTTP/1.1" 200 21898 "-" "WP Fastest Cache Preload Bot"
65.108.235.243 - - [23/Jun/2026:17:34:38 +0200] "GET /assistenza-bosch-piacenza/ HTTP/1.1" 200 21894 "-" "WP Fastest Cache Preload Bot"
65.108.235.243 - - [23/Jun/2026:17:34:40 +0200] "GET /assistenza-ariston-piacenza/ HTTP/1.1" 200 21888 "-" "WP Fastest Cache Preload Bot"
65.108.235.243 - - [23/Jun/2026:17:34:42 +0200] "GET /assistenza-aeg-piacenza/ HTTP/1.1" 200 21886 "-" "WP Fastest Cache Preload Bot"
65.108.235.243 - - [23/Jun/2026:17:35:38 +0200] "POST /wp-cron.php?doing_wp_cron=1782228938.6041851043701171875000 HTTP/1.1" 200 1 "-" "WordPress/7.0; https://piacenza.elettroservicegroup.it"
52.167.144.225 - - [23/Jun/2026:17:35:32 +0200] "GET /sitemap.xml HTTP/2.0" 200 332 "-" "Mozilla/5.0 AppleWebKit/537.36 (KHTML, like Gecko; compatible; bingbot/2.0; +http://www.bing.com/bingbot.htm) Chrome/116.0.1938.76 Safari/537.36"
65.108.235.243 - - [23/Jun/2026:18:10:47 +0200] "POST /wp-cron.php?doing_wp_cron=1782231047.6060678958892822265625 HTTP/1.1" 200 1 "-" "WordPress/7.0; https://piacenza.elettroservicegroup.it"
66.249.64.165 - - [23/Jun/2026:18:10:40 +0200] "GET /?p=18514 HTTP/1.1" 404 16240 "-" "Mozilla/5.0 (Linux; Android 6.0.1; Nexus 5X Build/MMB29P) AppleWebKit/537.36 (KHTML, like Gecko) Chrome/148.0.7778.96 Mobile Safari/537.36 (compatible; Googlebot/2.1; +http://www.google.com/bot.html)"
65.108.235.243 - - [23/Jun/2026:18:10:49 +0200] "GET /cookie-policy/ HTTP/1.1" 200 18009 "-" "WP Fastest Cache Preload Bot"
65.108.235.243 - - [23/Jun/2026:18:10:51 +0200] "GET /termini-e-condizioni/ HTTP/1.1" 200 17572 "-" "WP Fastest Cache Preload Bot"
65.108.235.243 - - [23/Jun/2026:18:10:53 +0200] "GET /cookie-policy-ue/ HTTP/1.1" 200 19444 "-" "WP Fastest Cache Preload Bot"
65.108.235.243 - - [23/Jun/2026:18:10:56 +0200] "GET /informativa-privacy/ HTTP/1.1" 200 19817 "-" "WP Fastest Cache Preload Bot"
65.108.235.243 - - [23/Jun/2026:18:25:17 +0200] "POST /wp-cron.php?doing_wp_cron=1782231917.4445030689239501953125 HTTP/1.1" 200 1 "-" "WordPress/7.0; https://piacenza.elettroservicegroup.it"
66.249.64.166 - - [23/Jun/2026:18:25:14 +0200] "GET /?p=18528 HTTP/1.1" 404 16240 "-" "Mozilla/5.0 (Linux; Android 6.0.1; Nexus 5X Build/MMB29P) AppleWebKit/537.36 (KHTML, like Gecko) Chrome/148.0.7778.96 Mobile Safari/537.36 (compatible; Googlebot/2.1; +http://www.google.com/bot.html)"
65.108.235.243 - - [23/Jun/2026:18:25:18 +0200] "POST /wp-json/complianz/v1/wsc-scan HTTP/1.1" 400 88 "-" "WordPress/7.0; https://piacenza.elettroservicegroup.it"
65.108.235.243 - - [23/Jun/2026:18:25:19 +0200] "GET /assistenza-frigoriferi/ HTTP/1.1" 200 19892 "-" "WP Fastest Cache Preload Bot"
65.108.235.243 - - [23/Jun/2026:18:25:24 +0200] "GET /assistenza-lavastoviglie/ HTTP/1.1" 200 19951 "-" "WP Fastest Cache Preload Bot"
65.108.235.243 - - [23/Jun/2026:18:25:28 +0200] "GET /assistenza-asciugatrici/ HTTP/1.1" 200 19702 "-" "WP Fastest Cache Preload Bot"
65.108.235.243 - - [23/Jun/2026:18:25:31 +0200] "GET /assistenza-lavatrici/ HTTP/1.1" 200 19447 "-" "WP Fastest Cache Preload Bot"
65.108.235.243 - - [23/Jun/2026:18:26:00 +0200] "POST /wp-cron.php?doing_wp_cron=1782231960.4974739551544189453125 HTTP/1.1" 200 1 "-" "WordPress/7.0; https://piacenza.elettroservicegroup.it"
66.249.64.166 - - [23/Jun/2026:18:25:58 +0200] "GET /?p=17811 HTTP/1.1" 404 16240 "-" "Mozilla/5.0 (Linux; Android 6.0.1; Nexus 5X Build/MMB29P) AppleWebKit/537.36 (KHTML, like Gecko) Chrome/148.0.7778.96 Mobile Safari/537.36 (compatible; Googlebot/2.1; +http://www.google.com/bot.html)"
170.168.243.187 - - [23/Jun/2026:18:30:59 +0200] "GET /wp-login.php HTTP/2.0" 200 11733 "-" "Mozilla/5.0 (Windows NT 10.0; Win64; x64) AppleWebKit/537.36 (KHTML, like Gecko) Chrome/120.0.0.0 Safari/537.36"
170.168.243.187 - - [23/Jun/2026:18:31:00 +0200] "GET /z0f76a1d14fd21a8fb5fd0d03e0fdc3d3cedae52f?wsidchk=9606292&pdata=https%253A%252F%252Fpiacenza.elettroservicegroup.it%252Fwp-login.php&id=7fa3b767c460b54a2be4d49030b349c7&ts=1782232259 HTTP/2.0" 302 276 "https://piacenza.elettroservicegroup.it/wp-login.php" "Mozilla/5.0 (Windows NT 10.0; Win64; x64) AppleWebKit/537.36 (KHTML, like Gecko) Chrome/120.0.0.0 Safari/537.36"
170.168.243.187 - - [23/Jun/2026:18:31:00 +0200] "GET /wp-login.php HTTP/2.0" 200 - "https://piacenza.elettroservicegroup.it/wp-login.php" "Mozilla/5.0 (Windows NT 10.0; Win64; x64) AppleWebKit/537.36 (KHTML, like Gecko) Chrome/120.0.0.0 Safari/537.36"
65.108.235.243 - - [23/Jun/2026:18:31:10 +0200] "POST /wp-cron.php?doing_wp_cron=1782232270.6037108898162841796875 HTTP/1.1" 200 1 "-" "WordPress/7.0; https://piacenza.elettroservicegroup.it"
170.168.243.187 - - [23/Jun/2026:18:31:04 +0200] "GET /wp-login.php HTTP/2.0" 200 3240 "https://piacenza.elettroservicegroup.it/wp-login.php" "Mozilla/5.0 (Windows NT 10.0; Win64; x64) AppleWebKit/537.36 (KHTML, like Gecko) Chrome/120.0.0.0 Safari/537.36"
170.168.243.187 - - [23/Jun/2026:18:31:11 +0200] "GET /wp-includes/js/zxcvbn-async.min.js?ver=1.0 HTTP/2.0" 200 188 "https://piacenza.elettroservicegroup.it/wp-login.php" "Mozilla/5.0 (Windows NT 10.0; Win64; x64) AppleWebKit/537.36 (KHTML, like Gecko) Chrome/120.0.0.0 Safari/537.36"
170.168.243.187 - - [23/Jun/2026:18:31:11 +0200] "GET /wp-admin/css/l10n.min.css?ver=7.0 HTTP/2.0" 200 677 "https://piacenza.elettroservicegroup.it/wp-login.php" "Mozilla/5.0 (Windows NT 10.0; Win64; x64) AppleWebKit/537.36 (KHTML, like Gecko) Chrome/120.0.0.0 Safari/537.36"
170.168.243.187 - - [23/Jun/2026:18:31:11 +0200] "GET /wp-includes/css/dist/base-styles/admin-schemes.min.css?ver=7.0 HTTP/2.0" 200 726 "https://piacenza.elettroservicegroup.it/wp-login.php" "Mozilla/5.0 (Windows NT 10.0; Win64; x64) AppleWebKit/537.36 (KHTML, like Gecko) Chrome/120.0.0.0 Safari/537.36"
170.168.243.187 - - [23/Jun/2026:18:31:11 +0200] "GET /wp-content/plugins/wordfence/modules/login-security/css/login.1778685035.css?ver=1.1.16 HTTP/2.0" 200 705 "https://piacenza.elettroservicegroup.it/wp-login.php" "Mozilla/5.0 (Windows NT 10.0; Win64; x64) AppleWebKit/537.36 (KHTML, like Gecko) Chrome/120.0.0.0 Safari/537.36"
170.168.243.187 - - [23/Jun/2026:18:31:11 +0200] "GET /wp-admin/js/password-strength-meter.min.js?ver=7.0 HTTP/2.0" 200 560 "https://piacenza.elettroservicegroup.it/wp-login.php" "Mozilla/5.0 (Windows NT 10.0; Win64; x64) AppleWebKit/537.36 (KHTML, like Gecko) Chrome/120.0.0.0 Safari/537.36"
170.168.243.187 - - [23/Jun/2026:18:31:11 +0200] "GET /wp-includes/css/buttons.min.css?ver=7.0 HTTP/2.0" 200 1462 "https://piacenza.elettroservicegroup.it/wp-login.php" "Mozilla/5.0 (Windows NT 10.0; Win64; x64) AppleWebKit/537.36 (KHTML, like Gecko) Chrome/120.0.0.0 Safari/537.36"
170.168.243.187 - - [23/Jun/2026:18:31:11 +0200] "GET /wp-admin/css/login.min.css?ver=7.0 HTTP/2.0" 200 2020 "https://piacenza.elettroservicegroup.it/wp-login.php" "Mozilla/5.0 (Windows NT 10.0; Win64; x64) AppleWebKit/537.36 (KHTML, like Gecko) Chrome/120.0.0.0 Safari/537.36"
170.168.243.187 - - [23/Jun/2026:18:31:11 +0200] "GET /wp-includes/js/jquery/jquery-migrate.min.js?ver=3.4.1 HTTP/2.0" 200 4685 "https://piacenza.elettroservicegroup.it/wp-login.php" "Mozilla/5.0 (Windows NT 10.0; Win64; x64) AppleWebKit/537.36 (KHTML, like Gecko) Chrome/120.0.0.0 Safari/537.36"
170.168.243.187 - - [23/Jun/2026:18:31:11 +0200] "GET /wp-includes/js/clipboard.min.js?ver=2.0.11 HTTP/2.0" 200 2997 "https://piacenza.elettroservicegroup.it/wp-login.php" "Mozilla/5.0 (Windows NT 10.0; Win64; x64) AppleWebKit/537.36 (KHTML, like Gecko) Chrome/120.0.0.0 Safari/537.36"
170.168.243.187 - - [23/Jun/2026:18:31:11 +0200] "GET /wp-includes/js/dist/hooks.min.js?ver=7496969728ca0f95732d HTTP/2.0" 200 1711 "https://piacenza.elettroservicegroup.it/wp-login.php" "Mozilla/5.0 (Windows NT 10.0; Win64; x64) AppleWebKit/537.36 (KHTML, like Gecko) Chrome/120.0.0.0 Safari/537.36"
170.168.243.187 - - [23/Jun/2026:18:31:11 +0200] "GET /wp-includes/js/dist/i18n.min.js?ver=781d11515ad3d91786ec HTTP/2.0" 200 2333 "https://piacenza.elettroservicegroup.it/wp-login.php" "Mozilla/5.0 (Windows NT 10.0; Win64; x64) AppleWebKit/537.36 (KHTML, like Gecko) Chrome/120.0.0.0 Safari/537.36"
170.168.243.187 - - [23/Jun/2026:18:31:11 +0200] "GET /wp-includes/css/dashicons.min.css?ver=7.0 HTTP/2.0" 200 35100 "https://piacenza.elettroservicegroup.it/wp-login.php" "Mozilla/5.0 (Windows NT 10.0; Win64; x64) AppleWebKit/537.36 (KHTML, like Gecko) Chrome/120.0.0.0 Safari/537.36"
170.168.243.187 - - [23/Jun/2026:18:31:11 +0200] "GET /wp-admin/css/forms.min.css?ver=7.0 HTTP/2.0" 200 6492 "https://piacenza.elettroservicegroup.it/wp-login.php" "Mozilla/5.0 (Windows NT 10.0; Win64; x64) AppleWebKit/537.36 (KHTML, like Gecko) Chrome/120.0.0.0 Safari/537.36"
170.168.243.187 - - [23/Jun/2026:18:31:11 +0200] "GET /wp-content/plugins/wordfence/modules/login-security/js/login.1778685035.js?ver=1.1.16 HTTP/2.0" 200 5237 "https://piacenza.elettroservicegroup.it/wp-login.php" "Mozilla/5.0 (Windows NT 10.0; Win64; x64) AppleWebKit/537.36 (KHTML, like Gecko) Chrome/120.0.0.0 Safari/537.36"
170.168.243.187 - - [23/Jun/2026:18:31:11 +0200] "GET /wp-includes/js/underscore.min.js?ver=1.13.8 HTTP/2.0" 200 7243 "https://piacenza.elettroservicegroup.it/wp-login.php" "Mozilla/5.0 (Windows NT 10.0; Win64; x64) AppleWebKit/537.36 (KHTML, like Gecko) Chrome/120.0.0.0 Safari/537.36"
170.168.243.187 - - [23/Jun/2026:18:31:11 +0200] "GET /wp-includes/js/dist/dom-ready.min.js?ver=a06281ae5cf5500e9317 HTTP/2.0" 200 398 "https://piacenza.elettroservicegroup.it/wp-login.php" "Mozilla/5.0 (Windows NT 10.0; Win64; x64) AppleWebKit/537.36 (KHTML, like Gecko) Chrome/120.0.0.0 Safari/537.36"
170.168.243.187 - - [23/Jun/2026:18:31:11 +0200] "GET /wp-includes/js/dist/a11y.min.js?ver=af934e5259bc51b8718e HTTP/2.0" 200 915 "https://piacenza.elettroservicegroup.it/wp-login.php" "Mozilla/5.0 (Windows NT 10.0; Win64; x64) AppleWebKit/537.36 (KHTML, like Gecko) Chrome/120.0.0.0 Safari/537.36"
170.168.243.187 - - [23/Jun/2026:18:31:11 +0200] "GET /wp-admin/js/user-profile.min.js?ver=7.0 HTTP/2.0" 200 2891 "https://piacenza.elettroservicegroup.it/wp-login.php" "Mozilla/5.0 (Windows NT 10.0; Win64; x64) AppleWebKit/537.36 (KHTML, like Gecko) Chrome/120.0.0.0 Safari/537.36"
170.168.243.187 - - [23/Jun/2026:18:31:11 +0200] "GET /wp-includes/js/jquery/jquery.min.js?ver=3.7.1 HTTP/2.0" 200 29769 "https://piacenza.elettroservicegroup.it/wp-login.php" "Mozilla/5.0 (Windows NT 10.0; Win64; x64) AppleWebKit/537.36 (KHTML, like Gecko) Chrome/120.0.0.0 Safari/537.36"
170.168.243.187 - - [23/Jun/2026:18:31:11 +0200] "GET /wp-includes/js/wp-util.min.js?ver=7.0 HTTP/2.0" 200 693 "https://piacenza.elettroservicegroup.it/wp-login.php" "Mozilla/5.0 (Windows NT 10.0; Win64; x64) AppleWebKit/537.36 (KHTML, like Gecko) Chrome/120.0.0.0 Safari/537.36"
170.168.243.187 - - [23/Jun/2026:18:31:11 +0200] "GET /wp-login.php HTTP/1.1" 200 11680 "-" "Mozilla/5.0 (Windows NT 10.0; Win64; x64) AppleWebKit/537.36 (KHTML, like Gecko) Chrome/120.0.0.0 Safari/537.36"
170.168.243.187 - - [23/Jun/2026:18:31:11 +0200] "GET /wp-admin/ HTTP/1.1" 200 11679 "-" "Mozilla/5.0 (Windows NT 10.0; Win64; x64) AppleWebKit/537.36 (KHTML, like Gecko) Chrome/120.0.0.0 Safari/537.36"
155.212.39.157 - - [23/Jun/2026:18:31:11 +0200] "GET /wp-login.php HTTP/2.0" 200 11650 "-" "Mozilla/5.0 (Windows NT 10.0; Win64; x64) AppleWebKit/537.36 (KHTML, like Gecko) Chrome/120.0.0.0 Safari/537.36"
155.212.39.157 - - [23/Jun/2026:18:31:12 +0200] "GET /z0f76a1d14fd21a8fb5fd0d03e0fdc3d3cedae52f?wsidchk=6987111&pdata=https%253A%252F%252Fpiacenza.elettroservicegroup.it%252Fwp-login.php&id=7fa3b767c460b54a2be4d49030b349c7&ts=1782232271 HTTP/2.0" 302 276 "https://piacenza.elettroservicegroup.it/wp-login.php" "Mozilla/5.0 (Windows NT 10.0; Win64; x64) AppleWebKit/537.36 (KHTML, like Gecko) Chrome/120.0.0.0 Safari/537.36"
155.212.39.157 - - [23/Jun/2026:18:31:12 +0200] "GET /wp-login.php HTTP/2.0" 200 3240 "https://piacenza.elettroservicegroup.it/wp-login.php" "Mozilla/5.0 (Windows NT 10.0; Win64; x64) AppleWebKit/537.36 (KHTML, like Gecko) Chrome/120.0.0.0 Safari/537.36"
155.212.39.157 - - [23/Jun/2026:18:31:14 +0200] "GET /wp-includes/js/zxcvbn-async.min.js?ver=1.0 HTTP/2.0" 200 188 "https://piacenza.elettroservicegroup.it/wp-login.php" "Mozilla/5.0 (Windows NT 10.0; Win64; x64) AppleWebKit/537.36 (KHTML, like Gecko) Chrome/120.0.0.0 Safari/537.36"
155.212.39.157 - - [23/Jun/2026:18:31:14 +0200] "GET /wp-includes/css/buttons.min.css?ver=7.0 HTTP/2.0" 200 1462 "https://piacenza.elettroservicegroup.it/wp-login.php" "Mozilla/5.0 (Windows NT 10.0; Win64; x64) AppleWebKit/537.36 (KHTML, like Gecko) Chrome/120.0.0.0 Safari/537.36"
155.212.39.157 - - [23/Jun/2026:18:31:14 +0200] "GET /wp-admin/css/l10n.min.css?ver=7.0 HTTP/2.0" 200 677 "https://piacenza.elettroservicegroup.it/wp-login.php" "Mozilla/5.0 (Windows NT 10.0; Win64; x64) AppleWebKit/537.36 (KHTML, like Gecko) Chrome/120.0.0.0 Safari/537.36"
155.212.39.157 - - [23/Jun/2026:18:31:14 +0200] "GET /wp-includes/css/dist/base-styles/admin-schemes.min.css?ver=7.0 HTTP/2.0" 200 726 "https://piacenza.elettroservicegroup.it/wp-login.php" "Mozilla/5.0 (Windows NT 10.0; Win64; x64) AppleWebKit/537.36 (KHTML, like Gecko) Chrome/120.0.0.0 Safari/537.36"
155.212.39.157 - - [23/Jun/2026:18:31:14 +0200] "GET /wp-admin/css/login.min.css?ver=7.0 HTTP/2.0" 200 2020 "https://piacenza.elettroservicegroup.it/wp-login.php" "Mozilla/5.0 (Windows NT 10.0; Win64; x64) AppleWebKit/537.36 (KHTML, like Gecko) Chrome/120.0.0.0 Safari/537.36"
155.212.39.157 - - [23/Jun/2026:18:31:14 +0200] "GET /wp-admin/js/password-strength-meter.min.js?ver=7.0 HTTP/2.0" 200 560 "https://piacenza.elettroservicegroup.it/wp-login.php" "Mozilla/5.0 (Windows NT 10.0; Win64; x64) AppleWebKit/537.36 (KHTML, like Gecko) Chrome/120.0.0.0 Safari/537.36"
155.212.39.157 - - [23/Jun/2026:18:31:14 +0200] "GET /wp-includes/js/wp-util.min.js?ver=7.0 HTTP/2.0" 200 693 "https://piacenza.elettroservicegroup.it/wp-login.php" "Mozilla/5.0 (Windows NT 10.0; Win64; x64) AppleWebKit/537.36 (KHTML, like Gecko) Chrome/120.0.0.0 Safari/537.36"
155.212.39.157 - - [23/Jun/2026:18:31:14 +0200] "GET /wp-includes/js/dist/dom-ready.min.js?ver=a06281ae5cf5500e9317 HTTP/2.0" 200 398 "https://piacenza.elettroservicegroup.it/wp-login.php" "Mozilla/5.0 (Windows NT 10.0; Win64; x64) AppleWebKit/537.36 (KHTML, like Gecko) Chrome/120.0.0.0 Safari/537.36"
155.212.39.157 - - [23/Jun/2026:18:31:14 +0200] "GET /wp-includes/js/dist/a11y.min.js?ver=af934e5259bc51b8718e HTTP/2.0" 200 915 "https://piacenza.elettroservicegroup.it/wp-login.php" "Mozilla/5.0 (Windows NT 10.0; Win64; x64) AppleWebKit/537.36 (KHTML, like Gecko) Chrome/120.0.0.0 Safari/537.36"
155.212.39.157 - - [23/Jun/2026:18:31:14 +0200] "GET /wp-includes/js/jquery/jquery-migrate.min.js?ver=3.4.1 HTTP/2.0" 200 4685 "https://piacenza.elettroservicegroup.it/wp-login.php" "Mozilla/5.0 (Windows NT 10.0; Win64; x64) AppleWebKit/537.36 (KHTML, like Gecko) Chrome/120.0.0.0 Safari/537.36"
155.212.39.157 - - [23/Jun/2026:18:31:14 +0200] "GET /wp-content/plugins/wordfence/modules/login-security/js/login.1778685035.js?ver=1.1.16 HTTP/2.0" 200 5237 "https://piacenza.elettroservicegroup.it/wp-login.php" "Mozilla/5.0 (Windows NT 10.0; Win64; x64) AppleWebKit/537.36 (KHTML, like Gecko) Chrome/120.0.0.0 Safari/537.36"
155.212.39.157 - - [23/Jun/2026:18:31:14 +0200] "GET /wp-includes/js/clipboard.min.js?ver=2.0.11 HTTP/2.0" 200 2997 "https://piacenza.elettroservicegroup.it/wp-login.php" "Mozilla/5.0 (Windows NT 10.0; Win64; x64) AppleWebKit/537.36 (KHTML, like Gecko) Chrome/120.0.0.0 Safari/537.36"
155.212.39.157 - - [23/Jun/2026:18:31:14 +0200] "GET /wp-includes/js/dist/hooks.min.js?ver=7496969728ca0f95732d HTTP/2.0" 200 1711 "https://piacenza.elettroservicegroup.it/wp-login.php" "Mozilla/5.0 (Windows NT 10.0; Win64; x64) AppleWebKit/537.36 (KHTML, like Gecko) Chrome/120.0.0.0 Safari/537.36"
155.212.39.157 - - [23/Jun/2026:18:31:14 +0200] "GET /wp-includes/js/dist/i18n.min.js?ver=781d11515ad3d91786ec HTTP/2.0" 200 2333 "https://piacenza.elettroservicegroup.it/wp-login.php" "Mozilla/5.0 (Windows NT 10.0; Win64; x64) AppleWebKit/537.36 (KHTML, like Gecko) Chrome/120.0.0.0 Safari/537.36"
155.212.39.157 - - [23/Jun/2026:18:31:14 +0200] "GET /wp-includes/js/underscore.min.js?ver=1.13.8 HTTP/2.0" 200 7243 "https://piacenza.elettroservicegroup.it/wp-login.php" "Mozilla/5.0 (Windows NT 10.0; Win64; x64) AppleWebKit/537.36 (KHTML, like Gecko) Chrome/120.0.0.0 Safari/537.36"
155.212.39.157 - - [23/Jun/2026:18:31:14 +0200] "GET /wp-admin/js/user-profile.min.js?ver=7.0 HTTP/2.0" 200 2891 "https://piacenza.elettroservicegroup.it/wp-login.php" "Mozilla/5.0 (Windows NT 10.0; Win64; x64) AppleWebKit/537.36 (KHTML, like Gecko) Chrome/120.0.0.0 Safari/537.36"
155.212.39.157 - - [23/Jun/2026:18:31:14 +0200] "GET /wp-includes/css/dashicons.min.css?ver=7.0 HTTP/2.0" 200 35100 "https://piacenza.elettroservicegroup.it/wp-login.php" "Mozilla/5.0 (Windows NT 10.0; Win64; x64) AppleWebKit/537.36 (KHTML, like Gecko) Chrome/120.0.0.0 Safari/537.36"
155.212.39.157 - - [23/Jun/2026:18:31:14 +0200] "GET /wp-admin/css/forms.min.css?ver=7.0 HTTP/2.0" 200 6492 "https://piacenza.elettroservicegroup.it/wp-login.php" "Mozilla/5.0 (Windows NT 10.0; Win64; x64) AppleWebKit/537.36 (KHTML, like Gecko) Chrome/120.0.0.0 Safari/537.36"
155.212.39.157 - - [23/Jun/2026:18:31:14 +0200] "GET /wp-content/plugins/wordfence/modules/login-security/css/login.1778685035.css?ver=1.1.16 HTTP/2.0" 200 705 "https://piacenza.elettroservicegroup.it/wp-login.php" "Mozilla/5.0 (Windows NT 10.0; Win64; x64) AppleWebKit/537.36 (KHTML, like Gecko) Chrome/120.0.0.0 Safari/537.36"
155.212.39.157 - - [23/Jun/2026:18:31:14 +0200] "GET /wp-includes/js/jquery/jquery.min.js?ver=3.7.1 HTTP/2.0" 200 29769 "https://piacenza.elettroservicegroup.it/wp-login.php" "Mozilla/5.0 (Windows NT 10.0; Win64; x64) AppleWebKit/537.36 (KHTML, like Gecko) Chrome/120.0.0.0 Safari/537.36"
155.212.39.157 - - [23/Jun/2026:18:31:14 +0200] "GET /wp-login.php HTTP/1.1" 200 11718 "-" "Mozilla/5.0 (Windows NT 10.0; Win64; x64) AppleWebKit/537.36 (KHTML, like Gecko) Chrome/120.0.0.0 Safari/537.36"
155.212.39.157 - - [23/Jun/2026:18:31:14 +0200] "GET /wp-admin/ HTTP/1.1" 200 11717 "-" "Mozilla/5.0 (Windows NT 10.0; Win64; x64) AppleWebKit/537.36 (KHTML, like Gecko) Chrome/120.0.0.0 Safari/537.36"
65.108.235.243 - - [23/Jun/2026:18:31:12 +0200] "GET / HTTP/1.1" 200 21819 "-" "WP Fastest Cache Preload Bot"
45.132.186.115 - - [23/Jun/2026:18:31:15 +0200] "GET /wp-login.php HTTP/2.0" 200 3240 "-" "Mozilla/5.0 (Windows NT 10.0; Win64; x64) AppleWebKit/537.36 (KHTML, like Gecko) Chrome/120.0.0.0 Safari/537.36"
45.132.186.115 - - [23/Jun/2026:18:31:17 +0200] "GET /wp-includes/css/buttons.min.css?ver=7.0 HTTP/2.0" 200 1462 "https://piacenza.elettroservicegroup.it/wp-login.php" "Mozilla/5.0 (Windows NT 10.0; Win64; x64) AppleWebKit/537.36 (KHTML, like Gecko) Chrome/120.0.0.0 Safari/537.36"
45.132.186.115 - - [23/Jun/2026:18:31:17 +0200] "GET /wp-content/plugins/wordfence/modules/login-security/js/login.1778685035.js?ver=1.1.16 HTTP/2.0" 200 5237 "https://piacenza.elettroservicegroup.it/wp-login.php" "Mozilla/5.0 (Windows NT 10.0; Win64; x64) AppleWebKit/537.36 (KHTML, like Gecko) Chrome/120.0.0.0 Safari/537.36"
45.132.186.115 - - [23/Jun/2026:18:31:17 +0200] "GET /wp-admin/css/forms.min.css?ver=7.0 HTTP/2.0" 200 6492 "https://piacenza.elettroservicegroup.it/wp-login.php" "Mozilla/5.0 (Windows NT 10.0; Win64; x64) AppleWebKit/537.36 (KHTML, like Gecko) Chrome/120.0.0.0 Safari/537.36"
45.132.186.115 - - [23/Jun/2026:18:31:17 +0200] "GET /wp-includes/js/jquery/jquery-migrate.min.js?ver=3.4.1 HTTP/2.0" 200 4685 "https://piacenza.elettroservicegroup.it/wp-login.php" "Mozilla/5.0 (Windows NT 10.0; Win64; x64) AppleWebKit/537.36 (KHTML, like Gecko) Chrome/120.0.0.0 Safari/537.36"
45.132.186.115 - - [23/Jun/2026:18:31:17 +0200] "GET /wp-includes/css/dashicons.min.css?ver=7.0 HTTP/2.0" 200 35100 "https://piacenza.elettroservicegroup.it/wp-login.php" "Mozilla/5.0 (Windows NT 10.0; Win64; x64) AppleWebKit/537.36 (KHTML, like Gecko) Chrome/120.0.0.0 Safari/537.36"
45.132.186.115 - - [23/Jun/2026:18:31:17 +0200] "GET /wp-admin/css/l10n.min.css?ver=7.0 HTTP/2.0" 200 677 "https://piacenza.elettroservicegroup.it/wp-login.php" "Mozilla/5.0 (Windows NT 10.0; Win64; x64) AppleWebKit/537.36 (KHTML, like Gecko) Chrome/120.0.0.0 Safari/537.36"
45.132.186.115 - - [23/Jun/2026:18:31:17 +0200] "GET /wp-admin/css/login.min.css?ver=7.0 HTTP/2.0" 200 2020 "https://piacenza.elettroservicegroup.it/wp-login.php" "Mozilla/5.0 (Windows NT 10.0; Win64; x64) AppleWebKit/537.36 (KHTML, like Gecko) Chrome/120.0.0.0 Safari/537.36"
45.132.186.115 - - [23/Jun/2026:18:31:17 +0200] "GET /wp-includes/js/zxcvbn-async.min.js?ver=1.0 HTTP/2.0" 200 188 "https://piacenza.elettroservicegroup.it/wp-login.php" "Mozilla/5.0 (Windows NT 10.0; Win64; x64) AppleWebKit/537.36 (KHTML, like Gecko) Chrome/120.0.0.0 Safari/537.36"
45.132.186.115 - - [23/Jun/2026:18:31:17 +0200] "GET /wp-includes/js/dist/hooks.min.js?ver=7496969728ca0f95732d HTTP/2.0" 200 1711 "https://piacenza.elettroservicegroup.it/wp-login.php" "Mozilla/5.0 (Windows NT 10.0; Win64; x64) AppleWebKit/537.36 (KHTML, like Gecko) Chrome/120.0.0.0 Safari/537.36"
45.132.186.115 - - [23/Jun/2026:18:31:17 +0200] "GET /wp-includes/js/clipboard.min.js?ver=2.0.11 HTTP/2.0" 200 2997 "https://piacenza.elettroservicegroup.it/wp-login.php" "Mozilla/5.0 (Windows NT 10.0; Win64; x64) AppleWebKit/537.36 (KHTML, like Gecko) Chrome/120.0.0.0 Safari/537.36"
45.132.186.115 - - [23/Jun/2026:18:31:17 +0200] "GET /wp-content/plugins/wordfence/modules/login-security/css/login.1778685035.css?ver=1.1.16 HTTP/2.0" 200 705 "https://piacenza.elettroservicegroup.it/wp-login.php" "Mozilla/5.0 (Windows NT 10.0; Win64; x64) AppleWebKit/537.36 (KHTML, like Gecko) Chrome/120.0.0.0 Safari/537.36"
45.132.186.115 - - [23/Jun/2026:18:31:17 +0200] "GET /wp-includes/css/dist/base-styles/admin-schemes.min.css?ver=7.0 HTTP/2.0" 200 726 "https://piacenza.elettroservicegroup.it/wp-login.php" "Mozilla/5.0 (Windows NT 10.0; Win64; x64) AppleWebKit/537.36 (KHTML, like Gecko) Chrome/120.0.0.0 Safari/537.36"
45.132.186.115 - - [23/Jun/2026:18:31:17 +0200] "GET /wp-includes/js/dist/i18n.min.js?ver=781d11515ad3d91786ec HTTP/2.0" 200 2333 "https://piacenza.elettroservicegroup.it/wp-login.php" "Mozilla/5.0 (Windows NT 10.0; Win64; x64) AppleWebKit/537.36 (KHTML, like Gecko) Chrome/120.0.0.0 Safari/537.36"
45.132.186.115 - - [23/Jun/2026:18:31:17 +0200] "GET /wp-admin/js/password-strength-meter.min.js?ver=7.0 HTTP/2.0" 200 560 "https://piacenza.elettroservicegroup.it/wp-login.php" "Mozilla/5.0 (Windows NT 10.0; Win64; x64) AppleWebKit/537.36 (KHTML, like Gecko) Chrome/120.0.0.0 Safari/537.36"
