45.132.186.115 - - [23/Jun/2026:18:31:17 +0200] "GET /wp-includes/js/wp-util.min.js?ver=7.0 HTTP/2.0" 200 693 "https://piacenza.elettroservicegroup.it/wp-login.php" "Mozilla/5.0 (Windows NT 10.0; Win64; x64) AppleWebKit/537.36 (KHTML, like Gecko) Chrome/120.0.0.0 Safari/537.36"
45.132.186.115 - - [23/Jun/2026:18:31:17 +0200] "GET /wp-includes/js/dist/dom-ready.min.js?ver=a06281ae5cf5500e9317 HTTP/2.0" 200 398 "https://piacenza.elettroservicegroup.it/wp-login.php" "Mozilla/5.0 (Windows NT 10.0; Win64; x64) AppleWebKit/537.36 (KHTML, like Gecko) Chrome/120.0.0.0 Safari/537.36"
45.132.186.115 - - [23/Jun/2026:18:31:17 +0200] "GET /wp-includes/js/underscore.min.js?ver=1.13.8 HTTP/2.0" 200 7243 "https://piacenza.elettroservicegroup.it/wp-login.php" "Mozilla/5.0 (Windows NT 10.0; Win64; x64) AppleWebKit/537.36 (KHTML, like Gecko) Chrome/120.0.0.0 Safari/537.36"
45.132.186.115 - - [23/Jun/2026:18:31:17 +0200] "GET /wp-includes/js/dist/a11y.min.js?ver=af934e5259bc51b8718e HTTP/2.0" 200 915 "https://piacenza.elettroservicegroup.it/wp-login.php" "Mozilla/5.0 (Windows NT 10.0; Win64; x64) AppleWebKit/537.36 (KHTML, like Gecko) Chrome/120.0.0.0 Safari/537.36"
45.132.186.115 - - [23/Jun/2026:18:31:17 +0200] "GET /wp-admin/js/user-profile.min.js?ver=7.0 HTTP/2.0" 200 2891 "https://piacenza.elettroservicegroup.it/wp-login.php" "Mozilla/5.0 (Windows NT 10.0; Win64; x64) AppleWebKit/537.36 (KHTML, like Gecko) Chrome/120.0.0.0 Safari/537.36"
45.132.186.115 - - [23/Jun/2026:18:31:17 +0200] "GET /wp-includes/js/jquery/jquery.min.js?ver=3.7.1 HTTP/2.0" 200 29769 "https://piacenza.elettroservicegroup.it/wp-login.php" "Mozilla/5.0 (Windows NT 10.0; Win64; x64) AppleWebKit/537.36 (KHTML, like Gecko) Chrome/120.0.0.0 Safari/537.36"
45.132.186.115 - - [23/Jun/2026:18:31:17 +0200] "GET /wp-admin/images/wordpress-logo-gray.svg?ver=20260303 HTTP/2.0" 200 765 "https://piacenza.elettroservicegroup.it/wp-admin/css/login.min.css?ver=7.0" "Mozilla/5.0 (Windows NT 10.0; Win64; x64) AppleWebKit/537.36 (KHTML, like Gecko) Chrome/120.0.0.0 Safari/537.36"
45.132.186.115 - - [23/Jun/2026:18:31:18 +0200] "GET /wp-includes/js/zxcvbn.min.js HTTP/2.0" 200 387992 "https://piacenza.elettroservicegroup.it/wp-login.php" "Mozilla/5.0 (Windows NT 10.0; Win64; x64) AppleWebKit/537.36 (KHTML, like Gecko) Chrome/120.0.0.0 Safari/537.36"
45.132.186.115 - - [23/Jun/2026:18:31:20 +0200] "GET /wp-login.php HTTP/1.1" 200 3564 "-" "Mozilla/5.0 (Windows NT 10.0; Win64; x64) AppleWebKit/537.36 (KHTML, like Gecko) Chrome/120.0.0.0 Safari/537.36"
45.132.186.115 - - [23/Jun/2026:18:31:19 +0200] "POST /wp-admin/admin-ajax.php HTTP/2.0" 200 - "https://piacenza.elettroservicegroup.it/wp-login.php" "Mozilla/5.0 (Windows NT 10.0; Win64; x64) AppleWebKit/537.36 (KHTML, like Gecko) Chrome/120.0.0.0 Safari/537.36"
45.132.186.115 - - [23/Jun/2026:18:31:22 +0200] "POST /wp-login.php HTTP/1.1" 200 3717 "https://piacenza.elettroservicegroup.it/wp-login.php" "Mozilla/5.0 (Windows NT 10.0; Win64; x64) AppleWebKit/537.36 (KHTML, like Gecko) Chrome/120.0.0.0 Safari/537.36"
65.108.235.243 - - [23/Jun/2026:18:31:26 +0200] "POST /wp-cron.php?doing_wp_cron=1782232286.3905639648437500000000 HTTP/1.1" 200 1 "-" "WordPress/7.0; https://piacenza.elettroservicegroup.it"
45.132.186.115 - - [23/Jun/2026:18:31:25 +0200] "GET /wp-admin/ HTTP/1.1" 302 - "-" "Mozilla/5.0 (Windows NT 10.0; Win64; x64) AppleWebKit/537.36 (KHTML, like Gecko) Chrome/120.0.0.0 Safari/537.36"
45.132.186.115 - - [23/Jun/2026:18:31:27 +0200] "GET /wp-login.php?redirect_to=https%3A%2F%2Fpiacenza.elettroservicegroup.it%2Fwp-admin%2F&reauth=1 HTTP/1.1" 200 3560 "https://piacenza.elettroservicegroup.it/wp-admin/" "Mozilla/5.0 (Windows NT 10.0; Win64; x64) AppleWebKit/537.36 (KHTML, like Gecko) Chrome/120.0.0.0 Safari/537.36"
45.132.186.115 - - [23/Jun/2026:18:31:29 +0200] "POST /wp-admin/ HTTP/1.1" 302 - "https://piacenza.elettroservicegroup.it/wp-admin/" "Mozilla/5.0 (Windows NT 10.0; Win64; x64) AppleWebKit/537.36 (KHTML, like Gecko) Chrome/120.0.0.0 Safari/537.36"
45.132.186.115 - - [23/Jun/2026:18:31:31 +0200] "GET /wp-login.php?redirect_to=https%3A%2F%2Fpiacenza.elettroservicegroup.it%2Fwp-admin%2F&reauth=1 HTTP/1.1" 200 3560 "https://piacenza.elettroservicegroup.it/wp-admin/" "Mozilla/5.0 (Windows NT 10.0; Win64; x64) AppleWebKit/537.36 (KHTML, like Gecko) Chrome/120.0.0.0 Safari/537.36"
52.167.144.175 - - [23/Jun/2026:18:46:43 +0200] "GET /assistenza-frigoriferi/ HTTP/2.0" 200 19870 "-" "Mozilla/5.0 AppleWebKit/537.36 (KHTML, like Gecko; compatible; bingbot/2.0; +http://www.bing.com/bingbot.htm) Chrome/116.0.1938.76 Safari/537.36"
52.167.144.20 - - [23/Jun/2026:18:47:19 +0200] "GET /wp-content/uploads/elementor/css/post-14146.css?ver=1782227923 HTTP/2.0" 200 428 "https://piacenza.elettroservicegroup.it/assistenza-frigoriferi/" "Mozilla/5.0 AppleWebKit/537.36 (KHTML, like Gecko; compatible; bingbot/2.0; +http://www.bing.com/bingbot.htm) Chrome/136.0.0.0 Safari/537.36 AppleWebKit/537.36 (KHTML, like Gecko; compatible; bingbot/2.0; +http://www.bing.com/bingbot.htm) Chrome/116.0.1938.76 Safari/537.36"
52.167.144.20 - - [23/Jun/2026:18:47:19 +0200] "GET /wp-content/plugins/elementor/assets/js/frontend.min.js?ver=4.1.4 HTTP/2.0" 200 10140 "https://piacenza.elettroservicegroup.it/assistenza-frigoriferi/" "Mozilla/5.0 AppleWebKit/537.36 (KHTML, like Gecko; compatible; bingbot/2.0; +http://www.bing.com/bingbot.htm) Chrome/136.0.0.0 Safari/537.36 AppleWebKit/537.36 (KHTML, like Gecko; compatible; bingbot/2.0; +http://www.bing.com/bingbot.htm) Chrome/116.0.1938.76 Safari/537.36"
40.77.167.75 - - [23/Jun/2026:18:47:26 +0200] "GET /wp-content/plugins/elementor/assets/js/frontend-modules.min.js?ver=4.1.4 HTTP/2.0" 200 15454 "https://piacenza.elettroservicegroup.it/assistenza-frigoriferi/" "Mozilla/5.0 AppleWebKit/537.36 (KHTML, like Gecko; compatible; bingbot/2.0; +http://www.bing.com/bingbot.htm) Chrome/136.0.0.0 Safari/537.36 AppleWebKit/537.36 (KHTML, like Gecko; compatible; bingbot/2.0; +http://www.bing.com/bingbot.htm) Chrome/116.0.1938.76 Safari/537.36"
40.77.167.75 - - [23/Jun/2026:18:47:26 +0200] "GET /wp-content/themes/generatepress/assets/js/back-to-top.min.js?ver=3.6.1 HTTP/2.0" 200 336 "https://piacenza.elettroservicegroup.it/assistenza-frigoriferi/" "Mozilla/5.0 AppleWebKit/537.36 (KHTML, like Gecko; compatible; bingbot/2.0; +http://www.bing.com/bingbot.htm) Chrome/136.0.0.0 Safari/537.36 AppleWebKit/537.36 (KHTML, like Gecko; compatible; bingbot/2.0; +http://www.bing.com/bingbot.htm) Chrome/116.0.1938.76 Safari/537.36"
52.167.144.175 - - [23/Jun/2026:18:47:30 +0200] "GET /wp-content/cache/wpfc-minified/98f2uwim/2b8mf.css HTTP/2.0" 200 418 "https://piacenza.elettroservicegroup.it/assistenza-frigoriferi/" "Mozilla/5.0 AppleWebKit/537.36 (KHTML, like Gecko; compatible; bingbot/2.0; +http://www.bing.com/bingbot.htm) Chrome/136.0.0.0 Safari/537.36 AppleWebKit/537.36 (KHTML, like Gecko; compatible; bingbot/2.0; +http://www.bing.com/bingbot.htm) Chrome/116.0.1938.76 Safari/537.36"
40.77.177.141 - - [23/Jun/2026:19:03:19 +0200] "GET /wp-content/uploads/elementor/css/post-14366.css?ver=1782227924 HTTP/2.0" 200 302 "https://piacenza.elettroservicegroup.it/assistenza-frigoriferi/" "Mozilla/5.0 AppleWebKit/537.36 (KHTML, like Gecko; compatible; bingbot/2.0; +http://www.bing.com/bingbot.htm) Chrome/136.0.0.0 Safari/537.36"
40.77.177.141 - - [23/Jun/2026:19:03:19 +0200] "GET /wp-content/uploads/elementor/css/post-15287.css?ver=1782231922 HTTP/2.0" 200 1924 "https://piacenza.elettroservicegroup.it/assistenza-frigoriferi/" "Mozilla/5.0 AppleWebKit/537.36 (KHTML, like Gecko; compatible; bingbot/2.0; +http://www.bing.com/bingbot.htm) Chrome/136.0.0.0 Safari/537.36"
40.77.177.141 - - [23/Jun/2026:19:03:19 +0200] "GET /wp-content/cache/wpfc-minified/lkeozi6d/2b8mf.css HTTP/2.0" 200 7521 "https://piacenza.elettroservicegroup.it/assistenza-frigoriferi/" "Mozilla/5.0 AppleWebKit/537.36 (KHTML, like Gecko; compatible; bingbot/2.0; +http://www.bing.com/bingbot.htm) Chrome/136.0.0.0 Safari/537.36"
40.77.177.141 - - [23/Jun/2026:19:03:19 +0200] "GET /wp-content/cache/wpfc-minified/d4x63ew1/2hl54.css HTTP/2.0" 200 16437 "https://piacenza.elettroservicegroup.it/assistenza-frigoriferi/" "Mozilla/5.0 AppleWebKit/537.36 (KHTML, like Gecko; compatible; bingbot/2.0; +http://www.bing.com/bingbot.htm) Chrome/136.0.0.0 Safari/537.36"
40.77.177.141 - - [23/Jun/2026:19:03:19 +0200] "GET /wp-content/cache/wpfc-minified/9h35mpo4/2b8mf.css HTTP/2.0" 200 4410 "https://piacenza.elettroservicegroup.it/assistenza-frigoriferi/" "Mozilla/5.0 AppleWebKit/537.36 (KHTML, like Gecko; compatible; bingbot/2.0; +http://www.bing.com/bingbot.htm) Chrome/136.0.0.0 Safari/537.36"
40.77.177.141 - - [23/Jun/2026:19:03:19 +0200] "GET /wp-content/cache/wpfc-minified/qha2vzve/2b8mf.css HTTP/2.0" 200 11343 "https://piacenza.elettroservicegroup.it/assistenza-frigoriferi/" "Mozilla/5.0 AppleWebKit/537.36 (KHTML, like Gecko; compatible; bingbot/2.0; +http://www.bing.com/bingbot.htm) Chrome/136.0.0.0 Safari/537.36"
40.77.177.141 - - [23/Jun/2026:19:03:19 +0200] "GET /wp-content/cache/wpfc-minified/6ykfum2g/2bdz9.css HTTP/2.0" 200 14492 "https://piacenza.elettroservicegroup.it/assistenza-frigoriferi/" "Mozilla/5.0 AppleWebKit/537.36 (KHTML, like Gecko; compatible; bingbot/2.0; +http://www.bing.com/bingbot.htm) Chrome/136.0.0.0 Safari/537.36"
40.77.177.141 - - [23/Jun/2026:19:03:19 +0200] "GET /wp-content/cache/wpfc-minified/30gnld0u/2b8mf.css HTTP/2.0" 200 19038 "https://piacenza.elettroservicegroup.it/assistenza-frigoriferi/" "Mozilla/5.0 AppleWebKit/537.36 (KHTML, like Gecko; compatible; bingbot/2.0; +http://www.bing.com/bingbot.htm) Chrome/136.0.0.0 Safari/537.36"
40.77.177.141 - - [23/Jun/2026:19:03:19 +0200] "GET /wp-content/plugins/elementor/assets/js/webpack.runtime.min.js?ver=4.1.4 HTTP/2.0" 200 2340 "https://piacenza.elettroservicegroup.it/assistenza-frigoriferi/" "Mozilla/5.0 AppleWebKit/537.36 (KHTML, like Gecko; compatible; bingbot/2.0; +http://www.bing.com/bingbot.htm) Chrome/136.0.0.0 Safari/537.36"
40.77.177.141 - - [23/Jun/2026:19:03:19 +0200] "GET /wp-content/cache/wpfc-minified/kajgjpa1/2b8mf.js HTTP/2.0" 200 37594 "https://piacenza.elettroservicegroup.it/assistenza-frigoriferi/" "Mozilla/5.0 AppleWebKit/537.36 (KHTML, like Gecko; compatible; bingbot/2.0; +http://www.bing.com/bingbot.htm) Chrome/136.0.0.0 Safari/537.36"
40.77.177.141 - - [23/Jun/2026:19:03:19 +0200] "GET /wp-content/themes/generatepress/assets/js/menu.min.js?ver=3.6.1 HTTP/2.0" 200 1688 "https://piacenza.elettroservicegroup.it/assistenza-frigoriferi/" "Mozilla/5.0 AppleWebKit/537.36 (KHTML, like Gecko; compatible; bingbot/2.0; +http://www.bing.com/bingbot.htm) Chrome/136.0.0.0 Safari/537.36"
66.249.64.166 - - [23/Jun/2026:19:14:27 +0200] "GET /wp-content/uploads/2021/11/TECNICO-ELETTRODOMESTICI-2.jpg HTTP/1.1" 200 17166 "-" "Googlebot-Image/1.0"
66.249.64.167 - - [23/Jun/2026:19:38:35 +0200] "GET /wp-content/uploads/2022/08/ASCIUGATRICE-TECNIC-2-300x225.jpg HTTP/1.1" 200 16834 "-" "Googlebot-Image/1.0"
46.8.212.79 - - [23/Jun/2026:19:42:28 +0200] "POST /xmlrpc.php HTTP/1.1" 403 52 "-" "Python-xmlrpc/3.10"
46.8.212.79 - - [23/Jun/2026:19:42:33 +0200] "GET /wp-login.php HTTP/1.1" 200 3564 "-" "Mozilla/5.0 (Macintosh; Intel Mac OS X 10_12_6) AppleWebKit/603.3.8 (KHTML, like Gecko) Version/10.1.2 Safari/603.3.8"
65.108.235.243 - - [23/Jun/2026:19:42:34 +0200] "POST /wp-json/complianz/v1/wsc-scan HTTP/1.1" 400 88 "-" "WordPress/7.0; https://piacenza.elettroservicegroup.it"
46.8.212.79 - - [23/Jun/2026:19:42:35 +0200] "GET /wp-login.php HTTP/1.1" 200 3564 "-" "Mozilla/5.0 (Macintosh; Intel Mac OS X 10_12_6) AppleWebKit/603.3.8 (KHTML, like Gecko) Version/10.1.2 Safari/603.3.8"
46.8.212.79 - - [23/Jun/2026:19:42:38 +0200] "GET /wp-admin/post-new.php HTTP/1.1" 302 - "-" "Mozilla/5.0 (Macintosh; Intel Mac OS X 10_12_6) AppleWebKit/603.3.8 (KHTML, like Gecko) Version/10.1.2 Safari/603.3.8"
46.8.212.79 - - [23/Jun/2026:19:42:39 +0200] "GET /wp-login.php?redirect_to=https%3A%2F%2Fpiacenza.elettroservicegroup.it%2Fwp-admin%2Fpost-new.php&reauth=1 HTTP/1.1" 200 3568 "-" "Mozilla/5.0 (Macintosh; Intel Mac OS X 10_12_6) AppleWebKit/603.3.8 (KHTML, like Gecko) Version/10.1.2 Safari/603.3.8"
65.108.235.243 - - [23/Jun/2026:19:43:30 +0200] "POST /wp-cron.php?doing_wp_cron=1782236610.0914859771728515625000 HTTP/1.1" 200 1 "-" "WordPress/7.0; https://piacenza.elettroservicegroup.it"
17.22.245.76 - - [23/Jun/2026:19:43:24 +0200] "GET /robots.txt HTTP/2.0" 200 132 "-" "Mozilla/5.0 (Macintosh; Intel Mac OS X 10_15_7) AppleWebKit/605.1.15 (KHTML, like Gecko) Version/17.4 Safari/605.1.15 (Applebot/0.1; +http://www.apple.com/go/applebot)"
17.22.245.76 - - [23/Jun/2026:19:43:30 +0200] "GET /lavatrice3/ HTTP/2.0" 200 18427 "-" "Mozilla/5.0 (Macintosh; Intel Mac OS X 10_15_7) AppleWebKit/605.1.15 (KHTML, like Gecko) Version/17.4 Safari/605.1.15 (Applebot/0.1; +http://www.apple.com/go/applebot)"
17.22.245.137 - - [23/Jun/2026:19:54:00 +0200] "GET /wp-content/cache/wpfc-minified/98f2uwim/2b8mf.css HTTP/2.0" 200 418 "https://piacenza.elettroservicegroup.it/lavatrice3/" "Mozilla/5.0 (Macintosh; Intel Mac OS X 10_15_7) AppleWebKit/605.1.15 (KHTML, like Gecko) Version/17.4 Safari/605.1.15 (Applebot/0.1; +http://www.apple.com/go/applebot)"
17.22.245.137 - - [23/Jun/2026:19:54:01 +0200] "GET /wp-content/cache/wpfc-minified/qha2vzve/2b8mf.css HTTP/2.0" 200 11343 "https://piacenza.elettroservicegroup.it/lavatrice3/" "Mozilla/5.0 (Macintosh; Intel Mac OS X 10_15_7) AppleWebKit/605.1.15 (KHTML, like Gecko) Version/17.4 Safari/605.1.15 (Applebot/0.1; +http://www.apple.com/go/applebot)"
17.22.245.137 - - [23/Jun/2026:19:54:03 +0200] "GET /wp-content/uploads/elementor/css/post-14146.css?ver=1782227923 HTTP/2.0" 200 428 "https://piacenza.elettroservicegroup.it/lavatrice3/" "Mozilla/5.0 (Macintosh; Intel Mac OS X 10_15_7) AppleWebKit/605.1.15 (KHTML, like Gecko) Version/17.4 Safari/605.1.15 (Applebot/0.1; +http://www.apple.com/go/applebot)"
17.22.245.137 - - [23/Jun/2026:19:54:04 +0200] "GET /wp-content/cache/wpfc-minified/32rneldi/2b8mf.css HTTP/2.0" 200 15849 "https://piacenza.elettroservicegroup.it/lavatrice3/" "Mozilla/5.0 (Macintosh; Intel Mac OS X 10_15_7) AppleWebKit/605.1.15 (KHTML, like Gecko) Version/17.4 Safari/605.1.15 (Applebot/0.1; +http://www.apple.com/go/applebot)"
17.22.245.137 - - [23/Jun/2026:19:54:06 +0200] "GET /wp-content/uploads/elementor/css/post-14366.css?ver=1782227924 HTTP/2.0" 200 302 "https://piacenza.elettroservicegroup.it/lavatrice3/" "Mozilla/5.0 (Macintosh; Intel Mac OS X 10_15_7) AppleWebKit/605.1.15 (KHTML, like Gecko) Version/17.4 Safari/605.1.15 (Applebot/0.1; +http://www.apple.com/go/applebot)"
17.22.245.137 - - [23/Jun/2026:19:54:07 +0200] "GET /wp-content/cache/wpfc-minified/jno40hfd/2b8mf.css HTTP/2.0" 200 23329 "https://piacenza.elettroservicegroup.it/lavatrice3/" "Mozilla/5.0 (Macintosh; Intel Mac OS X 10_15_7) AppleWebKit/605.1.15 (KHTML, like Gecko) Version/17.4 Safari/605.1.15 (Applebot/0.1; +http://www.apple.com/go/applebot)"
17.22.245.137 - - [23/Jun/2026:19:54:09 +0200] "GET /wp-content/cache/wpfc-minified/e6ekqzwv/2b8mf.css HTTP/2.0" 200 4741 "https://piacenza.elettroservicegroup.it/lavatrice3/" "Mozilla/5.0 (Macintosh; Intel Mac OS X 10_15_7) AppleWebKit/605.1.15 (KHTML, like Gecko) Version/17.4 Safari/605.1.15 (Applebot/0.1; +http://www.apple.com/go/applebot)"
17.22.245.137 - - [23/Jun/2026:19:54:10 +0200] "GET /wp-content/cache/wpfc-minified/30gnld0u/2b8mf.css HTTP/2.0" 200 19038 "https://piacenza.elettroservicegroup.it/lavatrice3/" "Mozilla/5.0 (Macintosh; Intel Mac OS X 10_15_7) AppleWebKit/605.1.15 (KHTML, like Gecko) Version/17.4 Safari/605.1.15 (Applebot/0.1; +http://www.apple.com/go/applebot)"
17.22.245.137 - - [23/Jun/2026:19:54:12 +0200] "GET /wp-content/cache/wpfc-minified/kmqim6e1/2b8mf.css HTTP/2.0" 200 2040 "https://piacenza.elettroservicegroup.it/lavatrice3/" "Mozilla/5.0 (Macintosh; Intel Mac OS X 10_15_7) AppleWebKit/605.1.15 (KHTML, like Gecko) Version/17.4 Safari/605.1.15 (Applebot/0.1; +http://www.apple.com/go/applebot)"
17.22.245.137 - - [23/Jun/2026:19:54:13 +0200] "GET /wp-content/cache/wpfc-minified/kajgjpa1/2b8mf.js HTTP/2.0" 200 37594 "https://piacenza.elettroservicegroup.it/lavatrice3/" "Mozilla/5.0 (Macintosh; Intel Mac OS X 10_15_7) AppleWebKit/605.1.15 (KHTML, like Gecko) Version/17.4 Safari/605.1.15 (Applebot/0.1; +http://www.apple.com/go/applebot)"
17.22.245.137 - - [23/Jun/2026:19:54:15 +0200] "GET /wp-content/plugins/gp-premium/menu-plus/functions/js/sticky.min.js?ver=2.5.5 HTTP/2.0" 200 2670 "https://piacenza.elettroservicegroup.it/lavatrice3/" "Mozilla/5.0 (Macintosh; Intel Mac OS X 10_15_7) AppleWebKit/605.1.15 (KHTML, like Gecko) Version/17.4 Safari/605.1.15 (Applebot/0.1; +http://www.apple.com/go/applebot)"
17.22.245.137 - - [23/Jun/2026:19:54:16 +0200] "GET /wp-content/themes/generatepress/assets/js/menu.min.js?ver=3.6.1 HTTP/2.0" 200 1688 "https://piacenza.elettroservicegroup.it/lavatrice3/" "Mozilla/5.0 (Macintosh; Intel Mac OS X 10_15_7) AppleWebKit/605.1.15 (KHTML, like Gecko) Version/17.4 Safari/605.1.15 (Applebot/0.1; +http://www.apple.com/go/applebot)"
17.22.245.137 - - [23/Jun/2026:19:54:17 +0200] "GET /wp-content/themes/generatepress/assets/js/back-to-top.min.js?ver=3.6.1 HTTP/2.0" 200 336 "https://piacenza.elettroservicegroup.it/lavatrice3/" "Mozilla/5.0 (Macintosh; Intel Mac OS X 10_15_7) AppleWebKit/605.1.15 (KHTML, like Gecko) Version/17.4 Safari/605.1.15 (Applebot/0.1; +http://www.apple.com/go/applebot)"
17.22.245.137 - - [23/Jun/2026:19:54:19 +0200] "GET /wp-content/plugins/complianz-gdpr-premium/cookiebanner/js/complianz.min.js?ver=1781539588 HTTP/2.0" 200 10762 "https://piacenza.elettroservicegroup.it/lavatrice3/" "Mozilla/5.0 (Macintosh; Intel Mac OS X 10_15_7) AppleWebKit/605.1.15 (KHTML, like Gecko) Version/17.4 Safari/605.1.15 (Applebot/0.1; +http://www.apple.com/go/applebot)"
17.22.245.137 - - [23/Jun/2026:19:54:20 +0200] "GET /wp-content/plugins/elementor/assets/js/webpack.runtime.min.js?ver=4.1.4 HTTP/2.0" 200 2340 "https://piacenza.elettroservicegroup.it/lavatrice3/" "Mozilla/5.0 (Macintosh; Intel Mac OS X 10_15_7) AppleWebKit/605.1.15 (KHTML, like Gecko) Version/17.4 Safari/605.1.15 (Applebot/0.1; +http://www.apple.com/go/applebot)"
17.22.245.137 - - [23/Jun/2026:19:54:22 +0200] "GET /wp-content/plugins/elementor/assets/js/frontend-modules.min.js?ver=4.1.4 HTTP/2.0" 200 15454 "https://piacenza.elettroservicegroup.it/lavatrice3/" "Mozilla/5.0 (Macintosh; Intel Mac OS X 10_15_7) AppleWebKit/605.1.15 (KHTML, like Gecko) Version/17.4 Safari/605.1.15 (Applebot/0.1; +http://www.apple.com/go/applebot)"
17.22.245.137 - - [23/Jun/2026:19:54:23 +0200] "GET /wp-includes/js/jquery/ui/core.min.js?ver=1.13.3 HTTP/2.0" 200 6820 "https://piacenza.elettroservicegroup.it/lavatrice3/" "Mozilla/5.0 (Macintosh; Intel Mac OS X 10_15_7) AppleWebKit/605.1.15 (KHTML, like Gecko) Version/17.4 Safari/605.1.15 (Applebot/0.1; +http://www.apple.com/go/applebot)"
17.22.245.137 - - [23/Jun/2026:19:54:25 +0200] "GET /wp-content/plugins/elementor/assets/js/frontend.min.js?ver=4.1.4 HTTP/2.0" 200 10140 "https://piacenza.elettroservicegroup.it/lavatrice3/" "Mozilla/5.0 (Macintosh; Intel Mac OS X 10_15_7) AppleWebKit/605.1.15 (KHTML, like Gecko) Version/17.4 Safari/605.1.15 (Applebot/0.1; +http://www.apple.com/go/applebot)"
17.22.245.137 - - [23/Jun/2026:19:54:26 +0200] "GET /wp-includes/js/comment-reply.min.js?ver=7.0 HTTP/2.0" 200 1248 "https://piacenza.elettroservicegroup.it/lavatrice3/" "Mozilla/5.0 (Macintosh; Intel Mac OS X 10_15_7) AppleWebKit/605.1.15 (KHTML, like Gecko) Version/17.4 Safari/605.1.15 (Applebot/0.1; +http://www.apple.com/go/applebot)"
17.22.245.137 - - [23/Jun/2026:19:54:29 +0200] "GET /wp-content/plugins/elementor/assets/lib/dialog/dialog.min.js?ver=4.9.3 HTTP/2.0" 200 3595 "https://piacenza.elettroservicegroup.it/lavatrice3/" "Mozilla/5.0 (Macintosh; Intel Mac OS X 10_15_7) AppleWebKit/605.1.15 (KHTML, like Gecko) Version/17.4 Safari/605.1.15 (Applebot/0.1; +http://www.apple.com/go/applebot)"
17.22.245.137 - - [23/Jun/2026:19:54:30 +0200] "GET /wp-content/plugins/elementor/assets/css/conditionals/dialog.min.css?ver=4.1.4 HTTP/2.0" 200 1428 "https://piacenza.elettroservicegroup.it/lavatrice3/" "Mozilla/5.0 (Macintosh; Intel Mac OS X 10_15_7) AppleWebKit/605.1.15 (KHTML, like Gecko) Version/17.4 Safari/605.1.15 (Applebot/0.1; +http://www.apple.com/go/applebot)"
17.22.245.137 - - [23/Jun/2026:19:54:32 +0200] "GET /wp-content/plugins/elementor/assets/js/lightbox.570c05c5a283cfb6b223.bundle.min.js HTTP/2.0" 200 9102 "https://piacenza.elettroservicegroup.it/lavatrice3/" "Mozilla/5.0 (Macintosh; Intel Mac OS X 10_15_7) AppleWebKit/605.1.15 (KHTML, like Gecko) Version/17.4 Safari/605.1.15 (Applebot/0.1; +http://www.apple.com/go/applebot)"
17.22.245.137 - - [23/Jun/2026:19:54:33 +0200] "GET /wp-content/plugins/elementor/assets/js/397f2d183c19202777d6.bundle.min.js HTTP/2.0" 200 8477 "https://piacenza.elettroservicegroup.it/lavatrice3/" "Mozilla/5.0 (Macintosh; Intel Mac OS X 10_15_7) AppleWebKit/605.1.15 (KHTML, like Gecko) Version/17.4 Safari/605.1.15 (Applebot/0.1; +http://www.apple.com/go/applebot)"
17.22.245.137 - - [23/Jun/2026:19:54:35 +0200] "GET /wp-content/plugins/elementor/assets/lib/share-link/share-link.min.js?ver=4.1.4 HTTP/2.0" 200 1077 "https://piacenza.elettroservicegroup.it/lavatrice3/" "Mozilla/5.0 (Macintosh; Intel Mac OS X 10_15_7) AppleWebKit/605.1.15 (KHTML, like Gecko) Version/17.4 Safari/605.1.15 (Applebot/0.1; +http://www.apple.com/go/applebot)"
65.108.235.243 - - [23/Jun/2026:19:54:35 +0200] "POST /wp-cron.php?doing_wp_cron=1782237275.0974769592285156250000 HTTP/1.1" 200 1 "-" "WordPress/7.0; https://piacenza.elettroservicegroup.it"
17.22.245.137 - - [23/Jun/2026:19:54:28 +0200] "GET /wp-json/complianz/v1/banner?lang=it&locale=it_IT&token=zybwo HTTP/2.0" 200 81 "https://piacenza.elettroservicegroup.it/lavatrice3/" "Mozilla/5.0 (Macintosh; Intel Mac OS X 10_15_7) AppleWebKit/605.1.15 (KHTML, like Gecko) Version/17.4 Safari/605.1.15 (Applebot/0.1; +http://www.apple.com/go/applebot)"
17.22.245.137 - - [23/Jun/2026:19:54:36 +0200] "GET /wp-content/plugins/elementor/assets/lib/swiper/v8/css/swiper.min.css?ver=8.4.5 HTTP/2.0" 200 4251 "https://piacenza.elettroservicegroup.it/lavatrice3/" "Mozilla/5.0 (Macintosh; Intel Mac OS X 10_15_7) AppleWebKit/605.1.15 (KHTML, like Gecko) Version/17.4 Safari/605.1.15 (Applebot/0.1; +http://www.apple.com/go/applebot)"
17.22.245.137 - - [23/Jun/2026:19:54:38 +0200] "GET /wp-content/plugins/elementor/assets/css/conditionals/lightbox.min.css?ver=4.1.4 HTTP/2.0" 200 1760 "https://piacenza.elettroservicegroup.it/lavatrice3/" "Mozilla/5.0 (Macintosh; Intel Mac OS X 10_15_7) AppleWebKit/605.1.15 (KHTML, like Gecko) Version/17.4 Safari/605.1.15 (Applebot/0.1; +http://www.apple.com/go/applebot)"
17.22.245.137 - - [23/Jun/2026:19:54:39 +0200] "GET /wp-content/plugins/elementor/assets/js/section-frontend-handlers.d85ab872da118940910d.bundle.min.js HTTP/2.0" 200 230 "https://piacenza.elettroservicegroup.it/lavatrice3/" "Mozilla/5.0 (Macintosh; Intel Mac OS X 10_15_7) AppleWebKit/605.1.15 (KHTML, like Gecko) Version/17.4 Safari/605.1.15 (Applebot/0.1; +http://www.apple.com/go/applebot)"
65.108.235.243 - - [23/Jun/2026:19:54:37 +0200] "GET /imprint/ HTTP/1.1" 200 17185 "-" "WP Fastest Cache Preload Bot"
17.22.245.137 - - [23/Jun/2026:19:54:41 +0200] "GET /wp-content/plugins/elementor/assets/js/shared-frontend-handlers.03caa53373b56d3bab67.bundle.min.js HTTP/2.0" 200 2515 "https://piacenza.elettroservicegroup.it/lavatrice3/" "Mozilla/5.0 (Macintosh; Intel Mac OS X 10_15_7) AppleWebKit/605.1.15 (KHTML, like Gecko) Version/17.4 Safari/605.1.15 (Applebot/0.1; +http://www.apple.com/go/applebot)"
17.22.245.137 - - [23/Jun/2026:19:54:42 +0200] "GET /wp-content/plugins/elementor/assets/js/text-editor.45609661e409413f1cef.bundle.min.js HTTP/2.0" 200 592 "https://piacenza.elettroservicegroup.it/lavatrice3/" "Mozilla/5.0 (Macintosh; Intel Mac OS X 10_15_7) AppleWebKit/605.1.15 (KHTML, like Gecko) Version/17.4 Safari/605.1.15 (Applebot/0.1; +http://www.apple.com/go/applebot)"
65.108.235.243 - - [23/Jun/2026:19:54:40 +0200] "GET /dichiarazione-sulla-privacy-ue/ HTTP/1.1" 200 19692 "-" "WP Fastest Cache Preload Bot"
17.22.245.137 - - [23/Jun/2026:19:54:43 +0200] "GET /wp-content/uploads/complianz/css/banner-1-optin.css?v=40 HTTP/2.0" 200 2857 "https://piacenza.elettroservicegroup.it/lavatrice3/" "Mozilla/5.0 (Macintosh; Intel Mac OS X 10_15_7) AppleWebKit/605.1.15 (KHTML, like Gecko) Version/17.4 Safari/605.1.15 (Applebot/0.1; +http://www.apple.com/go/applebot)"
17.22.245.137 - - [23/Jun/2026:19:54:45 +0200] "GET /wp-json/complianz/v1/cookie_data HTTP/2.0" 200 69 "https://piacenza.elettroservicegroup.it/lavatrice3/" "Mozilla/5.0 (Macintosh; Intel Mac OS X 10_15_7) AppleWebKit/605.1.15 (KHTML, like Gecko) Version/17.4 Safari/605.1.15 (Applebot/0.1; +http://www.apple.com/go/applebot)"
65.108.235.243 - - [23/Jun/2026:19:54:42 +0200] "GET /assistenza-whirlpool-piacenza/ HTTP/1.1" 200 21857 "-" "WP Fastest Cache Preload Bot"
65.108.235.243 - - [23/Jun/2026:19:54:47 +0200] "GET /assistenza-smeg-piacenza/ HTTP/1.1" 200 21806 "-" "WP Fastest Cache Preload Bot"
65.108.235.243 - - [23/Jun/2026:19:54:50 +0200] "GET / HTTP/1.1" 200 21819 "-" "WP Fastest Cache Preload Bot"
66.249.64.167 - - [23/Jun/2026:19:54:54 +0200] "GET /assistenza-asciugatrici/ HTTP/1.1" 200 19680 "-" "Mozilla/5.0 (Linux; Android 6.0.1; Nexus 5X Build/MMB29P) AppleWebKit/537.36 (KHTML, like Gecko) Chrome/148.0.7778.96 Mobile Safari/537.36 (compatible; Googlebot/2.1; +http://www.google.com/bot.html)"
66.249.64.165 - - [23/Jun/2026:19:55:04 +0200] "GET /wp-content/cache/wpfc-minified/d4x63ew1/2hl54.css HTTP/1.1" 200 16437 "https://piacenza.elettroservicegroup.it/assistenza-asciugatrici/" "Mozilla/5.0 (Linux; Android 6.0.1; Nexus 5X Build/MMB29P) AppleWebKit/537.36 (KHTML, like Gecko) Chrome/148.0.7778.96 Mobile Safari/537.36 (compatible; Googlebot/2.1; +http://www.google.com/bot.html)"
66.249.64.165 - - [23/Jun/2026:19:55:20 +0200] "GET /assistenza-ariston-piacenza/ HTTP/1.1" 200 21865 "-" "Mozilla/5.0 (Linux; Android 6.0.1; Nexus 5X Build/MMB29P) AppleWebKit/537.36 (KHTML, like Gecko) Chrome/148.0.7778.96 Mobile Safari/537.36 (compatible; Googlebot/2.1; +http://www.google.com/bot.html)"
66.249.64.165 - - [23/Jun/2026:19:55:19 +0200] "GET /wp-json/complianz/v1/banner?lang=it&locale=it_IT&token=elxap HTTP/1.1" 200 81 "https://piacenza.elettroservicegroup.it/assistenza-asciugatrici/" "Mozilla/5.0 (Linux; Android 6.0.1; Nexus 5X Build/MMB29P) AppleWebKit/537.36 (KHTML, like Gecko) Chrome/148.0.7778.96 Mobile Safari/537.36 (compatible; Googlebot/2.1; +http://www.google.com/bot.html)"
66.249.64.165 - - [23/Jun/2026:19:55:38 +0200] "GET /wp-content/plugins/elementor/assets/js/shared-frontend-handlers.03caa53373b56d3bab67.bundle.min.js HTTP/1.1" 200 2515 "https://piacenza.elettroservicegroup.it/assistenza-ariston-piacenza/" "Mozilla/5.0 (Linux; Android 6.0.1; Nexus 5X Build/MMB29P) AppleWebKit/537.36 (KHTML, like Gecko) Chrome/148.0.7778.96 Mobile Safari/537.36 (compatible; Googlebot/2.1; +http://www.google.com/bot.html)"
65.108.235.243 - - [23/Jun/2026:20:26:35 +0200] "POST /wp-cron.php?doing_wp_cron=1782239195.5112180709838867187500 HTTP/1.1" 200 1 "-" "WordPress/7.0; https://piacenza.elettroservicegroup.it"
54.82.33.143 - - [23/Jun/2026:20:26:29 +0200] "GET / HTTP/1.1" 301 - "-" "Mozilla/5.0 (Windows NT 10.0; Win64; x64) AppleWebKit/537.36 (KHTML, like Gecko) Chrome/131.0.0.0 Safari/537.36"
54.82.33.143 - - [23/Jun/2026:20:26:36 +0200] "GET / HTTP/1.1" 200 23718 "-" "Mozilla/5.0 (Windows NT 10.0; Win64; x64) AppleWebKit/537.36 (KHTML, like Gecko) Chrome/131.0.0.0 Safari/537.36"
65.108.235.243 - - [23/Jun/2026:20:26:38 +0200] "GET /imprint/ HTTP/1.1" 200 17183 "-" "WP Fastest Cache Preload Bot"
65.108.235.243 - - [23/Jun/2026:20:26:41 +0200] "GET /dichiarazione-sulla-privacy-ue/ HTTP/1.1" 200 19697 "-" "WP Fastest Cache Preload Bot"
65.108.235.243 - - [23/Jun/2026:20:26:43 +0200] "GET /assistenza-whirlpool-piacenza/ HTTP/1.1" 200 21857 "-" "WP Fastest Cache Preload Bot"
65.108.235.243 - - [23/Jun/2026:20:26:46 +0200] "GET /assistenza-smeg-piacenza/ HTTP/1.1" 200 21805 "-" "WP Fastest Cache Preload Bot"
65.108.235.243 - - [23/Jun/2026:20:30:14 +0200] "POST /wp-cron.php?doing_wp_cron=1782239414.3245530128479003906250 HTTP/1.1" 200 1 "-" "WordPress/7.0; https://piacenza.elettroservicegroup.it"
216.73.217.62 - - [23/Jun/2026:20:30:12 +0200] "GET /robots.txt HTTP/2.0" 200 108 "-" "Mozilla/5.0 AppleWebKit/537.36 (KHTML, like Gecko; compatible; ClaudeBot/1.0; +claudebot@anthropic.com)"
65.108.235.243 - - [23/Jun/2026:20:30:14 +0200] "GET /assistenza-siemens-piacenza/ HTTP/1.1" 200 21983 "-" "WP Fastest Cache Preload Bot"
65.108.235.243 - - [23/Jun/2026:20:30:15 +0200] "GET /assistenza-rex-electrolux-piacenza/ HTTP/1.1" 200 21848 "-" "WP Fastest Cache Preload Bot"
65.108.235.243 - - [23/Jun/2026:20:30:16 +0200] "GET /assistenza-miele-piacenza/ HTTP/1.1" 200 22096 "-" "WP Fastest Cache Preload Bot"
65.108.235.243 - - [23/Jun/2026:20:30:16 +0200] "GET /assistenza-lavatrici-whirlpool-piacenza/ HTTP/1.1" 200 21965 "-" "WP Fastest Cache Preload Bot"
65.108.235.243 - - [23/Jun/2026:20:30:28 +0200] "POST /wp-cron.php?doing_wp_cron=1782239428.3129930496215820312500 HTTP/1.1" 200 1 "-" "WordPress/7.0; https://piacenza.elettroservicegroup.it"
216.73.217.62 - - [23/Jun/2026:20:30:28 +0200] "GET /sitemap.xml HTTP/2.0" 200 332 "-" "Mozilla/5.0 AppleWebKit/537.36 (KHTML, like Gecko; compatible; ClaudeBot/1.0; +claudebot@anthropic.com)"
66.249.64.166 - - [23/Jun/2026:20:45:52 +0200] "GET /wp-content/uploads/2022/01/logo-rex-electrolux-300x300.jpg HTTP/1.1" 200 6519 "-" "Googlebot-Image/1.0"
66.249.64.165 - - [23/Jun/2026:20:57:29 +0200] "GET /wp-content/uploads/2021/10/RICAMBI-LAVATRICE-300x116.webp HTTP/1.1" 200 6334 "-" "Googlebot-Image/1.0"
65.108.235.243 - - [23/Jun/2026:20:57:35 +0200] "POST /wp-cron.php?doing_wp_cron=1782241055.6071650981903076171875 HTTP/1.1" 200 1 "-" "WordPress/7.0; https://piacenza.elettroservicegroup.it"
66.249.64.167 - - [23/Jun/2026:20:57:29 +0200] "GET /robots.txt HTTP/1.1" 200 108 "-" "Mozilla/5.0 (compatible; Googlebot/2.1; +http://www.google.com/bot.html)"
65.108.235.243 - - [23/Jun/2026:20:57:38 +0200] "POST /wp-json/complianz/v1/wsc-scan HTTP/1.1" 400 88 "-" "WordPress/7.0; https://piacenza.elettroservicegroup.it"
65.108.235.243 - - [23/Jun/2026:20:57:39 +0200] "GET /assistenza-lavatrici-smeg-piacenza/ HTTP/1.1" 200 21712 "-" "WP Fastest Cache Preload Bot"
65.108.235.243 - - [23/Jun/2026:20:57:44 +0200] "GET /assistenza-lavatrici-rex-electrolux-piacenza/ HTTP/1.1" 200 21680 "-" "WP Fastest Cache Preload Bot"
65.108.235.243 - - [23/Jun/2026:20:57:48 +0200] "GET /assistenza-lavatrici-indesit-piacenza/ HTTP/1.1" 200 21705 "-" "WP Fastest Cache Preload Bot"
65.108.235.243 - - [23/Jun/2026:20:57:52 +0200] "GET /assistenza-lavatrici-bosch-piacenza/ HTTP/1.1" 200 21749 "-" "WP Fastest Cache Preload Bot"
78.209.27.54 - - [23/Jun/2026:21:10:00 +0200] "GET /assistenza-whirlpool-piacenza/ HTTP/2.0" 200 21834 "https://www.google.com/" "Mozilla/5.0 (Linux; Android 10; K) AppleWebKit/537.36 (KHTML, like Gecko) Chrome/149.0.0.0 Mobile Safari/537.36"
78.209.27.54 - - [23/Jun/2026:21:10:00 +0200] "GET /wp-content/uploads/elementor/css/post-14146.css?ver=1782227923 HTTP/2.0" 200 428 "https://piacenza.elettroservicegroup.it/assistenza-whirlpool-piacenza/" "Mozilla/5.0 (Linux; Android 10; K) AppleWebKit/537.36 (KHTML, like Gecko) Chrome/149.0.0.0 Mobile Safari/537.36"
78.209.27.54 - - [23/Jun/2026:21:10:00 +0200] "GET /wp-content/cache/wpfc-minified/98f2uwim/2b8mf.css HTTP/2.0" 200 418 "https://piacenza.elettroservicegroup.it/assistenza-whirlpool-piacenza/" "Mozilla/5.0 (Linux; Android 10; K) AppleWebKit/537.36 (KHTML, like Gecko) Chrome/149.0.0.0 Mobile Safari/537.36"
78.209.27.54 - - [23/Jun/2026:21:10:00 +0200] "GET /wp-content/uploads/elementor/css/post-16991.css?ver=1782237285 HTTP/2.0" 200 2001 "https://piacenza.elettroservicegroup.it/assistenza-whirlpool-piacenza/" "Mozilla/5.0 (Linux; Android 10; K) AppleWebKit/537.36 (KHTML, like Gecko) Chrome/149.0.0.0 Mobile Safari/537.36"
78.209.27.54 - - [23/Jun/2026:21:10:00 +0200] "GET /wp-content/cache/wpfc-minified/lkeozi6d/2b8mf.css HTTP/2.0" 200 7521 "https://piacenza.elettroservicegroup.it/assistenza-whirlpool-piacenza/" "Mozilla/5.0 (Linux; Android 10; K) AppleWebKit/537.36 (KHTML, like Gecko) Chrome/149.0.0.0 Mobile Safari/537.36"
78.209.27.54 - - [23/Jun/2026:21:10:00 +0200] "GET /wp-content/uploads/elementor/css/post-14366.css?ver=1782227924 HTTP/2.0" 200 302 "https://piacenza.elettroservicegroup.it/assistenza-whirlpool-piacenza/" "Mozilla/5.0 (Linux; Android 10; K) AppleWebKit/537.36 (KHTML, like Gecko) Chrome/149.0.0.0 Mobile Safari/537.36"
78.209.27.54 - - [23/Jun/2026:21:10:00 +0200] "GET /wp-content/cache/wpfc-minified/qha2vzve/2b8mf.css HTTP/2.0" 200 11343 "https://piacenza.elettroservicegroup.it/assistenza-whirlpool-piacenza/" "Mozilla/5.0 (Linux; Android 10; K) AppleWebKit/537.36 (KHTML, like Gecko) Chrome/149.0.0.0 Mobile Safari/537.36"
78.209.27.54 - - [23/Jun/2026:21:10:00 +0200] "GET /wp-content/cache/wpfc-minified/9h35mpo4/2b8mf.css HTTP/2.0" 200 4410 "https://piacenza.elettroservicegroup.it/assistenza-whirlpool-piacenza/" "Mozilla/5.0 (Linux; Android 10; K) AppleWebKit/537.36 (KHTML, like Gecko) Chrome/149.0.0.0 Mobile Safari/537.36"
78.209.27.54 - - [23/Jun/2026:21:10:00 +0200] "GET /wp-content/cache/wpfc-minified/5g6kml4/2bdz9.css HTTP/2.0" 200 16441 "https://piacenza.elettroservicegroup.it/assistenza-whirlpool-piacenza/" "Mozilla/5.0 (Linux; Android 10; K) AppleWebKit/537.36 (KHTML, like Gecko) Chrome/149.0.0.0 Mobile Safari/537.36"
78.209.27.54 - - [23/Jun/2026:21:10:00 +0200] "GET /wp-content/cache/wpfc-minified/30gnld0u/2b8mf.css HTTP/2.0" 200 19038 "https://piacenza.elettroservicegroup.it/assistenza-whirlpool-piacenza/" "Mozilla/5.0 (Linux; Android 10; K) AppleWebKit/537.36 (KHTML, like Gecko) Chrome/149.0.0.0 Mobile Safari/537.36"
78.209.27.54 - - [23/Jun/2026:21:10:00 +0200] "GET /wp-content/cache/wpfc-minified/6ykfum2g/2bdz9.css HTTP/2.0" 200 14492 "https://piacenza.elettroservicegroup.it/assistenza-whirlpool-piacenza/" "Mozilla/5.0 (Linux; Android 10; K) AppleWebKit/537.36 (KHTML, like Gecko) Chrome/149.0.0.0 Mobile Safari/537.36"
78.209.27.54 - - [23/Jun/2026:21:10:00 +0200] "GET /wp-content/uploads/2022/01/COPERTINA-3.png HTTP/2.0" 200 238875 "https://piacenza.elettroservicegroup.it/assistenza-whirlpool-piacenza/" "Mozilla/5.0 (Linux; Android 10; K) AppleWebKit/537.36 (KHTML, like Gecko) Chrome/149.0.0.0 Mobile Safari/537.36"
78.209.27.54 - - [23/Jun/2026:21:10:00 +0200] "GET /wp-content/cache/wpfc-minified/kajgjpa1/2b8mf.js HTTP/2.0" 200 37594 "https://piacenza.elettroservicegroup.it/assistenza-whirlpool-piacenza/" "Mozilla/5.0 (Linux; Android 10; K) AppleWebKit/537.36 (KHTML, like Gecko) Chrome/149.0.0.0 Mobile Safari/537.36"
78.209.27.54 - - [23/Jun/2026:21:10:00 +0200] "GET /wp-content/uploads/2021/10/cropped-cropped-cropped-logo_white_background.png HTTP/2.0" 200 10924 "https://piacenza.elettroservicegroup.it/assistenza-whirlpool-piacenza/" "Mozilla/5.0 (Linux; Android 10; K) AppleWebKit/537.36 (KHTML, like Gecko) Chrome/149.0.0.0 Mobile Safari/537.36"
78.209.27.54 - - [23/Jun/2026:21:10:00 +0200] "GET /wp-content/plugins/gp-premium/menu-plus/functions/js/sticky.min.js?ver=2.5.5 HTTP/2.0" 200 2670 "https://piacenza.elettroservicegroup.it/assistenza-whirlpool-piacenza/" "Mozilla/5.0 (Linux; Android 10; K) AppleWebKit/537.36 (KHTML, like Gecko) Chrome/149.0.0.0 Mobile Safari/537.36"
78.209.27.54 - - [23/Jun/2026:21:10:00 +0200] "GET /wp-content/plugins/elementor/assets/js/webpack.runtime.min.js?ver=4.1.4 HTTP/2.0" 200 2340 "https://piacenza.elettroservicegroup.it/assistenza-whirlpool-piacenza/" "Mozilla/5.0 (Linux; Android 10; K) AppleWebKit/537.36 (KHTML, like Gecko) Chrome/149.0.0.0 Mobile Safari/537.36"
78.209.27.54 - - [23/Jun/2026:21:10:00 +0200] "GET /wp-content/plugins/elementor/assets/js/frontend-modules.min.js?ver=4.1.4 HTTP/2.0" 200 15454 "https://piacenza.elettroservicegroup.it/assistenza-whirlpool-piacenza/" "Mozilla/5.0 (Linux; Android 10; K) AppleWebKit/537.36 (KHTML, like Gecko) Chrome/149.0.0.0 Mobile Safari/537.36"
78.209.27.54 - - [23/Jun/2026:21:10:00 +0200] "GET /wp-includes/js/jquery/ui/core.min.js?ver=1.13.3 HTTP/2.0" 200 6820 "https://piacenza.elettroservicegroup.it/assistenza-whirlpool-piacenza/" "Mozilla/5.0 (Linux; Android 10; K) AppleWebKit/537.36 (KHTML, like Gecko) Chrome/149.0.0.0 Mobile Safari/537.36"
78.209.27.54 - - [23/Jun/2026:21:10:00 +0200] "GET /wp-content/plugins/elementor/assets/js/frontend.min.js?ver=4.1.4 HTTP/2.0" 200 10140 "https://piacenza.elettroservicegroup.it/assistenza-whirlpool-piacenza/" "Mozilla/5.0 (Linux; Android 10; K) AppleWebKit/537.36 (KHTML, like Gecko) Chrome/149.0.0.0 Mobile Safari/537.36"
78.209.27.54 - - [23/Jun/2026:21:10:00 +0200] "GET /wp-content/themes/generatepress/assets/js/back-to-top.min.js?ver=3.6.1 HTTP/2.0" 200 336 "https://piacenza.elettroservicegroup.it/assistenza-whirlpool-piacenza/" "Mozilla/5.0 (Linux; Android 10; K) AppleWebKit/537.36 (KHTML, like Gecko) Chrome/149.0.0.0 Mobile Safari/537.36"
78.209.27.54 - - [23/Jun/2026:21:10:00 +0200] "GET /wp-content/themes/generatepress/assets/js/menu.min.js?ver=3.6.1 HTTP/2.0" 200 1688 "https://piacenza.elettroservicegroup.it/assistenza-whirlpool-piacenza/" "Mozilla/5.0 (Linux; Android 10; K) AppleWebKit/537.36 (KHTML, like Gecko) Chrome/149.0.0.0 Mobile Safari/537.36"
78.209.27.54 - - [23/Jun/2026:21:10:00 +0200] "GET /wp-content/plugins/complianz-gdpr-premium/cookiebanner/js/complianz.min.js?ver=1781539588 HTTP/2.0" 200 10762 "https://piacenza.elettroservicegroup.it/assistenza-whirlpool-piacenza/" "Mozilla/5.0 (Linux; Android 10; K) AppleWebKit/537.36 (KHTML, like Gecko) Chrome/149.0.0.0 Mobile Safari/537.36"
78.209.27.54 - - [23/Jun/2026:21:10:00 +0200] "GET /wp-content/plugins/elementor/assets/lib/font-awesome/webfonts/fa-regular-400.woff2 HTTP/2.0" 200 13277 "https://piacenza.elettroservicegroup.it/wp-content/cache/wpfc-minified/5g6kml4/2bdz9.css" "Mozilla/5.0 (Linux; Android 10; K) AppleWebKit/537.36 (KHTML, like Gecko) Chrome/149.0.0.0 Mobile Safari/537.36"
78.209.27.54 - - [23/Jun/2026:21:10:00 +0200] "GET /wp-content/uploads/elementor/google-fonts/fonts/roboto-kfo7cnqeu92fr1me7ksn66agldtyluama3yuba.woff2 HTTP/2.0" 200 40132 "https://piacenza.elettroservicegroup.it/wp-content/cache/wpfc-minified/6ykfum2g/2bdz9.css" "Mozilla/5.0 (Linux; Android 10; K) AppleWebKit/537.36 (KHTML, like Gecko) Chrome/149.0.0.0 Mobile Safari/537.36"
78.209.27.54 - - [23/Jun/2026:21:10:00 +0200] "GET /wp-content/plugins/elementor/assets/lib/font-awesome/webfonts/fa-solid-900.woff2 HTTP/2.0" 200 78201 "https://piacenza.elettroservicegroup.it/wp-content/cache/wpfc-minified/5g6kml4/2bdz9.css" "Mozilla/5.0 (Linux; Android 10; K) AppleWebKit/537.36 (KHTML, like Gecko) Chrome/149.0.0.0 Mobile Safari/537.36"
78.209.27.54 - - [23/Jun/2026:21:10:00 +0200] "GET /wp-content/uploads/2022/01/ASCIUGATRICE-TECNIC-3.jpg HTTP/2.0" 200 43278 "https://piacenza.elettroservicegroup.it/assistenza-whirlpool-piacenza/" "Mozilla/5.0 (Linux; Android 10; K) AppleWebKit/537.36 (KHTML, like Gecko) Chrome/149.0.0.0 Mobile Safari/537.36"
78.209.27.54 - - [23/Jun/2026:21:10:01 +0200] "GET /wp-content/plugins/elementor/assets/js/section-frontend-handlers.d85ab872da118940910d.bundle.min.js HTTP/2.0" 200 230 "https://piacenza.elettroservicegroup.it/assistenza-whirlpool-piacenza/" "Mozilla/5.0 (Linux; Android 10; K) AppleWebKit/537.36 (KHTML, like Gecko) Chrome/149.0.0.0 Mobile Safari/537.36"
78.209.27.54 - - [23/Jun/2026:21:10:01 +0200] "GET /wp-content/plugins/elementor/assets/js/shared-frontend-handlers.03caa53373b56d3bab67.bundle.min.js HTTP/2.0" 200 2515 "https://piacenza.elettroservicegroup.it/assistenza-whirlpool-piacenza/" "Mozilla/5.0 (Linux; Android 10; K) AppleWebKit/537.36 (KHTML, like Gecko) Chrome/149.0.0.0 Mobile Safari/537.36"
78.209.27.54 - - [23/Jun/2026:21:10:01 +0200] "GET /wp-content/plugins/elementor/assets/js/text-editor.45609661e409413f1cef.bundle.min.js HTTP/2.0" 200 592 "https://piacenza.elettroservicegroup.it/assistenza-whirlpool-piacenza/" "Mozilla/5.0 (Linux; Android 10; K) AppleWebKit/537.36 (KHTML, like Gecko) Chrome/149.0.0.0 Mobile Safari/537.36"
78.209.27.54 - - [23/Jun/2026:21:10:02 +0200] "GET /wp-content/uploads/2021/10/cropped-cropped-cropped-cropped-logo_white_background-192x192.png HTTP/2.0" 200 3844 "https://piacenza.elettroservicegroup.it/assistenza-whirlpool-piacenza/" "Mozilla/5.0 (Linux; Android 10; K) AppleWebKit/537.36 (KHTML, like Gecko) Chrome/149.0.0.0 Mobile Safari/537.36"
78.209.27.54 - - [23/Jun/2026:21:10:02 +0200] "GET /wp-content/uploads/2021/10/cropped-cropped-cropped-cropped-logo_white_background-180x180.png HTTP/2.0" 200 3630 "https://piacenza.elettroservicegroup.it/assistenza-whirlpool-piacenza/" "Mozilla/5.0 (Linux; Android 10; K) AppleWebKit/537.36 (KHTML, like Gecko) Chrome/149.0.0.0 Mobile Safari/537.36"
65.108.235.243 - - [23/Jun/2026:21:10:07 +0200] "POST /wp-cron.php?doing_wp_cron=1782241807.2983579635620117187500 HTTP/1.1" 200 1 "-" "WordPress/7.0; https://piacenza.elettroservicegroup.it"
78.209.27.54 - - [23/Jun/2026:21:10:01 +0200] "GET /wp-json/complianz/v1/banner?lang=it&locale=it_IT&token=mxnpj HTTP/2.0" 200 81 "https://piacenza.elettroservicegroup.it/assistenza-whirlpool-piacenza/" "Mozilla/5.0 (Linux; Android 10; K) AppleWebKit/537.36 (KHTML, like Gecko) Chrome/149.0.0.0 Mobile Safari/537.36"
78.209.27.54 - - [23/Jun/2026:21:10:07 +0200] "GET /wp-content/uploads/2022/01/elettro7-300x120.jpg HTTP/2.0" 200 4070 "https://piacenza.elettroservicegroup.it/assistenza-whirlpool-piacenza/" "Mozilla/5.0 (Linux; Android 10; K) AppleWebKit/537.36 (KHTML, like Gecko) Chrome/149.0.0.0 Mobile Safari/537.36"
78.209.27.54 - - [23/Jun/2026:21:10:07 +0200] "GET /wp-content/uploads/complianz/css/banner-1-optin.css?v=40 HTTP/2.0" 200 2857 "https://piacenza.elettroservicegroup.it/assistenza-whirlpool-piacenza/" "Mozilla/5.0 (Linux; Android 10; K) AppleWebKit/537.36 (KHTML, like Gecko) Chrome/149.0.0.0 Mobile Safari/537.36"
78.209.27.54 - - [23/Jun/2026:21:10:07 +0200] "GET /wp-json/complianz/v1/cookie_data HTTP/2.0" 200 69 "https://piacenza.elettroservicegroup.it/assistenza-whirlpool-piacenza/" "Mozilla/5.0 (Linux; Android 10; K) AppleWebKit/537.36 (KHTML, like Gecko) Chrome/149.0.0.0 Mobile Safari/537.36"
78.209.27.54 - - [23/Jun/2026:21:10:10 +0200] "POST /wp-json/complianz/v1/track HTTP/2.0" 200 20 "https://piacenza.elettroservicegroup.it/assistenza-whirlpool-piacenza/" "Mozilla/5.0 (Linux; Android 10; K) AppleWebKit/537.36 (KHTML, like Gecko) Chrome/149.0.0.0 Mobile Safari/537.36"
65.108.235.243 - - [23/Jun/2026:21:10:09 +0200] "GET /assistenza-lavatrici-ariston-piacenza/ HTTP/1.1" 200 21768 "-" "WP Fastest Cache Preload Bot"
65.108.235.243 - - [23/Jun/2026:21:10:14 +0200] "GET /assistenza-lavatrici-aeg-piacenza/ HTTP/1.1" 200 21771 "-" "WP Fastest Cache Preload Bot"
78.209.27.54 - - [23/Jun/2026:21:10:20 +0200] "GET /wp-content/uploads/2026/05/logo.png HTTP/2.0" 200 48185 "https://piacenza.elettroservicegroup.it/assistenza-whirlpool-piacenza/" "Mozilla/5.0 (Linux; Android 10; K) AppleWebKit/537.36 (KHTML, like Gecko) Chrome/149.0.0.0 Mobile Safari/537.36"
65.108.235.243 - - [23/Jun/2026:21:10:18 +0200] "GET /assistenza-lavatrici-piacenza/ HTTP/1.1" 200 22019 "-" "WP Fastest Cache Preload Bot"
78.209.27.54 - - [23/Jun/2026:21:10:24 +0200] "GET /wp-content/uploads/2022/01/tecnico-elettro-300x200.jpg HTTP/2.0" 200 15134 "https://piacenza.elettroservicegroup.it/assistenza-whirlpool-piacenza/" "Mozilla/5.0 (Linux; Android 10; K) AppleWebKit/537.36 (KHTML, like Gecko) Chrome/149.0.0.0 Mobile Safari/537.36"
65.108.235.243 - - [23/Jun/2026:21:10:22 +0200] "GET /assistenza-lavastoviglie-whirlpool-piacenza/ HTTP/1.1" 200 21718 "-" "WP Fastest Cache Preload Bot"
65.108.235.243 - - [23/Jun/2026:21:15:00 +0200] "POST /wp-cron.php?doing_wp_cron=1782242100.8306589126586914062500 HTTP/1.1" 200 1 "-" "WordPress/7.0; https://piacenza.elettroservicegroup.it"
45.3.35.221 - - [23/Jun/2026:21:14:59 +0200] "GET /wp-login.php HTTP/2.0" 200 3240 "-" "Mozilla/5.0 (Macintosh; Intel Mac OS X 10_15_7) AppleWebKit/605.1.15 (KHTML, like Gecko) Version/18.0 Safari/605.1.15"
45.3.35.221 - - [23/Jun/2026:21:15:01 +0200] "GET /wp-login.php?wp_lang=en_US HTTP/2.0" 200 2479 "-" "Mozilla/5.0 (Windows NT 10.0; Win64; x64) AppleWebKit/537.36 (KHTML, like Gecko) Chrome/124.0.0.0 Safari/537.36"
65.108.235.243 - - [23/Jun/2026:21:15:01 +0200] "GET /assistenza-lavastoviglie-smeg-piacenza/ HTTP/1.1" 200 21664 "-" "WP Fastest Cache Preload Bot"
45.3.35.221 - - [23/Jun/2026:21:15:02 +0200] "POST /wp-login.php?wp_lang=en_US HTTP/2.0" 200 2605 "https://piacenza.elettroservicegroup.it/wp-login.php?wp_lang=en_US" "Mozilla/5.0 (Windows NT 10.0; Win64; x64) AppleWebKit/537.36 (KHTML, like Gecko) Chrome/124.0.0.0 Safari/537.36"
45.3.39.168 - - [23/Jun/2026:21:15:04 +0200] "GET /wp-login.php?wp_lang=en_US HTTP/2.0" 200 11741 "-" "Mozilla/5.0 (Windows NT 10.0; Win64; x64) AppleWebKit/537.36 (KHTML, like Gecko) Chrome/124.0.0.0 Safari/537.36"
65.108.235.243 - - [23/Jun/2026:21:15:02 +0200] "GET /assistenza-lavastoviglie-rex-electrolux-piacenza/ HTTP/1.1" 200 21627 "-" "WP Fastest Cache Preload Bot"
65.111.12.229 - - [23/Jun/2026:21:15:06 +0200] "GET /wp-login.php?wp_lang=en_US HTTP/2.0" 200 2479 "-" "Mozilla/5.0 (Windows NT 10.0; Win64; x64; rv:133.0) Gecko/20100101 Firefox/133.0"
65.108.235.243 - - [23/Jun/2026:21:15:05 +0200] "GET /assistenza-lavastoviglie-indesit-piacenza/ HTTP/1.1" 200 22133 "-" "WP Fastest Cache Preload Bot"
65.111.12.229 - - [23/Jun/2026:21:15:06 +0200] "POST /wp-login.php?wp_lang=en_US HTTP/2.0" 200 2605 "https://piacenza.elettroservicegroup.it/wp-login.php?wp_lang=en_US" "Mozilla/5.0 (Windows NT 10.0; Win64; x64; rv:133.0) Gecko/20100101 Firefox/133.0"
65.108.235.243 - - [23/Jun/2026:21:15:06 +0200] "GET /assistenza-lavastoviglie-bosch-piacenza/ HTTP/1.1" 200 22154 "-" "WP Fastest Cache Preload Bot"
104.207.41.209 - - [23/Jun/2026:21:15:08 +0200] "GET /wp-login.php?wp_lang=en_US HTTP/2.0" 200 11698 "-" "Mozilla/5.0 (Windows NT 10.0; Win64; x64; rv:133.0) Gecko/20100101 Firefox/133.0"
209.50.190.251 - - [23/Jun/2026:21:15:09 +0200] "GET /wp-login.php?wp_lang=en_US HTTP/2.0" 200 11799 "-" "Mozilla/5.0 (Windows NT 10.0; Win64; x64; rv:133.0) Gecko/20100101 Firefox/133.0"
104.207.41.30 - - [23/Jun/2026:21:15:09 +0200] "GET /wp-login.php?wp_lang=en_US HTTP/2.0" 200 2479 "-" "Mozilla/5.0 (Windows NT 10.0; Win64; x64) AppleWebKit/537.36 (KHTML, like Gecko) Chrome/124.0.0.0 Safari/537.36"
104.207.41.30 - - [23/Jun/2026:21:15:11 +0200] "POST /wp-login.php?wp_lang=en_US HTTP/2.0" 200 2605 "https://piacenza.elettroservicegroup.it/wp-login.php?wp_lang=en_US" "Mozilla/5.0 (Windows NT 10.0; Win64; x64) AppleWebKit/537.36 (KHTML, like Gecko) Chrome/124.0.0.0 Safari/537.36"
209.50.189.31 - - [23/Jun/2026:21:15:13 +0200] "GET /wp-login.php?wp_lang=en_US HTTP/2.0" 200 11771 "-" "Mozilla/5.0 (Windows NT 10.0; Win64; x64) AppleWebKit/537.36 (KHTML, like Gecko) Chrome/124.0.0.0 Safari/537.36"
209.50.189.59 - - [23/Jun/2026:21:15:13 +0200] "GET /wp-login.php?wp_lang=en_US HTTP/2.0" 200 2479 "-" "Mozilla/5.0 (Macintosh; Intel Mac OS X 10_15_7) AppleWebKit/605.1.15 (KHTML, like Gecko) Version/18.0 Safari/605.1.15"
209.50.189.59 - - [23/Jun/2026:21:15:13 +0200] "POST /wp-login.php?wp_lang=en_US HTTP/2.0" 200 2605 "https://piacenza.elettroservicegroup.it/wp-login.php?wp_lang=en_US" "Mozilla/5.0 (Macintosh; Intel Mac OS X 10_15_7) AppleWebKit/605.1.15 (KHTML, like Gecko) Version/18.0 Safari/605.1.15"
217.181.92.177 - - [23/Jun/2026:21:15:15 +0200] "GET /wp-login.php?wp_lang=en_US HTTP/2.0" 200 2479 "-" "Mozilla/5.0 (Macintosh; Intel Mac OS X 10_15_7) AppleWebKit/605.1.15 (KHTML, like Gecko) Version/18.0 Safari/605.1.15"
217.181.92.177 - - [23/Jun/2026:21:15:15 +0200] "POST /wp-login.php?wp_lang=en_US HTTP/2.0" 200 2605 "https://piacenza.elettroservicegroup.it/wp-login.php?wp_lang=en_US" "Mozilla/5.0 (Macintosh; Intel Mac OS X 10_15_7) AppleWebKit/605.1.15 (KHTML, like Gecko) Version/18.0 Safari/605.1.15"
209.50.164.228 - - [23/Jun/2026:21:15:17 +0200] "GET /wp-login.php?wp_lang=en_US HTTP/2.0" 200 2479 "-" "Mozilla/5.0 (Windows NT 10.0; Win64; x64) AppleWebKit/537.36 (KHTML, like Gecko) Chrome/124.0.0.0 Safari/537.36"
209.50.164.228 - - [23/Jun/2026:21:15:17 +0200] "POST /wp-login.php?wp_lang=en_US HTTP/2.0" 200 2605 "https://piacenza.elettroservicegroup.it/wp-login.php?wp_lang=en_US" "Mozilla/5.0 (Windows NT 10.0; Win64; x64) AppleWebKit/537.36 (KHTML, like Gecko) Chrome/124.0.0.0 Safari/537.36"
45.3.47.1 - - [23/Jun/2026:21:15:18 +0200] "GET /wp-login.php?wp_lang=en_US HTTP/2.0" 200 11790 "-" "Mozilla/5.0 (Macintosh; Intel Mac OS X 10_15_7) AppleWebKit/605.1.15 (KHTML, like Gecko) Version/18.0 Safari/605.1.15"
209.50.181.55 - - [23/Jun/2026:21:15:19 +0200] "GET /wp-login.php?wp_lang=en_US HTTP/2.0" 200 2479 "-" "Mozilla/5.0 (Windows NT 10.0; Win64; x64) AppleWebKit/537.36 (KHTML, like Gecko) Chrome/124.0.0.0 Safari/537.36"
209.50.181.55 - - [23/Jun/2026:21:15:19 +0200] "POST /wp-login.php?wp_lang=en_US HTTP/2.0" 200 2605 "https://piacenza.elettroservicegroup.it/wp-login.php?wp_lang=en_US" "Mozilla/5.0 (Windows NT 10.0; Win64; x64) AppleWebKit/537.36 (KHTML, like Gecko) Chrome/124.0.0.0 Safari/537.36"
216.26.236.45 - - [23/Jun/2026:21:15:21 +0200] "GET /wp-login.php?wp_lang=en_US HTTP/2.0" 200 2479 "-" "Mozilla/5.0 (Macintosh; Intel Mac OS X 10_15_7) AppleWebKit/605.1.15 (KHTML, like Gecko) Version/18.0 Safari/605.1.15"
