216.26.236.45 - - [23/Jun/2026:21:15:21 +0200] "POST /wp-login.php?wp_lang=en_US HTTP/2.0" 200 2605 "https://piacenza.elettroservicegroup.it/wp-login.php?wp_lang=en_US" "Mozilla/5.0 (Macintosh; Intel Mac OS X 10_15_7) AppleWebKit/605.1.15 (KHTML, like Gecko) Version/18.0 Safari/605.1.15"
104.207.36.106 - - [23/Jun/2026:21:15:23 +0200] "GET /wp-login.php?wp_lang=en_US HTTP/2.0" 200 2479 "-" "Mozilla/5.0 (Macintosh; Intel Mac OS X 10_15_7) AppleWebKit/605.1.15 (KHTML, like Gecko) Version/18.0 Safari/605.1.15"
104.207.36.106 - - [23/Jun/2026:21:15:24 +0200] "POST /wp-login.php?wp_lang=en_US HTTP/2.0" 200 2605 "https://piacenza.elettroservicegroup.it/wp-login.php?wp_lang=en_US" "Mozilla/5.0 (Macintosh; Intel Mac OS X 10_15_7) AppleWebKit/605.1.15 (KHTML, like Gecko) Version/18.0 Safari/605.1.15"
65.108.235.243 - - [23/Jun/2026:21:15:27 +0200] "POST /wp-cron.php?doing_wp_cron=1782242127.0133070945739746093750 HTTP/1.1" 200 1 "-" "WordPress/7.0; https://piacenza.elettroservicegroup.it"
209.50.168.204 - - [23/Jun/2026:21:15:26 +0200] "GET /wp-login.php?wp_lang=en_US HTTP/2.0" 200 2479 "-" "Mozilla/5.0 (Windows NT 10.0; Win64; x64; rv:133.0) Gecko/20100101 Firefox/133.0"
209.50.168.204 - - [23/Jun/2026:21:15:27 +0200] "POST /wp-login.php?wp_lang=en_US HTTP/2.0" 200 2605 "https://piacenza.elettroservicegroup.it/wp-login.php?wp_lang=en_US" "Mozilla/5.0 (Windows NT 10.0; Win64; x64; rv:133.0) Gecko/20100101 Firefox/133.0"
104.167.25.177 - - [23/Jun/2026:21:15:30 +0200] "GET /wp-login.php?wp_lang=en_US HTTP/2.0" 200 11791 "-" "Mozilla/5.0 (Windows NT 10.0; Win64; x64; rv:133.0) Gecko/20100101 Firefox/133.0"
104.207.56.80 - - [23/Jun/2026:21:15:30 +0200] "GET /wp-login.php?wp_lang=en_US HTTP/2.0" 200 2479 "-" "Mozilla/5.0 (Windows NT 10.0; Win64; x64) AppleWebKit/537.36 (KHTML, like Gecko) Chrome/124.0.0.0 Safari/537.36"
65.108.235.243 - - [23/Jun/2026:21:15:35 +0200] "POST /wp-cron.php?doing_wp_cron=1782242135.0014710426330566406250 HTTP/1.1" 200 1 "-" "WordPress/7.0; https://piacenza.elettroservicegroup.it"
104.207.56.80 - - [23/Jun/2026:21:15:32 +0200] "POST /wp-login.php?wp_lang=en_US HTTP/2.0" 200 2605 "https://piacenza.elettroservicegroup.it/wp-login.php?wp_lang=en_US" "Mozilla/5.0 (Windows NT 10.0; Win64; x64) AppleWebKit/537.36 (KHTML, like Gecko) Chrome/124.0.0.0 Safari/537.36"
209.50.189.101 - - [23/Jun/2026:21:15:35 +0200] "GET /wp-login.php?wp_lang=en_US HTTP/2.0" 200 2479 "-" "Mozilla/5.0 (Macintosh; Intel Mac OS X 10_15_7) AppleWebKit/605.1.15 (KHTML, like Gecko) Version/18.0 Safari/605.1.15"
209.50.189.101 - - [23/Jun/2026:21:15:37 +0200] "POST /wp-login.php?wp_lang=en_US HTTP/2.0" 200 2605 "https://piacenza.elettroservicegroup.it/wp-login.php?wp_lang=en_US" "Mozilla/5.0 (Macintosh; Intel Mac OS X 10_15_7) AppleWebKit/605.1.15 (KHTML, like Gecko) Version/18.0 Safari/605.1.15"
65.111.28.226 - - [23/Jun/2026:21:15:40 +0200] "GET /wp-login.php?wp_lang=en_US HTTP/2.0" 200 11786 "-" "Mozilla/5.0 (Windows NT 10.0; Win64; x64) AppleWebKit/537.36 (KHTML, like Gecko) Chrome/124.0.0.0 Safari/537.36"
65.111.2.86 - - [23/Jun/2026:21:15:41 +0200] "GET /wp-login.php?wp_lang=en_US HTTP/2.0" 200 2479 "-" "Mozilla/5.0 (Macintosh; Intel Mac OS X 10_15_7) AppleWebKit/605.1.15 (KHTML, like Gecko) Version/18.0 Safari/605.1.15"
65.111.2.86 - - [23/Jun/2026:21:15:43 +0200] "POST /wp-login.php?wp_lang=en_US HTTP/2.0" 200 2605 "https://piacenza.elettroservicegroup.it/wp-login.php?wp_lang=en_US" "Mozilla/5.0 (Macintosh; Intel Mac OS X 10_15_7) AppleWebKit/605.1.15 (KHTML, like Gecko) Version/18.0 Safari/605.1.15"
45.3.38.174 - - [23/Jun/2026:21:15:46 +0200] "GET /wp-login.php?wp_lang=en_US HTTP/2.0" 200 2479 "-" "Mozilla/5.0 (Windows NT 10.0; Win64; x64) AppleWebKit/537.36 (KHTML, like Gecko) Chrome/124.0.0.0 Safari/537.36"
45.3.38.174 - - [23/Jun/2026:21:15:47 +0200] "POST /wp-login.php?wp_lang=en_US HTTP/2.0" 200 2605 "https://piacenza.elettroservicegroup.it/wp-login.php?wp_lang=en_US" "Mozilla/5.0 (Windows NT 10.0; Win64; x64) AppleWebKit/537.36 (KHTML, like Gecko) Chrome/124.0.0.0 Safari/537.36"
209.50.172.192 - - [23/Jun/2026:21:15:50 +0200] "GET /wp-login.php?wp_lang=en_US HTTP/2.0" 200 2479 "-" "Mozilla/5.0 (Windows NT 10.0; Win64; x64) AppleWebKit/537.36 (KHTML, like Gecko) Chrome/124.0.0.0 Safari/537.36"
209.50.172.192 - - [23/Jun/2026:21:15:52 +0200] "POST /wp-login.php?wp_lang=en_US HTTP/2.0" 200 2605 "https://piacenza.elettroservicegroup.it/wp-login.php?wp_lang=en_US" "Mozilla/5.0 (Windows NT 10.0; Win64; x64) AppleWebKit/537.36 (KHTML, like Gecko) Chrome/124.0.0.0 Safari/537.36"
65.111.13.62 - - [23/Jun/2026:21:15:55 +0200] "GET /wp-login.php?wp_lang=en_US HTTP/2.0" 200 2479 "-" "Mozilla/5.0 (Windows NT 10.0; Win64; x64; rv:133.0) Gecko/20100101 Firefox/133.0"
65.111.13.62 - - [23/Jun/2026:21:15:57 +0200] "POST /wp-login.php?wp_lang=en_US HTTP/2.0" 200 2605 "https://piacenza.elettroservicegroup.it/wp-login.php?wp_lang=en_US" "Mozilla/5.0 (Windows NT 10.0; Win64; x64; rv:133.0) Gecko/20100101 Firefox/133.0"
104.207.62.70 - - [23/Jun/2026:21:15:58 +0200] "GET /wp-login.php?wp_lang=en_US HTTP/2.0" 200 2479 "-" "Mozilla/5.0 (Macintosh; Intel Mac OS X 10_15_7) AppleWebKit/605.1.15 (KHTML, like Gecko) Version/18.0 Safari/605.1.15"
104.207.62.70 - - [23/Jun/2026:21:15:59 +0200] "POST /wp-login.php?wp_lang=en_US HTTP/2.0" 200 2605 "https://piacenza.elettroservicegroup.it/wp-login.php?wp_lang=en_US" "Mozilla/5.0 (Macintosh; Intel Mac OS X 10_15_7) AppleWebKit/605.1.15 (KHTML, like Gecko) Version/18.0 Safari/605.1.15"
65.108.235.243 - - [23/Jun/2026:22:14:55 +0200] "POST /wp-cron.php?doing_wp_cron=1782245695.6703879833221435546875 HTTP/1.1" 200 1 "-" "WordPress/7.0; https://piacenza.elettroservicegroup.it"
34.59.231.214 - - [23/Jun/2026:22:14:53 +0200] "GET /.git/config HTTP/1.1" 404 85005 "-" "-"
65.108.235.243 - - [23/Jun/2026:22:14:56 +0200] "POST /wp-json/complianz/v1/wsc-scan HTTP/1.1" 400 88 "-" "WordPress/7.0; https://piacenza.elettroservicegroup.it"
65.108.235.243 - - [23/Jun/2026:22:14:57 +0200] "GET /assistenza-lavastoviglie-ariston-piacenza/ HTTP/1.1" 200 22087 "-" "WP Fastest Cache Preload Bot"
65.108.235.243 - - [23/Jun/2026:22:15:01 +0200] "GET /assistenza-lavastoviglie-aeg-piacenza/ HTTP/1.1" 200 22146 "-" "WP Fastest Cache Preload Bot"
65.108.235.243 - - [23/Jun/2026:22:15:05 +0200] "GET /assistenza-lavastoviglie-piacenza/ HTTP/1.1" 200 21791 "-" "WP Fastest Cache Preload Bot"
65.108.235.243 - - [23/Jun/2026:22:15:09 +0200] "GET /assistenza-indesit-piacenza/ HTTP/1.1" 200 21795 "-" "WP Fastest Cache Preload Bot"
65.108.235.243 - - [23/Jun/2026:22:15:15 +0200] "POST /wp-admin/admin-ajax.php?action=wordfence_testAjax HTTP/1.1" 200 16 "-" "WordPress/7.0; https://piacenza.elettroservicegroup.it"
65.108.235.243 - - [23/Jun/2026:22:15:17 +0200] "GET /wp-admin/admin-ajax.php?action=wordfence_doScan&isFork=0&scanMode=quick&cronKey=675b062cdc9d335fb1fb9ed6d9759c62&signature=fa3fa42e6733fc4ccec2624bb8b70ab9802479929cee12d3ee07dabb3aeab603 HTTP/1.1" 200 1 "-" "WordPress/7.0; https://piacenza.elettroservicegroup.it"
65.108.235.243 - - [23/Jun/2026:22:30:52 +0200] "POST /wp-cron.php?doing_wp_cron=1782246652.4290730953216552734375 HTTP/1.1" 200 1 "-" "WordPress/7.0; https://piacenza.elettroservicegroup.it"
52.167.144.175 - - [23/Jun/2026:22:30:50 +0200] "GET /kak-ispol-zovat-bonusy-dlia-uvelicheniia-vyigrysha/ HTTP/2.0" 404 16322 "-" "Mozilla/5.0 AppleWebKit/537.36 (KHTML, like Gecko; compatible; bingbot/2.0; +http://www.bing.com/bingbot.htm) Chrome/116.0.1938.76 Safari/537.36"
65.108.235.243 - - [23/Jun/2026:22:30:53 +0200] "GET /assistenza-candy-piacenza/ HTTP/1.1" 200 21896 "-" "WP Fastest Cache Preload Bot"
65.108.235.243 - - [23/Jun/2026:22:30:53 +0200] "GET /assistenza-bosch-piacenza/ HTTP/1.1" 200 21893 "-" "WP Fastest Cache Preload Bot"
65.108.235.243 - - [23/Jun/2026:22:30:53 +0200] "GET /assistenza-ariston-piacenza/ HTTP/1.1" 200 21887 "-" "WP Fastest Cache Preload Bot"
65.108.235.243 - - [23/Jun/2026:22:30:54 +0200] "GET /assistenza-aeg-piacenza/ HTTP/1.1" 200 21886 "-" "WP Fastest Cache Preload Bot"
66.249.64.167 - - [23/Jun/2026:22:41:58 +0200] "GET /wp-content/uploads/2021/10/FRIGO-282x300.png HTTP/1.1" 200 24157 "-" "Googlebot-Image/1.0"
66.249.64.166 - - [23/Jun/2026:22:44:36 +0200] "GET /wp-content/uploads/2021/11/TECNICO-ELETTRODOMESTICI-4.jpg HTTP/1.1" 200 17166 "-" "Googlebot-Image/1.0"
66.249.64.166 - - [23/Jun/2026:22:50:17 +0200] "GET /wp-content/uploads/2022/01/copertina-Riparazione_Lavastoviglie-1-4-300x200.jpg HTTP/1.1" 200 13797 "-" "Googlebot-Image/1.0"
66.249.64.166 - - [23/Jun/2026:22:50:26 +0200] "GET /wp-content/uploads/2022/08/COPERTINA-2.png HTTP/1.1" 200 238875 "-" "Googlebot-Image/1.0"
65.108.235.243 - - [23/Jun/2026:22:56:07 +0200] "POST /wp-cron.php?doing_wp_cron=1782248166.9220330715179443359375 HTTP/1.1" 200 1 "-" "WordPress/7.0; https://piacenza.elettroservicegroup.it"
216.73.216.21 - - [23/Jun/2026:22:55:58 +0200] "GET /robots.txt HTTP/2.0" 200 108 "-" "Mozilla/5.0 AppleWebKit/537.36 (KHTML, like Gecko; compatible; ClaudeBot/1.0; +claudebot@anthropic.com)"
65.108.235.243 - - [23/Jun/2026:22:56:08 +0200] "GET /cookie-policy/ HTTP/1.1" 200 18009 "-" "WP Fastest Cache Preload Bot"
65.108.235.243 - - [23/Jun/2026:22:56:11 +0200] "GET /termini-e-condizioni/ HTTP/1.1" 200 17572 "-" "WP Fastest Cache Preload Bot"
65.108.235.243 - - [23/Jun/2026:22:56:13 +0200] "GET /cookie-policy-ue/ HTTP/1.1" 200 19432 "-" "WP Fastest Cache Preload Bot"
65.108.235.243 - - [23/Jun/2026:22:56:15 +0200] "GET /informativa-privacy/ HTTP/1.1" 200 19817 "-" "WP Fastest Cache Preload Bot"
65.108.235.243 - - [23/Jun/2026:23:37:38 +0200] "POST /wp-cron.php?doing_wp_cron=1782250658.8006329536437988281250 HTTP/1.1" 200 1 "-" "WordPress/7.0; https://piacenza.elettroservicegroup.it"
114.119.137.98 - - [23/Jun/2026:23:37:36 +0200] "GET /robots.txt HTTP/1.1" 200 108 "https://piacenza.elettroservicegroup.it/robots.txt" "Mozilla/5.0 (Windows NT 10.0; Win64; x64) AppleWebKit/537.36 (KHTML, like Gecko) Chrome/148.0.0.0 Safari/537.36"
65.108.235.243 - - [23/Jun/2026:23:37:39 +0200] "POST /wp-json/complianz/v1/wsc-scan HTTP/1.1" 400 88 "-" "WordPress/7.0; https://piacenza.elettroservicegroup.it"
65.108.235.243 - - [23/Jun/2026:23:37:40 +0200] "GET /assistenza-frigoriferi/ HTTP/1.1" 200 19892 "-" "WP Fastest Cache Preload Bot"
65.108.235.243 - - [23/Jun/2026:23:37:42 +0200] "GET /assistenza-lavastoviglie/ HTTP/1.1" 200 19951 "-" "WP Fastest Cache Preload Bot"
65.108.235.243 - - [23/Jun/2026:23:37:45 +0200] "GET /assistenza-asciugatrici/ HTTP/1.1" 200 19702 "-" "WP Fastest Cache Preload Bot"
65.108.235.243 - - [23/Jun/2026:23:37:45 +0200] "GET /assistenza-lavatrici/ HTTP/1.1" 200 19447 "-" "WP Fastest Cache Preload Bot"
65.108.235.243 - - [24/Jun/2026:00:10:04 +0200] "POST /wp-cron.php?doing_wp_cron=1782252604.4978909492492675781250 HTTP/1.1" 200 1 "-" "WordPress/7.0; https://piacenza.elettroservicegroup.it"
87.250.224.3 - - [24/Jun/2026:00:10:02 +0200] "GET /robots.txt HTTP/1.1" 200 195 "-" "Mozilla/5.0 (compatible; YandexBot/3.0; +http://yandex.com/bots)"
213.180.203.142 - - [24/Jun/2026:00:10:05 +0200] "GET /assistenza-ariston-piacenza/ HTTP/2.0" 200 11675 "-" "Mozilla/5.0 (compatible; YandexBot/3.0; +http://yandex.com/bots)"
65.108.235.243 - - [24/Jun/2026:00:10:05 +0200] "GET / HTTP/1.1" 200 21819 "-" "WP Fastest Cache Preload Bot"
65.108.235.243 - - [24/Jun/2026:00:10:35 +0200] "POST /wp-cron.php?doing_wp_cron=1782252635.3973860740661621093750 HTTP/1.1" 200 1 "-" "WordPress/7.0; https://piacenza.elettroservicegroup.it"
5.255.231.126 - - [24/Jun/2026:00:10:34 +0200] "GET /sitemap.rss HTTP/2.0" 200 1297 "-" "Mozilla/5.0 (compatible; YandexBot/3.0; +http://yandex.com/bots)"
34.56.168.230 - - [24/Jun/2026:00:20:34 +0200] "HEAD /robots.txt HTTP/2.0" 200 11654 "-" "Mozilla/5.0 (X11; Linux x86_64) AppleWebKit/537.36 (KHTML, like Gecko) Chrome/136.0.0.0 Safari/537.36"
34.56.168.230 - - [24/Jun/2026:00:20:34 +0200] "GET /robots.txt HTTP/2.0" 200 11654 "-" "Mozilla/5.0 (X11; Linux x86_64) AppleWebKit/537.36 (KHTML, like Gecko) Chrome/136.0.0.0 Safari/537.36"
34.63.117.220 - - [24/Jun/2026:00:20:35 +0200] "HEAD /assistenza-ariston-piacenza HTTP/2.0" 200 11727 "-" "Mozilla/5.0 AppleWebKit/537.36 (KHTML, like Gecko); compatible; ShapBot/0.1.0"
34.63.117.220 - - [24/Jun/2026:00:20:35 +0200] "GET /assistenza-ariston-piacenza HTTP/2.0" 200 11727 "-" "Mozilla/5.0 AppleWebKit/537.36 (KHTML, like Gecko); compatible; ShapBot/0.1.0"
74.7.227.30 - - [24/Jun/2026:00:27:40 +0200] "GET /sitemap.xml HTTP/2.0" 415 333 "-" "Mozilla/5.0 AppleWebKit/537.36 (KHTML, like Gecko; compatible; GPTBot/1.4; +https://openai.com/gptbot)"
65.108.235.243 - - [24/Jun/2026:00:27:48 +0200] "POST /wp-cron.php?doing_wp_cron=1782253668.0966439247131347656250 HTTP/1.1" 200 1 "-" "WordPress/7.0; https://piacenza.elettroservicegroup.it"
74.7.228.55 - - [24/Jun/2026:00:27:40 +0200] "GET /robots.txt HTTP/2.0" 200 108 "-" "Mozilla/5.0 (Macintosh; Intel Mac OS X 10_15_7) AppleWebKit/537.36 (KHTML, like Gecko) Chrome/131.0.0.0 Safari/537.36; compatible; OAI-SearchBot/1.4; robots.txt; +https://openai.com/searchbot"
65.108.235.243 - - [24/Jun/2026:00:36:54 +0200] "POST /wp-cron.php?doing_wp_cron=1782254214.0010271072387695312500 HTTP/1.1" 200 1 "-" "WordPress/7.0; https://piacenza.elettroservicegroup.it"
74.7.227.30 - - [24/Jun/2026:00:36:46 +0200] "GET /sitemap.rss HTTP/2.0" 415 1297 "-" "Mozilla/5.0 AppleWebKit/537.36 (KHTML, like Gecko; compatible; GPTBot/1.4; +https://openai.com/gptbot)"
65.108.235.243 - - [24/Jun/2026:00:36:55 +0200] "GET /imprint/ HTTP/1.1" 200 17185 "-" "WP Fastest Cache Preload Bot"
65.108.235.243 - - [24/Jun/2026:00:36:58 +0200] "GET /dichiarazione-sulla-privacy-ue/ HTTP/1.1" 200 19683 "-" "WP Fastest Cache Preload Bot"
65.108.235.243 - - [24/Jun/2026:00:37:00 +0200] "GET /assistenza-whirlpool-piacenza/ HTTP/1.1" 200 21856 "-" "WP Fastest Cache Preload Bot"
65.108.235.243 - - [24/Jun/2026:00:37:02 +0200] "GET /assistenza-smeg-piacenza/ HTTP/1.1" 200 21805 "-" "WP Fastest Cache Preload Bot"
65.108.235.243 - - [24/Jun/2026:00:37:05 +0200] "GET / HTTP/1.1" 200 21819 "-" "WP Fastest Cache Preload Bot"
66.249.64.165 - - [24/Jun/2026:01:34:59 +0200] "GET /wp-content/uploads/2022/01/elet1-7-300x136.jpg HTTP/1.1" 200 5295 "-" "Googlebot-Image/1.0"
65.108.235.243 - - [24/Jun/2026:02:26:21 +0200] "POST /wp-cron.php?doing_wp_cron=1782260781.8321878910064697265625 HTTP/1.1" 200 1 "-" "WordPress/7.0; https://piacenza.elettroservicegroup.it"
66.249.64.166 - - [24/Jun/2026:02:26:16 +0200] "GET /assistenza-condizionatori/ HTTP/1.1" 404 16267 "-" "Mozilla/5.0 (Linux; Android 6.0.1; Nexus 5X Build/MMB29P) AppleWebKit/537.36 (KHTML, like Gecko) Chrome/148.0.7778.96 Mobile Safari/537.36 (compatible; Googlebot/2.1; +http://www.google.com/bot.html)"
65.108.235.243 - - [24/Jun/2026:02:26:22 +0200] "POST /wp-json/complianz/v1/wsc-scan HTTP/1.1" 400 88 "-" "WordPress/7.0; https://piacenza.elettroservicegroup.it"
65.108.235.243 - - [24/Jun/2026:02:26:22 +0200] "GET /imprint/ HTTP/1.1" 200 17186 "-" "WP Fastest Cache Preload Bot"
65.108.235.243 - - [24/Jun/2026:02:26:23 +0200] "GET /dichiarazione-sulla-privacy-ue/ HTTP/1.1" 200 19685 "-" "WP Fastest Cache Preload Bot"
65.108.235.243 - - [24/Jun/2026:02:26:23 +0200] "GET /assistenza-whirlpool-piacenza/ HTTP/1.1" 200 21855 "-" "WP Fastest Cache Preload Bot"
65.108.235.243 - - [24/Jun/2026:02:26:23 +0200] "GET /assistenza-smeg-piacenza/ HTTP/1.1" 200 21806 "-" "WP Fastest Cache Preload Bot"
66.249.64.165 - - [24/Jun/2026:02:28:58 +0200] "GET /wp-content/uploads/2021/10/sfondo-aeg.jpg HTTP/1.1" 304 - "-" "Googlebot-Image/1.0"
65.108.235.243 - - [24/Jun/2026:02:43:56 +0200] "GET /assistenza-siemens-piacenza/ HTTP/1.1" 200 21986 "-" "WP Fastest Cache Preload Bot"
43.134.93.164 - - [24/Jun/2026:02:43:57 +0200] "GET / HTTP/1.1" 200 23718 "http://piacenza.elettroservicegroup.it" "Mozilla/5.0 (iPhone; CPU iPhone OS 13_2_3 like Mac OS X) AppleWebKit/605.1.15 (KHTML, like Gecko) Version/13.0.3 Mobile/15E148 Safari/604.1"
65.108.235.243 - - [24/Jun/2026:02:43:56 +0200] "GET /assistenza-rex-electrolux-piacenza/ HTTP/1.1" 200 21847 "-" "WP Fastest Cache Preload Bot"
65.108.235.243 - - [24/Jun/2026:02:43:57 +0200] "GET /assistenza-miele-piacenza/ HTTP/1.1" 200 22098 "-" "WP Fastest Cache Preload Bot"
65.108.235.243 - - [24/Jun/2026:02:43:58 +0200] "GET /assistenza-lavatrici-whirlpool-piacenza/ HTTP/1.1" 200 21966 "-" "WP Fastest Cache Preload Bot"
43.153.26.165 - - [24/Jun/2026:02:58:58 +0200] "GET /assistenza-aeg-piacenza/ HTTP/1.1" 200 23699 "-" "Mozilla/5.0 (iPhone; CPU iPhone OS 13_2_3 like Mac OS X) AppleWebKit/605.1.15 (KHTML, like Gecko) Version/13.0.3 Mobile/15E148 Safari/604.1"
65.108.235.243 - - [24/Jun/2026:03:06:26 +0200] "POST /wp-cron.php?doing_wp_cron=1782263186.5574169158935546875000 HTTP/1.1" 200 1 "-" "WordPress/7.0; https://piacenza.elettroservicegroup.it"
43.134.56.214 - - [24/Jun/2026:03:06:24 +0200] "GET /wp-json/ HTTP/1.1" 200 333598 "-" "Mozilla/5.0 (iPhone; CPU iPhone OS 13_2_3 like Mac OS X) AppleWebKit/605.1.15 (KHTML, like Gecko) Version/13.0.3 Mobile/15E148 Safari/604.1"
65.108.235.243 - - [24/Jun/2026:03:06:27 +0200] "GET /assistenza-lavatrici-smeg-piacenza/ HTTP/1.1" 200 21711 "-" "WP Fastest Cache Preload Bot"
65.108.235.243 - - [24/Jun/2026:03:06:30 +0200] "GET /assistenza-lavatrici-rex-electrolux-piacenza/ HTTP/1.1" 200 21681 "-" "WP Fastest Cache Preload Bot"
65.108.235.243 - - [24/Jun/2026:03:06:32 +0200] "GET /assistenza-lavatrici-indesit-piacenza/ HTTP/1.1" 200 21708 "-" "WP Fastest Cache Preload Bot"
65.108.235.243 - - [24/Jun/2026:03:06:34 +0200] "GET /assistenza-lavatrici-bosch-piacenza/ HTTP/1.1" 200 21748 "-" "WP Fastest Cache Preload Bot"
43.130.116.87 - - [24/Jun/2026:03:17:39 +0200] "GET /assistenza-candy-piacenza/ HTTP/1.1" 200 23751 "-" "Mozilla/5.0 (iPhone; CPU iPhone OS 13_2_3 like Mac OS X) AppleWebKit/605.1.15 (KHTML, like Gecko) Version/13.0.3 Mobile/15E148 Safari/604.1"
65.108.235.243 - - [24/Jun/2026:03:27:36 +0200] "POST /wp-cron.php?doing_wp_cron=1782264456.5815289020538330078125 HTTP/1.1" 200 1 "-" "WordPress/7.0; https://piacenza.elettroservicegroup.it"
43.165.67.31 - - [24/Jun/2026:03:27:29 +0200] "GET /feed/ HTTP/1.1" 200 561 "-" "Mozilla/5.0 (iPhone; CPU iPhone OS 13_2_3 like Mac OS X) AppleWebKit/605.1.15 (KHTML, like Gecko) Version/13.0.3 Mobile/15E148 Safari/604.1"
65.108.235.243 - - [24/Jun/2026:03:27:37 +0200] "POST /wp-json/complianz/v1/wsc-scan HTTP/1.1" 400 88 "-" "WordPress/7.0; https://piacenza.elettroservicegroup.it"
65.108.235.243 - - [24/Jun/2026:03:27:38 +0200] "GET /assistenza-lavatrici-ariston-piacenza/ HTTP/1.1" 200 21769 "-" "WP Fastest Cache Preload Bot"
65.108.235.243 - - [24/Jun/2026:03:27:40 +0200] "GET /assistenza-lavatrici-aeg-piacenza/ HTTP/1.1" 200 21772 "-" "WP Fastest Cache Preload Bot"
65.108.235.243 - - [24/Jun/2026:03:27:41 +0200] "GET /assistenza-lavatrici-piacenza/ HTTP/1.1" 200 22020 "-" "WP Fastest Cache Preload Bot"
65.108.235.243 - - [24/Jun/2026:03:27:42 +0200] "GET /assistenza-lavastoviglie-whirlpool-piacenza/ HTTP/1.1" 200 21718 "-" "WP Fastest Cache Preload Bot"
65.108.235.243 - - [24/Jun/2026:03:38:02 +0200] "POST /wp-cron.php?doing_wp_cron=1782265082.4860930442810058593750 HTTP/1.1" 200 1 "-" "WordPress/7.0; https://piacenza.elettroservicegroup.it"
43.165.198.224 - - [24/Jun/2026:03:37:55 +0200] "GET /assistenza-asciugatrici HTTP/1.1" 301 - "-" "Mozilla/5.0 (iPhone; CPU iPhone OS 13_2_3 like Mac OS X) AppleWebKit/605.1.15 (KHTML, like Gecko) Version/13.0.3 Mobile/15E148 Safari/604.1"
43.165.198.224 - - [24/Jun/2026:03:38:04 +0200] "GET /assistenza-asciugatrici/ HTTP/1.1" 200 21425 "https://piacenza.elettroservicegroup.it/assistenza-asciugatrici" "Mozilla/5.0 (iPhone; CPU iPhone OS 13_2_3 like Mac OS X) AppleWebKit/605.1.15 (KHTML, like Gecko) Version/13.0.3 Mobile/15E148 Safari/604.1"
65.108.235.243 - - [24/Jun/2026:03:38:04 +0200] "GET /assistenza-lavastoviglie-smeg-piacenza/ HTTP/1.1" 200 21665 "-" "WP Fastest Cache Preload Bot"
65.108.235.243 - - [24/Jun/2026:03:38:07 +0200] "GET /assistenza-lavastoviglie-rex-electrolux-piacenza/ HTTP/1.1" 200 21627 "-" "WP Fastest Cache Preload Bot"
65.108.235.243 - - [24/Jun/2026:03:38:09 +0200] "GET /assistenza-lavastoviglie-indesit-piacenza/ HTTP/1.1" 200 22132 "-" "WP Fastest Cache Preload Bot"
65.108.235.243 - - [24/Jun/2026:03:38:12 +0200] "GET /assistenza-lavastoviglie-bosch-piacenza/ HTTP/1.1" 200 22155 "-" "WP Fastest Cache Preload Bot"
65.108.235.243 - - [24/Jun/2026:03:48:08 +0200] "POST /wp-cron.php?doing_wp_cron=1782265688.1878130435943603515625 HTTP/1.1" 200 1 "-" "WordPress/7.0; https://piacenza.elettroservicegroup.it"
43.166.242.189 - - [24/Jun/2026:03:48:01 +0200] "GET /?p=16885 HTTP/1.1" 301 - "-" "Mozilla/5.0 (iPhone; CPU iPhone OS 13_2_3 like Mac OS X) AppleWebKit/605.1.15 (KHTML, like Gecko) Version/13.0.3 Mobile/15E148 Safari/604.1"
43.166.242.189 - - [24/Jun/2026:03:48:08 +0200] "GET /assistenza-aeg-piacenza/ HTTP/1.1" 200 23699 "https://piacenza.elettroservicegroup.it/?p=16885" "Mozilla/5.0 (iPhone; CPU iPhone OS 13_2_3 like Mac OS X) AppleWebKit/605.1.15 (KHTML, like Gecko) Version/13.0.3 Mobile/15E148 Safari/604.1"
65.108.235.243 - - [24/Jun/2026:03:48:08 +0200] "GET /assistenza-lavastoviglie-ariston-piacenza/ HTTP/1.1" 200 22088 "-" "WP Fastest Cache Preload Bot"
65.108.235.243 - - [24/Jun/2026:03:48:09 +0200] "GET /assistenza-lavastoviglie-aeg-piacenza/ HTTP/1.1" 200 22148 "-" "WP Fastest Cache Preload Bot"
65.108.235.243 - - [24/Jun/2026:03:48:09 +0200] "GET /assistenza-lavastoviglie-piacenza/ HTTP/1.1" 200 21793 "-" "WP Fastest Cache Preload Bot"
65.108.235.243 - - [24/Jun/2026:03:48:10 +0200] "GET /assistenza-indesit-piacenza/ HTTP/1.1" 200 21796 "-" "WP Fastest Cache Preload Bot"