192.178.4.103 - - [23/Jun/2026:05:57:45 +0200] "GET /?p=16495 HTTP/1.1" 404 17569 "-" "Mozilla/5.0 (Linux; Android 6.0.1; Nexus 5X Build/MMB29P) AppleWebKit/537.36 (KHTML, like Gecko) Chrome/148.0.7778.96 Mobile Safari/537.36 (compatible; Googlebot/2.1; +http://www.google.com/bot.html)"
209.141.50.78 - - [23/Jun/2026:06:06:51 +0200] "GET / HTTP/1.1" 415 140399 "-" "Mozilla/5.0 (X11; Linux x86_64) AppleWebKit/537.36 (KHTML, like Gecko) Chrome/113.0.0.0 Safari/537.36"
209.141.50.78 - - [23/Jun/2026:06:06:55 +0200] "GET /wp-login.php HTTP/1.1" 302 - "-" "Mozilla/5.0 (X11; Linux x86_64) AppleWebKit/537.36 (KHTML, like Gecko) Chrome/113.0.0.0 Safari/537.36"
65.108.235.243 - - [23/Jun/2026:06:07:00 +0200] "POST /wp-cron.php?doing_wp_cron=1782187620.0072519779205322265625 HTTP/1.1" 200 1 "-" "WordPress/7.0; https://elettroservicegroup.it"
209.141.50.78 - - [23/Jun/2026:06:06:58 +0200] "GET /wp-login.php HTTP/1.1" 302 - "-" "Mozilla/5.0 (X11; Linux x86_64) AppleWebKit/537.36 (KHTML, like Gecko) Chrome/113.0.0.0 Safari/537.36"
209.141.50.78 - - [23/Jun/2026:06:07:07 +0200] "GET /wp-login.php HTTP/1.1" 302 - "-" "Mozilla/5.0 (X11; Linux x86_64) AppleWebKit/537.36 (KHTML, like Gecko) Chrome/113.0.0.0 Safari/537.36"
209.141.50.78 - - [23/Jun/2026:06:07:21 +0200] "GET /wp-admin/ HTTP/1.1" 302 - "-" "Mozilla/5.0 (X11; Linux x86_64) AppleWebKit/537.36 (KHTML, like Gecko) Chrome/113.0.0.0 Safari/537.36"
209.141.50.78 - - [23/Jun/2026:06:07:32 +0200] "GET /?rest_route=%2Fwp%2Fv2%2Fusers&per_page=100 HTTP/1.1" 415 145529 "-" "Mozilla/5.0 (X11; Linux x86_64) AppleWebKit/537.36 (KHTML, like Gecko) Chrome/113.0.0.0 Safari/537.36"
209.141.50.78 - - [23/Jun/2026:06:07:38 +0200] "GET /?rest_route=%2Fwp%2Fv2%2Fusers&per_page=100 HTTP/1.1" 415 145529 "-" "Mozilla/5.0 (X11; Linux x86_64) AppleWebKit/537.36 (KHTML, like Gecko) Chrome/113.0.0.0 Safari/537.36"
202.136.89.73 - - [23/Jun/2026:06:19:34 +0200] "POST /xmlrpc.php HTTP/1.1" 403 52 "-" "Mozilla/5.0 (Windows NT 10.0; Win64; x64) AppleWebKit/537.36"
27.76.127.80 - - [23/Jun/2026:06:19:37 +0200] "GET / HTTP/1.1" 200 23176 "-" "Mozilla/5.0 (Windows NT 10.0; Win64; x64) AppleWebKit/537.36 (KHTML, like Gecko) Chrome/120.0.0.0 Safari/537.36"
65.108.235.243 - - [23/Jun/2026:06:19:49 +0200] "POST /wp-cron.php?doing_wp_cron=1782188389.4020240306854248046875 HTTP/1.1" 200 1 "-" "WordPress/7.0; https://elettroservicegroup.it"
27.76.127.80 - - [23/Jun/2026:06:19:40 +0200] "GET /wp-login.php HTTP/1.1" 200 5541 "-" "Mozilla/5.0 (Windows NT 10.0; Win64; x64) AppleWebKit/537.36 (KHTML, like Gecko) Chrome/120.0.0.0 Safari/537.36"
27.76.127.80 - - [23/Jun/2026:06:19:51 +0200] "GET /wp-login.php?wp_lang=en_US HTTP/1.1" 200 4772 "-" "Mozilla/5.0 (Windows NT 10.0; Win64; x64) AppleWebKit/537.36 (KHTML, like Gecko) Chrome/120.0.0.0 Safari/537.36"
27.76.127.80 - - [23/Jun/2026:06:19:55 +0200] "POST /wp-login.php HTTP/1.1" 200 4925 "https://elettroservicegroup.it" "Mozilla/5.0 (Windows NT 10.0; Win64; x64) AppleWebKit/537.36 (KHTML, like Gecko) Chrome/120.0.0.0 Safari/537.36"
149.56.150.237 - - [23/Jun/2026:06:33:52 +0200] "GET / HTTP/2.0" 200 140383 "-" "Mozilla/5.0 (compatible; Dataprovider.com)"
149.56.150.237 - - [23/Jun/2026:06:33:52 +0200] "GET /robots.txt HTTP/2.0" 200 177 "-" "Mozilla/5.0 (compatible; Dataprovider.com)"
149.56.150.237 - - [23/Jun/2026:06:33:53 +0200] "GET /sitemap.xml HTTP/2.0" 200 537 "-" "Mozilla/5.0 (compatible; Dataprovider.com)"
149.56.150.237 - - [23/Jun/2026:06:33:54 +0200] "GET / HTTP/1.1" 200 140383 "-" "Mozilla/5.0 (compatible; Dataprovider.com)"
149.56.150.237 - - [23/Jun/2026:06:33:54 +0200] "GET /imprint/ HTTP/2.0" 200 86227 "-" "Mozilla/5.0 (compatible; Dataprovider.com)"
149.56.150.237 - - [23/Jun/2026:06:33:55 +0200] "GET /termini-e-condizioni/ HTTP/2.0" 200 90388 "-" "Mozilla/5.0 (compatible; Dataprovider.com)"
149.56.150.237 - - [23/Jun/2026:06:33:56 +0200] "GET /dichiarazione-sulla-privacy-ue/ HTTP/2.0" 200 96740 "-" "Mozilla/5.0 (compatible; Dataprovider.com)"
149.56.150.237 - - [23/Jun/2026:06:33:57 +0200] "GET /chi-siamo/ HTTP/2.0" 200 118557 "-" "Mozilla/5.0 (compatible; Dataprovider.com)"
149.56.150.237 - - [23/Jun/2026:06:33:58 +0200] "GET /cookie-policy-ue/ HTTP/2.0" 200 108429 "-" "Mozilla/5.0 (compatible; Dataprovider.com)"
149.56.150.237 - - [23/Jun/2026:06:33:59 +0200] "GET /ads.txt HTTP/2.0" 404 83446 "-" "Mozilla/5.0 (compatible; Dataprovider.com)"
65.108.235.243 - - [23/Jun/2026:06:34:00 +0200] "POST /wp-cron.php?doing_wp_cron=1782189240.2352700233459472656250 HTTP/1.1" 200 1 "-" "WordPress/7.0; https://elettroservicegroup.it"
149.56.150.237 - - [23/Jun/2026:06:33:59 +0200] "GET / HTTP/2.0" 200 145529 "-" "Mozilla/5.0 (Linux; Android 10; SM-G981B) AppleWebKit/537.36 (KHTML, like Gecko) Chrome/80.0.3987.162 Mobile Safari/537.36"
149.56.150.237 - - [23/Jun/2026:06:34:00 +0200] "GET /security.txt HTTP/2.0" 404 83481 "-" "Mozilla/5.0 (compatible; Dataprovider.com)"
149.56.150.237 - - [23/Jun/2026:06:34:01 +0200] "GET /.well-known/security.txt HTTP/2.0" 404 83572 "-" "Mozilla/5.0 (compatible; Dataprovider.com)"
149.56.150.237 - - [23/Jun/2026:06:34:03 +0200] "GET /llms.txt HTTP/2.0" 200 9662 "-" "Mozilla/5.0 (compatible; Dataprovider.com)"
149.56.150.237 - - [23/Jun/2026:06:34:03 +0200] "GET /humans.txt HTTP/2.0" 404 83467 "-" "Mozilla/5.0 (compatible; Dataprovider.com)"
144.217.135.201 - - [23/Jun/2026:06:34:12 +0200] "GET / HTTP/2.0" 200 21304 "-" "Mozilla/5.0 (compatible; Dataprovider.com)"
144.217.135.201 - - [23/Jun/2026:06:34:12 +0200] "GET /wp-content/uploads/elementor/css/post-14146.css?ver=1782185770 HTTP/2.0" 200 428 "https://elettroservicegroup.it/" "Mozilla/5.0 (compatible; Dataprovider.com)"
144.217.135.201 - - [23/Jun/2026:06:34:12 +0200] "GET /wp-content/cache/wpfc-minified/10hpkmg7/2p27q.css HTTP/2.0" 200 418 "https://elettroservicegroup.it/" "Mozilla/5.0 (compatible; Dataprovider.com)"
144.217.135.201 - - [23/Jun/2026:06:34:12 +0200] "GET /wp-content/uploads/elementor/css/post-13305.css?ver=1782186157 HTTP/2.0" 200 2452 "https://elettroservicegroup.it/" "Mozilla/5.0 (compatible; Dataprovider.com)"
144.217.135.201 - - [23/Jun/2026:06:34:12 +0200] "GET /wp-content/cache/wpfc-minified/21nu4lni/2p27q.css HTTP/2.0" 200 7521 "https://elettroservicegroup.it/" "Mozilla/5.0 (compatible; Dataprovider.com)"
144.217.135.201 - - [23/Jun/2026:06:34:12 +0200] "GET /wp-content/cache/wpfc-minified/eh40z7s2/2p27q.css HTTP/2.0" 200 11323 "https://elettroservicegroup.it/" "Mozilla/5.0 (compatible; Dataprovider.com)"
144.217.135.201 - - [23/Jun/2026:06:34:12 +0200] "GET /wp-content/uploads/elementor/css/post-14366.css?ver=1782186151 HTTP/2.0" 200 310 "https://elettroservicegroup.it/" "Mozilla/5.0 (compatible; Dataprovider.com)"
144.217.135.201 - - [23/Jun/2026:06:34:12 +0200] "GET /wp-content/cache/wpfc-minified/degfepky/2p27v.css HTTP/2.0" 200 16384 "https://elettroservicegroup.it/" "Mozilla/5.0 (compatible; Dataprovider.com)"
144.217.135.201 - - [23/Jun/2026:06:34:12 +0200] "GET /wp-content/cache/wpfc-minified/7ahyfouu/2p27q.css HTTP/2.0" 200 4410 "https://elettroservicegroup.it/" "Mozilla/5.0 (compatible; Dataprovider.com)"
144.217.135.201 - - [23/Jun/2026:06:34:12 +0200] "GET /wp-content/cache/wpfc-minified/dih7xtos/2p27q.css HTTP/2.0" 200 19016 "https://elettroservicegroup.it/" "Mozilla/5.0 (compatible; Dataprovider.com)"
144.217.135.201 - - [23/Jun/2026:06:34:12 +0200] "GET /wp-content/cache/wpfc-minified/6yk1ya41/2p27q.css HTTP/2.0" 200 14481 "https://elettroservicegroup.it/" "Mozilla/5.0 (compatible; Dataprovider.com)"
144.217.135.201 - - [23/Jun/2026:06:34:12 +0200] "GET /wp-content/uploads/2021/10/cropped-cropped-cropped-logo_white_background.png HTTP/2.0" 200 38971 "https://elettroservicegroup.it/" "Mozilla/5.0 (compatible; Dataprovider.com)"
144.217.135.201 - - [23/Jun/2026:06:34:12 +0200] "GET /wp-content/cache/wpfc-minified/kdwvm73z/2p27q.js HTTP/2.0" 200 32843 "https://elettroservicegroup.it/" "Mozilla/5.0 (compatible; Dataprovider.com)"
144.217.135.201 - - [23/Jun/2026:06:34:12 +0200] "GET /wp-content/cache/wpfc-minified/kbnudfut/2p27q.js HTTP/2.0" 200 8744 "https://elettroservicegroup.it/" "Mozilla/5.0 (compatible; Dataprovider.com)"
144.217.135.201 - - [23/Jun/2026:06:34:12 +0200] "GET /wp-content/plugins/elementor/assets/js/webpack.runtime.min.js?ver=4.1.3 HTTP/2.0" 200 2340 "https://elettroservicegroup.it/" "Mozilla/5.0 (compatible; Dataprovider.com)"
144.217.135.201 - - [23/Jun/2026:06:34:12 +0200] "GET /wp-content/plugins/gp-premium/menu-plus/functions/js/sticky.min.js?ver=2.5.5 HTTP/2.0" 200 2670 "https://elettroservicegroup.it/" "Mozilla/5.0 (compatible; Dataprovider.com)"
144.217.135.201 - - [23/Jun/2026:06:34:12 +0200] "GET /wp-content/themes/generatepress/assets/js/back-to-top.min.js?ver=3.6.1 HTTP/2.0" 200 336 "https://elettroservicegroup.it/" "Mozilla/5.0 (compatible; Dataprovider.com)"
144.217.135.201 - - [23/Jun/2026:06:34:12 +0200] "GET /wp-content/themes/generatepress/assets/js/menu.min.js?ver=3.6.1 HTTP/2.0" 200 1688 "https://elettroservicegroup.it/" "Mozilla/5.0 (compatible; Dataprovider.com)"
144.217.135.201 - - [23/Jun/2026:06:34:12 +0200] "GET /wp-includes/js/jquery/ui/core.min.js?ver=1.13.3 HTTP/2.0" 200 6820 "https://elettroservicegroup.it/" "Mozilla/5.0 (compatible; Dataprovider.com)"
144.217.135.201 - - [23/Jun/2026:06:34:12 +0200] "GET /wp-content/plugins/elementor/assets/js/frontend.min.js?ver=4.1.3 HTTP/2.0" 200 10140 "https://elettroservicegroup.it/" "Mozilla/5.0 (compatible; Dataprovider.com)"
144.217.135.201 - - [23/Jun/2026:06:34:12 +0200] "GET /wp-content/plugins/complianz-gdpr-premium/cookiebanner/js/complianz.min.js?ver=1781535054 HTTP/2.0" 200 10762 "https://elettroservicegroup.it/" "Mozilla/5.0 (compatible; Dataprovider.com)"
144.217.135.201 - - [23/Jun/2026:06:34:12 +0200] "GET /wp-content/plugins/elementor/assets/js/frontend-modules.min.js?ver=4.1.3 HTTP/2.0" 200 15454 "https://elettroservicegroup.it/" "Mozilla/5.0 (compatible; Dataprovider.com)"
144.217.135.201 - - [23/Jun/2026:06:34:13 +0200] "GET /wp-content/uploads/2021/10/COPERTINA-1.png HTTP/2.0" 200 238875 "https://elettroservicegroup.it/wp-content/uploads/elementor/css/post-13305.css?ver=1782186157" "Mozilla/5.0 (compatible; Dataprovider.com)"
144.217.135.201 - - [23/Jun/2026:06:34:13 +0200] "GET /wp-content/uploads/elementor/google-fonts/fonts/roboto-kfo7cnqeu92fr1me7ksn66agldtyluama3yuba.woff2 HTTP/2.0" 200 40132 "https://elettroservicegroup.it/wp-content/cache/wpfc-minified/6yk1ya41/2p27q.css" "Mozilla/5.0 (compatible; Dataprovider.com)"
144.217.135.201 - - [23/Jun/2026:06:34:13 +0200] "GET /wp-content/plugins/elementor/assets/lib/font-awesome/webfonts/fa-regular-400.woff2 HTTP/2.0" 200 13277 "https://elettroservicegroup.it/wp-content/cache/wpfc-minified/degfepky/2p27v.css" "Mozilla/5.0 (compatible; Dataprovider.com)"
144.217.135.201 - - [23/Jun/2026:06:34:13 +0200] "GET /wp-content/plugins/elementor/assets/lib/font-awesome/webfonts/fa-solid-900.woff2 HTTP/2.0" 200 78201 "https://elettroservicegroup.it/wp-content/cache/wpfc-minified/degfepky/2p27v.css" "Mozilla/5.0 (compatible; Dataprovider.com)"
144.217.135.201 - - [23/Jun/2026:06:34:13 +0200] "GET /wp-content/uploads/2021/10/TECNICO-ELETTRODOMESTICI.jpg HTTP/2.0" 200 24210 "https://elettroservicegroup.it/wp-content/uploads/elementor/css/post-13305.css?ver=1782186157" "Mozilla/5.0 (compatible; Dataprovider.com)"
144.217.135.201 - - [23/Jun/2026:06:34:13 +0200] "GET /wp-content/plugins/elementor/assets/js/section-frontend-handlers.d85ab872da118940910d.bundle.min.js HTTP/2.0" 200 230 "https://elettroservicegroup.it/" "Mozilla/5.0 (compatible; Dataprovider.com)"
144.217.135.201 - - [23/Jun/2026:06:34:13 +0200] "GET /wp-content/plugins/elementor/assets/js/shared-frontend-handlers.03caa53373b56d3bab67.bundle.min.js HTTP/2.0" 200 2515 "https://elettroservicegroup.it/" "Mozilla/5.0 (compatible; Dataprovider.com)"
144.217.135.201 - - [23/Jun/2026:06:34:13 +0200] "GET /wp-content/plugins/elementor/assets/js/text-editor.45609661e409413f1cef.bundle.min.js HTTP/2.0" 200 592 "https://elettroservicegroup.it/" "Mozilla/5.0 (compatible; Dataprovider.com)"
144.217.135.201 - - [23/Jun/2026:06:34:13 +0200] "GET /wp-json/complianz/v1/banner?lang=it&locale=it_IT&token=dajrq HTTP/2.0" 200 82 "https://elettroservicegroup.it/" "Mozilla/5.0 (compatible; Dataprovider.com)"
144.217.135.201 - - [23/Jun/2026:06:34:13 +0200] "GET /wp-content/uploads/complianz/css/banner-1-optin.css?v=45 HTTP/2.0" 200 2893 "https://elettroservicegroup.it/" "Mozilla/5.0 (compatible; Dataprovider.com)"
144.217.135.201 - - [23/Jun/2026:06:34:13 +0200] "GET /wp-json/complianz/v1/cookie_data HTTP/2.0" 200 97 "https://elettroservicegroup.it/" "Mozilla/5.0 (compatible; Dataprovider.com)"
144.217.135.201 - - [23/Jun/2026:06:34:14 +0200] "GET / HTTP/1.1" 301 1 "-" "Mozilla/5.0 (compatible; Dataprovider.com)"
144.217.135.201 - - [23/Jun/2026:06:34:15 +0200] "GET / HTTP/1.1" 200 21304 "-" "Mozilla/5.0 (compatible; Dataprovider.com)"
144.217.135.201 - - [23/Jun/2026:06:34:16 +0200] "GET /robots.txt HTTP/1.1" 301 1 "-" "Mozilla/5.0 (compatible; Dataprovider.com)"
144.217.135.201 - - [23/Jun/2026:06:34:17 +0200] "GET /robots.txt HTTP/1.1" 200 99 "-" "Mozilla/5.0 (compatible; Dataprovider.com)"
144.217.135.201 - - [23/Jun/2026:06:34:18 +0200] "OPTIONS / HTTP/1.1" 200 1 "-" "Mozilla/5.0 (compatible; Dataprovider.com)"
65.108.235.243 - - [23/Jun/2026:07:08:51 +0200] "POST /wp-cron.php?doing_wp_cron=1782191331.4288148880004882812500 HTTP/1.1" 200 1 "-" "WordPress/7.0; https://elettroservicegroup.it"
216.73.217.62 - - [23/Jun/2026:07:08:48 +0200] "GET /robots.txt HTTP/2.0" 200 99 "-" "Mozilla/5.0 AppleWebKit/537.36 (KHTML, like Gecko; compatible; ClaudeBot/1.0; +claudebot@anthropic.com)"
65.108.235.243 - - [23/Jun/2026:07:08:51 +0200] "POST /wp-json/complianz/v1/wsc-scan HTTP/1.1" 400 88 "-" "WordPress/7.0; https://elettroservicegroup.it"
216.73.217.62 - - [23/Jun/2026:07:09:01 +0200] "GET /wp-content/cache/wpfc-minified/6yk1ya41/2bkg3.css HTTP/2.0" 200 14481 "-" "Mozilla/5.0 AppleWebKit/537.36 (KHTML, like Gecko; compatible; ClaudeBot/1.0; +claudebot@anthropic.com)"
65.108.235.243 - - [23/Jun/2026:07:12:54 +0200] "POST /wp-cron.php?doing_wp_cron=1782191574.0977740287780761718750 HTTP/1.1" 200 1 "-" "WordPress/7.0; https://elettroservicegroup.it"
35.87.226.248 - - [23/Jun/2026:07:12:48 +0200] "GET /robots.txt HTTP/2.0" 200 126 "-" "Mozilla/5.0 (compatible; wpbot/1.4; +https://forms.gle/ajBaxygz9jSR8p8G9)"
35.87.226.248 - - [23/Jun/2026:07:12:54 +0200] "GET /enhancecp HTTP/2.0" 404 83460 "-" "Mozilla/5.0 (compatible; wpbot/1.4; +https://forms.gle/ajBaxygz9jSR8p8G9)"
216.73.217.62 - - [23/Jun/2026:07:16:37 +0200] "GET /sitemap.xml HTTP/2.0" 200 310 "-" "Mozilla/5.0 AppleWebKit/537.36 (KHTML, like Gecko; compatible; ClaudeBot/1.0; +claudebot@anthropic.com)"
216.73.217.62 - - [23/Jun/2026:07:16:37 +0200] "GET /sitemap.rss HTTP/2.0" 200 729 "-" "Mozilla/5.0 AppleWebKit/537.36 (KHTML, like Gecko; compatible; ClaudeBot/1.0; +claudebot@anthropic.com)"
192.178.4.101 - - [23/Jun/2026:07:16:51 +0200] "GET /?p=15363 HTTP/1.1" 404 17569 "-" "Mozilla/5.0 (Linux; Android 6.0.1; Nexus 5X Build/MMB29P) AppleWebKit/537.36 (KHTML, like Gecko) Chrome/148.0.7778.96 Mobile Safari/537.36 (compatible; Googlebot/2.1; +http://www.google.com/bot.html)"
43.159.34.167 - - [23/Jun/2026:07:23:53 +0200] "GET / HTTP/1.1" 200 23423 "http://www.elettroservicegroup.it" "Mozilla/5.0 (iPhone; CPU iPhone OS 13_2_3 like Mac OS X) AppleWebKit/605.1.15 (KHTML, like Gecko) Version/13.0.3 Mobile/15E148 Safari/604.1"
216.73.217.62 - - [23/Jun/2026:07:39:38 +0200] "GET /wp-content/cache/wpfc-minified/kbnudfut/2p27q.js HTTP/2.0" 200 8744 "-" "Mozilla/5.0 AppleWebKit/537.36 (KHTML, like Gecko; compatible; ClaudeBot/1.0; +claudebot@anthropic.com)"
216.73.217.62 - - [23/Jun/2026:07:39:39 +0200] "GET /wp-content/cache/wpfc-minified/7ahyfouu/2p27q.css HTTP/2.0" 200 4410 "-" "Mozilla/5.0 AppleWebKit/537.36 (KHTML, like Gecko; compatible; ClaudeBot/1.0; +claudebot@anthropic.com)"
216.73.217.62 - - [23/Jun/2026:07:47:14 +0200] "GET /sitemap.rss HTTP/2.0" 200 729 "-" "Mozilla/5.0 AppleWebKit/537.36 (KHTML, like Gecko; compatible; ClaudeBot/1.0; +claudebot@anthropic.com)"
65.108.235.243 - - [23/Jun/2026:07:47:16 +0200] "POST /wp-cron.php?doing_wp_cron=1782193636.8078279495239257812500 HTTP/1.1" 200 1 "-" "WordPress/7.0; https://elettroservicegroup.it"
216.73.217.62 - - [23/Jun/2026:07:47:14 +0200] "GET /sitemap.xml HTTP/2.0" 200 310 "-" "Mozilla/5.0 AppleWebKit/537.36 (KHTML, like Gecko; compatible; ClaudeBot/1.0; +claudebot@anthropic.com)"
216.73.217.62 - - [23/Jun/2026:08:07:49 +0200] "GET /wp-content/cache/wpfc-minified/11bl93bf/2p27r.css HTTP/2.0" 200 13792 "-" "Mozilla/5.0 AppleWebKit/537.36 (KHTML, like Gecko; compatible; ClaudeBot/1.0; +claudebot@anthropic.com)"
216.73.217.62 - - [23/Jun/2026:08:08:43 +0200] "GET /wp-content/cache/wpfc-minified/8mnxu7sd/2p27r.css HTTP/2.0" 200 16200 "-" "Mozilla/5.0 AppleWebKit/537.36 (KHTML, like Gecko; compatible; ClaudeBot/1.0; +claudebot@anthropic.com)"
13.250.145.97 - - [23/Jun/2026:08:32:37 +0200] "GET /wp-content/uploads/2021/10/cropped-cropped-cropped-cropped-logo_white_background-32x32.png HTTP/1.1" 200 1525 "-" "Mozilla/5.0 (Windows NT 10.0; Win64; x64) AppleWebKit/537.36 (KHTML, like Gecko) Chrome/143.0.0.0 Safari/537.36"
65.108.235.243 - - [23/Jun/2026:08:47:12 +0200] "POST /wp-json/complianz/v1/wsc-scan HTTP/1.1" 400 88 "-" "WordPress/7.0; https://elettroservicegroup.it"
216.73.217.62 - - [23/Jun/2026:08:47:23 +0200] "GET /robots.txt HTTP/2.0" 200 99 "-" "Mozilla/5.0 AppleWebKit/537.36 (KHTML, like Gecko; compatible; ClaudeBot/1.0; +claudebot@anthropic.com)"
216.73.217.62 - - [23/Jun/2026:08:48:51 +0200] "GET /wp-content/cache/wpfc-minified/21nu4lni/2p27q.css HTTP/2.0" 200 7521 "-" "Mozilla/5.0 AppleWebKit/537.36 (KHTML, like Gecko; compatible; ClaudeBot/1.0; +claudebot@anthropic.com)"
216.73.217.62 - - [23/Jun/2026:08:48:53 +0200] "GET /wp-content/cache/wpfc-minified/10hpkmg7/2p27q.css HTTP/2.0" 200 418 "-" "Mozilla/5.0 AppleWebKit/537.36 (KHTML, like Gecko; compatible; ClaudeBot/1.0; +claudebot@anthropic.com)"
216.73.217.62 - - [23/Jun/2026:08:48:53 +0200] "GET /wp-content/cache/wpfc-minified/eh40z7s2/2p27q.css HTTP/2.0" 200 11323 "-" "Mozilla/5.0 AppleWebKit/537.36 (KHTML, like Gecko; compatible; ClaudeBot/1.0; +claudebot@anthropic.com)"
216.73.217.62 - - [23/Jun/2026:08:49:54 +0200] "GET /wp-content/cache/wpfc-minified/kdwvm73z/2p27q.js HTTP/2.0" 200 32843 "-" "Mozilla/5.0 AppleWebKit/537.36 (KHTML, like Gecko; compatible; ClaudeBot/1.0; +claudebot@anthropic.com)"
34.72.176.129 - - [23/Jun/2026:09:08:00 +0200] "GET /wp-content/uploads/elementor/google-fonts/css/roboto.css?ver=1742274089 HTTP/2.0" 200 11776 "http://elettroservicegroup.it/" "Mozilla/5.0 (X11; Linux x86_64) AppleWebKit/537.36 (KHTML, like Gecko) Chrome/125.0.0.0 Safari/537.36"
34.72.176.129 - - [23/Jun/2026:09:08:00 +0200] "GET /wp-content/uploads/elementor/google-fonts/css/robotoslab.css?ver=1742274091 HTTP/2.0" 200 11780 "http://elettroservicegroup.it/" "Mozilla/5.0 (X11; Linux x86_64) AppleWebKit/537.36 (KHTML, like Gecko) Chrome/125.0.0.0 Safari/537.36"
65.108.235.243 - - [23/Jun/2026:09:08:03 +0200] "POST /wp-cron.php?doing_wp_cron=1782198483.0993449687957763671875 HTTP/1.1" 200 1 "-" "WordPress/7.0; https://elettroservicegroup.it"
34.72.176.129 - - [23/Jun/2026:09:08:00 +0200] "GET /wp-content/uploads/2021/10/cropped-cropped-cropped-logo_white_background.png HTTP/2.0" 404 17623 "http://elettroservicegroup.it/" "Mozilla/5.0 (X11; Linux x86_64) AppleWebKit/537.36 (KHTML, like Gecko) Chrome/125.0.0.0 Safari/537.36"
34.72.176.129 - - [23/Jun/2026:09:08:31 +0200] "GET / HTTP/2.0" 200 11722 "http://elettroservicegroup.it/" "Mozilla/5.0 (X11; Linux x86_64) AppleWebKit/537.36 (KHTML, like Gecko) Chrome/125.0.0.0 Safari/537.36"
205.169.39.7 - - [23/Jun/2026:09:08:30 +0200] "GET /z0f76a1d14fd21a8fb5fd0d03e0fdc3d3cedae52f?wsidchk=10119624%26pdata=http://elettroservicegroup.it%26id=7fa3b767c460b54a2be4d49030b349c7%26ts=1782198491 HTTP/1.1" 404 83660 "-" "Mozilla/5.0 (Windows NT 10.0) AppleWebKit/537.36 (KHTML, like Gecko) Chrome/106.0.0.0 Safari/537.36"
34.72.176.129 - - [23/Jun/2026:09:08:33 +0200] "GET /z0f76a1d14fd21a8fb5fd0d03e0fdc3d3cedae52f?wsidchk=6919019&pdata=https%253A%252F%252Felettroservicegroup.it&id=7fa3b767c460b54a2be4d49030b349c7&ts=1782198511 HTTP/2.0" 302 254 "https://elettroservicegroup.it/" "Mozilla/5.0 (X11; Linux x86_64) AppleWebKit/537.36 (KHTML, like Gecko) Chrome/125.0.0.0 Safari/537.36"
34.72.176.129 - - [23/Jun/2026:09:08:34 +0200] "GET / HTTP/2.0" 200 21304 "https://elettroservicegroup.it/" "Mozilla/5.0 (X11; Linux x86_64) AppleWebKit/537.36 (KHTML, like Gecko) Chrome/125.0.0.0 Safari/537.36"
34.72.176.129 - - [23/Jun/2026:09:08:36 +0200] "GET /wp-content/uploads/elementor/css/post-14146.css?ver=1782185770 HTTP/2.0" 200 428 "https://elettroservicegroup.it/" "Mozilla/5.0 (X11; Linux x86_64) AppleWebKit/537.36 (KHTML, like Gecko) Chrome/125.0.0.0 Safari/537.36"
34.72.176.129 - - [23/Jun/2026:09:08:36 +0200] "GET /wp-content/cache/wpfc-minified/10hpkmg7/2p27q.css HTTP/2.0" 200 418 "https://elettroservicegroup.it/" "Mozilla/5.0 (X11; Linux x86_64) AppleWebKit/537.36 (KHTML, like Gecko) Chrome/125.0.0.0 Safari/537.36"
34.72.176.129 - - [23/Jun/2026:09:08:36 +0200] "GET /wp-content/uploads/elementor/css/post-13305.css?ver=1782186157 HTTP/2.0" 200 2452 "https://elettroservicegroup.it/" "Mozilla/5.0 (X11; Linux x86_64) AppleWebKit/537.36 (KHTML, like Gecko) Chrome/125.0.0.0 Safari/537.36"
34.72.176.129 - - [23/Jun/2026:09:08:36 +0200] "GET /wp-content/uploads/elementor/css/post-14366.css?ver=1782186151 HTTP/2.0" 200 310 "https://elettroservicegroup.it/" "Mozilla/5.0 (X11; Linux x86_64) AppleWebKit/537.36 (KHTML, like Gecko) Chrome/125.0.0.0 Safari/537.36"
34.72.176.129 - - [23/Jun/2026:09:08:36 +0200] "GET /wp-content/cache/wpfc-minified/21nu4lni/2p27q.css HTTP/2.0" 200 7521 "https://elettroservicegroup.it/" "Mozilla/5.0 (X11; Linux x86_64) AppleWebKit/537.36 (KHTML, like Gecko) Chrome/125.0.0.0 Safari/537.36"
34.72.176.129 - - [23/Jun/2026:09:08:36 +0200] "GET /wp-content/cache/wpfc-minified/eh40z7s2/2p27q.css HTTP/2.0" 200 11323 "https://elettroservicegroup.it/" "Mozilla/5.0 (X11; Linux x86_64) AppleWebKit/537.36 (KHTML, like Gecko) Chrome/125.0.0.0 Safari/537.36"
34.72.176.129 - - [23/Jun/2026:09:08:36 +0200] "GET /wp-content/cache/wpfc-minified/7ahyfouu/2p27q.css HTTP/2.0" 200 4410 "https://elettroservicegroup.it/" "Mozilla/5.0 (X11; Linux x86_64) AppleWebKit/537.36 (KHTML, like Gecko) Chrome/125.0.0.0 Safari/537.36"
34.72.176.129 - - [23/Jun/2026:09:08:36 +0200] "GET /wp-content/cache/wpfc-minified/degfepky/2p27v.css HTTP/2.0" 200 16384 "https://elettroservicegroup.it/" "Mozilla/5.0 (X11; Linux x86_64) AppleWebKit/537.36 (KHTML, like Gecko) Chrome/125.0.0.0 Safari/537.36"
34.72.176.129 - - [23/Jun/2026:09:08:36 +0200] "GET /wp-content/cache/wpfc-minified/6yk1ya41/2p27q.css HTTP/2.0" 200 14481 "https://elettroservicegroup.it/" "Mozilla/5.0 (X11; Linux x86_64) AppleWebKit/537.36 (KHTML, like Gecko) Chrome/125.0.0.0 Safari/537.36"
34.72.176.129 - - [23/Jun/2026:09:08:36 +0200] "GET /wp-content/cache/wpfc-minified/dih7xtos/2p27q.css HTTP/2.0" 200 19016 "https://elettroservicegroup.it/" "Mozilla/5.0 (X11; Linux x86_64) AppleWebKit/537.36 (KHTML, like Gecko) Chrome/125.0.0.0 Safari/537.36"
34.72.176.129 - - [23/Jun/2026:09:08:36 +0200] "GET /wp-content/uploads/2021/10/cropped-cropped-cropped-logo_white_background.png HTTP/2.0" 200 38971 "https://elettroservicegroup.it/" "Mozilla/5.0 (X11; Linux x86_64) AppleWebKit/537.36 (KHTML, like Gecko) Chrome/125.0.0.0 Safari/537.36"
34.72.176.129 - - [23/Jun/2026:09:08:36 +0200] "GET /wp-content/cache/wpfc-minified/kdwvm73z/2p27q.js HTTP/2.0" 200 32843 "https://elettroservicegroup.it/" "Mozilla/5.0 (X11; Linux x86_64) AppleWebKit/537.36 (KHTML, like Gecko) Chrome/125.0.0.0 Safari/537.36"
34.72.176.129 - - [23/Jun/2026:09:08:36 +0200] "GET /wp-content/cache/wpfc-minified/kbnudfut/2p27q.js HTTP/2.0" 200 8744 "https://elettroservicegroup.it/" "Mozilla/5.0 (X11; Linux x86_64) AppleWebKit/537.36 (KHTML, like Gecko) Chrome/125.0.0.0 Safari/537.36"
34.72.176.129 - - [23/Jun/2026:09:08:36 +0200] "GET /wp-content/plugins/gp-premium/menu-plus/functions/js/sticky.min.js?ver=2.5.5 HTTP/2.0" 200 2670 "https://elettroservicegroup.it/" "Mozilla/5.0 (X11; Linux x86_64) AppleWebKit/537.36 (KHTML, like Gecko) Chrome/125.0.0.0 Safari/537.36"
34.72.176.129 - - [23/Jun/2026:09:08:36 +0200] "GET /wp-content/plugins/elementor/assets/js/webpack.runtime.min.js?ver=4.1.3 HTTP/2.0" 200 2340 "https://elettroservicegroup.it/" "Mozilla/5.0 (X11; Linux x86_64) AppleWebKit/537.36 (KHTML, like Gecko) Chrome/125.0.0.0 Safari/537.36"
34.72.176.129 - - [23/Jun/2026:09:08:49 +0200] "GET /wp-content/plugins/elementor/assets/js/frontend-modules.min.js?ver=4.1.3 HTTP/2.0" 200 15454 "https://elettroservicegroup.it/" "Mozilla/5.0 (X11; Linux x86_64) AppleWebKit/537.36 (KHTML, like Gecko) Chrome/125.0.0.0 Safari/537.36"
34.72.176.129 - - [23/Jun/2026:09:08:49 +0200] "GET /wp-content/themes/generatepress/assets/js/back-to-top.min.js?ver=3.6.1 HTTP/2.0" 200 336 "https://elettroservicegroup.it/" "Mozilla/5.0 (X11; Linux x86_64) AppleWebKit/537.36 (KHTML, like Gecko) Chrome/125.0.0.0 Safari/537.36"
34.72.176.129 - - [23/Jun/2026:09:08:49 +0200] "GET /wp-content/themes/generatepress/assets/js/menu.min.js?ver=3.6.1 HTTP/2.0" 200 1688 "https://elettroservicegroup.it/" "Mozilla/5.0 (X11; Linux x86_64) AppleWebKit/537.36 (KHTML, like Gecko) Chrome/125.0.0.0 Safari/537.36"
34.72.176.129 - - [23/Jun/2026:09:08:49 +0200] "GET /wp-includes/js/jquery/ui/core.min.js?ver=1.13.3 HTTP/2.0" 200 6820 "https://elettroservicegroup.it/" "Mozilla/5.0 (X11; Linux x86_64) AppleWebKit/537.36 (KHTML, like Gecko) Chrome/125.0.0.0 Safari/537.36"
34.72.176.129 - - [23/Jun/2026:09:08:49 +0200] "GET /wp-content/plugins/elementor/assets/js/frontend.min.js?ver=4.1.3 HTTP/2.0" 200 10140 "https://elettroservicegroup.it/" "Mozilla/5.0 (X11; Linux x86_64) AppleWebKit/537.36 (KHTML, like Gecko) Chrome/125.0.0.0 Safari/537.36"
34.72.176.129 - - [23/Jun/2026:09:08:49 +0200] "GET /wp-content/plugins/complianz-gdpr-premium/cookiebanner/js/complianz.min.js?ver=1781535054 HTTP/2.0" 200 10762 "https://elettroservicegroup.it/" "Mozilla/5.0 (X11; Linux x86_64) AppleWebKit/537.36 (KHTML, like Gecko) Chrome/125.0.0.0 Safari/537.36"
34.72.176.129 - - [23/Jun/2026:09:08:49 +0200] "GET /wp-content/uploads/2021/10/TECNICO-ELETTRODOMESTICI.jpg HTTP/2.0" 200 24210 "https://elettroservicegroup.it/wp-content/uploads/elementor/css/post-13305.css?ver=1782186157" "Mozilla/5.0 (X11; Linux x86_64) AppleWebKit/537.36 (KHTML, like Gecko) Chrome/125.0.0.0 Safari/537.36"
34.72.176.129 - - [23/Jun/2026:09:08:49 +0200] "GET /wp-content/uploads/2021/10/COPERTINA-1.png HTTP/2.0" 200 238875 "https://elettroservicegroup.it/wp-content/uploads/elementor/css/post-13305.css?ver=1782186157" "Mozilla/5.0 (X11; Linux x86_64) AppleWebKit/537.36 (KHTML, like Gecko) Chrome/125.0.0.0 Safari/537.36"
65.108.235.243 - - [23/Jun/2026:09:12:46 +0200] "POST /wp-cron.php?doing_wp_cron=1782198766.6965460777282714843750 HTTP/1.1" 200 1 "-" "WordPress/7.0; https://elettroservicegroup.it"
151.67.21.151 - - [23/Jun/2026:09:12:37 +0200] "GET /?gad_source=1&gad_campaignid=23800353523&gbraid=0AAAABDgs-LSfALxSLiay3DvHbMf2kt0H1&gclid=CjwKCAjw3ejRBhAdEiwADkqPn0WHyzzWqAvRPbxL2EC4r2POiZ-vFdVs__3gb4LxQ0LPB_SpwlgPxBoCALYQAvD_BwE HTTP/2.0" 200 - "https://www.google.it/" "Mozilla/5.0 (iPhone; CPU iPhone OS 18_7 like Mac OS X) AppleWebKit/605.1.15 (KHTML, like Gecko) Version/26.5 Mobile/15E148 Safari/604.1"
192.36.109.104 - - [23/Jun/2026:09:13:14 +0200] "GET / HTTP/1.1" 200 11722 "http://elettroservicegroup.it/" "Mozilla/5.0 (Linux; Android 12; SAMSUNG SM-A415F) AppleWebKit/537.36 (KHTML, like Gecko) SamsungBrowser/23.0 Chrome/115.0.0.0 Mobile Safari/537.3"
65.108.235.243 - - [23/Jun/2026:09:17:18 +0200] "POST /wp-cron.php?doing_wp_cron=1782199038.1048269271850585937500 HTTP/1.1" 200 1 "-" "WordPress/7.0; https://elettroservicegroup.it"
192.178.4.103 - - [23/Jun/2026:09:17:10 +0200] "GET /2026/05/31/codici-promo-casino/ HTTP/1.1" 404 17600 "-" "Mozilla/5.0 (Linux; Android 6.0.1; Nexus 5X Build/MMB29P) AppleWebKit/537.36 (KHTML, like Gecko) Chrome/148.0.7778.96 Mobile Safari/537.36 (compatible; Googlebot/2.1; +http://www.google.com/bot.html)"
45.61.187.30 - - [23/Jun/2026:09:19:31 +0200] "POST / HTTP/1.1" 415 140399 "-" "python-requests/2.34.2"
65.108.235.243 - - [23/Jun/2026:09:20:44 +0200] "POST /wp-cron.php?doing_wp_cron=1782199244.4084680080413818359375 HTTP/1.1" 200 1 "-" "WordPress/7.0; https://elettroservicegroup.it"
192.178.4.103 - - [23/Jun/2026:09:20:33 +0200] "GET /2026/05/31/tipico-casino-tutti-i-bonus-aggiornati/ HTTP/1.1" 404 17635 "-" "Mozilla/5.0 (Linux; Android 6.0.1; Nexus 5X Build/MMB29P) AppleWebKit/537.36 (KHTML, like Gecko) Chrome/148.0.7778.96 Mobile Safari/537.36 (compatible; Googlebot/2.1; +http://www.google.com/bot.html)"
51.68.111.204 - - [23/Jun/2026:09:27:20 +0200] "GET /robots.txt HTTP/1.1" 403 - "-" "Mozilla/5.0 (compatible; MJ12bot/v2.0.5; http://mj12bot.com/)"
185.18.197.53 - - [23/Jun/2026:09:37:45 +0200] "GET /plugins/editors/jce/jce.xml HTTP/1.1" 200 11795 "-" "SecurityAudit/1.0"
185.18.197.53 - - [23/Jun/2026:09:37:46 +0200] "GET /administrator/components/com_jce/jce.xml HTTP/1.1" 200 11733 "-" "SecurityAudit/1.0"
2.196.84.252 - - [23/Jun/2026:09:47:51 +0200] "GET /chi-siamo/ HTTP/2.0" 421 362 "https://parma.elettroservicegroup.it/" "Mozilla/5.0 (iPhone; CPU iPhone OS 18_7 like Mac OS X) AppleWebKit/605.1.15 (KHTML, like Gecko) Version/26.3 Mobile/15E148 Safari/604.1"
2.196.84.252 - - [23/Jun/2026:09:47:51 +0200] "GET /chi-siamo/ HTTP/2.0" 200 - "https://parma.elettroservicegroup.it/" "Mozilla/5.0 (iPhone; CPU iPhone OS 18_7 like Mac OS X) AppleWebKit/605.1.15 (KHTML, like Gecko) Version/26.3 Mobile/15E148 Safari/604.1"
65.108.235.243 - - [23/Jun/2026:09:47:59 +0200] "POST /wp-cron.php?doing_wp_cron=1782200878.9955170154571533203125 HTTP/1.1" 200 1 "-" "WordPress/7.0; https://elettroservicegroup.it"
2.196.84.252 - - [23/Jun/2026:09:47:52 +0200] "GET /chi-siamo/ HTTP/2.0" 200 - "https://parma.elettroservicegroup.it/" "Mozilla/5.0 (iPhone; CPU iPhone OS 18_7 like Mac OS X) AppleWebKit/605.1.15 (KHTML, like Gecko) Version/26.3 Mobile/15E148 Safari/604.1"
65.108.235.243 - - [23/Jun/2026:09:48:00 +0200] "POST /wp-json/complianz/v1/wsc-scan HTTP/1.1" 400 88 "-" "WordPress/7.0; https://elettroservicegroup.it"
65.108.235.243 - - [23/Jun/2026:09:59:27 +0200] "POST /wp-cron.php?doing_wp_cron=1782201567.4032390117645263671875 HTTP/1.1" 200 1 "-" "WordPress/7.0; https://elettroservicegroup.it"
216.73.217.62 - - [23/Jun/2026:09:59:21 +0200] "GET /robots.txt HTTP/2.0" 200 99 "-" "Mozilla/5.0 AppleWebKit/537.36 (KHTML, like Gecko; compatible; ClaudeBot/1.0; +claudebot@anthropic.com)"
93.36.218.192 - - [23/Jun/2026:10:00:59 +0200] "GET /chi-siamo/ HTTP/2.0" 200 21759 "https://reggio-emilia.elettroservicegroup.it/" "Mozilla/5.0 (Windows NT 10.0; Win64; x64) AppleWebKit/537.36 (KHTML, like Gecko) Chrome/149.0.0.0 Safari/537.36"
93.36.218.192 - - [23/Jun/2026:10:00:59 +0200] "GET /wp-content/uploads/elementor/css/post-15145.css?ver=1782186151 HTTP/2.0" 200 704 "https://elettroservicegroup.it/chi-siamo/" "Mozilla/5.0 (Windows NT 10.0; Win64; x64) AppleWebKit/537.36 (KHTML, like Gecko) Chrome/149.0.0.0 Safari/537.36"
93.36.218.192 - - [23/Jun/2026:10:00:59 +0200] "GET /wp-content/cache/wpfc-minified/10hpkmg7/2p27q.css HTTP/2.0" 200 418 "https://elettroservicegroup.it/chi-siamo/" "Mozilla/5.0 (Windows NT 10.0; Win64; x64) AppleWebKit/537.36 (KHTML, like Gecko) Chrome/149.0.0.0 Safari/537.36"
93.36.218.192 - - [23/Jun/2026:10:00:59 +0200] "GET /wp-content/uploads/elementor/css/post-14146.css?ver=1782185770 HTTP/2.0" 200 428 "https://elettroservicegroup.it/chi-siamo/" "Mozilla/5.0 (Windows NT 10.0; Win64; x64) AppleWebKit/537.36 (KHTML, like Gecko) Chrome/149.0.0.0 Safari/537.36"
93.36.218.192 - - [23/Jun/2026:10:00:59 +0200] "GET /wp-content/uploads/2026/05/COPERTINA-11-300x150-1.png HTTP/2.0" 200 30285 "https://elettroservicegroup.it/chi-siamo/" "Mozilla/5.0 (Windows NT 10.0; Win64; x64) AppleWebKit/537.36 (KHTML, like Gecko) Chrome/149.0.0.0 Safari/537.36"
93.36.218.192 - - [23/Jun/2026:10:00:59 +0200] "GET /wp-content/uploads/elementor/css/post-14366.css?ver=1782186151 HTTP/2.0" 200 310 "https://elettroservicegroup.it/chi-siamo/" "Mozilla/5.0 (Windows NT 10.0; Win64; x64) AppleWebKit/537.36 (KHTML, like Gecko) Chrome/149.0.0.0 Safari/537.36"
93.36.218.192 - - [23/Jun/2026:10:00:59 +0200] "GET /wp-content/uploads/2021/10/cropped-cropped-cropped-logo_white_background.png HTTP/2.0" 200 38971 "https://elettroservicegroup.it/chi-siamo/" "Mozilla/5.0 (Windows NT 10.0; Win64; x64) AppleWebKit/537.36 (KHTML, like Gecko) Chrome/149.0.0.0 Safari/537.36"
93.36.218.192 - - [23/Jun/2026:10:00:59 +0200] "GET /wp-content/cache/wpfc-minified/eh40z7s2/2p27q.css HTTP/2.0" 200 11323 "https://elettroservicegroup.it/chi-siamo/" "Mozilla/5.0 (Windows NT 10.0; Win64; x64) AppleWebKit/537.36 (KHTML, like Gecko) Chrome/149.0.0.0 Safari/537.36"
93.36.218.192 - - [23/Jun/2026:10:00:59 +0200] "GET /wp-content/plugins/gp-premium/menu-plus/functions/js/sticky.min.js?ver=2.5.5 HTTP/2.0" 200 2670 "https://elettroservicegroup.it/chi-siamo/" "Mozilla/5.0 (Windows NT 10.0; Win64; x64) AppleWebKit/537.36 (KHTML, like Gecko) Chrome/149.0.0.0 Safari/537.36"
93.36.218.192 - - [23/Jun/2026:10:00:59 +0200] "GET /wp-content/cache/wpfc-minified/7ahyfouu/2p27q.css HTTP/2.0" 200 4410 "https://elettroservicegroup.it/chi-siamo/" "Mozilla/5.0 (Windows NT 10.0; Win64; x64) AppleWebKit/537.36 (KHTML, like Gecko) Chrome/149.0.0.0 Safari/537.36"
93.36.218.192 - - [23/Jun/2026:10:00:59 +0200] "GET /wp-content/cache/wpfc-minified/m8vzkiox/2p27q.css HTTP/2.0" 200 23329 "https://elettroservicegroup.it/chi-siamo/" "Mozilla/5.0 (Windows NT 10.0; Win64; x64) AppleWebKit/537.36 (KHTML, like Gecko) Chrome/149.0.0.0 Safari/537.36"
93.36.218.192 - - [23/Jun/2026:10:00:59 +0200] "GET /wp-content/cache/wpfc-minified/fspqf2ba/2p27q.css HTTP/2.0" 200 16112 "https://elettroservicegroup.it/chi-siamo/" "Mozilla/5.0 (Windows NT 10.0; Win64; x64) AppleWebKit/537.36 (KHTML, like Gecko) Chrome/149.0.0.0 Safari/537.36"
93.36.218.192 - - [23/Jun/2026:10:00:59 +0200] "GET /wp-content/cache/wpfc-minified/dih7xtos/2p27q.css HTTP/2.0" 200 19016 "https://elettroservicegroup.it/chi-siamo/" "Mozilla/5.0 (Windows NT 10.0; Win64; x64) AppleWebKit/537.36 (KHTML, like Gecko) Chrome/149.0.0.0 Safari/537.36"
93.36.218.192 - - [23/Jun/2026:10:00:59 +0200] "GET /wp-content/cache/wpfc-minified/6yk1ya41/2p27q.css HTTP/2.0" 200 14481 "https://elettroservicegroup.it/chi-siamo/" "Mozilla/5.0 (Windows NT 10.0; Win64; x64) AppleWebKit/537.36 (KHTML, like Gecko) Chrome/149.0.0.0 Safari/537.36"
93.36.218.192 - - [23/Jun/2026:10:00:59 +0200] "GET /wp-content/cache/wpfc-minified/kdwvm73z/2p27q.js HTTP/2.0" 200 32843 "https://elettroservicegroup.it/chi-siamo/" "Mozilla/5.0 (Windows NT 10.0; Win64; x64) AppleWebKit/537.36 (KHTML, like Gecko) Chrome/149.0.0.0 Safari/537.36"
93.36.218.192 - - [23/Jun/2026:10:00:59 +0200] "GET /wp-content/cache/wpfc-minified/kbnudfut/2p27q.js HTTP/2.0" 200 8744 "https://elettroservicegroup.it/chi-siamo/" "Mozilla/5.0 (Windows NT 10.0; Win64; x64) AppleWebKit/537.36 (KHTML, like Gecko) Chrome/149.0.0.0 Safari/537.36"
93.36.218.192 - - [23/Jun/2026:10:00:59 +0200] "GET /wp-content/plugins/elementor/assets/js/webpack.runtime.min.js?ver=4.1.3 HTTP/2.0" 200 2340 "https://elettroservicegroup.it/chi-siamo/" "Mozilla/5.0 (Windows NT 10.0; Win64; x64) AppleWebKit/537.36 (KHTML, like Gecko) Chrome/149.0.0.0 Safari/537.36"
93.36.218.192 - - [23/Jun/2026:10:00:59 +0200] "GET /wp-content/plugins/elementor/assets/js/frontend-modules.min.js?ver=4.1.3 HTTP/2.0" 200 15454 "https://elettroservicegroup.it/chi-siamo/" "Mozilla/5.0 (Windows NT 10.0; Win64; x64) AppleWebKit/537.36 (KHTML, like Gecko) Chrome/149.0.0.0 Safari/537.36"
93.36.218.192 - - [23/Jun/2026:10:00:59 +0200] "GET /wp-includes/js/jquery/ui/core.min.js?ver=1.13.3 HTTP/2.0" 200 6820 "https://elettroservicegroup.it/chi-siamo/" "Mozilla/5.0 (Windows NT 10.0; Win64; x64) AppleWebKit/537.36 (KHTML, like Gecko) Chrome/149.0.0.0 Safari/537.36"
93.36.218.192 - - [23/Jun/2026:10:00:59 +0200] "GET /wp-content/plugins/elementor/assets/js/frontend.min.js?ver=4.1.3 HTTP/2.0" 200 10140 "https://elettroservicegroup.it/chi-siamo/" "Mozilla/5.0 (Windows NT 10.0; Win64; x64) AppleWebKit/537.36 (KHTML, like Gecko) Chrome/149.0.0.0 Safari/537.36"
93.36.218.192 - - [23/Jun/2026:10:00:59 +0200] "GET /wp-content/themes/generatepress/assets/js/back-to-top.min.js?ver=3.6.1 HTTP/2.0" 200 336 "https://elettroservicegroup.it/chi-siamo/" "Mozilla/5.0 (Windows NT 10.0; Win64; x64) AppleWebKit/537.36 (KHTML, like Gecko) Chrome/149.0.0.0 Safari/537.36"
93.36.218.192 - - [23/Jun/2026:10:00:59 +0200] "GET /wp-content/themes/generatepress/assets/js/menu.min.js?ver=3.6.1 HTTP/2.0" 200 1688 "https://elettroservicegroup.it/chi-siamo/" "Mozilla/5.0 (Windows NT 10.0; Win64; x64) AppleWebKit/537.36 (KHTML, like Gecko) Chrome/149.0.0.0 Safari/537.36"
93.36.218.192 - - [23/Jun/2026:10:00:59 +0200] "GET /wp-content/plugins/complianz-gdpr-premium/cookiebanner/js/complianz.min.js?ver=1781535054 HTTP/2.0" 200 10762 "https://elettroservicegroup.it/chi-siamo/" "Mozilla/5.0 (Windows NT 10.0; Win64; x64) AppleWebKit/537.36 (KHTML, like Gecko) Chrome/149.0.0.0 Safari/537.36"
93.36.218.192 - - [23/Jun/2026:10:01:00 +0200] "GET /wp-content/uploads/2021/10/COPERTINA.png HTTP/2.0" 200 238875 "https://elettroservicegroup.it/chi-siamo/" "Mozilla/5.0 (Windows NT 10.0; Win64; x64) AppleWebKit/537.36 (KHTML, like Gecko) Chrome/149.0.0.0 Safari/537.36"
93.36.218.192 - - [23/Jun/2026:10:01:00 +0200] "GET /wp-content/uploads/2026/05/RECENSIONI-gOOGLE.png HTTP/2.0" 200 5052 "https://elettroservicegroup.it/chi-siamo/" "Mozilla/5.0 (Windows NT 10.0; Win64; x64) AppleWebKit/537.36 (KHTML, like Gecko) Chrome/149.0.0.0 Safari/537.36"
93.36.218.192 - - [23/Jun/2026:10:01:00 +0200] "GET /wp-content/plugins/elementor/assets/lib/font-awesome/webfonts/fa-regular-400.woff2 HTTP/2.0" 200 13277 "https://elettroservicegroup.it/wp-content/cache/wpfc-minified/fspqf2ba/2p27q.css" "Mozilla/5.0 (Windows NT 10.0; Win64; x64) AppleWebKit/537.36 (KHTML, like Gecko) Chrome/149.0.0.0 Safari/537.36"
93.36.218.192 - - [23/Jun/2026:10:01:00 +0200] "GET /wp-content/uploads/elementor/google-fonts/fonts/robotoslab-bngmuxzytxpivibgjjsb6ufn5qu.woff2 HTTP/2.0" 200 34328 "https://elettroservicegroup.it/wp-content/cache/wpfc-minified/6yk1ya41/2p27q.css" "Mozilla/5.0 (Windows NT 10.0; Win64; x64) AppleWebKit/537.36 (KHTML, like Gecko) Chrome/149.0.0.0 Safari/537.36"
93.36.218.192 - - [23/Jun/2026:10:01:00 +0200] "GET /wp-content/plugins/elementor/assets/lib/font-awesome/webfonts/fa-solid-900.woff2 HTTP/2.0" 200 78201 "https://elettroservicegroup.it/wp-content/cache/wpfc-minified/fspqf2ba/2p27q.css" "Mozilla/5.0 (Windows NT 10.0; Win64; x64) AppleWebKit/537.36 (KHTML, like Gecko) Chrome/149.0.0.0 Safari/537.36"
93.36.218.192 - - [23/Jun/2026:10:01:00 +0200] "GET /wp-content/plugins/elementor/assets/js/section-frontend-handlers.d85ab872da118940910d.bundle.min.js HTTP/2.0" 200 230 "https://elettroservicegroup.it/chi-siamo/" "Mozilla/5.0 (Windows NT 10.0; Win64; x64) AppleWebKit/537.36 (KHTML, like Gecko) Chrome/149.0.0.0 Safari/537.36"
93.36.218.192 - - [23/Jun/2026:10:01:00 +0200] "GET /wp-content/plugins/elementor/assets/js/text-editor.45609661e409413f1cef.bundle.min.js HTTP/2.0" 200 592 "https://elettroservicegroup.it/chi-siamo/" "Mozilla/5.0 (Windows NT 10.0; Win64; x64) AppleWebKit/537.36 (KHTML, like Gecko) Chrome/149.0.0.0 Safari/537.36"
93.36.218.192 - - [23/Jun/2026:10:01:00 +0200] "GET /wp-content/plugins/elementor/assets/js/shared-frontend-handlers.03caa53373b56d3bab67.bundle.min.js HTTP/2.0" 200 2515 "https://elettroservicegroup.it/chi-siamo/" "Mozilla/5.0 (Windows NT 10.0; Win64; x64) AppleWebKit/537.36 (KHTML, like Gecko) Chrome/149.0.0.0 Safari/537.36"
93.36.218.192 - - [23/Jun/2026:10:01:00 +0200] "GET /chi-siamo/ HTTP/2.0" 200 21759 "https://elettroservicegroup.it/chi-siamo/" "Mozilla/5.0 (Windows NT 10.0; Win64; x64) AppleWebKit/537.36 (KHTML, like Gecko) Chrome/149.0.0.0 Safari/537.36"
93.36.218.192 - - [23/Jun/2026:10:01:00 +0200] "GET /wp-content/uploads/2021/10/cropped-cropped-cropped-cropped-logo_white_background-32x32.png HTTP/2.0" 200 1525 "https://elettroservicegroup.it/chi-siamo/" "Mozilla/5.0 (Windows NT 10.0; Win64; x64) AppleWebKit/537.36 (KHTML, like Gecko) Chrome/149.0.0.0 Safari/537.36"
93.36.218.192 - - [23/Jun/2026:10:01:00 +0200] "GET /wp-json/complianz/v1/banner?lang=it&locale=it_IT&token=kscdb HTTP/2.0" 200 - "https://elettroservicegroup.it/chi-siamo/" "Mozilla/5.0 (Windows NT 10.0; Win64; x64) AppleWebKit/537.36 (KHTML, like Gecko) Chrome/149.0.0.0 Safari/537.36"
93.36.218.192 - - [23/Jun/2026:10:01:00 +0200] "POST /wp-json/complianz/v1/track HTTP/2.0" 200 - "https://elettroservicegroup.it/chi-siamo/" "Mozilla/5.0 (Windows NT 10.0; Win64; x64) AppleWebKit/537.36 (KHTML, like Gecko) Chrome/149.0.0.0 Safari/537.36"
65.108.235.243 - - [23/Jun/2026:10:01:07 +0200] "POST /wp-cron.php?doing_wp_cron=1782201667.0996260643005371093750 HTTP/1.1" 200 1 "-" "WordPress/7.0; https://elettroservicegroup.it"
93.36.218.192 - - [23/Jun/2026:10:01:00 +0200] "GET /wp-json/complianz/v1/banner?lang=it&locale=it_IT&token=lqkce HTTP/2.0" 200 82 "https://elettroservicegroup.it/chi-siamo/" "Mozilla/5.0 (Windows NT 10.0; Win64; x64) AppleWebKit/537.36 (KHTML, like Gecko) Chrome/149.0.0.0 Safari/537.36"
93.36.218.192 - - [23/Jun/2026:10:01:07 +0200] "GET /wp-content/uploads/complianz/css/banner-1-optin.css?v=45 HTTP/2.0" 200 2893 "https://elettroservicegroup.it/chi-siamo/" "Mozilla/5.0 (Windows NT 10.0; Win64; x64) AppleWebKit/537.36 (KHTML, like Gecko) Chrome/149.0.0.0 Safari/537.36"
93.36.218.192 - - [23/Jun/2026:10:01:07 +0200] "GET /wp-json/complianz/v1/cookie_data HTTP/2.0" 200 97 "https://elettroservicegroup.it/chi-siamo/" "Mozilla/5.0 (Windows NT 10.0; Win64; x64) AppleWebKit/537.36 (KHTML, like Gecko) Chrome/149.0.0.0 Safari/537.36"
93.36.218.192 - - [23/Jun/2026:10:01:13 +0200] "GET /wp-content/plugins/complianz-gdpr-premium/assets/images/placeholders/google-maps-minimal-1280x920.jpg HTTP/2.0" 200 55264 "https://elettroservicegroup.it/chi-siamo/" "Mozilla/5.0 (Windows NT 10.0; Win64; x64) AppleWebKit/537.36 (KHTML, like Gecko) Chrome/149.0.0.0 Safari/537.36"
54.38.210.253 - - [23/Jun/2026:10:18:57 +0200] "GET / HTTP/1.1" 200 12495 "-" "Mozilla/5.0 (Windows NT 10.0; Win64; x64) AppleWebKit/537.36"
65.108.235.243 - - [23/Jun/2026:11:10:39 +0200] "POST /wp-json/complianz/v1/wsc-scan HTTP/1.1" 400 88 "-" "WordPress/7.0; https://elettroservicegroup.it"
65.108.235.243 - - [23/Jun/2026:11:14:19 +0200] "POST /wp-cron.php?doing_wp_cron=1782206058.9172339439392089843750 HTTP/1.1" 200 1 "-" "WordPress/7.0; https://elettroservicegroup.it"
216.73.217.62 - - [23/Jun/2026:11:14:12 +0200] "GET /robots.txt HTTP/2.0" 200 99 "-" "Mozilla/5.0 AppleWebKit/537.36 (KHTML, like Gecko; compatible; ClaudeBot/1.0; +claudebot@anthropic.com)"
216.73.217.62 - - [23/Jun/2026:11:14:25 +0200] "GET /wp-content/cache/wpfc-minified/m8vzkiox/2p27q.css HTTP/2.0" 200 23329 "-" "Mozilla/5.0 AppleWebKit/537.36 (KHTML, like Gecko; compatible; ClaudeBot/1.0; +claudebot@anthropic.com)"
216.73.217.62 - - [23/Jun/2026:11:14:26 +0200] "GET /wp-content/cache/wpfc-minified/degfepky/2p27v.css HTTP/2.0" 200 16384 "-" "Mozilla/5.0 AppleWebKit/537.36 (KHTML, like Gecko; compatible; ClaudeBot/1.0; +claudebot@anthropic.com)"
216.73.217.62 - - [23/Jun/2026:11:14:26 +0200] "GET /wp-content/cache/wpfc-minified/ln72gqbu/2p4pu.css HTTP/2.0" 200 16103 "-" "Mozilla/5.0 AppleWebKit/537.36 (KHTML, like Gecko; compatible; ClaudeBot/1.0; +claudebot@anthropic.com)"
216.73.217.62 - - [23/Jun/2026:11:14:26 +0200] "GET /wp-content/cache/wpfc-minified/dih7xtos/2p27q.css HTTP/2.0" 200 19016 "-" "Mozilla/5.0 AppleWebKit/537.36 (KHTML, like Gecko; compatible; ClaudeBot/1.0; +claudebot@anthropic.com)"
216.73.217.62 - - [23/Jun/2026:11:14:26 +0200] "GET /wp-content/cache/wpfc-minified/degfepky/2bkg3.css HTTP/2.0" 200 16384 "-" "Mozilla/5.0 AppleWebKit/537.36 (KHTML, like Gecko; compatible; ClaudeBot/1.0; +claudebot@anthropic.com)"
216.73.217.62 - - [23/Jun/2026:11:14:26 +0200] "GET /wp-content/cache/wpfc-minified/fspqf2ba/2p27q.css HTTP/2.0" 200 16112 "-" "Mozilla/5.0 AppleWebKit/537.36 (KHTML, like Gecko; compatible; ClaudeBot/1.0; +claudebot@anthropic.com)"
216.73.217.62 - - [23/Jun/2026:11:14:26 +0200] "GET /wp-content/cache/wpfc-minified/44agi09/2p27r.css HTTP/2.0" 200 2031 "-" "Mozilla/5.0 AppleWebKit/537.36 (KHTML, like Gecko; compatible; ClaudeBot/1.0; +claudebot@anthropic.com)"
181.116.61.136 - - [23/Jun/2026:11:18:40 +0200] "GET /wp-json/gravitysmtp/v1/tests/mock-data?page=gravitysmtp-settings HTTP/1.1" 403 17006 "-" "Go-http-client/1.1"
65.108.235.243 - - [23/Jun/2026:11:20:35 +0200] "POST /wp-cron.php?doing_wp_cron=1782206435.3901100158691406250000 HTTP/1.1" 200 1 "-" "WordPress/7.0; https://elettroservicegroup.it"
65.108.235.243 - - [23/Jun/2026:11:20:34 +0200] "POST /?wordfence_syncAttackData=1782206434.3057 HTTP/1.1" 200 1 "-" "WordPress/7.0; https://elettroservicegroup.it"
65.108.235.243 - - [23/Jun/2026:11:20:37 +0200] "POST /wp-cron.php?doing_wp_cron=1782206437.3089969158172607421875 HTTP/1.1" 200 1 "-" "WordPress/7.0; https://elettroservicegroup.it"
192.178.4.101 - - [23/Jun/2026:11:20:32 +0200] "GET /?p=16485 HTTP/1.1" 404 17581 "-" "Mozilla/5.0 (Linux; Android 6.0.1; Nexus 5X Build/MMB29P) AppleWebKit/537.36 (KHTML, like Gecko) Chrome/148.0.7778.96 Mobile Safari/537.36 (compatible; Googlebot/2.1; +http://www.google.com/bot.html)"
65.108.235.243 - - [23/Jun/2026:11:32:34 +0200] "POST /wp-cron.php?doing_wp_cron=1782207154.8002660274505615234375 HTTP/1.1" 200 1 "-" "WordPress/7.0; https://elettroservicegroup.it"
65.108.235.243 - - [23/Jun/2026:11:32:33 +0200] "POST /?wordfence_syncAttackData=1782207153.7307 HTTP/1.1" 200 1 "-" "WordPress/7.0; https://elettroservicegroup.it"
65.108.235.243 - - [23/Jun/2026:11:32:36 +0200] "POST /wp-cron.php?doing_wp_cron=1782207156.7959280014038085937500 HTTP/1.1" 200 1 "-" "WordPress/7.0; https://elettroservicegroup.it"
209.141.32.143 - - [23/Jun/2026:11:32:31 +0200] "GET /wp-content/plugins/the-events-calendar/readme.txt HTTP/1.1" 404 83937 "-" "Mozilla/5.0 (Windows NT 10.0; Win64; x64) AppleWebKit/537.36 (KHTML, like Gecko) Chrome/120.1.2.3 Safari/537.36 Edg/121.0.623.86"
65.108.235.243 - - [23/Jun/2026:11:44:52 +0200] "POST /wp-cron.php?doing_wp_cron=1782207892.3058888912200927734375 HTTP/1.1" 200 1 "-" "WordPress/7.0; https://elettroservicegroup.it"
104.210.140.131 - - [23/Jun/2026:11:44:44 +0200] "GET /robots.txt HTTP/2.0" 200 99 "-" "Mozilla/5.0 (Macintosh; Intel Mac OS X 10_15_7) AppleWebKit/537.36 (KHTML, like Gecko) Chrome/131.0.0.0 Safari/537.36; compatible; OAI-SearchBot/1.0; +https://openai.com/searchbot"
65.108.235.243 - - [23/Jun/2026:12:18:12 +0200] "POST /wp-cron.php?doing_wp_cron=1782209892.5086319446563720703125 HTTP/1.1" 200 1 "-" "WordPress/7.0; https://elettroservicegroup.it"
216.73.217.62 - - [23/Jun/2026:12:18:07 +0200] "GET /robots.txt HTTP/2.0" 200 99 "-" "Mozilla/5.0 AppleWebKit/537.36 (KHTML, like Gecko; compatible; ClaudeBot/1.0; +claudebot@anthropic.com)"
65.108.235.243 - - [23/Jun/2026:12:18:14 +0200] "POST /wp-json/complianz/v1/wsc-scan HTTP/1.1" 400 88 "-" "WordPress/7.0; https://elettroservicegroup.it"
216.73.217.62 - - [23/Jun/2026:12:18:24 +0200] "GET /wp-content/cache/wpfc-minified/ln72gqbu/2dzgt.css HTTP/2.0" 200 16103 "-" "Mozilla/5.0 AppleWebKit/537.36 (KHTML, like Gecko; compatible; ClaudeBot/1.0; +claudebot@anthropic.com)"
65.108.235.243 - - [23/Jun/2026:12:34:12 +0200] "POST /wp-cron.php?doing_wp_cron=1782210852.4742369651794433593750 HTTP/1.1" 200 1 "-" "WordPress/7.0; https://elettroservicegroup.it"
205.210.31.45 - - [23/Jun/2026:12:34:10 +0200] "GET / HTTP/1.1" 301 - "-" "Hello from Palo Alto Networks, find out more about our scans in https://docs-cortex.paloaltonetworks.com/r/1/Cortex-Xpanse/Scanning-activity"
205.210.31.45 - - [23/Jun/2026:12:34:13 +0200] "GET / HTTP/1.1" 200 140383 "-" "Hello from Palo Alto Networks, find out more about our scans in https://docs-cortex.paloaltonetworks.com/r/1/Cortex-Xpanse/Scanning-activity"
34.182.227.170 - - [23/Jun/2026:12:54:34 +0200] "GET //wp-includes/ID3/license.txt HTTP/1.1" 200 1396 "-" "Mozilla/5.0 (Windows NT 10.0; Win64; x64) AppleWebKit/537.36 (KHTML, like Gecko) Chrome/95.0.4638.69 Safari/537.36"
34.182.227.170 - - [23/Jun/2026:12:54:34 +0200] "GET //feed/ HTTP/1.1" 301 - "-" "Mozilla/5.0 (Windows NT 10.0; Win64; x64) AppleWebKit/537.36 (KHTML, like Gecko) Chrome/95.0.4638.69 Safari/537.36"
34.182.227.170 - - [23/Jun/2026:12:54:35 +0200] "GET //xmlrpc.php?rsd HTTP/1.1" 403 52 "-" "Mozilla/5.0 (Windows NT 10.0; Win64; x64) AppleWebKit/537.36 (KHTML, like Gecko) Chrome/95.0.4638.69 Safari/537.36"
34.182.227.170 - - [23/Jun/2026:12:54:35 +0200] "GET //blog/wp-includes/wlwmanifest.xml HTTP/1.1" 301 - "-" "Mozilla/5.0 (Windows NT 10.0; Win64; x64) AppleWebKit/537.36 (KHTML, like Gecko) Chrome/95.0.4638.69 Safari/537.36"
34.182.227.170 - - [23/Jun/2026:12:54:37 +0200] "GET //web/wp-includes/wlwmanifest.xml HTTP/1.1" 301 - "-" "Mozilla/5.0 (Windows NT 10.0; Win64; x64) AppleWebKit/537.36 (KHTML, like Gecko) Chrome/95.0.4638.69 Safari/537.36"
34.182.227.170 - - [23/Jun/2026:12:54:38 +0200] "GET //wordpress/wp-includes/wlwmanifest.xml HTTP/1.1" 301 - "-" "Mozilla/5.0 (Windows NT 10.0; Win64; x64) AppleWebKit/537.36 (KHTML, like Gecko) Chrome/95.0.4638.69 Safari/537.36"
