65.108.235.243 - - [22/Jun/2026:14:40:29 +0200] "POST /wp-cron.php?doing_wp_cron=1782132029.6217949390411376953125 HTTP/1.1" 200 1 "-" "WordPress/7.0; https://elettroservicegroup.it"
74.7.175.159 - - [22/Jun/2026:14:40:23 +0200] "GET /robots.txt HTTP/2.0" 200 99 "-" "Mozilla/5.0 (Macintosh; Intel Mac OS X 10_15_7) AppleWebKit/537.36 (KHTML, like Gecko) Chrome/131.0.0.0 Safari/537.36; compatible; OAI-SearchBot/1.4; robots.txt; +https://openai.com/searchbot"
65.108.235.243 - - [22/Jun/2026:14:40:31 +0200] "POST /wp-json/complianz/v1/wsc-scan HTTP/1.1" 400 88 "-" "WordPress/7.0; https://elettroservicegroup.it"
54.38.210.253 - - [22/Jun/2026:15:12:45 +0200] "GET / HTTP/1.1" 200 12493 "-" "Mozilla/5.0 (Windows NT 10.0; Win64; x64) AppleWebKit/537.36"
65.108.235.243 - - [22/Jun/2026:15:24:23 +0200] "POST /wp-cron.php?doing_wp_cron=1782134663.5117409229278564453125 HTTP/1.1" 200 1 "-" "WordPress/7.0; https://elettroservicegroup.it"
134.119.236.92 - - [22/Jun/2026:15:24:15 +0200] "GET /plugins/editors/jce/jce.xml HTTP/1.1" 404 83783 "-" "SecurityAudit/1.0"
134.119.236.92 - - [22/Jun/2026:15:24:24 +0200] "GET /administrator/components/com_jce/jce.xml HTTP/1.1" 404 83874 "-" "SecurityAudit/1.0"
65.108.235.243 - - [22/Jun/2026:15:26:12 +0200] "POST /wp-cron.php?doing_wp_cron=1782134772.1209499835968017578125 HTTP/1.1" 200 1 "-" "WordPress/7.0; https://elettroservicegroup.it"
104.210.140.141 - - [22/Jun/2026:15:26:06 +0200] "GET /robots.txt HTTP/2.0" 200 99 "-" "Mozilla/5.0 (Macintosh; Intel Mac OS X 10_15_7) AppleWebKit/537.36 (KHTML, like Gecko) Chrome/131.0.0.0 Safari/537.36; compatible; OAI-SearchBot/1.0; +https://openai.com/searchbot"
65.108.235.243 - - [22/Jun/2026:16:06:47 +0200] "POST /wp-cron.php?doing_wp_cron=1782137207.6230919361114501953125 HTTP/1.1" 200 1 "-" "WordPress/7.0; https://elettroservicegroup.it"
137.184.112.33 - - [22/Jun/2026:16:06:36 +0200] "GET /.env HTTP/1.1" 404 17604 "-" "Mozilla/5.0 (X11; Linux x86_64) AppleWebKit/537.36 (KHTML, like Gecko) Chrome/81.0.4044.129 Safari/537.36"
65.108.235.243 - - [22/Jun/2026:16:06:49 +0200] "POST /wp-json/complianz/v1/wsc-scan HTTP/1.1" 400 88 "-" "WordPress/7.0; https://elettroservicegroup.it"
65.108.235.243 - - [22/Jun/2026:16:06:51 +0200] "POST /wp-admin/admin-ajax.php?action=wordfence_testAjax HTTP/1.1" 200 16 "-" "WordPress/7.0; https://elettroservicegroup.it"
65.108.235.243 - - [22/Jun/2026:16:06:52 +0200] "GET /wp-admin/admin-ajax.php?action=wordfence_doScan&isFork=0&scanMode=quick&cronKey=860519acefc3bf66220fa2b42051791a&signature=31f4ef3431c4a56e2258b5e72b6c918ef0db595073f8854eb8e86addc4b06721 HTTP/1.1" 200 1 "-" "WordPress/7.0; https://elettroservicegroup.it"
65.108.235.243 - - [22/Jun/2026:16:30:12 +0200] "POST /wp-cron.php?doing_wp_cron=1782138612.4090569019317626953125 HTTP/1.1" 200 1 "-" "WordPress/7.0; https://elettroservicegroup.it"
91.92.241.196 - - [22/Jun/2026:16:30:02 +0200] "GET /.env HTTP/1.1" 404 83601 "-" "Mozilla/5.0 (Windows NT 10.0; Win64; x64) AppleWebKit/537.36"
107.189.2.75 - - [22/Jun/2026:17:12:22 +0200] "POST / HTTP/1.1" 415 139499 "-" "python-requests/2.34.2"
51.68.111.239 - - [22/Jun/2026:17:15:00 +0200] "GET /robots.txt HTTP/1.1" 403 - "-" "Mozilla/5.0 (compatible; MJ12bot/v2.0.5; http://mj12bot.com/)"
65.108.235.243 - - [22/Jun/2026:17:38:43 +0200] "POST /wp-json/complianz/v1/wsc-scan HTTP/1.1" 400 88 "-" "WordPress/7.0; https://elettroservicegroup.it"
65.108.235.243 - - [22/Jun/2026:17:39:00 +0200] "POST /wp-admin/admin-ajax.php?action=elementor_1_elementor_updater&nonce=c988f1ddd6 HTTP/1.1" 503 576 "-" "WordPress/7.0; https://elettroservicegroup.it"
65.108.235.243 - - [22/Jun/2026:17:38:59 +0200] "GET /?wp_scrape_key=bf7a98a96d06ab240c5b0e718ff6529e&wp_scrape_nonce=1782142737 HTTP/1.1" 500 198 "-" "WordPress/7.0; https://elettroservicegroup.it"
137.184.112.33 - - [22/Jun/2026:18:24:28 +0200] "GET / HTTP/1.1" 200 11668 "-" "Mozilla/5.0 (X11; Linux x86_64) AppleWebKit/537.36 (KHTML, like Gecko) Chrome/81.0.4044.129 Safari/537.36"
65.108.235.243 - - [22/Jun/2026:19:02:57 +0200] "POST /wp-cron.php?doing_wp_cron=1782147777.8101520538330078125000 HTTP/1.1" 200 1 "-" "WordPress/7.0; https://elettroservicegroup.it"
161.115.235.15 - - [22/Jun/2026:19:02:51 +0200] "GET / HTTP/2.0" 200 21333 "https://www.google.com" "Mozilla/5.0 (Windows NT 10.0; Win64; x64) AppleWebKit/537.36 (KHTML, like Gecko) Chrome/99.0.4844.51 Safari/537.36 Edg/99.0.1150.30"
65.108.235.243 - - [22/Jun/2026:19:02:59 +0200] "GET /chi-siamo/ HTTP/1.1" 200 21804 "-" "WP Fastest Cache Preload Bot"
65.108.235.243 - - [22/Jun/2026:19:02:59 +0200] "GET /imprint/ HTTP/1.1" 200 17741 "-" "WP Fastest Cache Preload Bot"
65.108.235.243 - - [22/Jun/2026:19:03:02 +0200] "GET /dichiarazione-sulla-privacy-ue/ HTTP/1.1" 200 20772 "-" "WP Fastest Cache Preload Bot"
65.108.235.243 - - [22/Jun/2026:19:03:04 +0200] "GET /cookie-policy-ue/ HTTP/1.1" 200 20499 "-" "WP Fastest Cache Preload Bot"
65.108.235.243 - - [22/Jun/2026:19:03:07 +0200] "GET / HTTP/1.1" 200 21333 "-" "WP Fastest Cache Preload Bot"
65.108.235.243 - - [22/Jun/2026:19:03:10 +0200] "POST /wp-json/complianz/v1/wsc-scan HTTP/1.1" 400 88 "-" "WordPress/7.0; https://elettroservicegroup.it"
159.223.198.246 - - [22/Jun/2026:19:21:08 +0200] "GET /wp-json/link-factory/v1/health HTTP/1.1" 200 107 "-" "undici"
159.223.198.246 - - [22/Jun/2026:19:21:09 +0200] "GET /wp-login.php HTTP/1.1" 200 11673 "-" "Mozilla/5.0 (X11; Linux x86_64) AppleWebKit/537.36 (KHTML, like Gecko) Chrome/127.0 Safari/537.36"
159.223.198.246 - - [22/Jun/2026:19:21:11 +0200] "POST /wp-login.php HTTP/1.1" 200 11698 "https://elettroservicegroup.it/wp-login.php" "Mozilla/5.0 (X11; Linux x86_64) AppleWebKit/537.36 (KHTML, like Gecko) Chrome/127.0 Safari/537.36"
65.108.235.243 - - [22/Jun/2026:19:22:06 +0200] "POST /wp-cron.php?doing_wp_cron=1782148926.7430329322814941406250 HTTP/1.1" 200 1 "-" "WordPress/7.0; https://elettroservicegroup.it"
103.74.176.247 - - [22/Jun/2026:19:22:04 +0200] "GET / HTTP/2.0" 301 1 "-" "Mozilla/5.0 (iPhone; CPU iPhone OS 17_0 like Mac OS X) AppleWebKit/605.1.15 (KHTML, like Gecko) Version/17.0 Mobile/15E148 Safari/604.1"
65.108.235.243 - - [22/Jun/2026:19:22:07 +0200] "GET /chi-siamo/ HTTP/1.1" 200 21804 "-" "WP Fastest Cache Preload Bot"
103.74.176.247 - - [22/Jun/2026:19:22:07 +0200] "GET / HTTP/2.0" 200 21593 "https://www.elettroservicegroup.it/" "Mozilla/5.0 (iPhone; CPU iPhone OS 17_0 like Mac OS X) AppleWebKit/605.1.15 (KHTML, like Gecko) Version/17.0 Mobile/15E148 Safari/604.1"
65.108.235.243 - - [22/Jun/2026:19:22:07 +0200] "GET /imprint/ HTTP/1.1" 200 17741 "-" "WP Fastest Cache Preload Bot"
65.108.235.243 - - [22/Jun/2026:19:22:08 +0200] "GET /dichiarazione-sulla-privacy-ue/ HTTP/1.1" 200 20776 "-" "WP Fastest Cache Preload Bot"
65.108.235.243 - - [22/Jun/2026:19:22:09 +0200] "GET /cookie-policy-ue/ HTTP/1.1" 200 20490 "-" "WP Fastest Cache Preload Bot"
71.178.197.196 - - [22/Jun/2026:19:22:14 +0200] "GET / HTTP/2.0" 301 1 "https://www.yahoo.it/" "Mozilla/5.0 (iPhone; CPU iPhone OS 17_6 like Mac OS X) AppleWebKit/605.1.15 (KHTML, like Gecko) EdgiOS/128.0.2739.60 Version/17.0 Mobile/15E148 Safari/604.1"
71.178.197.196 - - [22/Jun/2026:19:22:16 +0200] "GET / HTTP/2.0" 200 21593 "https://www.yahoo.it/" "Mozilla/5.0 (iPhone; CPU iPhone OS 17_6 like Mac OS X) AppleWebKit/605.1.15 (KHTML, like Gecko) EdgiOS/128.0.2739.60 Version/17.0 Mobile/15E148 Safari/604.1"
107.174.122.193 - - [22/Jun/2026:19:22:23 +0200] "GET / HTTP/2.0" 301 1 "https://verona.elettroservicegroup.it/" "Mozilla/5.0 (iPhone; CPU iPhone OS 17_4 like Mac OS X) AppleWebKit/605.1.15 (KHTML, like Gecko) Version/17.4 Mobile/15E148 Safari/604.1"
107.174.122.193 - - [22/Jun/2026:19:22:25 +0200] "GET / HTTP/2.0" 200 21593 "https://verona.elettroservicegroup.it/" "Mozilla/5.0 (iPhone; CPU iPhone OS 17_4 like Mac OS X) AppleWebKit/605.1.15 (KHTML, like Gecko) Version/17.4 Mobile/15E148 Safari/604.1"
103.74.176.252 - - [22/Jun/2026:19:22:33 +0200] "GET / HTTP/2.0" 301 1 "https://verona.elettroservicegroup.it/" "Mozilla/5.0 (iPhone; CPU iPhone OS 17_3_1 like Mac OS X) AppleWebKit/605.1.15 (KHTML, like Gecko) FxiOS/124.0 Mobile/15E148 Safari/605.1.15"
103.74.176.252 - - [22/Jun/2026:19:22:34 +0200] "GET / HTTP/2.0" 200 21593 "https://verona.elettroservicegroup.it/" "Mozilla/5.0 (iPhone; CPU iPhone OS 17_3_1 like Mac OS X) AppleWebKit/605.1.15 (KHTML, like Gecko) FxiOS/124.0 Mobile/15E148 Safari/605.1.15"
83.225.25.105 - - [22/Jun/2026:19:22:45 +0200] "GET / HTTP/2.0" 301 1 "-" "Mozilla/5.0 (iPhone; CPU iPhone OS 17_6_1 like Mac OS X) AppleWebKit/605.1.15 (KHTML, like Gecko) FxiOS/133.4 Mobile/15E148 Safari/605.1.15"
83.225.25.105 - - [22/Jun/2026:19:22:47 +0200] "GET / HTTP/2.0" 200 21593 "https://www.elettroservicegroup.it/" "Mozilla/5.0 (iPhone; CPU iPhone OS 17_6_1 like Mac OS X) AppleWebKit/605.1.15 (KHTML, like Gecko) FxiOS/133.4 Mobile/15E148 Safari/605.1.15"
15.204.161.7 - - [22/Jun/2026:19:41:12 +0200] "GET /cookie-policy-ue/ HTTP/2.0" 200 11796 "-" "Mozilla/5.0 (Windows NT 10.0; Win64; x64) AppleWebKit/537.36 (KHTML, like Gecko) Chrome/149.0.0.0 Safari/537.36"
15.204.161.7 - - [22/Jun/2026:19:57:37 +0200] "GET /imprint/ HTTP/2.0" 200 11862 "-" "Mozilla/5.0 (Windows NT 10.0; Win64; x64) AppleWebKit/537.36 (KHTML, like Gecko) Chrome/149.0.0.0 Safari/537.36"
65.108.235.243 - - [22/Jun/2026:20:12:41 +0200] "POST /wp-cron.php?doing_wp_cron=1782151961.5105350017547607421875 HTTP/1.1" 200 1 "-" "WordPress/7.0; https://elettroservicegroup.it"
216.73.217.81 - - [22/Jun/2026:20:12:33 +0200] "GET /robots.txt HTTP/2.0" 200 99 "-" "Mozilla/5.0 AppleWebKit/537.36 (KHTML, like Gecko; compatible; ClaudeBot/1.0; +claudebot@anthropic.com)"
65.108.235.243 - - [22/Jun/2026:20:12:43 +0200] "GET /termini-e-condizioni/ HTTP/1.1" 200 18689 "-" "WP Fastest Cache Preload Bot"
65.108.235.243 - - [22/Jun/2026:20:12:45 +0200] "GET /cookie-policy/ HTTP/1.1" 200 22723 "-" "WP Fastest Cache Preload Bot"
65.108.235.243 - - [22/Jun/2026:20:12:48 +0200] "GET /informativa-privacy/ HTTP/1.1" 200 20846 "-" "WP Fastest Cache Preload Bot"
65.108.235.243 - - [22/Jun/2026:20:12:51 +0200] "GET / HTTP/1.1" 200 21324 "-" "WP Fastest Cache Preload Bot"
65.108.235.243 - - [22/Jun/2026:20:12:54 +0200] "POST /wp-json/complianz/v1/wsc-scan HTTP/1.1" 400 88 "-" "WordPress/7.0; https://elettroservicegroup.it"
65.108.235.243 - - [22/Jun/2026:20:52:18 +0200] "POST /wp-cron.php?doing_wp_cron=1782154338.0396559238433837890625 HTTP/1.1" 200 1 "-" "WordPress/7.0; https://elettroservicegroup.it"
192.178.4.102 - - [22/Jun/2026:20:52:10 +0200] "GET /?p=15683 HTTP/1.1" 404 17584 "-" "Mozilla/5.0 (Linux; Android 6.0.1; Nexus 5X Build/MMB29P) AppleWebKit/537.36 (KHTML, like Gecko) Chrome/148.0.7778.96 Mobile Safari/537.36 (compatible; Googlebot/2.1; +http://www.google.com/bot.html)"
65.108.235.243 - - [22/Jun/2026:20:58:03 +0200] "POST /wp-cron.php?doing_wp_cron=1782154683.7584691047668457031250 HTTP/1.1" 200 1 "-" "WordPress/7.0; https://elettroservicegroup.it"
192.178.4.102 - - [22/Jun/2026:20:58:00 +0200] "GET /?p=15680 HTTP/1.1" 404 17584 "-" "Mozilla/5.0 (Linux; Android 6.0.1; Nexus 5X Build/MMB29P) AppleWebKit/537.36 (KHTML, like Gecko) Chrome/148.0.7778.96 Mobile Safari/537.36 (compatible; Googlebot/2.1; +http://www.google.com/bot.html)"
65.108.235.243 - - [22/Jun/2026:21:08:22 +0200] "POST /wp-cron.php?doing_wp_cron=1782155302.5222709178924560546875 HTTP/1.1" 200 1 "-" "WordPress/7.0; https://elettroservicegroup.it"
187.120.52.160 - - [22/Jun/2026:21:08:16 +0200] "POST /xmlrpc.php HTTP/1.1" 404 83643 "-" "Mozilla/5.0 (Macintosh; Intel Mac OS X 10_15_7; x86) AppleWebKit/537.36 (KHTML, like Gecko) Chrome/92.0.0.0 Safari/537.36"
65.108.235.243 - - [22/Jun/2026:21:18:29 +0200] "POST /wp-cron.php?doing_wp_cron=1782155909.7142629623413085937500 HTTP/1.1" 200 1 "-" "WordPress/7.0; https://elettroservicegroup.it"
164.92.154.223 - - [22/Jun/2026:21:18:20 +0200] "POST /xmlrpc.php HTTP/1.1" 404 17615 "-" "undici"
164.92.154.223 - - [22/Jun/2026:21:18:30 +0200] "GET /wp-json/wp/v2/categories?search=Uncategorized&per_page=100 HTTP/1.1" 415 1379 "-" "undici"
65.108.235.243 - - [22/Jun/2026:21:18:32 +0200] "POST /wp-json/complianz/v1/wsc-scan HTTP/1.1" 400 88 "-" "WordPress/7.0; https://elettroservicegroup.it"
164.92.154.223 - - [22/Jun/2026:21:18:32 +0200] "GET /wp-json/wp/v2/settings HTTP/1.1" 401 84 "-" "undici"
65.108.235.243 - - [22/Jun/2026:21:20:17 +0200] "POST /wp-cron.php?doing_wp_cron=1782156017.1176080703735351562500 HTTP/1.1" 200 1 "-" "WordPress/7.0; https://elettroservicegroup.it"
74.7.175.159 - - [22/Jun/2026:21:20:08 +0200] "GET /robots.txt HTTP/2.0" 200 99 "-" "Mozilla/5.0 (Macintosh; Intel Mac OS X 10_15_7) AppleWebKit/537.36 (KHTML, like Gecko) Chrome/131.0.0.0 Safari/537.36; compatible; OAI-SearchBot/1.4; robots.txt; +https://openai.com/searchbot"
65.108.235.243 - - [22/Jun/2026:21:27:55 +0200] "POST /wp-cron.php?doing_wp_cron=1782156475.0004210472106933593750 HTTP/1.1" 200 1 "-" "WordPress/7.0; https://elettroservicegroup.it"
216.73.217.81 - - [22/Jun/2026:21:27:53 +0200] "GET /robots.txt HTTP/2.0" 200 99 "-" "Mozilla/5.0 AppleWebKit/537.36 (KHTML, like Gecko; compatible; ClaudeBot/1.0; +claudebot@anthropic.com)"
216.73.217.81 - - [22/Jun/2026:21:27:55 +0200] "GET /wp-content/cache/wpfc-minified/10hpkmg7/2bkg3.css HTTP/2.0" 200 418 "-" "Mozilla/5.0 AppleWebKit/537.36 (KHTML, like Gecko; compatible; ClaudeBot/1.0; +claudebot@anthropic.com)"
216.73.217.81 - - [22/Jun/2026:21:28:21 +0200] "GET /wp-content/cache/wpfc-minified/7ahyfouu/2bkg3.css HTTP/2.0" 200 4410 "-" "Mozilla/5.0 AppleWebKit/537.36 (KHTML, like Gecko; compatible; ClaudeBot/1.0; +claudebot@anthropic.com)"
216.73.217.81 - - [22/Jun/2026:21:28:21 +0200] "GET /wp-content/cache/wpfc-minified/21nu4lni/2bkg3.css HTTP/2.0" 200 7521 "-" "Mozilla/5.0 AppleWebKit/537.36 (KHTML, like Gecko; compatible; ClaudeBot/1.0; +claudebot@anthropic.com)"
193.32.162.11 - - [22/Jun/2026:21:36:32 +0200] "GET / HTTP/1.1" 200 11758 "-" "Mozilla/5.0 (Macintosh; Intel Mac OS X 10_15_7) AppleWebKit/605.1.15 (KHTML, like Gecko) Version/14.0 Safari/605.1.15"
65.108.235.243 - - [22/Jun/2026:21:43:13 +0200] "POST /wp-cron.php?doing_wp_cron=1782157393.3367888927459716796875 HTTP/1.1" 200 1 "-" "WordPress/7.0; https://elettroservicegroup.it"
91.92.241.196 - - [22/Jun/2026:21:43:11 +0200] "GET /.git/HEAD HTTP/1.1" 404 83467 "-" "Mozilla/5.0 (Windows NT 10.0; Win64; x64) AppleWebKit/537.36"
216.126.225.179 - - [22/Jun/2026:22:17:47 +0200] "GET / HTTP/1.1" 200 23173 "-" "Mozilla/5.0 (Windows NT 10.0; Win64; x64) AppleWebKit/537.36 (KHTML, like Gecko) Chrome/120.0.0.0 Safari/537.36"
65.108.235.243 - - [22/Jun/2026:22:35:44 +0200] "POST /wp-cron.php?doing_wp_cron=1782160544.9565439224243164062500 HTTP/1.1" 200 1 "-" "WordPress/7.0; https://elettroservicegroup.it"
216.73.217.81 - - [22/Jun/2026:22:35:42 +0200] "GET /robots.txt HTTP/2.0" 200 99 "-" "Mozilla/5.0 AppleWebKit/537.36 (KHTML, like Gecko; compatible; ClaudeBot/1.0; +claudebot@anthropic.com)"
65.108.235.243 - - [22/Jun/2026:22:35:45 +0200] "POST /wp-json/complianz/v1/wsc-scan HTTP/1.1" 400 88 "-" "WordPress/7.0; https://elettroservicegroup.it"
216.73.217.81 - - [22/Jun/2026:22:36:59 +0200] "GET /wp-content/cache/wpfc-minified/8mnxu7sd/2bkgh.css HTTP/2.0" 200 16200 "-" "Mozilla/5.0 AppleWebKit/537.36 (KHTML, like Gecko; compatible; ClaudeBot/1.0; +claudebot@anthropic.com)"
216.73.217.81 - - [22/Jun/2026:22:37:05 +0200] "GET /wp-content/cache/wpfc-minified/dih7xtos/2bkg3.css HTTP/2.0" 200 19016 "-" "Mozilla/5.0 AppleWebKit/537.36 (KHTML, like Gecko; compatible; ClaudeBot/1.0; +claudebot@anthropic.com)"
216.73.217.81 - - [22/Jun/2026:22:41:12 +0200] "GET /wp-content/cache/wpfc-minified/kdwvm73z/2bkg3.js HTTP/2.0" 200 32843 "-" "Mozilla/5.0 AppleWebKit/537.36 (KHTML, like Gecko; compatible; ClaudeBot/1.0; +claudebot@anthropic.com)"
8.230.127.227 - - [22/Jun/2026:23:06:35 +0200] "HEAD / HTTP/2.0" 200 - "http://elettroservicegroup.it/" "Mozilla/5.0 (iPhone; CPU iPhone OS 16_7 like Mac OS X) AppleWebKit/605.1.15 (KHTML, like Gecko) Version/16.7 Mobile/15E148 Safari/604.1"
65.108.235.243 - - [22/Jun/2026:23:09:57 +0200] "POST /wp-cron.php?doing_wp_cron=1782162597.0328578948974609375000 HTTP/1.1" 200 1 "-" "WordPress/7.0; https://elettroservicegroup.it"
192.178.4.101 - - [22/Jun/2026:23:09:53 +0200] "GET /?p=16270 HTTP/1.1" 404 17570 "-" "Mozilla/5.0 (Linux; Android 6.0.1; Nexus 5X Build/MMB29P) AppleWebKit/537.36 (KHTML, like Gecko) Chrome/148.0.7778.96 Mobile Safari/537.36 (compatible; Googlebot/2.1; +http://www.google.com/bot.html)"
65.108.235.243 - - [22/Jun/2026:23:11:10 +0200] "POST /wp-cron.php?doing_wp_cron=1782162670.7200930118560791015625 HTTP/1.1" 200 1 "-" "WordPress/7.0; https://elettroservicegroup.it"
192.178.4.102 - - [22/Jun/2026:23:11:01 +0200] "GET /2026/05/31/sale-gioco-agrigento/ HTTP/1.1" 404 17599 "-" "Mozilla/5.0 (Linux; Android 6.0.1; Nexus 5X Build/MMB29P) AppleWebKit/537.36 (KHTML, like Gecko) Chrome/148.0.7778.96 Mobile Safari/537.36 (compatible; Googlebot/2.1; +http://www.google.com/bot.html)"
65.108.235.243 - - [22/Jun/2026:23:12:13 +0200] "POST /wp-cron.php?doing_wp_cron=1782162733.4390909671783447265625 HTTP/1.1" 200 1 "-" "WordPress/7.0; https://elettroservicegroup.it"
192.178.4.103 - - [22/Jun/2026:23:12:07 +0200] "GET /?p=16202 HTTP/1.1" 404 17569 "-" "Mozilla/5.0 (Linux; Android 6.0.1; Nexus 5X Build/MMB29P) AppleWebKit/537.36 (KHTML, like Gecko) Chrome/148.0.7778.96 Mobile Safari/537.36 (compatible; Googlebot/2.1; +http://www.google.com/bot.html)"
74.7.227.184 - - [22/Jun/2026:23:15:52 +0200] "GET / HTTP/2.0" 415 21310 "-" "Mozilla/5.0 AppleWebKit/537.36 (KHTML, like Gecko; compatible; GPTBot/1.4; +https://openai.com/gptbot)"
65.108.235.243 - - [22/Jun/2026:23:27:52 +0200] "POST /wp-cron.php?doing_wp_cron=1782163672.9379448890686035156250 HTTP/1.1" 200 1 "-" "WordPress/7.0; https://elettroservicegroup.it"
40.77.167.24 - - [22/Jun/2026:23:27:45 +0200] "GET /sitemap.xml HTTP/2.0" 200 309 "-" "Mozilla/5.0 AppleWebKit/537.36 (KHTML, like Gecko; compatible; bingbot/2.0; +http://www.bing.com/bingbot.htm) Chrome/116.0.1938.76 Safari/537.36"
65.108.235.243 - - [22/Jun/2026:23:49:14 +0200] "POST /wp-cron.php?doing_wp_cron=1782164954.8199899196624755859375 HTTP/1.1" 200 1 "-" "WordPress/7.0; https://elettroservicegroup.it"
192.178.4.103 - - [22/Jun/2026:23:49:12 +0200] "GET /?p=15468 HTTP/1.1" 404 17585 "-" "Mozilla/5.0 (Linux; Android 6.0.1; Nexus 5X Build/MMB29P) AppleWebKit/537.36 (KHTML, like Gecko) Chrome/148.0.7778.96 Mobile Safari/537.36 (compatible; Googlebot/2.1; +http://www.google.com/bot.html)"
65.108.235.243 - - [22/Jun/2026:23:49:15 +0200] "POST /wp-json/complianz/v1/wsc-scan HTTP/1.1" 400 88 "-" "WordPress/7.0; https://elettroservicegroup.it"
65.108.235.243 - - [22/Jun/2026:23:50:22 +0200] "POST /wp-cron.php?doing_wp_cron=1782165021.9188499450683593750000 HTTP/1.1" 200 1 "-" "WordPress/7.0; https://elettroservicegroup.it"
216.73.217.81 - - [22/Jun/2026:23:50:15 +0200] "GET /robots.txt HTTP/2.0" 200 99 "-" "Mozilla/5.0 AppleWebKit/537.36 (KHTML, like Gecko; compatible; ClaudeBot/1.0; +claudebot@anthropic.com)"
216.73.217.81 - - [22/Jun/2026:23:50:24 +0200] "GET /wp-content/cache/wpfc-minified/11bl93bf/2bkgh.css HTTP/2.0" 200 13792 "-" "Mozilla/5.0 AppleWebKit/537.36 (KHTML, like Gecko; compatible; ClaudeBot/1.0; +claudebot@anthropic.com)"
216.73.217.81 - - [22/Jun/2026:23:50:24 +0200] "GET /wp-content/cache/wpfc-minified/44agi09/2bkgh.css HTTP/2.0" 200 2031 "-" "Mozilla/5.0 AppleWebKit/537.36 (KHTML, like Gecko; compatible; ClaudeBot/1.0; +claudebot@anthropic.com)"
65.108.235.243 - - [22/Jun/2026:23:51:40 +0200] "POST /wp-cron.php?doing_wp_cron=1782165100.3260719776153564453125 HTTP/1.1" 200 1 "-" "WordPress/7.0; https://elettroservicegroup.it"
192.178.4.101 - - [22/Jun/2026:23:51:36 +0200] "GET /?p=15685 HTTP/1.1" 404 17585 "-" "Mozilla/5.0 (Linux; Android 6.0.1; Nexus 5X Build/MMB29P) AppleWebKit/537.36 (KHTML, like Gecko) Chrome/148.0.7778.96 Mobile Safari/537.36 (compatible; Googlebot/2.1; +http://www.google.com/bot.html)"
65.108.235.243 - - [23/Jun/2026:00:11:17 +0200] "POST /wp-cron.php?doing_wp_cron=1782166277.6054370403289794921875 HTTP/1.1" 200 1 "-" "WordPress/7.0; https://elettroservicegroup.it"
192.178.4.102 - - [23/Jun/2026:00:11:11 +0200] "GET /?p=16076 HTTP/1.1" 404 17584 "-" "Mozilla/5.0 (Linux; Android 6.0.1; Nexus 5X Build/MMB29P) AppleWebKit/537.36 (KHTML, like Gecko) Chrome/148.0.7778.96 Mobile Safari/537.36 (compatible; Googlebot/2.1; +http://www.google.com/bot.html)"
65.108.235.243 - - [23/Jun/2026:00:15:52 +0200] "POST /wp-cron.php?doing_wp_cron=1782166552.7268710136413574218750 HTTP/1.1" 200 1 "-" "WordPress/7.0; https://elettroservicegroup.it"
192.178.4.102 - - [23/Jun/2026:00:15:50 +0200] "GET /?p=15716 HTTP/1.1" 404 17584 "-" "Mozilla/5.0 (Linux; Android 6.0.1; Nexus 5X Build/MMB29P) AppleWebKit/537.36 (KHTML, like Gecko) Chrome/148.0.7778.96 Mobile Safari/537.36 (compatible; Googlebot/2.1; +http://www.google.com/bot.html)"
65.108.235.243 - - [23/Jun/2026:00:18:59 +0200] "POST /wp-cron.php?doing_wp_cron=1782166739.3140270709991455078125 HTTP/1.1" 200 1 "-" "WordPress/7.0; https://elettroservicegroup.it"
192.178.4.101 - - [23/Jun/2026:00:18:54 +0200] "GET /?p=15412 HTTP/1.1" 404 17584 "-" "Mozilla/5.0 (Linux; Android 6.0.1; Nexus 5X Build/MMB29P) AppleWebKit/537.36 (KHTML, like Gecko) Chrome/148.0.7778.96 Mobile Safari/537.36 (compatible; Googlebot/2.1; +http://www.google.com/bot.html)"
65.108.235.243 - - [23/Jun/2026:00:25:50 +0200] "POST /wp-cron.php?doing_wp_cron=1782167150.7018029689788818359375 HTTP/1.1" 200 1 "-" "WordPress/7.0; https://elettroservicegroup.it"
192.178.4.103 - - [23/Jun/2026:00:25:41 +0200] "GET /?p=15555 HTTP/1.1" 404 17585 "-" "Mozilla/5.0 (Linux; Android 6.0.1; Nexus 5X Build/MMB29P) AppleWebKit/537.36 (KHTML, like Gecko) Chrome/148.0.7778.96 Mobile Safari/537.36 (compatible; Googlebot/2.1; +http://www.google.com/bot.html)"
65.108.235.243 - - [23/Jun/2026:00:30:56 +0200] "POST /wp-cron.php?doing_wp_cron=1782167456.1108109951019287109375 HTTP/1.1" 200 1 "-" "WordPress/7.0; https://elettroservicegroup.it"
192.178.4.102 - - [23/Jun/2026:00:30:54 +0200] "GET /?p=15369 HTTP/1.1" 404 17584 "-" "Mozilla/5.0 (Linux; Android 6.0.1; Nexus 5X Build/MMB29P) AppleWebKit/537.36 (KHTML, like Gecko) Chrome/148.0.7778.96 Mobile Safari/537.36 (compatible; Googlebot/2.1; +http://www.google.com/bot.html)"
185.185.217.76 - - [23/Jun/2026:00:33:09 +0200] "GET / HTTP/1.1" 200 23173 "-" "Mozilla/5.0 (compatible; intelx.io_bot +https://intelx.io)"
185.185.217.76 - - [23/Jun/2026:00:33:09 +0200] "GET /chi-siamo/ HTTP/1.1" 200 23608 "-" "Mozilla/5.0 (compatible; intelx.io_bot +https://intelx.io)"
185.185.217.76 - - [23/Jun/2026:00:33:09 +0200] "GET /termini-e-condizioni/ HTTP/1.1" 200 19938 "-" "Mozilla/5.0 (compatible; intelx.io_bot +https://intelx.io)"
185.185.217.76 - - [23/Jun/2026:00:33:10 +0200] "GET /dichiarazione-sulla-privacy-ue/ HTTP/1.1" 200 22215 "-" "Mozilla/5.0 (compatible; intelx.io_bot +https://intelx.io)"
185.185.217.76 - - [23/Jun/2026:00:33:10 +0200] "GET /cookie-policy-ue/ HTTP/1.1" 200 22318 "-" "Mozilla/5.0 (compatible; intelx.io_bot +https://intelx.io)"
185.185.217.76 - - [23/Jun/2026:00:33:11 +0200] "GET /imprint/ HTTP/1.1" 200 18933 "-" "Mozilla/5.0 (compatible; intelx.io_bot +https://intelx.io)"
65.108.235.243 - - [23/Jun/2026:00:34:58 +0200] "POST /wp-cron.php?doing_wp_cron=1782167698.7066690921783447265625 HTTP/1.1" 200 1 "-" "WordPress/7.0; https://elettroservicegroup.it"
192.178.4.101 - - [23/Jun/2026:00:34:49 +0200] "GET /2026/05/31/migliori-casino-paysafecard-con-bonus-benvenuto/ HTTP/1.1" 404 17638 "-" "Mozilla/5.0 (Linux; Android 6.0.1; Nexus 5X Build/MMB29P) AppleWebKit/537.36 (KHTML, like Gecko) Chrome/148.0.7778.96 Mobile Safari/537.36 (compatible; Googlebot/2.1; +http://www.google.com/bot.html)"
89.163.146.197 - - [23/Jun/2026:00:45:28 +0200] "GET /txets.php HTTP/1.1" 200 11811 "www.google.com" "Mozlila/5.0 (Linux; Android 7.0; SM-G892A Bulid/NRD90M; wv) AppleWebKit/537.36 (KHTML, like Gecko) Version/4.0 Chrome/60.0.3112.107 Moblie Safari/537.36"
89.163.146.197 - - [23/Jun/2026:00:45:34 +0200] "GET /wp-content/txets.php HTTP/1.1" 200 11733 "www.google.com" "Mozlila/5.0 (Linux; Android 7.0; SM-G892A Bulid/NRD90M; wv) AppleWebKit/537.36 (KHTML, like Gecko) Version/4.0 Chrome/60.0.3112.107 Moblie Safari/537.36"
89.163.146.197 - - [23/Jun/2026:00:45:43 +0200] "GET /wp-content/txets.php HTTP/1.1" 200 11666 "www.google.com" "Mozlila/5.0 (Linux; Android 7.0; SM-G892A Bulid/NRD90M; wv) AppleWebKit/537.36 (KHTML, like Gecko) Version/4.0 Chrome/60.0.3112.107 Moblie Safari/537.36"
65.108.235.243 - - [23/Jun/2026:00:53:20 +0200] "POST /wp-cron.php?doing_wp_cron=1782168800.2074799537658691406250 HTTP/1.1" 200 1 "-" "WordPress/7.0; https://elettroservicegroup.it"
192.178.4.102 - - [23/Jun/2026:00:53:10 +0200] "GET /?gtm_latency=1 HTTP/1.1" 200 21605 "-" "GoogleOther"
65.108.235.243 - - [23/Jun/2026:00:53:22 +0200] "POST /wp-json/complianz/v1/wsc-scan HTTP/1.1" 400 88 "-" "WordPress/7.0; https://elettroservicegroup.it"
192.178.4.101 - - [23/Jun/2026:00:53:36 +0200] "GET /wp-content/plugins/all-in-one-seo-pack/dist/Lite/assets/css/table-of-contents/global.e90f6d47.css?ver=4.9.8 HTTP/1.1" 200 420 "https://elettroservicegroup.it/?gtm_latency=1" "GoogleOther"
192.178.4.101 - - [23/Jun/2026:00:53:37 +0200] "GET /wp-content/plugins/elementor/assets/lib/font-awesome/css/all.min.css?ver=4.1.3 HTTP/1.1" 200 12402 "https://elettroservicegroup.it/?gtm_latency=1" "GoogleOther"
192.178.4.101 - - [23/Jun/2026:00:53:39 +0200] "GET /wp-content/plugins/elementor/assets/css/widget-heading.min.css?ver=4.1.3 HTTP/1.1" 200 127 "https://elettroservicegroup.it/?gtm_latency=1" "GoogleOther"
192.178.4.101 - - [23/Jun/2026:00:53:39 +0200] "GET /wp-content/uploads/elementor/css/post-13305.css?ver=1782147776 HTTP/1.1" 200 2452 "https://elettroservicegroup.it/?gtm_latency=1" "GoogleOther"
192.178.4.101 - - [23/Jun/2026:00:53:45 +0200] "GET /wp-content/plugins/elementor/assets/css/widget-icon-list.min.css?ver=3.24.3 HTTP/1.1" 200 928 "https://elettroservicegroup.it/?gtm_latency=1" "GoogleOther"
192.178.4.101 - - [23/Jun/2026:00:53:47 +0200] "GET /wp-content/plugins/elementor/assets/lib/eicons/css/elementor-icons.min.css?ver=5.34.0 HTTP/1.1" 200 4115 "https://elettroservicegroup.it/?gtm_latency=1" "GoogleOther"
192.178.4.101 - - [23/Jun/2026:00:53:50 +0200] "GET /wp-content/plugins/elementor/assets/lib/font-awesome/css/fontawesome.min.css?ver=5.15.3 HTTP/1.1" 200 12179 "https://elettroservicegroup.it/?gtm_latency=1" "GoogleOther"
192.178.4.101 - - [23/Jun/2026:00:53:51 +0200] "GET /wp-content/plugins/elementor/assets/lib/font-awesome/css/solid.css?ver=5.15.3 HTTP/1.1" 200 299 "https://elettroservicegroup.it/?gtm_latency=1" "GoogleOther"
192.178.4.101 - - [23/Jun/2026:00:53:53 +0200] "GET /wp-content/plugins/complianz-gdpr-premium/assets/css/cookieblocker.min.css?ver=1781535054 HTTP/1.1" 200 615 "https://elettroservicegroup.it/?gtm_latency=1" "GoogleOther"
192.178.4.101 - - [23/Jun/2026:00:53:54 +0200] "GET /wp-includes/js/jquery/jquery.min.js?ver=3.7.1 HTTP/1.1" 200 29769 "https://elettroservicegroup.it/?gtm_latency=1" "GoogleOther"
192.178.4.101 - - [23/Jun/2026:00:53:56 +0200] "GET /wp-content/plugins/elementor/assets/js/webpack.runtime.min.js?ver=4.1.3 HTTP/1.1" 200 2340 "https://elettroservicegroup.it/?gtm_latency=1" "GoogleOther"
192.178.4.101 - - [23/Jun/2026:00:53:56 +0200] "GET /wp-content/plugins/elementor/assets/lib/font-awesome/css/brands.css?ver=5.15.3 HTTP/1.1" 200 298 "https://elettroservicegroup.it/?gtm_latency=1" "GoogleOther"
192.178.4.101 - - [23/Jun/2026:00:53:58 +0200] "GET /wp-includes/js/jquery/jquery-migrate.min.js?ver=3.4.1 HTTP/1.1" 200 4685 "https://elettroservicegroup.it/?gtm_latency=1" "GoogleOther"
192.178.4.101 - - [23/Jun/2026:00:53:59 +0200] "GET /wp-content/plugins/elementor/assets/lib/eicons/css/elementor-icons.min.css?ver=5.49.0 HTTP/1.1" 200 4115 "https://elettroservicegroup.it/?gtm_latency=1" "GoogleOther"
192.178.4.101 - - [23/Jun/2026:00:54:00 +0200] "GET /wp-content/themes/generatepress/assets/css/main.min.css?ver=3.6.1 HTTP/1.1" 200 4410 "https://elettroservicegroup.it/?gtm_latency=1" "GoogleOther"
192.178.4.101 - - [23/Jun/2026:00:54:00 +0200] "GET /wp-content/plugins/gp-premium/menu-plus/functions/css/navigation-branding-flex.min.css?ver=2.5.5 HTTP/1.1" 200 542 "https://elettroservicegroup.it/?gtm_latency=1" "GoogleOther"
192.178.4.101 - - [23/Jun/2026:00:54:01 +0200] "GET /wp-content/plugins/header-footer-elementor/inc/widgets-css/frontend.css?ver=2.8.8 HTTP/1.1" 200 8711 "https://elettroservicegroup.it/?gtm_latency=1" "GoogleOther"
192.178.4.101 - - [23/Jun/2026:00:54:01 +0200] "GET /wp-content/plugins/elementor/assets/lib/font-awesome/css/regular.min.css?ver=5.15.3 HTTP/1.1" 200 282 "https://elettroservicegroup.it/?gtm_latency=1" "GoogleOther"
192.178.4.101 - - [23/Jun/2026:00:54:02 +0200] "GET /wp-content/plugins/elementor/assets/lib/font-awesome/js/v4-shims.min.js?ver=4.1.3 HTTP/1.1" 200 4043 "https://elettroservicegroup.it/?gtm_latency=1" "GoogleOther"
192.178.4.101 - - [23/Jun/2026:00:54:02 +0200] "GET /wp-content/plugins/elementor/assets/css/widget-social-icons.min.css?ver=3.24.0 HTTP/1.1" 200 1039 "https://elettroservicegroup.it/?gtm_latency=1" "GoogleOther"
192.178.4.101 - - [23/Jun/2026:00:54:03 +0200] "GET /wp-content/plugins/header-footer-elementor/assets/css/header-footer-elementor.css?ver=2.8.8 HTTP/1.1" 200 260 "https://elettroservicegroup.it/?gtm_latency=1" "GoogleOther"
192.178.4.101 - - [23/Jun/2026:00:54:03 +0200] "GET /wp-content/uploads/elementor/css/post-14146.css?ver=1782142741 HTTP/1.1" 200 428 "https://elettroservicegroup.it/?gtm_latency=1" "GoogleOther"
192.178.4.101 - - [23/Jun/2026:00:54:03 +0200] "GET /wp-content/uploads/elementor/google-fonts/css/robotoslab.css?ver=1742274091 HTTP/1.1" 200 708 "https://elettroservicegroup.it/?gtm_latency=1" "GoogleOther"
192.178.4.101 - - [23/Jun/2026:00:54:04 +0200] "GET /wp-content/plugins/elementor/assets/lib/animations/styles/bounceIn.min.css?ver=4.1.3 HTTP/1.1" 200 186 "https://elettroservicegroup.it/?gtm_latency=1" "GoogleOther"
192.178.4.101 - - [23/Jun/2026:00:54:04 +0200] "GET /wp-content/plugins/elementor/assets/css/widget-spacer.min.css?ver=4.1.3 HTTP/1.1" 200 287 "https://elettroservicegroup.it/?gtm_latency=1" "GoogleOther"
192.178.4.101 - - [23/Jun/2026:00:54:04 +0200] "GET /wp-content/uploads/2021/10/cropped-cropped-cropped-logo_white_background.png HTTP/1.1" 200 38971 "https://elettroservicegroup.it/?gtm_latency=1" "GoogleOther"
192.178.4.101 - - [23/Jun/2026:00:54:04 +0200] "GET /wp-content/plugins/elementor/assets/css/frontend.min.css?ver=4.1.3 HTTP/1.1" 200 6618 "https://elettroservicegroup.it/?gtm_latency=1" "GoogleOther"
192.178.4.101 - - [23/Jun/2026:00:54:07 +0200] "GET /wp-content/uploads/elementor/google-fonts/css/roboto.css?ver=1742274089 HTTP/1.1" 200 1874 "https://elettroservicegroup.it/?gtm_latency=1" "GoogleOther"
192.178.4.101 - - [23/Jun/2026:00:54:08 +0200] "GET /wp-content/plugins/elementor/assets/lib/animations/styles/zoomIn.min.css?ver=4.1.3 HTTP/1.1" 200 87 "https://elettroservicegroup.it/?gtm_latency=1" "GoogleOther"
192.178.4.101 - - [23/Jun/2026:00:54:08 +0200] "GET /wp-content/plugins/elementor/assets/lib/font-awesome/css/solid.min.css?ver=5.15.3 HTTP/1.1" 200 286 "https://elettroservicegroup.it/?gtm_latency=1" "GoogleOther"
192.178.4.101 - - [23/Jun/2026:00:54:08 +0200] "GET /wp-content/uploads/elementor/css/post-14366.css?ver=1782147776 HTTP/1.1" 200 310 "https://elettroservicegroup.it/?gtm_latency=1" "GoogleOther"
192.178.4.101 - - [23/Jun/2026:00:54:09 +0200] "GET /wp-content/plugins/elementor/assets/lib/font-awesome/css/v4-shims.min.css?ver=4.1.3 HTTP/1.1" 200 3986 "https://elettroservicegroup.it/?gtm_latency=1" "GoogleOther"
192.178.4.101 - - [23/Jun/2026:00:54:09 +0200] "GET /wp-content/plugins/gp-premium/menu-plus/functions/js/sticky.min.js?ver=2.5.5 HTTP/1.1" 200 2670 "https://elettroservicegroup.it/?gtm_latency=1" "GoogleOther"
192.178.4.101 - - [23/Jun/2026:00:54:09 +0200] "GET /wp-content/plugins/elementor/assets/lib/font-awesome/css/fontawesome.css?ver=5.15.3 HTTP/1.1" 200 12535 "https://elettroservicegroup.it/?gtm_latency=1" "GoogleOther"
192.178.4.101 - - [23/Jun/2026:00:54:11 +0200] "GET /wp-content/plugins/elementor/assets/js/frontend-modules.min.js?ver=4.1.3 HTTP/1.1" 200 15454 "https://elettroservicegroup.it/?gtm_latency=1" "GoogleOther"
192.178.4.101 - - [23/Jun/2026:00:54:11 +0200] "GET /wp-includes/js/jquery/ui/core.min.js?ver=1.13.3 HTTP/1.1" 200 6820 "https://elettroservicegroup.it/?gtm_latency=1" "GoogleOther"
192.178.4.101 - - [23/Jun/2026:00:54:11 +0200] "GET /wp-content/plugins/elementor/assets/js/frontend.min.js?ver=4.1.3 HTTP/1.1" 200 10140 "https://elettroservicegroup.it/?gtm_latency=1" "GoogleOther"
192.178.4.101 - - [23/Jun/2026:00:54:12 +0200] "GET /wp-content/plugins/google-analytics-for-wordpress/assets/js/frontend-gtag.min.js?ver=10.2.2 HTTP/1.1" 200 3075 "https://elettroservicegroup.it/?gtm_latency=1" "GoogleOther"
192.178.4.101 - - [23/Jun/2026:00:54:12 +0200] "GET /wp-content/themes/generatepress/assets/js/back-to-top.min.js?ver=3.6.1 HTTP/1.1" 200 336 "https://elettroservicegroup.it/?gtm_latency=1" "GoogleOther"
192.178.4.101 - - [23/Jun/2026:00:54:12 +0200] "GET /wp-content/plugins/complianz-gdpr-premium/cookiebanner/js/complianz.min.js?ver=1781535054 HTTP/1.1" 200 10762 "https://elettroservicegroup.it/?gtm_latency=1" "GoogleOther"
192.178.4.101 - - [23/Jun/2026:00:54:14 +0200] "GET /wp-content/themes/generatepress/assets/js/menu.min.js?ver=3.6.1 HTTP/1.1" 200 1688 "https://elettroservicegroup.it/?gtm_latency=1" "GoogleOther"
192.178.4.101 - - [23/Jun/2026:00:54:37 +0200] "GET /wp-content/uploads/2021/10/COPERTINA-1.png HTTP/1.1" 200 238875 "https://elettroservicegroup.it/wp-content/uploads/elementor/css/post-13305.css?ver=1782147776" "GoogleOther"
192.178.4.101 - - [23/Jun/2026:00:54:38 +0200] "GET /wp-content/uploads/2021/10/TECNICO-ELETTRODOMESTICI.jpg HTTP/1.1" 200 24210 "https://elettroservicegroup.it/wp-content/uploads/elementor/css/post-13305.css?ver=1782147776" "GoogleOther"
192.178.4.101 - - [23/Jun/2026:00:54:39 +0200] "GET /wp-content/uploads/elementor/google-fonts/fonts/roboto-kfo7cnqeu92fr1me7ksn66agldtyluama3yuba.woff2 HTTP/1.1" 200 40132 "https://elettroservicegroup.it/wp-content/uploads/elementor/google-fonts/css/roboto.css?ver=1742274089" "GoogleOther"
192.178.4.101 - - [23/Jun/2026:00:54:39 +0200] "GET /wp-content/plugins/elementor/assets/lib/font-awesome/webfonts/fa-solid-900.woff2 HTTP/1.1" 200 78201 "https://elettroservicegroup.it/wp-content/plugins/elementor/assets/lib/font-awesome/css/all.min.css?ver=4.1.3" "GoogleOther"
192.178.4.101 - - [23/Jun/2026:00:54:41 +0200] "GET /wp-content/plugins/elementor/assets/lib/font-awesome/webfonts/fa-regular-400.woff2 HTTP/1.1" 200 13277 "https://elettroservicegroup.it/wp-content/plugins/elementor/assets/lib/font-awesome/css/all.min.css?ver=4.1.3" "GoogleOther"
65.108.235.243 - - [23/Jun/2026:00:54:42 +0200] "POST /wp-cron.php?doing_wp_cron=1782168882.5179910659790039062500 HTTP/1.1" 200 1 "-" "WordPress/7.0; https://elettroservicegroup.it"
192.178.4.101 - - [23/Jun/2026:00:54:36 +0200] "GET /wp-json/complianz/v1/banner?lang=it&locale=it_IT&token=cseiv HTTP/1.1" 200 82 "https://elettroservicegroup.it/?gtm_latency=1" "GoogleOther"
65.108.235.243 - - [23/Jun/2026:00:55:30 +0200] "POST /wp-cron.php?doing_wp_cron=1782168930.8071129322052001953125 HTTP/1.1" 200 1 "-" "WordPress/7.0; https://elettroservicegroup.it"
216.73.217.81 - - [23/Jun/2026:00:55:23 +0200] "GET /robots.txt HTTP/2.0" 200 99 "-" "Mozilla/5.0 AppleWebKit/537.36 (KHTML, like Gecko; compatible; ClaudeBot/1.0; +claudebot@anthropic.com)"
216.73.217.81 - - [23/Jun/2026:00:55:33 +0200] "GET /sitemap.rss HTTP/2.0" 200 730 "-" "Mozilla/5.0 AppleWebKit/537.36 (KHTML, like Gecko; compatible; ClaudeBot/1.0; +claudebot@anthropic.com)"
192.178.4.102 - - [23/Jun/2026:00:55:34 +0200] "GET /wp-content/uploads/complianz/css/banner-1-optin.css?v=45 HTTP/1.1" 200 2893 "https://elettroservicegroup.it/?gtm_latency=1" "GoogleOther"
192.178.4.101 - - [23/Jun/2026:00:55:34 +0200] "GET /wp-json/complianz/v1/cookie_data HTTP/1.1" 200 97 "https://elettroservicegroup.it/?gtm_latency=1" "GoogleOther"
192.178.4.102 - - [23/Jun/2026:00:55:41 +0200] "GET /wp-content/plugins/elementor/assets/js/section-frontend-handlers.d85ab872da118940910d.bundle.min.js HTTP/1.1" 200 230 "https://elettroservicegroup.it/?gtm_latency=1" "GoogleOther"
192.178.4.101 - - [23/Jun/2026:00:55:42 +0200] "GET /wp-content/plugins/elementor/assets/js/shared-frontend-handlers.03caa53373b56d3bab67.bundle.min.js HTTP/1.1" 200 2515 "https://elettroservicegroup.it/?gtm_latency=1" "GoogleOther"
192.178.4.101 - - [23/Jun/2026:00:55:42 +0200] "GET /wp-content/plugins/elementor/assets/js/text-editor.45609661e409413f1cef.bundle.min.js HTTP/1.1" 200 592 "https://elettroservicegroup.it/?gtm_latency=1" "GoogleOther"
192.178.4.101 - - [23/Jun/2026:00:55:53 +0200] "POST /wp-json/complianz/v1/track HTTP/1.1" 200 20 "https://elettroservicegroup.it/?gtm_latency=1" "GoogleOther"
87.106.134.37 - - [23/Jun/2026:01:00:54 +0200] "GET / HTTP/1.1" 200 11729 "-" "Mozilla/5.0 (compatible;)"
65.108.235.243 - - [23/Jun/2026:01:05:56 +0200] "POST /wp-cron.php?doing_wp_cron=1782169555.8839790821075439453125 HTTP/1.1" 200 1 "-" "WordPress/7.0; https://elettroservicegroup.it"
192.178.4.102 - - [23/Jun/2026:01:05:53 +0200] "GET /?p=15974 HTTP/1.1" 404 17585 "-" "Mozilla/5.0 (Linux; Android 6.0.1; Nexus 5X Build/MMB29P) AppleWebKit/537.36 (KHTML, like Gecko) Chrome/148.0.7778.96 Mobile Safari/537.36 (compatible; Googlebot/2.1; +http://www.google.com/bot.html)"
65.108.235.243 - - [23/Jun/2026:01:18:07 +0200] "POST /wp-cron.php?doing_wp_cron=1782170287.7903189659118652343750 HTTP/1.1" 200 1 "-" "WordPress/7.0; https://elettroservicegroup.it"
65.108.235.243 - - [23/Jun/2026:01:18:07 +0200] "POST /wp-cron.php?doing_wp_cron=1782170287.7903559207916259765625 HTTP/1.1" 200 1 "-" "WordPress/7.0; https://elettroservicegroup.it"
173.252.95.60 - - [23/Jun/2026:01:18:02 +0200] "GET /robots.txt HTTP/2.0" 200 177 "-" "facebookexternalhit/1.1 (+http://www.facebook.com/externalhit_uatext.php)"
173.252.95.16 - - [23/Jun/2026:01:18:01 +0200] "GET /robots.txt HTTP/2.0" 200 - "-" "facebookexternalhit/1.1 (+http://www.facebook.com/externalhit_uatext.php)"
216.73.217.81 - - [23/Jun/2026:01:20:01 +0200] "GET /wp-content/cache/wpfc-minified/kbnudfut/2bkg3.js HTTP/2.0" 200 8744 "-" "Mozilla/5.0 AppleWebKit/537.36 (KHTML, like Gecko; compatible; ClaudeBot/1.0; +claudebot@anthropic.com)"
65.108.235.243 - - [23/Jun/2026:02:00:03 +0200] "POST /wp-cron.php?doing_wp_cron=1782172803.4978721141815185546875 HTTP/1.1" 200 1 "-" "WordPress/7.0; https://elettroservicegroup.it"
65.108.235.243 - - [23/Jun/2026:02:00:00 +0200] "POST /?wordfence_syncAttackData=1782172800.6904 HTTP/1.1" 200 1 "-" "WordPress/7.0; https://elettroservicegroup.it"
216.73.217.81 - - [23/Jun/2026:01:59:56 +0200] "GET /robots.txt HTTP/2.0" 200 99 "-" "Mozilla/5.0 AppleWebKit/537.36 (KHTML, like Gecko; compatible; ClaudeBot/1.0; +claudebot@anthropic.com)"
216.73.217.81 - - [23/Jun/2026:02:00:05 +0200] "GET /wp-content/cache/wpfc-minified/6yk1ya41/2bkg3.css HTTP/2.0" 200 14481 "-" "Mozilla/5.0 AppleWebKit/537.36 (KHTML, like Gecko; compatible; ClaudeBot/1.0; +claudebot@anthropic.com)"
216.73.217.81 - - [23/Jun/2026:02:00:05 +0200] "GET /wp-content/cache/wpfc-minified/eh40z7s2/2bkg3.css HTTP/2.0" 200 11323 "-" "Mozilla/5.0 AppleWebKit/537.36 (KHTML, like Gecko; compatible; ClaudeBot/1.0; +claudebot@anthropic.com)"
65.108.235.243 - - [23/Jun/2026:02:00:05 +0200] "POST /wp-json/complianz/v1/wsc-scan HTTP/1.1" 400 88 "-" "WordPress/7.0; https://elettroservicegroup.it"
216.73.216.164 - - [23/Jun/2026:02:18:25 +0200] "GET /wp-content/cache/wpfc-minified/fspqf2ba/2bkg5.css HTTP/2.0" 200 16112 "-" "Mozilla/5.0 AppleWebKit/537.36 (KHTML, like Gecko; compatible; ClaudeBot/1.0; +claudebot@anthropic.com)"
65.108.235.243 - - [23/Jun/2026:03:19:03 +0200] "POST /wp-cron.php?doing_wp_cron=1782177543.2183029651641845703125 HTTP/1.1" 200 1 "-" "WordPress/7.0; https://elettroservicegroup.it"
216.73.216.164 - - [23/Jun/2026:03:18:56 +0200] "GET /robots.txt HTTP/2.0" 200 99 "-" "Mozilla/5.0 AppleWebKit/537.36 (KHTML, like Gecko; compatible; ClaudeBot/1.0; +claudebot@anthropic.com)"
65.108.235.243 - - [23/Jun/2026:03:19:03 +0200] "POST /wp-json/complianz/v1/wsc-scan HTTP/1.1" 400 88 "-" "WordPress/7.0; https://elettroservicegroup.it"
64.89.163.214 - - [23/Jun/2026:03:41:48 +0200] "GET /.env HTTP/1.1" 404 83425 "-" "Mozilla/5.0 (Windows NT 10.0; Win64; x64) AppleWebKit/537.36 (KHTML, like Gecko) Chrome/137.0.0.0 Safari/537.36"
65.108.235.243 - - [23/Jun/2026:04:00:04 +0200] "POST /wp-cron.php?doing_wp_cron=1782180004.5122029781341552734375 HTTP/1.1" 200 1 "-" "WordPress/7.0; https://elettroservicegroup.it"
65.108.235.243 - - [23/Jun/2026:04:00:04 +0200] "POST /wp-cron.php?doing_wp_cron=1782180004.5916581153869628906250 HTTP/1.1" 200 1 "-" "WordPress/7.0; https://elettroservicegroup.it"
77.75.78.163 - - [23/Jun/2026:03:59:59 +0200] "GET /robots.txt HTTP/1.1" 200 126 "-" "Mozilla/5.0 (compatible; SeznamBot/4.0; +https://o-seznam.cz/napoveda/vyhledavani/en/seznambot-crawler/)"
77.75.78.163 - - [23/Jun/2026:03:59:59 +0200] "GET /sitemap.rss HTTP/1.1" 200 821 "-" "Mozilla/5.0 (compatible; SeznamBot/4.0; +https://o-seznam.cz/napoveda/vyhledavani/en/seznambot-crawler/)"
2a06:98c0:3600::103 - - [23/Jun/2026:04:06:25 +0200] "POST /xmlrpc.php HTTP/2.0" 403 52 "-" "AppsScript-XMLRPC"
65.108.235.243 - - [23/Jun/2026:04:06:36 +0200] "POST /wp-cron.php?doing_wp_cron=1782180396.2106089591979980468750 HTTP/1.1" 200 1 "-" "WordPress/7.0; https://elettroservicegroup.it"
2a06:98c0:3600::103 - - [23/Jun/2026:04:06:28 +0200] "GET /wp-admin/ HTTP/2.0" 302 1 "-" "Mozilla/5.0 (AppsScript)"
2a06:98c0:3600::103 - - [23/Jun/2026:04:06:39 +0200] "GET /wp-login.php?redirect_to=https%3A%2F%2Felettroservicegroup.it%2Fwp-admin%2F&reauth=1 HTTP/2.0" 200 5205 "https://elettroservicegroup.it/" "Mozilla/5.0 (AppsScript)"
65.108.235.243 - - [23/Jun/2026:04:06:35 +0200] "POST /wp-admin/admin-ajax.php?action=as_async_request_queue_runner&nonce=e161e77fc3 HTTP/1.1" 200 1 "-" "WordPress/7.0; https://elettroservicegroup.it"
2a06:98c0:3600::103 - - [23/Jun/2026:04:06:43 +0200] "GET /wp-login.php?redirect_to=https%3A%2F%2Felettroservicegroup.it%2Fwp-admin%2F&reauth=1 HTTP/2.0" 200 5205 "https://elettroservicegroup.it/" "Mozilla/5.0 (AppsScript)"
2a06:98c0:3600::103 - - [23/Jun/2026:04:06:45 +0200] "POST /wp-login.php HTTP/2.0" 503 6746 "https://elettroservicegroup.it/wp-login.php?redirect_to=https%3A%2F%2Felettroservicegroup.it%2Fwp-admin%2F&reauth=1" "Mozilla/5.0 (AppsScript)"
2a06:98c0:3600::103 - - [23/Jun/2026:04:06:49 +0200] "GET /wp-admin/ HTTP/2.0" 503 6746 "https://elettroservicegroup.it/wp-login.php?redirect_to=https%3A%2F%2Felettroservicegroup.it%2Fwp-admin%2F&reauth=1" "Mozilla/5.0 (AppsScript)"
65.108.235.243 - - [23/Jun/2026:04:31:08 +0200] "POST /wp-cron.php?doing_wp_cron=1782181868.5988759994506835937500 HTTP/1.1" 200 1 "-" "WordPress/7.0; https://elettroservicegroup.it"
216.73.217.62 - - [23/Jun/2026:04:31:06 +0200] "GET /robots.txt HTTP/2.0" 200 99 "-" "Mozilla/5.0 AppleWebKit/537.36 (KHTML, like Gecko; compatible; ClaudeBot/1.0; +claudebot@anthropic.com)"
216.73.217.62 - - [23/Jun/2026:04:31:08 +0200] "GET /wp-content/cache/wpfc-minified/322vuj10/2dzgw.css HTTP/2.0" 200 15839 "-" "Mozilla/5.0 AppleWebKit/537.36 (KHTML, like Gecko; compatible; ClaudeBot/1.0; +claudebot@anthropic.com)"
65.108.235.243 - - [23/Jun/2026:04:31:09 +0200] "POST /wp-json/complianz/v1/wsc-scan HTTP/1.1" 400 88 "-" "WordPress/7.0; https://elettroservicegroup.it"
216.73.217.62 - - [23/Jun/2026:04:31:44 +0200] "GET /wp-content/cache/wpfc-minified/m8vzkiox/2bkg5.css HTTP/2.0" 200 23329 "-" "Mozilla/5.0 AppleWebKit/537.36 (KHTML, like Gecko; compatible; ClaudeBot/1.0; +claudebot@anthropic.com)"
65.108.235.243 - - [23/Jun/2026:05:35:50 +0200] "POST /wp-cron.php?doing_wp_cron=1782185750.1979000568389892578125 HTTP/1.1" 200 1 "-" "WordPress/7.0; https://elettroservicegroup.it"
216.73.217.62 - - [23/Jun/2026:05:35:45 +0200] "GET /robots.txt HTTP/2.0" 200 99 "-" "Mozilla/5.0 AppleWebKit/537.36 (KHTML, like Gecko; compatible; ClaudeBot/1.0; +claudebot@anthropic.com)"
65.108.235.243 - - [23/Jun/2026:05:35:52 +0200] "POST /wp-json/complianz/v1/wsc-scan HTTP/1.1" 400 88 "-" "WordPress/7.0; https://elettroservicegroup.it"
65.108.235.243 - - [23/Jun/2026:05:36:08 +0200] "GET /?wp_scrape_key=3dbd5e29c6c4f402fb09a4330e07aa0f&wp_scrape_nonce=1782185766 HTTP/1.1" 500 185 "-" "WordPress/7.0; https://elettroservicegroup.it"
65.108.235.243 - - [23/Jun/2026:05:42:28 +0200] "POST /wp-cron.php?doing_wp_cron=1782186148.2951159477233886718750 HTTP/1.1" 200 1 "-" "WordPress/7.0; https://elettroservicegroup.it"
40.77.167.108 - - [23/Jun/2026:05:42:24 +0200] "GET /robots.txt HTTP/2.0" 301 1 "-" "Mozilla/5.0 AppleWebKit/537.36 (KHTML, like Gecko; compatible; bingbot/2.0; +http://www.bing.com/bingbot.htm) Chrome/116.0.1938.76 Safari/537.36"
40.77.167.108 - - [23/Jun/2026:05:42:29 +0200] "GET /robots.txt HTTP/2.0" 200 99 "-" "Mozilla/5.0 AppleWebKit/537.36 (KHTML, like Gecko; compatible; bingbot/2.0; +http://www.bing.com/bingbot.htm) Chrome/116.0.1938.76 Safari/537.36"
65.108.235.243 - - [23/Jun/2026:05:42:29 +0200] "GET /chi-siamo/ HTTP/1.1" 200 21781 "-" "WP Fastest Cache Preload Bot"
65.108.235.243 - - [23/Jun/2026:05:42:32 +0200] "GET /imprint/ HTTP/1.1" 200 17736 "-" "WP Fastest Cache Preload Bot"
65.108.235.243 - - [23/Jun/2026:05:42:33 +0200] "GET /dichiarazione-sulla-privacy-ue/ HTTP/1.1" 200 20758 "-" "WP Fastest Cache Preload Bot"
65.108.235.243 - - [23/Jun/2026:05:42:34 +0200] "GET /cookie-policy-ue/ HTTP/1.1" 200 20480 "-" "WP Fastest Cache Preload Bot"
65.108.235.243 - - [23/Jun/2026:05:42:36 +0200] "GET / HTTP/1.1" 200 21328 "-" "WP Fastest Cache Preload Bot"
40.77.167.38 - - [23/Jun/2026:05:42:38 +0200] "GET /author/andrea/ HTTP/2.0" 301 1 "-" "Mozilla/5.0 AppleWebKit/537.36 (KHTML, like Gecko; compatible; bingbot/2.0; +http://www.bing.com/bingbot.htm) Chrome/116.0.1938.76 Safari/537.36"
65.108.235.243 - - [23/Jun/2026:05:55:58 +0200] "POST /wp-cron.php?doing_wp_cron=1782186958.6965970993041992187500 HTTP/1.1" 200 1 "-" "WordPress/7.0; https://elettroservicegroup.it"
192.178.4.101 - - [23/Jun/2026:05:55:56 +0200] "GET /robots.txt HTTP/1.1" 200 99 "-" "Mozilla/5.0 (compatible; Googlebot/2.1; +http://www.google.com/bot.html)"
192.178.4.102 - - [23/Jun/2026:05:55:59 +0200] "GET /?p=16120 HTTP/1.1" 404 17569 "-" "Mozilla/5.0 (Linux; Android 6.0.1; Nexus 5X Build/MMB29P) AppleWebKit/537.36 (KHTML, like Gecko) Chrome/148.0.7778.96 Mobile Safari/537.36 (compatible; Googlebot/2.1; +http://www.google.com/bot.html)"
65.108.235.243 - - [23/Jun/2026:05:56:00 +0200] "GET /chi-siamo/ HTTP/1.1" 200 21781 "-" "WP Fastest Cache Preload Bot"
65.108.235.243 - - [23/Jun/2026:05:56:02 +0200] "GET /imprint/ HTTP/1.1" 200 17736 "-" "WP Fastest Cache Preload Bot"
65.108.235.243 - - [23/Jun/2026:05:56:04 +0200] "GET /dichiarazione-sulla-privacy-ue/ HTTP/1.1" 200 20762 "-" "WP Fastest Cache Preload Bot"
65.108.235.243 - - [23/Jun/2026:05:56:06 +0200] "GET /cookie-policy-ue/ HTTP/1.1" 200 20484 "-" "WP Fastest Cache Preload Bot"
65.108.235.243 - - [23/Jun/2026:05:56:13 +0200] "POST /wp-cron.php?doing_wp_cron=1782186973.8036220073699951171875 HTTP/1.1" 200 1 "-" "WordPress/7.0; https://elettroservicegroup.it"
192.178.4.102 - - [23/Jun/2026:05:56:12 +0200] "GET /?p=15470 HTTP/1.1" 404 17569 "-" "Mozilla/5.0 (Linux; Android 6.0.1; Nexus 5X Build/MMB29P) AppleWebKit/537.36 (KHTML, like Gecko) Chrome/148.0.7778.96 Mobile Safari/537.36 (compatible; Googlebot/2.1; +http://www.google.com/bot.html)"
65.108.235.243 - - [23/Jun/2026:05:56:14 +0200] "GET /termini-e-condizioni/ HTTP/1.1" 200 18687 "-" "WP Fastest Cache Preload Bot"
192.178.4.101 - - [23/Jun/2026:05:56:15 +0200] "GET /?p=15584 HTTP/1.1" 404 17569 "-" "Mozilla/5.0 (Linux; Android 6.0.1; Nexus 5X Build/MMB29P) AppleWebKit/537.36 (KHTML, like Gecko) Chrome/148.0.7778.96 Mobile Safari/537.36 (compatible; Googlebot/2.1; +http://www.google.com/bot.html)"
65.108.235.243 - - [23/Jun/2026:05:56:16 +0200] "GET /cookie-policy/ HTTP/1.1" 200 22721 "-" "WP Fastest Cache Preload Bot"
65.108.235.243 - - [23/Jun/2026:05:56:19 +0200] "GET /informativa-privacy/ HTTP/1.1" 200 20846 "-" "WP Fastest Cache Preload Bot"
192.178.4.101 - - [23/Jun/2026:05:56:22 +0200] "GET /?p=15785 HTTP/1.1" 404 17569 "-" "Mozilla/5.0 (Linux; Android 6.0.1; Nexus 5X Build/MMB29P) AppleWebKit/537.36 (KHTML, like Gecko) Chrome/148.0.7778.96 Mobile Safari/537.36 (compatible; Googlebot/2.1; +http://www.google.com/bot.html)"
65.108.235.243 - - [23/Jun/2026:05:56:21 +0200] "GET / HTTP/1.1" 200 21328 "-" "WP Fastest Cache Preload Bot"
192.178.4.101 - - [23/Jun/2026:05:56:25 +0200] "GET /?p=15802 HTTP/1.1" 404 17569 "-" "Mozilla/5.0 (Linux; Android 6.0.1; Nexus 5X Build/MMB29P) AppleWebKit/537.36 (KHTML, like Gecko) Chrome/148.0.7778.96 Mobile Safari/537.36 (compatible; Googlebot/2.1; +http://www.google.com/bot.html)"
192.178.4.103 - - [23/Jun/2026:05:57:34 +0200] "GET /?p=15930 HTTP/1.1" 404 17569 "-" "Mozilla/5.0 (Linux; Android 6.0.1; Nexus 5X Build/MMB29P) AppleWebKit/537.36 (KHTML, like Gecko) Chrome/148.0.7778.96 Mobile Safari/537.36 (compatible; Googlebot/2.1; +http://www.google.com/bot.html)"
65.108.235.243 - - [23/Jun/2026:05:57:40 +0200] "POST /wp-cron.php?doing_wp_cron=1782187060.8014008998870849609375 HTTP/1.1" 200 1 "-" "WordPress/7.0; https://elettroservicegroup.it"
192.178.4.102 - - [23/Jun/2026:05:57:31 +0200] "GET /?p=16272 HTTP/1.1" 404 17569 "-" "Mozilla/5.0 (Linux; Android 6.0.1; Nexus 5X Build/MMB29P) AppleWebKit/537.36 (KHTML, like Gecko) Chrome/148.0.7778.96 Mobile Safari/537.36 (compatible; Googlebot/2.1; +http://www.google.com/bot.html)"
