2.37.167.80 - - [22/Jun/2026:15:13:25 +0200] "GET /wp-content/plugins/gp-premium/menu-plus/functions/css/navigation-branding-flex.min.css?ver=2.5.5 HTTP/2.0" 200 542 "https://reggio-emilia.elettroservicegroup.it/assistenza-whirlpool-reggio-emilia/?gad_source=1&gad_campaignid=23800353523&gclid=CjwKCAjwuuPRBhAnEiwA2Ji8ehck6dM7bA4cgEcy_hU17jGgMj1wA2c0GDVmC1JBK2_SckOsj8bsaRoCl94QAvD_BwE" "Mozilla/5.0 (iPhone; CPU iPhone OS 26_5_0 like Mac OS X) AppleWebKit/605.1.15 (KHTML, like Gecko) GSA/425.6.927981711 Mobile/15E148 Safari/604.1"
2.37.167.80 - - [22/Jun/2026:15:13:25 +0200] "GET /wp-content/uploads/2021/10/cropped-cropped-cropped-logo_white_background.png HTTP/2.0" 200 26788 "https://reggio-emilia.elettroservicegroup.it/assistenza-whirlpool-reggio-emilia/?gad_source=1&gad_campaignid=23800353523&gclid=CjwKCAjwuuPRBhAnEiwA2Ji8ehck6dM7bA4cgEcy_hU17jGgMj1wA2c0GDVmC1JBK2_SckOsj8bsaRoCl94QAvD_BwE" "Mozilla/5.0 (iPhone; CPU iPhone OS 26_5_0 like Mac OS X) AppleWebKit/605.1.15 (KHTML, like Gecko) GSA/425.6.927981711 Mobile/15E148 Safari/604.1"
2.37.167.80 - - [22/Jun/2026:15:13:25 +0200] "GET /wp-content/plugins/elementor/assets/lib/eicons/css/elementor-icons.min.css?ver=5.34.0 HTTP/2.0" 200 4115 "https://reggio-emilia.elettroservicegroup.it/assistenza-whirlpool-reggio-emilia/?gad_source=1&gad_campaignid=23800353523&gclid=CjwKCAjwuuPRBhAnEiwA2Ji8ehck6dM7bA4cgEcy_hU17jGgMj1wA2c0GDVmC1JBK2_SckOsj8bsaRoCl94QAvD_BwE" "Mozilla/5.0 (iPhone; CPU iPhone OS 26_5_0 like Mac OS X) AppleWebKit/605.1.15 (KHTML, like Gecko) GSA/425.6.927981711 Mobile/15E148 Safari/604.1"
2.37.167.80 - - [22/Jun/2026:15:13:25 +0200] "GET /wp-content/uploads/elementor/google-fonts/css/roboto.css?ver=1742255001 HTTP/2.0" 200 1890 "https://reggio-emilia.elettroservicegroup.it/assistenza-whirlpool-reggio-emilia/?gad_source=1&gad_campaignid=23800353523&gclid=CjwKCAjwuuPRBhAnEiwA2Ji8ehck6dM7bA4cgEcy_hU17jGgMj1wA2c0GDVmC1JBK2_SckOsj8bsaRoCl94QAvD_BwE" "Mozilla/5.0 (iPhone; CPU iPhone OS 26_5_0 like Mac OS X) AppleWebKit/605.1.15 (KHTML, like Gecko) GSA/425.6.927981711 Mobile/15E148 Safari/604.1"
2.37.167.80 - - [22/Jun/2026:15:13:25 +0200] "GET /wp-content/uploads/elementor/google-fonts/css/robotoslab.css?ver=1742255003 HTTP/2.0" 200 721 "https://reggio-emilia.elettroservicegroup.it/assistenza-whirlpool-reggio-emilia/?gad_source=1&gad_campaignid=23800353523&gclid=CjwKCAjwuuPRBhAnEiwA2Ji8ehck6dM7bA4cgEcy_hU17jGgMj1wA2c0GDVmC1JBK2_SckOsj8bsaRoCl94QAvD_BwE" "Mozilla/5.0 (iPhone; CPU iPhone OS 26_5_0 like Mac OS X) AppleWebKit/605.1.15 (KHTML, like Gecko) GSA/425.6.927981711 Mobile/15E148 Safari/604.1"
2.37.167.80 - - [22/Jun/2026:15:13:25 +0200] "GET /wp-content/plugins/elementor/assets/lib/font-awesome/js/v4-shims.min.js?ver=4.1.3 HTTP/2.0" 200 4043 "https://reggio-emilia.elettroservicegroup.it/assistenza-whirlpool-reggio-emilia/?gad_source=1&gad_campaignid=23800353523&gclid=CjwKCAjwuuPRBhAnEiwA2Ji8ehck6dM7bA4cgEcy_hU17jGgMj1wA2c0GDVmC1JBK2_SckOsj8bsaRoCl94QAvD_BwE" "Mozilla/5.0 (iPhone; CPU iPhone OS 26_5_0 like Mac OS X) AppleWebKit/605.1.15 (KHTML, like Gecko) GSA/425.6.927981711 Mobile/15E148 Safari/604.1"
2.37.167.80 - - [22/Jun/2026:15:13:25 +0200] "GET /wp-includes/js/jquery/jquery-migrate.min.js?ver=3.4.1 HTTP/2.0" 200 4685 "https://reggio-emilia.elettroservicegroup.it/assistenza-whirlpool-reggio-emilia/?gad_source=1&gad_campaignid=23800353523&gclid=CjwKCAjwuuPRBhAnEiwA2Ji8ehck6dM7bA4cgEcy_hU17jGgMj1wA2c0GDVmC1JBK2_SckOsj8bsaRoCl94QAvD_BwE" "Mozilla/5.0 (iPhone; CPU iPhone OS 26_5_0 like Mac OS X) AppleWebKit/605.1.15 (KHTML, like Gecko) GSA/425.6.927981711 Mobile/15E148 Safari/604.1"
2.37.167.80 - - [22/Jun/2026:15:13:25 +0200] "GET /wp-content/plugins/gp-premium/menu-plus/functions/js/sticky.min.js?ver=2.5.5 HTTP/2.0" 200 2670 "https://reggio-emilia.elettroservicegroup.it/assistenza-whirlpool-reggio-emilia/?gad_source=1&gad_campaignid=23800353523&gclid=CjwKCAjwuuPRBhAnEiwA2Ji8ehck6dM7bA4cgEcy_hU17jGgMj1wA2c0GDVmC1JBK2_SckOsj8bsaRoCl94QAvD_BwE" "Mozilla/5.0 (iPhone; CPU iPhone OS 26_5_0 like Mac OS X) AppleWebKit/605.1.15 (KHTML, like Gecko) GSA/425.6.927981711 Mobile/15E148 Safari/604.1"
2.37.167.80 - - [22/Jun/2026:15:13:25 +0200] "GET /wp-content/plugins/elementor/assets/lib/font-awesome/css/fontawesome.css?ver=5.15.3 HTTP/2.0" 200 12535 "https://reggio-emilia.elettroservicegroup.it/assistenza-whirlpool-reggio-emilia/?gad_source=1&gad_campaignid=23800353523&gclid=CjwKCAjwuuPRBhAnEiwA2Ji8ehck6dM7bA4cgEcy_hU17jGgMj1wA2c0GDVmC1JBK2_SckOsj8bsaRoCl94QAvD_BwE" "Mozilla/5.0 (iPhone; CPU iPhone OS 26_5_0 like Mac OS X) AppleWebKit/605.1.15 (KHTML, like Gecko) GSA/425.6.927981711 Mobile/15E148 Safari/604.1"
2.37.167.80 - - [22/Jun/2026:15:13:25 +0200] "GET /wp-content/plugins/elementor/assets/js/webpack.runtime.min.js?ver=4.1.3 HTTP/2.0" 200 2340 "https://reggio-emilia.elettroservicegroup.it/assistenza-whirlpool-reggio-emilia/?gad_source=1&gad_campaignid=23800353523&gclid=CjwKCAjwuuPRBhAnEiwA2Ji8ehck6dM7bA4cgEcy_hU17jGgMj1wA2c0GDVmC1JBK2_SckOsj8bsaRoCl94QAvD_BwE" "Mozilla/5.0 (iPhone; CPU iPhone OS 26_5_0 like Mac OS X) AppleWebKit/605.1.15 (KHTML, like Gecko) GSA/425.6.927981711 Mobile/15E148 Safari/604.1"
2.37.167.80 - - [22/Jun/2026:15:13:25 +0200] "GET /wp-content/plugins/elementor/assets/js/frontend-modules.min.js?ver=4.1.3 HTTP/2.0" 200 15454 "https://reggio-emilia.elettroservicegroup.it/assistenza-whirlpool-reggio-emilia/?gad_source=1&gad_campaignid=23800353523&gclid=CjwKCAjwuuPRBhAnEiwA2Ji8ehck6dM7bA4cgEcy_hU17jGgMj1wA2c0GDVmC1JBK2_SckOsj8bsaRoCl94QAvD_BwE" "Mozilla/5.0 (iPhone; CPU iPhone OS 26_5_0 like Mac OS X) AppleWebKit/605.1.15 (KHTML, like Gecko) GSA/425.6.927981711 Mobile/15E148 Safari/604.1"
2.37.167.80 - - [22/Jun/2026:15:13:25 +0200] "GET /wp-includes/js/jquery/ui/core.min.js?ver=1.13.3 HTTP/2.0" 200 6820 "https://reggio-emilia.elettroservicegroup.it/assistenza-whirlpool-reggio-emilia/?gad_source=1&gad_campaignid=23800353523&gclid=CjwKCAjwuuPRBhAnEiwA2Ji8ehck6dM7bA4cgEcy_hU17jGgMj1wA2c0GDVmC1JBK2_SckOsj8bsaRoCl94QAvD_BwE" "Mozilla/5.0 (iPhone; CPU iPhone OS 26_5_0 like Mac OS X) AppleWebKit/605.1.15 (KHTML, like Gecko) GSA/425.6.927981711 Mobile/15E148 Safari/604.1"
2.37.167.80 - - [22/Jun/2026:15:13:25 +0200] "GET /wp-content/plugins/elementor/assets/js/frontend.min.js?ver=4.1.3 HTTP/2.0" 200 10140 "https://reggio-emilia.elettroservicegroup.it/assistenza-whirlpool-reggio-emilia/?gad_source=1&gad_campaignid=23800353523&gclid=CjwKCAjwuuPRBhAnEiwA2Ji8ehck6dM7bA4cgEcy_hU17jGgMj1wA2c0GDVmC1JBK2_SckOsj8bsaRoCl94QAvD_BwE" "Mozilla/5.0 (iPhone; CPU iPhone OS 26_5_0 like Mac OS X) AppleWebKit/605.1.15 (KHTML, like Gecko) GSA/425.6.927981711 Mobile/15E148 Safari/604.1"
2.37.167.80 - - [22/Jun/2026:15:13:25 +0200] "GET /wp-content/themes/generatepress/assets/js/menu.min.js?ver=3.6.1 HTTP/2.0" 200 1688 "https://reggio-emilia.elettroservicegroup.it/assistenza-whirlpool-reggio-emilia/?gad_source=1&gad_campaignid=23800353523&gclid=CjwKCAjwuuPRBhAnEiwA2Ji8ehck6dM7bA4cgEcy_hU17jGgMj1wA2c0GDVmC1JBK2_SckOsj8bsaRoCl94QAvD_BwE" "Mozilla/5.0 (iPhone; CPU iPhone OS 26_5_0 like Mac OS X) AppleWebKit/605.1.15 (KHTML, like Gecko) GSA/425.6.927981711 Mobile/15E148 Safari/604.1"
2.37.167.80 - - [22/Jun/2026:15:13:25 +0200] "GET /wp-content/themes/generatepress/assets/js/back-to-top.min.js?ver=3.6.1 HTTP/2.0" 200 336 "https://reggio-emilia.elettroservicegroup.it/assistenza-whirlpool-reggio-emilia/?gad_source=1&gad_campaignid=23800353523&gclid=CjwKCAjwuuPRBhAnEiwA2Ji8ehck6dM7bA4cgEcy_hU17jGgMj1wA2c0GDVmC1JBK2_SckOsj8bsaRoCl94QAvD_BwE" "Mozilla/5.0 (iPhone; CPU iPhone OS 26_5_0 like Mac OS X) AppleWebKit/605.1.15 (KHTML, like Gecko) GSA/425.6.927981711 Mobile/15E148 Safari/604.1"
2.37.167.80 - - [22/Jun/2026:15:13:25 +0200] "GET /wp-content/plugins/complianz-gdpr-premium/cookiebanner/js/complianz.min.js?ver=1781536286 HTTP/2.0" 200 10762 "https://reggio-emilia.elettroservicegroup.it/assistenza-whirlpool-reggio-emilia/?gad_source=1&gad_campaignid=23800353523&gclid=CjwKCAjwuuPRBhAnEiwA2Ji8ehck6dM7bA4cgEcy_hU17jGgMj1wA2c0GDVmC1JBK2_SckOsj8bsaRoCl94QAvD_BwE" "Mozilla/5.0 (iPhone; CPU iPhone OS 26_5_0 like Mac OS X) AppleWebKit/605.1.15 (KHTML, like Gecko) GSA/425.6.927981711 Mobile/15E148 Safari/604.1"
2.37.167.80 - - [22/Jun/2026:15:13:25 +0200] "GET /wp-includes/js/jquery/jquery.min.js?ver=3.7.1 HTTP/2.0" 200 29769 "https://reggio-emilia.elettroservicegroup.it/assistenza-whirlpool-reggio-emilia/?gad_source=1&gad_campaignid=23800353523&gclid=CjwKCAjwuuPRBhAnEiwA2Ji8ehck6dM7bA4cgEcy_hU17jGgMj1wA2c0GDVmC1JBK2_SckOsj8bsaRoCl94QAvD_BwE" "Mozilla/5.0 (iPhone; CPU iPhone OS 26_5_0 like Mac OS X) AppleWebKit/605.1.15 (KHTML, like Gecko) GSA/425.6.927981711 Mobile/15E148 Safari/604.1"
2.37.167.80 - - [22/Jun/2026:15:13:25 +0200] "GET /wp-content/uploads/2021/10/cropped-logo_white_background.png HTTP/2.0" 200 15855 "https://reggio-emilia.elettroservicegroup.it/assistenza-whirlpool-reggio-emilia/?gad_source=1&gad_campaignid=23800353523&gclid=CjwKCAjwuuPRBhAnEiwA2Ji8ehck6dM7bA4cgEcy_hU17jGgMj1wA2c0GDVmC1JBK2_SckOsj8bsaRoCl94QAvD_BwE" "Mozilla/5.0 (iPhone; CPU iPhone OS 26_5_0 like Mac OS X) AppleWebKit/605.1.15 (KHTML, like Gecko) GSA/425.6.927981711 Mobile/15E148 Safari/604.1"
2.37.167.80 - - [22/Jun/2026:15:13:25 +0200] "GET /wp-content/uploads/elementor/google-fonts/fonts/roboto-kfo7cnqeu92fr1me7ksn66agldtyluama3yuba.woff2 HTTP/2.0" 200 40132 "https://reggio-emilia.elettroservicegroup.it/assistenza-whirlpool-reggio-emilia/?gad_source=1&gad_campaignid=23800353523&gclid=CjwKCAjwuuPRBhAnEiwA2Ji8ehck6dM7bA4cgEcy_hU17jGgMj1wA2c0GDVmC1JBK2_SckOsj8bsaRoCl94QAvD_BwE" "Mozilla/5.0 (iPhone; CPU iPhone OS 26_5_0 like Mac OS X) AppleWebKit/605.1.15 (KHTML, like Gecko) GSA/425.6.927981711 Mobile/15E148 Safari/604.1"
2.37.167.80 - - [22/Jun/2026:15:13:25 +0200] "GET /wp-content/plugins/elementor/assets/js/section-frontend-handlers.d85ab872da118940910d.bundle.min.js HTTP/2.0" 200 230 "https://reggio-emilia.elettroservicegroup.it/assistenza-whirlpool-reggio-emilia/?gad_source=1&gad_campaignid=23800353523&gclid=CjwKCAjwuuPRBhAnEiwA2Ji8ehck6dM7bA4cgEcy_hU17jGgMj1wA2c0GDVmC1JBK2_SckOsj8bsaRoCl94QAvD_BwE" "Mozilla/5.0 (iPhone; CPU iPhone OS 26_5_0 like Mac OS X) AppleWebKit/605.1.15 (KHTML, like Gecko) GSA/425.6.927981711 Mobile/15E148 Safari/604.1"
2.37.167.80 - - [22/Jun/2026:15:13:25 +0200] "GET /wp-content/plugins/elementor/assets/js/text-editor.45609661e409413f1cef.bundle.min.js HTTP/2.0" 200 592 "https://reggio-emilia.elettroservicegroup.it/assistenza-whirlpool-reggio-emilia/?gad_source=1&gad_campaignid=23800353523&gclid=CjwKCAjwuuPRBhAnEiwA2Ji8ehck6dM7bA4cgEcy_hU17jGgMj1wA2c0GDVmC1JBK2_SckOsj8bsaRoCl94QAvD_BwE" "Mozilla/5.0 (iPhone; CPU iPhone OS 26_5_0 like Mac OS X) AppleWebKit/605.1.15 (KHTML, like Gecko) GSA/425.6.927981711 Mobile/15E148 Safari/604.1"
2.37.167.80 - - [22/Jun/2026:15:13:25 +0200] "GET /wp-content/plugins/elementor/assets/js/shared-frontend-handlers.03caa53373b56d3bab67.bundle.min.js HTTP/2.0" 200 2515 "https://reggio-emilia.elettroservicegroup.it/assistenza-whirlpool-reggio-emilia/?gad_source=1&gad_campaignid=23800353523&gclid=CjwKCAjwuuPRBhAnEiwA2Ji8ehck6dM7bA4cgEcy_hU17jGgMj1wA2c0GDVmC1JBK2_SckOsj8bsaRoCl94QAvD_BwE" "Mozilla/5.0 (iPhone; CPU iPhone OS 26_5_0 like Mac OS X) AppleWebKit/605.1.15 (KHTML, like Gecko) GSA/425.6.927981711 Mobile/15E148 Safari/604.1"
2.37.167.80 - - [22/Jun/2026:15:13:25 +0200] "GET /wp-json/complianz/v1/banner?lang=it&locale=it_IT&token=wvcki HTTP/2.0" 200 82 "https://reggio-emilia.elettroservicegroup.it/assistenza-whirlpool-reggio-emilia/?gad_source=1&gad_campaignid=23800353523&gclid=CjwKCAjwuuPRBhAnEiwA2Ji8ehck6dM7bA4cgEcy_hU17jGgMj1wA2c0GDVmC1JBK2_SckOsj8bsaRoCl94QAvD_BwE" "Mozilla/5.0 (iPhone; CPU iPhone OS 26_5_0 like Mac OS X) AppleWebKit/605.1.15 (KHTML, like Gecko) GSA/425.6.927981711 Mobile/15E148 Safari/604.1"
2.37.167.80 - - [22/Jun/2026:15:13:25 +0200] "POST /wp-json/complianz/v1/track HTTP/2.0" 200 20 "https://reggio-emilia.elettroservicegroup.it/assistenza-whirlpool-reggio-emilia/?gad_source=1&gad_campaignid=23800353523&gclid=CjwKCAjwuuPRBhAnEiwA2Ji8ehck6dM7bA4cgEcy_hU17jGgMj1wA2c0GDVmC1JBK2_SckOsj8bsaRoCl94QAvD_BwE" "Mozilla/5.0 (iPhone; CPU iPhone OS 26_5_0 like Mac OS X) AppleWebKit/605.1.15 (KHTML, like Gecko) GSA/425.6.927981711 Mobile/15E148 Safari/604.1"
2.37.167.80 - - [22/Jun/2026:15:13:27 +0200] "GET /wp-content/uploads/2022/01/elettrodomestici.jpg HTTP/2.0" 200 10123 "https://reggio-emilia.elettroservicegroup.it/assistenza-whirlpool-reggio-emilia/?gad_source=1&gad_campaignid=23800353523&gclid=CjwKCAjwuuPRBhAnEiwA2Ji8ehck6dM7bA4cgEcy_hU17jGgMj1wA2c0GDVmC1JBK2_SckOsj8bsaRoCl94QAvD_BwE" "Mozilla/5.0 (iPhone; CPU iPhone OS 26_5_0 like Mac OS X) AppleWebKit/605.1.15 (KHTML, like Gecko) GSA/425.6.927981711 Mobile/15E148 Safari/604.1"
2.37.167.80 - - [22/Jun/2026:15:13:27 +0200] "GET /wp-content/uploads/2021/10/TECNICO-ELETTRODOMESTICI-10.jpg HTTP/2.0" 200 23089 "https://reggio-emilia.elettroservicegroup.it/assistenza-whirlpool-reggio-emilia/?gad_source=1&gad_campaignid=23800353523&gclid=CjwKCAjwuuPRBhAnEiwA2Ji8ehck6dM7bA4cgEcy_hU17jGgMj1wA2c0GDVmC1JBK2_SckOsj8bsaRoCl94QAvD_BwE" "Mozilla/5.0 (iPhone; CPU iPhone OS 26_5_0 like Mac OS X) AppleWebKit/605.1.15 (KHTML, like Gecko) GSA/425.6.927981711 Mobile/15E148 Safari/604.1"
2.37.167.80 - - [22/Jun/2026:15:13:27 +0200] "GET /wp-content/uploads/complianz/css/banner-1-optin.css?v=511 HTTP/2.0" 200 2862 "https://reggio-emilia.elettroservicegroup.it/assistenza-whirlpool-reggio-emilia/?gad_source=1&gad_campaignid=23800353523&gclid=CjwKCAjwuuPRBhAnEiwA2Ji8ehck6dM7bA4cgEcy_hU17jGgMj1wA2c0GDVmC1JBK2_SckOsj8bsaRoCl94QAvD_BwE" "Mozilla/5.0 (iPhone; CPU iPhone OS 26_5_0 like Mac OS X) AppleWebKit/605.1.15 (KHTML, like Gecko) GSA/425.6.927981711 Mobile/15E148 Safari/604.1"
2.37.167.80 - - [22/Jun/2026:15:13:27 +0200] "GET /wp-json/complianz/v1/cookie_data HTTP/2.0" 200 82 "https://reggio-emilia.elettroservicegroup.it/assistenza-whirlpool-reggio-emilia/?gad_source=1&gad_campaignid=23800353523&gclid=CjwKCAjwuuPRBhAnEiwA2Ji8ehck6dM7bA4cgEcy_hU17jGgMj1wA2c0GDVmC1JBK2_SckOsj8bsaRoCl94QAvD_BwE" "Mozilla/5.0 (iPhone; CPU iPhone OS 26_5_0 like Mac OS X) AppleWebKit/605.1.15 (KHTML, like Gecko) GSA/425.6.927981711 Mobile/15E148 Safari/604.1"
65.108.235.243 - - [22/Jun/2026:15:13:27 +0200] "POST /wp-json/complianz/v1/wsc-scan HTTP/1.1" 400 88 "-" "WordPress/7.0; https://reggio-emilia.elettroservicegroup.it"
2.37.167.80 - - [22/Jun/2026:15:13:30 +0200] "GET /assistenza-whirlpool-reggio-emilia/?gad_source=1&gad_campaignid=23800353523&gclid=CjwKCAjwuuPRBhAnEiwA2Ji8ehck6dM7bA4cgEcy_hU17jGgMj1wA2c0GDVmC1JBK2_SckOsj8bsaRoCl94QAvD_BwE HTTP/2.0" 200 23079 "https://www.google.com/" "Mozilla/5.0 (iPhone; CPU iPhone OS 26_5_0 like Mac OS X) AppleWebKit/605.1.15 (KHTML, like Gecko) GSA/425.6.927981711 Mobile/15E148 Safari/604.1"
192.178.16.138 - - [22/Jun/2026:15:13:32 +0200] "GET /wp-content/cache/wpfc-minified/1yoxc57o/2roag.css HTTP/1.1" 200 16447 "https://reggio-emilia.elettroservicegroup.it/assistenza-bosch-reggio-emilia/" "AdsBot-Google (+http://www.google.com/adsbot.html)"
192.178.16.137 - - [22/Jun/2026:15:13:32 +0200] "GET /wp-content/cache/wpfc-minified/ky0w1tys/2roae.css HTTP/1.1" 200 418 "https://reggio-emilia.elettroservicegroup.it/assistenza-bosch-reggio-emilia/" "AdsBot-Google (+http://www.google.com/adsbot.html)"
192.178.16.137 - - [22/Jun/2026:15:13:32 +0200] "GET /wp-content/uploads/elementor/css/post-17702.css?ver=1781776189 HTTP/1.1" 200 2163 "https://reggio-emilia.elettroservicegroup.it/assistenza-bosch-reggio-emilia/" "AdsBot-Google (+http://www.google.com/adsbot.html)"
192.178.16.138 - - [22/Jun/2026:15:13:32 +0200] "GET /wp-content/plugins/gp-premium/menu-plus/functions/js/sticky.min.js?ver=2.5.5 HTTP/1.1" 200 2670 "https://reggio-emilia.elettroservicegroup.it/assistenza-bosch-reggio-emilia/" "AdsBot-Google (+http://www.google.com/adsbot.html)"
192.178.16.137 - - [22/Jun/2026:15:13:32 +0200] "GET /wp-content/cache/wpfc-minified/l9m140dq/2roae.css HTTP/1.1" 200 7521 "https://reggio-emilia.elettroservicegroup.it/assistenza-bosch-reggio-emilia/" "AdsBot-Google (+http://www.google.com/adsbot.html)"
192.178.16.138 - - [22/Jun/2026:15:13:33 +0200] "GET /wp-content/uploads/elementor/css/post-14146.css?ver=1781753039 HTTP/1.1" 200 428 "https://reggio-emilia.elettroservicegroup.it/assistenza-bosch-reggio-emilia/" "AdsBot-Google (+http://www.google.com/adsbot.html)"
192.178.16.138 - - [22/Jun/2026:15:13:33 +0200] "GET /wp-content/cache/wpfc-minified/kwp9n0f5/2roag.css HTTP/1.1" 200 7263 "https://reggio-emilia.elettroservicegroup.it/assistenza-bosch-reggio-emilia/" "AdsBot-Google (+http://www.google.com/adsbot.html)"
192.178.16.138 - - [22/Jun/2026:15:13:33 +0200] "GET /wp-content/cache/wpfc-minified/6jxfx2dx/43zik.js HTTP/1.1" 200 37598 "https://reggio-emilia.elettroservicegroup.it/assistenza-bosch-reggio-emilia/" "AdsBot-Google (+http://www.google.com/adsbot.html)"
2.37.167.80 - - [22/Jun/2026:15:13:32 +0200] "GET /wp-json/complianz/v1/banner?lang=it&locale=it_IT&token=zimwm HTTP/2.0" 200 82 "https://reggio-emilia.elettroservicegroup.it/assistenza-whirlpool-reggio-emilia/?gad_source=1&gad_campaignid=23800353523&gclid=CjwKCAjwuuPRBhAnEiwA2Ji8ehck6dM7bA4cgEcy_hU17jGgMj1wA2c0GDVmC1JBK2_SckOsj8bsaRoCl94QAvD_BwE" "Mozilla/5.0 (iPhone; CPU iPhone OS 26_5_0 like Mac OS X) AppleWebKit/605.1.15 (KHTML, like Gecko) GSA/425.6.927981711 Mobile/15E148 Safari/604.1"
192.178.16.137 - - [22/Jun/2026:15:13:33 +0200] "GET /wp-content/cache/wpfc-minified/8tnr6p1l/2roae.css HTTP/1.1" 200 2043 "https://reggio-emilia.elettroservicegroup.it/assistenza-bosch-reggio-emilia/" "AdsBot-Google (+http://www.google.com/adsbot.html)"
192.178.16.138 - - [22/Jun/2026:15:13:34 +0200] "GET /wp-content/uploads/elementor/css/post-14366.css?ver=1781753039 HTTP/1.1" 200 302 "https://reggio-emilia.elettroservicegroup.it/assistenza-bosch-reggio-emilia/" "AdsBot-Google (+http://www.google.com/adsbot.html)"
192.178.16.138 - - [22/Jun/2026:15:13:34 +0200] "GET /wp-content/plugins/elementor/assets/js/webpack.runtime.min.js?ver=4.1.3 HTTP/1.1" 200 2340 "https://reggio-emilia.elettroservicegroup.it/assistenza-bosch-reggio-emilia/" "AdsBot-Google (+http://www.google.com/adsbot.html)"
2.37.167.80 - - [22/Jun/2026:15:13:33 +0200] "GET /wp-json/complianz/v1/cookie_data HTTP/2.0" 200 82 "https://reggio-emilia.elettroservicegroup.it/assistenza-whirlpool-reggio-emilia/?gad_source=1&gad_campaignid=23800353523&gclid=CjwKCAjwuuPRBhAnEiwA2Ji8ehck6dM7bA4cgEcy_hU17jGgMj1wA2c0GDVmC1JBK2_SckOsj8bsaRoCl94QAvD_BwE" "Mozilla/5.0 (iPhone; CPU iPhone OS 26_5_0 like Mac OS X) AppleWebKit/605.1.15 (KHTML, like Gecko) GSA/425.6.927981711 Mobile/15E148 Safari/604.1"
192.178.16.136 - - [22/Jun/2026:15:13:35 +0200] "GET /wp-content/cache/wpfc-minified/m8ydgnxm/2roae.css HTTP/1.1" 200 4410 "https://reggio-emilia.elettroservicegroup.it/assistenza-bosch-reggio-emilia/" "AdsBot-Google (+http://www.google.com/adsbot.html)"
192.178.16.138 - - [22/Jun/2026:15:13:35 +0200] "GET /wp-content/cache/wpfc-minified/g52dp1tu/2roae.css HTTP/1.1" 200 19034 "https://reggio-emilia.elettroservicegroup.it/assistenza-bosch-reggio-emilia/" "AdsBot-Google (+http://www.google.com/adsbot.html)"
192.178.16.137 - - [22/Jun/2026:15:13:35 +0200] "GET /wp-content/plugins/elementor/assets/js/frontend-modules.min.js?ver=4.1.3 HTTP/1.1" 200 15454 "https://reggio-emilia.elettroservicegroup.it/assistenza-bosch-reggio-emilia/" "AdsBot-Google (+http://www.google.com/adsbot.html)"
192.178.16.136 - - [22/Jun/2026:15:13:35 +0200] "GET /wp-includes/js/jquery/ui/core.min.js?ver=1.13.3 HTTP/1.1" 200 6820 "https://reggio-emilia.elettroservicegroup.it/assistenza-bosch-reggio-emilia/" "AdsBot-Google (+http://www.google.com/adsbot.html)"
192.178.16.136 - - [22/Jun/2026:15:13:36 +0200] "GET /wp-content/plugins/elementor/assets/js/frontend.min.js?ver=4.1.3 HTTP/1.1" 200 10140 "https://reggio-emilia.elettroservicegroup.it/assistenza-bosch-reggio-emilia/" "AdsBot-Google (+http://www.google.com/adsbot.html)"
192.178.16.137 - - [22/Jun/2026:15:13:36 +0200] "GET /wp-content/plugins/complianz-gdpr-premium/cookiebanner/js/complianz.min.js?ver=1781536286 HTTP/1.1" 200 10762 "https://reggio-emilia.elettroservicegroup.it/assistenza-bosch-reggio-emilia/" "AdsBot-Google (+http://www.google.com/adsbot.html)"
192.178.16.136 - - [22/Jun/2026:15:13:36 +0200] "GET /wp-content/themes/generatepress/assets/js/menu.min.js?ver=3.6.1 HTTP/1.1" 200 1688 "https://reggio-emilia.elettroservicegroup.it/assistenza-bosch-reggio-emilia/" "AdsBot-Google (+http://www.google.com/adsbot.html)"
192.178.16.136 - - [22/Jun/2026:15:13:37 +0200] "GET /wp-content/themes/generatepress/assets/js/back-to-top.min.js?ver=3.6.1 HTTP/1.1" 200 336 "https://reggio-emilia.elettroservicegroup.it/assistenza-bosch-reggio-emilia/" "AdsBot-Google (+http://www.google.com/adsbot.html)"
65.108.235.243 - - [22/Jun/2026:15:13:42 +0200] "POST /wp-cron.php?doing_wp_cron=1782134022.5131690502166748046875 HTTP/1.1" 200 1 "-" "WordPress/7.0; https://reggio-emilia.elettroservicegroup.it"
2.37.167.80 - - [22/Jun/2026:15:13:41 +0200] "POST /wp-json/complianz/v1/track HTTP/2.0" 200 20 "https://reggio-emilia.elettroservicegroup.it/assistenza-whirlpool-reggio-emilia/?gad_source=1&gad_campaignid=23800353523&gclid=CjwKCAjwuuPRBhAnEiwA2Ji8ehck6dM7bA4cgEcy_hU17jGgMj1wA2c0GDVmC1JBK2_SckOsj8bsaRoCl94QAvD_BwE" "Mozilla/5.0 (iPhone; CPU iPhone OS 26_5_0 like Mac OS X) AppleWebKit/605.1.15 (KHTML, like Gecko) GSA/425.6.927981711 Mobile/15E148 Safari/604.1"
192.178.16.138 - - [22/Jun/2026:15:14:02 +0200] "GET /wp-content/uploads/elementor/google-fonts/fonts/roboto-kfo7cnqeu92fr1me7ksn66agldtyluama3yuba.woff2 HTTP/1.1" 200 40132 "https://reggio-emilia.elettroservicegroup.it/wp-content/cache/wpfc-minified/8tnr6p1l/2roae.css" "AdsBot-Google (+http://www.google.com/adsbot.html)"
192.178.16.136 - - [22/Jun/2026:15:14:02 +0200] "GET /wp-json/complianz/v1/banner?lang=it&locale=it_IT&token=npmll HTTP/1.1" 200 82 "https://reggio-emilia.elettroservicegroup.it/assistenza-bosch-reggio-emilia/" "AdsBot-Google (+http://www.google.com/adsbot.html)"
192.178.16.136 - - [22/Jun/2026:15:14:03 +0200] "GET /wp-content/uploads/complianz/css/banner-1-optin.css?v=511 HTTP/1.1" 200 2862 "https://reggio-emilia.elettroservicegroup.it/assistenza-bosch-reggio-emilia/" "AdsBot-Google (+http://www.google.com/adsbot.html)"
192.178.16.136 - - [22/Jun/2026:15:14:03 +0200] "GET /wp-json/complianz/v1/cookie_data HTTP/1.1" 200 82 "https://reggio-emilia.elettroservicegroup.it/assistenza-bosch-reggio-emilia/" "AdsBot-Google (+http://www.google.com/adsbot.html)"
192.178.16.137 - - [22/Jun/2026:15:14:19 +0200] "GET /wp-content/plugins/elementor/assets/js/text-editor.45609661e409413f1cef.bundle.min.js HTTP/1.1" 200 592 "https://reggio-emilia.elettroservicegroup.it/assistenza-bosch-reggio-emilia/" "AdsBot-Google (+http://www.google.com/adsbot.html)"
192.178.16.136 - - [22/Jun/2026:15:14:19 +0200] "GET /wp-content/plugins/elementor/assets/js/section-frontend-handlers.d85ab872da118940910d.bundle.min.js HTTP/1.1" 200 230 "https://reggio-emilia.elettroservicegroup.it/assistenza-bosch-reggio-emilia/" "AdsBot-Google (+http://www.google.com/adsbot.html)"
192.178.16.137 - - [22/Jun/2026:15:14:19 +0200] "GET /wp-content/plugins/elementor/assets/js/shared-frontend-handlers.03caa53373b56d3bab67.bundle.min.js HTTP/1.1" 200 2515 "https://reggio-emilia.elettroservicegroup.it/assistenza-bosch-reggio-emilia/" "AdsBot-Google (+http://www.google.com/adsbot.html)"
20.191.45.212 - - [22/Jun/2026:15:24:16 +0200] "GET /wp-content/uploads/2021/10/cropped-cropped-cropped-cropped-logo_white_background-32x32.png HTTP/1.1" 200 1181 "http://reggio-emilia.elettroservicegroup.it/favicon.ico" "DuckDuckBot/1.1; (+http://duckduckgo.com/duckduckbot.html)"
65.108.235.243 - - [22/Jun/2026:15:40:29 +0200] "POST /wp-cron.php?doing_wp_cron=1782135629.1263010501861572265625 HTTP/1.1" 200 1 "-" "WordPress/7.0; https://reggio-emilia.elettroservicegroup.it"
193.186.4.21 - - [22/Jun/2026:15:40:20 +0200] "GET /assistenza-ariston-reggio-emilia/?gad_source=1&gad_campaignid=23800353523&gbraid=0AAAABDgs-LQrT3PgBVef5oAaApt7Wd-u_&gclid=CjwKCAjwl97RBhBWEiwAa9rbXQlbBZAA4YlclBiOO6v2QEIbEgRFpKqIQwhOrcVcYP_ig17H4Y1drhoCykgQAvD_BwE HTTP/2.0" 200 - "https://www.google.com/" "Mozilla/5.0 (Linux; Android 10; K) AppleWebKit/537.36 (KHTML, like Gecko) Chrome/149.0.0.0 Mobile Safari/537.36"
65.108.235.243 - - [22/Jun/2026:15:45:23 +0200] "POST /wp-cron.php?doing_wp_cron=1782135923.7242391109466552734375 HTTP/1.1" 200 1 "-" "WordPress/7.0; https://reggio-emilia.elettroservicegroup.it"
192.178.4.138 - - [22/Jun/2026:15:45:16 +0200] "GET /?p=18662 HTTP/1.1" 404 15820 "-" "Mozilla/5.0 (Linux; Android 6.0.1; Nexus 5X Build/MMB29P) AppleWebKit/537.36 (KHTML, like Gecko) Chrome/148.0.7778.96 Mobile Safari/537.36 (compatible; Googlebot/2.1; +http://www.google.com/bot.html)"
65.108.235.243 - - [22/Jun/2026:15:46:00 +0200] "POST /wp-cron.php?doing_wp_cron=1782135959.9452679157257080078125 HTTP/1.1" 200 1 "-" "WordPress/7.0; https://reggio-emilia.elettroservicegroup.it"
105.159.142.220 - - [22/Jun/2026:15:45:57 +0200] "GET /assistenza-indesit-reggio-emilia HTTP/1.1" 301 1 "-" "Opera/9.34.(Windows NT 4.0; wa-BE) Presto/2.9.181 Version/10.00"
187.113.205.44 - - [22/Jun/2026:15:45:59 +0200] "GET /assistenza-candy-reggio-emilia/ HTTP/1.1" 200 22989 "-" "Mozilla/5.0 (Linux; Android 2.3.2) AppleWebKit/532.0 (KHTML, like Gecko) Chrome/47.0.875.0 Safari/532.0"
45.131.193.76 - - [22/Jun/2026:15:46:02 +0200] "GET /assistenza-indesit-reggio-emilia/ HTTP/1.1" 200 11796 "-" "Mozilla/5.0 (Macintosh; Intel Mac OS X 10_7_4 rv:5.0; lo-LA) AppleWebKit/532.32.2 (KHTML, like Gecko) Version/5.1 Safari/532.32.2"
65.108.235.243 - - [22/Jun/2026:15:55:10 +0200] "POST /wp-cron.php?doing_wp_cron=1782136510.1169331073760986328125 HTTP/1.1" 200 1 "-" "WordPress/7.0; https://reggio-emilia.elettroservicegroup.it"
188.210.239.5 - - [22/Jun/2026:15:55:04 +0200] "GET /assistenza-aeg-reggio-emilia/?gad_source=1&gad_campaignid=23800353523&gbraid=0AAAABDgs-LSmJb_DcGPhK4XwpnplQLUYX&gclid=CjwKCAjwuuPRBhAnEiwA2Ji8emBcnoCPTMQWzrWqkCBV0qHKLu7E2hQbGixn0Nj3_kVl--xbKJ25aBoCg1kQAvD_BwE HTTP/2.0" 200 - "https://www.google.com/" "Mozilla/5.0 (iPhone; CPU iPhone OS 18_7 like Mac OS X) AppleWebKit/605.1.15 (KHTML, like Gecko) Version/26.5 Mobile/15E148 Safari/604.1"
188.210.239.5 - - [22/Jun/2026:15:55:10 +0200] "GET /assistenza-aeg-reggio-emilia/?gad_source=1&gad_campaignid=23800353523&gbraid=0AAAABDgs-LSmJb_DcGPhK4XwpnplQLUYX&gclid=CjwKCAjwuuPRBhAnEiwA2Ji8emBcnoCPTMQWzrWqkCBV0qHKLu7E2hQbGixn0Nj3_kVl--xbKJ25aBoCg1kQAvD_BwE HTTP/2.0" 200 22980 "https://www.google.com/" "Mozilla/5.0 (iPhone; CPU iPhone OS 18_7 like Mac OS X) AppleWebKit/605.1.15 (KHTML, like Gecko) Version/26.5 Mobile/15E148 Safari/604.1"
188.210.239.5 - - [22/Jun/2026:15:55:11 +0200] "GET /wp-content/plugins/header-footer-elementor/assets/css/header-footer-elementor.css?ver=2.8.8 HTTP/2.0" 200 260 "https://reggio-emilia.elettroservicegroup.it/assistenza-aeg-reggio-emilia/?gad_source=1&gad_campaignid=23800353523&gbraid=0AAAABDgs-LSmJb_DcGPhK4XwpnplQLUYX&gclid=CjwKCAjwuuPRBhAnEiwA2Ji8emBcnoCPTMQWzrWqkCBV0qHKLu7E2hQbGixn0Nj3_kVl--xbKJ25aBoCg1kQAvD_BwE" "Mozilla/5.0 (iPhone; CPU iPhone OS 18_7 like Mac OS X) AppleWebKit/605.1.15 (KHTML, like Gecko) Version/26.5 Mobile/15E148 Safari/604.1"
188.210.239.5 - - [22/Jun/2026:15:55:11 +0200] "GET /wp-content/plugins/all-in-one-seo-pack/dist/Lite/assets/css/table-of-contents/global.e90f6d47.css?ver=4.9.8 HTTP/2.0" 200 420 "https://reggio-emilia.elettroservicegroup.it/assistenza-aeg-reggio-emilia/?gad_source=1&gad_campaignid=23800353523&gbraid=0AAAABDgs-LSmJb_DcGPhK4XwpnplQLUYX&gclid=CjwKCAjwuuPRBhAnEiwA2Ji8emBcnoCPTMQWzrWqkCBV0qHKLu7E2hQbGixn0Nj3_kVl--xbKJ25aBoCg1kQAvD_BwE" "Mozilla/5.0 (iPhone; CPU iPhone OS 18_7 like Mac OS X) AppleWebKit/605.1.15 (KHTML, like Gecko) Version/26.5 Mobile/15E148 Safari/604.1"
188.210.239.5 - - [22/Jun/2026:15:55:11 +0200] "GET /wp-content/plugins/complianz-gdpr-premium/assets/css/cookieblocker.min.css?ver=1781536286 HTTP/2.0" 200 615 "https://reggio-emilia.elettroservicegroup.it/assistenza-aeg-reggio-emilia/?gad_source=1&gad_campaignid=23800353523&gbraid=0AAAABDgs-LSmJb_DcGPhK4XwpnplQLUYX&gclid=CjwKCAjwuuPRBhAnEiwA2Ji8emBcnoCPTMQWzrWqkCBV0qHKLu7E2hQbGixn0Nj3_kVl--xbKJ25aBoCg1kQAvD_BwE" "Mozilla/5.0 (iPhone; CPU iPhone OS 18_7 like Mac OS X) AppleWebKit/605.1.15 (KHTML, like Gecko) Version/26.5 Mobile/15E148 Safari/604.1"
188.210.239.5 - - [22/Jun/2026:15:55:11 +0200] "GET /wp-content/uploads/elementor/css/post-14146.css?ver=1781753039 HTTP/2.0" 200 428 "https://reggio-emilia.elettroservicegroup.it/assistenza-aeg-reggio-emilia/?gad_source=1&gad_campaignid=23800353523&gbraid=0AAAABDgs-LSmJb_DcGPhK4XwpnplQLUYX&gclid=CjwKCAjwuuPRBhAnEiwA2Ji8emBcnoCPTMQWzrWqkCBV0qHKLu7E2hQbGixn0Nj3_kVl--xbKJ25aBoCg1kQAvD_BwE" "Mozilla/5.0 (iPhone; CPU iPhone OS 18_7 like Mac OS X) AppleWebKit/605.1.15 (KHTML, like Gecko) Version/26.5 Mobile/15E148 Safari/604.1"
188.210.239.5 - - [22/Jun/2026:15:55:11 +0200] "GET /wp-content/plugins/elementor/assets/css/frontend.min.css?ver=4.1.3 HTTP/2.0" 200 6618 "https://reggio-emilia.elettroservicegroup.it/assistenza-aeg-reggio-emilia/?gad_source=1&gad_campaignid=23800353523&gbraid=0AAAABDgs-LSmJb_DcGPhK4XwpnplQLUYX&gclid=CjwKCAjwuuPRBhAnEiwA2Ji8emBcnoCPTMQWzrWqkCBV0qHKLu7E2hQbGixn0Nj3_kVl--xbKJ25aBoCg1kQAvD_BwE" "Mozilla/5.0 (iPhone; CPU iPhone OS 18_7 like Mac OS X) AppleWebKit/605.1.15 (KHTML, like Gecko) Version/26.5 Mobile/15E148 Safari/604.1"
188.210.239.5 - - [22/Jun/2026:15:55:11 +0200] "GET /wp-content/plugins/header-footer-elementor/inc/widgets-css/frontend.css?ver=2.8.8 HTTP/2.0" 200 8711 "https://reggio-emilia.elettroservicegroup.it/assistenza-aeg-reggio-emilia/?gad_source=1&gad_campaignid=23800353523&gbraid=0AAAABDgs-LSmJb_DcGPhK4XwpnplQLUYX&gclid=CjwKCAjwuuPRBhAnEiwA2Ji8emBcnoCPTMQWzrWqkCBV0qHKLu7E2hQbGixn0Nj3_kVl--xbKJ25aBoCg1kQAvD_BwE" "Mozilla/5.0 (iPhone; CPU iPhone OS 18_7 like Mac OS X) AppleWebKit/605.1.15 (KHTML, like Gecko) Version/26.5 Mobile/15E148 Safari/604.1"
188.210.239.5 - - [22/Jun/2026:15:55:11 +0200] "GET /wp-content/plugins/elementor/assets/css/widget-spacer.min.css?ver=4.1.3 HTTP/2.0" 200 287 "https://reggio-emilia.elettroservicegroup.it/assistenza-aeg-reggio-emilia/?gad_source=1&gad_campaignid=23800353523&gbraid=0AAAABDgs-LSmJb_DcGPhK4XwpnplQLUYX&gclid=CjwKCAjwuuPRBhAnEiwA2Ji8emBcnoCPTMQWzrWqkCBV0qHKLu7E2hQbGixn0Nj3_kVl--xbKJ25aBoCg1kQAvD_BwE" "Mozilla/5.0 (iPhone; CPU iPhone OS 18_7 like Mac OS X) AppleWebKit/605.1.15 (KHTML, like Gecko) Version/26.5 Mobile/15E148 Safari/604.1"
188.210.239.5 - - [22/Jun/2026:15:55:11 +0200] "GET /wp-content/plugins/elementor/assets/css/widget-image.min.css?ver=4.1.3 HTTP/2.0" 200 96 "https://reggio-emilia.elettroservicegroup.it/assistenza-aeg-reggio-emilia/?gad_source=1&gad_campaignid=23800353523&gbraid=0AAAABDgs-LSmJb_DcGPhK4XwpnplQLUYX&gclid=CjwKCAjwuuPRBhAnEiwA2Ji8emBcnoCPTMQWzrWqkCBV0qHKLu7E2hQbGixn0Nj3_kVl--xbKJ25aBoCg1kQAvD_BwE" "Mozilla/5.0 (iPhone; CPU iPhone OS 18_7 like Mac OS X) AppleWebKit/605.1.15 (KHTML, like Gecko) Version/26.5 Mobile/15E148 Safari/604.1"
188.210.239.5 - - [22/Jun/2026:15:55:11 +0200] "GET /wp-content/uploads/elementor/css/post-14366.css?ver=1781753039 HTTP/2.0" 200 302 "https://reggio-emilia.elettroservicegroup.it/assistenza-aeg-reggio-emilia/?gad_source=1&gad_campaignid=23800353523&gbraid=0AAAABDgs-LSmJb_DcGPhK4XwpnplQLUYX&gclid=CjwKCAjwuuPRBhAnEiwA2Ji8emBcnoCPTMQWzrWqkCBV0qHKLu7E2hQbGixn0Nj3_kVl--xbKJ25aBoCg1kQAvD_BwE" "Mozilla/5.0 (iPhone; CPU iPhone OS 18_7 like Mac OS X) AppleWebKit/605.1.15 (KHTML, like Gecko) Version/26.5 Mobile/15E148 Safari/604.1"
188.210.239.5 - - [22/Jun/2026:15:55:11 +0200] "GET /wp-content/plugins/elementor/assets/lib/font-awesome/css/v4-shims.min.css?ver=4.1.3 HTTP/2.0" 200 3986 "https://reggio-emilia.elettroservicegroup.it/assistenza-aeg-reggio-emilia/?gad_source=1&gad_campaignid=23800353523&gbraid=0AAAABDgs-LSmJb_DcGPhK4XwpnplQLUYX&gclid=CjwKCAjwuuPRBhAnEiwA2Ji8emBcnoCPTMQWzrWqkCBV0qHKLu7E2hQbGixn0Nj3_kVl--xbKJ25aBoCg1kQAvD_BwE" "Mozilla/5.0 (iPhone; CPU iPhone OS 18_7 like Mac OS X) AppleWebKit/605.1.15 (KHTML, like Gecko) Version/26.5 Mobile/15E148 Safari/604.1"
188.210.239.5 - - [22/Jun/2026:15:55:11 +0200] "GET /wp-content/plugins/elementor/assets/css/widget-heading.min.css?ver=4.1.3 HTTP/2.0" 200 127 "https://reggio-emilia.elettroservicegroup.it/assistenza-aeg-reggio-emilia/?gad_source=1&gad_campaignid=23800353523&gbraid=0AAAABDgs-LSmJb_DcGPhK4XwpnplQLUYX&gclid=CjwKCAjwuuPRBhAnEiwA2Ji8emBcnoCPTMQWzrWqkCBV0qHKLu7E2hQbGixn0Nj3_kVl--xbKJ25aBoCg1kQAvD_BwE" "Mozilla/5.0 (iPhone; CPU iPhone OS 18_7 like Mac OS X) AppleWebKit/605.1.15 (KHTML, like Gecko) Version/26.5 Mobile/15E148 Safari/604.1"
188.210.239.5 - - [22/Jun/2026:15:55:11 +0200] "GET /wp-content/plugins/elementor/assets/lib/animations/styles/bounceIn.min.css?ver=4.1.3 HTTP/2.0" 200 186 "https://reggio-emilia.elettroservicegroup.it/assistenza-aeg-reggio-emilia/?gad_source=1&gad_campaignid=23800353523&gbraid=0AAAABDgs-LSmJb_DcGPhK4XwpnplQLUYX&gclid=CjwKCAjwuuPRBhAnEiwA2Ji8emBcnoCPTMQWzrWqkCBV0qHKLu7E2hQbGixn0Nj3_kVl--xbKJ25aBoCg1kQAvD_BwE" "Mozilla/5.0 (iPhone; CPU iPhone OS 18_7 like Mac OS X) AppleWebKit/605.1.15 (KHTML, like Gecko) Version/26.5 Mobile/15E148 Safari/604.1"
188.210.239.5 - - [22/Jun/2026:15:55:11 +0200] "GET /wp-content/plugins/elementor/assets/css/widget-icon-list.min.css?ver=3.24.3 HTTP/2.0" 200 928 "https://reggio-emilia.elettroservicegroup.it/assistenza-aeg-reggio-emilia/?gad_source=1&gad_campaignid=23800353523&gbraid=0AAAABDgs-LSmJb_DcGPhK4XwpnplQLUYX&gclid=CjwKCAjwuuPRBhAnEiwA2Ji8emBcnoCPTMQWzrWqkCBV0qHKLu7E2hQbGixn0Nj3_kVl--xbKJ25aBoCg1kQAvD_BwE" "Mozilla/5.0 (iPhone; CPU iPhone OS 18_7 like Mac OS X) AppleWebKit/605.1.15 (KHTML, like Gecko) Version/26.5 Mobile/15E148 Safari/604.1"
188.210.239.5 - - [22/Jun/2026:15:55:11 +0200] "GET /wp-content/plugins/elementor/assets/css/widget-social-icons.min.css?ver=3.24.0 HTTP/2.0" 200 1039 "https://reggio-emilia.elettroservicegroup.it/assistenza-aeg-reggio-emilia/?gad_source=1&gad_campaignid=23800353523&gbraid=0AAAABDgs-LSmJb_DcGPhK4XwpnplQLUYX&gclid=CjwKCAjwuuPRBhAnEiwA2Ji8emBcnoCPTMQWzrWqkCBV0qHKLu7E2hQbGixn0Nj3_kVl--xbKJ25aBoCg1kQAvD_BwE" "Mozilla/5.0 (iPhone; CPU iPhone OS 18_7 like Mac OS X) AppleWebKit/605.1.15 (KHTML, like Gecko) Version/26.5 Mobile/15E148 Safari/604.1"
188.210.239.5 - - [22/Jun/2026:15:55:11 +0200] "GET /wp-content/plugins/elementor/assets/lib/font-awesome/css/brands.css?ver=5.15.3 HTTP/2.0" 200 298 "https://reggio-emilia.elettroservicegroup.it/assistenza-aeg-reggio-emilia/?gad_source=1&gad_campaignid=23800353523&gbraid=0AAAABDgs-LSmJb_DcGPhK4XwpnplQLUYX&gclid=CjwKCAjwuuPRBhAnEiwA2Ji8emBcnoCPTMQWzrWqkCBV0qHKLu7E2hQbGixn0Nj3_kVl--xbKJ25aBoCg1kQAvD_BwE" "Mozilla/5.0 (iPhone; CPU iPhone OS 18_7 like Mac OS X) AppleWebKit/605.1.15 (KHTML, like Gecko) Version/26.5 Mobile/15E148 Safari/604.1"
188.210.239.5 - - [22/Jun/2026:15:55:11 +0200] "GET /wp-content/plugins/elementor/assets/lib/animations/styles/zoomIn.min.css?ver=4.1.3 HTTP/2.0" 200 87 "https://reggio-emilia.elettroservicegroup.it/assistenza-aeg-reggio-emilia/?gad_source=1&gad_campaignid=23800353523&gbraid=0AAAABDgs-LSmJb_DcGPhK4XwpnplQLUYX&gclid=CjwKCAjwuuPRBhAnEiwA2Ji8emBcnoCPTMQWzrWqkCBV0qHKLu7E2hQbGixn0Nj3_kVl--xbKJ25aBoCg1kQAvD_BwE" "Mozilla/5.0 (iPhone; CPU iPhone OS 18_7 like Mac OS X) AppleWebKit/605.1.15 (KHTML, like Gecko) Version/26.5 Mobile/15E148 Safari/604.1"
188.210.239.5 - - [22/Jun/2026:15:55:11 +0200] "GET /wp-content/uploads/elementor/css/post-17690.css?ver=1781777312 HTTP/2.0" 200 2173 "https://reggio-emilia.elettroservicegroup.it/assistenza-aeg-reggio-emilia/?gad_source=1&gad_campaignid=23800353523&gbraid=0AAAABDgs-LSmJb_DcGPhK4XwpnplQLUYX&gclid=CjwKCAjwuuPRBhAnEiwA2Ji8emBcnoCPTMQWzrWqkCBV0qHKLu7E2hQbGixn0Nj3_kVl--xbKJ25aBoCg1kQAvD_BwE" "Mozilla/5.0 (iPhone; CPU iPhone OS 18_7 like Mac OS X) AppleWebKit/605.1.15 (KHTML, like Gecko) Version/26.5 Mobile/15E148 Safari/604.1"
188.210.239.5 - - [22/Jun/2026:15:55:11 +0200] "GET /wp-content/plugins/elementor/assets/lib/font-awesome/css/all.min.css?ver=4.1.3 HTTP/2.0" 200 12402 "https://reggio-emilia.elettroservicegroup.it/assistenza-aeg-reggio-emilia/?gad_source=1&gad_campaignid=23800353523&gbraid=0AAAABDgs-LSmJb_DcGPhK4XwpnplQLUYX&gclid=CjwKCAjwuuPRBhAnEiwA2Ji8emBcnoCPTMQWzrWqkCBV0qHKLu7E2hQbGixn0Nj3_kVl--xbKJ25aBoCg1kQAvD_BwE" "Mozilla/5.0 (iPhone; CPU iPhone OS 18_7 like Mac OS X) AppleWebKit/605.1.15 (KHTML, like Gecko) Version/26.5 Mobile/15E148 Safari/604.1"
188.210.239.5 - - [22/Jun/2026:15:55:11 +0200] "GET /wp-content/themes/generatepress/assets/css/main.min.css?ver=3.6.1 HTTP/2.0" 200 4410 "https://reggio-emilia.elettroservicegroup.it/assistenza-aeg-reggio-emilia/?gad_source=1&gad_campaignid=23800353523&gbraid=0AAAABDgs-LSmJb_DcGPhK4XwpnplQLUYX&gclid=CjwKCAjwuuPRBhAnEiwA2Ji8emBcnoCPTMQWzrWqkCBV0qHKLu7E2hQbGixn0Nj3_kVl--xbKJ25aBoCg1kQAvD_BwE" "Mozilla/5.0 (iPhone; CPU iPhone OS 18_7 like Mac OS X) AppleWebKit/605.1.15 (KHTML, like Gecko) Version/26.5 Mobile/15E148 Safari/604.1"
188.210.239.5 - - [22/Jun/2026:15:55:11 +0200] "GET /wp-content/plugins/elementor/assets/lib/eicons/css/elementor-icons.min.css?ver=5.34.0 HTTP/2.0" 200 4115 "https://reggio-emilia.elettroservicegroup.it/assistenza-aeg-reggio-emilia/?gad_source=1&gad_campaignid=23800353523&gbraid=0AAAABDgs-LSmJb_DcGPhK4XwpnplQLUYX&gclid=CjwKCAjwuuPRBhAnEiwA2Ji8emBcnoCPTMQWzrWqkCBV0qHKLu7E2hQbGixn0Nj3_kVl--xbKJ25aBoCg1kQAvD_BwE" "Mozilla/5.0 (iPhone; CPU iPhone OS 18_7 like Mac OS X) AppleWebKit/605.1.15 (KHTML, like Gecko) Version/26.5 Mobile/15E148 Safari/604.1"
188.210.239.5 - - [22/Jun/2026:15:55:11 +0200] "GET /wp-content/plugins/elementor/assets/lib/font-awesome/css/solid.css?ver=5.15.3 HTTP/2.0" 200 299 "https://reggio-emilia.elettroservicegroup.it/assistenza-aeg-reggio-emilia/?gad_source=1&gad_campaignid=23800353523&gbraid=0AAAABDgs-LSmJb_DcGPhK4XwpnplQLUYX&gclid=CjwKCAjwuuPRBhAnEiwA2Ji8emBcnoCPTMQWzrWqkCBV0qHKLu7E2hQbGixn0Nj3_kVl--xbKJ25aBoCg1kQAvD_BwE" "Mozilla/5.0 (iPhone; CPU iPhone OS 18_7 like Mac OS X) AppleWebKit/605.1.15 (KHTML, like Gecko) Version/26.5 Mobile/15E148 Safari/604.1"
188.210.239.5 - - [22/Jun/2026:15:55:11 +0200] "GET /wp-content/plugins/gp-premium/menu-plus/functions/css/navigation-branding-flex.min.css?ver=2.5.5 HTTP/2.0" 200 542 "https://reggio-emilia.elettroservicegroup.it/assistenza-aeg-reggio-emilia/?gad_source=1&gad_campaignid=23800353523&gbraid=0AAAABDgs-LSmJb_DcGPhK4XwpnplQLUYX&gclid=CjwKCAjwuuPRBhAnEiwA2Ji8emBcnoCPTMQWzrWqkCBV0qHKLu7E2hQbGixn0Nj3_kVl--xbKJ25aBoCg1kQAvD_BwE" "Mozilla/5.0 (iPhone; CPU iPhone OS 18_7 like Mac OS X) AppleWebKit/605.1.15 (KHTML, like Gecko) Version/26.5 Mobile/15E148 Safari/604.1"
188.210.239.5 - - [22/Jun/2026:15:55:11 +0200] "GET /wp-content/uploads/2021/10/cropped-cropped-cropped-logo_white_background.png HTTP/2.0" 200 26788 "https://reggio-emilia.elettroservicegroup.it/assistenza-aeg-reggio-emilia/?gad_source=1&gad_campaignid=23800353523&gbraid=0AAAABDgs-LSmJb_DcGPhK4XwpnplQLUYX&gclid=CjwKCAjwuuPRBhAnEiwA2Ji8emBcnoCPTMQWzrWqkCBV0qHKLu7E2hQbGixn0Nj3_kVl--xbKJ25aBoCg1kQAvD_BwE" "Mozilla/5.0 (iPhone; CPU iPhone OS 18_7 like Mac OS X) AppleWebKit/605.1.15 (KHTML, like Gecko) Version/26.5 Mobile/15E148 Safari/604.1"
188.210.239.5 - - [22/Jun/2026:15:55:11 +0200] "GET /wp-content/uploads/elementor/google-fonts/css/robotoslab.css?ver=1742255003 HTTP/2.0" 200 721 "https://reggio-emilia.elettroservicegroup.it/assistenza-aeg-reggio-emilia/?gad_source=1&gad_campaignid=23800353523&gbraid=0AAAABDgs-LSmJb_DcGPhK4XwpnplQLUYX&gclid=CjwKCAjwuuPRBhAnEiwA2Ji8emBcnoCPTMQWzrWqkCBV0qHKLu7E2hQbGixn0Nj3_kVl--xbKJ25aBoCg1kQAvD_BwE" "Mozilla/5.0 (iPhone; CPU iPhone OS 18_7 like Mac OS X) AppleWebKit/605.1.15 (KHTML, like Gecko) Version/26.5 Mobile/15E148 Safari/604.1"
188.210.239.5 - - [22/Jun/2026:15:55:11 +0200] "GET /wp-includes/js/jquery/jquery-migrate.min.js?ver=3.4.1 HTTP/2.0" 200 4685 "https://reggio-emilia.elettroservicegroup.it/assistenza-aeg-reggio-emilia/?gad_source=1&gad_campaignid=23800353523&gbraid=0AAAABDgs-LSmJb_DcGPhK4XwpnplQLUYX&gclid=CjwKCAjwuuPRBhAnEiwA2Ji8emBcnoCPTMQWzrWqkCBV0qHKLu7E2hQbGixn0Nj3_kVl--xbKJ25aBoCg1kQAvD_BwE" "Mozilla/5.0 (iPhone; CPU iPhone OS 18_7 like Mac OS X) AppleWebKit/605.1.15 (KHTML, like Gecko) Version/26.5 Mobile/15E148 Safari/604.1"
188.210.239.5 - - [22/Jun/2026:15:55:11 +0200] "GET /wp-content/plugins/elementor/assets/js/webpack.runtime.min.js?ver=4.1.3 HTTP/2.0" 200 2340 "https://reggio-emilia.elettroservicegroup.it/assistenza-aeg-reggio-emilia/?gad_source=1&gad_campaignid=23800353523&gbraid=0AAAABDgs-LSmJb_DcGPhK4XwpnplQLUYX&gclid=CjwKCAjwuuPRBhAnEiwA2Ji8emBcnoCPTMQWzrWqkCBV0qHKLu7E2hQbGixn0Nj3_kVl--xbKJ25aBoCg1kQAvD_BwE" "Mozilla/5.0 (iPhone; CPU iPhone OS 18_7 like Mac OS X) AppleWebKit/605.1.15 (KHTML, like Gecko) Version/26.5 Mobile/15E148 Safari/604.1"
188.210.239.5 - - [22/Jun/2026:15:55:11 +0200] "GET /wp-content/themes/generatepress/assets/js/menu.min.js?ver=3.6.1 HTTP/2.0" 200 1688 "https://reggio-emilia.elettroservicegroup.it/assistenza-aeg-reggio-emilia/?gad_source=1&gad_campaignid=23800353523&gbraid=0AAAABDgs-LSmJb_DcGPhK4XwpnplQLUYX&gclid=CjwKCAjwuuPRBhAnEiwA2Ji8emBcnoCPTMQWzrWqkCBV0qHKLu7E2hQbGixn0Nj3_kVl--xbKJ25aBoCg1kQAvD_BwE" "Mozilla/5.0 (iPhone; CPU iPhone OS 18_7 like Mac OS X) AppleWebKit/605.1.15 (KHTML, like Gecko) Version/26.5 Mobile/15E148 Safari/604.1"
188.210.239.5 - - [22/Jun/2026:15:55:11 +0200] "GET /wp-content/uploads/elementor/google-fonts/css/roboto.css?ver=1742255001 HTTP/2.0" 200 1890 "https://reggio-emilia.elettroservicegroup.it/assistenza-aeg-reggio-emilia/?gad_source=1&gad_campaignid=23800353523&gbraid=0AAAABDgs-LSmJb_DcGPhK4XwpnplQLUYX&gclid=CjwKCAjwuuPRBhAnEiwA2Ji8emBcnoCPTMQWzrWqkCBV0qHKLu7E2hQbGixn0Nj3_kVl--xbKJ25aBoCg1kQAvD_BwE" "Mozilla/5.0 (iPhone; CPU iPhone OS 18_7 like Mac OS X) AppleWebKit/605.1.15 (KHTML, like Gecko) Version/26.5 Mobile/15E148 Safari/604.1"
188.210.239.5 - - [22/Jun/2026:15:55:11 +0200] "GET /wp-content/themes/generatepress/assets/js/back-to-top.min.js?ver=3.6.1 HTTP/2.0" 200 336 "https://reggio-emilia.elettroservicegroup.it/assistenza-aeg-reggio-emilia/?gad_source=1&gad_campaignid=23800353523&gbraid=0AAAABDgs-LSmJb_DcGPhK4XwpnplQLUYX&gclid=CjwKCAjwuuPRBhAnEiwA2Ji8emBcnoCPTMQWzrWqkCBV0qHKLu7E2hQbGixn0Nj3_kVl--xbKJ25aBoCg1kQAvD_BwE" "Mozilla/5.0 (iPhone; CPU iPhone OS 18_7 like Mac OS X) AppleWebKit/605.1.15 (KHTML, like Gecko) Version/26.5 Mobile/15E148 Safari/604.1"
188.210.239.5 - - [22/Jun/2026:15:55:11 +0200] "GET /wp-content/plugins/gp-premium/menu-plus/functions/js/sticky.min.js?ver=2.5.5 HTTP/2.0" 200 2670 "https://reggio-emilia.elettroservicegroup.it/assistenza-aeg-reggio-emilia/?gad_source=1&gad_campaignid=23800353523&gbraid=0AAAABDgs-LSmJb_DcGPhK4XwpnplQLUYX&gclid=CjwKCAjwuuPRBhAnEiwA2Ji8emBcnoCPTMQWzrWqkCBV0qHKLu7E2hQbGixn0Nj3_kVl--xbKJ25aBoCg1kQAvD_BwE" "Mozilla/5.0 (iPhone; CPU iPhone OS 18_7 like Mac OS X) AppleWebKit/605.1.15 (KHTML, like Gecko) Version/26.5 Mobile/15E148 Safari/604.1"
188.210.239.5 - - [22/Jun/2026:15:55:11 +0200] "GET /wp-content/plugins/elementor/assets/lib/font-awesome/css/fontawesome.css?ver=5.15.3 HTTP/2.0" 200 12535 "https://reggio-emilia.elettroservicegroup.it/assistenza-aeg-reggio-emilia/?gad_source=1&gad_campaignid=23800353523&gbraid=0AAAABDgs-LSmJb_DcGPhK4XwpnplQLUYX&gclid=CjwKCAjwuuPRBhAnEiwA2Ji8emBcnoCPTMQWzrWqkCBV0qHKLu7E2hQbGixn0Nj3_kVl--xbKJ25aBoCg1kQAvD_BwE" "Mozilla/5.0 (iPhone; CPU iPhone OS 18_7 like Mac OS X) AppleWebKit/605.1.15 (KHTML, like Gecko) Version/26.5 Mobile/15E148 Safari/604.1"
188.210.239.5 - - [22/Jun/2026:15:55:11 +0200] "GET /wp-content/plugins/elementor/assets/lib/font-awesome/js/v4-shims.min.js?ver=4.1.3 HTTP/2.0" 200 4043 "https://reggio-emilia.elettroservicegroup.it/assistenza-aeg-reggio-emilia/?gad_source=1&gad_campaignid=23800353523&gbraid=0AAAABDgs-LSmJb_DcGPhK4XwpnplQLUYX&gclid=CjwKCAjwuuPRBhAnEiwA2Ji8emBcnoCPTMQWzrWqkCBV0qHKLu7E2hQbGixn0Nj3_kVl--xbKJ25aBoCg1kQAvD_BwE" "Mozilla/5.0 (iPhone; CPU iPhone OS 18_7 like Mac OS X) AppleWebKit/605.1.15 (KHTML, like Gecko) Version/26.5 Mobile/15E148 Safari/604.1"
188.210.239.5 - - [22/Jun/2026:15:55:11 +0200] "GET /wp-content/plugins/elementor/assets/js/frontend-modules.min.js?ver=4.1.3 HTTP/2.0" 200 15454 "https://reggio-emilia.elettroservicegroup.it/assistenza-aeg-reggio-emilia/?gad_source=1&gad_campaignid=23800353523&gbraid=0AAAABDgs-LSmJb_DcGPhK4XwpnplQLUYX&gclid=CjwKCAjwuuPRBhAnEiwA2Ji8emBcnoCPTMQWzrWqkCBV0qHKLu7E2hQbGixn0Nj3_kVl--xbKJ25aBoCg1kQAvD_BwE" "Mozilla/5.0 (iPhone; CPU iPhone OS 18_7 like Mac OS X) AppleWebKit/605.1.15 (KHTML, like Gecko) Version/26.5 Mobile/15E148 Safari/604.1"
188.210.239.5 - - [22/Jun/2026:15:55:11 +0200] "GET /wp-includes/js/jquery/ui/core.min.js?ver=1.13.3 HTTP/2.0" 200 6820 "https://reggio-emilia.elettroservicegroup.it/assistenza-aeg-reggio-emilia/?gad_source=1&gad_campaignid=23800353523&gbraid=0AAAABDgs-LSmJb_DcGPhK4XwpnplQLUYX&gclid=CjwKCAjwuuPRBhAnEiwA2Ji8emBcnoCPTMQWzrWqkCBV0qHKLu7E2hQbGixn0Nj3_kVl--xbKJ25aBoCg1kQAvD_BwE" "Mozilla/5.0 (iPhone; CPU iPhone OS 18_7 like Mac OS X) AppleWebKit/605.1.15 (KHTML, like Gecko) Version/26.5 Mobile/15E148 Safari/604.1"
188.210.239.5 - - [22/Jun/2026:15:55:11 +0200] "GET /wp-content/plugins/elementor/assets/js/frontend.min.js?ver=4.1.3 HTTP/2.0" 200 10140 "https://reggio-emilia.elettroservicegroup.it/assistenza-aeg-reggio-emilia/?gad_source=1&gad_campaignid=23800353523&gbraid=0AAAABDgs-LSmJb_DcGPhK4XwpnplQLUYX&gclid=CjwKCAjwuuPRBhAnEiwA2Ji8emBcnoCPTMQWzrWqkCBV0qHKLu7E2hQbGixn0Nj3_kVl--xbKJ25aBoCg1kQAvD_BwE" "Mozilla/5.0 (iPhone; CPU iPhone OS 18_7 like Mac OS X) AppleWebKit/605.1.15 (KHTML, like Gecko) Version/26.5 Mobile/15E148 Safari/604.1"
188.210.239.5 - - [22/Jun/2026:15:55:11 +0200] "GET /wp-content/plugins/complianz-gdpr-premium/cookiebanner/js/complianz.min.js?ver=1781536286 HTTP/2.0" 200 10762 "https://reggio-emilia.elettroservicegroup.it/assistenza-aeg-reggio-emilia/?gad_source=1&gad_campaignid=23800353523&gbraid=0AAAABDgs-LSmJb_DcGPhK4XwpnplQLUYX&gclid=CjwKCAjwuuPRBhAnEiwA2Ji8emBcnoCPTMQWzrWqkCBV0qHKLu7E2hQbGixn0Nj3_kVl--xbKJ25aBoCg1kQAvD_BwE" "Mozilla/5.0 (iPhone; CPU iPhone OS 18_7 like Mac OS X) AppleWebKit/605.1.15 (KHTML, like Gecko) Version/26.5 Mobile/15E148 Safari/604.1"
188.210.239.5 - - [22/Jun/2026:15:55:11 +0200] "GET /wp-includes/js/jquery/jquery.min.js?ver=3.7.1 HTTP/2.0" 200 29769 "https://reggio-emilia.elettroservicegroup.it/assistenza-aeg-reggio-emilia/?gad_source=1&gad_campaignid=23800353523&gbraid=0AAAABDgs-LSmJb_DcGPhK4XwpnplQLUYX&gclid=CjwKCAjwuuPRBhAnEiwA2Ji8emBcnoCPTMQWzrWqkCBV0qHKLu7E2hQbGixn0Nj3_kVl--xbKJ25aBoCg1kQAvD_BwE" "Mozilla/5.0 (iPhone; CPU iPhone OS 18_7 like Mac OS X) AppleWebKit/605.1.15 (KHTML, like Gecko) Version/26.5 Mobile/15E148 Safari/604.1"
188.210.239.5 - - [22/Jun/2026:15:55:11 +0200] "GET /wp-content/uploads/2021/10/cropped-logo_white_background.png HTTP/2.0" 200 15855 "https://reggio-emilia.elettroservicegroup.it/assistenza-aeg-reggio-emilia/?gad_source=1&gad_campaignid=23800353523&gbraid=0AAAABDgs-LSmJb_DcGPhK4XwpnplQLUYX&gclid=CjwKCAjwuuPRBhAnEiwA2Ji8emBcnoCPTMQWzrWqkCBV0qHKLu7E2hQbGixn0Nj3_kVl--xbKJ25aBoCg1kQAvD_BwE" "Mozilla/5.0 (iPhone; CPU iPhone OS 18_7 like Mac OS X) AppleWebKit/605.1.15 (KHTML, like Gecko) Version/26.5 Mobile/15E148 Safari/604.1"
188.210.239.5 - - [22/Jun/2026:15:55:11 +0200] "GET /wp-content/uploads/elementor/google-fonts/fonts/roboto-kfo7cnqeu92fr1me7ksn66agldtyluama3yuba.woff2 HTTP/2.0" 200 40132 "https://reggio-emilia.elettroservicegroup.it/assistenza-aeg-reggio-emilia/?gad_source=1&gad_campaignid=23800353523&gbraid=0AAAABDgs-LSmJb_DcGPhK4XwpnplQLUYX&gclid=CjwKCAjwuuPRBhAnEiwA2Ji8emBcnoCPTMQWzrWqkCBV0qHKLu7E2hQbGixn0Nj3_kVl--xbKJ25aBoCg1kQAvD_BwE" "Mozilla/5.0 (iPhone; CPU iPhone OS 18_7 like Mac OS X) AppleWebKit/605.1.15 (KHTML, like Gecko) Version/26.5 Mobile/15E148 Safari/604.1"
188.210.239.5 - - [22/Jun/2026:15:55:11 +0200] "GET /wp-content/uploads/2022/10/COPERTINA-9.png HTTP/2.0" 200 238875 "https://reggio-emilia.elettroservicegroup.it/assistenza-aeg-reggio-emilia/?gad_source=1&gad_campaignid=23800353523&gbraid=0AAAABDgs-LSmJb_DcGPhK4XwpnplQLUYX&gclid=CjwKCAjwuuPRBhAnEiwA2Ji8emBcnoCPTMQWzrWqkCBV0qHKLu7E2hQbGixn0Nj3_kVl--xbKJ25aBoCg1kQAvD_BwE" "Mozilla/5.0 (iPhone; CPU iPhone OS 18_7 like Mac OS X) AppleWebKit/605.1.15 (KHTML, like Gecko) Version/26.5 Mobile/15E148 Safari/604.1"
188.210.239.5 - - [22/Jun/2026:15:55:11 +0200] "GET /wp-content/plugins/elementor/assets/js/section-frontend-handlers.d85ab872da118940910d.bundle.min.js HTTP/2.0" 200 230 "https://reggio-emilia.elettroservicegroup.it/assistenza-aeg-reggio-emilia/?gad_source=1&gad_campaignid=23800353523&gbraid=0AAAABDgs-LSmJb_DcGPhK4XwpnplQLUYX&gclid=CjwKCAjwuuPRBhAnEiwA2Ji8emBcnoCPTMQWzrWqkCBV0qHKLu7E2hQbGixn0Nj3_kVl--xbKJ25aBoCg1kQAvD_BwE" "Mozilla/5.0 (iPhone; CPU iPhone OS 18_7 like Mac OS X) AppleWebKit/605.1.15 (KHTML, like Gecko) Version/26.5 Mobile/15E148 Safari/604.1"
188.210.239.5 - - [22/Jun/2026:15:55:11 +0200] "GET /wp-content/plugins/elementor/assets/js/text-editor.45609661e409413f1cef.bundle.min.js HTTP/2.0" 200 592 "https://reggio-emilia.elettroservicegroup.it/assistenza-aeg-reggio-emilia/?gad_source=1&gad_campaignid=23800353523&gbraid=0AAAABDgs-LSmJb_DcGPhK4XwpnplQLUYX&gclid=CjwKCAjwuuPRBhAnEiwA2Ji8emBcnoCPTMQWzrWqkCBV0qHKLu7E2hQbGixn0Nj3_kVl--xbKJ25aBoCg1kQAvD_BwE" "Mozilla/5.0 (iPhone; CPU iPhone OS 18_7 like Mac OS X) AppleWebKit/605.1.15 (KHTML, like Gecko) Version/26.5 Mobile/15E148 Safari/604.1"
