192.178.16.136 - - [22/Jun/2026:17:06:17 +0200] "GET /wp-content/plugins/elementor/assets/lib/animations/styles/bounceIn.min.css?ver=4.1.4 HTTP/1.1" 200 186 "https://reggio-emilia.elettroservicegroup.it/assistenza-aeg-correggio/" "AdsBot-Google (+http://www.google.com/adsbot.html)"
192.178.16.137 - - [22/Jun/2026:17:06:18 +0200] "GET /wp-content/plugins/elementor/assets/css/widget-image.min.css?ver=4.1.4 HTTP/1.1" 200 96 "https://reggio-emilia.elettroservicegroup.it/assistenza-aeg-correggio/" "AdsBot-Google (+http://www.google.com/adsbot.html)"
192.178.16.136 - - [22/Jun/2026:17:06:18 +0200] "GET /wp-content/plugins/elementor/assets/lib/font-awesome/js/v4-shims.min.js?ver=4.1.4 HTTP/1.1" 200 4043 "https://reggio-emilia.elettroservicegroup.it/assistenza-aeg-correggio/" "AdsBot-Google (+http://www.google.com/adsbot.html)"
192.178.16.137 - - [22/Jun/2026:17:06:19 +0200] "GET /wp-content/uploads/elementor/css/post-17691.css?ver=1782140774 HTTP/1.1" 200 2181 "https://reggio-emilia.elettroservicegroup.it/assistenza-aeg-correggio/" "AdsBot-Google (+http://www.google.com/adsbot.html)"
192.178.16.136 - - [22/Jun/2026:17:06:19 +0200] "GET /wp-content/plugins/elementor/assets/css/widget-heading.min.css?ver=4.1.4 HTTP/1.1" 200 127 "https://reggio-emilia.elettroservicegroup.it/assistenza-aeg-correggio/" "AdsBot-Google (+http://www.google.com/adsbot.html)"
192.178.16.137 - - [22/Jun/2026:17:06:19 +0200] "GET /wp-content/uploads/elementor/css/post-14366.css?ver=1782140774 HTTP/1.1" 200 302 "https://reggio-emilia.elettroservicegroup.it/assistenza-aeg-correggio/" "AdsBot-Google (+http://www.google.com/adsbot.html)"
192.178.16.137 - - [22/Jun/2026:17:06:20 +0200] "GET /wp-content/plugins/elementor/assets/js/webpack.runtime.min.js?ver=4.1.4 HTTP/1.1" 200 2340 "https://reggio-emilia.elettroservicegroup.it/assistenza-aeg-correggio/" "AdsBot-Google (+http://www.google.com/adsbot.html)"
192.178.16.137 - - [22/Jun/2026:17:06:20 +0200] "GET /wp-content/plugins/elementor/assets/js/frontend-modules.min.js?ver=4.1.4 HTTP/1.1" 200 15454 "https://reggio-emilia.elettroservicegroup.it/assistenza-aeg-correggio/" "AdsBot-Google (+http://www.google.com/adsbot.html)"
192.178.16.136 - - [22/Jun/2026:17:06:20 +0200] "GET /wp-content/plugins/elementor/assets/js/frontend.min.js?ver=4.1.4 HTTP/1.1" 200 10140 "https://reggio-emilia.elettroservicegroup.it/assistenza-aeg-correggio/" "AdsBot-Google (+http://www.google.com/adsbot.html)"
192.178.16.136 - - [22/Jun/2026:17:06:29 +0200] "GET /wp-json/complianz/v1/banner?lang=it&locale=it_IT&token=npmll HTTP/1.1" 200 82 "https://reggio-emilia.elettroservicegroup.it/assistenza-aeg-correggio/" "AdsBot-Google (+http://www.google.com/adsbot.html)"
192.178.16.136 - - [22/Jun/2026:17:06:33 +0200] "GET /assistenza-lavatrici-smeg-reggio-emilia/ HTTP/1.1" 200 23028 "-" "Mozilla/5.0 (Linux; Android 6.0.1; Nexus 5X Build/MMB29P) AppleWebKit/537.36 (KHTML, like Gecko) Chrome/148.0.7778.96 Mobile Safari/537.36 (compatible; AdsBot-Google-Mobile; +http://www.google.com/mobile/adsbot.html)"
192.178.16.136 - - [22/Jun/2026:17:06:35 +0200] "GET /wp-content/uploads/elementor/css/post-17800.css?ver=1782140794 HTTP/1.1" 200 2029 "https://reggio-emilia.elettroservicegroup.it/assistenza-lavatrici-smeg-reggio-emilia/" "AdsBot-Google (+http://www.google.com/adsbot.html)"
65.108.235.243 - - [22/Jun/2026:17:23:05 +0200] "POST /wp-cron.php?doing_wp_cron=1782141785.5145881175994873046875 HTTP/1.1" 200 1 "-" "WordPress/7.0; https://reggio-emilia.elettroservicegroup.it"
72.14.201.21 - - [22/Jun/2026:17:22:58 +0200] "GET /assistenza-miele-scandiano/ HTTP/2.0" 200 - "https://www.google.com/" "Mozilla/5.0 (Linux; Android 10; K) AppleWebKit/537.36 (KHTML, like Gecko) Chrome/149.0.0.0 Mobile Safari/537.36"
65.108.235.243 - - [22/Jun/2026:17:23:08 +0200] "POST /wp-json/complianz/v1/wsc-scan HTTP/1.1" 400 88 "-" "WordPress/7.0; https://reggio-emilia.elettroservicegroup.it"
65.108.235.243 - - [22/Jun/2026:17:23:09 +0200] "GET /dichiarazione-sulla-privacy-ue/ HTTP/1.1" 200 19226 "-" "WP Fastest Cache Preload Bot"
65.108.235.243 - - [22/Jun/2026:17:23:09 +0200] "GET /imprint/ HTTP/1.1" 200 16733 "-" "WP Fastest Cache Preload Bot"
65.108.235.243 - - [22/Jun/2026:17:23:09 +0200] "GET /assistenza-whirlpool-rubiera/ HTTP/1.1" 200 23043 "-" "WP Fastest Cache Preload Bot"
65.108.235.243 - - [22/Jun/2026:17:23:10 +0200] "GET /assistenza-whirlpool-scandiano/ HTTP/1.1" 200 22950 "-" "WP Fastest Cache Preload Bot"
65.108.235.243 - - [22/Jun/2026:17:29:34 +0200] "POST /wp-cron.php?doing_wp_cron=1782142174.6020250320434570312500 HTTP/1.1" 200 1 "-" "WordPress/7.0; https://reggio-emilia.elettroservicegroup.it"
156.59.198.136 - - [22/Jun/2026:17:29:30 +0200] "GET /wp-content/uploads/2021/12/PREVENTIVI.jpg HTTP/2.0" 404 79871 "https://reggio-emilia.elettroservicegroup.it/assistenza-lavatrici-bosch-reggio-emilia/" "Mozilla/5.0 (Linux; Android 5.0) AppleWebKit/537.36 (KHTML, like Gecko) Mobile Safari/537.36 (compatible; Bytespider; spider-feedback@bytedance.com)"
65.108.235.243 - - [22/Jun/2026:17:29:35 +0200] "GET /assistenza-whirlpool-santilario-denza/ HTTP/1.1" 200 23095 "-" "WP Fastest Cache Preload Bot"
65.108.235.243 - - [22/Jun/2026:17:29:35 +0200] "GET /assistenza-whirlpool-guastalla/ HTTP/1.1" 200 23052 "-" "WP Fastest Cache Preload Bot"
65.108.235.243 - - [22/Jun/2026:17:29:36 +0200] "GET /assistenza-whirlpool-correggio/ HTTP/1.1" 200 23081 "-" "WP Fastest Cache Preload Bot"
65.108.235.243 - - [22/Jun/2026:17:29:37 +0200] "GET /assistenza-whirlpool-reggio-emilia/ HTTP/1.1" 200 23039 "-" "WP Fastest Cache Preload Bot"
34.63.170.141 - - [22/Jun/2026:17:41:48 +0200] "HEAD /robots.txt HTTP/2.0" 200 11705 "-" "Mozilla/5.0 (X11; Linux x86_64) AppleWebKit/537.36 (KHTML, like Gecko) Chrome/136.0.0.0 Safari/537.36"
34.63.170.141 - - [22/Jun/2026:17:41:48 +0200] "GET /robots.txt HTTP/2.0" 200 11705 "-" "Mozilla/5.0 (X11; Linux x86_64) AppleWebKit/537.36 (KHTML, like Gecko) Chrome/136.0.0.0 Safari/537.36"
34.63.170.141 - - [22/Jun/2026:17:41:48 +0200] "HEAD /assistenza-candy-reggio-emilia HTTP/2.0" 200 11791 "-" "Mozilla/5.0 AppleWebKit/537.36 (KHTML, like Gecko); compatible; ShapBot/0.1.0"
34.63.170.141 - - [22/Jun/2026:17:41:49 +0200] "GET /assistenza-candy-reggio-emilia HTTP/2.0" 200 11770 "-" "Mozilla/5.0 AppleWebKit/537.36 (KHTML, like Gecko); compatible; ShapBot/0.1.0"
65.108.235.243 - - [22/Jun/2026:17:56:34 +0200] "GET /assistenza-smeg-rubiera/ HTTP/1.1" 200 22988 "-" "WP Fastest Cache Preload Bot"
65.108.235.243 - - [22/Jun/2026:17:56:36 +0200] "GET /assistenza-smeg-scandiano/ HTTP/1.1" 200 22992 "-" "WP Fastest Cache Preload Bot"
65.108.235.243 - - [22/Jun/2026:17:56:39 +0200] "GET /assistenza-smeg-santilario-denza/ HTTP/1.1" 200 23039 "-" "WP Fastest Cache Preload Bot"
65.108.235.243 - - [22/Jun/2026:17:56:43 +0200] "GET /assistenza-smeg-guastalla/ HTTP/1.1" 200 22992 "-" "WP Fastest Cache Preload Bot"
65.108.235.243 - - [22/Jun/2026:18:19:53 +0200] "POST /wp-cron.php?doing_wp_cron=1782145193.6027560234069824218750 HTTP/1.1" 200 1 "-" "WordPress/7.0; https://reggio-emilia.elettroservicegroup.it"
78.209.180.65 - - [22/Jun/2026:18:19:46 +0200] "GET /assistenza-condizionatori-reggio-emilia/ HTTP/2.0" 200 20352 "https://www.google.com/" "Mozilla/5.0 (Linux; Android 10; K) AppleWebKit/537.36 (KHTML, like Gecko) Chrome/149.0.0.0 Mobile Safari/537.36"
78.209.180.65 - - [22/Jun/2026:18:19:54 +0200] "GET /wp-content/plugins/elementor/assets/lib/animations/styles/zoomIn.min.css?ver=4.1.4 HTTP/2.0" 200 87 "https://reggio-emilia.elettroservicegroup.it/assistenza-condizionatori-reggio-emilia/" "Mozilla/5.0 (Linux; Android 10; K) AppleWebKit/537.36 (KHTML, like Gecko) Chrome/149.0.0.0 Mobile Safari/537.36"
78.209.180.65 - - [22/Jun/2026:18:19:54 +0200] "GET /wp-content/plugins/elementor/assets/css/widget-spacer.min.css?ver=4.1.4 HTTP/2.0" 200 287 "https://reggio-emilia.elettroservicegroup.it/assistenza-condizionatori-reggio-emilia/" "Mozilla/5.0 (Linux; Android 10; K) AppleWebKit/537.36 (KHTML, like Gecko) Chrome/149.0.0.0 Mobile Safari/537.36"
78.209.180.65 - - [22/Jun/2026:18:19:54 +0200] "GET /wp-content/plugins/elementor/assets/css/widget-heading.min.css?ver=4.1.4 HTTP/2.0" 200 127 "https://reggio-emilia.elettroservicegroup.it/assistenza-condizionatori-reggio-emilia/" "Mozilla/5.0 (Linux; Android 10; K) AppleWebKit/537.36 (KHTML, like Gecko) Chrome/149.0.0.0 Mobile Safari/537.36"
78.209.180.65 - - [22/Jun/2026:18:19:54 +0200] "GET /wp-content/plugins/elementor/assets/lib/animations/styles/bounceIn.min.css?ver=4.1.4 HTTP/2.0" 200 186 "https://reggio-emilia.elettroservicegroup.it/assistenza-condizionatori-reggio-emilia/" "Mozilla/5.0 (Linux; Android 10; K) AppleWebKit/537.36 (KHTML, like Gecko) Chrome/149.0.0.0 Mobile Safari/537.36"
78.209.180.65 - - [22/Jun/2026:18:19:54 +0200] "GET /wp-content/uploads/elementor/css/post-14366.css?ver=1782140774 HTTP/2.0" 200 302 "https://reggio-emilia.elettroservicegroup.it/assistenza-condizionatori-reggio-emilia/" "Mozilla/5.0 (Linux; Android 10; K) AppleWebKit/537.36 (KHTML, like Gecko) Chrome/149.0.0.0 Mobile Safari/537.36"
78.209.180.65 - - [22/Jun/2026:18:19:54 +0200] "GET /wp-content/uploads/elementor/css/post-14146.css?ver=1782140774 HTTP/2.0" 200 428 "https://reggio-emilia.elettroservicegroup.it/assistenza-condizionatori-reggio-emilia/" "Mozilla/5.0 (Linux; Android 10; K) AppleWebKit/537.36 (KHTML, like Gecko) Chrome/149.0.0.0 Mobile Safari/537.36"
78.209.180.65 - - [22/Jun/2026:18:19:54 +0200] "GET /wp-content/plugins/elementor/assets/css/widget-image.min.css?ver=4.1.4 HTTP/2.0" 200 96 "https://reggio-emilia.elettroservicegroup.it/assistenza-condizionatori-reggio-emilia/" "Mozilla/5.0 (Linux; Android 10; K) AppleWebKit/537.36 (KHTML, like Gecko) Chrome/149.0.0.0 Mobile Safari/537.36"
78.209.180.65 - - [22/Jun/2026:18:19:54 +0200] "GET /wp-content/uploads/elementor/css/post-15289.css?ver=1782145193 HTTP/2.0" 200 1794 "https://reggio-emilia.elettroservicegroup.it/assistenza-condizionatori-reggio-emilia/" "Mozilla/5.0 (Linux; Android 10; K) AppleWebKit/537.36 (KHTML, like Gecko) Chrome/149.0.0.0 Mobile Safari/537.36"
78.209.180.65 - - [22/Jun/2026:18:19:54 +0200] "GET /wp-content/plugins/elementor/assets/lib/font-awesome/css/v4-shims.min.css?ver=4.1.4 HTTP/2.0" 200 3986 "https://reggio-emilia.elettroservicegroup.it/assistenza-condizionatori-reggio-emilia/" "Mozilla/5.0 (Linux; Android 10; K) AppleWebKit/537.36 (KHTML, like Gecko) Chrome/149.0.0.0 Mobile Safari/537.36"
78.209.180.65 - - [22/Jun/2026:18:19:54 +0200] "GET /wp-content/plugins/elementor/assets/lib/font-awesome/js/v4-shims.min.js?ver=4.1.4 HTTP/2.0" 200 4043 "https://reggio-emilia.elettroservicegroup.it/assistenza-condizionatori-reggio-emilia/" "Mozilla/5.0 (Linux; Android 10; K) AppleWebKit/537.36 (KHTML, like Gecko) Chrome/149.0.0.0 Mobile Safari/537.36"
78.209.180.65 - - [22/Jun/2026:18:19:54 +0200] "GET /wp-content/plugins/elementor/assets/css/frontend.min.css?ver=4.1.4 HTTP/2.0" 200 6618 "https://reggio-emilia.elettroservicegroup.it/assistenza-condizionatori-reggio-emilia/" "Mozilla/5.0 (Linux; Android 10; K) AppleWebKit/537.36 (KHTML, like Gecko) Chrome/149.0.0.0 Mobile Safari/537.36"
78.209.180.65 - - [22/Jun/2026:18:19:54 +0200] "GET /wp-content/plugins/elementor/assets/lib/font-awesome/css/all.min.css?ver=4.1.4 HTTP/2.0" 200 12402 "https://reggio-emilia.elettroservicegroup.it/assistenza-condizionatori-reggio-emilia/" "Mozilla/5.0 (Linux; Android 10; K) AppleWebKit/537.36 (KHTML, like Gecko) Chrome/149.0.0.0 Mobile Safari/537.36"
78.209.180.65 - - [22/Jun/2026:18:19:54 +0200] "GET /wp-content/plugins/elementor/assets/js/webpack.runtime.min.js?ver=4.1.4 HTTP/2.0" 200 2340 "https://reggio-emilia.elettroservicegroup.it/assistenza-condizionatori-reggio-emilia/" "Mozilla/5.0 (Linux; Android 10; K) AppleWebKit/537.36 (KHTML, like Gecko) Chrome/149.0.0.0 Mobile Safari/537.36"
78.209.180.65 - - [22/Jun/2026:18:19:54 +0200] "GET /wp-content/plugins/elementor/assets/js/frontend-modules.min.js?ver=4.1.4 HTTP/2.0" 200 15454 "https://reggio-emilia.elettroservicegroup.it/assistenza-condizionatori-reggio-emilia/" "Mozilla/5.0 (Linux; Android 10; K) AppleWebKit/537.36 (KHTML, like Gecko) Chrome/149.0.0.0 Mobile Safari/537.36"
78.209.180.65 - - [22/Jun/2026:18:19:54 +0200] "GET /wp-content/plugins/elementor/assets/js/frontend.min.js?ver=4.1.4 HTTP/2.0" 200 10140 "https://reggio-emilia.elettroservicegroup.it/assistenza-condizionatori-reggio-emilia/" "Mozilla/5.0 (Linux; Android 10; K) AppleWebKit/537.36 (KHTML, like Gecko) Chrome/149.0.0.0 Mobile Safari/537.36"
78.209.180.65 - - [22/Jun/2026:18:19:54 +0200] "GET /wp-json/complianz/v1/banner?lang=it&locale=it_IT&token=tljlh HTTP/2.0" 200 82 "https://reggio-emilia.elettroservicegroup.it/assistenza-condizionatori-reggio-emilia/" "Mozilla/5.0 (Linux; Android 10; K) AppleWebKit/537.36 (KHTML, like Gecko) Chrome/149.0.0.0 Mobile Safari/537.36"
78.209.180.65 - - [22/Jun/2026:18:19:55 +0200] "GET /wp-json/complianz/v1/cookie_data HTTP/2.0" 200 82 "https://reggio-emilia.elettroservicegroup.it/assistenza-condizionatori-reggio-emilia/" "Mozilla/5.0 (Linux; Android 10; K) AppleWebKit/537.36 (KHTML, like Gecko) Chrome/149.0.0.0 Mobile Safari/537.36"
65.108.235.243 - - [22/Jun/2026:18:19:55 +0200] "GET /assistenza-smeg-correggio/ HTTP/1.1" 200 22993 "-" "WP Fastest Cache Preload Bot"
65.108.235.243 - - [22/Jun/2026:18:19:56 +0200] "GET /assistenza-smeg-reggio-emilia/ HTTP/1.1" 200 22991 "-" "WP Fastest Cache Preload Bot"
65.108.235.243 - - [22/Jun/2026:18:19:57 +0200] "GET /assistenza-siemens-rubiera/ HTTP/1.1" 200 22916 "-" "WP Fastest Cache Preload Bot"
65.108.235.243 - - [22/Jun/2026:18:19:58 +0200] "GET /assistenza-siemens-scandiano/ HTTP/1.1" 200 22906 "-" "WP Fastest Cache Preload Bot"
78.209.180.65 - - [22/Jun/2026:18:20:10 +0200] "GET /assistenza-condizionatori-reggio-emilia/ HTTP/2.0" 200 20352 "https://www.google.com/" "Mozilla/5.0 (Linux; Android 10; K) AppleWebKit/537.36 (KHTML, like Gecko) Chrome/149.0.0.0 Mobile Safari/537.36"
78.209.180.65 - - [22/Jun/2026:18:20:13 +0200] "GET /wp-json/complianz/v1/banner?lang=it&locale=it_IT&token=atiif HTTP/2.0" 200 82 "https://reggio-emilia.elettroservicegroup.it/assistenza-condizionatori-reggio-emilia/" "Mozilla/5.0 (Linux; Android 10; K) AppleWebKit/537.36 (KHTML, like Gecko) Chrome/149.0.0.0 Mobile Safari/537.36"
78.209.180.65 - - [22/Jun/2026:18:20:14 +0200] "GET /wp-json/complianz/v1/cookie_data HTTP/2.0" 200 82 "https://reggio-emilia.elettroservicegroup.it/assistenza-condizionatori-reggio-emilia/" "Mozilla/5.0 (Linux; Android 10; K) AppleWebKit/537.36 (KHTML, like Gecko) Chrome/149.0.0.0 Mobile Safari/537.36"
72.14.201.17 - - [22/Jun/2026:18:21:44 +0200] "GET /assistenza-miele-scandiano/ HTTP/2.0" 200 22994 "https://www.google.com/" "Mozilla/5.0 (Linux; Android 10; K) AppleWebKit/537.36 (KHTML, like Gecko) Chrome/149.0.0.0 Mobile Safari/537.36"
65.108.235.243 - - [22/Jun/2026:18:21:46 +0200] "POST /wp-cron.php?doing_wp_cron=1782145306.7485129833221435546875 HTTP/1.1" 200 1 "-" "WordPress/7.0; https://reggio-emilia.elettroservicegroup.it"
66.249.93.134 - - [22/Jun/2026:18:21:43 +0200] "GET /.well-known/traffic-advice HTTP/1.1" 404 15875 "-" "Chrome Privacy Preserving Prefetch Proxy"
65.108.235.243 - - [22/Jun/2026:18:23:01 +0200] "POST /wp-cron.php?doing_wp_cron=1782145381.9358429908752441406250 HTTP/1.1" 200 1 "-" "WordPress/7.0; https://reggio-emilia.elettroservicegroup.it"
78.209.180.65 - - [22/Jun/2026:18:23:00 +0200] "GET /assistenza-condizionatori-reggio-emilia/ HTTP/2.0" 200 20352 "https://www.google.com/" "Mozilla/5.0 (Linux; Android 10; K) AppleWebKit/537.36 (KHTML, like Gecko) Chrome/149.0.0.0 Mobile Safari/537.36"
78.209.180.65 - - [22/Jun/2026:18:23:02 +0200] "GET /wp-json/complianz/v1/banner?lang=it&locale=it_IT&token=urnaw HTTP/2.0" 200 82 "https://reggio-emilia.elettroservicegroup.it/assistenza-condizionatori-reggio-emilia/" "Mozilla/5.0 (Linux; Android 10; K) AppleWebKit/537.36 (KHTML, like Gecko) Chrome/149.0.0.0 Mobile Safari/537.36"
78.209.180.65 - - [22/Jun/2026:18:23:03 +0200] "GET /wp-json/complianz/v1/cookie_data HTTP/2.0" 200 82 "https://reggio-emilia.elettroservicegroup.it/assistenza-condizionatori-reggio-emilia/" "Mozilla/5.0 (Linux; Android 10; K) AppleWebKit/537.36 (KHTML, like Gecko) Chrome/149.0.0.0 Mobile Safari/537.36"
78.209.180.65 - - [22/Jun/2026:18:23:32 +0200] "GET /assistenza-condizionatori-reggio-emilia/ HTTP/2.0" 200 20352 "https://www.google.com/" "Mozilla/5.0 (Linux; Android 10; K) AppleWebKit/537.36 (KHTML, like Gecko) Chrome/149.0.0.0 Mobile Safari/537.36"
78.209.180.65 - - [22/Jun/2026:18:23:34 +0200] "GET /wp-json/complianz/v1/banner?lang=it&locale=it_IT&token=qpthk HTTP/2.0" 200 82 "https://reggio-emilia.elettroservicegroup.it/assistenza-condizionatori-reggio-emilia/" "Mozilla/5.0 (Linux; Android 10; K) AppleWebKit/537.36 (KHTML, like Gecko) Chrome/149.0.0.0 Mobile Safari/537.36"
78.209.180.65 - - [22/Jun/2026:18:23:34 +0200] "GET /wp-json/complianz/v1/cookie_data HTTP/2.0" 200 82 "https://reggio-emilia.elettroservicegroup.it/assistenza-condizionatori-reggio-emilia/" "Mozilla/5.0 (Linux; Android 10; K) AppleWebKit/537.36 (KHTML, like Gecko) Chrome/149.0.0.0 Mobile Safari/537.36"
65.108.235.243 - - [22/Jun/2026:18:23:40 +0200] "POST /wp-cron.php?doing_wp_cron=1782145420.0077641010284423828125 HTTP/1.1" 200 1 "-" "WordPress/7.0; https://reggio-emilia.elettroservicegroup.it"
78.209.180.65 - - [22/Jun/2026:18:23:39 +0200] "GET /assistenza-condizionatori-reggio-emilia/ HTTP/2.0" 200 20352 "https://www.google.com/" "Mozilla/5.0 (Linux; Android 10; K) AppleWebKit/537.36 (KHTML, like Gecko) Chrome/149.0.0.0 Mobile Safari/537.36"
78.209.180.65 - - [22/Jun/2026:18:23:40 +0200] "GET /wp-json/complianz/v1/banner?lang=it&locale=it_IT&token=gzaos HTTP/2.0" 200 82 "https://reggio-emilia.elettroservicegroup.it/assistenza-condizionatori-reggio-emilia/" "Mozilla/5.0 (Linux; Android 10; K) AppleWebKit/537.36 (KHTML, like Gecko) Chrome/149.0.0.0 Mobile Safari/537.36"
78.209.180.65 - - [22/Jun/2026:18:23:41 +0200] "GET /wp-json/complianz/v1/cookie_data HTTP/2.0" 200 82 "https://reggio-emilia.elettroservicegroup.it/assistenza-condizionatori-reggio-emilia/" "Mozilla/5.0 (Linux; Android 10; K) AppleWebKit/537.36 (KHTML, like Gecko) Chrome/149.0.0.0 Mobile Safari/537.36"
74.248.184.179 - - [22/Jun/2026:18:31:34 +0200] "GET / HTTP/1.1" 200 25411 "-" "Mozilla/5.0 (Windows NT 10.0; Win64; x64; rv:121.0) Gecko/20100101 Firefox/121.0"
74.248.184.179 - - [22/Jun/2026:18:31:38 +0200] "GET / HTTP/1.1" 200 25411 "-" "Mozilla/5.0 (Windows NT 10.0; Win64; x64; rv:121.0) Gecko/20100101 Firefox/121.0"
65.108.235.243 - - [22/Jun/2026:18:31:57 +0200] "POST /wp-cron.php?doing_wp_cron=1782145917.2188510894775390625000 HTTP/1.1" 200 1 "-" "WordPress/7.0; https://reggio-emilia.elettroservicegroup.it"
74.248.184.179 - - [22/Jun/2026:18:31:54 +0200] "GET /copertina/ HTTP/1.1" 200 18152 "-" "Mozilla/5.0 (Windows NT 10.0; Win64; x64; rv:121.0) Gecko/20100101 Firefox/121.0"
65.108.235.243 - - [22/Jun/2026:18:31:57 +0200] "GET /assistenza-siemens-santilario-denza/ HTTP/1.1" 200 22971 "-" "WP Fastest Cache Preload Bot"
65.108.235.243 - - [22/Jun/2026:18:31:59 +0200] "GET /assistenza-siemens-guastalla/ HTTP/1.1" 200 22904 "-" "WP Fastest Cache Preload Bot"
65.108.235.243 - - [22/Jun/2026:18:32:00 +0200] "GET /assistenza-siemens-correggio/ HTTP/1.1" 200 22904 "-" "WP Fastest Cache Preload Bot"
65.108.235.243 - - [22/Jun/2026:18:32:03 +0200] "GET /assistenza-siemens-reggio-emilia/ HTTP/1.1" 200 22900 "-" "WP Fastest Cache Preload Bot"
65.108.235.243 - - [22/Jun/2026:18:32:06 +0200] "POST /wp-json/complianz/v1/wsc-scan HTTP/1.1" 400 88 "-" "WordPress/7.0; https://reggio-emilia.elettroservicegroup.it"
78.209.180.65 - - [22/Jun/2026:18:32:10 +0200] "GET /assistenza-condizionatori-reggio-emilia/ HTTP/2.0" 200 20352 "https://www.google.com/" "Mozilla/5.0 (Linux; Android 10; K) AppleWebKit/537.36 (KHTML, like Gecko) Chrome/149.0.0.0 Mobile Safari/537.36"
78.209.180.65 - - [22/Jun/2026:18:32:11 +0200] "GET /wp-json/complianz/v1/banner?lang=it&locale=it_IT&token=pszgm HTTP/2.0" 200 82 "https://reggio-emilia.elettroservicegroup.it/assistenza-condizionatori-reggio-emilia/" "Mozilla/5.0 (Linux; Android 10; K) AppleWebKit/537.36 (KHTML, like Gecko) Chrome/149.0.0.0 Mobile Safari/537.36"
78.209.180.65 - - [22/Jun/2026:18:32:11 +0200] "GET /wp-json/complianz/v1/cookie_data HTTP/2.0" 200 82 "https://reggio-emilia.elettroservicegroup.it/assistenza-condizionatori-reggio-emilia/" "Mozilla/5.0 (Linux; Android 10; K) AppleWebKit/537.36 (KHTML, like Gecko) Chrome/149.0.0.0 Mobile Safari/537.36"
65.108.235.243 - - [22/Jun/2026:18:34:56 +0200] "POST /wp-cron.php?doing_wp_cron=1782146096.2721478939056396484375 HTTP/1.1" 200 1 "-" "WordPress/7.0; https://reggio-emilia.elettroservicegroup.it"
162.120.188.9 - - [22/Jun/2026:18:34:54 +0200] "GET /assistenza-miele-scandiano/ HTTP/2.0" 200 22994 "https://www.google.com/" "Mozilla/5.0 (Linux; Android 10; K) AppleWebKit/537.36 (KHTML, like Gecko) Chrome/149.0.0.0 Mobile Safari/537.36"
65.108.235.243 - - [22/Jun/2026:18:34:56 +0200] "GET /assistenza-rex-electrolux-rubiera/ HTTP/1.1" 200 23008 "-" "WP Fastest Cache Preload Bot"
65.108.235.243 - - [22/Jun/2026:18:34:59 +0200] "GET /assistenza-rex-electrolux-scandiano/ HTTP/1.1" 200 23007 "-" "WP Fastest Cache Preload Bot"
65.108.235.243 - - [22/Jun/2026:18:35:02 +0200] "GET /assistenza-rex-electrolux-santilario-denza/ HTTP/1.1" 200 23069 "-" "WP Fastest Cache Preload Bot"
65.108.235.243 - - [22/Jun/2026:18:35:04 +0200] "GET /assistenza-rex-electrolux-guastalla/ HTTP/1.1" 200 23007 "-" "WP Fastest Cache Preload Bot"
74.7.227.16 - - [22/Jun/2026:18:49:27 +0200] "GET /sitemap.xml HTTP/2.0" 415 336 "-" "Mozilla/5.0 AppleWebKit/537.36 (KHTML, like Gecko; compatible; GPTBot/1.4; +https://openai.com/gptbot)"
65.108.235.243 - - [22/Jun/2026:18:49:35 +0200] "POST /wp-cron.php?doing_wp_cron=1782146975.1198010444641113281250 HTTP/1.1" 200 1 "-" "WordPress/7.0; https://reggio-emilia.elettroservicegroup.it"
74.7.244.51 - - [22/Jun/2026:18:49:27 +0200] "GET /robots.txt HTTP/2.0" 200 110 "-" "Mozilla/5.0 (Macintosh; Intel Mac OS X 10_15_7) AppleWebKit/537.36 (KHTML, like Gecko) Chrome/131.0.0.0 Safari/537.36; compatible; OAI-SearchBot/1.4; robots.txt; +https://openai.com/searchbot"
65.108.235.243 - - [22/Jun/2026:18:49:36 +0200] "GET /assistenza-rex-electrolux-correggio/ HTTP/1.1" 200 23008 "-" "WP Fastest Cache Preload Bot"
65.108.235.243 - - [22/Jun/2026:18:49:41 +0200] "GET /assistenza-rex-electrolux-reggio-emilia/ HTTP/1.1" 200 23008 "-" "WP Fastest Cache Preload Bot"
65.108.235.243 - - [22/Jun/2026:18:49:45 +0200] "GET /assistenza-miele-rubiera/ HTTP/1.1" 200 22927 "-" "WP Fastest Cache Preload Bot"
65.108.235.243 - - [22/Jun/2026:18:49:50 +0200] "GET /assistenza-miele-scandiano/ HTTP/1.1" 200 22924 "-" "WP Fastest Cache Preload Bot"
65.108.235.243 - - [22/Jun/2026:18:50:59 +0200] "POST /wp-cron.php?doing_wp_cron=1782147059.2092530727386474609375 HTTP/1.1" 200 1 "-" "WordPress/7.0; https://reggio-emilia.elettroservicegroup.it"
193.186.4.23 - - [22/Jun/2026:18:50:53 +0200] "GET /assistenza-condizionatori-reggio-emilia/ HTTP/2.0" 200 - "https://www.google.com/" "Mozilla/5.0 (Linux; Android 10; K) AppleWebKit/537.36 (KHTML, like Gecko) Chrome/149.0.0.0 Mobile Safari/537.36"
65.108.235.243 - - [22/Jun/2026:18:51:00 +0200] "GET /assistenza-miele-santilario-denza/ HTTP/1.1" 200 22980 "-" "WP Fastest Cache Preload Bot"
65.108.235.243 - - [22/Jun/2026:18:51:05 +0200] "GET /assistenza-miele-guastalla/ HTTP/1.1" 200 22920 "-" "WP Fastest Cache Preload Bot"