188.210.239.5 - - [22/Jun/2026:15:55:11 +0200] "GET /wp-content/plugins/elementor/assets/js/shared-frontend-handlers.03caa53373b56d3bab67.bundle.min.js HTTP/2.0" 200 2515 "https://reggio-emilia.elettroservicegroup.it/assistenza-aeg-reggio-emilia/?gad_source=1&gad_campaignid=23800353523&gbraid=0AAAABDgs-LSmJb_DcGPhK4XwpnplQLUYX&gclid=CjwKCAjwuuPRBhAnEiwA2Ji8emBcnoCPTMQWzrWqkCBV0qHKLu7E2hQbGixn0Nj3_kVl--xbKJ25aBoCg1kQAvD_BwE" "Mozilla/5.0 (iPhone; CPU iPhone OS 18_7 like Mac OS X) AppleWebKit/605.1.15 (KHTML, like Gecko) Version/26.5 Mobile/15E148 Safari/604.1"
188.210.239.5 - - [22/Jun/2026:15:55:12 +0200] "GET /wp-content/uploads/2021/10/cropped-cropped-cropped-cropped-logo_white_background-32x32.png HTTP/2.0" 200 1181 "https://reggio-emilia.elettroservicegroup.it/assistenza-aeg-reggio-emilia/?gad_source=1&gad_campaignid=23800353523&gbraid=0AAAABDgs-LSmJb_DcGPhK4XwpnplQLUYX&gclid=CjwKCAjwuuPRBhAnEiwA2Ji8emBcnoCPTMQWzrWqkCBV0qHKLu7E2hQbGixn0Nj3_kVl--xbKJ25aBoCg1kQAvD_BwE" "Mozilla/5.0 (iPhone; CPU iPhone OS 18_7 like Mac OS X) AppleWebKit/605.1.15 (KHTML, like Gecko) Version/26.5 Mobile/15E148 Safari/604.1"
188.210.239.5 - - [22/Jun/2026:15:55:12 +0200] "GET /wp-content/uploads/2021/10/cropped-cropped-cropped-cropped-logo_white_background-192x192.png HTTP/2.0" 200 15729 "https://reggio-emilia.elettroservicegroup.it/assistenza-aeg-reggio-emilia/?gad_source=1&gad_campaignid=23800353523&gbraid=0AAAABDgs-LSmJb_DcGPhK4XwpnplQLUYX&gclid=CjwKCAjwuuPRBhAnEiwA2Ji8emBcnoCPTMQWzrWqkCBV0qHKLu7E2hQbGixn0Nj3_kVl--xbKJ25aBoCg1kQAvD_BwE" "Mozilla/5.0 (iPhone; CPU iPhone OS 18_7 like Mac OS X) AppleWebKit/605.1.15 (KHTML, like Gecko) Version/26.5 Mobile/15E148 Safari/604.1"
188.210.239.5 - - [22/Jun/2026:15:55:11 +0200] "GET /wp-json/complianz/v1/banner?lang=it&locale=it_IT&token=nthyp HTTP/2.0" 200 82 "https://reggio-emilia.elettroservicegroup.it/assistenza-aeg-reggio-emilia/?gad_source=1&gad_campaignid=23800353523&gbraid=0AAAABDgs-LSmJb_DcGPhK4XwpnplQLUYX&gclid=CjwKCAjwuuPRBhAnEiwA2Ji8emBcnoCPTMQWzrWqkCBV0qHKLu7E2hQbGixn0Nj3_kVl--xbKJ25aBoCg1kQAvD_BwE" "Mozilla/5.0 (iPhone; CPU iPhone OS 18_7 like Mac OS X) AppleWebKit/605.1.15 (KHTML, like Gecko) Version/26.5 Mobile/15E148 Safari/604.1"
188.210.239.5 - - [22/Jun/2026:15:55:12 +0200] "GET /wp-content/uploads/complianz/css/banner-1-optin.css?v=511 HTTP/2.0" 200 2862 "https://reggio-emilia.elettroservicegroup.it/assistenza-aeg-reggio-emilia/?gad_source=1&gad_campaignid=23800353523&gbraid=0AAAABDgs-LSmJb_DcGPhK4XwpnplQLUYX&gclid=CjwKCAjwuuPRBhAnEiwA2Ji8emBcnoCPTMQWzrWqkCBV0qHKLu7E2hQbGixn0Nj3_kVl--xbKJ25aBoCg1kQAvD_BwE" "Mozilla/5.0 (iPhone; CPU iPhone OS 18_7 like Mac OS X) AppleWebKit/605.1.15 (KHTML, like Gecko) Version/26.5 Mobile/15E148 Safari/604.1"
188.210.239.5 - - [22/Jun/2026:15:55:12 +0200] "GET /wp-json/complianz/v1/cookie_data HTTP/2.0" 200 82 "https://reggio-emilia.elettroservicegroup.it/assistenza-aeg-reggio-emilia/?gad_source=1&gad_campaignid=23800353523&gbraid=0AAAABDgs-LSmJb_DcGPhK4XwpnplQLUYX&gclid=CjwKCAjwuuPRBhAnEiwA2Ji8emBcnoCPTMQWzrWqkCBV0qHKLu7E2hQbGixn0Nj3_kVl--xbKJ25aBoCg1kQAvD_BwE" "Mozilla/5.0 (iPhone; CPU iPhone OS 18_7 like Mac OS X) AppleWebKit/605.1.15 (KHTML, like Gecko) Version/26.5 Mobile/15E148 Safari/604.1"
188.210.239.5 - - [22/Jun/2026:15:55:13 +0200] "POST /wp-json/complianz/v1/track HTTP/2.0" 200 20 "https://reggio-emilia.elettroservicegroup.it/assistenza-aeg-reggio-emilia/?gad_source=1&gad_campaignid=23800353523&gbraid=0AAAABDgs-LSmJb_DcGPhK4XwpnplQLUYX&gclid=CjwKCAjwuuPRBhAnEiwA2Ji8emBcnoCPTMQWzrWqkCBV0qHKLu7E2hQbGixn0Nj3_kVl--xbKJ25aBoCg1kQAvD_BwE" "Mozilla/5.0 (iPhone; CPU iPhone OS 18_7 like Mac OS X) AppleWebKit/605.1.15 (KHTML, like Gecko) Version/26.5 Mobile/15E148 Safari/604.1"
188.210.239.5 - - [22/Jun/2026:15:55:16 +0200] "GET /wp-content/uploads/2022/10/COPERTINA-11.png HTTP/2.0" 200 238875 "https://reggio-emilia.elettroservicegroup.it/assistenza-aeg-reggio-emilia/?gad_source=1&gad_campaignid=23800353523&gbraid=0AAAABDgs-LSmJb_DcGPhK4XwpnplQLUYX&gclid=CjwKCAjwuuPRBhAnEiwA2Ji8emBcnoCPTMQWzrWqkCBV0qHKLu7E2hQbGixn0Nj3_kVl--xbKJ25aBoCg1kQAvD_BwE" "Mozilla/5.0 (iPhone; CPU iPhone OS 18_7 like Mac OS X) AppleWebKit/605.1.15 (KHTML, like Gecko) Version/26.5 Mobile/15E148 Safari/604.1"
188.210.239.5 - - [22/Jun/2026:15:55:19 +0200] "GET /wp-content/uploads/2022/01/ASCIUGATRICE-TECNIC.jpg HTTP/2.0" 200 43278 "https://reggio-emilia.elettroservicegroup.it/assistenza-aeg-reggio-emilia/?gad_source=1&gad_campaignid=23800353523&gbraid=0AAAABDgs-LSmJb_DcGPhK4XwpnplQLUYX&gclid=CjwKCAjwuuPRBhAnEiwA2Ji8emBcnoCPTMQWzrWqkCBV0qHKLu7E2hQbGixn0Nj3_kVl--xbKJ25aBoCg1kQAvD_BwE" "Mozilla/5.0 (iPhone; CPU iPhone OS 18_7 like Mac OS X) AppleWebKit/605.1.15 (KHTML, like Gecko) Version/26.5 Mobile/15E148 Safari/604.1"
188.210.239.5 - - [22/Jun/2026:15:55:21 +0200] "GET /wp-content/uploads/2026/05/logo.png HTTP/2.0" 200 48185 "https://reggio-emilia.elettroservicegroup.it/assistenza-aeg-reggio-emilia/?gad_source=1&gad_campaignid=23800353523&gbraid=0AAAABDgs-LSmJb_DcGPhK4XwpnplQLUYX&gclid=CjwKCAjwuuPRBhAnEiwA2Ji8emBcnoCPTMQWzrWqkCBV0qHKLu7E2hQbGixn0Nj3_kVl--xbKJ25aBoCg1kQAvD_BwE" "Mozilla/5.0 (iPhone; CPU iPhone OS 18_7 like Mac OS X) AppleWebKit/605.1.15 (KHTML, like Gecko) Version/26.5 Mobile/15E148 Safari/604.1"
188.210.239.5 - - [22/Jun/2026:15:55:25 +0200] "GET /wp-content/plugins/complianz-gdpr-premium/assets/images/placeholders/google-maps-minimal-1280x920.jpg HTTP/2.0" 200 55264 "https://reggio-emilia.elettroservicegroup.it/assistenza-aeg-reggio-emilia/?gad_source=1&gad_campaignid=23800353523&gbraid=0AAAABDgs-LSmJb_DcGPhK4XwpnplQLUYX&gclid=CjwKCAjwuuPRBhAnEiwA2Ji8emBcnoCPTMQWzrWqkCBV0qHKLu7E2hQbGixn0Nj3_kVl--xbKJ25aBoCg1kQAvD_BwE" "Mozilla/5.0 (iPhone; CPU iPhone OS 18_7 like Mac OS X) AppleWebKit/605.1.15 (KHTML, like Gecko) Version/26.5 Mobile/15E148 Safari/604.1"
65.108.235.243 - - [22/Jun/2026:16:01:01 +0200] "POST /wp-cron.php?doing_wp_cron=1782136861.0549359321594238281250 HTTP/1.1" 200 1 "-" "WordPress/7.0; https://reggio-emilia.elettroservicegroup.it"
188.210.239.5 - - [22/Jun/2026:16:00:58 +0200] "GET /assistenza-aeg-reggio-emilia/?gad_source=1&gad_campaignid=23800353523&gbraid=0AAAABDgs-LSmJb_DcGPhK4XwpnplQLUYX&gclid=CjwKCAjwuuPRBhAnEiwA2Ji8epL1s0sEHdv09Bd3vrEEdM0-hZXW4sRkeuq-wge-FIj4MLrD558IahoCuDYQAvD_BwE HTTP/2.0" 200 22980 "https://www.google.com/" "Mozilla/5.0 (iPhone; CPU iPhone OS 18_7 like Mac OS X) AppleWebKit/605.1.15 (KHTML, like Gecko) Version/26.5 Mobile/15E148 Safari/604.1"
188.210.239.5 - - [22/Jun/2026:16:01:01 +0200] "GET /wp-json/complianz/v1/banner?lang=it&locale=it_IT&token=unpgn HTTP/2.0" 200 82 "https://reggio-emilia.elettroservicegroup.it/assistenza-aeg-reggio-emilia/?gad_source=1&gad_campaignid=23800353523&gbraid=0AAAABDgs-LSmJb_DcGPhK4XwpnplQLUYX&gclid=CjwKCAjwuuPRBhAnEiwA2Ji8epL1s0sEHdv09Bd3vrEEdM0-hZXW4sRkeuq-wge-FIj4MLrD558IahoCuDYQAvD_BwE" "Mozilla/5.0 (iPhone; CPU iPhone OS 18_7 like Mac OS X) AppleWebKit/605.1.15 (KHTML, like Gecko) Version/26.5 Mobile/15E148 Safari/604.1"
188.210.239.5 - - [22/Jun/2026:16:01:02 +0200] "GET /wp-json/complianz/v1/cookie_data HTTP/2.0" 200 82 "https://reggio-emilia.elettroservicegroup.it/assistenza-aeg-reggio-emilia/?gad_source=1&gad_campaignid=23800353523&gbraid=0AAAABDgs-LSmJb_DcGPhK4XwpnplQLUYX&gclid=CjwKCAjwuuPRBhAnEiwA2Ji8epL1s0sEHdv09Bd3vrEEdM0-hZXW4sRkeuq-wge-FIj4MLrD558IahoCuDYQAvD_BwE" "Mozilla/5.0 (iPhone; CPU iPhone OS 18_7 like Mac OS X) AppleWebKit/605.1.15 (KHTML, like Gecko) Version/26.5 Mobile/15E148 Safari/604.1"
65.108.235.243 - - [22/Jun/2026:16:04:50 +0200] "POST /wp-cron.php?doing_wp_cron=1782137090.8140060901641845703125 HTTP/1.1" 200 1 "-" "WordPress/7.0; https://reggio-emilia.elettroservicegroup.it"
151.42.76.45 - - [22/Jun/2026:16:04:42 +0200] "GET /assistenza-condizionatori-reggio-emilia/?gad_source=1&gad_campaignid=23800353523&gclid=CjwKCAjwuuPRBhAnEiwA2Ji8eiXsniR_nXundq1XCzSgSjJmh3wmU0YwxIR34YbgVbHz_mNDJbJPcxoClcEQAvD_BwE HTTP/2.0" 200 - "https://www.google.com/" "Mozilla/5.0 (Linux; Android 10; K) AppleWebKit/537.36 (KHTML, like Gecko) Chrome/149.0.0.0 Mobile Safari/537.36"
78.209.180.65 - - [22/Jun/2026:16:04:59 +0200] "GET /assistenza-condizionatori-reggio-emilia/ HTTP/2.0" 200 20341 "https://www.google.com/" "Mozilla/5.0 (Linux; Android 10; K) AppleWebKit/537.36 (KHTML, like Gecko) Chrome/149.0.0.0 Mobile Safari/537.36"
78.209.180.65 - - [22/Jun/2026:16:05:01 +0200] "GET /wp-json/complianz/v1/banner?lang=it&locale=it_IT&token=uhyua HTTP/2.0" 200 82 "https://reggio-emilia.elettroservicegroup.it/assistenza-condizionatori-reggio-emilia/" "Mozilla/5.0 (Linux; Android 10; K) AppleWebKit/537.36 (KHTML, like Gecko) Chrome/149.0.0.0 Mobile Safari/537.36"
78.209.180.65 - - [22/Jun/2026:16:05:03 +0200] "GET /wp-json/complianz/v1/cookie_data HTTP/2.0" 200 82 "https://reggio-emilia.elettroservicegroup.it/assistenza-condizionatori-reggio-emilia/" "Mozilla/5.0 (Linux; Android 10; K) AppleWebKit/537.36 (KHTML, like Gecko) Chrome/149.0.0.0 Mobile Safari/537.36"
65.108.235.243 - - [22/Jun/2026:16:05:46 +0200] "POST /wp-cron.php?doing_wp_cron=1782137145.9152441024780273437500 HTTP/1.1" 200 1 "-" "WordPress/7.0; https://reggio-emilia.elettroservicegroup.it"
78.209.180.65 - - [22/Jun/2026:16:05:35 +0200] "GET /assistenza-condizionatori-reggio-emilia/ HTTP/2.0" 200 20341 "https://www.google.com/" "Mozilla/5.0 (Linux; Android 10; K) AppleWebKit/537.36 (KHTML, like Gecko) Chrome/149.0.0.0 Mobile Safari/537.36"
78.209.180.65 - - [22/Jun/2026:16:05:47 +0200] "GET /wp-json/complianz/v1/banner?lang=it&locale=it_IT&token=blzgf HTTP/2.0" 200 82 "https://reggio-emilia.elettroservicegroup.it/assistenza-condizionatori-reggio-emilia/" "Mozilla/5.0 (Linux; Android 10; K) AppleWebKit/537.36 (KHTML, like Gecko) Chrome/149.0.0.0 Mobile Safari/537.36"
78.209.180.65 - - [22/Jun/2026:16:05:49 +0200] "GET /wp-json/complianz/v1/cookie_data HTTP/2.0" 200 82 "https://reggio-emilia.elettroservicegroup.it/assistenza-condizionatori-reggio-emilia/" "Mozilla/5.0 (Linux; Android 10; K) AppleWebKit/537.36 (KHTML, like Gecko) Chrome/149.0.0.0 Mobile Safari/537.36"
65.108.235.243 - - [22/Jun/2026:16:08:23 +0200] "POST /wp-cron.php?doing_wp_cron=1782137303.7099840641021728515625 HTTP/1.1" 200 1 "-" "WordPress/7.0; https://reggio-emilia.elettroservicegroup.it"
188.210.239.5 - - [22/Jun/2026:16:08:17 +0200] "GET /wp-json/complianz/v1/banner?lang=it&locale=it_IT&token=whscl HTTP/2.0" 200 - "https://reggio-emilia.elettroservicegroup.it/assistenza-aeg-reggio-emilia/?gad_source=1&gad_campaignid=23800353523&gbraid=0AAAABDgs-LSmJb_DcGPhK4XwpnplQLUYX&gclid=CjwKCAjwuuPRBhAnEiwA2Ji8epL1s0sEHdv09Bd3vrEEdM0-hZXW4sRkeuq-wge-FIj4MLrD558IahoCuDYQAvD_BwE" "Mozilla/5.0 (iPhone; CPU iPhone OS 18_7 like Mac OS X) AppleWebKit/605.1.15 (KHTML, like Gecko) Version/26.5 Mobile/15E148 Safari/604.1"
52.167.144.56 - - [22/Jun/2026:16:08:28 +0200] "GET /robots.txt HTTP/2.0" 200 110 "-" "Mozilla/5.0 AppleWebKit/537.36 (KHTML, like Gecko; compatible; bingbot/2.0; +http://www.bing.com/bingbot.htm) Chrome/116.0.1938.76 Safari/537.36"
40.77.167.10 - - [22/Jun/2026:16:08:36 +0200] "GET /assistenza-rex-electrolux-rubiera/ HTTP/2.0" 200 22980 "-" "Mozilla/5.0 AppleWebKit/537.36 (KHTML, like Gecko; compatible; bingbot/2.0; +http://www.bing.com/bingbot.htm) Chrome/116.0.1938.76 Safari/537.36"
65.108.235.243 - - [22/Jun/2026:16:08:39 +0200] "POST /wp-cron.php?doing_wp_cron=1782137319.7153210639953613281250 HTTP/1.1" 200 1 "-" "WordPress/7.0; https://reggio-emilia.elettroservicegroup.it"
188.210.239.5 - - [22/Jun/2026:16:08:38 +0200] "GET /wp-json/complianz/v1/banner?lang=it&locale=it_IT&token=mmiyr HTTP/2.0" 200 82 "https://reggio-emilia.elettroservicegroup.it/assistenza-aeg-reggio-emilia/?gad_source=1&gad_campaignid=23800353523&gbraid=0AAAABDgs-LSmJb_DcGPhK4XwpnplQLUYX&gclid=CjwKCAjwuuPRBhAnEiwA2Ji8epL1s0sEHdv09Bd3vrEEdM0-hZXW4sRkeuq-wge-FIj4MLrD558IahoCuDYQAvD_BwE" "Mozilla/5.0 (iPhone; CPU iPhone OS 18_7 like Mac OS X) AppleWebKit/605.1.15 (KHTML, like Gecko) Version/26.5 Mobile/15E148 Safari/604.1"
188.210.239.5 - - [22/Jun/2026:16:08:40 +0200] "GET /wp-json/complianz/v1/cookie_data HTTP/2.0" 200 - "https://reggio-emilia.elettroservicegroup.it/assistenza-aeg-reggio-emilia/?gad_source=1&gad_campaignid=23800353523&gbraid=0AAAABDgs-LSmJb_DcGPhK4XwpnplQLUYX&gclid=CjwKCAjwuuPRBhAnEiwA2Ji8epL1s0sEHdv09Bd3vrEEdM0-hZXW4sRkeuq-wge-FIj4MLrD558IahoCuDYQAvD_BwE" "Mozilla/5.0 (iPhone; CPU iPhone OS 18_7 like Mac OS X) AppleWebKit/605.1.15 (KHTML, like Gecko) Version/26.5 Mobile/15E148 Safari/604.1"
65.108.235.243 - - [22/Jun/2026:16:11:17 +0200] "POST /wp-cron.php?doing_wp_cron=1782137477.9084210395812988281250 HTTP/1.1" 200 1 "-" "WordPress/7.0; https://reggio-emilia.elettroservicegroup.it"
93.42.249.152 - - [22/Jun/2026:16:11:09 +0200] "GET /assistenza-condizionatori-reggio-emilia/?gad_source=1&gad_campaignid=23800353523&gclid=CjwKCAjwuuPRBhAnEiwA2Ji8evVirHC0iIpS6VAO3M2Af9vtFGmznRwBTEbbIt8ZceGDasOsaRHx6BoCZ9AQAvD_BwE HTTP/2.0" 200 20341 "https://www.google.com/" "Mozilla/5.0 (iPhone; CPU iPhone OS 18_7 like Mac OS X) AppleWebKit/605.1.15 (KHTML, like Gecko) FxiOS/152.0 Mobile/15E148 Safari/604.1"
93.42.249.152 - - [22/Jun/2026:16:11:18 +0200] "GET /wp-content/plugins/all-in-one-seo-pack/dist/Lite/assets/css/table-of-contents/global.e90f6d47.css?ver=4.9.8 HTTP/2.0" 200 420 "https://reggio-emilia.elettroservicegroup.it/assistenza-condizionatori-reggio-emilia/?gad_source=1&gad_campaignid=23800353523&gclid=CjwKCAjwuuPRBhAnEiwA2Ji8evVirHC0iIpS6VAO3M2Af9vtFGmznRwBTEbbIt8ZceGDasOsaRHx6BoCZ9AQAvD_BwE" "Mozilla/5.0 (iPhone; CPU iPhone OS 18_7 like Mac OS X) AppleWebKit/605.1.15 (KHTML, like Gecko) FxiOS/152.0 Mobile/15E148 Safari/604.1"
93.42.249.152 - - [22/Jun/2026:16:11:18 +0200] "GET /wp-content/plugins/header-footer-elementor/assets/css/header-footer-elementor.css?ver=2.8.8 HTTP/2.0" 200 260 "https://reggio-emilia.elettroservicegroup.it/assistenza-condizionatori-reggio-emilia/?gad_source=1&gad_campaignid=23800353523&gclid=CjwKCAjwuuPRBhAnEiwA2Ji8evVirHC0iIpS6VAO3M2Af9vtFGmznRwBTEbbIt8ZceGDasOsaRHx6BoCZ9AQAvD_BwE" "Mozilla/5.0 (iPhone; CPU iPhone OS 18_7 like Mac OS X) AppleWebKit/605.1.15 (KHTML, like Gecko) FxiOS/152.0 Mobile/15E148 Safari/604.1"
93.42.249.152 - - [22/Jun/2026:16:11:18 +0200] "GET /wp-content/uploads/elementor/css/post-14146.css?ver=1781753039 HTTP/2.0" 200 428 "https://reggio-emilia.elettroservicegroup.it/assistenza-condizionatori-reggio-emilia/?gad_source=1&gad_campaignid=23800353523&gclid=CjwKCAjwuuPRBhAnEiwA2Ji8evVirHC0iIpS6VAO3M2Af9vtFGmznRwBTEbbIt8ZceGDasOsaRHx6BoCZ9AQAvD_BwE" "Mozilla/5.0 (iPhone; CPU iPhone OS 18_7 like Mac OS X) AppleWebKit/605.1.15 (KHTML, like Gecko) FxiOS/152.0 Mobile/15E148 Safari/604.1"
93.42.249.152 - - [22/Jun/2026:16:11:18 +0200] "GET /wp-content/plugins/complianz-gdpr-premium/assets/css/cookieblocker.min.css?ver=1781536286 HTTP/2.0" 200 615 "https://reggio-emilia.elettroservicegroup.it/assistenza-condizionatori-reggio-emilia/?gad_source=1&gad_campaignid=23800353523&gclid=CjwKCAjwuuPRBhAnEiwA2Ji8evVirHC0iIpS6VAO3M2Af9vtFGmznRwBTEbbIt8ZceGDasOsaRHx6BoCZ9AQAvD_BwE" "Mozilla/5.0 (iPhone; CPU iPhone OS 18_7 like Mac OS X) AppleWebKit/605.1.15 (KHTML, like Gecko) FxiOS/152.0 Mobile/15E148 Safari/604.1"
93.42.249.152 - - [22/Jun/2026:16:11:18 +0200] "GET /wp-content/plugins/elementor/assets/css/frontend.min.css?ver=4.1.3 HTTP/2.0" 200 6618 "https://reggio-emilia.elettroservicegroup.it/assistenza-condizionatori-reggio-emilia/?gad_source=1&gad_campaignid=23800353523&gclid=CjwKCAjwuuPRBhAnEiwA2Ji8evVirHC0iIpS6VAO3M2Af9vtFGmznRwBTEbbIt8ZceGDasOsaRHx6BoCZ9AQAvD_BwE" "Mozilla/5.0 (iPhone; CPU iPhone OS 18_7 like Mac OS X) AppleWebKit/605.1.15 (KHTML, like Gecko) FxiOS/152.0 Mobile/15E148 Safari/604.1"
93.42.249.152 - - [22/Jun/2026:16:11:18 +0200] "GET /wp-content/plugins/elementor/assets/lib/animations/styles/zoomIn.min.css?ver=4.1.3 HTTP/2.0" 200 87 "https://reggio-emilia.elettroservicegroup.it/assistenza-condizionatori-reggio-emilia/?gad_source=1&gad_campaignid=23800353523&gclid=CjwKCAjwuuPRBhAnEiwA2Ji8evVirHC0iIpS6VAO3M2Af9vtFGmznRwBTEbbIt8ZceGDasOsaRHx6BoCZ9AQAvD_BwE" "Mozilla/5.0 (iPhone; CPU iPhone OS 18_7 like Mac OS X) AppleWebKit/605.1.15 (KHTML, like Gecko) FxiOS/152.0 Mobile/15E148 Safari/604.1"
93.42.249.152 - - [22/Jun/2026:16:11:18 +0200] "GET /wp-content/plugins/elementor/assets/css/widget-spacer.min.css?ver=4.1.3 HTTP/2.0" 200 287 "https://reggio-emilia.elettroservicegroup.it/assistenza-condizionatori-reggio-emilia/?gad_source=1&gad_campaignid=23800353523&gclid=CjwKCAjwuuPRBhAnEiwA2Ji8evVirHC0iIpS6VAO3M2Af9vtFGmznRwBTEbbIt8ZceGDasOsaRHx6BoCZ9AQAvD_BwE" "Mozilla/5.0 (iPhone; CPU iPhone OS 18_7 like Mac OS X) AppleWebKit/605.1.15 (KHTML, like Gecko) FxiOS/152.0 Mobile/15E148 Safari/604.1"
93.42.249.152 - - [22/Jun/2026:16:11:18 +0200] "GET /wp-content/plugins/elementor/assets/css/widget-heading.min.css?ver=4.1.3 HTTP/2.0" 200 127 "https://reggio-emilia.elettroservicegroup.it/assistenza-condizionatori-reggio-emilia/?gad_source=1&gad_campaignid=23800353523&gclid=CjwKCAjwuuPRBhAnEiwA2Ji8evVirHC0iIpS6VAO3M2Af9vtFGmznRwBTEbbIt8ZceGDasOsaRHx6BoCZ9AQAvD_BwE" "Mozilla/5.0 (iPhone; CPU iPhone OS 18_7 like Mac OS X) AppleWebKit/605.1.15 (KHTML, like Gecko) FxiOS/152.0 Mobile/15E148 Safari/604.1"
93.42.249.152 - - [22/Jun/2026:16:11:18 +0200] "GET /wp-content/plugins/elementor/assets/css/widget-image.min.css?ver=4.1.3 HTTP/2.0" 200 96 "https://reggio-emilia.elettroservicegroup.it/assistenza-condizionatori-reggio-emilia/?gad_source=1&gad_campaignid=23800353523&gclid=CjwKCAjwuuPRBhAnEiwA2Ji8evVirHC0iIpS6VAO3M2Af9vtFGmznRwBTEbbIt8ZceGDasOsaRHx6BoCZ9AQAvD_BwE" "Mozilla/5.0 (iPhone; CPU iPhone OS 18_7 like Mac OS X) AppleWebKit/605.1.15 (KHTML, like Gecko) FxiOS/152.0 Mobile/15E148 Safari/604.1"
93.42.249.152 - - [22/Jun/2026:16:11:18 +0200] "GET /wp-content/plugins/header-footer-elementor/inc/widgets-css/frontend.css?ver=2.8.8 HTTP/2.0" 200 8711 "https://reggio-emilia.elettroservicegroup.it/assistenza-condizionatori-reggio-emilia/?gad_source=1&gad_campaignid=23800353523&gclid=CjwKCAjwuuPRBhAnEiwA2Ji8evVirHC0iIpS6VAO3M2Af9vtFGmznRwBTEbbIt8ZceGDasOsaRHx6BoCZ9AQAvD_BwE" "Mozilla/5.0 (iPhone; CPU iPhone OS 18_7 like Mac OS X) AppleWebKit/605.1.15 (KHTML, like Gecko) FxiOS/152.0 Mobile/15E148 Safari/604.1"
93.42.249.152 - - [22/Jun/2026:16:11:18 +0200] "GET /wp-content/uploads/elementor/css/post-15289.css?ver=1781764564 HTTP/2.0" 200 1794 "https://reggio-emilia.elettroservicegroup.it/assistenza-condizionatori-reggio-emilia/?gad_source=1&gad_campaignid=23800353523&gclid=CjwKCAjwuuPRBhAnEiwA2Ji8evVirHC0iIpS6VAO3M2Af9vtFGmznRwBTEbbIt8ZceGDasOsaRHx6BoCZ9AQAvD_BwE" "Mozilla/5.0 (iPhone; CPU iPhone OS 18_7 like Mac OS X) AppleWebKit/605.1.15 (KHTML, like Gecko) FxiOS/152.0 Mobile/15E148 Safari/604.1"
93.42.249.152 - - [22/Jun/2026:16:11:18 +0200] "GET /wp-content/uploads/elementor/css/post-14366.css?ver=1781753039 HTTP/2.0" 200 302 "https://reggio-emilia.elettroservicegroup.it/assistenza-condizionatori-reggio-emilia/?gad_source=1&gad_campaignid=23800353523&gclid=CjwKCAjwuuPRBhAnEiwA2Ji8evVirHC0iIpS6VAO3M2Af9vtFGmznRwBTEbbIt8ZceGDasOsaRHx6BoCZ9AQAvD_BwE" "Mozilla/5.0 (iPhone; CPU iPhone OS 18_7 like Mac OS X) AppleWebKit/605.1.15 (KHTML, like Gecko) FxiOS/152.0 Mobile/15E148 Safari/604.1"
93.42.249.152 - - [22/Jun/2026:16:11:18 +0200] "GET /wp-content/plugins/elementor/assets/lib/font-awesome/css/v4-shims.min.css?ver=4.1.3 HTTP/2.0" 200 3986 "https://reggio-emilia.elettroservicegroup.it/assistenza-condizionatori-reggio-emilia/?gad_source=1&gad_campaignid=23800353523&gclid=CjwKCAjwuuPRBhAnEiwA2Ji8evVirHC0iIpS6VAO3M2Af9vtFGmznRwBTEbbIt8ZceGDasOsaRHx6BoCZ9AQAvD_BwE" "Mozilla/5.0 (iPhone; CPU iPhone OS 18_7 like Mac OS X) AppleWebKit/605.1.15 (KHTML, like Gecko) FxiOS/152.0 Mobile/15E148 Safari/604.1"
93.42.249.152 - - [22/Jun/2026:16:11:18 +0200] "GET /wp-content/plugins/elementor/assets/lib/animations/styles/bounceIn.min.css?ver=4.1.3 HTTP/2.0" 200 186 "https://reggio-emilia.elettroservicegroup.it/assistenza-condizionatori-reggio-emilia/?gad_source=1&gad_campaignid=23800353523&gclid=CjwKCAjwuuPRBhAnEiwA2Ji8evVirHC0iIpS6VAO3M2Af9vtFGmznRwBTEbbIt8ZceGDasOsaRHx6BoCZ9AQAvD_BwE" "Mozilla/5.0 (iPhone; CPU iPhone OS 18_7 like Mac OS X) AppleWebKit/605.1.15 (KHTML, like Gecko) FxiOS/152.0 Mobile/15E148 Safari/604.1"
93.42.249.152 - - [22/Jun/2026:16:11:18 +0200] "GET /wp-content/themes/generatepress/assets/css/main.min.css?ver=3.6.1 HTTP/2.0" 200 4410 "https://reggio-emilia.elettroservicegroup.it/assistenza-condizionatori-reggio-emilia/?gad_source=1&gad_campaignid=23800353523&gclid=CjwKCAjwuuPRBhAnEiwA2Ji8evVirHC0iIpS6VAO3M2Af9vtFGmznRwBTEbbIt8ZceGDasOsaRHx6BoCZ9AQAvD_BwE" "Mozilla/5.0 (iPhone; CPU iPhone OS 18_7 like Mac OS X) AppleWebKit/605.1.15 (KHTML, like Gecko) FxiOS/152.0 Mobile/15E148 Safari/604.1"
93.42.249.152 - - [22/Jun/2026:16:11:18 +0200] "GET /wp-content/plugins/elementor/assets/css/widget-social-icons.min.css?ver=3.24.0 HTTP/2.0" 200 1039 "https://reggio-emilia.elettroservicegroup.it/assistenza-condizionatori-reggio-emilia/?gad_source=1&gad_campaignid=23800353523&gclid=CjwKCAjwuuPRBhAnEiwA2Ji8evVirHC0iIpS6VAO3M2Af9vtFGmznRwBTEbbIt8ZceGDasOsaRHx6BoCZ9AQAvD_BwE" "Mozilla/5.0 (iPhone; CPU iPhone OS 18_7 like Mac OS X) AppleWebKit/605.1.15 (KHTML, like Gecko) FxiOS/152.0 Mobile/15E148 Safari/604.1"
93.42.249.152 - - [22/Jun/2026:16:11:18 +0200] "GET /wp-content/plugins/elementor/assets/css/widget-icon-list.min.css?ver=3.24.3 HTTP/2.0" 200 928 "https://reggio-emilia.elettroservicegroup.it/assistenza-condizionatori-reggio-emilia/?gad_source=1&gad_campaignid=23800353523&gclid=CjwKCAjwuuPRBhAnEiwA2Ji8evVirHC0iIpS6VAO3M2Af9vtFGmznRwBTEbbIt8ZceGDasOsaRHx6BoCZ9AQAvD_BwE" "Mozilla/5.0 (iPhone; CPU iPhone OS 18_7 like Mac OS X) AppleWebKit/605.1.15 (KHTML, like Gecko) FxiOS/152.0 Mobile/15E148 Safari/604.1"
93.42.249.152 - - [22/Jun/2026:16:11:18 +0200] "GET /wp-content/plugins/elementor/assets/lib/eicons/css/elementor-icons.min.css?ver=5.34.0 HTTP/2.0" 200 4115 "https://reggio-emilia.elettroservicegroup.it/assistenza-condizionatori-reggio-emilia/?gad_source=1&gad_campaignid=23800353523&gclid=CjwKCAjwuuPRBhAnEiwA2Ji8evVirHC0iIpS6VAO3M2Af9vtFGmznRwBTEbbIt8ZceGDasOsaRHx6BoCZ9AQAvD_BwE" "Mozilla/5.0 (iPhone; CPU iPhone OS 18_7 like Mac OS X) AppleWebKit/605.1.15 (KHTML, like Gecko) FxiOS/152.0 Mobile/15E148 Safari/604.1"
93.42.249.152 - - [22/Jun/2026:16:11:18 +0200] "GET /wp-content/plugins/elementor/assets/lib/font-awesome/css/brands.css?ver=5.15.3 HTTP/2.0" 200 298 "https://reggio-emilia.elettroservicegroup.it/assistenza-condizionatori-reggio-emilia/?gad_source=1&gad_campaignid=23800353523&gclid=CjwKCAjwuuPRBhAnEiwA2Ji8evVirHC0iIpS6VAO3M2Af9vtFGmznRwBTEbbIt8ZceGDasOsaRHx6BoCZ9AQAvD_BwE" "Mozilla/5.0 (iPhone; CPU iPhone OS 18_7 like Mac OS X) AppleWebKit/605.1.15 (KHTML, like Gecko) FxiOS/152.0 Mobile/15E148 Safari/604.1"
93.42.249.152 - - [22/Jun/2026:16:11:18 +0200] "GET /wp-content/plugins/elementor/assets/lib/font-awesome/css/solid.css?ver=5.15.3 HTTP/2.0" 200 299 "https://reggio-emilia.elettroservicegroup.it/assistenza-condizionatori-reggio-emilia/?gad_source=1&gad_campaignid=23800353523&gclid=CjwKCAjwuuPRBhAnEiwA2Ji8evVirHC0iIpS6VAO3M2Af9vtFGmznRwBTEbbIt8ZceGDasOsaRHx6BoCZ9AQAvD_BwE" "Mozilla/5.0 (iPhone; CPU iPhone OS 18_7 like Mac OS X) AppleWebKit/605.1.15 (KHTML, like Gecko) FxiOS/152.0 Mobile/15E148 Safari/604.1"
93.42.249.152 - - [22/Jun/2026:16:11:18 +0200] "GET /wp-content/plugins/elementor/assets/lib/font-awesome/css/all.min.css?ver=4.1.3 HTTP/2.0" 200 12402 "https://reggio-emilia.elettroservicegroup.it/assistenza-condizionatori-reggio-emilia/?gad_source=1&gad_campaignid=23800353523&gclid=CjwKCAjwuuPRBhAnEiwA2Ji8evVirHC0iIpS6VAO3M2Af9vtFGmznRwBTEbbIt8ZceGDasOsaRHx6BoCZ9AQAvD_BwE" "Mozilla/5.0 (iPhone; CPU iPhone OS 18_7 like Mac OS X) AppleWebKit/605.1.15 (KHTML, like Gecko) FxiOS/152.0 Mobile/15E148 Safari/604.1"
93.42.249.152 - - [22/Jun/2026:16:11:18 +0200] "GET /wp-content/plugins/gp-premium/menu-plus/functions/css/navigation-branding-flex.min.css?ver=2.5.5 HTTP/2.0" 200 542 "https://reggio-emilia.elettroservicegroup.it/assistenza-condizionatori-reggio-emilia/?gad_source=1&gad_campaignid=23800353523&gclid=CjwKCAjwuuPRBhAnEiwA2Ji8evVirHC0iIpS6VAO3M2Af9vtFGmznRwBTEbbIt8ZceGDasOsaRHx6BoCZ9AQAvD_BwE" "Mozilla/5.0 (iPhone; CPU iPhone OS 18_7 like Mac OS X) AppleWebKit/605.1.15 (KHTML, like Gecko) FxiOS/152.0 Mobile/15E148 Safari/604.1"
93.42.249.152 - - [22/Jun/2026:16:11:18 +0200] "GET /wp-content/uploads/elementor/google-fonts/css/roboto.css?ver=1742255001 HTTP/2.0" 200 1890 "https://reggio-emilia.elettroservicegroup.it/assistenza-condizionatori-reggio-emilia/?gad_source=1&gad_campaignid=23800353523&gclid=CjwKCAjwuuPRBhAnEiwA2Ji8evVirHC0iIpS6VAO3M2Af9vtFGmznRwBTEbbIt8ZceGDasOsaRHx6BoCZ9AQAvD_BwE" "Mozilla/5.0 (iPhone; CPU iPhone OS 18_7 like Mac OS X) AppleWebKit/605.1.15 (KHTML, like Gecko) FxiOS/152.0 Mobile/15E148 Safari/604.1"
93.42.249.152 - - [22/Jun/2026:16:11:18 +0200] "GET /wp-content/uploads/elementor/google-fonts/css/robotoslab.css?ver=1742255003 HTTP/2.0" 200 721 "https://reggio-emilia.elettroservicegroup.it/assistenza-condizionatori-reggio-emilia/?gad_source=1&gad_campaignid=23800353523&gclid=CjwKCAjwuuPRBhAnEiwA2Ji8evVirHC0iIpS6VAO3M2Af9vtFGmznRwBTEbbIt8ZceGDasOsaRHx6BoCZ9AQAvD_BwE" "Mozilla/5.0 (iPhone; CPU iPhone OS 18_7 like Mac OS X) AppleWebKit/605.1.15 (KHTML, like Gecko) FxiOS/152.0 Mobile/15E148 Safari/604.1"
93.42.249.152 - - [22/Jun/2026:16:11:18 +0200] "GET /wp-content/uploads/2021/10/cropped-cropped-cropped-logo_white_background.png HTTP/2.0" 200 26788 "https://reggio-emilia.elettroservicegroup.it/assistenza-condizionatori-reggio-emilia/?gad_source=1&gad_campaignid=23800353523&gclid=CjwKCAjwuuPRBhAnEiwA2Ji8evVirHC0iIpS6VAO3M2Af9vtFGmznRwBTEbbIt8ZceGDasOsaRHx6BoCZ9AQAvD_BwE" "Mozilla/5.0 (iPhone; CPU iPhone OS 18_7 like Mac OS X) AppleWebKit/605.1.15 (KHTML, like Gecko) FxiOS/152.0 Mobile/15E148 Safari/604.1"
93.42.249.152 - - [22/Jun/2026:16:11:18 +0200] "GET /wp-content/plugins/elementor/assets/lib/font-awesome/js/v4-shims.min.js?ver=4.1.3 HTTP/2.0" 200 4043 "https://reggio-emilia.elettroservicegroup.it/assistenza-condizionatori-reggio-emilia/?gad_source=1&gad_campaignid=23800353523&gclid=CjwKCAjwuuPRBhAnEiwA2Ji8evVirHC0iIpS6VAO3M2Af9vtFGmznRwBTEbbIt8ZceGDasOsaRHx6BoCZ9AQAvD_BwE" "Mozilla/5.0 (iPhone; CPU iPhone OS 18_7 like Mac OS X) AppleWebKit/605.1.15 (KHTML, like Gecko) FxiOS/152.0 Mobile/15E148 Safari/604.1"
93.42.249.152 - - [22/Jun/2026:16:11:18 +0200] "GET /wp-includes/js/jquery/jquery-migrate.min.js?ver=3.4.1 HTTP/2.0" 200 4685 "https://reggio-emilia.elettroservicegroup.it/assistenza-condizionatori-reggio-emilia/?gad_source=1&gad_campaignid=23800353523&gclid=CjwKCAjwuuPRBhAnEiwA2Ji8evVirHC0iIpS6VAO3M2Af9vtFGmznRwBTEbbIt8ZceGDasOsaRHx6BoCZ9AQAvD_BwE" "Mozilla/5.0 (iPhone; CPU iPhone OS 18_7 like Mac OS X) AppleWebKit/605.1.15 (KHTML, like Gecko) FxiOS/152.0 Mobile/15E148 Safari/604.1"
93.42.249.152 - - [22/Jun/2026:16:11:18 +0200] "GET /wp-content/themes/generatepress/assets/js/menu.min.js?ver=3.6.1 HTTP/2.0" 200 1688 "https://reggio-emilia.elettroservicegroup.it/assistenza-condizionatori-reggio-emilia/?gad_source=1&gad_campaignid=23800353523&gclid=CjwKCAjwuuPRBhAnEiwA2Ji8evVirHC0iIpS6VAO3M2Af9vtFGmznRwBTEbbIt8ZceGDasOsaRHx6BoCZ9AQAvD_BwE" "Mozilla/5.0 (iPhone; CPU iPhone OS 18_7 like Mac OS X) AppleWebKit/605.1.15 (KHTML, like Gecko) FxiOS/152.0 Mobile/15E148 Safari/604.1"
93.42.249.152 - - [22/Jun/2026:16:11:18 +0200] "GET /wp-content/plugins/elementor/assets/lib/font-awesome/css/fontawesome.css?ver=5.15.3 HTTP/2.0" 200 12535 "https://reggio-emilia.elettroservicegroup.it/assistenza-condizionatori-reggio-emilia/?gad_source=1&gad_campaignid=23800353523&gclid=CjwKCAjwuuPRBhAnEiwA2Ji8evVirHC0iIpS6VAO3M2Af9vtFGmznRwBTEbbIt8ZceGDasOsaRHx6BoCZ9AQAvD_BwE" "Mozilla/5.0 (iPhone; CPU iPhone OS 18_7 like Mac OS X) AppleWebKit/605.1.15 (KHTML, like Gecko) FxiOS/152.0 Mobile/15E148 Safari/604.1"
93.42.249.152 - - [22/Jun/2026:16:11:18 +0200] "GET /wp-content/plugins/gp-premium/menu-plus/functions/js/sticky.min.js?ver=2.5.5 HTTP/2.0" 200 2670 "https://reggio-emilia.elettroservicegroup.it/assistenza-condizionatori-reggio-emilia/?gad_source=1&gad_campaignid=23800353523&gclid=CjwKCAjwuuPRBhAnEiwA2Ji8evVirHC0iIpS6VAO3M2Af9vtFGmznRwBTEbbIt8ZceGDasOsaRHx6BoCZ9AQAvD_BwE" "Mozilla/5.0 (iPhone; CPU iPhone OS 18_7 like Mac OS X) AppleWebKit/605.1.15 (KHTML, like Gecko) FxiOS/152.0 Mobile/15E148 Safari/604.1"
93.42.249.152 - - [22/Jun/2026:16:11:18 +0200] "GET /wp-content/plugins/elementor/assets/js/webpack.runtime.min.js?ver=4.1.3 HTTP/2.0" 200 2340 "https://reggio-emilia.elettroservicegroup.it/assistenza-condizionatori-reggio-emilia/?gad_source=1&gad_campaignid=23800353523&gclid=CjwKCAjwuuPRBhAnEiwA2Ji8evVirHC0iIpS6VAO3M2Af9vtFGmznRwBTEbbIt8ZceGDasOsaRHx6BoCZ9AQAvD_BwE" "Mozilla/5.0 (iPhone; CPU iPhone OS 18_7 like Mac OS X) AppleWebKit/605.1.15 (KHTML, like Gecko) FxiOS/152.0 Mobile/15E148 Safari/604.1"
93.42.249.152 - - [22/Jun/2026:16:11:18 +0200] "GET /wp-content/plugins/elementor/assets/js/frontend-modules.min.js?ver=4.1.3 HTTP/2.0" 200 15454 "https://reggio-emilia.elettroservicegroup.it/assistenza-condizionatori-reggio-emilia/?gad_source=1&gad_campaignid=23800353523&gclid=CjwKCAjwuuPRBhAnEiwA2Ji8evVirHC0iIpS6VAO3M2Af9vtFGmznRwBTEbbIt8ZceGDasOsaRHx6BoCZ9AQAvD_BwE" "Mozilla/5.0 (iPhone; CPU iPhone OS 18_7 like Mac OS X) AppleWebKit/605.1.15 (KHTML, like Gecko) FxiOS/152.0 Mobile/15E148 Safari/604.1"
93.42.249.152 - - [22/Jun/2026:16:11:18 +0200] "GET /wp-includes/js/jquery/ui/core.min.js?ver=1.13.3 HTTP/2.0" 200 6820 "https://reggio-emilia.elettroservicegroup.it/assistenza-condizionatori-reggio-emilia/?gad_source=1&gad_campaignid=23800353523&gclid=CjwKCAjwuuPRBhAnEiwA2Ji8evVirHC0iIpS6VAO3M2Af9vtFGmznRwBTEbbIt8ZceGDasOsaRHx6BoCZ9AQAvD_BwE" "Mozilla/5.0 (iPhone; CPU iPhone OS 18_7 like Mac OS X) AppleWebKit/605.1.15 (KHTML, like Gecko) FxiOS/152.0 Mobile/15E148 Safari/604.1"
93.42.249.152 - - [22/Jun/2026:16:11:18 +0200] "GET /wp-content/plugins/elementor/assets/js/frontend.min.js?ver=4.1.3 HTTP/2.0" 200 10140 "https://reggio-emilia.elettroservicegroup.it/assistenza-condizionatori-reggio-emilia/?gad_source=1&gad_campaignid=23800353523&gclid=CjwKCAjwuuPRBhAnEiwA2Ji8evVirHC0iIpS6VAO3M2Af9vtFGmznRwBTEbbIt8ZceGDasOsaRHx6BoCZ9AQAvD_BwE" "Mozilla/5.0 (iPhone; CPU iPhone OS 18_7 like Mac OS X) AppleWebKit/605.1.15 (KHTML, like Gecko) FxiOS/152.0 Mobile/15E148 Safari/604.1"
93.42.249.152 - - [22/Jun/2026:16:11:18 +0200] "GET /wp-content/themes/generatepress/assets/js/back-to-top.min.js?ver=3.6.1 HTTP/2.0" 200 336 "https://reggio-emilia.elettroservicegroup.it/assistenza-condizionatori-reggio-emilia/?gad_source=1&gad_campaignid=23800353523&gclid=CjwKCAjwuuPRBhAnEiwA2Ji8evVirHC0iIpS6VAO3M2Af9vtFGmznRwBTEbbIt8ZceGDasOsaRHx6BoCZ9AQAvD_BwE" "Mozilla/5.0 (iPhone; CPU iPhone OS 18_7 like Mac OS X) AppleWebKit/605.1.15 (KHTML, like Gecko) FxiOS/152.0 Mobile/15E148 Safari/604.1"
93.42.249.152 - - [22/Jun/2026:16:11:18 +0200] "GET /wp-content/plugins/complianz-gdpr-premium/cookiebanner/js/complianz.min.js?ver=1781536286 HTTP/2.0" 200 10762 "https://reggio-emilia.elettroservicegroup.it/assistenza-condizionatori-reggio-emilia/?gad_source=1&gad_campaignid=23800353523&gclid=CjwKCAjwuuPRBhAnEiwA2Ji8evVirHC0iIpS6VAO3M2Af9vtFGmznRwBTEbbIt8ZceGDasOsaRHx6BoCZ9AQAvD_BwE" "Mozilla/5.0 (iPhone; CPU iPhone OS 18_7 like Mac OS X) AppleWebKit/605.1.15 (KHTML, like Gecko) FxiOS/152.0 Mobile/15E148 Safari/604.1"
93.42.249.152 - - [22/Jun/2026:16:11:18 +0200] "GET /wp-includes/js/jquery/jquery.min.js?ver=3.7.1 HTTP/2.0" 200 29769 "https://reggio-emilia.elettroservicegroup.it/assistenza-condizionatori-reggio-emilia/?gad_source=1&gad_campaignid=23800353523&gclid=CjwKCAjwuuPRBhAnEiwA2Ji8evVirHC0iIpS6VAO3M2Af9vtFGmznRwBTEbbIt8ZceGDasOsaRHx6BoCZ9AQAvD_BwE" "Mozilla/5.0 (iPhone; CPU iPhone OS 18_7 like Mac OS X) AppleWebKit/605.1.15 (KHTML, like Gecko) FxiOS/152.0 Mobile/15E148 Safari/604.1"
93.42.249.152 - - [22/Jun/2026:16:11:18 +0200] "GET /wp-content/uploads/2021/10/cropped-logo_white_background.png HTTP/2.0" 200 15855 "https://reggio-emilia.elettroservicegroup.it/assistenza-condizionatori-reggio-emilia/?gad_source=1&gad_campaignid=23800353523&gclid=CjwKCAjwuuPRBhAnEiwA2Ji8evVirHC0iIpS6VAO3M2Af9vtFGmznRwBTEbbIt8ZceGDasOsaRHx6BoCZ9AQAvD_BwE" "Mozilla/5.0 (iPhone; CPU iPhone OS 18_7 like Mac OS X) AppleWebKit/605.1.15 (KHTML, like Gecko) FxiOS/152.0 Mobile/15E148 Safari/604.1"
93.42.249.152 - - [22/Jun/2026:16:11:18 +0200] "GET /wp-content/uploads/elementor/google-fonts/fonts/roboto-kfo7cnqeu92fr1me7ksn66agldtyluama3yuba.woff2 HTTP/2.0" 200 40132 "https://reggio-emilia.elettroservicegroup.it/assistenza-condizionatori-reggio-emilia/?gad_source=1&gad_campaignid=23800353523&gclid=CjwKCAjwuuPRBhAnEiwA2Ji8evVirHC0iIpS6VAO3M2Af9vtFGmznRwBTEbbIt8ZceGDasOsaRHx6BoCZ9AQAvD_BwE" "Mozilla/5.0 (iPhone; CPU iPhone OS 18_7 like Mac OS X) AppleWebKit/605.1.15 (KHTML, like Gecko) FxiOS/152.0 Mobile/15E148 Safari/604.1"
93.42.249.152 - - [22/Jun/2026:16:11:18 +0200] "GET /wp-content/uploads/2021/10/TECNICO-ELETTRODOMESTICI-3.jpg HTTP/2.0" 200 23089 "https://reggio-emilia.elettroservicegroup.it/assistenza-condizionatori-reggio-emilia/?gad_source=1&gad_campaignid=23800353523&gclid=CjwKCAjwuuPRBhAnEiwA2Ji8evVirHC0iIpS6VAO3M2Af9vtFGmznRwBTEbbIt8ZceGDasOsaRHx6BoCZ9AQAvD_BwE" "Mozilla/5.0 (iPhone; CPU iPhone OS 18_7 like Mac OS X) AppleWebKit/605.1.15 (KHTML, like Gecko) FxiOS/152.0 Mobile/15E148 Safari/604.1"
93.42.249.152 - - [22/Jun/2026:16:11:18 +0200] "GET /wp-content/plugins/elementor/assets/js/section-frontend-handlers.d85ab872da118940910d.bundle.min.js HTTP/2.0" 200 230 "https://reggio-emilia.elettroservicegroup.it/assistenza-condizionatori-reggio-emilia/?gad_source=1&gad_campaignid=23800353523&gclid=CjwKCAjwuuPRBhAnEiwA2Ji8evVirHC0iIpS6VAO3M2Af9vtFGmznRwBTEbbIt8ZceGDasOsaRHx6BoCZ9AQAvD_BwE" "Mozilla/5.0 (iPhone; CPU iPhone OS 18_7 like Mac OS X) AppleWebKit/605.1.15 (KHTML, like Gecko) FxiOS/152.0 Mobile/15E148 Safari/604.1"
93.42.249.152 - - [22/Jun/2026:16:11:18 +0200] "GET /wp-content/plugins/elementor/assets/js/text-editor.45609661e409413f1cef.bundle.min.js HTTP/2.0" 200 592 "https://reggio-emilia.elettroservicegroup.it/assistenza-condizionatori-reggio-emilia/?gad_source=1&gad_campaignid=23800353523&gclid=CjwKCAjwuuPRBhAnEiwA2Ji8evVirHC0iIpS6VAO3M2Af9vtFGmznRwBTEbbIt8ZceGDasOsaRHx6BoCZ9AQAvD_BwE" "Mozilla/5.0 (iPhone; CPU iPhone OS 18_7 like Mac OS X) AppleWebKit/605.1.15 (KHTML, like Gecko) FxiOS/152.0 Mobile/15E148 Safari/604.1"
93.42.249.152 - - [22/Jun/2026:16:11:18 +0200] "GET /wp-content/plugins/elementor/assets/js/shared-frontend-handlers.03caa53373b56d3bab67.bundle.min.js HTTP/2.0" 200 2515 "https://reggio-emilia.elettroservicegroup.it/assistenza-condizionatori-reggio-emilia/?gad_source=1&gad_campaignid=23800353523&gclid=CjwKCAjwuuPRBhAnEiwA2Ji8evVirHC0iIpS6VAO3M2Af9vtFGmznRwBTEbbIt8ZceGDasOsaRHx6BoCZ9AQAvD_BwE" "Mozilla/5.0 (iPhone; CPU iPhone OS 18_7 like Mac OS X) AppleWebKit/605.1.15 (KHTML, like Gecko) FxiOS/152.0 Mobile/15E148 Safari/604.1"
93.42.249.152 - - [22/Jun/2026:16:11:19 +0200] "GET /wp-content/uploads/2021/10/Condizionatore.jpg HTTP/2.0" 200 21854 "https://reggio-emilia.elettroservicegroup.it/assistenza-condizionatori-reggio-emilia/?gad_source=1&gad_campaignid=23800353523&gclid=CjwKCAjwuuPRBhAnEiwA2Ji8evVirHC0iIpS6VAO3M2Af9vtFGmznRwBTEbbIt8ZceGDasOsaRHx6BoCZ9AQAvD_BwE" "Mozilla/5.0 (iPhone; CPU iPhone OS 18_7 like Mac OS X) AppleWebKit/605.1.15 (KHTML, like Gecko) FxiOS/152.0 Mobile/15E148 Safari/604.1"
93.42.249.152 - - [22/Jun/2026:16:11:18 +0200] "GET /wp-json/complianz/v1/banner?lang=it&locale=it_IT&token=felip HTTP/2.0" 200 82 "https://reggio-emilia.elettroservicegroup.it/assistenza-condizionatori-reggio-emilia/?gad_source=1&gad_campaignid=23800353523&gclid=CjwKCAjwuuPRBhAnEiwA2Ji8evVirHC0iIpS6VAO3M2Af9vtFGmznRwBTEbbIt8ZceGDasOsaRHx6BoCZ9AQAvD_BwE" "Mozilla/5.0 (iPhone; CPU iPhone OS 18_7 like Mac OS X) AppleWebKit/605.1.15 (KHTML, like Gecko) FxiOS/152.0 Mobile/15E148 Safari/604.1"
93.42.249.152 - - [22/Jun/2026:16:11:20 +0200] "GET /wp-content/uploads/complianz/css/banner-1-optin.css?v=511 HTTP/2.0" 200 2862 "https://reggio-emilia.elettroservicegroup.it/assistenza-condizionatori-reggio-emilia/?gad_source=1&gad_campaignid=23800353523&gclid=CjwKCAjwuuPRBhAnEiwA2Ji8evVirHC0iIpS6VAO3M2Af9vtFGmznRwBTEbbIt8ZceGDasOsaRHx6BoCZ9AQAvD_BwE" "Mozilla/5.0 (iPhone; CPU iPhone OS 18_7 like Mac OS X) AppleWebKit/605.1.15 (KHTML, like Gecko) FxiOS/152.0 Mobile/15E148 Safari/604.1"
65.108.235.243 - - [22/Jun/2026:16:11:21 +0200] "POST /wp-cron.php?doing_wp_cron=1782137481.5161979198455810546875 HTTP/1.1" 200 1 "-" "WordPress/7.0; https://reggio-emilia.elettroservicegroup.it"
93.42.249.152 - - [22/Jun/2026:16:11:20 +0200] "GET /wp-json/complianz/v1/cookie_data HTTP/2.0" 200 82 "https://reggio-emilia.elettroservicegroup.it/assistenza-condizionatori-reggio-emilia/?gad_source=1&gad_campaignid=23800353523&gclid=CjwKCAjwuuPRBhAnEiwA2Ji8evVirHC0iIpS6VAO3M2Af9vtFGmznRwBTEbbIt8ZceGDasOsaRHx6BoCZ9AQAvD_BwE" "Mozilla/5.0 (iPhone; CPU iPhone OS 18_7 like Mac OS X) AppleWebKit/605.1.15 (KHTML, like Gecko) FxiOS/152.0 Mobile/15E148 Safari/604.1"
93.42.249.152 - - [22/Jun/2026:16:11:22 +0200] "POST /wp-json/complianz/v1/track HTTP/2.0" 200 20 "https://reggio-emilia.elettroservicegroup.it/assistenza-condizionatori-reggio-emilia/?gad_source=1&gad_campaignid=23800353523&gclid=CjwKCAjwuuPRBhAnEiwA2Ji8evVirHC0iIpS6VAO3M2Af9vtFGmznRwBTEbbIt8ZceGDasOsaRHx6BoCZ9AQAvD_BwE" "Mozilla/5.0 (iPhone; CPU iPhone OS 18_7 like Mac OS X) AppleWebKit/605.1.15 (KHTML, like Gecko) FxiOS/152.0 Mobile/15E148 Safari/604.1"
65.108.235.243 - - [22/Jun/2026:16:15:40 +0200] "POST /wp-cron.php?doing_wp_cron=1782137740.3385179042816162109375 HTTP/1.1" 200 1 "-" "WordPress/7.0; https://reggio-emilia.elettroservicegroup.it"
104.210.140.129 - - [22/Jun/2026:16:15:38 +0200] "GET /robots.txt HTTP/2.0" 200 110 "-" "Mozilla/5.0 (Macintosh; Intel Mac OS X 10_15_7) AppleWebKit/537.36 (KHTML, like Gecko) Chrome/131.0.0.0 Safari/537.36; compatible; OAI-SearchBot/1.0; +https://openai.com/searchbot"
65.108.235.243 - - [22/Jun/2026:16:15:40 +0200] "POST /wp-json/complianz/v1/wsc-scan HTTP/1.1" 400 88 "-" "WordPress/7.0; https://reggio-emilia.elettroservicegroup.it"
78.209.180.65 - - [22/Jun/2026:16:16:10 +0200] "GET /assistenza-condizionatori-reggio-emilia/ HTTP/2.0" 200 20341 "https://www.google.com/" "Mozilla/5.0 (Linux; Android 10; K) AppleWebKit/537.36 (KHTML, like Gecko) Chrome/149.0.0.0 Mobile Safari/537.36"
78.209.180.65 - - [22/Jun/2026:16:16:14 +0200] "GET /wp-json/complianz/v1/banner?lang=it&locale=it_IT&token=tujra HTTP/2.0" 200 82 "https://reggio-emilia.elettroservicegroup.it/assistenza-condizionatori-reggio-emilia/" "Mozilla/5.0 (Linux; Android 10; K) AppleWebKit/537.36 (KHTML, like Gecko) Chrome/149.0.0.0 Mobile Safari/537.36"
78.209.180.65 - - [22/Jun/2026:16:16:16 +0200] "GET /wp-json/complianz/v1/cookie_data HTTP/2.0" 200 82 "https://reggio-emilia.elettroservicegroup.it/assistenza-condizionatori-reggio-emilia/" "Mozilla/5.0 (Linux; Android 10; K) AppleWebKit/537.36 (KHTML, like Gecko) Chrome/149.0.0.0 Mobile Safari/537.36"
65.108.235.243 - - [22/Jun/2026:16:29:02 +0200] "POST /wp-cron.php?doing_wp_cron=1782138542.0290350914001464843750 HTTP/1.1" 200 1 "-" "WordPress/7.0; https://reggio-emilia.elettroservicegroup.it"
47.128.23.236 - - [22/Jun/2026:16:29:00 +0200] "GET /robots.txt HTTP/1.1" 403 205 "-" "Mozilla/5.0 (Linux; Android 5.0) AppleWebKit/537.36 (KHTML, like Gecko) Mobile Safari/537.36 (compatible; Bytespider; spider-feedback@bytedance.com)"
65.108.235.243 - - [22/Jun/2026:16:30:08 +0200] "POST /wp-cron.php?doing_wp_cron=1782138608.5137510299682617187500 HTTP/1.1" 200 1 "-" "WordPress/7.0; https://reggio-emilia.elettroservicegroup.it"
185.153.47.137 - - [22/Jun/2026:16:30:01 +0200] "GET /wp-json/link-factory/v1/health HTTP/1.1" 404 115 "-" "undici"
185.153.47.137 - - [22/Jun/2026:16:30:09 +0200] "GET /wp-login.php HTTP/1.1" 200 3211 "-" "Mozilla/5.0 (X11; Linux x86_64) AppleWebKit/537.36 (KHTML, like Gecko) Chrome/127.0 Safari/537.36"
185.153.47.137 - - [22/Jun/2026:16:30:13 +0200] "POST /wp-login.php HTTP/1.1" 200 3328 "https://reggio-emilia.elettroservicegroup.it/wp-login.php" "Mozilla/5.0 (X11; Linux x86_64) AppleWebKit/537.36 (KHTML, like Gecko) Chrome/127.0 Safari/537.36"
162.120.188.139 - - [22/Jun/2026:16:43:42 +0200] "GET /assistenza-condizionatori-reggio-emilia/ HTTP/2.0" 200 20252 "https://www.google.com/" "Mozilla/5.0 (Windows NT 10.0; Win64; x64) AppleWebKit/537.36 (KHTML, like Gecko) Chrome/149.0.0.0 Safari/537.36"
65.108.235.243 - - [22/Jun/2026:16:43:50 +0200] "POST /wp-cron.php?doing_wp_cron=1782139430.5584390163421630859375 HTTP/1.1" 200 1 "-" "WordPress/7.0; https://reggio-emilia.elettroservicegroup.it"
66.249.93.132 - - [22/Jun/2026:16:43:42 +0200] "GET /.well-known/traffic-advice HTTP/1.1" 404 15861 "-" "Chrome Privacy Preserving Prefetch Proxy"
185.97.201.161 - - [22/Jun/2026:16:58:03 +0200] "POST /xmlrpc.php HTTP/1.1" 403 52 "-" "undici"
65.108.235.243 - - [22/Jun/2026:16:58:05 +0200] "POST /wp-cron.php?doing_wp_cron=1782140285.5854640007019042968750 HTTP/1.1" 200 1 "-" "WordPress/7.0; https://reggio-emilia.elettroservicegroup.it"
185.97.201.161 - - [22/Jun/2026:16:58:04 +0200] "GET /wp-json/wp/v2/categories?search=Uncategorized&per_page=100 HTTP/1.1" 200 1465 "-" "undici"
185.97.201.161 - - [22/Jun/2026:16:58:05 +0200] "POST /wp-json/wp/v2/posts HTTP/1.1" 401 102 "-" "undici"
185.97.201.161 - - [22/Jun/2026:16:58:06 +0200] "GET /wp-json/wp/v2/settings HTTP/1.1" 401 84 "-" "undici"
192.178.16.137 - - [22/Jun/2026:16:58:12 +0200] "GET /assistenza-ariston-reggio-emilia/ HTTP/1.1" 200 23050 "-" "Mozilla/5.0 (Linux; Android 6.0.1; Nexus 5X Build/MMB29P) AppleWebKit/537.36 (KHTML, like Gecko) Chrome/148.0.7778.96 Mobile Safari/537.36 (compatible; AdsBot-Google-Mobile; +http://www.google.com/mobile/adsbot.html)"
192.178.16.136 - - [22/Jun/2026:16:58:14 +0200] "GET /wp-content/uploads/elementor/css/post-17696.css?ver=1781776422 HTTP/1.1" 200 2167 "https://reggio-emilia.elettroservicegroup.it/assistenza-ariston-reggio-emilia/" "AdsBot-Google (+http://www.google.com/adsbot.html)"
65.108.235.243 - - [22/Jun/2026:17:00:18 +0200] "POST /wp-cron.php?doing_wp_cron=1782140418.3997380733489990234375 HTTP/1.1" 200 1 "-" "WordPress/7.0; https://reggio-emilia.elettroservicegroup.it"
192.178.16.138 - - [22/Jun/2026:17:00:16 +0200] "GET /assistenza-lavastoviglie-smeg-reggio-emilia/ HTTP/1.1" 200 22934 "-" "Mozilla/5.0 (Linux; Android 6.0.1; Nexus 5X Build/MMB29P) AppleWebKit/537.36 (KHTML, like Gecko) Chrome/148.0.7778.96 Mobile Safari/537.36 (compatible; AdsBot-Google-Mobile; +http://www.google.com/mobile/adsbot.html)"
192.178.16.137 - - [22/Jun/2026:17:00:20 +0200] "GET /wp-content/uploads/elementor/css/post-17756.css?ver=1781768610 HTTP/1.1" 200 2067 "https://reggio-emilia.elettroservicegroup.it/assistenza-lavastoviglie-smeg-reggio-emilia/" "AdsBot-Google (+http://www.google.com/adsbot.html)"
65.108.235.243 - - [22/Jun/2026:17:01:00 +0200] "POST /wp-cron.php?doing_wp_cron=1782140460.1327209472656250000000 HTTP/1.1" 200 1 "-" "WordPress/7.0; https://reggio-emilia.elettroservicegroup.it"
40.77.167.6 - - [22/Jun/2026:17:00:58 +0200] "GET /sitemap.xml.gz HTTP/2.0" 200 338 "-" "Mozilla/5.0 AppleWebKit/537.36 (KHTML, like Gecko; compatible; bingbot/2.0; +http://www.bing.com/bingbot.htm) Chrome/116.0.1938.76 Safari/537.36"
37.60.238.43 - - [22/Jun/2026:17:01:28 +0200] "GET /.env HTTP/1.1" 404 79623 "-" "Mozilla/5.0 (X11; Linux x86_64)"
65.108.235.243 - - [22/Jun/2026:17:02:22 +0200] "POST /wp-cron.php?doing_wp_cron=1782140542.9420890808105468750000 HTTP/1.1" 200 1 "-" "WordPress/7.0; https://reggio-emilia.elettroservicegroup.it"
192.178.16.137 - - [22/Jun/2026:17:02:21 +0200] "GET / HTTP/1.1" 200 23426 "-" "Mozilla/5.0 (Linux; Android 6.0.1; Nexus 5X Build/MMB29P) AppleWebKit/537.36 (KHTML, like Gecko) Chrome/148.0.7778.96 Mobile Safari/537.36 (compatible; AdsBot-Google-Mobile; +http://www.google.com/mobile/adsbot.html)"
192.178.16.136 - - [22/Jun/2026:17:02:26 +0200] "GET /wp-content/uploads/elementor/css/post-14227.css?ver=1781760307 HTTP/1.1" 200 2362 "https://reggio-emilia.elettroservicegroup.it/" "AdsBot-Google (+http://www.google.com/adsbot.html)"
192.178.16.136 - - [22/Jun/2026:17:02:29 +0200] "GET /assistenza-lavatrici-santilario-denza/ HTTP/1.1" 200 23725 "-" "Mozilla/5.0 (Linux; Android 6.0.1; Nexus 5X Build/MMB29P) AppleWebKit/537.36 (KHTML, like Gecko) Chrome/148.0.7778.96 Mobile Safari/537.36 (compatible; AdsBot-Google-Mobile; +http://www.google.com/mobile/adsbot.html)"
192.178.16.136 - - [22/Jun/2026:17:02:31 +0200] "GET /wp-content/uploads/elementor/css/post-17769.css?ver=1781767254 HTTP/1.1" 200 2243 "https://reggio-emilia.elettroservicegroup.it/assistenza-lavatrici-santilario-denza/" "AdsBot-Google (+http://www.google.com/adsbot.html)"
192.178.16.136 - - [22/Jun/2026:17:02:31 +0200] "GET /wp-json/complianz/v1/banner?lang=it&locale=it_IT&token=lcps HTTP/1.1" 200 82 "https://reggio-emilia.elettroservicegroup.it/assistenza-lavatrici-santilario-denza/" "AdsBot-Google (+http://www.google.com/adsbot.html)"
65.108.235.243 - - [22/Jun/2026:17:04:22 +0200] "POST /wp-cron.php?doing_wp_cron=1782140662.8788700103759765625000 HTTP/1.1" 200 1 "-" "WordPress/7.0; https://reggio-emilia.elettroservicegroup.it"
192.178.16.136 - - [22/Jun/2026:17:04:21 +0200] "GET /assistenza-aeg-reggio-emilia/ HTTP/1.1" 200 22980 "-" "Mozilla/5.0 (Linux; Android 6.0.1; Nexus 5X Build/MMB29P) AppleWebKit/537.36 (KHTML, like Gecko) Chrome/148.0.7778.96 Mobile Safari/537.36 (compatible; AdsBot-Google-Mobile; +http://www.google.com/mobile/adsbot.html)"
65.108.235.243 - - [22/Jun/2026:17:04:38 +0200] "POST /wp-admin/admin-ajax.php?action=elementor_1_elementor_updater&nonce=15315f9469 HTTP/1.1" 503 588 "-" "WordPress/7.0; https://reggio-emilia.elettroservicegroup.it"
65.108.235.243 - - [22/Jun/2026:17:04:38 +0200] "GET /?wp_scrape_key=93733ae8ae38a3ae5f49279a9ed739bb&wp_scrape_nonce=1782140676 HTTP/1.1" 200 23489 "-" "WordPress/7.0; https://reggio-emilia.elettroservicegroup.it"
65.108.235.243 - - [22/Jun/2026:17:05:22 +0200] "POST /wp-cron.php?doing_wp_cron=1782140722.0730490684509277343750 HTTP/1.1" 200 1 "-" "WordPress/7.0; https://reggio-emilia.elettroservicegroup.it"
192.178.16.138 - - [22/Jun/2026:17:05:20 +0200] "GET /wp-content/uploads/elementor/css/post-17690.css?ver=1781777312 HTTP/1.1" 404 17166 "https://reggio-emilia.elettroservicegroup.it/assistenza-aeg-reggio-emilia/" "AdsBot-Google (+http://www.google.com/adsbot.html)"
192.178.16.138 - - [22/Jun/2026:17:05:22 +0200] "GET /wp-content/uploads/elementor/google-fonts/fonts/robotoslab-bngmuxzytxpivibgjjsb6ufn5qu.woff2 HTTP/1.1" 304 - "https://reggio-emilia.elettroservicegroup.it/wp-content/uploads/elementor/google-fonts/css/robotoslab.css?ver=1742255003" "AdsBot-Google (+http://www.google.com/adsbot.html)"
65.108.235.243 - - [22/Jun/2026:17:05:22 +0200] "GET /dichiarazione-sulla-privacy-ue/ HTTP/1.1" 200 19228 "-" "WP Fastest Cache Preload Bot"
65.108.235.243 - - [22/Jun/2026:17:05:22 +0200] "GET /imprint/ HTTP/1.1" 200 16739 "-" "WP Fastest Cache Preload Bot"
65.108.235.243 - - [22/Jun/2026:17:05:23 +0200] "GET /assistenza-whirlpool-rubiera/ HTTP/1.1" 200 23042 "-" "WP Fastest Cache Preload Bot"
65.108.235.243 - - [22/Jun/2026:17:05:23 +0200] "GET /assistenza-whirlpool-scandiano/ HTTP/1.1" 200 22950 "-" "WP Fastest Cache Preload Bot"
65.108.235.243 - - [22/Jun/2026:17:05:24 +0200] "GET / HTTP/1.1" 200 23348 "-" "WP Fastest Cache Preload Bot"
65.108.235.243 - - [22/Jun/2026:17:06:14 +0200] "POST /wp-cron.php?doing_wp_cron=1782140774.4836270809173583984375 HTTP/1.1" 200 1 "-" "WordPress/7.0; https://reggio-emilia.elettroservicegroup.it"
192.178.16.136 - - [22/Jun/2026:17:06:12 +0200] "GET /assistenza-aeg-correggio/ HTTP/1.1" 200 22901 "-" "Mozilla/5.0 (Linux; Android 6.0.1; Nexus 5X Build/MMB29P) AppleWebKit/537.36 (KHTML, like Gecko) Chrome/148.0.7778.96 Mobile Safari/537.36 (compatible; AdsBot-Google-Mobile; +http://www.google.com/mobile/adsbot.html)"
192.178.16.136 - - [22/Jun/2026:17:06:17 +0200] "GET /wp-content/plugins/elementor/assets/css/frontend.min.css?ver=4.1.4 HTTP/1.1" 200 6618 "https://reggio-emilia.elettroservicegroup.it/assistenza-aeg-correggio/" "AdsBot-Google (+http://www.google.com/adsbot.html)"
192.178.16.137 - - [22/Jun/2026:17:06:17 +0200] "GET /wp-content/plugins/elementor/assets/css/widget-spacer.min.css?ver=4.1.4 HTTP/1.1" 200 287 "https://reggio-emilia.elettroservicegroup.it/assistenza-aeg-correggio/" "AdsBot-Google (+http://www.google.com/adsbot.html)"
192.178.16.137 - - [22/Jun/2026:17:06:17 +0200] "GET /wp-content/plugins/elementor/assets/lib/font-awesome/css/all.min.css?ver=4.1.4 HTTP/1.1" 200 12402 "https://reggio-emilia.elettroservicegroup.it/assistenza-aeg-correggio/" "AdsBot-Google (+http://www.google.com/adsbot.html)"
192.178.16.136 - - [22/Jun/2026:17:06:17 +0200] "GET /wp-content/uploads/elementor/css/post-14146.css?ver=1782140774 HTTP/1.1" 200 428 "https://reggio-emilia.elettroservicegroup.it/assistenza-aeg-correggio/" "AdsBot-Google (+http://www.google.com/adsbot.html)"
192.178.16.137 - - [22/Jun/2026:17:06:17 +0200] "GET /wp-content/plugins/elementor/assets/lib/animations/styles/zoomIn.min.css?ver=4.1.4 HTTP/1.1" 200 87 "https://reggio-emilia.elettroservicegroup.it/assistenza-aeg-correggio/" "AdsBot-Google (+http://www.google.com/adsbot.html)"
192.178.16.136 - - [22/Jun/2026:17:06:17 +0200] "GET /wp-content/plugins/elementor/assets/lib/font-awesome/css/v4-shims.min.css?ver=4.1.4 HTTP/1.1" 200 3986 "https://reggio-emilia.elettroservicegroup.it/assistenza-aeg-correggio/" "AdsBot-Google (+http://www.google.com/adsbot.html)"
