65.108.235.243 - - [21/Jun/2026:14:09:34 +0200] "POST /wp-cron.php?doing_wp_cron=1782043774.2606680393218994140625 HTTP/1.1" 200 1 "-" "WordPress/7.0; https://brescia.elettroservicegroup.it"
66.249.64.231 - - [21/Jun/2026:14:09:32 +0200] "GET /?p=16628 HTTP/1.1" 404 17860 "-" "Mozilla/5.0 (Linux; Android 6.0.1; Nexus 5X Build/MMB29P) AppleWebKit/537.36 (KHTML, like Gecko) Chrome/148.0.7778.96 Mobile Safari/537.36 (compatible; Googlebot/2.1; +http://www.google.com/bot.html)"
65.108.235.243 - - [21/Jun/2026:14:09:34 +0200] "POST /wp-json/complianz/v1/wsc-scan HTTP/1.1" 400 88 "-" "WordPress/7.0; https://brescia.elettroservicegroup.it"
154.202.8.207 - - [21/Jun/2026:14:11:31 +0200] "GET /informativa-privacy HTTP/1.1" 404 17882 "-" "Mozilla/5.0 (iPod; U; CPU iPhone OS 4_3 like Mac OS X; lg-UG) AppleWebKit/531.34.6 (KHTML, like Gecko) Version/3.0.5 Mobile/8B114 Safari/6531.34.6"
65.108.235.243 - - [21/Jun/2026:14:11:35 +0200] "POST /wp-cron.php?doing_wp_cron=1782043895.2958741188049316406250 HTTP/1.1" 200 1 "-" "WordPress/7.0; https://brescia.elettroservicegroup.it"
177.37.172.136 - - [21/Jun/2026:14:11:28 +0200] "GET /termini-e-condizioni HTTP/1.1" 404 17879 "-" "Mozilla/5.0 (Windows 95) AppleWebKit/533.1 (KHTML, like Gecko) Chrome/22.0.892.0 Safari/533.1"
188.241.103.120 - - [21/Jun/2026:14:11:37 +0200] "GET /cookie-policy-ue/ HTTP/1.1" 404 17879 "-" "Mozilla/5.0 (Macintosh; PPC Mac OS X 10_9_1 rv:4.0; the-NP) AppleWebKit/531.37.6 (KHTML, like Gecko) Version/4.1 Safari/531.37.6"
77.246.68.148 - - [21/Jun/2026:14:11:43 +0200] "GET /assistenza-frigoriferi/ HTTP/1.1" 404 17890 "-" "Mozilla/5.0 (Macintosh; Intel Mac OS X 10_9_9 rv:4.0; eo-US) AppleWebKit/534.35.2 (KHTML, like Gecko) Version/5.0.4 Safari/534.35.2"
152.166.30.248 - - [21/Jun/2026:14:11:47 +0200] "GET /assistenza-frigoriferi/ HTTP/1.1" 404 17890 "-" "Opera/9.59.(X11; Linux x86_64; az-AZ) Presto/2.9.165 Version/11.00"
165.232.42.92 - - [21/Jun/2026:14:23:55 +0200] "GET / HTTP/1.1" 200 11766 "-" "Mozilla/5.0 (X11; Linux x86_64) AppleWebKit/537.36 (KHTML, like Gecko) Chrome/142.0.0.0 Safari/537.36"
65.108.235.243 - - [21/Jun/2026:14:29:45 +0200] "POST /wp-cron.php?doing_wp_cron=1782044985.8254940509796142578125 HTTP/1.1" 200 1 "-" "WordPress/7.0; https://brescia.elettroservicegroup.it"
66.249.64.229 - - [21/Jun/2026:14:29:44 +0200] "GET /?p=16024 HTTP/1.1" 404 17860 "-" "Mozilla/5.0 (Linux; Android 6.0.1; Nexus 5X Build/MMB29P) AppleWebKit/537.36 (KHTML, like Gecko) Chrome/148.0.7778.96 Mobile Safari/537.36 (compatible; Googlebot/2.1; +http://www.google.com/bot.html)"
65.108.235.243 - - [21/Jun/2026:14:45:03 +0200] "POST /wp-cron.php?doing_wp_cron=1782045903.6305849552154541015625 HTTP/1.1" 200 1 "-" "WordPress/7.0; https://brescia.elettroservicegroup.it"
66.249.64.230 - - [21/Jun/2026:14:45:00 +0200] "GET /?p=16045 HTTP/1.1" 404 17860 "-" "Mozilla/5.0 (Linux; Android 6.0.1; Nexus 5X Build/MMB29P) AppleWebKit/537.36 (KHTML, like Gecko) Chrome/148.0.7778.96 Mobile Safari/537.36 (compatible; Googlebot/2.1; +http://www.google.com/bot.html)"
65.108.235.243 - - [21/Jun/2026:14:58:07 +0200] "POST /wp-cron.php?doing_wp_cron=1782046687.2605519294738769531250 HTTP/1.1" 200 1 "-" "WordPress/7.0; https://brescia.elettroservicegroup.it"
198.235.24.89 - - [21/Jun/2026:14:58:05 +0200] "GET / HTTP/1.1" 200 103136 "-" "Hello from Palo Alto Networks, find out more about our scans in https://docs-cortex.paloaltonetworks.com/r/1/Cortex-Xpanse/Scanning-activity"
65.108.235.243 - - [21/Jun/2026:15:27:54 +0200] "POST /wp-cron.php?doing_wp_cron=1782048474.0203061103820800781250 HTTP/1.1" 200 1 "-" "WordPress/7.0; https://brescia.elettroservicegroup.it"
66.249.64.230 - - [21/Jun/2026:15:27:52 +0200] "GET /?p=16146 HTTP/1.1" 404 17860 "-" "Mozilla/5.0 (Linux; Android 6.0.1; Nexus 5X Build/MMB29P) AppleWebKit/537.36 (KHTML, like Gecko) Chrome/148.0.7778.96 Mobile Safari/537.36 (compatible; Googlebot/2.1; +http://www.google.com/bot.html)"
65.108.235.243 - - [21/Jun/2026:15:27:54 +0200] "POST /wp-json/complianz/v1/wsc-scan HTTP/1.1" 400 88 "-" "WordPress/7.0; https://brescia.elettroservicegroup.it"
65.108.235.243 - - [21/Jun/2026:15:36:35 +0200] "POST /wp-cron.php?doing_wp_cron=1782048995.2101900577545166015625 HTTP/1.1" 200 1 "-" "WordPress/7.0; https://brescia.elettroservicegroup.it"
66.249.66.32 - - [21/Jun/2026:15:36:32 +0200] "GET /?p=15802 HTTP/1.1" 404 17860 "-" "Mozilla/5.0 (Linux; Android 6.0.1; Nexus 5X Build/MMB29P) AppleWebKit/537.36 (KHTML, like Gecko) Chrome/148.0.7778.96 Mobile Safari/537.36 (compatible; Googlebot/2.1; +http://www.google.com/bot.html)"
198.235.24.166 - - [21/Jun/2026:15:39:25 +0200] "GET / HTTP/1.1" 200 11751 "-" "Hello from Palo Alto Networks, find out more about our scans in https://docs-cortex.paloaltonetworks.com/r/1/Cortex-Xpanse/Scanning-activity"
65.108.235.243 - - [21/Jun/2026:15:53:31 +0200] "POST /wp-cron.php?doing_wp_cron=1782050011.3352859020233154296875 HTTP/1.1" 200 1 "-" "WordPress/7.0; https://brescia.elettroservicegroup.it"
66.249.64.230 - - [21/Jun/2026:15:53:29 +0200] "GET /?p=16001 HTTP/1.1" 404 17860 "-" "Mozilla/5.0 (Linux; Android 6.0.1; Nexus 5X Build/MMB29P) AppleWebKit/537.36 (KHTML, like Gecko) Chrome/148.0.7778.96 Mobile Safari/537.36 (compatible; Googlebot/2.1; +http://www.google.com/bot.html)"
209.99.184.28 - - [21/Jun/2026:15:57:59 +0200] "GET /wp-login.php HTTP/2.0" 200 11757 "-" "Mozilla/5.0 (Windows NT 10.0; WOW64; rv:87.0) Gecko/20100101 Firefox/87.0"
209.99.184.28 - - [21/Jun/2026:15:58:00 +0200] "POST /wp-login.php HTTP/2.0" 200 11781 "-" "Mozilla/5.0 (Windows NT 10.0; WOW64; rv:87.0) Gecko/20100101 Firefox/87.0"
65.108.235.243 - - [21/Jun/2026:16:01:44 +0200] "POST /wp-cron.php?doing_wp_cron=1782050504.0482180118560791015625 HTTP/1.1" 200 1 "-" "WordPress/7.0; https://brescia.elettroservicegroup.it"
66.249.64.231 - - [21/Jun/2026:16:01:42 +0200] "GET /?p=16708 HTTP/1.1" 404 17860 "-" "Mozilla/5.0 (Linux; Android 6.0.1; Nexus 5X Build/MMB29P) AppleWebKit/537.36 (KHTML, like Gecko) Chrome/148.0.7778.96 Mobile Safari/537.36 (compatible; Googlebot/2.1; +http://www.google.com/bot.html)"
65.108.235.243 - - [21/Jun/2026:16:18:06 +0200] "POST /wp-cron.php?doing_wp_cron=1782051486.6246259212493896484375 HTTP/1.1" 200 1 "-" "WordPress/7.0; https://brescia.elettroservicegroup.it"
66.249.64.229 - - [21/Jun/2026:16:18:04 +0200] "GET /?p=16018 HTTP/1.1" 404 17860 "-" "Mozilla/5.0 (Linux; Android 6.0.1; Nexus 5X Build/MMB29P) AppleWebKit/537.36 (KHTML, like Gecko) Chrome/148.0.7778.96 Mobile Safari/537.36 (compatible; Googlebot/2.1; +http://www.google.com/bot.html)"
65.108.235.243 - - [21/Jun/2026:16:24:59 +0200] "POST /wp-cron.php?doing_wp_cron=1782051899.2950479984283447265625 HTTP/1.1" 200 1 "-" "WordPress/7.0; https://brescia.elettroservicegroup.it"
66.249.64.231 - - [21/Jun/2026:16:24:57 +0200] "GET /?p=16789 HTTP/1.1" 404 17860 "-" "Mozilla/5.0 (Linux; Android 6.0.1; Nexus 5X Build/MMB29P) AppleWebKit/537.36 (KHTML, like Gecko) Chrome/148.0.7778.96 Mobile Safari/537.36 (compatible; Googlebot/2.1; +http://www.google.com/bot.html)"
65.108.235.243 - - [21/Jun/2026:16:34:12 +0200] "POST /wp-cron.php?doing_wp_cron=1782052452.1292929649353027343750 HTTP/1.1" 200 1 "-" "WordPress/7.0; https://brescia.elettroservicegroup.it"
66.249.64.229 - - [21/Jun/2026:16:34:10 +0200] "GET /?p=15963 HTTP/1.1" 404 17860 "-" "Mozilla/5.0 (Linux; Android 6.0.1; Nexus 5X Build/MMB29P) AppleWebKit/537.36 (KHTML, like Gecko) Chrome/148.0.7778.96 Mobile Safari/537.36 (compatible; Googlebot/2.1; +http://www.google.com/bot.html)"
65.108.235.243 - - [21/Jun/2026:16:34:12 +0200] "POST /wp-json/complianz/v1/wsc-scan HTTP/1.1" 400 88 "-" "WordPress/7.0; https://brescia.elettroservicegroup.it"
65.108.235.243 - - [21/Jun/2026:16:38:12 +0200] "POST /wp-cron.php?doing_wp_cron=1782052692.5105218887329101562500 HTTP/1.1" 200 1 "-" "WordPress/7.0; https://brescia.elettroservicegroup.it"
66.249.64.229 - - [21/Jun/2026:16:38:10 +0200] "GET /?p=16478 HTTP/1.1" 404 17860 "-" "Mozilla/5.0 (Linux; Android 6.0.1; Nexus 5X Build/MMB29P) AppleWebKit/537.36 (KHTML, like Gecko) Chrome/148.0.7778.96 Mobile Safari/537.36 (compatible; Googlebot/2.1; +http://www.google.com/bot.html)"
65.108.235.243 - - [21/Jun/2026:17:00:24 +0200] "POST /wp-cron.php?doing_wp_cron=1782054024.8459091186523437500000 HTTP/1.1" 200 1 "-" "WordPress/7.0; https://brescia.elettroservicegroup.it"
66.249.64.231 - - [21/Jun/2026:17:00:18 +0200] "GET /?p=16286 HTTP/1.1" 404 17860 "-" "Mozilla/5.0 (Linux; Android 6.0.1; Nexus 5X Build/MMB29P) AppleWebKit/537.36 (KHTML, like Gecko) Chrome/148.0.7778.96 Mobile Safari/537.36 (compatible; Googlebot/2.1; +http://www.google.com/bot.html)"
65.108.235.243 - - [21/Jun/2026:17:05:44 +0200] "POST /wp-cron.php?doing_wp_cron=1782054344.7950880527496337890625 HTTP/1.1" 200 1 "-" "WordPress/7.0; https://brescia.elettroservicegroup.it"
198.235.24.198 - - [21/Jun/2026:17:05:42 +0200] "GET /wp-login.php HTTP/1.1" 200 9036 "-" "Hello from Palo Alto Networks, find out more about our scans in https://docs-cortex.paloaltonetworks.com/r/1/Cortex-Xpanse/Scanning-activity"
65.108.235.243 - - [21/Jun/2026:17:45:20 +0200] "POST /wp-cron.php?doing_wp_cron=1782056720.5106248855590820312500 HTTP/1.1" 200 1 "-" "WordPress/7.0; https://brescia.elettroservicegroup.it"
66.249.64.231 - - [21/Jun/2026:17:45:11 +0200] "GET /?p=16378 HTTP/1.1" 404 17860 "-" "Mozilla/5.0 (Linux; Android 6.0.1; Nexus 5X Build/MMB29P) AppleWebKit/537.36 (KHTML, like Gecko) Chrome/148.0.7778.96 Mobile Safari/537.36 (compatible; Googlebot/2.1; +http://www.google.com/bot.html)"
65.108.235.243 - - [21/Jun/2026:17:45:21 +0200] "POST /wp-json/complianz/v1/wsc-scan HTTP/1.1" 400 88 "-" "WordPress/7.0; https://brescia.elettroservicegroup.it"
65.108.235.243 - - [21/Jun/2026:18:03:37 +0200] "POST /wp-cron.php?doing_wp_cron=1782057817.8161079883575439453125 HTTP/1.1" 200 1 "-" "WordPress/7.0; https://brescia.elettroservicegroup.it"
66.249.64.229 - - [21/Jun/2026:18:03:29 +0200] "GET /?p=16725 HTTP/1.1" 404 17860 "-" "Mozilla/5.0 (Linux; Android 6.0.1; Nexus 5X Build/MMB29P) AppleWebKit/537.36 (KHTML, like Gecko) Chrome/148.0.7778.96 Mobile Safari/537.36 (compatible; Googlebot/2.1; +http://www.google.com/bot.html)"
65.108.235.243 - - [21/Jun/2026:18:17:18 +0200] "POST /wp-cron.php?doing_wp_cron=1782058638.5985729694366455078125 HTTP/1.1" 200 1 "-" "WordPress/7.0; https://brescia.elettroservicegroup.it"
66.249.64.229 - - [21/Jun/2026:18:17:11 +0200] "GET /?p=16110 HTTP/1.1" 404 17860 "-" "Mozilla/5.0 (Linux; Android 6.0.1; Nexus 5X Build/MMB29P) AppleWebKit/537.36 (KHTML, like Gecko) Chrome/148.0.7778.96 Mobile Safari/537.36 (compatible; Googlebot/2.1; +http://www.google.com/bot.html)"
65.108.235.243 - - [21/Jun/2026:19:06:45 +0200] "POST /wp-cron.php?doing_wp_cron=1782061605.2953128814697265625000 HTTP/1.1" 200 1 "-" "WordPress/7.0; https://brescia.elettroservicegroup.it"
66.249.64.229 - - [21/Jun/2026:19:06:40 +0200] "GET /robots.txt HTTP/1.1" 200 106 "-" "Mozilla/5.0 (compatible; Googlebot/2.1; +http://www.google.com/bot.html)"
66.249.64.230 - - [21/Jun/2026:19:06:40 +0200] "GET /?p=16450 HTTP/1.1" 404 17860 "-" "Mozilla/5.0 (Linux; Android 6.0.1; Nexus 5X Build/MMB29P) AppleWebKit/537.36 (KHTML, like Gecko) Chrome/148.0.7778.96 Mobile Safari/537.36 (compatible; Googlebot/2.1; +http://www.google.com/bot.html)"
65.108.235.243 - - [21/Jun/2026:19:06:47 +0200] "POST /wp-json/complianz/v1/wsc-scan HTTP/1.1" 400 88 "-" "WordPress/7.0; https://brescia.elettroservicegroup.it"
65.108.235.243 - - [21/Jun/2026:19:25:26 +0200] "POST /wp-cron.php?doing_wp_cron=1782062726.3505530357360839843750 HTTP/1.1" 200 1 "-" "WordPress/7.0; https://brescia.elettroservicegroup.it"
66.249.64.231 - - [21/Jun/2026:19:25:23 +0200] "GET /?p=16769 HTTP/1.1" 404 17860 "-" "Mozilla/5.0 (Linux; Android 6.0.1; Nexus 5X Build/MMB29P) AppleWebKit/537.36 (KHTML, like Gecko) Chrome/148.0.7778.96 Mobile Safari/537.36 (compatible; Googlebot/2.1; +http://www.google.com/bot.html)"
65.108.235.243 - - [21/Jun/2026:19:38:43 +0200] "POST /wp-cron.php?doing_wp_cron=1782063523.8054749965667724609375 HTTP/1.1" 200 1 "-" "WordPress/7.0; https://brescia.elettroservicegroup.it"
66.249.64.229 - - [21/Jun/2026:19:38:39 +0200] "GET /?p=16077 HTTP/1.1" 404 17860 "-" "Mozilla/5.0 (Linux; Android 6.0.1; Nexus 5X Build/MMB29P) AppleWebKit/537.36 (KHTML, like Gecko) Chrome/148.0.7778.96 Mobile Safari/537.36 (compatible; Googlebot/2.1; +http://www.google.com/bot.html)"
65.108.235.243 - - [21/Jun/2026:19:46:20 +0200] "POST /wp-cron.php?doing_wp_cron=1782063979.9039208889007568359375 HTTP/1.1" 200 1 "-" "WordPress/7.0; https://brescia.elettroservicegroup.it"
66.249.64.229 - - [21/Jun/2026:19:46:11 +0200] "GET /?p=15832 HTTP/1.1" 404 17860 "-" "Mozilla/5.0 (Linux; Android 6.0.1; Nexus 5X Build/MMB29P) AppleWebKit/537.36 (KHTML, like Gecko) Chrome/148.0.7778.96 Mobile Safari/537.36 (compatible; Googlebot/2.1; +http://www.google.com/bot.html)"
65.108.235.243 - - [21/Jun/2026:19:58:29 +0200] "POST /wp-cron.php?doing_wp_cron=1782064709.0991649627685546875000 HTTP/1.1" 200 1 "-" "WordPress/7.0; https://brescia.elettroservicegroup.it"
66.249.64.231 - - [21/Jun/2026:19:58:20 +0200] "GET /?p=16142 HTTP/1.1" 404 17860 "-" "Mozilla/5.0 (Linux; Android 6.0.1; Nexus 5X Build/MMB29P) AppleWebKit/537.36 (KHTML, like Gecko) Chrome/148.0.7778.96 Mobile Safari/537.36 (compatible; Googlebot/2.1; +http://www.google.com/bot.html)"
66.249.64.231 - - [21/Jun/2026:20:03:39 +0200] "GET /?p=16004 HTTP/1.1" 404 17860 "-" "Mozilla/5.0 (Linux; Android 6.0.1; Nexus 5X Build/MMB29P) AppleWebKit/537.36 (KHTML, like Gecko) Chrome/148.0.7778.96 Mobile Safari/537.36 (compatible; Googlebot/2.1; +http://www.google.com/bot.html)"
65.108.235.243 - - [21/Jun/2026:20:03:45 +0200] "POST /wp-cron.php?doing_wp_cron=1782065024.9029328823089599609375 HTTP/1.1" 200 1 "-" "WordPress/7.0; https://brescia.elettroservicegroup.it"
65.108.235.243 - - [21/Jun/2026:20:19:39 +0200] "POST /wp-cron.php?doing_wp_cron=1782065979.7997341156005859375000 HTTP/1.1" 200 1 "-" "WordPress/7.0; https://brescia.elettroservicegroup.it"
66.249.64.229 - - [21/Jun/2026:20:19:32 +0200] "GET /?p=16370 HTTP/1.1" 404 17860 "-" "Mozilla/5.0 (Linux; Android 6.0.1; Nexus 5X Build/MMB29P) AppleWebKit/537.36 (KHTML, like Gecko) Chrome/148.0.7778.96 Mobile Safari/537.36 (compatible; Googlebot/2.1; +http://www.google.com/bot.html)"
65.108.235.243 - - [21/Jun/2026:20:19:41 +0200] "POST /wp-json/complianz/v1/wsc-scan HTTP/1.1" 400 88 "-" "WordPress/7.0; https://brescia.elettroservicegroup.it"
65.108.235.243 - - [21/Jun/2026:20:31:04 +0200] "POST /wp-cron.php?doing_wp_cron=1782066664.2101430892944335937500 HTTP/1.1" 200 1 "-" "WordPress/7.0; https://brescia.elettroservicegroup.it"
66.249.64.230 - - [21/Jun/2026:20:30:57 +0200] "GET /?p=16473 HTTP/1.1" 404 17860 "-" "Mozilla/5.0 (Linux; Android 6.0.1; Nexus 5X Build/MMB29P) AppleWebKit/537.36 (KHTML, like Gecko) Chrome/148.0.7778.96 Mobile Safari/537.36 (compatible; Googlebot/2.1; +http://www.google.com/bot.html)"
65.108.235.243 - - [21/Jun/2026:20:35:57 +0200] "POST /wp-cron.php?doing_wp_cron=1782066957.7973039150238037109375 HTTP/1.1" 200 1 "-" "WordPress/7.0; https://brescia.elettroservicegroup.it"
66.249.64.229 - - [21/Jun/2026:20:35:51 +0200] "GET /?p=16730 HTTP/1.1" 404 17860 "-" "Mozilla/5.0 (Linux; Android 6.0.1; Nexus 5X Build/MMB29P) AppleWebKit/537.36 (KHTML, like Gecko) Chrome/148.0.7778.96 Mobile Safari/537.36 (compatible; Googlebot/2.1; +http://www.google.com/bot.html)"
65.108.235.243 - - [21/Jun/2026:20:38:26 +0200] "POST /wp-cron.php?doing_wp_cron=1782067106.4056370258331298828125 HTTP/1.1" 200 1 "-" "WordPress/7.0; https://brescia.elettroservicegroup.it"
66.249.64.231 - - [21/Jun/2026:20:38:18 +0200] "GET /?p=16630 HTTP/1.1" 404 17860 "-" "Mozilla/5.0 (Linux; Android 6.0.1; Nexus 5X Build/MMB29P) AppleWebKit/537.36 (KHTML, like Gecko) Chrome/148.0.7778.96 Mobile Safari/537.36 (compatible; Googlebot/2.1; +http://www.google.com/bot.html)"
65.108.235.243 - - [21/Jun/2026:20:56:30 +0200] "POST /wp-cron.php?doing_wp_cron=1782068190.3104050159454345703125 HTTP/1.1" 200 1 "-" "WordPress/7.0; https://brescia.elettroservicegroup.it"
66.249.64.231 - - [21/Jun/2026:20:56:22 +0200] "GET /?p=15792 HTTP/1.1" 404 17860 "-" "Mozilla/5.0 (Linux; Android 6.0.1; Nexus 5X Build/MMB29P) AppleWebKit/537.36 (KHTML, like Gecko) Chrome/148.0.7778.96 Mobile Safari/537.36 (compatible; Googlebot/2.1; +http://www.google.com/bot.html)"
205.169.39.20 - - [21/Jun/2026:21:04:58 +0200] "GET /wp-content/uploads/elementor/google-fonts/css/roboto.css?ver=1742275292 HTTP/2.0" 200 11788 "http://brescia.elettroservicegroup.it/" "Mozilla/5.0 (Windows NT 10.0; Win64; x64) AppleWebKit/537.36 (KHTML, like Gecko) Chrome/117.0.5938.132 Safari/537.36"
205.169.39.20 - - [21/Jun/2026:21:04:58 +0200] "GET /wp-content/uploads/elementor/google-fonts/css/robotoslab.css?ver=1742275294 HTTP/2.0" 200 11792 "http://brescia.elettroservicegroup.it/" "Mozilla/5.0 (Windows NT 10.0; Win64; x64) AppleWebKit/537.36 (KHTML, like Gecko) Chrome/117.0.5938.132 Safari/537.36"
205.169.39.20 - - [21/Jun/2026:21:04:58 +0200] "GET /wp-content/uploads/2018/02/post-9-150x150.jpg HTTP/2.0" 404 17970 "http://brescia.elettroservicegroup.it/" "Mozilla/5.0 (Windows NT 10.0; Win64; x64) AppleWebKit/537.36 (KHTML, like Gecko) Chrome/117.0.5938.132 Safari/537.36"
205.169.39.20 - - [21/Jun/2026:21:04:58 +0200] "GET /wp-content/uploads/2018/02/post-10-150x150.jpg HTTP/2.0" 404 17970 "http://brescia.elettroservicegroup.it/" "Mozilla/5.0 (Windows NT 10.0; Win64; x64) AppleWebKit/537.36 (KHTML, like Gecko) Chrome/117.0.5938.132 Safari/537.36"
205.169.39.20 - - [21/Jun/2026:21:04:58 +0200] "GET /wp-content/uploads/2021/10/cropped-cropped-cropped-logo_white_background.png HTTP/2.0" 404 17970 "http://brescia.elettroservicegroup.it/" "Mozilla/5.0 (Windows NT 10.0; Win64; x64) AppleWebKit/537.36 (KHTML, like Gecko) Chrome/117.0.5938.132 Safari/537.36"
205.169.39.20 - - [21/Jun/2026:21:04:58 +0200] "GET /wp-content/uploads/2018/02/post-3-150x150.jpg HTTP/2.0" 404 - "http://brescia.elettroservicegroup.it/" "Mozilla/5.0 (Windows NT 10.0; Win64; x64) AppleWebKit/537.36 (KHTML, like Gecko) Chrome/117.0.5938.132 Safari/537.36"
205.169.39.20 - - [21/Jun/2026:21:04:58 +0200] "GET /wp-content/uploads/2018/02/post-7-150x150.jpg HTTP/2.0" 404 - "http://brescia.elettroservicegroup.it/" "Mozilla/5.0 (Windows NT 10.0; Win64; x64) AppleWebKit/537.36 (KHTML, like Gecko) Chrome/117.0.5938.132 Safari/537.36"
205.169.39.20 - - [21/Jun/2026:21:04:58 +0200] "GET /wp-content/uploads/2018/02/post-5-150x150.jpg HTTP/2.0" 404 - "http://brescia.elettroservicegroup.it/" "Mozilla/5.0 (Windows NT 10.0; Win64; x64) AppleWebKit/537.36 (KHTML, like Gecko) Chrome/117.0.5938.132 Safari/537.36"
205.169.39.20 - - [21/Jun/2026:21:04:58 +0200] "GET /wp-content/uploads/2018/02/post-2-150x150.jpg HTTP/2.0" 404 - "http://brescia.elettroservicegroup.it/" "Mozilla/5.0 (Windows NT 10.0; Win64; x64) AppleWebKit/537.36 (KHTML, like Gecko) Chrome/117.0.5938.132 Safari/537.36"
205.169.39.20 - - [21/Jun/2026:21:04:58 +0200] "GET /wp-content/uploads/2018/02/post-8-150x150.jpg HTTP/2.0" 404 - "http://brescia.elettroservicegroup.it/" "Mozilla/5.0 (Windows NT 10.0; Win64; x64) AppleWebKit/537.36 (KHTML, like Gecko) Chrome/117.0.5938.132 Safari/537.36"
205.169.39.20 - - [21/Jun/2026:21:04:58 +0200] "GET /wp-content/uploads/2018/02/post-4-150x150.jpg HTTP/2.0" 404 - "http://brescia.elettroservicegroup.it/" "Mozilla/5.0 (Windows NT 10.0; Win64; x64) AppleWebKit/537.36 (KHTML, like Gecko) Chrome/117.0.5938.132 Safari/537.36"
205.169.39.20 - - [21/Jun/2026:21:04:58 +0200] "GET /wp-content/uploads/2018/02/post-6-150x150.jpg HTTP/2.0" 404 - "http://brescia.elettroservicegroup.it/" "Mozilla/5.0 (Windows NT 10.0; Win64; x64) AppleWebKit/537.36 (KHTML, like Gecko) Chrome/117.0.5938.132 Safari/537.36"
65.108.235.243 - - [21/Jun/2026:21:15:27 +0200] "POST /wp-cron.php?doing_wp_cron=1782069327.4900300502777099609375 HTTP/1.1" 200 1 "-" "WordPress/7.0; https://brescia.elettroservicegroup.it"
66.249.64.231 - - [21/Jun/2026:21:15:23 +0200] "GET /?p=16116 HTTP/1.1" 404 17860 "-" "Mozilla/5.0 (Linux; Android 6.0.1; Nexus 5X Build/MMB29P) AppleWebKit/537.36 (KHTML, like Gecko) Chrome/148.0.7778.96 Mobile Safari/537.36 (compatible; Googlebot/2.1; +http://www.google.com/bot.html)"
65.108.235.243 - - [21/Jun/2026:21:16:56 +0200] "POST /wp-cron.php?doing_wp_cron=1782069416.7048480510711669921875 HTTP/1.1" 200 1 "-" "WordPress/7.0; https://brescia.elettroservicegroup.it"
66.249.64.229 - - [21/Jun/2026:21:16:48 +0200] "GET /?p=16593 HTTP/1.1" 404 17860 "-" "Mozilla/5.0 (Linux; Android 6.0.1; Nexus 5X Build/MMB29P) AppleWebKit/537.36 (KHTML, like Gecko) Chrome/148.0.7778.96 Mobile Safari/537.36 (compatible; Googlebot/2.1; +http://www.google.com/bot.html)"
65.108.235.243 - - [21/Jun/2026:21:22:02 +0200] "POST /wp-cron.php?doing_wp_cron=1782069722.6046431064605712890625 HTTP/1.1" 200 1 "-" "WordPress/7.0; https://brescia.elettroservicegroup.it"
66.249.64.231 - - [21/Jun/2026:21:21:57 +0200] "GET /?p=16418 HTTP/1.1" 404 17860 "-" "Mozilla/5.0 (Linux; Android 6.0.1; Nexus 5X Build/MMB29P) AppleWebKit/537.36 (KHTML, like Gecko) Chrome/148.0.7778.96 Mobile Safari/537.36 (compatible; Googlebot/2.1; +http://www.google.com/bot.html)"
65.108.235.243 - - [21/Jun/2026:21:22:03 +0200] "POST /wp-json/complianz/v1/wsc-scan HTTP/1.1" 400 88 "-" "WordPress/7.0; https://brescia.elettroservicegroup.it"
65.108.235.243 - - [21/Jun/2026:21:25:20 +0200] "POST /wp-cron.php?doing_wp_cron=1782069920.7029919624328613281250 HTTP/1.1" 200 1 "-" "WordPress/7.0; https://brescia.elettroservicegroup.it"
66.249.64.230 - - [21/Jun/2026:21:25:13 +0200] "GET /?p=15680 HTTP/1.1" 404 17860 "-" "Mozilla/5.0 (Linux; Android 6.0.1; Nexus 5X Build/MMB29P) AppleWebKit/537.36 (KHTML, like Gecko) Chrome/148.0.7778.96 Mobile Safari/537.36 (compatible; Googlebot/2.1; +http://www.google.com/bot.html)"
65.108.235.243 - - [21/Jun/2026:21:26:02 +0200] "POST /wp-cron.php?doing_wp_cron=1782069962.9619450569152832031250 HTTP/1.1" 200 1 "-" "WordPress/7.0; https://brescia.elettroservicegroup.it"
66.249.64.229 - - [21/Jun/2026:21:25:55 +0200] "GET /?p=15690 HTTP/1.1" 404 17860 "-" "Mozilla/5.0 (Linux; Android 6.0.1; Nexus 5X Build/MMB29P) AppleWebKit/537.36 (KHTML, like Gecko) Chrome/148.0.7778.96 Mobile Safari/537.36 (compatible; Googlebot/2.1; +http://www.google.com/bot.html)"
66.249.64.229 - - [21/Jun/2026:21:26:16 +0200] "GET /?p=16182 HTTP/1.1" 404 17860 "-" "Mozilla/5.0 (Linux; Android 6.0.1; Nexus 5X Build/MMB29P) AppleWebKit/537.36 (KHTML, like Gecko) Chrome/148.0.7778.96 Mobile Safari/537.36 (compatible; Googlebot/2.1; +http://www.google.com/bot.html)"
66.249.64.229 - - [21/Jun/2026:21:26:19 +0200] "GET /?p=15716 HTTP/1.1" 404 17860 "-" "Mozilla/5.0 (Linux; Android 6.0.1; Nexus 5X Build/MMB29P) AppleWebKit/537.36 (KHTML, like Gecko) Chrome/148.0.7778.96 Mobile Safari/537.36 (compatible; Googlebot/2.1; +http://www.google.com/bot.html)"
65.108.235.243 - - [21/Jun/2026:21:28:28 +0200] "POST /wp-cron.php?doing_wp_cron=1782070108.6215209960937500000000 HTTP/1.1" 200 1 "-" "WordPress/7.0; https://brescia.elettroservicegroup.it"
66.249.64.230 - - [21/Jun/2026:21:28:26 +0200] "GET /?p=16021 HTTP/1.1" 404 17860 "-" "Mozilla/5.0 (Linux; Android 6.0.1; Nexus 5X Build/MMB29P) AppleWebKit/537.36 (KHTML, like Gecko) Chrome/148.0.7778.96 Mobile Safari/537.36 (compatible; Googlebot/2.1; +http://www.google.com/bot.html)"
66.249.64.230 - - [21/Jun/2026:21:29:02 +0200] "GET /?p=15869 HTTP/1.1" 404 17860 "-" "Mozilla/5.0 (Linux; Android 6.0.1; Nexus 5X Build/MMB29P) AppleWebKit/537.36 (KHTML, like Gecko) Chrome/148.0.7778.96 Mobile Safari/537.36 (compatible; Googlebot/2.1; +http://www.google.com/bot.html)"
65.108.235.243 - - [21/Jun/2026:21:32:26 +0200] "POST /wp-cron.php?doing_wp_cron=1782070346.3047449588775634765625 HTTP/1.1" 200 1 "-" "WordPress/7.0; https://brescia.elettroservicegroup.it"
66.249.64.231 - - [21/Jun/2026:21:32:19 +0200] "GET /?p=16397 HTTP/1.1" 404 17860 "-" "Mozilla/5.0 (Linux; Android 6.0.1; Nexus 5X Build/MMB29P) AppleWebKit/537.36 (KHTML, like Gecko) Chrome/148.0.7778.96 Mobile Safari/537.36 (compatible; Googlebot/2.1; +http://www.google.com/bot.html)"
66.249.64.229 - - [21/Jun/2026:21:33:12 +0200] "GET /?p=16609 HTTP/1.1" 404 17860 "-" "Mozilla/5.0 (Linux; Android 6.0.1; Nexus 5X Build/MMB29P) AppleWebKit/537.36 (KHTML, like Gecko) Chrome/148.0.7778.96 Mobile Safari/537.36 (compatible; Googlebot/2.1; +http://www.google.com/bot.html)"
65.108.235.243 - - [21/Jun/2026:21:34:46 +0200] "POST /wp-cron.php?doing_wp_cron=1782070486.1100099086761474609375 HTTP/1.1" 200 1 "-" "WordPress/7.0; https://brescia.elettroservicegroup.it"
66.249.64.231 - - [21/Jun/2026:21:34:44 +0200] "GET /?p=16372 HTTP/1.1" 404 17860 "-" "Mozilla/5.0 (Linux; Android 6.0.1; Nexus 5X Build/MMB29P) AppleWebKit/537.36 (KHTML, like Gecko) Chrome/148.0.7778.96 Mobile Safari/537.36 (compatible; Googlebot/2.1; +http://www.google.com/bot.html)"
65.108.235.243 - - [21/Jun/2026:21:36:32 +0200] "POST /wp-cron.php?doing_wp_cron=1782070592.4141089916229248046875 HTTP/1.1" 200 1 "-" "WordPress/7.0; https://brescia.elettroservicegroup.it"
66.249.64.230 - - [21/Jun/2026:21:36:30 +0200] "GET /?p=16746 HTTP/1.1" 404 17860 "-" "Mozilla/5.0 (Linux; Android 6.0.1; Nexus 5X Build/MMB29P) AppleWebKit/537.36 (KHTML, like Gecko) Chrome/148.0.7778.96 Mobile Safari/537.36 (compatible; Googlebot/2.1; +http://www.google.com/bot.html)"
65.108.235.243 - - [21/Jun/2026:21:38:20 +0200] "POST /wp-cron.php?doing_wp_cron=1782070700.0962100028991699218750 HTTP/1.1" 200 1 "-" "WordPress/7.0; https://brescia.elettroservicegroup.it"
66.249.64.229 - - [21/Jun/2026:21:38:18 +0200] "GET /?p=16820 HTTP/1.1" 404 17860 "-" "Mozilla/5.0 (Linux; Android 6.0.1; Nexus 5X Build/MMB29P) AppleWebKit/537.36 (KHTML, like Gecko) Chrome/148.0.7778.96 Mobile Safari/537.36 (compatible; Googlebot/2.1; +http://www.google.com/bot.html)"
65.108.235.243 - - [21/Jun/2026:21:43:41 +0200] "POST /wp-cron.php?doing_wp_cron=1782071021.8025529384613037109375 HTTP/1.1" 200 1 "-" "WordPress/7.0; https://brescia.elettroservicegroup.it"
66.249.64.231 - - [21/Jun/2026:21:43:33 +0200] "GET /?p=16645 HTTP/1.1" 404 17860 "-" "Mozilla/5.0 (Linux; Android 6.0.1; Nexus 5X Build/MMB29P) AppleWebKit/537.36 (KHTML, like Gecko) Chrome/148.0.7778.96 Mobile Safari/537.36 (compatible; Googlebot/2.1; +http://www.google.com/bot.html)"
65.108.235.243 - - [21/Jun/2026:21:50:41 +0200] "POST /wp-cron.php?doing_wp_cron=1782071441.8062779903411865234375 HTTP/1.1" 200 1 "-" "WordPress/7.0; https://brescia.elettroservicegroup.it"
66.249.64.231 - - [21/Jun/2026:21:50:36 +0200] "GET /?p=16712 HTTP/1.1" 404 17860 "-" "Mozilla/5.0 (Linux; Android 6.0.1; Nexus 5X Build/MMB29P) AppleWebKit/537.36 (KHTML, like Gecko) Chrome/148.0.7778.96 Mobile Safari/537.36 (compatible; Googlebot/2.1; +http://www.google.com/bot.html)"
74.7.175.180 - - [21/Jun/2026:22:15:53 +0200] "GET /robots.txt HTTP/2.0" 301 1 "-" "Mozilla/5.0 (Macintosh; Intel Mac OS X 10_15_7) AppleWebKit/537.36 (KHTML, like Gecko) Chrome/131.0.0.0 Safari/537.36; compatible; OAI-SearchBot/1.4; robots.txt; +https://openai.com/searchbot"
65.108.235.243 - - [21/Jun/2026:22:15:58 +0200] "POST /wp-cron.php?doing_wp_cron=1782072957.9911229610443115234375 HTTP/1.1" 200 1 "-" "WordPress/7.0; https://brescia.elettroservicegroup.it"
74.7.242.44 - - [21/Jun/2026:22:15:53 +0200] "GET / HTTP/2.0" 301 1 "-" "Mozilla/5.0 AppleWebKit/537.36 (KHTML, like Gecko; compatible; GPTBot/1.4; +https://openai.com/gptbot)"
74.7.175.180 - - [21/Jun/2026:22:15:58 +0200] "GET /robots.txt HTTP/2.0" 200 106 "https://www.brescia.elettroservicegroup.it/robots.txt" "Mozilla/5.0 (Macintosh; Intel Mac OS X 10_15_7) AppleWebKit/537.36 (KHTML, like Gecko) Chrome/131.0.0.0 Safari/537.36; compatible; OAI-SearchBot/1.4; robots.txt; +https://openai.com/searchbot"
74.7.241.133 - - [21/Jun/2026:22:15:58 +0200] "GET /robots.txt HTTP/2.0" 200 106 "-" "Mozilla/5.0 (Macintosh; Intel Mac OS X 10_15_7) AppleWebKit/537.36 (KHTML, like Gecko) Chrome/131.0.0.0 Safari/537.36; compatible; OAI-SearchBot/1.4; robots.txt; +https://openai.com/searchbot"
74.7.243.200 - - [21/Jun/2026:22:15:58 +0200] "GET / HTTP/2.0" 415 20001 "https://www.brescia.elettroservicegroup.it" "Mozilla/5.0 AppleWebKit/537.36 (KHTML, like Gecko; compatible; GPTBot/1.4; +https://openai.com/gptbot)"
85.89.204.253 - - [21/Jun/2026:22:18:16 +0200] "GET /wp-content/uploads/2021/11/forno-c-1024x682.jpg HTTP/2.0" 200 79989 "https://brescia.elettroservicegroup.it/" "Mozilla/5.0 (Macintosh; Intel Mac OS X 10_15_7) AppleWebKit/537.36 (KHTML, like Gecko) Chrome/130.0.0.0 Safari/537.36"
65.108.235.243 - - [21/Jun/2026:22:46:54 +0200] "POST /wp-cron.php?doing_wp_cron=1782074814.7045259475708007812500 HTTP/1.1" 200 1 "-" "WordPress/7.0; https://brescia.elettroservicegroup.it"
66.249.64.229 - - [21/Jun/2026:22:46:47 +0200] "GET /?p=16542 HTTP/1.1" 404 17860 "-" "Mozilla/5.0 (Linux; Android 6.0.1; Nexus 5X Build/MMB29P) AppleWebKit/537.36 (KHTML, like Gecko) Chrome/148.0.7778.96 Mobile Safari/537.36 (compatible; Googlebot/2.1; +http://www.google.com/bot.html)"
65.108.235.243 - - [21/Jun/2026:22:46:56 +0200] "POST /wp-json/complianz/v1/wsc-scan HTTP/1.1" 400 88 "-" "WordPress/7.0; https://brescia.elettroservicegroup.it"
65.108.235.243 - - [21/Jun/2026:23:02:27 +0200] "POST /wp-cron.php?doing_wp_cron=1782075747.7988870143890380859375 HTTP/1.1" 200 1 "-" "WordPress/7.0; https://brescia.elettroservicegroup.it"
66.249.64.230 - - [21/Jun/2026:23:02:21 +0200] "GET /?p=16545 HTTP/1.1" 404 17860 "-" "Mozilla/5.0 (Linux; Android 6.0.1; Nexus 5X Build/MMB29P) AppleWebKit/537.36 (KHTML, like Gecko) Chrome/148.0.7778.96 Mobile Safari/537.36 (compatible; Googlebot/2.1; +http://www.google.com/bot.html)"
113.31.186.195 - - [21/Jun/2026:23:33:56 +0200] "GET / HTTP/1.1" 200 11760 "-" "Mozilla/5.0 (Macintosh; Intel Mac OS X 10_11) AppleWebKit/601.1.27 (KHTML, like Gecko) Chrome/47.0.2526.106 Safari/601.1.27"
113.31.186.195 - - [21/Jun/2026:23:34:32 +0200] "GET / HTTP/1.1" 200 11711 "-" "Mozilla/5.0 (Linux; Android 6.0.1; MI NOTE LTE Build/MMB29M; wv) AppleWebKit/537.36 (KHTML, like Gecko) Version/4.0 Chrome/48.0.2564.116 Mobile Safari/537.36 T7/10.9 baiduboxapp/10.9.0.11 (Baidu; P1 6.0.1)"
113.31.186.195 - - [21/Jun/2026:23:35:13 +0200] "GET / HTTP/1.1" 200 11740 "-" "Dalvik/2.1.0 (Linux; U; Android 9.0; ZTE BA520 Build/MRA58K)"
65.108.235.243 - - [21/Jun/2026:23:36:45 +0200] "POST /wp-cron.php?doing_wp_cron=1782077805.9081070423126220703125 HTTP/1.1" 200 1 "-" "WordPress/7.0; https://brescia.elettroservicegroup.it"
74.7.243.200 - - [21/Jun/2026:23:36:42 +0200] "GET /sitemap.xml HTTP/2.0" 415 340 "-" "Mozilla/5.0 AppleWebKit/537.36 (KHTML, like Gecko; compatible; GPTBot/1.4; +https://openai.com/gptbot)"
65.108.235.243 - - [21/Jun/2026:23:39:13 +0200] "POST /wp-cron.php?doing_wp_cron=1782077953.8872299194335937500000 HTTP/1.1" 200 1 "-" "WordPress/7.0; https://brescia.elettroservicegroup.it"
66.249.64.231 - - [21/Jun/2026:23:39:02 +0200] "GET /?p=16057 HTTP/1.1" 404 17860 "-" "Mozilla/5.0 (Linux; Android 6.0.1; Nexus 5X Build/MMB29P) AppleWebKit/537.36 (KHTML, like Gecko) Chrome/148.0.7778.96 Mobile Safari/537.36 (compatible; Googlebot/2.1; +http://www.google.com/bot.html)"
65.108.235.243 - - [21/Jun/2026:23:40:04 +0200] "POST /wp-cron.php?doing_wp_cron=1782078004.2949008941650390625000 HTTP/1.1" 200 1 "-" "WordPress/7.0; https://brescia.elettroservicegroup.it"
74.7.243.200 - - [21/Jun/2026:23:39:59 +0200] "GET /sitemap.rss HTTP/2.0" 404 383 "-" "Mozilla/5.0 AppleWebKit/537.36 (KHTML, like Gecko; compatible; GPTBot/1.4; +https://openai.com/gptbot)"
65.108.235.243 - - [22/Jun/2026:00:12:02 +0200] "POST /wp-cron.php?doing_wp_cron=1782079922.0979030132293701171875 HTTP/1.1" 200 1 "-" "WordPress/7.0; https://brescia.elettroservicegroup.it"
124.243.175.51 - - [22/Jun/2026:00:11:59 +0200] "GET /robots.txt HTTP/2.0" 200 106 "https://brescia.elettroservicegroup.it/robots.txt" "Mozilla/5.0 (Macintosh; Intel Mac OS X 10_15_7) AppleWebKit/537.36 (KHTML, like Gecko) Chrome/123.0.0.0 Safari/537.36"
65.108.235.243 - - [22/Jun/2026:00:12:03 +0200] "POST /wp-json/complianz/v1/wsc-scan HTTP/1.1" 400 88 "-" "WordPress/7.0; https://brescia.elettroservicegroup.it"