65.108.235.243 - - [21/Jun/2026:14:10:05 +0200] "POST /wp-cron.php?doing_wp_cron=1782043805.2400069236755371093750 HTTP/1.1" 200 1 "-" "WordPress/7.0; https://piacenza.elettroservicegroup.it"
43.163.84.198 - - [21/Jun/2026:14:10:03 +0200] "GET /assistenza-lavastoviglie-piacenza HTTP/1.1" 301 - "-" "Mozilla/5.0 (iPhone; CPU iPhone OS 13_2_3 like Mac OS X) AppleWebKit/605.1.15 (KHTML, like Gecko) Version/13.0.3 Mobile/15E148 Safari/604.1"
65.108.235.243 - - [21/Jun/2026:14:10:05 +0200] "GET / HTTP/1.1" 200 21806 "-" "WP Fastest Cache Preload Bot"
43.163.84.198 - - [21/Jun/2026:14:10:08 +0200] "GET /assistenza-lavastoviglie-piacenza/ HTTP/1.1" 200 23592 "https://piacenza.elettroservicegroup.it/assistenza-lavastoviglie-piacenza" "Mozilla/5.0 (iPhone; CPU iPhone OS 13_2_3 like Mac OS X) AppleWebKit/605.1.15 (KHTML, like Gecko) Version/13.0.3 Mobile/15E148 Safari/604.1"
43.133.54.83 - - [21/Jun/2026:14:18:44 +0200] "GET /assistenza-lavatrici-piacenza HTTP/1.1" 200 11729 "-" "Mozilla/5.0 (iPhone; CPU iPhone OS 13_2_3 like Mac OS X) AppleWebKit/605.1.15 (KHTML, like Gecko) Version/13.0.3 Mobile/15E148 Safari/604.1"
43.156.47.42 - - [21/Jun/2026:14:28:06 +0200] "GET /wp-json/oembed/1.0/embed?url=https%3A%2F%2Fpiacenza.elettroservicegroup.it%2F HTTP/1.1" 200 11810 "-" "Mozilla/5.0 (iPhone; CPU iPhone OS 13_2_3 like Mac OS X) AppleWebKit/605.1.15 (KHTML, like Gecko) Version/13.0.3 Mobile/15E148 Safari/604.1"
43.165.2.110 - - [21/Jun/2026:14:38:54 +0200] "GET /wp-json/wp/v2/pages/14227 HTTP/1.1" 200 11702 "-" "Mozilla/5.0 (iPhone; CPU iPhone OS 13_2_3 like Mac OS X) AppleWebKit/605.1.15 (KHTML, like Gecko) Version/13.0.3 Mobile/15E148 Safari/604.1"
43.154.127.188 - - [21/Jun/2026:14:47:40 +0200] "GET /assistenza-smeg-piacenza/ HTTP/1.1" 200 11777 "-" "Mozilla/5.0 (iPhone; CPU iPhone OS 13_2_3 like Mac OS X) AppleWebKit/605.1.15 (KHTML, like Gecko) Version/13.0.3 Mobile/15E148 Safari/604.1"
43.133.66.51 - - [21/Jun/2026:14:58:05 +0200] "GET / HTTP/1.1" 200 11707 "-" "Mozilla/5.0 (iPhone; CPU iPhone OS 13_2_3 like Mac OS X) AppleWebKit/605.1.15 (KHTML, like Gecko) Version/13.0.3 Mobile/15E148 Safari/604.1"
47.128.23.242 - - [21/Jun/2026:15:03:36 +0200] "GET /robots.txt HTTP/1.1" 200 11791 "-" "Mozilla/5.0 (Linux; Android 5.0) AppleWebKit/537.36 (KHTML, like Gecko) Mobile Safari/537.36 (compatible; Bytespider; spider-feedback@bytedance.com)"
49.51.252.146 - - [21/Jun/2026:15:08:31 +0200] "GET /wp-json/wp/v2/pages/16905 HTTP/1.1" 200 11663 "-" "Mozilla/5.0 (iPhone; CPU iPhone OS 13_2_3 like Mac OS X) AppleWebKit/605.1.15 (KHTML, like Gecko) Version/13.0.3 Mobile/15E148 Safari/604.1"
65.108.235.243 - - [21/Jun/2026:15:15:25 +0200] "POST /wp-cron.php?doing_wp_cron=1782047725.2101900577545166015625 HTTP/1.1" 200 1 "-" "WordPress/7.0; https://piacenza.elettroservicegroup.it"
104.207.39.156 - - [21/Jun/2026:15:15:23 +0200] "GET /wp-login.php HTTP/1.1" 302 - "https://piacenza.elettroservicegroup.it/wp-login.php" "Opera/9.80 (Windows NT 6.1; MRA 8.0 (build 198)) Presto/2.12.388 Version/12.11"
65.108.235.243 - - [21/Jun/2026:15:15:25 +0200] "POST /wp-json/complianz/v1/wsc-scan HTTP/1.1" 400 88 "-" "WordPress/7.0; https://piacenza.elettroservicegroup.it"
65.108.235.243 - - [21/Jun/2026:15:15:26 +0200] "POST /wp-cron.php?doing_wp_cron=1782047726.3608560562133789062500 HTTP/1.1" 200 1 "-" "WordPress/7.0; https://piacenza.elettroservicegroup.it"
104.207.39.156 - - [21/Jun/2026:15:15:26 +0200] "GET /wp-login.php HTTP/1.1" 302 - "https://piacenza.elettroservicegroup.it/wp-login.php" "Opera/9.80 (Windows NT 6.1; MRA 8.0 (build 198)) Presto/2.12.388 Version/12.11"
104.207.39.156 - - [21/Jun/2026:15:15:27 +0200] "GET /wp-login.php HTTP/1.1" 302 - "https://piacenza.elettroservicegroup.it/wp-login.php" "Opera/9.80 (Windows NT 6.1; MRA 8.0 (build 198)) Presto/2.12.388 Version/12.11"
104.207.39.156 - - [21/Jun/2026:15:15:28 +0200] "GET /wp-login.php HTTP/1.1" 302 - "https://piacenza.elettroservicegroup.it/wp-login.php" "Opera/9.80 (Windows NT 6.1; MRA 8.0 (build 198)) Presto/2.12.388 Version/12.11"
104.207.39.156 - - [21/Jun/2026:15:15:29 +0200] "GET /wp-login.php HTTP/1.1" 302 - "https://piacenza.elettroservicegroup.it/wp-login.php" "Opera/9.80 (Windows NT 6.1; MRA 8.0 (build 198)) Presto/2.12.388 Version/12.11"
45.3.53.161 - - [21/Jun/2026:15:15:30 +0200] "GET /wp-login.php HTTP/1.1" 200 12756 "https://piacenza.elettroservicegroup.it/wp-login.php" "Opera/9.80 (Windows NT 6.1; MRA 8.0 (build 198)) Presto/2.12.388 Version/12.11"
45.3.53.161 - - [21/Jun/2026:15:15:34 +0200] "POST /wp-login.php HTTP/1.1" 200 13184 "https://piacenza.elettroservicegroup.it/wp-login.php" "Opera/9.80 (Windows NT 6.1; MRA 8.0 (build 198)) Presto/2.12.388 Version/12.11"
65.108.235.243 - - [21/Jun/2026:15:28:58 +0200] "POST /wp-cron.php?doing_wp_cron=1782048538.4447209835052490234375 HTTP/1.1" 200 1 "-" "WordPress/7.0; https://piacenza.elettroservicegroup.it"
104.210.140.135 - - [21/Jun/2026:15:28:54 +0200] "GET /robots.txt HTTP/2.0" 200 108 "-" "Mozilla/5.0 (Macintosh; Intel Mac OS X 10_15_7) AppleWebKit/537.36 (KHTML, like Gecko) Chrome/131.0.0.0 Safari/537.36; compatible; OAI-SearchBot/1.0; +https://openai.com/searchbot"
65.108.235.243 - - [21/Jun/2026:15:28:59 +0200] "GET /imprint/ HTTP/1.1" 200 17174 "-" "WP Fastest Cache Preload Bot"
65.108.235.243 - - [21/Jun/2026:15:29:00 +0200] "GET /dichiarazione-sulla-privacy-ue/ HTTP/1.1" 200 19676 "-" "WP Fastest Cache Preload Bot"
65.108.235.243 - - [21/Jun/2026:15:29:02 +0200] "GET /assistenza-whirlpool-piacenza/ HTTP/1.1" 200 21837 "-" "WP Fastest Cache Preload Bot"
65.108.235.243 - - [21/Jun/2026:15:29:05 +0200] "GET /assistenza-smeg-piacenza/ HTTP/1.1" 200 21791 "-" "WP Fastest Cache Preload Bot"
65.108.235.243 - - [21/Jun/2026:15:29:06 +0200] "GET / HTTP/1.1" 200 21806 "-" "WP Fastest Cache Preload Bot"
34.181.171.248 - - [21/Jun/2026:16:00:06 +0200] "GET / HTTP/1.1" 200 23708 "-" "Mozilla/5.0 (compatible; Orbbot/1.1;)"
157.100.120.128 - - [21/Jun/2026:16:04:33 +0200] "GET / HTTP/1.1" 200 21783 "-" "Mozilla/5.0 (iPhone; CPU iPhone OS 3_2_2 like Mac OS X) AppleWebKit/532.1 (KHTML, like Gecko) FxiOS/16.5n2472.0 Mobile/73B719 Safari/532.1"
37.66.177.145 - - [21/Jun/2026:16:04:34 +0200] "GET /assistenza-miele-piacenza/ HTTP/1.1" 200 11807 "-" "Mozilla/5.0 (compatible; MSIE 6.0; Windows CE; Trident/4.0)"
113.211.212.191 - - [21/Jun/2026:16:04:34 +0200] "GET /assistenza-whirlpool-piacenza/ HTTP/1.1" 200 21814 "-" "Mozilla/5.0 (Linux; Android 4.4.3) AppleWebKit/536.0 (KHTML, like Gecko) Chrome/19.0.867.0 Safari/536.0"
31.148.165.194 - - [21/Jun/2026:16:04:35 +0200] "GET /assistenza-indesit-piacenza/ HTTP/1.1" 200 21766 "-" "Mozilla/5.0 (compatible; MSIE 9.0; Windows NT 5.1; Trident/3.0)"
209.99.184.28 - - [21/Jun/2026:16:20:07 +0200] "GET /wp-login.php HTTP/2.0" 200 11713 "-" "Mozilla/5.0 (Windows NT 10.0; WOW64; rv:87.0) Gecko/20100101 Firefox/87.0"
209.99.184.28 - - [21/Jun/2026:16:20:07 +0200] "POST /wp-login.php HTTP/2.0" 200 11713 "-" "Mozilla/5.0 (Windows NT 10.0; WOW64; rv:87.0) Gecko/20100101 Firefox/87.0"
65.108.235.243 - - [21/Jun/2026:16:49:05 +0200] "POST /wp-cron.php?doing_wp_cron=1782053345.3924889564514160156250 HTTP/1.1" 200 1 "-" "WordPress/7.0; https://piacenza.elettroservicegroup.it"
93.123.109.58 - - [21/Jun/2026:16:49:02 +0200] "GET /.env HTTP/1.1" 301 - "-" "-"
65.108.235.243 - - [21/Jun/2026:16:49:06 +0200] "GET /imprint/ HTTP/1.1" 200 17178 "-" "WP Fastest Cache Preload Bot"
65.108.235.243 - - [21/Jun/2026:16:49:10 +0200] "GET /dichiarazione-sulla-privacy-ue/ HTTP/1.1" 200 19686 "-" "WP Fastest Cache Preload Bot"
65.108.235.243 - - [21/Jun/2026:16:49:13 +0200] "GET /assistenza-whirlpool-piacenza/ HTTP/1.1" 200 21837 "-" "WP Fastest Cache Preload Bot"
65.108.235.243 - - [21/Jun/2026:16:49:16 +0200] "GET /assistenza-smeg-piacenza/ HTTP/1.1" 200 21791 "-" "WP Fastest Cache Preload Bot"
65.108.235.243 - - [21/Jun/2026:16:49:19 +0200] "POST /wp-json/complianz/v1/wsc-scan HTTP/1.1" 400 88 "-" "WordPress/7.0; https://piacenza.elettroservicegroup.it"
95.164.235.141 - - [21/Jun/2026:16:56:19 +0200] "POST /xmlrpc.php HTTP/1.1" 403 52 "-" "Python-xmlrpc/3.10"
95.164.235.141 - - [21/Jun/2026:16:56:28 +0200] "GET /wp-login.php HTTP/1.1" 200 3561 "-" "Mozilla/5.0 (Macintosh; Intel Mac OS X 10_12_6) AppleWebKit/603.3.8 (KHTML, like Gecko) Version/10.1.2 Safari/603.3.8"
65.108.235.243 - - [21/Jun/2026:16:56:29 +0200] "GET /assistenza-siemens-piacenza/ HTTP/1.1" 200 21981 "-" "WP Fastest Cache Preload Bot"
95.164.235.141 - - [21/Jun/2026:16:56:30 +0200] "GET /wp-login.php HTTP/1.1" 200 3561 "-" "Mozilla/5.0 (Macintosh; Intel Mac OS X 10_12_6) AppleWebKit/603.3.8 (KHTML, like Gecko) Version/10.1.2 Safari/603.3.8"
65.108.235.243 - - [21/Jun/2026:16:56:31 +0200] "GET /assistenza-rex-electrolux-piacenza/ HTTP/1.1" 200 21831 "-" "WP Fastest Cache Preload Bot"
95.164.235.141 - - [21/Jun/2026:16:56:35 +0200] "GET /wp-admin/post-new.php HTTP/1.1" 302 - "-" "Mozilla/5.0 (Macintosh; Intel Mac OS X 10_12_6) AppleWebKit/603.3.8 (KHTML, like Gecko) Version/10.1.2 Safari/603.3.8"
65.108.235.243 - - [21/Jun/2026:16:56:34 +0200] "GET /assistenza-miele-piacenza/ HTTP/1.1" 200 22080 "-" "WP Fastest Cache Preload Bot"
95.164.235.141 - - [21/Jun/2026:16:56:35 +0200] "GET /wp-login.php?redirect_to=https%3A%2F%2Fpiacenza.elettroservicegroup.it%2Fwp-admin%2Fpost-new.php&reauth=1 HTTP/1.1" 200 3564 "-" "Mozilla/5.0 (Macintosh; Intel Mac OS X 10_12_6) AppleWebKit/603.3.8 (KHTML, like Gecko) Version/10.1.2 Safari/603.3.8"
65.108.235.243 - - [21/Jun/2026:16:56:36 +0200] "GET /assistenza-lavatrici-whirlpool-piacenza/ HTTP/1.1" 200 21960 "-" "WP Fastest Cache Preload Bot"
65.108.235.243 - - [21/Jun/2026:17:43:12 +0200] "POST /wp-cron.php?doing_wp_cron=1782056592.5884819030761718750000 HTTP/1.1" 200 1 "-" "WordPress/7.0; https://piacenza.elettroservicegroup.it"
91.92.241.196 - - [21/Jun/2026:17:43:09 +0200] "GET /.env HTTP/1.1" 301 - "-" "Mozilla/5.0 (Windows NT 10.0; Win64; x64) AppleWebKit/537.36"
65.108.235.243 - - [21/Jun/2026:17:43:14 +0200] "GET /assistenza-lavatrici-smeg-piacenza/ HTTP/1.1" 200 21694 "-" "WP Fastest Cache Preload Bot"
65.108.235.243 - - [21/Jun/2026:17:43:15 +0200] "GET /assistenza-lavatrici-rex-electrolux-piacenza/ HTTP/1.1" 200 21668 "-" "WP Fastest Cache Preload Bot"
65.108.235.243 - - [21/Jun/2026:17:43:16 +0200] "GET /assistenza-lavatrici-indesit-piacenza/ HTTP/1.1" 200 21691 "-" "WP Fastest Cache Preload Bot"
65.108.235.243 - - [21/Jun/2026:17:43:16 +0200] "GET /assistenza-lavatrici-bosch-piacenza/ HTTP/1.1" 200 21736 "-" "WP Fastest Cache Preload Bot"
65.108.235.243 - - [21/Jun/2026:18:32:20 +0200] "POST /wp-cron.php?doing_wp_cron=1782059540.7879240512847900390625 HTTP/1.1" 200 1 "-" "WordPress/7.0; https://piacenza.elettroservicegroup.it"
91.92.241.196 - - [21/Jun/2026:18:32:16 +0200] "GET /.git/HEAD HTTP/1.1" 301 - "-" "Mozilla/5.0 (Windows NT 10.0; Win64; x64) AppleWebKit/537.36"
65.108.235.243 - - [21/Jun/2026:18:32:23 +0200] "POST /wp-json/complianz/v1/wsc-scan HTTP/1.1" 400 88 "-" "WordPress/7.0; https://piacenza.elettroservicegroup.it"
65.108.235.243 - - [21/Jun/2026:18:32:23 +0200] "GET /assistenza-lavatrici-ariston-piacenza/ HTTP/1.1" 200 21748 "-" "WP Fastest Cache Preload Bot"
65.108.235.243 - - [21/Jun/2026:18:32:25 +0200] "GET /assistenza-lavatrici-aeg-piacenza/ HTTP/1.1" 200 21754 "-" "WP Fastest Cache Preload Bot"
65.108.235.243 - - [21/Jun/2026:18:32:28 +0200] "GET /assistenza-lavatrici-piacenza/ HTTP/1.1" 200 22006 "-" "WP Fastest Cache Preload Bot"
65.108.235.243 - - [21/Jun/2026:18:32:30 +0200] "GET /assistenza-lavastoviglie-whirlpool-piacenza/ HTTP/1.1" 200 21699 "-" "WP Fastest Cache Preload Bot"
74.114.55.74 - - [21/Jun/2026:18:39:27 +0200] "POST /xmlrpc.php HTTP/1.1" 403 52 "-" "Python-xmlrpc/3.10"
74.114.55.74 - - [21/Jun/2026:18:39:36 +0200] "GET /wp-login.php HTTP/1.1" 200 3561 "-" "Mozilla/5.0 (Macintosh; Intel Mac OS X 10_12_6) AppleWebKit/603.3.8 (KHTML, like Gecko) Version/10.1.2 Safari/603.3.8"
65.108.235.243 - - [21/Jun/2026:18:39:37 +0200] "GET /assistenza-lavastoviglie-smeg-piacenza/ HTTP/1.1" 200 21650 "-" "WP Fastest Cache Preload Bot"
74.114.55.74 - - [21/Jun/2026:18:39:40 +0200] "GET /wp-login.php HTTP/1.1" 200 3561 "-" "Mozilla/5.0 (Macintosh; Intel Mac OS X 10_12_6) AppleWebKit/603.3.8 (KHTML, like Gecko) Version/10.1.2 Safari/603.3.8"
65.108.235.243 - - [21/Jun/2026:18:39:41 +0200] "GET /assistenza-lavastoviglie-rex-electrolux-piacenza/ HTTP/1.1" 200 21610 "-" "WP Fastest Cache Preload Bot"
74.114.55.74 - - [21/Jun/2026:18:39:45 +0200] "GET /wp-admin/post-new.php HTTP/1.1" 302 - "-" "Mozilla/5.0 (Macintosh; Intel Mac OS X 10_12_6) AppleWebKit/603.3.8 (KHTML, like Gecko) Version/10.1.2 Safari/603.3.8"
74.114.55.74 - - [21/Jun/2026:18:39:47 +0200] "GET /wp-login.php?redirect_to=https%3A%2F%2Fpiacenza.elettroservicegroup.it%2Fwp-admin%2Fpost-new.php&reauth=1 HTTP/1.1" 200 3564 "-" "Mozilla/5.0 (Macintosh; Intel Mac OS X 10_12_6) AppleWebKit/603.3.8 (KHTML, like Gecko) Version/10.1.2 Safari/603.3.8"
65.108.235.243 - - [21/Jun/2026:18:39:45 +0200] "GET /assistenza-lavastoviglie-indesit-piacenza/ HTTP/1.1" 200 22113 "-" "WP Fastest Cache Preload Bot"
65.108.235.243 - - [21/Jun/2026:18:39:49 +0200] "GET /assistenza-lavastoviglie-bosch-piacenza/ HTTP/1.1" 200 22140 "-" "WP Fastest Cache Preload Bot"
91.242.72.108 - - [21/Jun/2026:18:45:35 +0200] "POST /xmlrpc.php HTTP/1.1" 403 52 "-" "Python-xmlrpc/3.10"
91.242.72.108 - - [21/Jun/2026:18:45:44 +0200] "GET /wp-login.php HTTP/1.1" 200 3561 "-" "Mozilla/5.0 (Macintosh; Intel Mac OS X 10_12_6) AppleWebKit/603.3.8 (KHTML, like Gecko) Version/10.1.2 Safari/603.3.8"
91.242.72.108 - - [21/Jun/2026:18:45:48 +0200] "GET /wp-login.php HTTP/1.1" 200 3561 "-" "Mozilla/5.0 (Macintosh; Intel Mac OS X 10_12_6) AppleWebKit/603.3.8 (KHTML, like Gecko) Version/10.1.2 Safari/603.3.8"
65.108.235.243 - - [21/Jun/2026:18:45:46 +0200] "GET /assistenza-lavastoviglie-ariston-piacenza/ HTTP/1.1" 200 22072 "-" "WP Fastest Cache Preload Bot"
65.108.235.243 - - [21/Jun/2026:18:45:49 +0200] "GET /assistenza-lavastoviglie-aeg-piacenza/ HTTP/1.1" 200 22135 "-" "WP Fastest Cache Preload Bot"
91.242.72.108 - - [21/Jun/2026:18:45:50 +0200] "GET /wp-admin/post-new.php HTTP/1.1" 302 - "-" "Mozilla/5.0 (Macintosh; Intel Mac OS X 10_12_6) AppleWebKit/603.3.8 (KHTML, like Gecko) Version/10.1.2 Safari/603.3.8"
91.242.72.108 - - [21/Jun/2026:18:45:52 +0200] "GET /wp-login.php?redirect_to=https%3A%2F%2Fpiacenza.elettroservicegroup.it%2Fwp-admin%2Fpost-new.php&reauth=1 HTTP/1.1" 200 3564 "-" "Mozilla/5.0 (Macintosh; Intel Mac OS X 10_12_6) AppleWebKit/603.3.8 (KHTML, like Gecko) Version/10.1.2 Safari/603.3.8"
65.108.235.243 - - [21/Jun/2026:18:45:51 +0200] "GET /assistenza-lavastoviglie-piacenza/ HTTP/1.1" 200 21752 "-" "WP Fastest Cache Preload Bot"
65.108.235.243 - - [21/Jun/2026:18:45:53 +0200] "GET /assistenza-indesit-piacenza/ HTTP/1.1" 200 21790 "-" "WP Fastest Cache Preload Bot"
65.108.235.243 - - [21/Jun/2026:19:11:06 +0200] "POST /wp-cron.php?doing_wp_cron=1782061866.1009979248046875000000 HTTP/1.1" 200 1 "-" "WordPress/7.0; https://piacenza.elettroservicegroup.it"
74.7.228.55 - - [21/Jun/2026:19:10:59 +0200] "GET /robots.txt HTTP/2.0" 200 108 "-" "Mozilla/5.0 (Macintosh; Intel Mac OS X 10_15_7) AppleWebKit/537.36 (KHTML, like Gecko) Chrome/131.0.0.0 Safari/537.36; compatible; OAI-SearchBot/1.4; robots.txt; +https://openai.com/searchbot"
65.108.235.243 - - [21/Jun/2026:19:11:08 +0200] "GET /assistenza-candy-piacenza/ HTTP/1.1" 200 21883 "-" "WP Fastest Cache Preload Bot"
65.108.235.243 - - [21/Jun/2026:19:11:12 +0200] "GET /assistenza-bosch-piacenza/ HTTP/1.1" 200 21882 "-" "WP Fastest Cache Preload Bot"
65.108.235.243 - - [21/Jun/2026:19:11:15 +0200] "GET /assistenza-ariston-piacenza/ HTTP/1.1" 200 21877 "-" "WP Fastest Cache Preload Bot"
65.108.235.243 - - [21/Jun/2026:19:11:16 +0200] "GET /assistenza-aeg-piacenza/ HTTP/1.1" 200 21879 "-" "WP Fastest Cache Preload Bot"
65.108.235.243 - - [21/Jun/2026:19:22:44 +0200] "POST /wp-cron.php?doing_wp_cron=1782062564.8916990756988525390625 HTTP/1.1" 200 1 "-" "WordPress/7.0; https://piacenza.elettroservicegroup.it"
52.167.144.222 - - [21/Jun/2026:19:22:37 +0200] "GET /wp-content/uploads/2022/01/H-ARISTON-300x224.png HTTP/2.0" 404 16298 "-" "Mozilla/5.0 AppleWebKit/537.36 (KHTML, like Gecko; compatible; bingbot/2.0; +http://www.bing.com/bingbot.htm) Chrome/116.0.1938.76 Safari/537.36"
65.108.235.243 - - [21/Jun/2026:19:22:46 +0200] "GET /cookie-policy/ HTTP/1.1" 200 17995 "-" "WP Fastest Cache Preload Bot"
65.108.235.243 - - [21/Jun/2026:19:22:48 +0200] "GET /termini-e-condizioni/ HTTP/1.1" 200 17563 "-" "WP Fastest Cache Preload Bot"
65.108.235.243 - - [21/Jun/2026:19:22:51 +0200] "GET /cookie-policy-ue/ HTTP/1.1" 200 19426 "-" "WP Fastest Cache Preload Bot"
65.108.235.243 - - [21/Jun/2026:19:22:54 +0200] "GET /informativa-privacy/ HTTP/1.1" 200 19805 "-" "WP Fastest Cache Preload Bot"
104.28.163.33 - - [21/Jun/2026:20:03:43 +0200] "GET /wp-login.php HTTP/1.1" 302 - "-" "Mozilla/5.0"
65.108.235.243 - - [21/Jun/2026:20:03:53 +0200] "POST /wp-json/complianz/v1/wsc-scan HTTP/1.1" 400 88 "-" "WordPress/7.0; https://piacenza.elettroservicegroup.it"
65.108.235.243 - - [21/Jun/2026:20:03:54 +0200] "GET /assistenza-frigoriferi/ HTTP/1.1" 200 19881 "-" "WP Fastest Cache Preload Bot"
65.108.235.243 - - [21/Jun/2026:20:03:57 +0200] "GET /assistenza-lavastoviglie/ HTTP/1.1" 200 19941 "-" "WP Fastest Cache Preload Bot"
65.108.235.243 - - [21/Jun/2026:20:03:59 +0200] "GET /assistenza-asciugatrici/ HTTP/1.1" 200 19698 "-" "WP Fastest Cache Preload Bot"
65.108.235.243 - - [21/Jun/2026:20:04:01 +0200] "GET /assistenza-lavatrici/ HTTP/1.1" 200 19432 "-" "WP Fastest Cache Preload Bot"
198.235.24.58 - - [21/Jun/2026:20:06:21 +0200] "GET / HTTP/1.1" 200 159241 "http://piacenza.elettroservicegroup.it/" "Hello from Palo Alto Networks, find out more about our scans in https://docs-cortex.paloaltonetworks.com/r/1/Cortex-Xpanse/Scanning-activity"
65.108.235.243 - - [21/Jun/2026:20:06:21 +0200] "GET / HTTP/1.1" 200 21806 "-" "WP Fastest Cache Preload Bot"