65.108.235.243 - - [20/Jun/2026:14:26:50 +0200] "POST /wp-cron.php?doing_wp_cron=1781958410.9776480197906494140625 HTTP/1.1" 200 1 "-" "WordPress/7.0; https://reggio-emilia.elettroservicegroup.it"
1.92.200.251 - - [20/Jun/2026:14:26:45 +0200] "GET /robots.txt HTTP/2.0" 200 110 "https://reggio-emilia.elettroservicegroup.it/robots.txt" "Mozilla/5.0 (Macintosh; Intel Mac OS X 10_15_7) AppleWebKit/537.36 (KHTML, like Gecko) Chrome/120.0.0.0 Safari/537.36"
65.108.235.243 - - [20/Jun/2026:14:26:52 +0200] "GET /assistenza-lavatrici-rex-electrolux-scandiano/ HTTP/1.1" 200 22969 "-" "WP Fastest Cache Preload Bot"
65.108.235.243 - - [20/Jun/2026:14:26:54 +0200] "GET /assistenza-lavatrici-whirlpool-guastalla/ HTTP/1.1" 200 23104 "-" "WP Fastest Cache Preload Bot"
65.108.235.243 - - [20/Jun/2026:14:26:55 +0200] "GET /assistenza-lavatrici-whirlpool-correggio/ HTTP/1.1" 200 23100 "-" "WP Fastest Cache Preload Bot"
65.108.235.243 - - [20/Jun/2026:14:26:57 +0200] "GET /assistenza-lavatrici-whirlpool-reggio-emilia/ HTTP/1.1" 200 23102 "-" "WP Fastest Cache Preload Bot"
65.108.235.243 - - [20/Jun/2026:14:26:59 +0200] "POST /wp-json/complianz/v1/wsc-scan HTTP/1.1" 400 88 "-" "WordPress/7.0; https://reggio-emilia.elettroservicegroup.it"
52.167.144.177 - - [20/Jun/2026:14:30:33 +0200] "GET /assistenza-lavatrici/lavastoviglie-2/ HTTP/2.0" 200 16858 "-" "Mozilla/5.0 AppleWebKit/537.36 (KHTML, like Gecko; compatible; bingbot/2.0; +http://www.bing.com/bingbot.htm) Chrome/116.0.1938.76 Safari/537.36"
205.210.31.130 - - [20/Jun/2026:14:35:54 +0200] "GET / HTTP/1.1" 200 165814 "http://reggio-emilia.elettroservicegroup.it/" "Hello from Palo Alto Networks, find out more about our scans in https://docs-cortex.paloaltonetworks.com/r/1/Cortex-Xpanse/Scanning-activity"
65.108.235.243 - - [20/Jun/2026:14:35:54 +0200] "GET /assistenza-lavatrici-rex-electrolux-santilario-denza/ HTTP/1.1" 200 23031 "-" "WP Fastest Cache Preload Bot"
65.108.235.243 - - [20/Jun/2026:14:35:58 +0200] "GET /assistenza-lavatrici-smeg-rubiera/ HTTP/1.1" 200 22949 "-" "WP Fastest Cache Preload Bot"
65.108.235.243 - - [20/Jun/2026:14:36:01 +0200] "GET /assistenza-lavatrici-smeg-scandiano/ HTTP/1.1" 200 22954 "-" "WP Fastest Cache Preload Bot"
65.108.235.243 - - [20/Jun/2026:14:36:03 +0200] "GET /assistenza-lavatrici-rex-electrolux-guastalla/ HTTP/1.1" 200 22965 "-" "WP Fastest Cache Preload Bot"
20.215.220.105 - - [20/Jun/2026:14:38:18 +0200] "GET /assistenza-condizionatori-reggio-emilia/ HTTP/2.0" 200 20252 "-" "Mozilla/5.0 AppleWebKit/537.36 (KHTML, like Gecko); compatible; ChatGPT-User/1.0; +https://openai.com/bot"
65.108.235.243 - - [20/Jun/2026:15:16:06 +0200] "POST /wp-cron.php?doing_wp_cron=1781961366.1975910663604736328125 HTTP/1.1" 200 1 "-" "WordPress/7.0; https://reggio-emilia.elettroservicegroup.it"
20.15.133.165 - - [20/Jun/2026:15:16:04 +0200] "GET /robots.txt HTTP/2.0" 200 110 "-" "Mozilla/5.0 AppleWebKit/537.36 (KHTML, like Gecko; compatible; bingbot/2.0; +http://www.bing.com/bingbot.htm) Chrome/116.0.1938.76 Safari/537.36"
40.77.167.48 - - [20/Jun/2026:15:16:06 +0200] "GET /wp-content/uploads/2022/01/TECNIC-LAVATRICE-1-768x432.jpg HTTP/2.0" 200 49781 "-" "Mozilla/5.0 AppleWebKit/537.36 (KHTML, like Gecko; compatible; bingbot/2.0; +http://www.bing.com/bingbot.htm) Chrome/116.0.1938.76 Safari/537.36"
65.108.235.243 - - [20/Jun/2026:15:16:06 +0200] "GET /assistenza-lavatrici-smeg-santilario-denza/ HTTP/1.1" 200 23031 "-" "WP Fastest Cache Preload Bot"
65.108.235.243 - - [20/Jun/2026:15:16:07 +0200] "GET /assistenza-lavatrici-smeg-guastalla/ HTTP/1.1" 200 22956 "-" "WP Fastest Cache Preload Bot"
65.108.235.243 - - [20/Jun/2026:15:16:07 +0200] "GET /assistenza-lavatrici-smeg-correggio/ HTTP/1.1" 200 22954 "-" "WP Fastest Cache Preload Bot"
65.108.235.243 - - [20/Jun/2026:15:16:08 +0200] "GET /assistenza-lavatrici-smeg-reggio-emilia/ HTTP/1.1" 200 22959 "-" "WP Fastest Cache Preload Bot"
20.15.133.174 - - [20/Jun/2026:15:16:17 +0200] "GET /wp-content/uploads/2022/01/TECNIC-LAVATRICE-1-768x432.jpg HTTP/2.0" 200 49781 "-" "Mozilla/5.0 AppleWebKit/537.36 (KHTML, like Gecko; compatible; bingbot/2.0; +http://www.bing.com/bingbot.htm) Chrome/116.0.1938.76 Safari/537.36"
65.108.235.243 - - [20/Jun/2026:15:44:37 +0200] "POST /wp-cron.php?doing_wp_cron=1781963077.1205759048461914062500 HTTP/1.1" 200 1 "-" "WordPress/7.0; https://reggio-emilia.elettroservicegroup.it"
52.167.144.56 - - [20/Jun/2026:15:44:35 +0200] "GET /robots.txt HTTP/2.0" 200 110 "-" "Mozilla/5.0 AppleWebKit/537.36 (KHTML, like Gecko; compatible; bingbot/2.0; +http://www.bing.com/bingbot.htm) Chrome/116.0.1938.76 Safari/537.36"
65.108.235.243 - - [20/Jun/2026:15:44:37 +0200] "POST /wp-json/complianz/v1/wsc-scan HTTP/1.1" 400 88 "-" "WordPress/7.0; https://reggio-emilia.elettroservicegroup.it"
65.108.235.243 - - [20/Jun/2026:15:44:37 +0200] "GET /assistenza-lavatrici-rex-electrolux-correggio/ HTTP/1.1" 200 22966 "-" "WP Fastest Cache Preload Bot"
65.108.235.243 - - [20/Jun/2026:15:44:38 +0200] "GET /assistenza-lavatrici-rex-electrolux-reggio-emilia/ HTTP/1.1" 200 22951 "-" "WP Fastest Cache Preload Bot"
65.108.235.243 - - [20/Jun/2026:15:44:38 +0200] "GET /assistenza-lavatrici-indesit-rubiera/ HTTP/1.1" 200 22842 "-" "WP Fastest Cache Preload Bot"
65.108.235.243 - - [20/Jun/2026:15:44:39 +0200] "GET /assistenza-lavatrici-indesit-scandiano/ HTTP/1.1" 200 22860 "-" "WP Fastest Cache Preload Bot"
207.46.13.87 - - [20/Jun/2026:15:49:33 +0200] "GET /assistenza-rex-electrolux-rubiera/ HTTP/2.0" 200 22980 "-" "Mozilla/5.0 AppleWebKit/537.36 (KHTML, like Gecko; compatible; bingbot/2.0; +http://www.bing.com/bingbot.htm) Chrome/116.0.1938.76 Safari/537.36"
65.108.235.243 - - [20/Jun/2026:15:56:03 +0200] "POST /wp-cron.php?doing_wp_cron=1781963763.2810480594635009765625 HTTP/1.1" 200 1 "-" "WordPress/7.0; https://reggio-emilia.elettroservicegroup.it"
192.178.4.138 - - [20/Jun/2026:15:55:59 +0200] "GET /robots.txt HTTP/1.1" 200 110 "-" "Mozilla/5.0 (compatible; Googlebot/2.1; +http://www.google.com/bot.html)"
192.178.16.136 - - [20/Jun/2026:15:56:03 +0200] "GET /assistenza-lavatrici-reggio-emilia/ HTTP/1.1" 200 23880 "-" "Mozilla/5.0 (Linux; Android 6.0.1; Nexus 5X Build/MMB29P) AppleWebKit/537.36 (KHTML, like Gecko) Chrome/148.0.7778.96 Mobile Safari/537.36 (compatible; AdsBot-Google-Mobile; +http://www.google.com/mobile/adsbot.html)"
65.108.235.243 - - [20/Jun/2026:15:56:05 +0200] "GET /assistenza-lavatrici-indesit-santilario-denza/ HTTP/1.1" 200 22931 "-" "WP Fastest Cache Preload Bot"
65.108.235.243 - - [20/Jun/2026:15:56:07 +0200] "GET /assistenza-lavatrici-indesit-guastalla/ HTTP/1.1" 200 22858 "-" "WP Fastest Cache Preload Bot"
192.178.16.136 - - [20/Jun/2026:15:56:07 +0200] "GET /wp-content/uploads/elementor/css/post-17765.css?ver=1781767795 HTTP/1.1" 200 2242 "https://reggio-emilia.elettroservicegroup.it/assistenza-lavatrici-reggio-emilia/" "AdsBot-Google (+http://www.google.com/adsbot.html)"
65.108.235.243 - - [20/Jun/2026:15:56:07 +0200] "GET /assistenza-lavatrici-indesit-correggio/ HTTP/1.1" 200 22860 "-" "WP Fastest Cache Preload Bot"
192.178.16.136 - - [20/Jun/2026:15:56:07 +0200] "GET /wp-content/plugins/gp-premium/menu-plus/functions/js/sticky.min.js?ver=2.5.5 HTTP/1.1" 200 2670 "https://reggio-emilia.elettroservicegroup.it/assistenza-lavatrici-reggio-emilia/" "AdsBot-Google (+http://www.google.com/adsbot.html)"
192.178.16.136 - - [20/Jun/2026:15:56:08 +0200] "GET /wp-content/plugins/elementor/assets/css/widget-icon-list.min.css?ver=3.24.3 HTTP/1.1" 200 928 "https://reggio-emilia.elettroservicegroup.it/assistenza-lavatrici-reggio-emilia/" "AdsBot-Google (+http://www.google.com/adsbot.html)"
65.108.235.243 - - [20/Jun/2026:15:56:07 +0200] "GET /assistenza-lavatrici-indesit-reggio-emilia/ HTTP/1.1" 200 22849 "-" "WP Fastest Cache Preload Bot"
192.178.16.136 - - [20/Jun/2026:15:56:08 +0200] "GET /wp-content/themes/generatepress/assets/css/main.min.css?ver=3.6.1 HTTP/1.1" 200 4410 "https://reggio-emilia.elettroservicegroup.it/assistenza-lavatrici-reggio-emilia/" "AdsBot-Google (+http://www.google.com/adsbot.html)"
192.178.16.136 - - [20/Jun/2026:15:56:08 +0200] "GET /wp-json/complianz/v1/banner?lang=it&locale=it_IT&token=lcps HTTP/1.1" 200 82 "https://reggio-emilia.elettroservicegroup.it/assistenza-lavatrici-reggio-emilia/" "AdsBot-Google (+http://www.google.com/adsbot.html)"
51.107.70.198 - - [20/Jun/2026:16:41:58 +0200] "GET /assistenza-condizionatori-reggio-emilia/ HTTP/2.0" 200 20252 "-" "Mozilla/5.0 AppleWebKit/537.36 (KHTML, like Gecko); compatible; ChatGPT-User/1.0; +https://openai.com/bot"
198.235.24.177 - - [20/Jun/2026:16:46:53 +0200] "GET / HTTP/1.1" 200 165814 "http://www.reggio-emilia.elettroservicegroup.it/" "Hello from Palo Alto Networks, find out more about our scans in https://docs-cortex.paloaltonetworks.com/r/1/Cortex-Xpanse/Scanning-activity"
65.108.235.243 - - [20/Jun/2026:16:46:53 +0200] "POST /wp-json/complianz/v1/wsc-scan HTTP/1.1" 400 88 "-" "WordPress/7.0; https://reggio-emilia.elettroservicegroup.it"
65.108.235.243 - - [20/Jun/2026:16:46:53 +0200] "GET /assistenza-lavatrici-bosch-rubiera/ HTTP/1.1" 200 22996 "-" "WP Fastest Cache Preload Bot"
65.108.235.243 - - [20/Jun/2026:16:46:54 +0200] "GET /assistenza-lavatrici-bosch-scandiano/ HTTP/1.1" 200 23000 "-" "WP Fastest Cache Preload Bot"
65.108.235.243 - - [20/Jun/2026:16:46:56 +0200] "GET /assistenza-lavatrici-bosch-santilario-denza/ HTTP/1.1" 200 23064 "-" "WP Fastest Cache Preload Bot"
65.108.235.243 - - [20/Jun/2026:16:46:57 +0200] "GET /assistenza-lavatrici-bosch-guastalla/ HTTP/1.1" 200 22998 "-" "WP Fastest Cache Preload Bot"
181.53.14.61 - - [20/Jun/2026:16:48:58 +0200] "GET /wp-content/uploads/2021/10/TECNICO-ELETTRODOMESTICI-10.jpg HTTP/1.1" 200 23089 "https://reggio-emilia.elettroservicegroup.it/assistenza-ariston-guastalla/" "Mozilla/5.0 (Macintosh; Intel Mac OS X 10_13_2) AppleWebKit/537.36 (KHTML, like Gecko) Chrome/70.0.3538.80 Safari/537.36 OPR/56.0.3051.116"