72.185.38.170 - - [11/Jun/2026:21:28:47 +0200] "GET /wp-login.php HTTP/2.0" 200 3244 "-" "Mozilla/5.0 (Macintosh; Intel Mac OS X 10_15_7) AppleWebKit/537.36 (KHTML, like Gecko) Chrome/131.0.0.0 Safari/537.36"
72.185.38.170 - - [11/Jun/2026:21:28:48 +0200] "POST /wp-login.php HTTP/2.0" 200 3367 "https://piacenza.elettroservicegroup.it/wp-login.php" "Mozilla/5.0 (Macintosh; Intel Mac OS X 10_15_7) AppleWebKit/537.36 (KHTML, like Gecko) Chrome/131.0.0.0 Safari/537.36"
35.134.117.137 - - [11/Jun/2026:21:28:52 +0200] "GET /wp-login.php HTTP/2.0" 200 3244 "-" "Mozilla/5.0 (Macintosh; Intel Mac OS X 10_15_7) AppleWebKit/537.36 (KHTML, like Gecko) Chrome/131.0.0.0 Safari/537.36"
35.134.117.137 - - [11/Jun/2026:21:28:53 +0200] "POST /wp-login.php HTTP/2.0" 200 3367 "https://piacenza.elettroservicegroup.it/wp-login.php" "Mozilla/5.0 (Macintosh; Intel Mac OS X 10_15_7) AppleWebKit/537.36 (KHTML, like Gecko) Chrome/131.0.0.0 Safari/537.36"
70.133.176.190 - - [11/Jun/2026:21:28:55 +0200] "GET /wp-login.php HTTP/2.0" 200 3244 "-" "Mozilla/5.0 (Macintosh; Intel Mac OS X 10_15_7) AppleWebKit/537.36 (KHTML, like Gecko) Chrome/131.0.0.0 Safari/537.36"
70.133.176.190 - - [11/Jun/2026:21:28:56 +0200] "POST /wp-login.php HTTP/2.0" 200 3367 "https://piacenza.elettroservicegroup.it/wp-login.php" "Mozilla/5.0 (Macintosh; Intel Mac OS X 10_15_7) AppleWebKit/537.36 (KHTML, like Gecko) Chrome/131.0.0.0 Safari/537.36"
77.242.156.247 - - [11/Jun/2026:21:29:39 +0200] "GET /wp-content/uploads/2021/10/LAVASTOVIGLIE-1.jpg HTTP/1.1" 200 8879 "-" "Mozilla/5.0 (compatible; crawler)"
31.76.155.14 - - [11/Jun/2026:21:54:53 +0200] "GET /wp-content/uploads/2022/01/tecnico-elettro-300x200.jpg HTTP/1.1" 200 15134 "-" "Mozilla/5.0 (compatible; crawler)"
65.108.235.243 - - [11/Jun/2026:22:03:06 +0200] "POST /wp-cron.php?doing_wp_cron=1781208186.0289239883422851562500 HTTP/1.1" 200 1 "-" "WordPress/7.0; https://piacenza.elettroservicegroup.it"
216.73.217.89 - - [11/Jun/2026:22:03:04 +0200] "GET /robots.txt HTTP/2.0" 200 108 "-" "Mozilla/5.0 AppleWebKit/537.36 (KHTML, like Gecko; compatible; ClaudeBot/1.0; +claudebot@anthropic.com)"
65.108.235.243 - - [11/Jun/2026:22:03:06 +0200] "GET /assistenza-lavastoviglie-smeg-piacenza/ HTTP/1.1" 200 21554 "-" "WP Fastest Cache Preload Bot"
65.108.235.243 - - [11/Jun/2026:22:03:06 +0200] "GET /assistenza-lavastoviglie-rex-electrolux-piacenza/ HTTP/1.1" 200 21515 "-" "WP Fastest Cache Preload Bot"
65.108.235.243 - - [11/Jun/2026:22:03:07 +0200] "GET /assistenza-lavastoviglie-indesit-piacenza/ HTTP/1.1" 200 22019 "-" "WP Fastest Cache Preload Bot"
65.108.235.243 - - [11/Jun/2026:22:03:07 +0200] "GET /assistenza-lavastoviglie-bosch-piacenza/ HTTP/1.1" 200 22040 "-" "WP Fastest Cache Preload Bot"
72.14.201.16 - - [11/Jun/2026:22:03:36 +0200] "GET /assistenza-candy-piacenza/ HTTP/2.0" 200 21766 "https://www.google.com/" "Mozilla/5.0 (Linux; Android 10; K) AppleWebKit/537.36 (KHTML, like Gecko) Chrome/149.0.0.0 Mobile Safari/537.36"
65.108.235.243 - - [11/Jun/2026:22:03:38 +0200] "POST /wp-cron.php?doing_wp_cron=1781208218.3495869636535644531250 HTTP/1.1" 200 1 "-" "WordPress/7.0; https://piacenza.elettroservicegroup.it"
66.249.93.139 - - [11/Jun/2026:22:03:36 +0200] "GET /.well-known/traffic-advice HTTP/1.1" 404 16175 "-" "Chrome Privacy Preserving Prefetch Proxy"
45.38.43.15 - - [11/Jun/2026:22:10:24 +0200] "GET /wp-content/uploads/2022/01/copertina-Riparazione_Lavastoviglie-1-4-300x200.jpg HTTP/1.1" 200 13797 "-" "Mozilla/5.0 (compatible; crawler)"
72.14.201.23 - - [11/Jun/2026:22:11:42 +0200] "GET /assistenza-candy-piacenza/ HTTP/2.0" 200 21766 "https://www.google.com/" "Mozilla/5.0 (Linux; Android 10; K) AppleWebKit/537.36 (KHTML, like Gecko) Chrome/149.0.0.0 Mobile Safari/537.36"
162.120.188.15 - - [11/Jun/2026:22:14:55 +0200] "GET /assistenza-candy-piacenza/ HTTP/2.0" 200 21766 "https://www.google.com/" "Mozilla/5.0 (Linux; Android 10; K) AppleWebKit/537.36 (KHTML, like Gecko) Chrome/149.0.0.0 Mobile Safari/537.36"
44.220.223.244 - - [11/Jun/2026:22:19:07 +0200] "POST / HTTP/1.1" 200 11816 "-" "Mozilla/5.0"
65.108.235.243 - - [11/Jun/2026:22:42:15 +0200] "POST /wp-cron.php?doing_wp_cron=1781210535.5881960391998291015625 HTTP/1.1" 200 1 "-" "WordPress/7.0; https://piacenza.elettroservicegroup.it"
34.65.159.111 - - [11/Jun/2026:22:42:13 +0200] "GET / HTTP/2.0" 301 - "-" "Mozilla/5.0 (X11; Linux x86_64) AppleWebKit/537.36 (KHTML, like Gecko) Chrome/124.0 Safari/537.36"
34.65.159.111 - - [11/Jun/2026:22:42:16 +0200] "GET / HTTP/2.0" 200 23599 "https://www.piacenza.elettroservicegroup.it" "Mozilla/5.0 (X11; Linux x86_64) AppleWebKit/537.36 (KHTML, like Gecko) Chrome/124.0 Safari/537.36"
65.108.235.243 - - [11/Jun/2026:22:42:16 +0200] "GET /assistenza-lavastoviglie-ariston-piacenza/ HTTP/1.1" 200 21972 "-" "WP Fastest Cache Preload Bot"
65.108.235.243 - - [11/Jun/2026:22:42:16 +0200] "GET /assistenza-lavastoviglie-aeg-piacenza/ HTTP/1.1" 200 22032 "-" "WP Fastest Cache Preload Bot"
65.108.235.243 - - [11/Jun/2026:22:42:17 +0200] "GET /assistenza-lavastoviglie-piacenza/ HTTP/1.1" 200 21653 "-" "WP Fastest Cache Preload Bot"
65.108.235.243 - - [11/Jun/2026:22:42:18 +0200] "GET /assistenza-indesit-piacenza/ HTTP/1.1" 200 21692 "-" "WP Fastest Cache Preload Bot"
66.249.64.167 - - [11/Jun/2026:22:50:08 +0200] "GET /wp-content/uploads/2021/10/asko-e1634463631713-1024x675.jpg HTTP/1.1" 200 72659 "-" "GoogleOther-Image/1.0"
66.249.64.165 - - [11/Jun/2026:22:53:16 +0200] "GET /wp-content/uploads/2022/01/COPERTINA-5-300x150.png HTTP/1.1" 200 29437 "-" "GoogleOther-Image/1.0"
216.73.217.89 - - [11/Jun/2026:22:55:07 +0200] "GET /wp-content/cache/wpfc-minified/jno40hfd/2s0xd.css HTTP/2.0" 200 23329 "-" "Mozilla/5.0 AppleWebKit/537.36 (KHTML, like Gecko; compatible; ClaudeBot/1.0; +claudebot@anthropic.com)"
66.249.64.167 - - [11/Jun/2026:22:58:24 +0200] "GET /wp-content/uploads/2021/11/Frigorifero-combinato.jpg HTTP/1.1" 200 70884 "-" "GoogleOther-Image/1.0"
65.108.235.243 - - [11/Jun/2026:23:12:57 +0200] "POST /wp-cron.php?doing_wp_cron=1781212377.1630361080169677734375 HTTP/1.1" 200 1 "-" "WordPress/7.0; https://piacenza.elettroservicegroup.it"
114.119.138.37 - - [11/Jun/2026:23:12:49 +0200] "GET /robots.txt HTTP/1.1" 200 108 "https://piacenza.elettroservicegroup.it/robots.txt" "Mozilla/5.0 (compatible;PetalBot;+https://webmaster.petalsearch.com/site/petalbot)"
65.108.235.243 - - [11/Jun/2026:23:12:59 +0200] "GET /assistenza-candy-piacenza/ HTTP/1.1" 200 21788 "-" "WP Fastest Cache Preload Bot"
65.108.235.243 - - [11/Jun/2026:23:13:02 +0200] "GET /assistenza-bosch-piacenza/ HTTP/1.1" 200 21792 "-" "WP Fastest Cache Preload Bot"
65.108.235.243 - - [11/Jun/2026:23:13:05 +0200] "GET /assistenza-ariston-piacenza/ HTTP/1.1" 200 21775 "-" "WP Fastest Cache Preload Bot"
65.108.235.243 - - [11/Jun/2026:23:13:08 +0200] "GET /assistenza-aeg-piacenza/ HTTP/1.1" 200 21784 "-" "WP Fastest Cache Preload Bot"
66.249.64.165 - - [11/Jun/2026:23:13:30 +0200] "GET /wp-content/uploads/2022/01/logo-rex-electrolux-1-768x768-1-e1642606786775.jpg HTTP/1.1" 200 19240 "-" "GoogleOther-Image/1.0"
31.58.110.241 - - [11/Jun/2026:23:16:36 +0200] "GET /wp-content/uploads/2022/01/copertina-Riparazione_Lavastoviglie-1-6-300x200.jpg HTTP/1.1" 200 13797 "-" "Mozilla/5.0 (compatible; crawler)"
66.249.64.167 - - [11/Jun/2026:23:18:44 +0200] "GET /wp-content/uploads/2022/01/logo-rex-electrolux2-e1641220584995-300x143.jpg HTTP/1.1" 200 6007 "-" "GoogleOther-Image/1.0"
66.249.64.167 - - [11/Jun/2026:23:35:15 +0200] "GET /wp-content/uploads/2022/01/forno-c-1024x682.jpg HTTP/1.1" 200 70302 "-" "GoogleOther-Image/1.0"
45.38.164.243 - - [11/Jun/2026:23:36:36 +0200] "GET /wp-content/uploads/2022/01/HOME-300x200.jpg HTTP/1.1" 200 7785 "-" "Mozilla/5.0 (compatible; crawler)"
82.22.103.171 - - [11/Jun/2026:23:40:00 +0200] "GET /wp-content/uploads/2022/01/COPERTINA-5-300x150.png HTTP/1.1" 200 29437 "-" "Mozilla/5.0 (compatible; crawler)"
65.108.235.243 - - [11/Jun/2026:23:49:39 +0200] "POST /wp-cron.php?doing_wp_cron=1781214579.5379099845886230468750 HTTP/1.1" 200 1 "-" "WordPress/7.0; https://piacenza.elettroservicegroup.it"
216.73.217.89 - - [11/Jun/2026:23:49:32 +0200] "GET /robots.txt HTTP/2.0" 200 108 "-" "Mozilla/5.0 AppleWebKit/537.36 (KHTML, like Gecko; compatible; ClaudeBot/1.0; +claudebot@anthropic.com)"
65.108.235.243 - - [11/Jun/2026:23:49:41 +0200] "GET /cookie-policy/ HTTP/1.1" 200 17897 "-" "WP Fastest Cache Preload Bot"
65.108.235.243 - - [11/Jun/2026:23:49:43 +0200] "GET /termini-e-condizioni/ HTTP/1.1" 200 17465 "-" "WP Fastest Cache Preload Bot"
65.108.235.243 - - [11/Jun/2026:23:49:45 +0200] "GET /cookie-policy-ue/ HTTP/1.1" 200 19440 "-" "WP Fastest Cache Preload Bot"
65.108.235.243 - - [11/Jun/2026:23:49:47 +0200] "GET /informativa-privacy/ HTTP/1.1" 200 19709 "-" "WP Fastest Cache Preload Bot"
216.73.217.89 - - [11/Jun/2026:23:50:02 +0200] "GET /wp-content/cache/wpfc-minified/6ykfum2g/2s6ua.css HTTP/2.0" 200 14492 "-" "Mozilla/5.0 AppleWebKit/537.36 (KHTML, like Gecko; compatible; ClaudeBot/1.0; +claudebot@anthropic.com)"
66.249.64.167 - - [11/Jun/2026:23:51:54 +0200] "GET /wp-content/uploads/2022/01/copertina-Riparazione_Lavastoviglie-1-12.jpg HTTP/1.1" 200 35425 "-" "GoogleOther-Image/1.0"
66.249.64.166 - - [12/Jun/2026:00:00:21 +0200] "GET /wp-content/uploads/2021/10/copertina-washing-machine-2668472_1920-1024x683.jpg HTTP/1.1" 200 92989 "-" "GoogleOther-Image/1.0"
66.249.93.139 - - [12/Jun/2026:00:15:40 +0200] "GET /.well-known/traffic-advice HTTP/1.1" 404 16175 "-" "Chrome Privacy Preserving Prefetch Proxy"
65.108.235.243 - - [12/Jun/2026:00:15:49 +0200] "POST /wp-cron.php?doing_wp_cron=1781216149.3525800704956054687500 HTTP/1.1" 200 1 "-" "WordPress/7.0; https://piacenza.elettroservicegroup.it"
162.120.187.8 - - [12/Jun/2026:00:15:40 +0200] "GET /assistenza-condizionatori/ HTTP/2.0" 404 - "https://www.google.com/" "Mozilla/5.0 (Linux; Android 10; K) AppleWebKit/537.36 (KHTML, like Gecko) Chrome/149.0.0.0 Mobile Safari/537.36"
65.108.235.243 - - [12/Jun/2026:00:15:50 +0200] "GET /assistenza-frigoriferi/ HTTP/1.1" 200 19779 "-" "WP Fastest Cache Preload Bot"
65.108.235.243 - - [12/Jun/2026:00:15:51 +0200] "GET /assistenza-lavastoviglie/ HTTP/1.1" 200 19841 "-" "WP Fastest Cache Preload Bot"
65.108.235.243 - - [12/Jun/2026:00:15:53 +0200] "GET /assistenza-asciugatrici/ HTTP/1.1" 200 19593 "-" "WP Fastest Cache Preload Bot"
65.108.235.243 - - [12/Jun/2026:00:15:55 +0200] "GET /assistenza-lavatrici/ HTTP/1.1" 200 19338 "-" "WP Fastest Cache Preload Bot"
207.97.180.222 - - [12/Jun/2026:00:16:06 +0200] "GET /wp-content/uploads/2022/01/ASCIUGATRICE-TECNIC-3-300x225.jpg HTTP/1.1" 200 16834 "-" "Mozilla/5.0 (compatible; crawler)"
65.108.235.243 - - [12/Jun/2026:00:30:29 +0200] "POST /wp-cron.php?doing_wp_cron=1781217029.1609709262847900390625 HTTP/1.1" 200 1 "-" "WordPress/7.0; https://piacenza.elettroservicegroup.it"
216.73.217.89 - - [12/Jun/2026:00:30:27 +0200] "GET /sitemap.rss HTTP/2.0" 200 1300 "-" "Mozilla/5.0 AppleWebKit/537.36 (KHTML, like Gecko; compatible; ClaudeBot/1.0; +claudebot@anthropic.com)"
65.108.235.243 - - [12/Jun/2026:00:30:29 +0200] "GET / HTTP/1.1" 200 21711 "-" "WP Fastest Cache Preload Bot"
65.108.235.243 - - [12/Jun/2026:00:46:04 +0200] "POST /wp-cron.php?doing_wp_cron=1781217964.8753321170806884765625 HTTP/1.1" 200 1 "-" "WordPress/7.0; https://piacenza.elettroservicegroup.it"
35.226.94.163 - - [12/Jun/2026:00:46:03 +0200] "GET / HTTP/2.0" 301 - "-" "Mozilla/5.0 (X11; Linux x86_64) AppleWebKit/537.36 (KHTML, like Gecko) Chrome/124.0 Safari/537.36"
35.226.94.163 - - [12/Jun/2026:00:46:06 +0200] "GET / HTTP/2.0" 200 23599 "https://www.piacenza.elettroservicegroup.it" "Mozilla/5.0 (X11; Linux x86_64) AppleWebKit/537.36 (KHTML, like Gecko) Chrome/124.0 Safari/537.36"
154.222.131.60 - - [12/Jun/2026:00:51:01 +0200] "GET /wp-content/uploads/2022/01/elettro7-300x120.jpg HTTP/1.1" 200 7007 "-" "Mozilla/5.0 (compatible; crawler)"
66.80.97.250 - - [12/Jun/2026:01:18:31 +0200] "GET /wp-content/uploads/2022/01/tecnico-elettro-2-300x200.jpg HTTP/1.1" 200 15134 "-" "Mozilla/5.0 (compatible; crawler)"
65.108.235.243 - - [12/Jun/2026:01:24:58 +0200] "POST /wp-cron.php?doing_wp_cron=1781220298.0296299457550048828125 HTTP/1.1" 200 1 "-" "WordPress/7.0; https://piacenza.elettroservicegroup.it"
216.73.217.89 - - [12/Jun/2026:01:24:53 +0200] "GET /robots.txt HTTP/2.0" 200 108 "-" "Mozilla/5.0 AppleWebKit/537.36 (KHTML, like Gecko; compatible; ClaudeBot/1.0; +claudebot@anthropic.com)"
65.108.235.243 - - [12/Jun/2026:01:25:15 +0200] "GET /imprint/ HTTP/1.1" 200 17077 "-" "WP Fastest Cache Preload Bot"
65.108.235.243 - - [12/Jun/2026:01:25:15 +0200] "GET /dichiarazione-sulla-privacy-ue/ HTTP/1.1" 200 19568 "-" "WP Fastest Cache Preload Bot"
65.108.235.243 - - [12/Jun/2026:01:25:15 +0200] "GET /assistenza-whirlpool-piacenza/ HTTP/1.1" 200 21751 "-" "WP Fastest Cache Preload Bot"
65.108.235.243 - - [12/Jun/2026:01:25:16 +0200] "GET /assistenza-smeg-piacenza/ HTTP/1.1" 200 21697 "-" "WP Fastest Cache Preload Bot"
65.108.235.243 - - [12/Jun/2026:01:25:17 +0200] "GET / HTTP/1.1" 200 21711 "-" "WP Fastest Cache Preload Bot"
66.249.64.165 - - [12/Jun/2026:01:31:17 +0200] "GET /wp-content/uploads/2022/01/logo-rex-electrolux2-e1641220584995-300x143.jpg HTTP/1.1" 304 - "-" "Googlebot-Image/1.0"
46.8.222.173 - - [12/Jun/2026:01:34:14 +0200] "POST /xmlrpc.php HTTP/1.1" 403 52 "-" "Python-xmlrpc/3.10"
65.108.235.243 - - [12/Jun/2026:01:34:16 +0200] "GET /imprint/ HTTP/1.1" 200 17073 "-" "WP Fastest Cache Preload Bot"
46.8.222.173 - - [12/Jun/2026:01:34:16 +0200] "GET /wp-login.php HTTP/1.1" 200 3565 "-" "Mozilla/5.0 (Macintosh; Intel Mac OS X 10_12_6) AppleWebKit/603.3.8 (KHTML, like Gecko) Version/10.1.2 Safari/603.3.8"
65.108.235.243 - - [12/Jun/2026:01:34:17 +0200] "GET /dichiarazione-sulla-privacy-ue/ HTTP/1.1" 200 19576 "-" "WP Fastest Cache Preload Bot"
65.108.235.243 - - [12/Jun/2026:01:34:18 +0200] "GET /assistenza-whirlpool-piacenza/ HTTP/1.1" 200 21751 "-" "WP Fastest Cache Preload Bot"
46.8.222.173 - - [12/Jun/2026:01:34:18 +0200] "GET /wp-login.php HTTP/1.1" 200 3565 "-" "Mozilla/5.0 (Macintosh; Intel Mac OS X 10_12_6) AppleWebKit/603.3.8 (KHTML, like Gecko) Version/10.1.2 Safari/603.3.8"
65.108.235.243 - - [12/Jun/2026:01:34:19 +0200] "GET /assistenza-smeg-piacenza/ HTTP/1.1" 200 21697 "-" "WP Fastest Cache Preload Bot"
46.8.222.173 - - [12/Jun/2026:01:34:20 +0200] "GET /wp-admin/post-new.php HTTP/1.1" 302 - "-" "Mozilla/5.0 (Macintosh; Intel Mac OS X 10_12_6) AppleWebKit/603.3.8 (KHTML, like Gecko) Version/10.1.2 Safari/603.3.8"
46.8.222.173 - - [12/Jun/2026:01:34:20 +0200] "GET /wp-login.php?redirect_to=https%3A%2F%2Fpiacenza.elettroservicegroup.it%2Fwp-admin%2Fpost-new.php&reauth=1 HTTP/1.1" 200 3569 "-" "Mozilla/5.0 (Macintosh; Intel Mac OS X 10_12_6) AppleWebKit/603.3.8 (KHTML, like Gecko) Version/10.1.2 Safari/603.3.8"
170.106.163.48 - - [12/Jun/2026:01:55:13 +0200] "GET / HTTP/1.1" 200 23599 "http://piacenza.elettroservicegroup.it" "Mozilla/5.0 (iPhone; CPU iPhone OS 13_2_3 like Mac OS X) AppleWebKit/605.1.15 (KHTML, like Gecko) Version/13.0.3 Mobile/15E148 Safari/604.1"
65.108.235.243 - - [12/Jun/2026:01:55:12 +0200] "GET /assistenza-siemens-piacenza/ HTTP/1.1" 200 21874 "-" "WP Fastest Cache Preload Bot"
65.108.235.243 - - [12/Jun/2026:01:55:13 +0200] "GET /assistenza-rex-electrolux-piacenza/ HTTP/1.1" 200 21735 "-" "WP Fastest Cache Preload Bot"
65.108.235.243 - - [12/Jun/2026:01:55:14 +0200] "GET /assistenza-miele-piacenza/ HTTP/1.1" 200 21978 "-" "WP Fastest Cache Preload Bot"
65.108.235.243 - - [12/Jun/2026:01:55:15 +0200] "GET /assistenza-lavatrici-whirlpool-piacenza/ HTTP/1.1" 200 21854 "-" "WP Fastest Cache Preload Bot"
216.73.217.89 - - [12/Jun/2026:01:56:42 +0200] "GET /wp-content/cache/wpfc-minified/lnrgtxtf/3tfd1.css HTTP/2.0" 200 16112 "-" "Mozilla/5.0 AppleWebKit/537.36 (KHTML, like Gecko; compatible; ClaudeBot/1.0; +claudebot@anthropic.com)"
65.108.235.243 - - [12/Jun/2026:02:18:20 +0200] "POST /wp-cron.php?doing_wp_cron=1781223500.1262700557708740234375 HTTP/1.1" 200 1 "-" "WordPress/7.0; https://piacenza.elettroservicegroup.it"
52.167.144.160 - - [12/Jun/2026:02:18:16 +0200] "GET /sitemap.rss HTTP/2.0" 200 1299 "-" "Mozilla/5.0 AppleWebKit/537.36 (KHTML, like Gecko; compatible; bingbot/2.0; +http://www.bing.com/bingbot.htm) Chrome/116.0.1938.76 Safari/537.36"
65.108.235.243 - - [12/Jun/2026:02:18:22 +0200] "GET /assistenza-lavatrici-smeg-piacenza/ HTTP/1.1" 200 21596 "-" "WP Fastest Cache Preload Bot"
65.108.235.243 - - [12/Jun/2026:02:18:26 +0200] "GET /assistenza-lavatrici-rex-electrolux-piacenza/ HTTP/1.1" 200 21559 "-" "WP Fastest Cache Preload Bot"
65.108.235.243 - - [12/Jun/2026:02:18:28 +0200] "GET /assistenza-lavatrici-indesit-piacenza/ HTTP/1.1" 200 21594 "-" "WP Fastest Cache Preload Bot"
65.108.235.243 - - [12/Jun/2026:02:18:30 +0200] "GET /assistenza-lavatrici-bosch-piacenza/ HTTP/1.1" 200 21637 "-" "WP Fastest Cache Preload Bot"
65.108.235.243 - - [12/Jun/2026:02:33:16 +0200] "POST /wp-cron.php?doing_wp_cron=1781224396.8271598815917968750000 HTTP/1.1" 200 1 "-" "WordPress/7.0; https://piacenza.elettroservicegroup.it"
40.77.167.187 - - [12/Jun/2026:02:33:12 +0200] "GET /robots.txt HTTP/2.0" 301 1 "-" "Mozilla/5.0 AppleWebKit/537.36 (KHTML, like Gecko; compatible; bingbot/2.0; +http://www.bing.com/bingbot.htm) Chrome/116.0.1938.76 Safari/537.36"
40.77.167.187 - - [12/Jun/2026:02:33:17 +0200] "GET /robots.txt HTTP/2.0" 200 108 "-" "Mozilla/5.0 AppleWebKit/537.36 (KHTML, like Gecko; compatible; bingbot/2.0; +http://www.bing.com/bingbot.htm) Chrome/116.0.1938.76 Safari/537.36"
65.108.235.243 - - [12/Jun/2026:02:33:19 +0200] "GET /assistenza-lavatrici-ariston-piacenza/ HTTP/1.1" 200 21656 "-" "WP Fastest Cache Preload Bot"
65.108.235.243 - - [12/Jun/2026:02:33:23 +0200] "GET /assistenza-lavatrici-aeg-piacenza/ HTTP/1.1" 200 21656 "-" "WP Fastest Cache Preload Bot"
40.77.167.26 - - [12/Jun/2026:02:33:26 +0200] "GET /assistenza-lavatrici-castel-san-giovanni/ HTTP/2.0" 301 1 "-" "Mozilla/5.0 AppleWebKit/537.36 (KHTML, like Gecko; compatible; bingbot/2.0; +http://www.bing.com/bingbot.htm) Chrome/116.0.1938.76 Safari/537.36"
65.108.235.243 - - [12/Jun/2026:02:33:25 +0200] "GET /assistenza-lavatrici-piacenza/ HTTP/1.1" 200 21908 "-" "WP Fastest Cache Preload Bot"
65.108.235.243 - - [12/Jun/2026:02:33:28 +0200] "GET /assistenza-lavastoviglie-whirlpool-piacenza/ HTTP/1.1" 200 21605 "-" "WP Fastest Cache Preload Bot"
65.108.235.243 - - [12/Jun/2026:02:36:42 +0200] "POST /wp-cron.php?doing_wp_cron=1781224602.5259590148925781250000 HTTP/1.1" 200 1 "-" "WordPress/7.0; https://piacenza.elettroservicegroup.it"
66.249.64.165 - - [12/Jun/2026:02:36:39 +0200] "GET /robots.txt HTTP/1.1" 200 108 "-" "Mozilla/5.0 (compatible; Googlebot/2.1; +http://www.google.com/bot.html)"
65.108.235.243 - - [12/Jun/2026:02:36:44 +0200] "GET /assistenza-lavastoviglie-smeg-piacenza/ HTTP/1.1" 200 21554 "-" "WP Fastest Cache Preload Bot"
65.108.235.243 - - [12/Jun/2026:02:36:45 +0200] "GET /assistenza-lavastoviglie-rex-electrolux-piacenza/ HTTP/1.1" 200 21518 "-" "WP Fastest Cache Preload Bot"
65.108.235.243 - - [12/Jun/2026:02:36:46 +0200] "GET /assistenza-lavastoviglie-indesit-piacenza/ HTTP/1.1" 200 22019 "-" "WP Fastest Cache Preload Bot"
65.108.235.243 - - [12/Jun/2026:02:36:47 +0200] "GET /assistenza-lavastoviglie-bosch-piacenza/ HTTP/1.1" 200 22041 "-" "WP Fastest Cache Preload Bot"
66.249.64.165 - - [12/Jun/2026:02:36:54 +0200] "GET /wp-content/uploads/2022/01/condizionatore-bonus-6-1024x683.jpg HTTP/1.1" 200 55996 "-" "GoogleOther-Image/1.0"
65.108.235.243 - - [12/Jun/2026:02:37:58 +0200] "POST /wp-cron.php?doing_wp_cron=1781224678.5382549762725830078125 HTTP/1.1" 200 1 "-" "WordPress/7.0; https://piacenza.elettroservicegroup.it"
66.249.64.165 - - [12/Jun/2026:02:37:55 +0200] "GET /robots.txt HTTP/1.1" 200 108 "-" "Mozilla/5.0 (compatible; Googlebot/2.1; +http://www.google.com/bot.html)"
66.249.64.165 - - [12/Jun/2026:02:37:55 +0200] "GET /logo-rex-electrolux/ HTTP/1.1" 200 17065 "-" "Mozilla/5.0 (Linux; Android 6.0.1; Nexus 5X Build/MMB29P) AppleWebKit/537.36 (KHTML, like Gecko) Chrome/148.0.7778.96 Mobile Safari/537.36 (compatible; Googlebot/2.1; +http://www.google.com/bot.html)"
66.249.64.167 - - [12/Jun/2026:02:38:18 +0200] "GET /wp-content/plugins/elementor/assets/lib/font-awesome/css/v4-shims.min.css?ver=4.1.3 HTTP/1.1" 200 3986 "https://piacenza.elettroservicegroup.it/logo-rex-electrolux/" "Mozilla/5.0 (Linux; Android 6.0.1; Nexus 5X Build/MMB29P) AppleWebKit/537.36 (KHTML, like Gecko) Chrome/148.0.7778.96 Mobile Safari/537.36 (compatible; Googlebot/2.1; +http://www.google.com/bot.html)"
66.249.64.165 - - [12/Jun/2026:02:38:18 +0200] "GET /wp-content/themes/generatepress/assets/js/menu.min.js?ver=3.6.1 HTTP/1.1" 200 1688 "https://piacenza.elettroservicegroup.it/logo-rex-electrolux/" "Mozilla/5.0 (Linux; Android 6.0.1; Nexus 5X Build/MMB29P) AppleWebKit/537.36 (KHTML, like Gecko) Chrome/148.0.7778.96 Mobile Safari/537.36 (compatible; Googlebot/2.1; +http://www.google.com/bot.html)"
66.249.64.167 - - [12/Jun/2026:02:38:18 +0200] "GET /wp-content/plugins/elementor/assets/js/webpack.runtime.min.js?ver=4.1.3 HTTP/1.1" 200 2340 "https://piacenza.elettroservicegroup.it/logo-rex-electrolux/" "Mozilla/5.0 (Linux; Android 6.0.1; Nexus 5X Build/MMB29P) AppleWebKit/537.36 (KHTML, like Gecko) Chrome/148.0.7778.96 Mobile Safari/537.36 (compatible; Googlebot/2.1; +http://www.google.com/bot.html)"
66.249.64.166 - - [12/Jun/2026:02:38:19 +0200] "GET /wp-content/plugins/elementor/assets/lib/eicons/css/elementor-icons.min.css?ver=5.34.0 HTTP/1.1" 200 4115 "https://piacenza.elettroservicegroup.it/logo-rex-electrolux/" "Mozilla/5.0 (Linux; Android 6.0.1; Nexus 5X Build/MMB29P) AppleWebKit/537.36 (KHTML, like Gecko) Chrome/148.0.7778.96 Mobile Safari/537.36 (compatible; Googlebot/2.1; +http://www.google.com/bot.html)"
66.249.64.166 - - [12/Jun/2026:02:38:20 +0200] "GET /wp-content/plugins/elementor/assets/lib/font-awesome/css/all.min.css?ver=4.1.3 HTTP/1.1" 200 12402 "https://piacenza.elettroservicegroup.it/logo-rex-electrolux/" "Mozilla/5.0 (Linux; Android 6.0.1; Nexus 5X Build/MMB29P) AppleWebKit/537.36 (KHTML, like Gecko) Chrome/148.0.7778.96 Mobile Safari/537.36 (compatible; Googlebot/2.1; +http://www.google.com/bot.html)"
66.249.64.167 - - [12/Jun/2026:02:38:20 +0200] "GET /wp-content/plugins/elementor/assets/css/frontend.min.css?ver=4.1.3 HTTP/1.1" 200 6618 "https://piacenza.elettroservicegroup.it/logo-rex-electrolux/" "Mozilla/5.0 (Linux; Android 6.0.1; Nexus 5X Build/MMB29P) AppleWebKit/537.36 (KHTML, like Gecko) Chrome/148.0.7778.96 Mobile Safari/537.36 (compatible; Googlebot/2.1; +http://www.google.com/bot.html)"
66.249.64.167 - - [12/Jun/2026:02:38:21 +0200] "GET /wp-content/plugins/elementor/assets/lib/font-awesome/js/v4-shims.min.js?ver=4.1.3 HTTP/1.1" 200 4043 "https://piacenza.elettroservicegroup.it/logo-rex-electrolux/" "Mozilla/5.0 (Linux; Android 6.0.1; Nexus 5X Build/MMB29P) AppleWebKit/537.36 (KHTML, like Gecko) Chrome/148.0.7778.96 Mobile Safari/537.36 (compatible; Googlebot/2.1; +http://www.google.com/bot.html)"
66.249.64.166 - - [12/Jun/2026:02:38:22 +0200] "GET /wp-content/plugins/elementor/assets/css/widget-social-icons.min.css?ver=3.24.0 HTTP/1.1" 200 1039 "https://piacenza.elettroservicegroup.it/logo-rex-electrolux/" "Mozilla/5.0 (Linux; Android 6.0.1; Nexus 5X Build/MMB29P) AppleWebKit/537.36 (KHTML, like Gecko) Chrome/148.0.7778.96 Mobile Safari/537.36 (compatible; Googlebot/2.1; +http://www.google.com/bot.html)"
66.249.64.166 - - [12/Jun/2026:02:38:23 +0200] "GET /wp-content/themes/generatepress/assets/css/main.min.css?ver=3.6.1 HTTP/1.1" 200 4410 "https://piacenza.elettroservicegroup.it/logo-rex-electrolux/" "Mozilla/5.0 (Linux; Android 6.0.1; Nexus 5X Build/MMB29P) AppleWebKit/537.36 (KHTML, like Gecko) Chrome/148.0.7778.96 Mobile Safari/537.36 (compatible; Googlebot/2.1; +http://www.google.com/bot.html)"
66.249.64.165 - - [12/Jun/2026:02:38:24 +0200] "GET /wp-content/plugins/elementor/assets/js/frontend-modules.min.js?ver=4.1.3 HTTP/1.1" 200 15454 "https://piacenza.elettroservicegroup.it/logo-rex-electrolux/" "Mozilla/5.0 (Linux; Android 6.0.1; Nexus 5X Build/MMB29P) AppleWebKit/537.36 (KHTML, like Gecko) Chrome/148.0.7778.96 Mobile Safari/537.36 (compatible; Googlebot/2.1; +http://www.google.com/bot.html)"
66.249.64.165 - - [12/Jun/2026:02:38:25 +0200] "GET /wp-content/plugins/elementor/assets/js/frontend.min.js?ver=4.1.3 HTTP/1.1" 200 10140 "https://piacenza.elettroservicegroup.it/logo-rex-electrolux/" "Mozilla/5.0 (Linux; Android 6.0.1; Nexus 5X Build/MMB29P) AppleWebKit/537.36 (KHTML, like Gecko) Chrome/148.0.7778.96 Mobile Safari/537.36 (compatible; Googlebot/2.1; +http://www.google.com/bot.html)"
65.108.235.243 - - [12/Jun/2026:02:38:26 +0200] "POST /wp-cron.php?doing_wp_cron=1781224706.4534320831298828125000 HTTP/1.1" 200 1 "-" "WordPress/7.0; https://piacenza.elettroservicegroup.it"
66.249.64.166 - - [12/Jun/2026:02:38:26 +0200] "GET /wp-json/complianz/v1/banner?lang=it&locale=it_IT&token=npmll HTTP/1.1" 200 84 "https://piacenza.elettroservicegroup.it/logo-rex-electrolux/" "Mozilla/5.0 (Linux; Android 6.0.1; Nexus 5X Build/MMB29P) AppleWebKit/537.36 (KHTML, like Gecko) Chrome/148.0.7778.96 Mobile Safari/537.36 (compatible; Googlebot/2.1; +http://www.google.com/bot.html)"
66.249.64.165 - - [12/Jun/2026:02:38:26 +0200] "GET /wp-content/plugins/elementor/assets/lib/share-link/share-link.min.js?ver=4.1.3 HTTP/1.1" 200 1077 "https://piacenza.elettroservicegroup.it/logo-rex-electrolux/" "Mozilla/5.0 (Linux; Android 6.0.1; Nexus 5X Build/MMB29P) AppleWebKit/537.36 (KHTML, like Gecko) Chrome/148.0.7778.96 Mobile Safari/537.36 (compatible; Googlebot/2.1; +http://www.google.com/bot.html)"
66.249.64.165 - - [12/Jun/2026:02:38:28 +0200] "GET /wp-content/plugins/elementor/assets/css/conditionals/dialog.min.css?ver=4.1.3 HTTP/1.1" 200 1428 "https://piacenza.elettroservicegroup.it/logo-rex-electrolux/" "Mozilla/5.0 (Linux; Android 6.0.1; Nexus 5X Build/MMB29P) AppleWebKit/537.36 (KHTML, like Gecko) Chrome/148.0.7778.96 Mobile Safari/537.36 (compatible; Googlebot/2.1; +http://www.google.com/bot.html)"
66.249.64.165 - - [12/Jun/2026:02:38:29 +0200] "GET /wp-content/plugins/elementor/assets/css/conditionals/lightbox.min.css?ver=4.1.3 HTTP/1.1" 200 1760 "https://piacenza.elettroservicegroup.it/logo-rex-electrolux/" "Mozilla/5.0 (Linux; Android 6.0.1; Nexus 5X Build/MMB29P) AppleWebKit/537.36 (KHTML, like Gecko) Chrome/148.0.7778.96 Mobile Safari/537.36 (compatible; Googlebot/2.1; +http://www.google.com/bot.html)"
66.249.64.165 - - [12/Jun/2026:02:38:30 +0200] "GET /wp-content/plugins/elementor/assets/js/section-frontend-handlers.d85ab872da118940910d.bundle.min.js HTTP/1.1" 200 230 "https://piacenza.elettroservicegroup.it/logo-rex-electrolux/" "Mozilla/5.0 (Linux; Android 6.0.1; Nexus 5X Build/MMB29P) AppleWebKit/537.36 (KHTML, like Gecko) Chrome/148.0.7778.96 Mobile Safari/537.36 (compatible; Googlebot/2.1; +http://www.google.com/bot.html)"
65.108.235.243 - - [12/Jun/2026:02:45:09 +0200] "POST /wp-cron.php?doing_wp_cron=1781225109.0237450599670410156250 HTTP/1.1" 200 1 "-" "WordPress/7.0; https://piacenza.elettroservicegroup.it"
216.73.217.89 - - [12/Jun/2026:02:45:06 +0200] "GET /robots.txt HTTP/2.0" 200 108 "-" "Mozilla/5.0 AppleWebKit/537.36 (KHTML, like Gecko; compatible; ClaudeBot/1.0; +claudebot@anthropic.com)"
65.108.235.243 - - [12/Jun/2026:02:45:10 +0200] "GET /assistenza-lavastoviglie-ariston-piacenza/ HTTP/1.1" 200 21972 "-" "WP Fastest Cache Preload Bot"
65.108.235.243 - - [12/Jun/2026:02:45:13 +0200] "GET /assistenza-lavastoviglie-aeg-piacenza/ HTTP/1.1" 200 22032 "-" "WP Fastest Cache Preload Bot"
65.108.235.243 - - [12/Jun/2026:02:45:13 +0200] "GET /assistenza-lavastoviglie-piacenza/ HTTP/1.1" 200 21654 "-" "WP Fastest Cache Preload Bot"
65.108.235.243 - - [12/Jun/2026:02:45:14 +0200] "GET /assistenza-indesit-piacenza/ HTTP/1.1" 200 21691 "-" "WP Fastest Cache Preload Bot"
216.73.217.89 - - [12/Jun/2026:02:45:47 +0200] "GET /wp-content/cache/wpfc-minified/dfh9cqtc/2s6ts.js HTTP/2.0" 200 4120 "-" "Mozilla/5.0 AppleWebKit/537.36 (KHTML, like Gecko; compatible; ClaudeBot/1.0; +claudebot@anthropic.com)"
65.108.235.243 - - [12/Jun/2026:03:01:42 +0200] "POST /wp-cron.php?doing_wp_cron=1781226102.1452798843383789062500 HTTP/1.1" 200 1 "-" "WordPress/7.0; https://piacenza.elettroservicegroup.it"
149.232.141.153 - - [12/Jun/2026:03:01:40 +0200] "GET /robots.txt HTTP/2.0" 200 108 "https://piacenza.elettroservicegroup.it/robots.txt" "Mozilla/5.0 (Windows NT 10.0; Win64; x64) AppleWebKit/537.36 (KHTML, like Gecko) Chrome/101.0.4951.64 Safari/537.36 Edg/101.0.1210.47"
65.108.235.243 - - [12/Jun/2026:03:01:42 +0200] "GET /assistenza-candy-piacenza/ HTTP/1.1" 200 21788 "-" "WP Fastest Cache Preload Bot"
65.108.235.243 - - [12/Jun/2026:03:01:43 +0200] "GET /assistenza-bosch-piacenza/ HTTP/1.1" 200 21793 "-" "WP Fastest Cache Preload Bot"
65.108.235.243 - - [12/Jun/2026:03:01:43 +0200] "GET /assistenza-ariston-piacenza/ HTTP/1.1" 200 21776 "-" "WP Fastest Cache Preload Bot"
65.108.235.243 - - [12/Jun/2026:03:01:43 +0200] "GET /assistenza-aeg-piacenza/ HTTP/1.1" 200 21783 "-" "WP Fastest Cache Preload Bot"
65.108.235.243 - - [12/Jun/2026:03:03:05 +0200] "POST /wp-cron.php?doing_wp_cron=1781226185.8703138828277587890625 HTTP/1.1" 200 1 "-" "WordPress/7.0; https://piacenza.elettroservicegroup.it"
40.77.167.151 - - [12/Jun/2026:03:03:03 +0200] "GET /sitemap.xml HTTP/2.0" 200 332 "-" "Mozilla/5.0 AppleWebKit/537.36 (KHTML, like Gecko; compatible; bingbot/2.0; +http://www.bing.com/bingbot.htm) Chrome/116.0.1938.76 Safari/537.36"
65.108.235.243 - - [12/Jun/2026:03:16:48 +0200] "POST /wp-cron.php?doing_wp_cron=1781227008.0621318817138671875000 HTTP/1.1" 200 1 "-" "WordPress/7.0; https://piacenza.elettroservicegroup.it"
66.249.64.166 - - [12/Jun/2026:03:16:45 +0200] "GET /wp-content/uploads/2021/10/marchi-uniti.jpg HTTP/1.1" 404 16178 "-" "GoogleOther-Image/1.0"
65.108.235.243 - - [12/Jun/2026:03:16:48 +0200] "GET /cookie-policy/ HTTP/1.1" 200 17898 "-" "WP Fastest Cache Preload Bot"
65.108.235.243 - - [12/Jun/2026:03:16:49 +0200] "GET /termini-e-condizioni/ HTTP/1.1" 200 17466 "-" "WP Fastest Cache Preload Bot"
65.108.235.243 - - [12/Jun/2026:03:16:49 +0200] "GET /cookie-policy-ue/ HTTP/1.1" 200 19433 "-" "WP Fastest Cache Preload Bot"
65.108.235.243 - - [12/Jun/2026:03:16:50 +0200] "GET /informativa-privacy/ HTTP/1.1" 200 19709 "-" "WP Fastest Cache Preload Bot"
45.86.16.91 - - [12/Jun/2026:03:36:26 +0200] "POST /xmlrpc.php HTTP/1.1" 403 52 "-" "Python-xmlrpc/3.10"
45.86.16.91 - - [12/Jun/2026:03:36:29 +0200] "GET /wp-login.php HTTP/1.1" 200 3565 "-" "Mozilla/5.0 (Macintosh; Intel Mac OS X 10_12_6) AppleWebKit/603.3.8 (KHTML, like Gecko) Version/10.1.2 Safari/603.3.8"
65.108.235.243 - - [12/Jun/2026:03:36:29 +0200] "GET /assistenza-frigoriferi/ HTTP/1.1" 200 19779 "-" "WP Fastest Cache Preload Bot"
65.108.235.243 - - [12/Jun/2026:03:36:29 +0200] "GET /assistenza-lavastoviglie/ HTTP/1.1" 200 19842 "-" "WP Fastest Cache Preload Bot"
45.86.16.91 - - [12/Jun/2026:03:36:31 +0200] "GET /wp-login.php HTTP/1.1" 200 3565 "-" "Mozilla/5.0 (Macintosh; Intel Mac OS X 10_12_6) AppleWebKit/603.3.8 (KHTML, like Gecko) Version/10.1.2 Safari/603.3.8"
65.108.235.243 - - [12/Jun/2026:03:36:31 +0200] "GET /assistenza-asciugatrici/ HTTP/1.1" 200 19593 "-" "WP Fastest Cache Preload Bot"
45.86.16.91 - - [12/Jun/2026:03:36:35 +0200] "GET /wp-admin/post-new.php HTTP/1.1" 302 - "-" "Mozilla/5.0 (Macintosh; Intel Mac OS X 10_12_6) AppleWebKit/603.3.8 (KHTML, like Gecko) Version/10.1.2 Safari/603.3.8"
65.108.235.243 - - [12/Jun/2026:03:36:34 +0200] "GET /assistenza-lavatrici/ HTTP/1.1" 200 19336 "-" "WP Fastest Cache Preload Bot"
45.86.16.91 - - [12/Jun/2026:03:36:36 +0200] "GET /wp-login.php?redirect_to=https%3A%2F%2Fpiacenza.elettroservicegroup.it%2Fwp-admin%2Fpost-new.php&reauth=1 HTTP/1.1" 200 3568 "-" "Mozilla/5.0 (Macintosh; Intel Mac OS X 10_12_6) AppleWebKit/603.3.8 (KHTML, like Gecko) Version/10.1.2 Safari/603.3.8"
66.249.64.166 - - [12/Jun/2026:03:36:57 +0200] "GET /wp-content/uploads/2022/01/logo-rex-electrolux-1-768x768-1-e1642606786775-300x154.jpg HTTP/1.1" 200 6425 "-" "GoogleOther-Image/1.0"
65.108.235.243 - - [12/Jun/2026:04:06:33 +0200] "GET / HTTP/1.1" 200 21711 "-" "WP Fastest Cache Preload Bot"
66.249.64.167 - - [12/Jun/2026:04:10:29 +0200] "GET /wp-content/uploads/2022/01/condizionatore-bonus-6-1024x683.jpg HTTP/1.1" 200 55996 "-" "Googlebot-Image/1.0"
47.195.204.103 - - [12/Jun/2026:04:21:34 +0200] "GET /wp-login.php HTTP/2.0" 200 3244 "-" "Mozilla/5.0 (Macintosh; Intel Mac OS X 10_15_7) AppleWebKit/537.36 (KHTML, like Gecko) Chrome/145.0.0.0 Safari/537.36"
47.195.204.103 - - [12/Jun/2026:04:21:39 +0200] "POST /wp-login.php HTTP/2.0" 200 3371 "https://piacenza.elettroservicegroup.it/wp-login.php" "Mozilla/5.0 (Macintosh; Intel Mac OS X 10_15_7) AppleWebKit/537.36 (KHTML, like Gecko) Chrome/145.0.0.0 Safari/537.36"
65.108.235.243 - - [12/Jun/2026:04:21:43 +0200] "POST /wp-cron.php?doing_wp_cron=1781230903.2231049537658691406250 HTTP/1.1" 200 1 "-" "WordPress/7.0; https://piacenza.elettroservicegroup.it"
47.195.204.103 - - [12/Jun/2026:04:21:40 +0200] "GET /wp-admin/ HTTP/2.0" 302 1 "-" "Mozilla/5.0 (Macintosh; Intel Mac OS X 10_15_7) AppleWebKit/537.36 (KHTML, like Gecko) Chrome/145.0.0.0 Safari/537.36"
47.195.204.103 - - [12/Jun/2026:04:21:44 +0200] "GET /wp-login.php?redirect_to=https%3A%2F%2Fpiacenza.elettroservicegroup.it%2Fwp-admin%2F&reauth=1 HTTP/2.0" 200 3241 "https://piacenza.elettroservicegroup.it/wp-admin/" "Mozilla/5.0 (Macintosh; Intel Mac OS X 10_15_7) AppleWebKit/537.36 (KHTML, like Gecko) Chrome/145.0.0.0 Safari/537.36"
65.108.235.243 - - [12/Jun/2026:04:21:59 +0200] "POST /wp-cron.php?doing_wp_cron=1781230919.3596010208129882812500 HTTP/1.1" 200 1 "-" "WordPress/7.0; https://piacenza.elettroservicegroup.it"
65.108.235.243 - - [12/Jun/2026:04:21:59 +0200] "GET / HTTP/1.1" 200 21690 "-" "WordPress/7.0; https://piacenza.elettroservicegroup.it"
65.108.235.243 - - [12/Jun/2026:04:21:42 +0200] "POST /wp-admin/admin-ajax.php?action=as_async_request_queue_runner&nonce=f77f1d3f0e HTTP/1.1" 200 1 "-" "WordPress/7.0; https://piacenza.elettroservicegroup.it"
65.108.235.243 - - [12/Jun/2026:04:33:27 +0200] "POST /wp-cron.php?doing_wp_cron=1781231607.0177168846130371093750 HTTP/1.1" 200 1 "-" "WordPress/7.0; https://piacenza.elettroservicegroup.it"
216.73.217.89 - - [12/Jun/2026:04:33:25 +0200] "GET /robots.txt HTTP/2.0" 200 108 "-" "Mozilla/5.0 AppleWebKit/537.36 (KHTML, like Gecko; compatible; ClaudeBot/1.0; +claudebot@anthropic.com)"
216.73.217.89 - - [12/Jun/2026:04:33:27 +0200] "GET /sitemap.rss HTTP/2.0" 200 1299 "-" "Mozilla/5.0 AppleWebKit/537.36 (KHTML, like Gecko; compatible; ClaudeBot/1.0; +claudebot@anthropic.com)"
65.108.235.243 - - [12/Jun/2026:04:33:27 +0200] "GET /imprint/ HTTP/1.1" 200 29276 "-" "WP Fastest Cache Preload Bot"
65.108.235.243 - - [12/Jun/2026:04:33:27 +0200] "GET /dichiarazione-sulla-privacy-ue/ HTTP/1.1" 200 31772 "-" "WP Fastest Cache Preload Bot"
65.108.235.243 - - [12/Jun/2026:04:33:28 +0200] "GET /assistenza-whirlpool-piacenza/ HTTP/1.1" 200 33975 "-" "WP Fastest Cache Preload Bot"
65.108.235.243 - - [12/Jun/2026:04:33:28 +0200] "GET /assistenza-smeg-piacenza/ HTTP/1.1" 200 33921 "-" "WP Fastest Cache Preload Bot"
65.108.235.243 - - [12/Jun/2026:04:33:28 +0200] "GET / HTTP/1.1" 200 33916 "-" "WP Fastest Cache Preload Bot"
65.108.235.243 - - [12/Jun/2026:04:52:18 +0200] "POST /wp-cron.php?doing_wp_cron=1781232738.4625880718231201171875 HTTP/1.1" 200 1 "-" "WordPress/7.0; https://piacenza.elettroservicegroup.it"
188.137.250.184 - - [12/Jun/2026:04:52:15 +0200] "GET /wp-json/wp/v2/settings HTTP/1.1" 401 84 "-" "Mozilla/5.0 (Linux; Android 14; SM-S928B) AppleWebKit/537.36 (KHTML, like Gecko) Chrome/125.0.0.0 Mobile Safari/537.36"
188.137.250.184 - - [12/Jun/2026:04:52:18 +0200] "GET / HTTP/1.1" 200 33890 "-" "Mozilla/5.0 (Macintosh; Intel Mac OS X 14_5) AppleWebKit/605.1.15 (KHTML, like Gecko) Version/17.5 Safari/605.1.15"
81.161.101.234 - - [12/Jun/2026:04:52:19 +0200] "POST /xmlrpc.php HTTP/1.1" 403 52 "-" "Mozilla/5.0 (Windows NT 10.0; Win64; x64) AppleWebKit/537.36 (KHTML, like Gecko) Chrome/125.0.0.0 Safari/537.36"
81.161.101.143 - - [12/Jun/2026:04:52:19 +0200] "POST /xmlrpc.php HTTP/1.1" 403 52 "-" "Mozilla/5.0 (Macintosh; Intel Mac OS X 14_5) AppleWebKit/605.1.15 (KHTML, like Gecko) Version/17.5 Safari/605.1.15"
188.137.250.184 - - [12/Jun/2026:04:52:19 +0200] "POST /xmlrpc.php HTTP/1.1" 403 52 "-" "Mozilla/5.0 (Windows NT 10.0; Win64; x64; rv:126.0) Gecko/20100101 Firefox/126.0"
81.161.101.234 - - [12/Jun/2026:04:52:20 +0200] "GET /wp-json/wp/v2/posts?context=edit&per_page=1 HTTP/1.1" 401 155 "-" "Mozilla/5.0 (Windows NT 10.0; Win64; x64) AppleWebKit/537.36 (KHTML, like Gecko) Chrome/125.0.0.0 Safari/537.36"
65.108.235.243 - - [12/Jun/2026:04:52:20 +0200] "GET /imprint/ HTTP/1.1" 200 29284 "-" "WP Fastest Cache Preload Bot"
81.161.101.234 - - [12/Jun/2026:04:52:22 +0200] "GET /wp-login.php HTTP/1.1" 200 12756 "https://piacenza.elettroservicegroup.it/wp-login.php" "Mozilla/5.0 (Windows NT 10.0; Win64; x64; rv:126.0) Gecko/20100101 Firefox/126.0"
65.108.235.243 - - [12/Jun/2026:04:52:24 +0200] "GET /dichiarazione-sulla-privacy-ue/ HTTP/1.1" 200 31790 "-" "WP Fastest Cache Preload Bot"
81.161.101.143 - - [12/Jun/2026:04:52:24 +0200] "GET /wp-login.php HTTP/1.1" 200 12735 "https://piacenza.elettroservicegroup.it/wp-login.php" "Mozilla/5.0 (iPhone; CPU iPhone OS 17_5 like Mac OS X) AppleWebKit/605.1.15 (KHTML, like Gecko) Version/17.5 Mobile/15E148 Safari/604.1"
65.108.235.243 - - [12/Jun/2026:04:52:24 +0200] "GET /assistenza-whirlpool-piacenza/ HTTP/1.1" 200 33975 "-" "WP Fastest Cache Preload Bot"
188.137.250.184 - - [12/Jun/2026:04:52:25 +0200] "GET /wp-login.php HTTP/1.1" 200 3244 "https://piacenza.elettroservicegroup.it/wp-login.php" "Mozilla/5.0 (Macintosh; Intel Mac OS X 14_5) AppleWebKit/605.1.15 (KHTML, like Gecko) Version/17.5 Safari/605.1.15"
65.108.235.243 - - [12/Jun/2026:04:52:25 +0200] "GET /assistenza-smeg-piacenza/ HTTP/1.1" 200 33921 "-" "WP Fastest Cache Preload Bot"
168.232.198.150 - - [12/Jun/2026:05:59:04 +0200] "POST /xmlrpc.php HTTP/1.1" 403 52 "-" "Mozilla/5.0 (Windows NT 10.0; Win64; x64) AppleWebKit/537.36"
168.232.198.150 - - [12/Jun/2026:05:59:06 +0200] "GET / HTTP/1.1" 200 36746 "-" "Mozilla/5.0 (Windows NT 10.0; Win64; x64) AppleWebKit/537.36 (KHTML, like Gecko) Chrome/120.0.0.0 Safari/537.36"
65.108.235.243 - - [12/Jun/2026:05:59:19 +0200] "POST /wp-cron.php?doing_wp_cron=1781236759.0351979732513427734375 HTTP/1.1" 200 1 "-" "WordPress/7.0; https://piacenza.elettroservicegroup.it"
168.232.198.150 - - [12/Jun/2026:05:59:08 +0200] "GET /wp-login.php HTTP/1.1" 200 3565 "-" "Mozilla/5.0 (Windows NT 10.0; Win64; x64) AppleWebKit/537.36 (KHTML, like Gecko) Chrome/120.0.0.0 Safari/537.36"
168.232.198.150 - - [12/Jun/2026:05:59:21 +0200] "GET /wp-login.php?wp_lang=en_US HTTP/1.1" 200 2786 "-" "Mozilla/5.0 (Windows NT 10.0; Win64; x64) AppleWebKit/537.36 (KHTML, like Gecko) Chrome/120.0.0.0 Safari/537.36"
168.232.198.150 - - [12/Jun/2026:05:59:25 +0200] "POST /wp-login.php HTTP/1.1" 200 2937 "https://piacenza.elettroservicegroup.it" "Mozilla/5.0 (Windows NT 10.0; Win64; x64) AppleWebKit/537.36 (KHTML, like Gecko) Chrome/120.0.0.0 Safari/537.36"
65.108.235.243 - - [12/Jun/2026:05:59:22 +0200] "GET /assistenza-siemens-piacenza/ HTTP/1.1" 200 34060 "-" "WP Fastest Cache Preload Bot"
65.108.235.243 - - [12/Jun/2026:05:59:28 +0200] "GET /assistenza-rex-electrolux-piacenza/ HTTP/1.1" 200 33962 "-" "WP Fastest Cache Preload Bot"
65.108.235.243 - - [12/Jun/2026:05:59:32 +0200] "GET /assistenza-miele-piacenza/ HTTP/1.1" 200 34168 "-" "WP Fastest Cache Preload Bot"
65.108.235.243 - - [12/Jun/2026:05:59:37 +0200] "GET /assistenza-lavatrici-whirlpool-piacenza/ HTTP/1.1" 200 34041 "-" "WP Fastest Cache Preload Bot"
65.108.235.243 - - [12/Jun/2026:06:06:56 +0200] "POST /wp-cron.php?doing_wp_cron=1781237216.2934639453887939453125 HTTP/1.1" 200 1 "-" "WordPress/7.0; https://piacenza.elettroservicegroup.it"
89.134.17.189 - - [12/Jun/2026:06:06:54 +0200] "GET /wp-login.php HTTP/2.0" 200 3244 "-" "Mozilla/5.0 (Windows NT 10.0; Win64; x64; rv:133.0) Gecko/20100101 Firefox/133.0"
89.134.17.189 - - [12/Jun/2026:06:06:57 +0200] "POST /xmlrpc.php HTTP/2.0" 403 52 "-" "Mozilla/5.0 (Windows NT 10.0; Win64; x64; rv:133.0) Gecko/20100101 Firefox/133.0"
65.108.235.243 - - [12/Jun/2026:06:06:56 +0200] "GET /assistenza-lavatrici-smeg-piacenza/ HTTP/1.1" 200 33820 "-" "WP Fastest Cache Preload Bot"
65.108.235.243 - - [12/Jun/2026:06:06:57 +0200] "GET /assistenza-lavatrici-rex-electrolux-piacenza/ HTTP/1.1" 200 33772 "-" "WP Fastest Cache Preload Bot"
65.108.235.243 - - [12/Jun/2026:06:06:58 +0200] "GET /assistenza-lavatrici-indesit-piacenza/ HTTP/1.1" 200 33824 "-" "WP Fastest Cache Preload Bot"
65.108.235.243 - - [12/Jun/2026:06:06:58 +0200] "GET /assistenza-lavatrici-bosch-piacenza/ HTTP/1.1" 200 33866 "-" "WP Fastest Cache Preload Bot"
87.119.150.80 - - [12/Jun/2026:06:07:08 +0200] "POST /xmlrpc.php HTTP/2.0" 403 52 "-" "Mozilla/5.0 (Windows NT 10.0; Win64; x64; rv:133.0) Gecko/20100101 Firefox/133.0"
89.134.17.189 - - [12/Jun/2026:06:07:09 +0200] "GET /wp-login.php HTTP/2.0" 200 3244 "-" "Mozilla/5.0 (Windows NT 10.0; Win64; x64) AppleWebKit/537.36 (KHTML, like Gecko) Chrome/124.0.0.0 Safari/537.36"
89.134.17.189 - - [12/Jun/2026:06:07:09 +0200] "POST /wp-login.php HTTP/2.0" 200 3367 "https://piacenza.elettroservicegroup.it/wp-login.php" "Mozilla/5.0 (Windows NT 10.0; Win64; x64) AppleWebKit/537.36 (KHTML, like Gecko) Chrome/124.0.0.0 Safari/537.36"
86.40.14.211 - - [12/Jun/2026:06:07:11 +0200] "GET /wp-login.php HTTP/2.0" 200 3244 "-" "Mozilla/5.0 (Macintosh; Intel Mac OS X 10_15_7) AppleWebKit/605.1.15 (KHTML, like Gecko) Version/18.0 Safari/605.1.15"
86.40.14.211 - - [12/Jun/2026:06:07:12 +0200] "POST /wp-login.php HTTP/2.0" 200 3367 "https://piacenza.elettroservicegroup.it/wp-login.php" "Mozilla/5.0 (Macintosh; Intel Mac OS X 10_15_7) AppleWebKit/605.1.15 (KHTML, like Gecko) Version/18.0 Safari/605.1.15"
65.108.235.243 - - [12/Jun/2026:06:07:26 +0200] "POST /wp-cron.php?doing_wp_cron=1781237246.0481379032135009765625 HTTP/1.1" 200 1 "-" "WordPress/7.0; https://piacenza.elettroservicegroup.it"
122.170.194.131 - - [12/Jun/2026:06:07:25 +0200] "GET /wp-login.php HTTP/2.0" 200 3244 "-" "Mozilla/5.0 (Macintosh; Intel Mac OS X 10_15_7) AppleWebKit/605.1.15 (KHTML, like Gecko) Version/18.0 Safari/605.1.15"
122.170.194.131 - - [12/Jun/2026:06:07:26 +0200] "POST /wp-login.php HTTP/2.0" 200 3367 "https://piacenza.elettroservicegroup.it/wp-login.php" "Mozilla/5.0 (Macintosh; Intel Mac OS X 10_15_7) AppleWebKit/605.1.15 (KHTML, like Gecko) Version/18.0 Safari/605.1.15"
45.227.254.37 - - [12/Jun/2026:06:07:56 +0200] "GET /wp-login.php HTTP/2.0" 200 11858 "-" "Mozilla/5.0 (Windows NT 10.0; Win64; x64; rv:133.0) Gecko/20100101 Firefox/133.0"
45.227.254.37 - - [12/Jun/2026:06:07:56 +0200] "GET /wp-login.php HTTP/2.0" 200 11858 "-" "Mozilla/5.0 (Windows NT 10.0; Win64; x64; rv:133.0) Gecko/20100101 Firefox/133.0"
45.227.254.37 - - [12/Jun/2026:06:07:56 +0200] "GET /wp-login.php HTTP/2.0" 200 11766 "-" "Mozilla/5.0 (Macintosh; Intel Mac OS X 10_15_7) AppleWebKit/605.1.15 (KHTML, like Gecko) Version/18.0 Safari/605.1.15"
45.227.254.37 - - [12/Jun/2026:06:07:56 +0200] "GET /wp-login.php HTTP/2.0" 200 11858 "-" "Mozilla/5.0 (Windows NT 10.0; Win64; x64; rv:133.0) Gecko/20100101 Firefox/133.0"
45.227.254.37 - - [12/Jun/2026:06:07:56 +0200] "GET /wp-login.php HTTP/2.0" 200 11793 "-" "Mozilla/5.0 (Windows NT 10.0; Win64; x64) AppleWebKit/537.36 (KHTML, like Gecko) Chrome/124.0.0.0 Safari/537.36"
85.245.14.204 - - [12/Jun/2026:06:07:58 +0200] "GET /wp-login.php HTTP/2.0" 200 11758 "-" "Mozilla/5.0 (Macintosh; Intel Mac OS X 10_15_7) AppleWebKit/605.1.15 (KHTML, like Gecko) Version/18.0 Safari/605.1.15"
65.108.235.243 - - [12/Jun/2026:06:08:23 +0200] "POST /wp-cron.php?doing_wp_cron=1781237303.4834439754486083984375 HTTP/1.1" 200 1 "-" "WordPress/7.0; https://piacenza.elettroservicegroup.it"
181.63.26.28 - - [12/Jun/2026:06:08:21 +0200] "GET /wp-login.php HTTP/2.0" 200 3244 "-" "Mozilla/5.0 (Macintosh; Intel Mac OS X 10_15_7) AppleWebKit/605.1.15 (KHTML, like Gecko) Version/18.0 Safari/605.1.15"
65.108.235.243 - - [12/Jun/2026:06:08:26 +0200] "POST /wp-cron.php?doing_wp_cron=1781237306.2490921020507812500000 HTTP/1.1" 200 1 "-" "WordPress/7.0; https://piacenza.elettroservicegroup.it"
181.63.26.28 - - [12/Jun/2026:06:08:25 +0200] "POST /wp-login.php HTTP/2.0" 200 3367 "https://piacenza.elettroservicegroup.it/wp-login.php" "Mozilla/5.0 (Macintosh; Intel Mac OS X 10_15_7) AppleWebKit/605.1.15 (KHTML, like Gecko) Version/18.0 Safari/605.1.15"
65.108.235.243 - - [12/Jun/2026:06:39:52 +0200] "POST /wp-cron.php?doing_wp_cron=1781239192.9569709300994873046875 HTTP/1.1" 200 1 "-" "WordPress/7.0; https://piacenza.elettroservicegroup.it"
104.210.140.135 - - [12/Jun/2026:06:39:51 +0200] "GET /robots.txt HTTP/2.0" 200 108 "-" "Mozilla/5.0 (Macintosh; Intel Mac OS X 10_15_7) AppleWebKit/537.36 (KHTML, like Gecko) Chrome/131.0.0.0 Safari/537.36; compatible; OAI-SearchBot/1.0; +https://openai.com/searchbot"
65.108.235.243 - - [12/Jun/2026:06:39:53 +0200] "GET /assistenza-lavatrici-ariston-piacenza/ HTTP/1.1" 200 33880 "-" "WP Fastest Cache Preload Bot"
65.108.235.243 - - [12/Jun/2026:06:39:54 +0200] "GET /assistenza-lavatrici-aeg-piacenza/ HTTP/1.1" 200 33888 "-" "WP Fastest Cache Preload Bot"
65.108.235.243 - - [12/Jun/2026:06:39:54 +0200] "GET /assistenza-lavatrici-piacenza/ HTTP/1.1" 200 34136 "-" "WP Fastest Cache Preload Bot"
65.108.235.243 - - [12/Jun/2026:06:39:55 +0200] "GET /assistenza-lavastoviglie-whirlpool-piacenza/ HTTP/1.1" 200 33827 "-" "WP Fastest Cache Preload Bot"
65.108.235.243 - - [12/Jun/2026:06:48:26 +0200] "POST /wp-cron.php?doing_wp_cron=1781239706.0757191181182861328125 HTTP/1.1" 200 1 "-" "WordPress/7.0; https://piacenza.elettroservicegroup.it"
216.73.217.89 - - [12/Jun/2026:06:48:24 +0200] "GET /robots.txt HTTP/2.0" 200 108 "-" "Mozilla/5.0 AppleWebKit/537.36 (KHTML, like Gecko; compatible; ClaudeBot/1.0; +claudebot@anthropic.com)"
216.73.217.89 - - [12/Jun/2026:06:48:26 +0200] "GET /sitemap.xml HTTP/2.0" 200 333 "-" "Mozilla/5.0 AppleWebKit/537.36 (KHTML, like Gecko; compatible; ClaudeBot/1.0; +claudebot@anthropic.com)"
65.108.235.243 - - [12/Jun/2026:06:48:26 +0200] "GET /assistenza-lavastoviglie-smeg-piacenza/ HTTP/1.1" 200 33767 "-" "WP Fastest Cache Preload Bot"
65.108.235.243 - - [12/Jun/2026:06:48:26 +0200] "GET /assistenza-lavastoviglie-rex-electrolux-piacenza/ HTTP/1.1" 200 33733 "-" "WP Fastest Cache Preload Bot"
65.108.235.243 - - [12/Jun/2026:06:48:27 +0200] "GET /assistenza-lavastoviglie-indesit-piacenza/ HTTP/1.1" 200 34238 "-" "WP Fastest Cache Preload Bot"
65.108.235.243 - - [12/Jun/2026:06:48:27 +0200] "GET /assistenza-lavastoviglie-bosch-piacenza/ HTTP/1.1" 200 34259 "-" "WP Fastest Cache Preload Bot"
161.0.29.72 - - [12/Jun/2026:06:55:55 +0200] "POST /xmlrpc.php HTTP/1.1" 403 52 "-" "Python-xmlrpc/3.10"
65.108.235.243 - - [12/Jun/2026:06:55:58 +0200] "GET /assistenza-lavastoviglie-ariston-piacenza/ HTTP/1.1" 200 34194 "-" "WP Fastest Cache Preload Bot"
161.0.29.72 - - [12/Jun/2026:06:55:58 +0200] "GET /wp-login.php HTTP/1.1" 200 3565 "-" "Mozilla/5.0 (Macintosh; Intel Mac OS X 10_12_6) AppleWebKit/603.3.8 (KHTML, like Gecko) Version/10.1.2 Safari/603.3.8"
65.108.235.243 - - [12/Jun/2026:06:55:58 +0200] "GET /assistenza-lavastoviglie-aeg-piacenza/ HTTP/1.1" 200 34227 "-" "WP Fastest Cache Preload Bot"
65.108.235.243 - - [12/Jun/2026:06:55:58 +0200] "GET /assistenza-lavastoviglie-piacenza/ HTTP/1.1" 200 33880 "-" "WP Fastest Cache Preload Bot"
161.0.29.72 - - [12/Jun/2026:06:56:00 +0200] "GET /wp-login.php HTTP/1.1" 200 3565 "-" "Mozilla/5.0 (Macintosh; Intel Mac OS X 10_12_6) AppleWebKit/603.3.8 (KHTML, like Gecko) Version/10.1.2 Safari/603.3.8"
65.108.235.243 - - [12/Jun/2026:06:56:00 +0200] "GET /assistenza-indesit-piacenza/ HTTP/1.1" 200 33918 "-" "WP Fastest Cache Preload Bot"
65.108.235.243 - - [12/Jun/2026:06:56:05 +0200] "POST /wp-cron.php?doing_wp_cron=1781240165.8286409378051757812500 HTTP/1.1" 200 1 "-" "WordPress/7.0; https://piacenza.elettroservicegroup.it"
161.0.29.72 - - [12/Jun/2026:06:56:04 +0200] "GET /wp-admin/post-new.php HTTP/1.1" 302 - "-" "Mozilla/5.0 (Macintosh; Intel Mac OS X 10_12_6) AppleWebKit/603.3.8 (KHTML, like Gecko) Version/10.1.2 Safari/603.3.8"
161.0.29.72 - - [12/Jun/2026:06:56:06 +0200] "GET /wp-login.php?redirect_to=https%3A%2F%2Fpiacenza.elettroservicegroup.it%2Fwp-admin%2Fpost-new.php&reauth=1 HTTP/1.1" 200 3568 "-" "Mozilla/5.0 (Macintosh; Intel Mac OS X 10_12_6) AppleWebKit/603.3.8 (KHTML, like Gecko) Version/10.1.2 Safari/603.3.8"
151.36.62.204 - - [12/Jun/2026:07:31:33 +0200] "GET /assistenza-lavatrici-piacenza/ HTTP/2.0" 200 34110 "https://www.bing.com/" "Mozilla/5.0 (Windows NT 10.0; Win64; x64) AppleWebKit/537.36 (KHTML, like Gecko) Chrome/134.0.0.0 Safari/537.36 Edg/134.0.0.0"
151.36.62.204 - - [12/Jun/2026:07:31:33 +0200] "GET /wp-content/cache/wpfc-minified/lkeozi6d/2s0xd.css HTTP/2.0" 200 7521 "https://piacenza.elettroservicegroup.it/assistenza-lavatrici-piacenza/" "Mozilla/5.0 (Windows NT 10.0; Win64; x64) AppleWebKit/537.36 (KHTML, like Gecko) Chrome/134.0.0.0 Safari/537.36 Edg/134.0.0.0"
151.36.62.204 - - [12/Jun/2026:07:31:33 +0200] "GET /wp-content/cache/wpfc-minified/98f2uwim/2s0xd.css HTTP/2.0" 200 418 "https://piacenza.elettroservicegroup.it/assistenza-lavatrici-piacenza/" "Mozilla/5.0 (Windows NT 10.0; Win64; x64) AppleWebKit/537.36 (KHTML, like Gecko) Chrome/134.0.0.0 Safari/537.36 Edg/134.0.0.0"
