65.108.235.243 - - [10/Jun/2026:19:26:51 +0200] "POST /wp-cron.php?doing_wp_cron=1781112411.1030330657958984375000 HTTP/1.1" 200 1 "-" "WordPress/7.0; https://mantova.elettroservicegroup.it"
185.189.115.108 - - [10/Jun/2026:19:26:50 +0200] "POST /wp-json/wp/v2/posts/15590?_locale=user HTTP/2.0" 200 2568 "https://mantova.elettroservicegroup.it/wp-admin/post.php?post=15590&action=edit" "Mozilla/5.0 (Windows NT 10.0; Win64; x64) AppleWebKit/537.36 (KHTML, like Gecko) Chrome/146.0.0.0 Safari/537.36"
185.189.115.108 - - [10/Jun/2026:19:26:51 +0200] "POST /wp-admin/post.php?post=15590&action=edit&meta-box-loader=1&meta-box-loader-nonce=104780725a&_locale=user HTTP/2.0" 302 1 "https://mantova.elettroservicegroup.it/wp-admin/post.php?post=15590&action=edit" "Mozilla/5.0 (Windows NT 10.0; Win64; x64) AppleWebKit/537.36 (KHTML, like Gecko) Chrome/146.0.0.0 Safari/537.36"
65.108.235.243 - - [10/Jun/2026:19:26:52 +0200] "POST /wp-cron.php?doing_wp_cron=1781112412.0469141006469726562500 HTTP/1.1" 200 1 "-" "WordPress/7.0; https://mantova.elettroservicegroup.it"
185.189.115.108 - - [10/Jun/2026:19:26:51 +0200] "GET /wp-admin/post.php?post=15590&action=edit&message=4 HTTP/2.0" 200 558475 "https://mantova.elettroservicegroup.it/wp-admin/post.php?post=15590&action=edit" "Mozilla/5.0 (Windows NT 10.0; Win64; x64) AppleWebKit/537.36 (KHTML, like Gecko) Chrome/146.0.0.0 Safari/537.36"
185.189.115.108 - - [10/Jun/2026:19:26:52 +0200] "GET /wp-content/plugins/all-in-one-seo-pack/dist/Lite/assets/main-i6rXo6-k.js HTTP/2.0" 200 374956 "https://mantova.elettroservicegroup.it/wp-admin/post.php?post=15590&action=edit" "Mozilla/5.0 (Windows NT 10.0; Win64; x64) AppleWebKit/537.36 (KHTML, like Gecko) Chrome/146.0.0.0 Safari/537.36"
185.189.115.108 - - [10/Jun/2026:19:26:52 +0200] "GET /wp-content/plugins/all-in-one-seo-pack/dist/Lite/assets/main-i6rXo6-k.js HTTP/2.0" 200 374956 "https://mantova.elettroservicegroup.it/wp-admin/post.php?post=15590&action=edit" "Mozilla/5.0 (Windows NT 10.0; Win64; x64) AppleWebKit/537.36 (KHTML, like Gecko) Chrome/146.0.0.0 Safari/537.36"
185.189.115.108 - - [10/Jun/2026:19:26:58 +0200] "GET /wp-content/plugins/all-in-one-seo-pack/dist/Lite/assets/main-i6rXo6-k.js HTTP/2.0" 200 374956 "https://mantova.elettroservicegroup.it/wp-admin/post.php?post=15590&action=edit" "Mozilla/5.0 (Windows NT 10.0; Win64; x64) AppleWebKit/537.36 (KHTML, like Gecko) Chrome/146.0.0.0 Safari/537.36"
185.189.115.108 - - [10/Jun/2026:19:26:58 +0200] "POST /wp-admin/admin-ajax.php HTTP/2.0" 200 76 "https://mantova.elettroservicegroup.it/wp-admin/post.php?post=15590&action=edit" "Mozilla/5.0 (Windows NT 10.0; Win64; x64) AppleWebKit/537.36 (KHTML, like Gecko) Chrome/146.0.0.0 Safari/537.36"
185.189.115.108 - - [10/Jun/2026:19:26:59 +0200] "GET /wp-content/plugins/all-in-one-seo-pack/dist/Lite/assets/main-i6rXo6-k.js HTTP/2.0" 200 374956 "https://mantova.elettroservicegroup.it/wp-admin/post.php?post=15590&action=edit" "Mozilla/5.0 (Windows NT 10.0; Win64; x64) AppleWebKit/537.36 (KHTML, like Gecko) Chrome/146.0.0.0 Safari/537.36"
185.189.115.108 - - [10/Jun/2026:19:27:01 +0200] "POST /wp-admin/admin-ajax.php HTTP/2.0" 200 5 "https://mantova.elettroservicegroup.it/wp-admin/post.php?post=15590&action=edit" "Mozilla/5.0 (Windows NT 10.0; Win64; x64) AppleWebKit/537.36 (KHTML, like Gecko) Chrome/146.0.0.0 Safari/537.36"
185.189.115.108 - - [10/Jun/2026:19:27:01 +0200] "GET /what-to-seek-in-a-betting-site/ HTTP/2.0" 500 6105 "-" "Mozilla/5.0 (Windows NT 10.0; Win64; x64) AppleWebKit/537.36 (KHTML, like Gecko) Chrome/146.0.0.0 Safari/537.36"
185.189.115.108 - - [10/Jun/2026:19:27:01 +0200] "GET /wp-content/uploads/elementor/css/post-14146.css?ver=1781105217 HTTP/2.0" 200 428 "https://mantova.elettroservicegroup.it/what-to-seek-in-a-betting-site/" "Mozilla/5.0 (Windows NT 10.0; Win64; x64) AppleWebKit/537.36 (KHTML, like Gecko) Chrome/146.0.0.0 Safari/537.36"
185.189.115.108 - - [10/Jun/2026:19:27:01 +0200] "GET /wp-content/plugins/header-footer-elementor/assets/css/header-footer-elementor.css?ver=2.8.8 HTTP/2.0" 200 260 "https://mantova.elettroservicegroup.it/what-to-seek-in-a-betting-site/" "Mozilla/5.0 (Windows NT 10.0; Win64; x64) AppleWebKit/537.36 (KHTML, like Gecko) Chrome/146.0.0.0 Safari/537.36"
185.189.115.108 - - [10/Jun/2026:19:27:01 +0200] "GET /wp-content/plugins/elementor/assets/css/admin-bar.min.css?ver=4.1.1 HTTP/2.0" 200 252 "https://mantova.elettroservicegroup.it/what-to-seek-in-a-betting-site/" "Mozilla/5.0 (Windows NT 10.0; Win64; x64) AppleWebKit/537.36 (KHTML, like Gecko) Chrome/146.0.0.0 Safari/537.36"
185.189.115.108 - - [10/Jun/2026:19:27:01 +0200] "GET /wp-includes/css/admin-bar.min.css?ver=7.0 HTTP/2.0" 200 3700 "https://mantova.elettroservicegroup.it/what-to-seek-in-a-betting-site/" "Mozilla/5.0 (Windows NT 10.0; Win64; x64) AppleWebKit/537.36 (KHTML, like Gecko) Chrome/146.0.0.0 Safari/537.36"
185.189.115.108 - - [10/Jun/2026:19:27:01 +0200] "GET /wp-content/plugins/complianz-gdpr-premium/assets/css/cookieblocker.min.css?ver=1780326434 HTTP/2.0" 200 615 "https://mantova.elettroservicegroup.it/what-to-seek-in-a-betting-site/" "Mozilla/5.0 (Windows NT 10.0; Win64; x64) AppleWebKit/537.36 (KHTML, like Gecko) Chrome/146.0.0.0 Safari/537.36"
185.189.115.108 - - [10/Jun/2026:19:27:01 +0200] "GET /wp-content/plugins/all-in-one-seo-pack/dist/Lite/assets/css/admin-bar.6dafa82a.css?ver=4.9.7.2 HTTP/2.0" 200 3518 "https://mantova.elettroservicegroup.it/what-to-seek-in-a-betting-site/" "Mozilla/5.0 (Windows NT 10.0; Win64; x64) AppleWebKit/537.36 (KHTML, like Gecko) Chrome/146.0.0.0 Safari/537.36"
185.189.115.108 - - [10/Jun/2026:19:27:01 +0200] "GET /wp-includes/css/dashicons.min.css?ver=7.0 HTTP/2.0" 200 35100 "https://mantova.elettroservicegroup.it/what-to-seek-in-a-betting-site/" "Mozilla/5.0 (Windows NT 10.0; Win64; x64) AppleWebKit/537.36 (KHTML, like Gecko) Chrome/146.0.0.0 Safari/537.36"
185.189.115.108 - - [10/Jun/2026:19:27:01 +0200] "GET /wp-content/plugins/header-footer-elementor/inc/widgets-css/frontend.css?ver=2.8.8 HTTP/2.0" 200 8711 "https://mantova.elettroservicegroup.it/what-to-seek-in-a-betting-site/" "Mozilla/5.0 (Windows NT 10.0; Win64; x64) AppleWebKit/537.36 (KHTML, like Gecko) Chrome/146.0.0.0 Safari/537.36"
185.189.115.108 - - [10/Jun/2026:19:27:01 +0200] "GET /wp-content/plugins/elementor/assets/css/frontend.min.css?ver=4.1.1 HTTP/2.0" 200 6618 "https://mantova.elettroservicegroup.it/what-to-seek-in-a-betting-site/" "Mozilla/5.0 (Windows NT 10.0; Win64; x64) AppleWebKit/537.36 (KHTML, like Gecko) Chrome/146.0.0.0 Safari/537.36"
185.189.115.108 - - [10/Jun/2026:19:27:01 +0200] "GET /wp-content/uploads/elementor/css/post-14366.css?ver=1781105217 HTTP/2.0" 200 304 "https://mantova.elettroservicegroup.it/what-to-seek-in-a-betting-site/" "Mozilla/5.0 (Windows NT 10.0; Win64; x64) AppleWebKit/537.36 (KHTML, like Gecko) Chrome/146.0.0.0 Safari/537.36"
185.189.115.108 - - [10/Jun/2026:19:27:01 +0200] "GET /wp-content/plugins/wpfront-notification-bar/css/wpfront-notification-bar.min.css?ver=3.5.1.05102 HTTP/2.0" 200 665 "https://mantova.elettroservicegroup.it/what-to-seek-in-a-betting-site/" "Mozilla/5.0 (Windows NT 10.0; Win64; x64) AppleWebKit/537.36 (KHTML, like Gecko) Chrome/146.0.0.0 Safari/537.36"
185.189.115.108 - - [10/Jun/2026:19:27:01 +0200] "GET /wp-content/plugins/elementor/assets/css/widget-icon-list.min.css?ver=3.24.3 HTTP/2.0" 200 928 "https://mantova.elettroservicegroup.it/what-to-seek-in-a-betting-site/" "Mozilla/5.0 (Windows NT 10.0; Win64; x64) AppleWebKit/537.36 (KHTML, like Gecko) Chrome/146.0.0.0 Safari/537.36"
185.189.115.108 - - [10/Jun/2026:19:27:01 +0200] "GET /wp-content/plugins/elementor/assets/css/widget-social-icons.min.css?ver=3.24.0 HTTP/2.0" 200 1039 "https://mantova.elettroservicegroup.it/what-to-seek-in-a-betting-site/" "Mozilla/5.0 (Windows NT 10.0; Win64; x64) AppleWebKit/537.36 (KHTML, like Gecko) Chrome/146.0.0.0 Safari/537.36"
185.189.115.108 - - [10/Jun/2026:19:27:01 +0200] "GET /wp-content/plugins/gp-premium/menu-plus/functions/css/navigation-branding.min.css?ver=2.5.6 HTTP/2.0" 200 586 "https://mantova.elettroservicegroup.it/what-to-seek-in-a-betting-site/" "Mozilla/5.0 (Windows NT 10.0; Win64; x64) AppleWebKit/537.36 (KHTML, like Gecko) Chrome/146.0.0.0 Safari/537.36"
185.189.115.108 - - [10/Jun/2026:19:27:01 +0200] "GET /wp-content/plugins/elementor/assets/lib/font-awesome/css/all.min.css?ver=4.1.1 HTTP/2.0" 200 12402 "https://mantova.elettroservicegroup.it/what-to-seek-in-a-betting-site/" "Mozilla/5.0 (Windows NT 10.0; Win64; x64) AppleWebKit/537.36 (KHTML, like Gecko) Chrome/146.0.0.0 Safari/537.36"
185.189.115.108 - - [10/Jun/2026:19:27:01 +0200] "GET /wp-content/plugins/elementor/assets/lib/font-awesome/css/v4-shims.min.css?ver=4.1.1 HTTP/2.0" 200 3986 "https://mantova.elettroservicegroup.it/what-to-seek-in-a-betting-site/" "Mozilla/5.0 (Windows NT 10.0; Win64; x64) AppleWebKit/537.36 (KHTML, like Gecko) Chrome/146.0.0.0 Safari/537.36"
185.189.115.108 - - [10/Jun/2026:19:27:01 +0200] "GET /wp-content/plugins/elementor/assets/lib/eicons/css/elementor-icons.min.css?ver=5.34.0 HTTP/2.0" 200 4115 "https://mantova.elettroservicegroup.it/what-to-seek-in-a-betting-site/" "Mozilla/5.0 (Windows NT 10.0; Win64; x64) AppleWebKit/537.36 (KHTML, like Gecko) Chrome/146.0.0.0 Safari/537.36"
185.189.115.108 - - [10/Jun/2026:19:27:01 +0200] "GET /wp-content/uploads/elementor/google-fonts/css/robotoslab.css?ver=1742253597 HTTP/2.0" 200 717 "https://mantova.elettroservicegroup.it/what-to-seek-in-a-betting-site/" "Mozilla/5.0 (Windows NT 10.0; Win64; x64) AppleWebKit/537.36 (KHTML, like Gecko) Chrome/146.0.0.0 Safari/537.36"
185.189.115.108 - - [10/Jun/2026:19:27:01 +0200] "GET /wp-content/plugins/elementor/assets/lib/font-awesome/css/brands.css?ver=5.15.3 HTTP/2.0" 200 298 "https://mantova.elettroservicegroup.it/what-to-seek-in-a-betting-site/" "Mozilla/5.0 (Windows NT 10.0; Win64; x64) AppleWebKit/537.36 (KHTML, like Gecko) Chrome/146.0.0.0 Safari/537.36"
185.189.115.108 - - [10/Jun/2026:19:27:01 +0200] "GET /wp-content/plugins/essential-addons-for-elementor-lite/assets/front-end/css/view/general.min.css?ver=6.6.6 HTTP/2.0" 200 1422 "https://mantova.elettroservicegroup.it/what-to-seek-in-a-betting-site/" "Mozilla/5.0 (Windows NT 10.0; Win64; x64) AppleWebKit/537.36 (KHTML, like Gecko) Chrome/146.0.0.0 Safari/537.36"
185.189.115.108 - - [10/Jun/2026:19:27:01 +0200] "GET /wp-content/plugins/gp-premium/menu-plus/functions/css/sticky.min.css?ver=2.5.6 HTTP/2.0" 200 421 "https://mantova.elettroservicegroup.it/what-to-seek-in-a-betting-site/" "Mozilla/5.0 (Windows NT 10.0; Win64; x64) AppleWebKit/537.36 (KHTML, like Gecko) Chrome/146.0.0.0 Safari/537.36"
185.189.115.108 - - [10/Jun/2026:19:27:01 +0200] "GET /wp-includes/js/jquery/jquery-migrate.min.js?ver=3.4.1 HTTP/2.0" 200 4685 "https://mantova.elettroservicegroup.it/what-to-seek-in-a-betting-site/" "Mozilla/5.0 (Windows NT 10.0; Win64; x64) AppleWebKit/537.36 (KHTML, like Gecko) Chrome/146.0.0.0 Safari/537.36"
185.189.115.108 - - [10/Jun/2026:19:27:01 +0200] "GET /wp-content/plugins/elementor/assets/lib/font-awesome/js/v4-shims.min.js?ver=4.1.1 HTTP/2.0" 200 4043 "https://mantova.elettroservicegroup.it/what-to-seek-in-a-betting-site/" "Mozilla/5.0 (Windows NT 10.0; Win64; x64) AppleWebKit/537.36 (KHTML, like Gecko) Chrome/146.0.0.0 Safari/537.36"
185.189.115.108 - - [10/Jun/2026:19:27:01 +0200] "GET /wp-includes/css/dist/block-library/style.min.css?ver=7.0 HTTP/2.0" 200 15998 "https://mantova.elettroservicegroup.it/what-to-seek-in-a-betting-site/" "Mozilla/5.0 (Windows NT 10.0; Win64; x64) AppleWebKit/537.36 (KHTML, like Gecko) Chrome/146.0.0.0 Safari/537.36"
185.189.115.108 - - [10/Jun/2026:19:27:01 +0200] "GET /wp-content/uploads/elementor/google-fonts/css/roboto.css?ver=1742253595 HTTP/2.0" 200 1885 "https://mantova.elettroservicegroup.it/what-to-seek-in-a-betting-site/" "Mozilla/5.0 (Windows NT 10.0; Win64; x64) AppleWebKit/537.36 (KHTML, like Gecko) Chrome/146.0.0.0 Safari/537.36"
185.189.115.108 - - [10/Jun/2026:19:27:01 +0200] "GET /wp-content/plugins/elementor/assets/lib/font-awesome/css/fontawesome.css?ver=5.15.3 HTTP/2.0" 200 12535 "https://mantova.elettroservicegroup.it/what-to-seek-in-a-betting-site/" "Mozilla/5.0 (Windows NT 10.0; Win64; x64) AppleWebKit/537.36 (KHTML, like Gecko) Chrome/146.0.0.0 Safari/537.36"
185.189.115.108 - - [10/Jun/2026:19:27:01 +0200] "GET /wp-includes/js/jquery/jquery.min.js?ver=3.7.1 HTTP/2.0" 200 29769 "https://mantova.elettroservicegroup.it/what-to-seek-in-a-betting-site/" "Mozilla/5.0 (Windows NT 10.0; Win64; x64) AppleWebKit/537.36 (KHTML, like Gecko) Chrome/146.0.0.0 Safari/537.36"
185.189.115.108 - - [10/Jun/2026:19:27:01 +0200] "GET /wp-content/plugins/elementor/assets/lib/font-awesome/css/solid.css?ver=5.15.3 HTTP/2.0" 200 299 "https://mantova.elettroservicegroup.it/what-to-seek-in-a-betting-site/" "Mozilla/5.0 (Windows NT 10.0; Win64; x64) AppleWebKit/537.36 (KHTML, like Gecko) Chrome/146.0.0.0 Safari/537.36"
185.189.115.108 - - [10/Jun/2026:19:27:01 +0200] "GET /wp-content/plugins/wpfront-notification-bar/js/wpfront-notification-bar.min.js?ver=3.5.1.05102 HTTP/2.0" 200 1497 "https://mantova.elettroservicegroup.it/what-to-seek-in-a-betting-site/" "Mozilla/5.0 (Windows NT 10.0; Win64; x64) AppleWebKit/537.36 (KHTML, like Gecko) Chrome/146.0.0.0 Safari/537.36"
185.189.115.108 - - [10/Jun/2026:19:27:02 +0200] "GET /wp-content/uploads/2021/10/cropped-cropped-cropped-cropped-logo_white_background-192x192.png HTTP/2.0" 200 19089 "https://mantova.elettroservicegroup.it/what-to-seek-in-a-betting-site/" "Mozilla/5.0 (Windows NT 10.0; Win64; x64) AppleWebKit/537.36 (KHTML, like Gecko) Chrome/146.0.0.0 Safari/537.36"
185.189.115.108 - - [10/Jun/2026:19:27:21 +0200] "POST /xmlrpc.php HTTP/1.1" 403 52 "https://mantova.elettroservicegroup.it/" "Mozilla/5.0 (Windows NT 10.0; Win64; x64) AppleWebKit/537.36 (KHTML, like Gecko) Chrome/122.0.0.0 Safari/537.36"
65.108.235.243 - - [10/Jun/2026:19:42:54 +0200] "POST /wp-cron.php?doing_wp_cron=1781113374.5262138843536376953125 HTTP/1.1" 200 1 "-" "WordPress/7.0; https://mantova.elettroservicegroup.it"
43.153.14.236 - - [10/Jun/2026:19:42:52 +0200] "GET /robots.txt HTTP/2.0" 200 107 "https://mantova.elettroservicegroup.it/robots.txt" "Mozilla/5.0 (Windows NT 10.0; Win64; x64) AppleWebKit/537.36 (KHTML, like Gecko) Chrome/101.0.4951.64 Safari/537.36 Edg/101.0.1210.47"
65.108.235.243 - - [10/Jun/2026:20:03:46 +0200] "POST /wp-cron.php?doing_wp_cron=1781114626.5202178955078125000000 HTTP/1.1" 200 1 "-" "WordPress/7.0; https://mantova.elettroservicegroup.it"
35.228.164.16 - - [10/Jun/2026:20:03:43 +0200] "GET / HTTP/2.0" 301 - "-" "Mozilla/5.0 (X11; Linux x86_64) AppleWebKit/537.36 (KHTML, like Gecko) Chrome/124.0 Safari/537.36"
35.228.164.16 - - [10/Jun/2026:20:03:52 +0200] "GET / HTTP/2.0" 500 26447 "https://www.mantova.elettroservicegroup.it" "Mozilla/5.0 (X11; Linux x86_64) AppleWebKit/537.36 (KHTML, like Gecko) Chrome/124.0 Safari/537.36"
217.181.80.178 - - [10/Jun/2026:20:31:26 +0200] "GET / HTTP/1.1" 200 11770 "-" "Mozilla/5.0 (X11; Linux x86_64; rv:1.9.7.20) Gecko/ Firefox/3.6.8"
195.63.18.165 - - [10/Jun/2026:20:31:26 +0200] "GET /_p1_67428 HTTP/1.1" 200 11762 "-" "Mozilla/5.0 (ZZ; Linux i686) AppleWebKit/537.36 (KHTML, like Gecko) Chrome/134.0.0.0 Safari/537.36"
65.108.235.243 - - [10/Jun/2026:20:31:29 +0200] "POST /wp-cron.php?doing_wp_cron=1781116289.7160298824310302734375 HTTP/1.1" 200 1 "-" "WordPress/7.0; https://mantova.elettroservicegroup.it"
217.181.82.148 - - [10/Jun/2026:20:31:26 +0200] "GET /.env HTTP/1.1" 500 24290 "-" "Mozilla/5.0 (X11; Linux i686; rv:1.9.5.20) Gecko/ Firefox/3.6.20"
65.108.235.243 - - [10/Jun/2026:21:46:08 +0200] "POST /wp-cron.php?doing_wp_cron=1781120768.0268759727478027343750 HTTP/1.1" 200 1 "-" "WordPress/7.0; https://mantova.elettroservicegroup.it"
104.210.140.133 - - [10/Jun/2026:21:46:05 +0200] "GET /robots.txt HTTP/2.0" 200 107 "-" "Mozilla/5.0 (Macintosh; Intel Mac OS X 10_15_7) AppleWebKit/537.36 (KHTML, like Gecko) Chrome/131.0.0.0 Safari/537.36; compatible; OAI-SearchBot/1.0; +https://openai.com/searchbot"
47.128.23.216 - - [10/Jun/2026:22:25:43 +0200] "GET /post-3-2/ HTTP/2.0" 200 11708 "-" "Mozilla/5.0 (Linux; Android 5.0) AppleWebKit/537.36 (KHTML, like Gecko) Mobile Safari/537.36 (compatible; Bytespider; spider-feedback@bytedance.com)"
65.108.235.243 - - [10/Jun/2026:22:48:17 +0200] "POST /wp-cron.php?doing_wp_cron=1781124497.3542520999908447265625 HTTP/1.1" 200 1 "-" "WordPress/7.0; https://mantova.elettroservicegroup.it"
40.77.167.93 - - [10/Jun/2026:22:48:15 +0200] "GET /robots.txt HTTP/2.0" 301 1 "-" "Mozilla/5.0 AppleWebKit/537.36 (KHTML, like Gecko; compatible; bingbot/2.0; +http://www.bing.com/bingbot.htm) Chrome/116.0.1938.76 Safari/537.36"
40.77.167.93 - - [10/Jun/2026:22:48:18 +0200] "GET /robots.txt HTTP/2.0" 200 107 "-" "Mozilla/5.0 AppleWebKit/537.36 (KHTML, like Gecko; compatible; bingbot/2.0; +http://www.bing.com/bingbot.htm) Chrome/116.0.1938.76 Safari/537.36"
207.46.13.150 - - [10/Jun/2026:22:48:27 +0200] "GET /assistenza-lavastoviglie/ HTTP/2.0" 301 1 "-" "Mozilla/5.0 AppleWebKit/537.36 (KHTML, like Gecko; compatible; bingbot/2.0; +http://www.bing.com/bingbot.htm) Chrome/116.0.1938.76 Safari/537.36"
65.108.235.243 - - [10/Jun/2026:23:05:33 +0200] "POST /wp-cron.php?doing_wp_cron=1781125533.8976240158081054687500 HTTP/1.1" 200 1 "-" "WordPress/7.0; https://mantova.elettroservicegroup.it"
40.77.167.93 - - [10/Jun/2026:23:05:31 +0200] "GET /robots.txt HTTP/2.0" 200 107 "-" "Mozilla/5.0 AppleWebKit/537.36 (KHTML, like Gecko; compatible; bingbot/2.0; +http://www.bing.com/bingbot.htm) Chrome/116.0.1938.76 Safari/537.36"
40.77.167.254 - - [10/Jun/2026:23:05:38 +0200] "GET /wp-content/uploads/2021/10/cropped-cropped-cropped-cropped-logo_white_background-192x192.png HTTP/2.0" 200 19089 "-" "Mozilla/5.0 AppleWebKit/537.36 (KHTML, like Gecko; compatible; bingbot/2.0; +http://www.bing.com/bingbot.htm) Chrome/116.0.1938.76 Safari/537.36"
65.108.235.243 - - [10/Jun/2026:23:38:35 +0200] "POST /wp-cron.php?doing_wp_cron=1781127515.9411189556121826171875 HTTP/1.1" 200 1 "-" "WordPress/7.0; https://mantova.elettroservicegroup.it"
74.7.175.176 - - [10/Jun/2026:23:38:33 +0200] "GET /robots.txt HTTP/2.0" 200 107 "-" "Mozilla/5.0 (Macintosh; Intel Mac OS X 10_15_7) AppleWebKit/537.36 (KHTML, like Gecko) Chrome/131.0.0.0 Safari/537.36; compatible; OAI-SearchBot/1.4; robots.txt; +https://openai.com/searchbot"
52.167.144.204 - - [10/Jun/2026:23:54:05 +0200] "GET /wp-content/uploads/2021/10/cropped-cropped-cropped-cropped-logo_white_background-32x32.png HTTP/2.0" 200 1525 "-" "Mozilla/5.0 AppleWebKit/537.36 (KHTML, like Gecko; compatible; bingbot/2.0; +http://www.bing.com/bingbot.htm) Chrome/116.0.1938.76 Safari/537.36"
52.167.144.156 - - [11/Jun/2026:00:32:35 +0200] "GET /wp-content/uploads/2021/10/cropped-cropped-cropped-cropped-logo_white_background-270x270.png HTTP/2.0" 200 42699 "-" "Mozilla/5.0 AppleWebKit/537.36 (KHTML, like Gecko; compatible; bingbot/2.0; +http://www.bing.com/bingbot.htm) Chrome/116.0.1938.76 Safari/537.36"
47.128.23.24 - - [11/Jun/2026:00:34:53 +0200] "GET /post-5-2/ HTTP/2.0" 200 11821 "-" "Mozilla/5.0 (Linux; Android 5.0) AppleWebKit/537.36 (KHTML, like Gecko) Mobile Safari/537.36 (compatible; Bytespider; spider-feedback@bytedance.com)"
65.108.235.243 - - [11/Jun/2026:01:27:28 +0200] "POST /wp-cron.php?doing_wp_cron=1781134047.8464848995208740234375 HTTP/1.1" 200 1 "-" "WordPress/7.0; https://mantova.elettroservicegroup.it"
98.50.143.135 - - [11/Jun/2026:01:27:25 +0200] "GET /wp-login.php HTTP/1.1" 200 2698 "-" "Mozilla/5.0 (Macintosh; Intel Mac OS X 10.15; rv:148.0) Gecko/20100101 Firefox/148.0"
98.50.143.135 - - [11/Jun/2026:01:27:28 +0200] "POST /wp-login.php HTTP/1.1" 302 1 "https://mantova.elettroservicegroup.it/wp-login.php" "Mozilla/5.0 (Macintosh; Intel Mac OS X 10.15; rv:148.0) Gecko/20100101 Firefox/148.0"
98.50.143.135 - - [11/Jun/2026:01:27:30 +0200] "GET /wp-admin/ HTTP/1.1" 200 346284 "https://mantova.elettroservicegroup.it/wp-login.php" "Mozilla/5.0 (Macintosh; Intel Mac OS X 10.15; rv:148.0) Gecko/20100101 Firefox/148.0"
98.50.143.135 - - [11/Jun/2026:01:27:36 +0200] "GET /wp-admin/ HTTP/1.1" 200 346208 "https://mantova.elettroservicegroup.it/" "Mozilla/5.0 (Macintosh; Intel Mac OS X 10.15; rv:148.0) Gecko/20100101 Firefox/148.0"
98.50.143.135 - - [11/Jun/2026:01:27:38 +0200] "GET /wp-json/wp/v2/users/me?context=edit HTTP/1.1" 200 807 "https://mantova.elettroservicegroup.it/wp-admin/" "Mozilla/5.0 (Macintosh; Intel Mac OS X 10.15; rv:148.0) Gecko/20100101 Firefox/148.0"