65.108.235.243 - - [10/Jun/2026:14:18:04 +0200] "POST /wp-cron.php?doing_wp_cron=1781093884.5388939380645751953125 HTTP/1.1" 200 1 "-" "WordPress/7.0; https://parma.elettroservicegroup.it"
72.14.201.23 - - [10/Jun/2026:14:17:58 +0200] "GET /assistenza-smeg-parma/ HTTP/2.0" 200 - "https://www.google.com/" "Mozilla/5.0 (Linux; Android 10; K) AppleWebKit/537.36 (KHTML, like Gecko) Chrome/149.0.0.0 Mobile Safari/537.36"
40.77.167.26 - - [10/Jun/2026:14:25:25 +0200] "GET /assistenza-ariston-parma/ HTTP/2.0" 200 22659 "-" "Mozilla/5.0 AppleWebKit/537.36 (KHTML, like Gecko; compatible; bingbot/2.0; +http://www.bing.com/bingbot.htm) Chrome/116.0.1938.76 Safari/537.36"
65.108.235.243 - - [10/Jun/2026:14:32:17 +0200] "POST /wp-cron.php?doing_wp_cron=1781094737.1509130001068115234375 HTTP/1.1" 200 1 "-" "WordPress/7.0; https://parma.elettroservicegroup.it"
40.77.167.46 - - [10/Jun/2026:14:32:15 +0200] "GET /sitemap.txt HTTP/2.0" 302 1 "-" "Mozilla/5.0 AppleWebKit/537.36 (KHTML, like Gecko; compatible; bingbot/2.0; +http://www.bing.com/bingbot.htm) Chrome/116.0.1938.76 Safari/537.36"
40.77.167.46 - - [10/Jun/2026:14:32:18 +0200] "GET /sitemap.xml HTTP/2.0" 200 314 "-" "Mozilla/5.0 AppleWebKit/537.36 (KHTML, like Gecko; compatible; bingbot/2.0; +http://www.bing.com/bingbot.htm) Chrome/116.0.1938.76 Safari/537.36"
65.108.235.243 - - [10/Jun/2026:14:32:55 +0200] "POST /wp-cron.php?doing_wp_cron=1781094775.6161260604858398437500 HTTP/1.1" 200 1 "-" "WordPress/7.0; https://parma.elettroservicegroup.it"
151.18.83.57 - - [10/Jun/2026:14:32:53 +0200] "GET /?gad_source=1&gad_campaignid=23795906066&gclid=Cj0KCQjwlqTRBhCBARIsANrkrxgDjwmd2vblNtqHvkiVhuK42jXWCesZoOR3-0vdmtGGoawrgeGbyVIaAox6EALw_wcB HTTP/2.0" 200 22420 "https://www.google.com/" "Mozilla/5.0 (Linux; Android 10; K) AppleWebKit/537.36 (KHTML, like Gecko) Chrome/148.0.0.0 Mobile Safari/537.36"
151.18.83.57 - - [10/Jun/2026:14:32:55 +0200] "GET /wp-content/plugins/header-footer-elementor/assets/css/header-footer-elementor.css?ver=2.8.8 HTTP/2.0" 200 260 "https://parma.elettroservicegroup.it/?gad_source=1&gad_campaignid=23795906066&gclid=Cj0KCQjwlqTRBhCBARIsANrkrxgDjwmd2vblNtqHvkiVhuK42jXWCesZoOR3-0vdmtGGoawrgeGbyVIaAox6EALw_wcB" "Mozilla/5.0 (Linux; Android 10; K) AppleWebKit/537.36 (KHTML, like Gecko) Chrome/148.0.0.0 Mobile Safari/537.36"
151.18.83.57 - - [10/Jun/2026:14:32:55 +0200] "GET /wp-content/plugins/all-in-one-seo-pack/dist/Lite/assets/css/table-of-contents/global.e90f6d47.css?ver=4.9.7.2 HTTP/2.0" 200 420 "https://parma.elettroservicegroup.it/?gad_source=1&gad_campaignid=23795906066&gclid=Cj0KCQjwlqTRBhCBARIsANrkrxgDjwmd2vblNtqHvkiVhuK42jXWCesZoOR3-0vdmtGGoawrgeGbyVIaAox6EALw_wcB" "Mozilla/5.0 (Linux; Android 10; K) AppleWebKit/537.36 (KHTML, like Gecko) Chrome/148.0.0.0 Mobile Safari/537.36"
151.18.83.57 - - [10/Jun/2026:14:32:55 +0200] "GET /wp-content/plugins/complianz-gdpr-premium/assets/css/cookieblocker.min.css?ver=1780326315 HTTP/2.0" 200 615 "https://parma.elettroservicegroup.it/?gad_source=1&gad_campaignid=23795906066&gclid=Cj0KCQjwlqTRBhCBARIsANrkrxgDjwmd2vblNtqHvkiVhuK42jXWCesZoOR3-0vdmtGGoawrgeGbyVIaAox6EALw_wcB" "Mozilla/5.0 (Linux; Android 10; K) AppleWebKit/537.36 (KHTML, like Gecko) Chrome/148.0.0.0 Mobile Safari/537.36"
151.18.83.57 - - [10/Jun/2026:14:32:55 +0200] "GET /wp-content/plugins/header-footer-elementor/inc/widgets-css/frontend.css?ver=2.8.8 HTTP/2.0" 200 8711 "https://parma.elettroservicegroup.it/?gad_source=1&gad_campaignid=23795906066&gclid=Cj0KCQjwlqTRBhCBARIsANrkrxgDjwmd2vblNtqHvkiVhuK42jXWCesZoOR3-0vdmtGGoawrgeGbyVIaAox6EALw_wcB" "Mozilla/5.0 (Linux; Android 10; K) AppleWebKit/537.36 (KHTML, like Gecko) Chrome/148.0.0.0 Mobile Safari/537.36"
151.18.83.57 - - [10/Jun/2026:14:32:55 +0200] "GET /wp-content/plugins/elementor/assets/lib/animations/styles/bounceIn.min.css?ver=4.1.2 HTTP/2.0" 200 186 "https://parma.elettroservicegroup.it/?gad_source=1&gad_campaignid=23795906066&gclid=Cj0KCQjwlqTRBhCBARIsANrkrxgDjwmd2vblNtqHvkiVhuK42jXWCesZoOR3-0vdmtGGoawrgeGbyVIaAox6EALw_wcB" "Mozilla/5.0 (Linux; Android 10; K) AppleWebKit/537.36 (KHTML, like Gecko) Chrome/148.0.0.0 Mobile Safari/537.36"
151.18.83.57 - - [10/Jun/2026:14:32:55 +0200] "GET /wp-content/plugins/elementor/assets/lib/font-awesome/css/solid.css?ver=5.15.3 HTTP/2.0" 200 299 "https://parma.elettroservicegroup.it/?gad_source=1&gad_campaignid=23795906066&gclid=Cj0KCQjwlqTRBhCBARIsANrkrxgDjwmd2vblNtqHvkiVhuK42jXWCesZoOR3-0vdmtGGoawrgeGbyVIaAox6EALw_wcB" "Mozilla/5.0 (Linux; Android 10; K) AppleWebKit/537.36 (KHTML, like Gecko) Chrome/148.0.0.0 Mobile Safari/537.36"
151.18.83.57 - - [10/Jun/2026:14:32:55 +0200] "GET /wp-content/plugins/elementor/assets/css/widget-image.min.css?ver=4.1.2 HTTP/2.0" 200 96 "https://parma.elettroservicegroup.it/?gad_source=1&gad_campaignid=23795906066&gclid=Cj0KCQjwlqTRBhCBARIsANrkrxgDjwmd2vblNtqHvkiVhuK42jXWCesZoOR3-0vdmtGGoawrgeGbyVIaAox6EALw_wcB" "Mozilla/5.0 (Linux; Android 10; K) AppleWebKit/537.36 (KHTML, like Gecko) Chrome/148.0.0.0 Mobile Safari/537.36"
151.18.83.57 - - [10/Jun/2026:14:32:55 +0200] "GET /wp-content/plugins/elementor/assets/lib/eicons/css/elementor-icons.min.css?ver=5.49.0 HTTP/2.0" 200 4115 "https://parma.elettroservicegroup.it/?gad_source=1&gad_campaignid=23795906066&gclid=Cj0KCQjwlqTRBhCBARIsANrkrxgDjwmd2vblNtqHvkiVhuK42jXWCesZoOR3-0vdmtGGoawrgeGbyVIaAox6EALw_wcB" "Mozilla/5.0 (Linux; Android 10; K) AppleWebKit/537.36 (KHTML, like Gecko) Chrome/148.0.0.0 Mobile Safari/537.36"
151.18.83.57 - - [10/Jun/2026:14:32:55 +0200] "GET /wp-content/uploads/elementor/css/post-14146.css?ver=1781017914 HTTP/2.0" 200 428 "https://parma.elettroservicegroup.it/?gad_source=1&gad_campaignid=23795906066&gclid=Cj0KCQjwlqTRBhCBARIsANrkrxgDjwmd2vblNtqHvkiVhuK42jXWCesZoOR3-0vdmtGGoawrgeGbyVIaAox6EALw_wcB" "Mozilla/5.0 (Linux; Android 10; K) AppleWebKit/537.36 (KHTML, like Gecko) Chrome/148.0.0.0 Mobile Safari/537.36"
151.18.83.57 - - [10/Jun/2026:14:32:55 +0200] "GET /wp-content/plugins/elementor/assets/css/widget-heading.min.css?ver=4.1.2 HTTP/2.0" 200 127 "https://parma.elettroservicegroup.it/?gad_source=1&gad_campaignid=23795906066&gclid=Cj0KCQjwlqTRBhCBARIsANrkrxgDjwmd2vblNtqHvkiVhuK42jXWCesZoOR3-0vdmtGGoawrgeGbyVIaAox6EALw_wcB" "Mozilla/5.0 (Linux; Android 10; K) AppleWebKit/537.36 (KHTML, like Gecko) Chrome/148.0.0.0 Mobile Safari/537.36"
151.18.83.57 - - [10/Jun/2026:14:32:55 +0200] "GET /wp-content/plugins/elementor/assets/css/widget-spacer.min.css?ver=4.1.2 HTTP/2.0" 200 287 "https://parma.elettroservicegroup.it/?gad_source=1&gad_campaignid=23795906066&gclid=Cj0KCQjwlqTRBhCBARIsANrkrxgDjwmd2vblNtqHvkiVhuK42jXWCesZoOR3-0vdmtGGoawrgeGbyVIaAox6EALw_wcB" "Mozilla/5.0 (Linux; Android 10; K) AppleWebKit/537.36 (KHTML, like Gecko) Chrome/148.0.0.0 Mobile Safari/537.36"
151.18.83.57 - - [10/Jun/2026:14:32:55 +0200] "GET /wp-content/plugins/elementor/assets/lib/animations/styles/zoomIn.min.css?ver=4.1.2 HTTP/2.0" 200 87 "https://parma.elettroservicegroup.it/?gad_source=1&gad_campaignid=23795906066&gclid=Cj0KCQjwlqTRBhCBARIsANrkrxgDjwmd2vblNtqHvkiVhuK42jXWCesZoOR3-0vdmtGGoawrgeGbyVIaAox6EALw_wcB" "Mozilla/5.0 (Linux; Android 10; K) AppleWebKit/537.36 (KHTML, like Gecko) Chrome/148.0.0.0 Mobile Safari/537.36"
151.18.83.57 - - [10/Jun/2026:14:32:55 +0200] "GET /wp-content/uploads/elementor/css/post-14366.css?ver=1781017914 HTTP/2.0" 200 302 "https://parma.elettroservicegroup.it/?gad_source=1&gad_campaignid=23795906066&gclid=Cj0KCQjwlqTRBhCBARIsANrkrxgDjwmd2vblNtqHvkiVhuK42jXWCesZoOR3-0vdmtGGoawrgeGbyVIaAox6EALw_wcB" "Mozilla/5.0 (Linux; Android 10; K) AppleWebKit/537.36 (KHTML, like Gecko) Chrome/148.0.0.0 Mobile Safari/537.36"
151.18.83.57 - - [10/Jun/2026:14:32:55 +0200] "GET /wp-content/plugins/elementor/assets/lib/font-awesome/css/brands.css?ver=5.15.3 HTTP/2.0" 200 298 "https://parma.elettroservicegroup.it/?gad_source=1&gad_campaignid=23795906066&gclid=Cj0KCQjwlqTRBhCBARIsANrkrxgDjwmd2vblNtqHvkiVhuK42jXWCesZoOR3-0vdmtGGoawrgeGbyVIaAox6EALw_wcB" "Mozilla/5.0 (Linux; Android 10; K) AppleWebKit/537.36 (KHTML, like Gecko) Chrome/148.0.0.0 Mobile Safari/537.36"
151.18.83.57 - - [10/Jun/2026:14:32:55 +0200] "GET /wp-content/plugins/gp-premium/menu-plus/functions/css/navigation-branding-flex.min.css?ver=2.5.5 HTTP/2.0" 200 542 "https://parma.elettroservicegroup.it/?gad_source=1&gad_campaignid=23795906066&gclid=Cj0KCQjwlqTRBhCBARIsANrkrxgDjwmd2vblNtqHvkiVhuK42jXWCesZoOR3-0vdmtGGoawrgeGbyVIaAox6EALw_wcB" "Mozilla/5.0 (Linux; Android 10; K) AppleWebKit/537.36 (KHTML, like Gecko) Chrome/148.0.0.0 Mobile Safari/537.36"
151.18.83.57 - - [10/Jun/2026:14:32:55 +0200] "GET /wp-content/uploads/elementor/google-fonts/css/roboto.css?ver=1742280360 HTTP/2.0" 200 1880 "https://parma.elettroservicegroup.it/?gad_source=1&gad_campaignid=23795906066&gclid=Cj0KCQjwlqTRBhCBARIsANrkrxgDjwmd2vblNtqHvkiVhuK42jXWCesZoOR3-0vdmtGGoawrgeGbyVIaAox6EALw_wcB" "Mozilla/5.0 (Linux; Android 10; K) AppleWebKit/537.36 (KHTML, like Gecko) Chrome/148.0.0.0 Mobile Safari/537.36"
151.18.83.57 - - [10/Jun/2026:14:32:55 +0200] "GET /wp-content/plugins/elementor/assets/css/frontend.min.css?ver=4.1.2 HTTP/2.0" 200 6618 "https://parma.elettroservicegroup.it/?gad_source=1&gad_campaignid=23795906066&gclid=Cj0KCQjwlqTRBhCBARIsANrkrxgDjwmd2vblNtqHvkiVhuK42jXWCesZoOR3-0vdmtGGoawrgeGbyVIaAox6EALw_wcB" "Mozilla/5.0 (Linux; Android 10; K) AppleWebKit/537.36 (KHTML, like Gecko) Chrome/148.0.0.0 Mobile Safari/537.36"
151.18.83.57 - - [10/Jun/2026:14:32:55 +0200] "GET /wp-content/plugins/elementor/assets/lib/font-awesome/css/v4-shims.min.css?ver=4.1.2 HTTP/2.0" 200 3986 "https://parma.elettroservicegroup.it/?gad_source=1&gad_campaignid=23795906066&gclid=Cj0KCQjwlqTRBhCBARIsANrkrxgDjwmd2vblNtqHvkiVhuK42jXWCesZoOR3-0vdmtGGoawrgeGbyVIaAox6EALw_wcB" "Mozilla/5.0 (Linux; Android 10; K) AppleWebKit/537.36 (KHTML, like Gecko) Chrome/148.0.0.0 Mobile Safari/537.36"
151.18.83.57 - - [10/Jun/2026:14:32:55 +0200] "GET /wp-content/uploads/elementor/css/post-14227.css?ver=1781019854 HTTP/2.0" 200 2305 "https://parma.elettroservicegroup.it/?gad_source=1&gad_campaignid=23795906066&gclid=Cj0KCQjwlqTRBhCBARIsANrkrxgDjwmd2vblNtqHvkiVhuK42jXWCesZoOR3-0vdmtGGoawrgeGbyVIaAox6EALw_wcB" "Mozilla/5.0 (Linux; Android 10; K) AppleWebKit/537.36 (KHTML, like Gecko) Chrome/148.0.0.0 Mobile Safari/537.36"
151.18.83.57 - - [10/Jun/2026:14:32:55 +0200] "GET /wp-content/themes/generatepress/assets/css/main.min.css?ver=3.6.1 HTTP/2.0" 200 4410 "https://parma.elettroservicegroup.it/?gad_source=1&gad_campaignid=23795906066&gclid=Cj0KCQjwlqTRBhCBARIsANrkrxgDjwmd2vblNtqHvkiVhuK42jXWCesZoOR3-0vdmtGGoawrgeGbyVIaAox6EALw_wcB" "Mozilla/5.0 (Linux; Android 10; K) AppleWebKit/537.36 (KHTML, like Gecko) Chrome/148.0.0.0 Mobile Safari/537.36"
151.18.83.57 - - [10/Jun/2026:14:32:55 +0200] "GET /wp-content/plugins/elementor/assets/lib/eicons/css/elementor-icons.min.css?ver=5.34.0 HTTP/2.0" 200 4115 "https://parma.elettroservicegroup.it/?gad_source=1&gad_campaignid=23795906066&gclid=Cj0KCQjwlqTRBhCBARIsANrkrxgDjwmd2vblNtqHvkiVhuK42jXWCesZoOR3-0vdmtGGoawrgeGbyVIaAox6EALw_wcB" "Mozilla/5.0 (Linux; Android 10; K) AppleWebKit/537.36 (KHTML, like Gecko) Chrome/148.0.0.0 Mobile Safari/537.36"
151.18.83.57 - - [10/Jun/2026:14:32:55 +0200] "GET /wp-content/plugins/elementor/assets/css/widget-icon-list.min.css?ver=3.24.3 HTTP/2.0" 200 928 "https://parma.elettroservicegroup.it/?gad_source=1&gad_campaignid=23795906066&gclid=Cj0KCQjwlqTRBhCBARIsANrkrxgDjwmd2vblNtqHvkiVhuK42jXWCesZoOR3-0vdmtGGoawrgeGbyVIaAox6EALw_wcB" "Mozilla/5.0 (Linux; Android 10; K) AppleWebKit/537.36 (KHTML, like Gecko) Chrome/148.0.0.0 Mobile Safari/537.36"
151.18.83.57 - - [10/Jun/2026:14:32:55 +0200] "GET /wp-content/plugins/elementor/assets/css/widget-social-icons.min.css?ver=3.24.0 HTTP/2.0" 200 1039 "https://parma.elettroservicegroup.it/?gad_source=1&gad_campaignid=23795906066&gclid=Cj0KCQjwlqTRBhCBARIsANrkrxgDjwmd2vblNtqHvkiVhuK42jXWCesZoOR3-0vdmtGGoawrgeGbyVIaAox6EALw_wcB" "Mozilla/5.0 (Linux; Android 10; K) AppleWebKit/537.36 (KHTML, like Gecko) Chrome/148.0.0.0 Mobile Safari/537.36"
151.18.83.57 - - [10/Jun/2026:14:32:55 +0200] "GET /wp-content/uploads/elementor/google-fonts/css/robotoslab.css?ver=1742280362 HTTP/2.0" 200 715 "https://parma.elettroservicegroup.it/?gad_source=1&gad_campaignid=23795906066&gclid=Cj0KCQjwlqTRBhCBARIsANrkrxgDjwmd2vblNtqHvkiVhuK42jXWCesZoOR3-0vdmtGGoawrgeGbyVIaAox6EALw_wcB" "Mozilla/5.0 (Linux; Android 10; K) AppleWebKit/537.36 (KHTML, like Gecko) Chrome/148.0.0.0 Mobile Safari/537.36"
151.18.83.57 - - [10/Jun/2026:14:32:55 +0200] "GET /wp-content/plugins/elementor/assets/lib/font-awesome/css/fontawesome.min.css?ver=5.15.3 HTTP/2.0" 200 12179 "https://parma.elettroservicegroup.it/?gad_source=1&gad_campaignid=23795906066&gclid=Cj0KCQjwlqTRBhCBARIsANrkrxgDjwmd2vblNtqHvkiVhuK42jXWCesZoOR3-0vdmtGGoawrgeGbyVIaAox6EALw_wcB" "Mozilla/5.0 (Linux; Android 10; K) AppleWebKit/537.36 (KHTML, like Gecko) Chrome/148.0.0.0 Mobile Safari/537.36"
151.18.83.57 - - [10/Jun/2026:14:32:55 +0200] "GET /wp-content/plugins/elementor/assets/lib/font-awesome/css/solid.min.css?ver=5.15.3 HTTP/2.0" 200 286 "https://parma.elettroservicegroup.it/?gad_source=1&gad_campaignid=23795906066&gclid=Cj0KCQjwlqTRBhCBARIsANrkrxgDjwmd2vblNtqHvkiVhuK42jXWCesZoOR3-0vdmtGGoawrgeGbyVIaAox6EALw_wcB" "Mozilla/5.0 (Linux; Android 10; K) AppleWebKit/537.36 (KHTML, like Gecko) Chrome/148.0.0.0 Mobile Safari/537.36"
151.18.83.57 - - [10/Jun/2026:14:32:55 +0200] "GET /wp-content/plugins/elementor/assets/lib/font-awesome/css/all.min.css?ver=4.1.2 HTTP/2.0" 200 12402 "https://parma.elettroservicegroup.it/?gad_source=1&gad_campaignid=23795906066&gclid=Cj0KCQjwlqTRBhCBARIsANrkrxgDjwmd2vblNtqHvkiVhuK42jXWCesZoOR3-0vdmtGGoawrgeGbyVIaAox6EALw_wcB" "Mozilla/5.0 (Linux; Android 10; K) AppleWebKit/537.36 (KHTML, like Gecko) Chrome/148.0.0.0 Mobile Safari/537.36"
151.18.83.57 - - [10/Jun/2026:14:32:55 +0200] "GET /wp-content/plugins/elementor/assets/lib/font-awesome/css/regular.min.css?ver=5.15.3 HTTP/2.0" 200 282 "https://parma.elettroservicegroup.it/?gad_source=1&gad_campaignid=23795906066&gclid=Cj0KCQjwlqTRBhCBARIsANrkrxgDjwmd2vblNtqHvkiVhuK42jXWCesZoOR3-0vdmtGGoawrgeGbyVIaAox6EALw_wcB" "Mozilla/5.0 (Linux; Android 10; K) AppleWebKit/537.36 (KHTML, like Gecko) Chrome/148.0.0.0 Mobile Safari/537.36"
151.18.83.57 - - [10/Jun/2026:14:32:55 +0200] "GET /wp-content/plugins/elementor/assets/lib/font-awesome/css/fontawesome.css?ver=5.15.3 HTTP/2.0" 200 12535 "https://parma.elettroservicegroup.it/?gad_source=1&gad_campaignid=23795906066&gclid=Cj0KCQjwlqTRBhCBARIsANrkrxgDjwmd2vblNtqHvkiVhuK42jXWCesZoOR3-0vdmtGGoawrgeGbyVIaAox6EALw_wcB" "Mozilla/5.0 (Linux; Android 10; K) AppleWebKit/537.36 (KHTML, like Gecko) Chrome/148.0.0.0 Mobile Safari/537.36"
151.18.83.57 - - [10/Jun/2026:14:32:55 +0200] "GET /wp-content/uploads/2021/10/cropped-logo_white_background.png HTTP/2.0" 200 16623 "https://parma.elettroservicegroup.it/?gad_source=1&gad_campaignid=23795906066&gclid=Cj0KCQjwlqTRBhCBARIsANrkrxgDjwmd2vblNtqHvkiVhuK42jXWCesZoOR3-0vdmtGGoawrgeGbyVIaAox6EALw_wcB" "Mozilla/5.0 (Linux; Android 10; K) AppleWebKit/537.36 (KHTML, like Gecko) Chrome/148.0.0.0 Mobile Safari/537.36"
151.18.83.57 - - [10/Jun/2026:14:32:55 +0200] "GET /wp-includes/js/jquery/jquery.min.js?ver=3.7.1 HTTP/2.0" 200 29769 "https://parma.elettroservicegroup.it/?gad_source=1&gad_campaignid=23795906066&gclid=Cj0KCQjwlqTRBhCBARIsANrkrxgDjwmd2vblNtqHvkiVhuK42jXWCesZoOR3-0vdmtGGoawrgeGbyVIaAox6EALw_wcB" "Mozilla/5.0 (Linux; Android 10; K) AppleWebKit/537.36 (KHTML, like Gecko) Chrome/148.0.0.0 Mobile Safari/537.36"
151.18.83.57 - - [10/Jun/2026:14:32:55 +0200] "GET /wp-content/plugins/elementor/assets/lib/font-awesome/js/v4-shims.min.js?ver=4.1.2 HTTP/2.0" 200 4043 "https://parma.elettroservicegroup.it/?gad_source=1&gad_campaignid=23795906066&gclid=Cj0KCQjwlqTRBhCBARIsANrkrxgDjwmd2vblNtqHvkiVhuK42jXWCesZoOR3-0vdmtGGoawrgeGbyVIaAox6EALw_wcB" "Mozilla/5.0 (Linux; Android 10; K) AppleWebKit/537.36 (KHTML, like Gecko) Chrome/148.0.0.0 Mobile Safari/537.36"
151.18.83.57 - - [10/Jun/2026:14:32:55 +0200] "GET /wp-includes/js/jquery/jquery-migrate.min.js?ver=3.4.1 HTTP/2.0" 200 4685 "https://parma.elettroservicegroup.it/?gad_source=1&gad_campaignid=23795906066&gclid=Cj0KCQjwlqTRBhCBARIsANrkrxgDjwmd2vblNtqHvkiVhuK42jXWCesZoOR3-0vdmtGGoawrgeGbyVIaAox6EALw_wcB" "Mozilla/5.0 (Linux; Android 10; K) AppleWebKit/537.36 (KHTML, like Gecko) Chrome/148.0.0.0 Mobile Safari/537.36"
151.18.83.57 - - [10/Jun/2026:14:32:55 +0200] "GET /wp-content/uploads/2021/10/cropped-cropped-cropped-logo_white_background.png HTTP/2.0" 200 38971 "https://parma.elettroservicegroup.it/?gad_source=1&gad_campaignid=23795906066&gclid=Cj0KCQjwlqTRBhCBARIsANrkrxgDjwmd2vblNtqHvkiVhuK42jXWCesZoOR3-0vdmtGGoawrgeGbyVIaAox6EALw_wcB" "Mozilla/5.0 (Linux; Android 10; K) AppleWebKit/537.36 (KHTML, like Gecko) Chrome/148.0.0.0 Mobile Safari/537.36"
151.18.83.57 - - [10/Jun/2026:14:32:55 +0200] "GET /wp-content/plugins/gp-premium/menu-plus/functions/js/sticky.min.js?ver=2.5.5 HTTP/2.0" 200 2670 "https://parma.elettroservicegroup.it/?gad_source=1&gad_campaignid=23795906066&gclid=Cj0KCQjwlqTRBhCBARIsANrkrxgDjwmd2vblNtqHvkiVhuK42jXWCesZoOR3-0vdmtGGoawrgeGbyVIaAox6EALw_wcB" "Mozilla/5.0 (Linux; Android 10; K) AppleWebKit/537.36 (KHTML, like Gecko) Chrome/148.0.0.0 Mobile Safari/537.36"
151.18.83.57 - - [10/Jun/2026:14:32:56 +0200] "GET /wp-content/plugins/elementor/assets/js/webpack.runtime.min.js?ver=4.1.2 HTTP/2.0" 200 2340 "https://parma.elettroservicegroup.it/?gad_source=1&gad_campaignid=23795906066&gclid=Cj0KCQjwlqTRBhCBARIsANrkrxgDjwmd2vblNtqHvkiVhuK42jXWCesZoOR3-0vdmtGGoawrgeGbyVIaAox6EALw_wcB" "Mozilla/5.0 (Linux; Android 10; K) AppleWebKit/537.36 (KHTML, like Gecko) Chrome/148.0.0.0 Mobile Safari/537.36"
151.18.83.57 - - [10/Jun/2026:14:32:56 +0200] "GET /wp-content/plugins/elementor/assets/js/frontend-modules.min.js?ver=4.1.2 HTTP/2.0" 200 15454 "https://parma.elettroservicegroup.it/?gad_source=1&gad_campaignid=23795906066&gclid=Cj0KCQjwlqTRBhCBARIsANrkrxgDjwmd2vblNtqHvkiVhuK42jXWCesZoOR3-0vdmtGGoawrgeGbyVIaAox6EALw_wcB" "Mozilla/5.0 (Linux; Android 10; K) AppleWebKit/537.36 (KHTML, like Gecko) Chrome/148.0.0.0 Mobile Safari/537.36"
151.18.83.57 - - [10/Jun/2026:14:32:56 +0200] "GET /wp-includes/js/jquery/ui/core.min.js?ver=1.13.3 HTTP/2.0" 200 6820 "https://parma.elettroservicegroup.it/?gad_source=1&gad_campaignid=23795906066&gclid=Cj0KCQjwlqTRBhCBARIsANrkrxgDjwmd2vblNtqHvkiVhuK42jXWCesZoOR3-0vdmtGGoawrgeGbyVIaAox6EALw_wcB" "Mozilla/5.0 (Linux; Android 10; K) AppleWebKit/537.36 (KHTML, like Gecko) Chrome/148.0.0.0 Mobile Safari/537.36"
151.18.83.57 - - [10/Jun/2026:14:32:56 +0200] "GET /wp-content/themes/generatepress/assets/js/back-to-top.min.js?ver=3.6.1 HTTP/2.0" 200 336 "https://parma.elettroservicegroup.it/?gad_source=1&gad_campaignid=23795906066&gclid=Cj0KCQjwlqTRBhCBARIsANrkrxgDjwmd2vblNtqHvkiVhuK42jXWCesZoOR3-0vdmtGGoawrgeGbyVIaAox6EALw_wcB" "Mozilla/5.0 (Linux; Android 10; K) AppleWebKit/537.36 (KHTML, like Gecko) Chrome/148.0.0.0 Mobile Safari/537.36"
151.18.83.57 - - [10/Jun/2026:14:32:56 +0200] "GET /wp-content/themes/generatepress/assets/js/menu.min.js?ver=3.6.1 HTTP/2.0" 200 1688 "https://parma.elettroservicegroup.it/?gad_source=1&gad_campaignid=23795906066&gclid=Cj0KCQjwlqTRBhCBARIsANrkrxgDjwmd2vblNtqHvkiVhuK42jXWCesZoOR3-0vdmtGGoawrgeGbyVIaAox6EALw_wcB" "Mozilla/5.0 (Linux; Android 10; K) AppleWebKit/537.36 (KHTML, like Gecko) Chrome/148.0.0.0 Mobile Safari/537.36"
151.18.83.57 - - [10/Jun/2026:14:32:56 +0200] "GET /wp-content/plugins/burst-statistics/assets/js/timeme/timeme.min.js?ver=1780499187 HTTP/2.0" 200 1835 "https://parma.elettroservicegroup.it/?gad_source=1&gad_campaignid=23795906066&gclid=Cj0KCQjwlqTRBhCBARIsANrkrxgDjwmd2vblNtqHvkiVhuK42jXWCesZoOR3-0vdmtGGoawrgeGbyVIaAox6EALw_wcB" "Mozilla/5.0 (Linux; Android 10; K) AppleWebKit/537.36 (KHTML, like Gecko) Chrome/148.0.0.0 Mobile Safari/537.36"
151.18.83.57 - - [10/Jun/2026:14:32:56 +0200] "GET /wp-content/uploads/burst/js/burst.min.js?ver=1781085631 HTTP/2.0" 200 3381 "https://parma.elettroservicegroup.it/?gad_source=1&gad_campaignid=23795906066&gclid=Cj0KCQjwlqTRBhCBARIsANrkrxgDjwmd2vblNtqHvkiVhuK42jXWCesZoOR3-0vdmtGGoawrgeGbyVIaAox6EALw_wcB" "Mozilla/5.0 (Linux; Android 10; K) AppleWebKit/537.36 (KHTML, like Gecko) Chrome/148.0.0.0 Mobile Safari/537.36"
151.18.83.57 - - [10/Jun/2026:14:32:56 +0200] "GET /wp-content/plugins/elementor/assets/js/frontend.min.js?ver=4.1.2 HTTP/2.0" 200 10140 "https://parma.elettroservicegroup.it/?gad_source=1&gad_campaignid=23795906066&gclid=Cj0KCQjwlqTRBhCBARIsANrkrxgDjwmd2vblNtqHvkiVhuK42jXWCesZoOR3-0vdmtGGoawrgeGbyVIaAox6EALw_wcB" "Mozilla/5.0 (Linux; Android 10; K) AppleWebKit/537.36 (KHTML, like Gecko) Chrome/148.0.0.0 Mobile Safari/537.36"
151.18.83.57 - - [10/Jun/2026:14:32:56 +0200] "GET /wp-content/plugins/complianz-gdpr-premium/cookiebanner/js/complianz.min.js?ver=1780326315 HTTP/2.0" 200 10708 "https://parma.elettroservicegroup.it/?gad_source=1&gad_campaignid=23795906066&gclid=Cj0KCQjwlqTRBhCBARIsANrkrxgDjwmd2vblNtqHvkiVhuK42jXWCesZoOR3-0vdmtGGoawrgeGbyVIaAox6EALw_wcB" "Mozilla/5.0 (Linux; Android 10; K) AppleWebKit/537.36 (KHTML, like Gecko) Chrome/148.0.0.0 Mobile Safari/537.36"
151.18.83.57 - - [10/Jun/2026:14:32:56 +0200] "GET /wp-content/plugins/elementor/assets/lib/font-awesome/webfonts/fa-regular-400.woff2 HTTP/2.0" 200 13277 "https://parma.elettroservicegroup.it/wp-content/plugins/elementor/assets/lib/font-awesome/css/all.min.css?ver=4.1.2" "Mozilla/5.0 (Linux; Android 10; K) AppleWebKit/537.36 (KHTML, like Gecko) Chrome/148.0.0.0 Mobile Safari/537.36"
151.18.83.57 - - [10/Jun/2026:14:32:56 +0200] "GET /wp-content/plugins/elementor/assets/lib/font-awesome/webfonts/fa-solid-900.woff2 HTTP/2.0" 200 78201 "https://parma.elettroservicegroup.it/wp-content/plugins/elementor/assets/lib/font-awesome/css/all.min.css?ver=4.1.2" "Mozilla/5.0 (Linux; Android 10; K) AppleWebKit/537.36 (KHTML, like Gecko) Chrome/148.0.0.0 Mobile Safari/537.36"
151.18.83.57 - - [10/Jun/2026:14:32:56 +0200] "GET /wp-content/uploads/elementor/google-fonts/fonts/roboto-kfo7cnqeu92fr1me7ksn66agldtyluama3yuba.woff2 HTTP/2.0" 200 40132 "https://parma.elettroservicegroup.it/wp-content/uploads/elementor/google-fonts/css/roboto.css?ver=1742280360" "Mozilla/5.0 (Linux; Android 10; K) AppleWebKit/537.36 (KHTML, like Gecko) Chrome/148.0.0.0 Mobile Safari/537.36"
151.18.83.57 - - [10/Jun/2026:14:32:56 +0200] "GET /wp-content/uploads/2021/10/TECNICO-ELETTRODOMESTICI.jpg HTTP/2.0" 200 24210 "https://parma.elettroservicegroup.it/?gad_source=1&gad_campaignid=23795906066&gclid=Cj0KCQjwlqTRBhCBARIsANrkrxgDjwmd2vblNtqHvkiVhuK42jXWCesZoOR3-0vdmtGGoawrgeGbyVIaAox6EALw_wcB" "Mozilla/5.0 (Linux; Android 10; K) AppleWebKit/537.36 (KHTML, like Gecko) Chrome/148.0.0.0 Mobile Safari/537.36"
151.18.83.57 - - [10/Jun/2026:14:32:56 +0200] "GET /wp-content/uploads/2021/11/asko-e1634463631713.jpg HTTP/2.0" 200 110182 "https://parma.elettroservicegroup.it/?gad_source=1&gad_campaignid=23795906066&gclid=Cj0KCQjwlqTRBhCBARIsANrkrxgDjwmd2vblNtqHvkiVhuK42jXWCesZoOR3-0vdmtGGoawrgeGbyVIaAox6EALw_wcB" "Mozilla/5.0 (Linux; Android 10; K) AppleWebKit/537.36 (KHTML, like Gecko) Chrome/148.0.0.0 Mobile Safari/537.36"
151.18.83.57 - - [10/Jun/2026:14:32:56 +0200] "GET /wp-content/uploads/2021/11/copertina-washing-machine-2668472_1920-1536x1024.jpg HTTP/2.0" 200 204103 "https://parma.elettroservicegroup.it/?gad_source=1&gad_campaignid=23795906066&gclid=Cj0KCQjwlqTRBhCBARIsANrkrxgDjwmd2vblNtqHvkiVhuK42jXWCesZoOR3-0vdmtGGoawrgeGbyVIaAox6EALw_wcB" "Mozilla/5.0 (Linux; Android 10; K) AppleWebKit/537.36 (KHTML, like Gecko) Chrome/148.0.0.0 Mobile Safari/537.36"
151.18.83.57 - - [10/Jun/2026:14:32:56 +0200] "POST /wp-content/plugins/burst-statistics/endpoint.php HTTP/2.0" 200 1 "https://parma.elettroservicegroup.it/?gad_source=1&gad_campaignid=23795906066&gclid=Cj0KCQjwlqTRBhCBARIsANrkrxgDjwmd2vblNtqHvkiVhuK42jXWCesZoOR3-0vdmtGGoawrgeGbyVIaAox6EALw_wcB" "Mozilla/5.0 (Linux; Android 10; K) AppleWebKit/537.36 (KHTML, like Gecko) Chrome/148.0.0.0 Mobile Safari/537.36"
151.18.83.57 - - [10/Jun/2026:14:32:56 +0200] "GET /wp-content/plugins/elementor/assets/js/section-frontend-handlers.d85ab872da118940910d.bundle.min.js HTTP/2.0" 200 230 "https://parma.elettroservicegroup.it/?gad_source=1&gad_campaignid=23795906066&gclid=Cj0KCQjwlqTRBhCBARIsANrkrxgDjwmd2vblNtqHvkiVhuK42jXWCesZoOR3-0vdmtGGoawrgeGbyVIaAox6EALw_wcB" "Mozilla/5.0 (Linux; Android 10; K) AppleWebKit/537.36 (KHTML, like Gecko) Chrome/148.0.0.0 Mobile Safari/537.36"
151.18.83.57 - - [10/Jun/2026:14:32:56 +0200] "GET /wp-content/plugins/elementor/assets/js/shared-frontend-handlers.03caa53373b56d3bab67.bundle.min.js HTTP/2.0" 200 2515 "https://parma.elettroservicegroup.it/?gad_source=1&gad_campaignid=23795906066&gclid=Cj0KCQjwlqTRBhCBARIsANrkrxgDjwmd2vblNtqHvkiVhuK42jXWCesZoOR3-0vdmtGGoawrgeGbyVIaAox6EALw_wcB" "Mozilla/5.0 (Linux; Android 10; K) AppleWebKit/537.36 (KHTML, like Gecko) Chrome/148.0.0.0 Mobile Safari/537.36"
151.18.83.57 - - [10/Jun/2026:14:32:56 +0200] "GET /wp-content/plugins/elementor/assets/js/text-editor.45609661e409413f1cef.bundle.min.js HTTP/2.0" 200 592 "https://parma.elettroservicegroup.it/?gad_source=1&gad_campaignid=23795906066&gclid=Cj0KCQjwlqTRBhCBARIsANrkrxgDjwmd2vblNtqHvkiVhuK42jXWCesZoOR3-0vdmtGGoawrgeGbyVIaAox6EALw_wcB" "Mozilla/5.0 (Linux; Android 10; K) AppleWebKit/537.36 (KHTML, like Gecko) Chrome/148.0.0.0 Mobile Safari/537.36"
151.18.83.57 - - [10/Jun/2026:14:32:56 +0200] "GET /wp-json/complianz/v1/banner?lang=it&locale=it_IT&token=cudeb HTTP/2.0" 200 84 "https://parma.elettroservicegroup.it/?gad_source=1&gad_campaignid=23795906066&gclid=Cj0KCQjwlqTRBhCBARIsANrkrxgDjwmd2vblNtqHvkiVhuK42jXWCesZoOR3-0vdmtGGoawrgeGbyVIaAox6EALw_wcB" "Mozilla/5.0 (Linux; Android 10; K) AppleWebKit/537.36 (KHTML, like Gecko) Chrome/148.0.0.0 Mobile Safari/537.36"
151.18.83.57 - - [10/Jun/2026:14:32:56 +0200] "GET /wp-content/uploads/complianz/css/banner-1-optin.css?v=46 HTTP/2.0" 200 2617 "https://parma.elettroservicegroup.it/?gad_source=1&gad_campaignid=23795906066&gclid=Cj0KCQjwlqTRBhCBARIsANrkrxgDjwmd2vblNtqHvkiVhuK42jXWCesZoOR3-0vdmtGGoawrgeGbyVIaAox6EALw_wcB" "Mozilla/5.0 (Linux; Android 10; K) AppleWebKit/537.36 (KHTML, like Gecko) Chrome/148.0.0.0 Mobile Safari/537.36"
151.18.83.57 - - [10/Jun/2026:14:32:56 +0200] "GET /wp-json/complianz/v1/cookie_data HTTP/2.0" 200 81 "https://parma.elettroservicegroup.it/?gad_source=1&gad_campaignid=23795906066&gclid=Cj0KCQjwlqTRBhCBARIsANrkrxgDjwmd2vblNtqHvkiVhuK42jXWCesZoOR3-0vdmtGGoawrgeGbyVIaAox6EALw_wcB" "Mozilla/5.0 (Linux; Android 10; K) AppleWebKit/537.36 (KHTML, like Gecko) Chrome/148.0.0.0 Mobile Safari/537.36"
151.18.83.57 - - [10/Jun/2026:14:32:57 +0200] "GET /wp-content/uploads/2021/10/cropped-cropped-cropped-cropped-logo_white_background-192x192.png HTTP/2.0" 200 19089 "https://parma.elettroservicegroup.it/?gad_source=1&gad_campaignid=23795906066&gclid=Cj0KCQjwlqTRBhCBARIsANrkrxgDjwmd2vblNtqHvkiVhuK42jXWCesZoOR3-0vdmtGGoawrgeGbyVIaAox6EALw_wcB" "Mozilla/5.0 (Linux; Android 10; K) AppleWebKit/537.36 (KHTML, like Gecko) Chrome/148.0.0.0 Mobile Safari/537.36"
151.18.83.57 - - [10/Jun/2026:14:32:57 +0200] "GET /wp-content/uploads/2021/10/cropped-cropped-cropped-cropped-logo_white_background-180x180.png HTTP/2.0" 200 21353 "https://parma.elettroservicegroup.it/?gad_source=1&gad_campaignid=23795906066&gclid=Cj0KCQjwlqTRBhCBARIsANrkrxgDjwmd2vblNtqHvkiVhuK42jXWCesZoOR3-0vdmtGGoawrgeGbyVIaAox6EALw_wcB" "Mozilla/5.0 (Linux; Android 10; K) AppleWebKit/537.36 (KHTML, like Gecko) Chrome/148.0.0.0 Mobile Safari/537.36"
151.18.83.57 - - [10/Jun/2026:14:33:01 +0200] "POST /wp-content/plugins/burst-statistics/endpoint.php HTTP/2.0" 200 1 "https://parma.elettroservicegroup.it/?gad_source=1&gad_campaignid=23795906066&gclid=Cj0KCQjwlqTRBhCBARIsANrkrxgDjwmd2vblNtqHvkiVhuK42jXWCesZoOR3-0vdmtGGoawrgeGbyVIaAox6EALw_wcB" "Mozilla/5.0 (Linux; Android 10; K) AppleWebKit/537.36 (KHTML, like Gecko) Chrome/148.0.0.0 Mobile Safari/537.36"
151.18.83.57 - - [10/Jun/2026:14:33:01 +0200] "POST /wp-content/plugins/burst-statistics/endpoint.php HTTP/2.0" 200 1 "https://parma.elettroservicegroup.it/?gad_source=1&gad_campaignid=23795906066&gclid=Cj0KCQjwlqTRBhCBARIsANrkrxgDjwmd2vblNtqHvkiVhuK42jXWCesZoOR3-0vdmtGGoawrgeGbyVIaAox6EALw_wcB" "Mozilla/5.0 (Linux; Android 10; K) AppleWebKit/537.36 (KHTML, like Gecko) Chrome/148.0.0.0 Mobile Safari/537.36"
151.18.83.57 - - [10/Jun/2026:14:33:01 +0200] "POST /wp-content/plugins/burst-statistics/endpoint.php HTTP/2.0" 200 1 "https://parma.elettroservicegroup.it/?gad_source=1&gad_campaignid=23795906066&gclid=Cj0KCQjwlqTRBhCBARIsANrkrxgDjwmd2vblNtqHvkiVhuK42jXWCesZoOR3-0vdmtGGoawrgeGbyVIaAox6EALw_wcB" "Mozilla/5.0 (Linux; Android 10; K) AppleWebKit/537.36 (KHTML, like Gecko) Chrome/148.0.0.0 Mobile Safari/537.36"
151.18.83.57 - - [10/Jun/2026:14:33:01 +0200] "POST /wp-json/complianz/v1/track HTTP/2.0" 200 20 "https://parma.elettroservicegroup.it/?gad_source=1&gad_campaignid=23795906066&gclid=Cj0KCQjwlqTRBhCBARIsANrkrxgDjwmd2vblNtqHvkiVhuK42jXWCesZoOR3-0vdmtGGoawrgeGbyVIaAox6EALw_wcB" "Mozilla/5.0 (Linux; Android 10; K) AppleWebKit/537.36 (KHTML, like Gecko) Chrome/148.0.0.0 Mobile Safari/537.36"
151.18.83.57 - - [10/Jun/2026:14:33:03 +0200] "GET /wp-content/uploads/2021/10/copertina-Riparazione_Lavastoviglie-.jpg HTTP/2.0" 200 35425 "https://parma.elettroservicegroup.it/?gad_source=1&gad_campaignid=23795906066&gclid=Cj0KCQjwlqTRBhCBARIsANrkrxgDjwmd2vblNtqHvkiVhuK42jXWCesZoOR3-0vdmtGGoawrgeGbyVIaAox6EALw_wcB" "Mozilla/5.0 (Linux; Android 10; K) AppleWebKit/537.36 (KHTML, like Gecko) Chrome/148.0.0.0 Mobile Safari/537.36"
151.18.83.57 - - [10/Jun/2026:14:33:04 +0200] "POST /wp-content/plugins/burst-statistics/endpoint.php HTTP/2.0" 200 1 "https://parma.elettroservicegroup.it/?gad_source=1&gad_campaignid=23795906066&gclid=Cj0KCQjwlqTRBhCBARIsANrkrxgDjwmd2vblNtqHvkiVhuK42jXWCesZoOR3-0vdmtGGoawrgeGbyVIaAox6EALw_wcB" "Mozilla/5.0 (Linux; Android 10; K) AppleWebKit/537.36 (KHTML, like Gecko) Chrome/148.0.0.0 Mobile Safari/537.36"
151.18.83.57 - - [10/Jun/2026:14:33:05 +0200] "GET /wp-content/uploads/2021/11/Frigorifero-combinato-e1634459015932.jpg HTTP/2.0" 200 84397 "https://parma.elettroservicegroup.it/?gad_source=1&gad_campaignid=23795906066&gclid=Cj0KCQjwlqTRBhCBARIsANrkrxgDjwmd2vblNtqHvkiVhuK42jXWCesZoOR3-0vdmtGGoawrgeGbyVIaAox6EALw_wcB" "Mozilla/5.0 (Linux; Android 10; K) AppleWebKit/537.36 (KHTML, like Gecko) Chrome/148.0.0.0 Mobile Safari/537.36"
151.18.83.57 - - [10/Jun/2026:14:33:13 +0200] "GET /wp-content/uploads/2021/11/forno-c.jpg HTTP/2.0" 200 109229 "https://parma.elettroservicegroup.it/?gad_source=1&gad_campaignid=23795906066&gclid=Cj0KCQjwlqTRBhCBARIsANrkrxgDjwmd2vblNtqHvkiVhuK42jXWCesZoOR3-0vdmtGGoawrgeGbyVIaAox6EALw_wcB" "Mozilla/5.0 (Linux; Android 10; K) AppleWebKit/537.36 (KHTML, like Gecko) Chrome/148.0.0.0 Mobile Safari/537.36"
65.108.235.243 - - [10/Jun/2026:14:33:14 +0200] "POST /wp-cron.php?doing_wp_cron=1781094794.0891399383544921875000 HTTP/1.1" 200 1 "-" "WordPress/7.0; https://parma.elettroservicegroup.it"
151.18.83.57 - - [10/Jun/2026:14:33:14 +0200] "GET /wp-content/uploads/2021/11/condizionatore-bonus.jpg HTTP/2.0" 200 438763 "https://parma.elettroservicegroup.it/?gad_source=1&gad_campaignid=23795906066&gclid=Cj0KCQjwlqTRBhCBARIsANrkrxgDjwmd2vblNtqHvkiVhuK42jXWCesZoOR3-0vdmtGGoawrgeGbyVIaAox6EALw_wcB" "Mozilla/5.0 (Linux; Android 10; K) AppleWebKit/537.36 (KHTML, like Gecko) Chrome/148.0.0.0 Mobile Safari/537.36"
151.18.83.57 - - [10/Jun/2026:14:33:13 +0200] "GET /assistenza-lavatrici-parma HTTP/2.0" 301 1 "https://parma.elettroservicegroup.it/?gad_source=1&gad_campaignid=23795906066&gclid=Cj0KCQjwlqTRBhCBARIsANrkrxgDjwmd2vblNtqHvkiVhuK42jXWCesZoOR3-0vdmtGGoawrgeGbyVIaAox6EALw_wcB" "Mozilla/5.0 (Linux; Android 10; K) AppleWebKit/537.36 (KHTML, like Gecko) Chrome/148.0.0.0 Mobile Safari/537.36"
151.18.83.57 - - [10/Jun/2026:14:33:14 +0200] "GET /assistenza-lavatrici-parma/ HTTP/2.0" 200 22634 "https://parma.elettroservicegroup.it/?gad_source=1&gad_campaignid=23795906066&gclid=Cj0KCQjwlqTRBhCBARIsANrkrxgDjwmd2vblNtqHvkiVhuK42jXWCesZoOR3-0vdmtGGoawrgeGbyVIaAox6EALw_wcB" "Mozilla/5.0 (Linux; Android 10; K) AppleWebKit/537.36 (KHTML, like Gecko) Chrome/148.0.0.0 Mobile Safari/537.36"
151.18.83.57 - - [10/Jun/2026:14:33:15 +0200] "GET /wp-content/uploads/2022/01/TECNIC-LAVATRICE-5.jpg HTTP/2.0" 200 66105 "https://parma.elettroservicegroup.it/?gad_source=1&gad_campaignid=23795906066&gclid=Cj0KCQjwlqTRBhCBARIsANrkrxgDjwmd2vblNtqHvkiVhuK42jXWCesZoOR3-0vdmtGGoawrgeGbyVIaAox6EALw_wcB" "Mozilla/5.0 (Linux; Android 10; K) AppleWebKit/537.36 (KHTML, like Gecko) Chrome/148.0.0.0 Mobile Safari/537.36"
151.18.83.57 - - [10/Jun/2026:14:33:14 +0200] "GET /assistenza-asciugatrici HTTP/2.0" 301 1 "https://parma.elettroservicegroup.it/?gad_source=1&gad_campaignid=23795906066&gclid=Cj0KCQjwlqTRBhCBARIsANrkrxgDjwmd2vblNtqHvkiVhuK42jXWCesZoOR3-0vdmtGGoawrgeGbyVIaAox6EALw_wcB" "Mozilla/5.0 (Linux; Android 10; K) AppleWebKit/537.36 (KHTML, like Gecko) Chrome/148.0.0.0 Mobile Safari/537.36"
151.18.83.57 - - [10/Jun/2026:14:33:15 +0200] "GET /assistenza-asciugatrici/ HTTP/2.0" 200 20675 "https://parma.elettroservicegroup.it/?gad_source=1&gad_campaignid=23795906066&gclid=Cj0KCQjwlqTRBhCBARIsANrkrxgDjwmd2vblNtqHvkiVhuK42jXWCesZoOR3-0vdmtGGoawrgeGbyVIaAox6EALw_wcB" "Mozilla/5.0 (Linux; Android 10; K) AppleWebKit/537.36 (KHTML, like Gecko) Chrome/148.0.0.0 Mobile Safari/537.36"
151.18.83.57 - - [10/Jun/2026:14:33:15 +0200] "GET /assistenza-frigoriferi HTTP/2.0" 301 1 "https://parma.elettroservicegroup.it/?gad_source=1&gad_campaignid=23795906066&gclid=Cj0KCQjwlqTRBhCBARIsANrkrxgDjwmd2vblNtqHvkiVhuK42jXWCesZoOR3-0vdmtGGoawrgeGbyVIaAox6EALw_wcB" "Mozilla/5.0 (Linux; Android 10; K) AppleWebKit/537.36 (KHTML, like Gecko) Chrome/148.0.0.0 Mobile Safari/537.36"
151.18.83.57 - - [10/Jun/2026:14:33:16 +0200] "GET /wp-content/uploads/2021/10/TECNICO-FRIGO-2.jpg HTTP/2.0" 200 45005 "https://parma.elettroservicegroup.it/?gad_source=1&gad_campaignid=23795906066&gclid=Cj0KCQjwlqTRBhCBARIsANrkrxgDjwmd2vblNtqHvkiVhuK42jXWCesZoOR3-0vdmtGGoawrgeGbyVIaAox6EALw_wcB" "Mozilla/5.0 (Linux; Android 10; K) AppleWebKit/537.36 (KHTML, like Gecko) Chrome/148.0.0.0 Mobile Safari/537.36"
151.18.83.57 - - [10/Jun/2026:14:33:16 +0200] "GET /assistenza-frigoriferi/ HTTP/2.0" 200 20691 "https://parma.elettroservicegroup.it/?gad_source=1&gad_campaignid=23795906066&gclid=Cj0KCQjwlqTRBhCBARIsANrkrxgDjwmd2vblNtqHvkiVhuK42jXWCesZoOR3-0vdmtGGoawrgeGbyVIaAox6EALw_wcB" "Mozilla/5.0 (Linux; Android 10; K) AppleWebKit/537.36 (KHTML, like Gecko) Chrome/148.0.0.0 Mobile Safari/537.36"
151.18.83.57 - - [10/Jun/2026:14:33:24 +0200] "POST /wp-content/plugins/burst-statistics/endpoint.php HTTP/2.0" 200 1 "https://parma.elettroservicegroup.it/?gad_source=1&gad_campaignid=23795906066&gclid=Cj0KCQjwlqTRBhCBARIsANrkrxgDjwmd2vblNtqHvkiVhuK42jXWCesZoOR3-0vdmtGGoawrgeGbyVIaAox6EALw_wcB" "Mozilla/5.0 (Linux; Android 10; K) AppleWebKit/537.36 (KHTML, like Gecko) Chrome/148.0.0.0 Mobile Safari/537.36"
65.108.235.243 - - [10/Jun/2026:14:35:55 +0200] "POST /wp-cron.php?doing_wp_cron=1781094955.9165689945220947265625 HTTP/1.1" 200 1 "-" "WordPress/7.0; https://parma.elettroservicegroup.it"
52.167.144.204 - - [10/Jun/2026:14:35:51 +0200] "GET /sitemap.rss HTTP/2.0" 200 1351 "-" "Mozilla/5.0 AppleWebKit/537.36 (KHTML, like Gecko; compatible; bingbot/2.0; +http://www.bing.com/bingbot.htm) Chrome/116.0.1938.76 Safari/537.36"
65.108.235.243 - - [10/Jun/2026:14:41:40 +0200] "POST /wp-cron.php?doing_wp_cron=1781095300.7220690250396728515625 HTTP/1.1" 200 1 "-" "WordPress/7.0; https://parma.elettroservicegroup.it"
216.73.217.89 - - [10/Jun/2026:14:41:33 +0200] "GET /robots.txt HTTP/2.0" 200 104 "-" "Mozilla/5.0 AppleWebKit/537.36 (KHTML, like Gecko; compatible; ClaudeBot/1.0; +claudebot@anthropic.com)"
65.108.235.243 - - [10/Jun/2026:14:42:23 +0200] "POST /wp-cron.php?doing_wp_cron=1781095343.4230020046234130859375 HTTP/1.1" 200 1 "-" "WordPress/7.0; https://parma.elettroservicegroup.it"
216.73.217.89 - - [10/Jun/2026:14:42:21 +0200] "GET /sitemap.rss HTTP/2.0" 200 1349 "-" "Mozilla/5.0 AppleWebKit/537.36 (KHTML, like Gecko; compatible; ClaudeBot/1.0; +claudebot@anthropic.com)"
65.108.235.243 - - [10/Jun/2026:14:42:28 +0200] "POST /wp-cron.php?doing_wp_cron=1781095348.3233039379119873046875 HTTP/1.1" 200 1 "-" "WordPress/7.0; https://parma.elettroservicegroup.it"
151.18.83.57 - - [10/Jun/2026:14:42:27 +0200] "GET /?gad_source=1&gad_campaignid=23795906066&gclid=Cj0KCQjwlqTRBhCBARIsANrkrxiIlnK4pQUoNhuI6xFwcQX5hz7pwCH8dg6qB079I-rb1rOPHkELvXQaAoiXEALw_wcB HTTP/2.0" 200 22420 "https://www.google.com/" "Mozilla/5.0 (Linux; Android 10; K) AppleWebKit/537.36 (KHTML, like Gecko) Chrome/148.0.0.0 Mobile Safari/537.36"
151.18.83.57 - - [10/Jun/2026:14:42:28 +0200] "POST /wp-content/plugins/burst-statistics/endpoint.php HTTP/2.0" 200 1 "https://parma.elettroservicegroup.it/?gad_source=1&gad_campaignid=23795906066&gclid=Cj0KCQjwlqTRBhCBARIsANrkrxiIlnK4pQUoNhuI6xFwcQX5hz7pwCH8dg6qB079I-rb1rOPHkELvXQaAoiXEALw_wcB" "Mozilla/5.0 (Linux; Android 10; K) AppleWebKit/537.36 (KHTML, like Gecko) Chrome/148.0.0.0 Mobile Safari/537.36"
151.18.83.57 - - [10/Jun/2026:14:42:28 +0200] "GET /wp-json/complianz/v1/banner?lang=it&locale=it_IT&token=ahxbs HTTP/2.0" 200 84 "https://parma.elettroservicegroup.it/?gad_source=1&gad_campaignid=23795906066&gclid=Cj0KCQjwlqTRBhCBARIsANrkrxiIlnK4pQUoNhuI6xFwcQX5hz7pwCH8dg6qB079I-rb1rOPHkELvXQaAoiXEALw_wcB" "Mozilla/5.0 (Linux; Android 10; K) AppleWebKit/537.36 (KHTML, like Gecko) Chrome/148.0.0.0 Mobile Safari/537.36"
151.18.83.57 - - [10/Jun/2026:14:42:29 +0200] "POST /wp-content/plugins/burst-statistics/endpoint.php HTTP/2.0" 200 1 "https://parma.elettroservicegroup.it/?gad_source=1&gad_campaignid=23795906066&gclid=Cj0KCQjwlqTRBhCBARIsANrkrxiIlnK4pQUoNhuI6xFwcQX5hz7pwCH8dg6qB079I-rb1rOPHkELvXQaAoiXEALw_wcB" "Mozilla/5.0 (Linux; Android 10; K) AppleWebKit/537.36 (KHTML, like Gecko) Chrome/148.0.0.0 Mobile Safari/537.36"
151.18.83.57 - - [10/Jun/2026:14:42:29 +0200] "GET /wp-json/complianz/v1/cookie_data HTTP/2.0" 200 81 "https://parma.elettroservicegroup.it/?gad_source=1&gad_campaignid=23795906066&gclid=Cj0KCQjwlqTRBhCBARIsANrkrxiIlnK4pQUoNhuI6xFwcQX5hz7pwCH8dg6qB079I-rb1rOPHkELvXQaAoiXEALw_wcB" "Mozilla/5.0 (Linux; Android 10; K) AppleWebKit/537.36 (KHTML, like Gecko) Chrome/148.0.0.0 Mobile Safari/537.36"
151.18.83.57 - - [10/Jun/2026:14:42:43 +0200] "POST /wp-content/plugins/burst-statistics/endpoint.php HTTP/2.0" 200 1 "https://parma.elettroservicegroup.it/?gad_source=1&gad_campaignid=23795906066&gclid=Cj0KCQjwlqTRBhCBARIsANrkrxiIlnK4pQUoNhuI6xFwcQX5hz7pwCH8dg6qB079I-rb1rOPHkELvXQaAoiXEALw_wcB" "Mozilla/5.0 (Linux; Android 10; K) AppleWebKit/537.36 (KHTML, like Gecko) Chrome/148.0.0.0 Mobile Safari/537.36"
65.108.235.243 - - [10/Jun/2026:14:44:44 +0200] "POST /wp-cron.php?doing_wp_cron=1781095484.7545759677886962890625 HTTP/1.1" 200 1 "-" "WordPress/7.0; https://parma.elettroservicegroup.it"
151.18.83.57 - - [10/Jun/2026:14:44:37 +0200] "GET /?gad_source=1&gad_campaignid=23795906066&gclid=Cj0KCQjwlqTRBhCBARIsANrkrxjsKeHF3F3_-Jv7_nGn1-kqI8-KvqIrosXsj-i4ZI2Z1JKjwjrCpZIaAlOQEALw_wcB HTTP/2.0" 200 - "https://www.google.com/" "Mozilla/5.0 (Linux; Android 10; K) AppleWebKit/537.36 (KHTML, like Gecko) Chrome/148.0.0.0 Mobile Safari/537.36"
65.108.235.243 - - [10/Jun/2026:15:11:09 +0200] "POST /wp-cron.php?doing_wp_cron=1781097069.4337189197540283203125 HTTP/1.1" 200 1 "-" "WordPress/7.0; https://parma.elettroservicegroup.it"
66.249.64.69 - - [10/Jun/2026:15:11:00 +0200] "GET /robots.txt HTTP/1.1" 200 104 "-" "Mozilla/5.0 (compatible; Googlebot/2.1; +http://www.google.com/bot.html)"
66.249.89.133 - - [10/Jun/2026:15:11:10 +0200] "GET /assistenza-candy-parma/ HTTP/1.1" 200 22624 "-" "Mozilla/5.0 (Linux; Android 6.0.1; Nexus 5X Build/MMB29P) AppleWebKit/537.36 (KHTML, like Gecko) Chrome/148.0.7778.96 Mobile Safari/537.36 (compatible; AdsBot-Google-Mobile; +http://www.google.com/mobile/adsbot.html)"
66.249.89.133 - - [10/Jun/2026:15:11:17 +0200] "GET /wp-content/uploads/elementor/css/post-17278.css?ver=1781074158 HTTP/1.1" 200 2143 "https://parma.elettroservicegroup.it/assistenza-candy-parma/" "AdsBot-Google (+http://www.google.com/adsbot.html)"
66.249.89.133 - - [10/Jun/2026:15:11:17 +0200] "GET /wp-content/plugins/gp-premium/menu-plus/functions/js/sticky.min.js?ver=2.5.5 HTTP/1.1" 200 2670 "https://parma.elettroservicegroup.it/assistenza-candy-parma/" "AdsBot-Google (+http://www.google.com/adsbot.html)"
66.249.89.133 - - [10/Jun/2026:15:11:17 +0200] "GET /wp-content/plugins/elementor/assets/css/widget-social-icons.min.css?ver=3.24.0 HTTP/1.1" 200 1039 "https://parma.elettroservicegroup.it/assistenza-candy-parma/" "AdsBot-Google (+http://www.google.com/adsbot.html)"
66.249.89.133 - - [10/Jun/2026:15:11:17 +0200] "GET /wp-content/plugins/all-in-one-seo-pack/dist/Lite/assets/css/table-of-contents/global.e90f6d47.css?ver=4.9.7.2 HTTP/1.1" 200 420 "https://parma.elettroservicegroup.it/assistenza-candy-parma/" "AdsBot-Google (+http://www.google.com/adsbot.html)"
66.249.89.133 - - [10/Jun/2026:15:11:18 +0200] "GET /wp-content/plugins/elementor/assets/lib/font-awesome/css/solid.min.css?ver=5.15.3 HTTP/1.1" 200 286 "https://parma.elettroservicegroup.it/assistenza-candy-parma/" "AdsBot-Google (+http://www.google.com/adsbot.html)"
66.249.89.133 - - [10/Jun/2026:15:11:19 +0200] "GET /wp-content/uploads/elementor/google-fonts/css/robotoslab.css?ver=1742280362 HTTP/1.1" 200 715 "https://parma.elettroservicegroup.it/assistenza-candy-parma/" "AdsBot-Google (+http://www.google.com/adsbot.html)"
66.249.89.133 - - [10/Jun/2026:15:11:20 +0200] "GET /wp-content/plugins/elementor/assets/lib/font-awesome/css/fontawesome.min.css?ver=5.15.3 HTTP/1.1" 200 12179 "https://parma.elettroservicegroup.it/assistenza-candy-parma/" "AdsBot-Google (+http://www.google.com/adsbot.html)"
66.249.89.133 - - [10/Jun/2026:15:11:21 +0200] "GET /wp-content/plugins/complianz-gdpr-premium/assets/css/cookieblocker.min.css?ver=1780326315 HTTP/1.1" 200 615 "https://parma.elettroservicegroup.it/assistenza-candy-parma/" "AdsBot-Google (+http://www.google.com/adsbot.html)"
66.249.89.133 - - [10/Jun/2026:15:11:21 +0200] "GET /wp-includes/js/jquery/jquery.min.js?ver=3.7.1 HTTP/1.1" 200 29769 "https://parma.elettroservicegroup.it/assistenza-candy-parma/" "AdsBot-Google (+http://www.google.com/adsbot.html)"
66.249.89.133 - - [10/Jun/2026:15:11:22 +0200] "GET /wp-content/plugins/gp-premium/menu-plus/functions/css/navigation-branding-flex.min.css?ver=2.5.5 HTTP/1.1" 200 542 "https://parma.elettroservicegroup.it/assistenza-candy-parma/" "AdsBot-Google (+http://www.google.com/adsbot.html)"
66.249.89.133 - - [10/Jun/2026:15:11:23 +0200] "GET /wp-content/plugins/elementor/assets/lib/font-awesome/css/regular.min.css?ver=5.15.3 HTTP/1.1" 200 282 "https://parma.elettroservicegroup.it/assistenza-candy-parma/" "AdsBot-Google (+http://www.google.com/adsbot.html)"
66.249.89.133 - - [10/Jun/2026:15:11:24 +0200] "GET /wp-content/plugins/elementor/assets/lib/eicons/css/elementor-icons.min.css?ver=5.34.0 HTTP/1.1" 200 4115 "https://parma.elettroservicegroup.it/assistenza-candy-parma/" "AdsBot-Google (+http://www.google.com/adsbot.html)"
66.249.89.133 - - [10/Jun/2026:15:11:25 +0200] "GET /wp-content/plugins/elementor/assets/css/widget-icon-list.min.css?ver=3.24.3 HTTP/1.1" 200 928 "https://parma.elettroservicegroup.it/assistenza-candy-parma/" "AdsBot-Google (+http://www.google.com/adsbot.html)"
66.249.89.133 - - [10/Jun/2026:15:11:25 +0200] "GET /wp-content/plugins/elementor/assets/lib/font-awesome/css/brands.css?ver=5.15.3 HTTP/1.1" 200 298 "https://parma.elettroservicegroup.it/assistenza-candy-parma/" "AdsBot-Google (+http://www.google.com/adsbot.html)"
66.249.89.133 - - [10/Jun/2026:15:11:26 +0200] "GET /wp-content/plugins/header-footer-elementor/assets/css/header-footer-elementor.css?ver=2.8.8 HTTP/1.1" 200 260 "https://parma.elettroservicegroup.it/assistenza-candy-parma/" "AdsBot-Google (+http://www.google.com/adsbot.html)"
66.249.89.133 - - [10/Jun/2026:15:11:27 +0200] "GET /wp-content/themes/generatepress/assets/css/main.min.css?ver=3.6.1 HTTP/1.1" 200 4410 "https://parma.elettroservicegroup.it/assistenza-candy-parma/" "AdsBot-Google (+http://www.google.com/adsbot.html)"
66.249.89.133 - - [10/Jun/2026:15:11:28 +0200] "GET /wp-content/plugins/header-footer-elementor/inc/widgets-css/frontend.css?ver=2.8.8 HTTP/1.1" 200 8711 "https://parma.elettroservicegroup.it/assistenza-candy-parma/" "AdsBot-Google (+http://www.google.com/adsbot.html)"
66.249.89.133 - - [10/Jun/2026:15:11:28 +0200] "GET /wp-content/uploads/elementor/google-fonts/css/roboto.css?ver=1742280360 HTTP/1.1" 200 1880 "https://parma.elettroservicegroup.it/assistenza-candy-parma/" "AdsBot-Google (+http://www.google.com/adsbot.html)"
66.249.89.133 - - [10/Jun/2026:15:11:29 +0200] "GET /wp-includes/js/jquery/ui/core.min.js?ver=1.13.3 HTTP/1.1" 200 6820 "https://parma.elettroservicegroup.it/assistenza-candy-parma/" "AdsBot-Google (+http://www.google.com/adsbot.html)"
66.249.89.133 - - [10/Jun/2026:15:11:30 +0200] "GET /wp-content/plugins/elementor/assets/lib/eicons/css/elementor-icons.min.css?ver=5.49.0 HTTP/1.1" 200 4115 "https://parma.elettroservicegroup.it/assistenza-candy-parma/" "AdsBot-Google (+http://www.google.com/adsbot.html)"
66.249.89.133 - - [10/Jun/2026:15:11:31 +0200] "GET /wp-content/plugins/elementor/assets/lib/font-awesome/css/solid.css?ver=5.15.3 HTTP/1.1" 200 299 "https://parma.elettroservicegroup.it/assistenza-candy-parma/" "AdsBot-Google (+http://www.google.com/adsbot.html)"
66.249.89.133 - - [10/Jun/2026:15:11:31 +0200] "GET /wp-includes/js/jquery/jquery-migrate.min.js?ver=3.4.1 HTTP/1.1" 200 4685 "https://parma.elettroservicegroup.it/assistenza-candy-parma/" "AdsBot-Google (+http://www.google.com/adsbot.html)"
66.249.89.133 - - [10/Jun/2026:15:11:32 +0200] "GET /wp-content/plugins/elementor/assets/lib/font-awesome/css/fontawesome.css?ver=5.15.3 HTTP/1.1" 200 12535 "https://parma.elettroservicegroup.it/assistenza-candy-parma/" "AdsBot-Google (+http://www.google.com/adsbot.html)"
66.249.89.133 - - [10/Jun/2026:15:11:33 +0200] "GET /wp-content/themes/generatepress/assets/js/menu.min.js?ver=3.6.1 HTTP/1.1" 200 1688 "https://parma.elettroservicegroup.it/assistenza-candy-parma/" "AdsBot-Google (+http://www.google.com/adsbot.html)"
66.249.89.133 - - [10/Jun/2026:15:11:36 +0200] "GET /wp-content/themes/generatepress/assets/js/back-to-top.min.js?ver=3.6.1 HTTP/1.1" 200 336 "https://parma.elettroservicegroup.it/assistenza-candy-parma/" "AdsBot-Google (+http://www.google.com/adsbot.html)"
66.249.89.133 - - [10/Jun/2026:15:11:36 +0200] "GET /wp-content/plugins/burst-statistics/assets/js/timeme/timeme.min.js?ver=1780499187 HTTP/1.1" 200 1835 "https://parma.elettroservicegroup.it/assistenza-candy-parma/" "AdsBot-Google (+http://www.google.com/adsbot.html)"
66.249.89.133 - - [10/Jun/2026:15:11:37 +0200] "GET /wp-content/plugins/complianz-gdpr-premium/cookiebanner/js/complianz.min.js?ver=1780326315 HTTP/1.1" 200 10708 "https://parma.elettroservicegroup.it/assistenza-candy-parma/" "AdsBot-Google (+http://www.google.com/adsbot.html)"
66.249.89.133 - - [10/Jun/2026:15:11:38 +0200] "GET /wp-content/uploads/burst/js/burst.min.js?ver=1781085631 HTTP/1.1" 200 3381 "https://parma.elettroservicegroup.it/assistenza-candy-parma/" "AdsBot-Google (+http://www.google.com/adsbot.html)"
66.249.89.135 - - [10/Jun/2026:15:12:02 +0200] "GET /wp-content/plugins/elementor/assets/lib/font-awesome/webfonts/fa-regular-400.woff2 HTTP/1.1" 200 13277 "https://parma.elettroservicegroup.it/wp-content/plugins/elementor/assets/lib/font-awesome/css/all.min.css?ver=4.1.2" "AdsBot-Google (+http://www.google.com/adsbot.html)"
66.249.89.133 - - [10/Jun/2026:15:12:02 +0200] "GET /wp-content/plugins/elementor/assets/lib/font-awesome/webfonts/fa-solid-900.woff2 HTTP/1.1" 200 78201 "https://parma.elettroservicegroup.it/wp-content/plugins/elementor/assets/lib/font-awesome/css/all.min.css?ver=4.1.2" "AdsBot-Google (+http://www.google.com/adsbot.html)"
66.249.89.134 - - [10/Jun/2026:15:12:03 +0200] "GET /wp-content/uploads/elementor/google-fonts/fonts/roboto-kfo7cnqeu92fr1me7ksn66agldtyluama3yuba.woff2 HTTP/1.1" 200 40132 "https://parma.elettroservicegroup.it/wp-content/uploads/elementor/google-fonts/css/roboto.css?ver=1742280360" "AdsBot-Google (+http://www.google.com/adsbot.html)"
65.108.235.243 - - [10/Jun/2026:15:12:05 +0200] "POST /wp-cron.php?doing_wp_cron=1781097125.1451361179351806640625 HTTP/1.1" 200 1 "-" "WordPress/7.0; https://parma.elettroservicegroup.it"
66.249.89.134 - - [10/Jun/2026:15:12:03 +0200] "GET /wp-json/complianz/v1/banner?lang=it&locale=it_IT&token=npmll HTTP/1.1" 200 84 "https://parma.elettroservicegroup.it/assistenza-candy-parma/" "AdsBot-Google (+http://www.google.com/adsbot.html)"
66.249.89.133 - - [10/Jun/2026:15:12:05 +0200] "GET /wp-content/uploads/complianz/css/banner-1-optin.css?v=46 HTTP/1.1" 200 2617 "https://parma.elettroservicegroup.it/assistenza-candy-parma/" "AdsBot-Google (+http://www.google.com/adsbot.html)"
66.249.89.133 - - [10/Jun/2026:15:12:05 +0200] "GET /wp-json/complianz/v1/cookie_data HTTP/1.1" 200 81 "https://parma.elettroservicegroup.it/assistenza-candy-parma/" "AdsBot-Google (+http://www.google.com/adsbot.html)"
66.249.89.134 - - [10/Jun/2026:15:12:08 +0200] "GET /wp-content/plugins/elementor/assets/js/section-frontend-handlers.d85ab872da118940910d.bundle.min.js HTTP/1.1" 200 230 "https://parma.elettroservicegroup.it/assistenza-candy-parma/" "AdsBot-Google (+http://www.google.com/adsbot.html)"
66.249.89.134 - - [10/Jun/2026:15:12:08 +0200] "GET /wp-content/plugins/elementor/assets/js/shared-frontend-handlers.03caa53373b56d3bab67.bundle.min.js HTTP/1.1" 200 2515 "https://parma.elettroservicegroup.it/assistenza-candy-parma/" "AdsBot-Google (+http://www.google.com/adsbot.html)"
