66.249.89.133 - - [10/Jun/2026:15:12:08 +0200] "GET /wp-content/plugins/elementor/assets/js/text-editor.45609661e409413f1cef.bundle.min.js HTTP/1.1" 200 592 "https://parma.elettroservicegroup.it/assistenza-candy-parma/" "AdsBot-Google (+http://www.google.com/adsbot.html)"
65.108.235.243 - - [10/Jun/2026:15:15:07 +0200] "POST /wp-cron.php?doing_wp_cron=1781097307.2330579757690429687500 HTTP/1.1" 200 1 "-" "WordPress/7.0; https://parma.elettroservicegroup.it"
66.249.89.133 - - [10/Jun/2026:15:15:02 +0200] "GET /assistenza-whirlpool-fidenza/ HTTP/1.1" 200 22750 "-" "Mozilla/5.0 (Linux; Android 6.0.1; Nexus 5X Build/MMB29P) AppleWebKit/537.36 (KHTML, like Gecko) Chrome/148.0.7778.96 Mobile Safari/537.36 (compatible; AdsBot-Google-Mobile; +http://www.google.com/mobile/adsbot.html)"
66.249.89.133 - - [10/Jun/2026:15:15:14 +0200] "GET /wp-content/uploads/elementor/css/post-14146.css?ver=1781017914 HTTP/1.1" 200 428 "https://parma.elettroservicegroup.it/assistenza-whirlpool-fidenza/" "AdsBot-Google (+http://www.google.com/adsbot.html)"
66.249.89.134 - - [10/Jun/2026:15:15:14 +0200] "GET /wp-content/plugins/elementor/assets/css/widget-spacer.min.css?ver=4.1.2 HTTP/1.1" 200 287 "https://parma.elettroservicegroup.it/assistenza-whirlpool-fidenza/" "AdsBot-Google (+http://www.google.com/adsbot.html)"
66.249.89.134 - - [10/Jun/2026:15:15:14 +0200] "GET /wp-content/plugins/elementor/assets/lib/animations/styles/bounceIn.min.css?ver=4.1.2 HTTP/1.1" 200 186 "https://parma.elettroservicegroup.it/assistenza-whirlpool-fidenza/" "AdsBot-Google (+http://www.google.com/adsbot.html)"
66.249.89.133 - - [10/Jun/2026:15:15:14 +0200] "GET /wp-content/plugins/elementor/assets/css/widget-heading.min.css?ver=4.1.2 HTTP/1.1" 200 127 "https://parma.elettroservicegroup.it/assistenza-whirlpool-fidenza/" "AdsBot-Google (+http://www.google.com/adsbot.html)"
66.249.89.134 - - [10/Jun/2026:15:15:15 +0200] "GET /wp-content/plugins/elementor/assets/lib/font-awesome/css/v4-shims.min.css?ver=4.1.2 HTTP/1.1" 200 3986 "https://parma.elettroservicegroup.it/assistenza-whirlpool-fidenza/" "AdsBot-Google (+http://www.google.com/adsbot.html)"
66.249.89.134 - - [10/Jun/2026:15:15:16 +0200] "GET /wp-content/plugins/elementor/assets/css/frontend.min.css?ver=4.1.2 HTTP/1.1" 200 6618 "https://parma.elettroservicegroup.it/assistenza-whirlpool-fidenza/" "AdsBot-Google (+http://www.google.com/adsbot.html)"
66.249.89.133 - - [10/Jun/2026:15:15:16 +0200] "GET /wp-content/uploads/elementor/css/post-17367.css?ver=1781067925 HTTP/1.1" 200 2162 "https://parma.elettroservicegroup.it/assistenza-whirlpool-fidenza/" "AdsBot-Google (+http://www.google.com/adsbot.html)"
66.249.89.134 - - [10/Jun/2026:15:15:17 +0200] "GET /wp-content/plugins/elementor/assets/lib/animations/styles/zoomIn.min.css?ver=4.1.2 HTTP/1.1" 200 87 "https://parma.elettroservicegroup.it/assistenza-whirlpool-fidenza/" "AdsBot-Google (+http://www.google.com/adsbot.html)"
66.249.89.133 - - [10/Jun/2026:15:15:17 +0200] "GET /wp-content/plugins/elementor/assets/lib/font-awesome/css/all.min.css?ver=4.1.2 HTTP/1.1" 200 12402 "https://parma.elettroservicegroup.it/assistenza-whirlpool-fidenza/" "AdsBot-Google (+http://www.google.com/adsbot.html)"
66.249.89.133 - - [10/Jun/2026:15:15:17 +0200] "GET /wp-content/plugins/elementor/assets/css/widget-image.min.css?ver=4.1.2 HTTP/1.1" 200 96 "https://parma.elettroservicegroup.it/assistenza-whirlpool-fidenza/" "AdsBot-Google (+http://www.google.com/adsbot.html)"
66.249.89.134 - - [10/Jun/2026:15:15:17 +0200] "GET /wp-content/uploads/elementor/css/post-14366.css?ver=1781017914 HTTP/1.1" 200 302 "https://parma.elettroservicegroup.it/assistenza-whirlpool-fidenza/" "AdsBot-Google (+http://www.google.com/adsbot.html)"
66.249.89.133 - - [10/Jun/2026:15:15:18 +0200] "GET /wp-content/plugins/elementor/assets/lib/font-awesome/js/v4-shims.min.js?ver=4.1.2 HTTP/1.1" 200 4043 "https://parma.elettroservicegroup.it/assistenza-whirlpool-fidenza/" "AdsBot-Google (+http://www.google.com/adsbot.html)"
66.249.89.133 - - [10/Jun/2026:15:15:18 +0200] "GET /wp-content/plugins/elementor/assets/js/webpack.runtime.min.js?ver=4.1.2 HTTP/1.1" 200 2340 "https://parma.elettroservicegroup.it/assistenza-whirlpool-fidenza/" "AdsBot-Google (+http://www.google.com/adsbot.html)"
66.249.89.133 - - [10/Jun/2026:15:15:18 +0200] "GET /wp-content/plugins/complianz-gdpr-premium/assets/css/cookieblocker.min.css?ver=1780326315 HTTP/1.1" 200 615 "https://parma.elettroservicegroup.it/assistenza-whirlpool-fidenza/" "AdsBot-Google (+http://www.google.com/adsbot.html)"
66.249.89.133 - - [10/Jun/2026:15:15:18 +0200] "GET /wp-content/plugins/elementor/assets/lib/font-awesome/css/solid.min.css?ver=5.15.3 HTTP/1.1" 200 286 "https://parma.elettroservicegroup.it/assistenza-whirlpool-fidenza/" "AdsBot-Google (+http://www.google.com/adsbot.html)"
66.249.89.133 - - [10/Jun/2026:15:15:19 +0200] "GET /wp-content/uploads/elementor/google-fonts/css/robotoslab.css?ver=1742280362 HTTP/1.1" 200 715 "https://parma.elettroservicegroup.it/assistenza-whirlpool-fidenza/" "AdsBot-Google (+http://www.google.com/adsbot.html)"
66.249.89.133 - - [10/Jun/2026:15:15:19 +0200] "GET /wp-content/plugins/elementor/assets/lib/font-awesome/css/fontawesome.css?ver=5.15.3 HTTP/1.1" 200 12535 "https://parma.elettroservicegroup.it/assistenza-whirlpool-fidenza/" "AdsBot-Google (+http://www.google.com/adsbot.html)"
66.249.89.133 - - [10/Jun/2026:15:15:19 +0200] "GET /wp-content/plugins/header-footer-elementor/inc/widgets-css/frontend.css?ver=2.8.8 HTTP/1.1" 200 8711 "https://parma.elettroservicegroup.it/assistenza-whirlpool-fidenza/" "AdsBot-Google (+http://www.google.com/adsbot.html)"
66.249.89.133 - - [10/Jun/2026:15:15:19 +0200] "GET /wp-content/themes/generatepress/assets/css/main.min.css?ver=3.6.1 HTTP/1.1" 200 4410 "https://parma.elettroservicegroup.it/assistenza-whirlpool-fidenza/" "AdsBot-Google (+http://www.google.com/adsbot.html)"
66.249.89.133 - - [10/Jun/2026:15:15:20 +0200] "GET /wp-content/plugins/elementor/assets/lib/font-awesome/css/fontawesome.min.css?ver=5.15.3 HTTP/1.1" 200 12179 "https://parma.elettroservicegroup.it/assistenza-whirlpool-fidenza/" "AdsBot-Google (+http://www.google.com/adsbot.html)"
66.249.89.133 - - [10/Jun/2026:15:15:20 +0200] "GET /wp-content/plugins/elementor/assets/css/widget-icon-list.min.css?ver=3.24.3 HTTP/1.1" 200 928 "https://parma.elettroservicegroup.it/assistenza-whirlpool-fidenza/" "AdsBot-Google (+http://www.google.com/adsbot.html)"
66.249.89.133 - - [10/Jun/2026:15:15:20 +0200] "GET /wp-content/plugins/elementor/assets/lib/font-awesome/css/brands.css?ver=5.15.3 HTTP/1.1" 200 298 "https://parma.elettroservicegroup.it/assistenza-whirlpool-fidenza/" "AdsBot-Google (+http://www.google.com/adsbot.html)"
66.249.89.133 - - [10/Jun/2026:15:15:21 +0200] "GET /wp-content/plugins/header-footer-elementor/assets/css/header-footer-elementor.css?ver=2.8.8 HTTP/1.1" 200 260 "https://parma.elettroservicegroup.it/assistenza-whirlpool-fidenza/" "AdsBot-Google (+http://www.google.com/adsbot.html)"
66.249.89.133 - - [10/Jun/2026:15:15:21 +0200] "GET /wp-includes/js/jquery/jquery.min.js?ver=3.7.1 HTTP/1.1" 200 29769 "https://parma.elettroservicegroup.it/assistenza-whirlpool-fidenza/" "AdsBot-Google (+http://www.google.com/adsbot.html)"
66.249.89.133 - - [10/Jun/2026:15:15:21 +0200] "GET /wp-content/plugins/all-in-one-seo-pack/dist/Lite/assets/css/table-of-contents/global.e90f6d47.css?ver=4.9.7.2 HTTP/1.1" 200 420 "https://parma.elettroservicegroup.it/assistenza-whirlpool-fidenza/" "AdsBot-Google (+http://www.google.com/adsbot.html)"
66.249.89.133 - - [10/Jun/2026:15:15:21 +0200] "GET /wp-content/plugins/elementor/assets/lib/font-awesome/css/regular.min.css?ver=5.15.3 HTTP/1.1" 200 282 "https://parma.elettroservicegroup.it/assistenza-whirlpool-fidenza/" "AdsBot-Google (+http://www.google.com/adsbot.html)"
66.249.89.133 - - [10/Jun/2026:15:15:22 +0200] "GET /wp-content/plugins/gp-premium/menu-plus/functions/js/sticky.min.js?ver=2.5.5 HTTP/1.1" 200 2670 "https://parma.elettroservicegroup.it/assistenza-whirlpool-fidenza/" "AdsBot-Google (+http://www.google.com/adsbot.html)"
66.249.89.133 - - [10/Jun/2026:15:15:22 +0200] "GET /wp-includes/js/jquery/jquery-migrate.min.js?ver=3.4.1 HTTP/1.1" 200 4685 "https://parma.elettroservicegroup.it/assistenza-whirlpool-fidenza/" "AdsBot-Google (+http://www.google.com/adsbot.html)"
66.249.89.133 - - [10/Jun/2026:15:15:22 +0200] "GET /wp-content/plugins/elementor/assets/css/widget-social-icons.min.css?ver=3.24.0 HTTP/1.1" 200 1039 "https://parma.elettroservicegroup.it/assistenza-whirlpool-fidenza/" "AdsBot-Google (+http://www.google.com/adsbot.html)"
66.249.89.133 - - [10/Jun/2026:15:15:22 +0200] "GET /wp-content/uploads/elementor/google-fonts/css/roboto.css?ver=1742280360 HTTP/1.1" 200 1880 "https://parma.elettroservicegroup.it/assistenza-whirlpool-fidenza/" "AdsBot-Google (+http://www.google.com/adsbot.html)"
66.249.89.133 - - [10/Jun/2026:15:15:23 +0200] "GET /wp-content/plugins/elementor/assets/lib/font-awesome/css/solid.css?ver=5.15.3 HTTP/1.1" 200 299 "https://parma.elettroservicegroup.it/assistenza-whirlpool-fidenza/" "AdsBot-Google (+http://www.google.com/adsbot.html)"
66.249.89.133 - - [10/Jun/2026:15:15:23 +0200] "GET /wp-content/plugins/elementor/assets/lib/eicons/css/elementor-icons.min.css?ver=5.49.0 HTTP/1.1" 200 4115 "https://parma.elettroservicegroup.it/assistenza-whirlpool-fidenza/" "AdsBot-Google (+http://www.google.com/adsbot.html)"
66.249.89.133 - - [10/Jun/2026:15:15:23 +0200] "GET /wp-content/plugins/gp-premium/menu-plus/functions/css/navigation-branding-flex.min.css?ver=2.5.5 HTTP/1.1" 200 542 "https://parma.elettroservicegroup.it/assistenza-whirlpool-fidenza/" "AdsBot-Google (+http://www.google.com/adsbot.html)"
66.249.89.133 - - [10/Jun/2026:15:15:24 +0200] "GET /wp-content/plugins/elementor/assets/lib/eicons/css/elementor-icons.min.css?ver=5.34.0 HTTP/1.1" 200 4115 "https://parma.elettroservicegroup.it/assistenza-whirlpool-fidenza/" "AdsBot-Google (+http://www.google.com/adsbot.html)"
66.249.89.133 - - [10/Jun/2026:15:15:26 +0200] "GET /wp-content/plugins/elementor/assets/js/frontend-modules.min.js?ver=4.1.2 HTTP/1.1" 200 15454 "https://parma.elettroservicegroup.it/assistenza-whirlpool-fidenza/" "AdsBot-Google (+http://www.google.com/adsbot.html)"
66.249.89.133 - - [10/Jun/2026:15:15:26 +0200] "GET /wp-includes/js/jquery/ui/core.min.js?ver=1.13.3 HTTP/1.1" 200 6820 "https://parma.elettroservicegroup.it/assistenza-whirlpool-fidenza/" "AdsBot-Google (+http://www.google.com/adsbot.html)"
66.249.89.133 - - [10/Jun/2026:15:15:27 +0200] "GET /wp-content/plugins/elementor/assets/js/frontend.min.js?ver=4.1.2 HTTP/1.1" 200 10140 "https://parma.elettroservicegroup.it/assistenza-whirlpool-fidenza/" "AdsBot-Google (+http://www.google.com/adsbot.html)"
66.249.89.133 - - [10/Jun/2026:15:15:27 +0200] "GET /wp-content/uploads/burst/js/burst.min.js?ver=1781085631 HTTP/1.1" 200 3381 "https://parma.elettroservicegroup.it/assistenza-whirlpool-fidenza/" "AdsBot-Google (+http://www.google.com/adsbot.html)"
66.249.89.133 - - [10/Jun/2026:15:15:27 +0200] "GET /wp-content/themes/generatepress/assets/js/back-to-top.min.js?ver=3.6.1 HTTP/1.1" 200 336 "https://parma.elettroservicegroup.it/assistenza-whirlpool-fidenza/" "AdsBot-Google (+http://www.google.com/adsbot.html)"
66.249.89.133 - - [10/Jun/2026:15:15:27 +0200] "GET /wp-content/plugins/burst-statistics/assets/js/timeme/timeme.min.js?ver=1780499187 HTTP/1.1" 200 1835 "https://parma.elettroservicegroup.it/assistenza-whirlpool-fidenza/" "AdsBot-Google (+http://www.google.com/adsbot.html)"
66.249.89.133 - - [10/Jun/2026:15:15:28 +0200] "GET /wp-content/themes/generatepress/assets/js/menu.min.js?ver=3.6.1 HTTP/1.1" 200 1688 "https://parma.elettroservicegroup.it/assistenza-whirlpool-fidenza/" "AdsBot-Google (+http://www.google.com/adsbot.html)"
66.249.89.133 - - [10/Jun/2026:15:15:28 +0200] "GET /wp-content/plugins/complianz-gdpr-premium/cookiebanner/js/complianz.min.js?ver=1780326315 HTTP/1.1" 200 10708 "https://parma.elettroservicegroup.it/assistenza-whirlpool-fidenza/" "AdsBot-Google (+http://www.google.com/adsbot.html)"
66.249.89.133 - - [10/Jun/2026:15:15:29 +0200] "GET /wp-content/plugins/elementor/assets/lib/font-awesome/webfonts/fa-solid-900.woff2 HTTP/1.1" 304 - "https://parma.elettroservicegroup.it/wp-content/plugins/elementor/assets/lib/font-awesome/css/all.min.css?ver=4.1.2" "AdsBot-Google (+http://www.google.com/adsbot.html)"
66.249.89.133 - - [10/Jun/2026:15:15:29 +0200] "GET /wp-content/plugins/elementor/assets/lib/font-awesome/webfonts/fa-regular-400.woff2 HTTP/1.1" 200 13277 "https://parma.elettroservicegroup.it/wp-content/plugins/elementor/assets/lib/font-awesome/css/all.min.css?ver=4.1.2" "AdsBot-Google (+http://www.google.com/adsbot.html)"
66.249.89.133 - - [10/Jun/2026:15:15:29 +0200] "GET /wp-content/uploads/elementor/google-fonts/fonts/roboto-kfo7cnqeu92fr1me7ksn66agldtyluama3yuba.woff2 HTTP/1.1" 304 - "https://parma.elettroservicegroup.it/wp-content/uploads/elementor/google-fonts/css/roboto.css?ver=1742280360" "AdsBot-Google (+http://www.google.com/adsbot.html)"
66.249.89.133 - - [10/Jun/2026:15:15:29 +0200] "GET /wp-content/uploads/elementor/google-fonts/fonts/roboto-kfo7cnqeu92fr1me7ksn66agldtyluama3yuba.woff2 HTTP/1.1" 200 40132 "https://parma.elettroservicegroup.it/wp-content/uploads/elementor/google-fonts/css/roboto.css?ver=1742280360" "AdsBot-Google (+http://www.google.com/adsbot.html)"
65.108.235.243 - - [10/Jun/2026:15:15:51 +0200] "POST /wp-cron.php?doing_wp_cron=1781097351.8404328823089599609375 HTTP/1.1" 200 1 "-" "WordPress/7.0; https://parma.elettroservicegroup.it"
66.249.89.133 - - [10/Jun/2026:15:15:50 +0200] "GET /wp-json/complianz/v1/banner?lang=it&locale=it_IT&token=elxap HTTP/1.1" 200 84 "https://parma.elettroservicegroup.it/assistenza-whirlpool-fidenza/" "AdsBot-Google (+http://www.google.com/adsbot.html)"
66.249.89.133 - - [10/Jun/2026:15:15:52 +0200] "GET /wp-content/uploads/complianz/css/banner-1-optin.css?v=46 HTTP/1.1" 200 2617 "https://parma.elettroservicegroup.it/assistenza-whirlpool-fidenza/" "AdsBot-Google (+http://www.google.com/adsbot.html)"
66.249.89.133 - - [10/Jun/2026:15:15:52 +0200] "GET /wp-json/complianz/v1/cookie_data HTTP/1.1" 200 81 "https://parma.elettroservicegroup.it/assistenza-whirlpool-fidenza/" "AdsBot-Google (+http://www.google.com/adsbot.html)"
66.249.89.133 - - [10/Jun/2026:15:15:53 +0200] "GET /wp-content/plugins/elementor/assets/js/text-editor.45609661e409413f1cef.bundle.min.js HTTP/1.1" 200 592 "https://parma.elettroservicegroup.it/assistenza-whirlpool-fidenza/" "AdsBot-Google (+http://www.google.com/adsbot.html)"
66.249.89.133 - - [10/Jun/2026:15:15:53 +0200] "GET /wp-content/plugins/elementor/assets/js/section-frontend-handlers.d85ab872da118940910d.bundle.min.js HTTP/1.1" 200 230 "https://parma.elettroservicegroup.it/assistenza-whirlpool-fidenza/" "AdsBot-Google (+http://www.google.com/adsbot.html)"
66.249.89.133 - - [10/Jun/2026:15:15:53 +0200] "GET /wp-content/plugins/elementor/assets/js/shared-frontend-handlers.03caa53373b56d3bab67.bundle.min.js HTTP/1.1" 200 2515 "https://parma.elettroservicegroup.it/assistenza-whirlpool-fidenza/" "AdsBot-Google (+http://www.google.com/adsbot.html)"
43.159.63.116 - - [10/Jun/2026:15:33:18 +0200] "GET / HTTP/1.1" 200 165231 "http://parma.elettroservicegroup.it" "Mozilla/5.0 (iPhone; CPU iPhone OS 13_2_3 like Mac OS X) AppleWebKit/605.1.15 (KHTML, like Gecko) Version/13.0.3 Mobile/15E148 Safari/604.1"
176.109.254.222 - - [10/Jun/2026:15:41:00 +0200] "POST /xmlrpc.php HTTP/1.1" 403 52 "-" "Mozilla/5.0 (Windows NT 10.0; Win64; x64) AppleWebKit/537.36 (KHTML, like Gecko) Chrome/114.0.0.0 Safari/537.36"
176.109.254.222 - - [10/Jun/2026:15:41:01 +0200] "POST /xmlrpc.php HTTP/1.1" 403 52 "-" "Mozilla/5.0 (Windows NT 10.0; Win64; x64) AppleWebKit/537.36 (KHTML, like Gecko) Chrome/114.0.0.0 Safari/537.36"
172.233.241.107 - - [10/Jun/2026:15:41:57 +0200] "POST /xmlrpc.php HTTP/1.1" 200 11872 "-" "Mozilla/5.0 (Windows NT 10.0; Win64; x64) AppleWebKit/537.36 (KHTML, like Gecko) Chrome/114.0.0.0 Safari/537.36"
172.233.241.107 - - [10/Jun/2026:15:41:57 +0200] "POST /xmlrpc.php HTTP/1.1" 200 11872 "-" "Mozilla/5.0 (Windows NT 10.0; Win64; x64) AppleWebKit/537.36 (KHTML, like Gecko) Chrome/114.0.0.0 Safari/537.36"
5.90.52.144 - - [10/Jun/2026:15:47:23 +0200] "POST /wp-content/plugins/burst-statistics/endpoint.php HTTP/2.0" 200 1 "https://parma.elettroservicegroup.it/assistenza-ariston-parma/" "Mozilla/5.0 (Linux; Android 10; K) AppleWebKit/537.36 (KHTML, like Gecko) Chrome/148.0.0.0 Mobile Safari/537.36 (Ecosia android@148.0.0.0)"
65.108.235.243 - - [10/Jun/2026:15:47:25 +0200] "POST /wp-cron.php?doing_wp_cron=1781099245.2162361145019531250000 HTTP/1.1" 200 1 "-" "WordPress/7.0; https://parma.elettroservicegroup.it"
5.90.52.144 - - [10/Jun/2026:15:47:23 +0200] "GET /wp-json/complianz/v1/banner?lang=it&locale=it_IT&token=nkrod HTTP/2.0" 200 84 "https://parma.elettroservicegroup.it/assistenza-ariston-parma/" "Mozilla/5.0 (Linux; Android 10; K) AppleWebKit/537.36 (KHTML, like Gecko) Chrome/148.0.0.0 Mobile Safari/537.36 (Ecosia android@148.0.0.0)"
5.90.52.144 - - [10/Jun/2026:15:47:26 +0200] "POST /wp-content/plugins/burst-statistics/endpoint.php HTTP/2.0" 200 1 "https://parma.elettroservicegroup.it/assistenza-ariston-parma/" "Mozilla/5.0 (Linux; Android 10; K) AppleWebKit/537.36 (KHTML, like Gecko) Chrome/148.0.0.0 Mobile Safari/537.36 (Ecosia android@148.0.0.0)"
65.108.235.243 - - [10/Jun/2026:16:06:33 +0200] "POST /wp-cron.php?doing_wp_cron=1781100393.2437949180603027343750 HTTP/1.1" 200 1 "-" "WordPress/7.0; https://parma.elettroservicegroup.it"
74.7.241.55 - - [10/Jun/2026:16:06:31 +0200] "GET /sitemap.rss HTTP/2.0" 415 1349 "-" "Mozilla/5.0 AppleWebKit/537.36 (KHTML, like Gecko; compatible; GPTBot/1.4; +https://openai.com/gptbot)"
65.108.235.243 - - [10/Jun/2026:16:14:44 +0200] "POST /wp-cron.php?doing_wp_cron=1781100884.3256831169128417968750 HTTP/1.1" 200 1 "-" "WordPress/7.0; https://parma.elettroservicegroup.it"
2a06:98c0:3600::103 - - [10/Jun/2026:16:14:42 +0200] "GET /favicon.ico HTTP/2.0" 302 1 "-" "-"
93.36.220.225 - - [10/Jun/2026:16:14:46 +0200] "GET /assistenza-lavastoviglie-parma/ HTTP/2.0" 200 22587 "https://www.ecosia.org/" "Mozilla/5.0 (Macintosh; Intel Mac OS X 10_15_7) AppleWebKit/537.36 (KHTML, like Gecko) Chrome/145.0.0.0 Safari/537.36"
93.36.220.225 - - [10/Jun/2026:16:14:47 +0200] "GET /wp-content/cache/wpfc-minified/9aoba38s/4pg7.css HTTP/2.0" 200 418 "https://parma.elettroservicegroup.it/assistenza-lavastoviglie-parma/" "Mozilla/5.0 (Macintosh; Intel Mac OS X 10_15_7) AppleWebKit/537.36 (KHTML, like Gecko) Chrome/145.0.0.0 Safari/537.36"
93.36.220.225 - - [10/Jun/2026:16:14:47 +0200] "GET /wp-content/cache/wpfc-minified/f4mpgdct/4pg7.css HTTP/2.0" 200 7521 "https://parma.elettroservicegroup.it/assistenza-lavastoviglie-parma/" "Mozilla/5.0 (Macintosh; Intel Mac OS X 10_15_7) AppleWebKit/537.36 (KHTML, like Gecko) Chrome/145.0.0.0 Safari/537.36"
93.36.220.225 - - [10/Jun/2026:16:14:47 +0200] "GET /wp-content/cache/wpfc-minified/mbb024jo/4pg7.css HTTP/2.0" 200 11331 "https://parma.elettroservicegroup.it/assistenza-lavastoviglie-parma/" "Mozilla/5.0 (Macintosh; Intel Mac OS X 10_15_7) AppleWebKit/537.36 (KHTML, like Gecko) Chrome/145.0.0.0 Safari/537.36"
93.36.220.225 - - [10/Jun/2026:16:14:47 +0200] "GET /wp-content/uploads/elementor/css/post-14146.css?ver=1781017914 HTTP/2.0" 200 428 "https://parma.elettroservicegroup.it/assistenza-lavastoviglie-parma/" "Mozilla/5.0 (Macintosh; Intel Mac OS X 10_15_7) AppleWebKit/537.36 (KHTML, like Gecko) Chrome/145.0.0.0 Safari/537.36"
93.36.220.225 - - [10/Jun/2026:16:14:47 +0200] "GET /wp-content/uploads/elementor/css/post-17286.css?ver=1781100886 HTTP/2.0" 200 2371 "https://parma.elettroservicegroup.it/assistenza-lavastoviglie-parma/" "Mozilla/5.0 (Macintosh; Intel Mac OS X 10_15_7) AppleWebKit/537.36 (KHTML, like Gecko) Chrome/145.0.0.0 Safari/537.36"
93.36.220.225 - - [10/Jun/2026:16:14:47 +0200] "GET /wp-content/cache/wpfc-minified/mlc3cvj3/1wnqf.css HTTP/2.0" 200 16388 "https://parma.elettroservicegroup.it/assistenza-lavastoviglie-parma/" "Mozilla/5.0 (Macintosh; Intel Mac OS X 10_15_7) AppleWebKit/537.36 (KHTML, like Gecko) Chrome/145.0.0.0 Safari/537.36"
93.36.220.225 - - [10/Jun/2026:16:14:47 +0200] "GET /wp-content/uploads/elementor/css/post-14366.css?ver=1781017914 HTTP/2.0" 200 302 "https://parma.elettroservicegroup.it/assistenza-lavastoviglie-parma/" "Mozilla/5.0 (Macintosh; Intel Mac OS X 10_15_7) AppleWebKit/537.36 (KHTML, like Gecko) Chrome/145.0.0.0 Safari/537.36"
93.36.220.225 - - [10/Jun/2026:16:14:47 +0200] "GET /wp-content/cache/wpfc-minified/eqzpooq2/4pg7.css HTTP/2.0" 200 4410 "https://parma.elettroservicegroup.it/assistenza-lavastoviglie-parma/" "Mozilla/5.0 (Macintosh; Intel Mac OS X 10_15_7) AppleWebKit/537.36 (KHTML, like Gecko) Chrome/145.0.0.0 Safari/537.36"
93.36.220.225 - - [10/Jun/2026:16:14:47 +0200] "GET /wp-content/cache/wpfc-minified/bwue548/4pg7.css HTTP/2.0" 200 19030 "https://parma.elettroservicegroup.it/assistenza-lavastoviglie-parma/" "Mozilla/5.0 (Macintosh; Intel Mac OS X 10_15_7) AppleWebKit/537.36 (KHTML, like Gecko) Chrome/145.0.0.0 Safari/537.36"
93.36.220.225 - - [10/Jun/2026:16:14:47 +0200] "GET /wp-content/cache/wpfc-minified/fpvwzn7j/4pg7.css HTTP/2.0" 200 14485 "https://parma.elettroservicegroup.it/assistenza-lavastoviglie-parma/" "Mozilla/5.0 (Macintosh; Intel Mac OS X 10_15_7) AppleWebKit/537.36 (KHTML, like Gecko) Chrome/145.0.0.0 Safari/537.36"
93.36.220.225 - - [10/Jun/2026:16:14:47 +0200] "GET /wp-content/cache/wpfc-minified/q5fki6f6/4pg7.js HTTP/2.0" 200 42412 "https://parma.elettroservicegroup.it/assistenza-lavastoviglie-parma/" "Mozilla/5.0 (Macintosh; Intel Mac OS X 10_15_7) AppleWebKit/537.36 (KHTML, like Gecko) Chrome/145.0.0.0 Safari/537.36"
93.36.220.225 - - [10/Jun/2026:16:14:47 +0200] "GET /wp-content/uploads/2021/10/cropped-cropped-cropped-logo_white_background.png HTTP/2.0" 200 38971 "https://parma.elettroservicegroup.it/assistenza-lavastoviglie-parma/" "Mozilla/5.0 (Macintosh; Intel Mac OS X 10_15_7) AppleWebKit/537.36 (KHTML, like Gecko) Chrome/145.0.0.0 Safari/537.36"
93.36.220.225 - - [10/Jun/2026:16:14:47 +0200] "GET /wp-content/uploads/2021/10/cropped-logo_white_background.png HTTP/2.0" 200 16623 "https://parma.elettroservicegroup.it/assistenza-lavastoviglie-parma/" "Mozilla/5.0 (Macintosh; Intel Mac OS X 10_15_7) AppleWebKit/537.36 (KHTML, like Gecko) Chrome/145.0.0.0 Safari/537.36"
93.36.220.225 - - [10/Jun/2026:16:14:47 +0200] "GET /wp-content/uploads/2022/01/copertina-Riparazione_Lavastoviglie-.jpg HTTP/2.0" 200 35425 "https://parma.elettroservicegroup.it/assistenza-lavastoviglie-parma/" "Mozilla/5.0 (Macintosh; Intel Mac OS X 10_15_7) AppleWebKit/537.36 (KHTML, like Gecko) Chrome/145.0.0.0 Safari/537.36"
93.36.220.225 - - [10/Jun/2026:16:14:47 +0200] "GET /wp-content/uploads/2022/01/lavastoviglie2-2-1024x683.jpg HTTP/2.0" 200 122524 "https://parma.elettroservicegroup.it/assistenza-lavastoviglie-parma/" "Mozilla/5.0 (Macintosh; Intel Mac OS X 10_15_7) AppleWebKit/537.36 (KHTML, like Gecko) Chrome/145.0.0.0 Safari/537.36"
93.36.220.225 - - [10/Jun/2026:16:14:47 +0200] "GET /wp-content/plugins/elementor/assets/js/webpack.runtime.min.js?ver=4.1.2 HTTP/2.0" 200 2340 "https://parma.elettroservicegroup.it/assistenza-lavastoviglie-parma/" "Mozilla/5.0 (Macintosh; Intel Mac OS X 10_15_7) AppleWebKit/537.36 (KHTML, like Gecko) Chrome/145.0.0.0 Safari/537.36"
93.36.220.225 - - [10/Jun/2026:16:14:47 +0200] "GET /wp-content/plugins/gp-premium/menu-plus/functions/js/sticky.min.js?ver=2.5.5 HTTP/2.0" 200 2670 "https://parma.elettroservicegroup.it/assistenza-lavastoviglie-parma/" "Mozilla/5.0 (Macintosh; Intel Mac OS X 10_15_7) AppleWebKit/537.36 (KHTML, like Gecko) Chrome/145.0.0.0 Safari/537.36"
93.36.220.225 - - [10/Jun/2026:16:14:47 +0200] "GET /wp-includes/js/jquery/ui/core.min.js?ver=1.13.3 HTTP/2.0" 200 6820 "https://parma.elettroservicegroup.it/assistenza-lavastoviglie-parma/" "Mozilla/5.0 (Macintosh; Intel Mac OS X 10_15_7) AppleWebKit/537.36 (KHTML, like Gecko) Chrome/145.0.0.0 Safari/537.36"
93.36.220.225 - - [10/Jun/2026:16:14:47 +0200] "GET /wp-content/plugins/elementor/assets/js/frontend.min.js?ver=4.1.2 HTTP/2.0" 200 10140 "https://parma.elettroservicegroup.it/assistenza-lavastoviglie-parma/" "Mozilla/5.0 (Macintosh; Intel Mac OS X 10_15_7) AppleWebKit/537.36 (KHTML, like Gecko) Chrome/145.0.0.0 Safari/537.36"
93.36.220.225 - - [10/Jun/2026:16:14:47 +0200] "GET /wp-content/plugins/elementor/assets/js/frontend-modules.min.js?ver=4.1.2 HTTP/2.0" 200 15454 "https://parma.elettroservicegroup.it/assistenza-lavastoviglie-parma/" "Mozilla/5.0 (Macintosh; Intel Mac OS X 10_15_7) AppleWebKit/537.36 (KHTML, like Gecko) Chrome/145.0.0.0 Safari/537.36"
93.36.220.225 - - [10/Jun/2026:16:14:47 +0200] "GET /wp-content/uploads/2022/10/COPERTINA-9-768x384.png HTTP/2.0" 200 188681 "https://parma.elettroservicegroup.it/assistenza-lavastoviglie-parma/" "Mozilla/5.0 (Macintosh; Intel Mac OS X 10_15_7) AppleWebKit/537.36 (KHTML, like Gecko) Chrome/145.0.0.0 Safari/537.36"
93.36.220.225 - - [10/Jun/2026:16:14:47 +0200] "GET /wp-content/themes/generatepress/assets/js/menu.min.js?ver=3.6.1 HTTP/2.0" 200 1688 "https://parma.elettroservicegroup.it/assistenza-lavastoviglie-parma/" "Mozilla/5.0 (Macintosh; Intel Mac OS X 10_15_7) AppleWebKit/537.36 (KHTML, like Gecko) Chrome/145.0.0.0 Safari/537.36"
93.36.220.225 - - [10/Jun/2026:16:14:47 +0200] "GET /wp-content/themes/generatepress/assets/js/back-to-top.min.js?ver=3.6.1 HTTP/2.0" 200 336 "https://parma.elettroservicegroup.it/assistenza-lavastoviglie-parma/" "Mozilla/5.0 (Macintosh; Intel Mac OS X 10_15_7) AppleWebKit/537.36 (KHTML, like Gecko) Chrome/145.0.0.0 Safari/537.36"
93.36.220.225 - - [10/Jun/2026:16:14:48 +0200] "GET /wp-content/plugins/complianz-gdpr-premium/cookiebanner/js/complianz.min.js?ver=1780326315 HTTP/2.0" 200 10708 "https://parma.elettroservicegroup.it/assistenza-lavastoviglie-parma/" "Mozilla/5.0 (Macintosh; Intel Mac OS X 10_15_7) AppleWebKit/537.36 (KHTML, like Gecko) Chrome/145.0.0.0 Safari/537.36"
93.36.220.225 - - [10/Jun/2026:16:14:48 +0200] "GET /wp-content/uploads/2021/11/copertina-Riparazione_Lavastoviglie-.jpg HTTP/2.0" 200 35425 "https://parma.elettroservicegroup.it/wp-content/uploads/elementor/css/post-17286.css?ver=1781100886" "Mozilla/5.0 (Macintosh; Intel Mac OS X 10_15_7) AppleWebKit/537.36 (KHTML, like Gecko) Chrome/145.0.0.0 Safari/537.36"
93.36.220.225 - - [10/Jun/2026:16:14:48 +0200] "GET /wp-content/uploads/2022/01/804_lavastoviglie.jpg HTTP/2.0" 200 111183 "https://parma.elettroservicegroup.it/wp-content/uploads/elementor/css/post-17286.css?ver=1781100886" "Mozilla/5.0 (Macintosh; Intel Mac OS X 10_15_7) AppleWebKit/537.36 (KHTML, like Gecko) Chrome/145.0.0.0 Safari/537.36"
93.36.220.225 - - [10/Jun/2026:16:14:48 +0200] "GET /wp-content/uploads/elementor/google-fonts/fonts/roboto-kfo7cnqeu92fr1me7ksn66agldtyluama3yuba.woff2 HTTP/2.0" 200 40132 "https://parma.elettroservicegroup.it/wp-content/cache/wpfc-minified/fpvwzn7j/4pg7.css" "Mozilla/5.0 (Macintosh; Intel Mac OS X 10_15_7) AppleWebKit/537.36 (KHTML, like Gecko) Chrome/145.0.0.0 Safari/537.36"
93.36.220.225 - - [10/Jun/2026:16:14:48 +0200] "GET /wp-content/plugins/elementor/assets/lib/font-awesome/webfonts/fa-solid-900.woff2 HTTP/2.0" 200 78201 "https://parma.elettroservicegroup.it/wp-content/cache/wpfc-minified/mlc3cvj3/1wnqf.css" "Mozilla/5.0 (Macintosh; Intel Mac OS X 10_15_7) AppleWebKit/537.36 (KHTML, like Gecko) Chrome/145.0.0.0 Safari/537.36"
93.36.220.225 - - [10/Jun/2026:16:14:48 +0200] "GET /wp-content/plugins/elementor/assets/lib/font-awesome/webfonts/fa-regular-400.woff2 HTTP/2.0" 200 13277 "https://parma.elettroservicegroup.it/wp-content/cache/wpfc-minified/mlc3cvj3/1wnqf.css" "Mozilla/5.0 (Macintosh; Intel Mac OS X 10_15_7) AppleWebKit/537.36 (KHTML, like Gecko) Chrome/145.0.0.0 Safari/537.36"
93.36.220.225 - - [10/Jun/2026:16:14:48 +0200] "GET /wp-content/plugins/elementor/assets/js/section-frontend-handlers.d85ab872da118940910d.bundle.min.js HTTP/2.0" 200 230 "https://parma.elettroservicegroup.it/assistenza-lavastoviglie-parma/" "Mozilla/5.0 (Macintosh; Intel Mac OS X 10_15_7) AppleWebKit/537.36 (KHTML, like Gecko) Chrome/145.0.0.0 Safari/537.36"
93.36.220.225 - - [10/Jun/2026:16:14:48 +0200] "GET /wp-content/plugins/elementor/assets/js/shared-frontend-handlers.03caa53373b56d3bab67.bundle.min.js HTTP/2.0" 200 2515 "https://parma.elettroservicegroup.it/assistenza-lavastoviglie-parma/" "Mozilla/5.0 (Macintosh; Intel Mac OS X 10_15_7) AppleWebKit/537.36 (KHTML, like Gecko) Chrome/145.0.0.0 Safari/537.36"
93.36.220.225 - - [10/Jun/2026:16:14:48 +0200] "GET /wp-content/plugins/elementor/assets/js/text-editor.45609661e409413f1cef.bundle.min.js HTTP/2.0" 200 592 "https://parma.elettroservicegroup.it/assistenza-lavastoviglie-parma/" "Mozilla/5.0 (Macintosh; Intel Mac OS X 10_15_7) AppleWebKit/537.36 (KHTML, like Gecko) Chrome/145.0.0.0 Safari/537.36"
93.36.220.225 - - [10/Jun/2026:16:14:48 +0200] "GET /wp-json/complianz/v1/banner?lang=it&locale=it_IT&token=wdpid HTTP/2.0" 200 84 "https://parma.elettroservicegroup.it/assistenza-lavastoviglie-parma/" "Mozilla/5.0 (Macintosh; Intel Mac OS X 10_15_7) AppleWebKit/537.36 (KHTML, like Gecko) Chrome/145.0.0.0 Safari/537.36"
93.36.220.225 - - [10/Jun/2026:16:14:48 +0200] "POST /wp-content/plugins/burst-statistics/endpoint.php HTTP/2.0" 200 1 "https://parma.elettroservicegroup.it/assistenza-lavastoviglie-parma/" "Mozilla/5.0 (Macintosh; Intel Mac OS X 10_15_7) AppleWebKit/537.36 (KHTML, like Gecko) Chrome/145.0.0.0 Safari/537.36"
93.36.220.225 - - [10/Jun/2026:16:14:48 +0200] "GET /wp-content/uploads/2021/10/cropped-cropped-cropped-cropped-logo_white_background-32x32.png HTTP/2.0" 200 1525 "https://parma.elettroservicegroup.it/assistenza-lavastoviglie-parma/" "Mozilla/5.0 (Macintosh; Intel Mac OS X 10_15_7) AppleWebKit/537.36 (KHTML, like Gecko) Chrome/145.0.0.0 Safari/537.36"
93.36.220.225 - - [10/Jun/2026:16:14:48 +0200] "POST /wp-json/complianz/v1/track HTTP/2.0" 200 20 "https://parma.elettroservicegroup.it/assistenza-lavastoviglie-parma/" "Mozilla/5.0 (Macintosh; Intel Mac OS X 10_15_7) AppleWebKit/537.36 (KHTML, like Gecko) Chrome/145.0.0.0 Safari/537.36"
65.108.235.243 - - [10/Jun/2026:16:15:05 +0200] "POST /wp-cron.php?doing_wp_cron=1781100905.1638700962066650390625 HTTP/1.1" 200 1 "-" "WordPress/7.0; https://parma.elettroservicegroup.it"
74.7.241.55 - - [10/Jun/2026:16:15:04 +0200] "GET /sitemap.xml HTTP/2.0" 415 314 "-" "Mozilla/5.0 AppleWebKit/537.36 (KHTML, like Gecko; compatible; GPTBot/1.4; +https://openai.com/gptbot)"
93.36.220.225 - - [10/Jun/2026:16:15:42 +0200] "POST /wp-content/plugins/burst-statistics/endpoint.php HTTP/2.0" 200 1 "https://parma.elettroservicegroup.it/assistenza-lavastoviglie-parma/" "Mozilla/5.0 (Macintosh; Intel Mac OS X 10_15_7) AppleWebKit/537.36 (KHTML, like Gecko) Chrome/145.0.0.0 Safari/537.36"
93.36.220.225 - - [10/Jun/2026:16:16:04 +0200] "POST /wp-content/plugins/burst-statistics/endpoint.php HTTP/2.0" 500 435 "https://parma.elettroservicegroup.it/assistenza-lavastoviglie-parma/" "Mozilla/5.0 (Macintosh; Intel Mac OS X 10_15_7) AppleWebKit/537.36 (KHTML, like Gecko) Chrome/145.0.0.0 Safari/537.36"
93.36.220.225 - - [10/Jun/2026:16:16:05 +0200] "POST /wp-content/plugins/burst-statistics/endpoint.php HTTP/2.0" 200 1 "https://parma.elettroservicegroup.it/assistenza-lavastoviglie-parma/" "Mozilla/5.0 (Macintosh; Intel Mac OS X 10_15_7) AppleWebKit/537.36 (KHTML, like Gecko) Chrome/145.0.0.0 Safari/537.36"
5.90.52.144 - - [10/Jun/2026:16:17:00 +0200] "POST /wp-content/plugins/burst-statistics/endpoint.php HTTP/2.0" 200 1 "https://parma.elettroservicegroup.it/assistenza-ariston-parma/" "Mozilla/5.0 (Linux; Android 10; K) AppleWebKit/537.36 (KHTML, like Gecko) Chrome/148.0.0.0 Mobile Safari/537.36 (Ecosia android@148.0.0.0)"
5.90.52.144 - - [10/Jun/2026:16:17:02 +0200] "POST /wp-content/plugins/burst-statistics/endpoint.php HTTP/2.0" 200 1 "https://parma.elettroservicegroup.it/assistenza-ariston-parma/" "Mozilla/5.0 (Linux; Android 10; K) AppleWebKit/537.36 (KHTML, like Gecko) Chrome/148.0.0.0 Mobile Safari/537.36 (Ecosia android@148.0.0.0)"
65.108.235.243 - - [10/Jun/2026:16:17:02 +0200] "POST /wp-cron.php?doing_wp_cron=1781101022.7347579002380371093750 HTTP/1.1" 200 1 "-" "WordPress/7.0; https://parma.elettroservicegroup.it"
5.90.52.144 - - [10/Jun/2026:16:17:00 +0200] "GET /wp-json/complianz/v1/banner?lang=it&locale=it_IT&token=rzylw HTTP/2.0" 200 84 "https://parma.elettroservicegroup.it/assistenza-ariston-parma/" "Mozilla/5.0 (Linux; Android 10; K) AppleWebKit/537.36 (KHTML, like Gecko) Chrome/148.0.0.0 Mobile Safari/537.36 (Ecosia android@148.0.0.0)"
5.90.52.144 - - [10/Jun/2026:16:17:03 +0200] "GET /wp-json/complianz/v1/cookie_data HTTP/2.0" 200 81 "https://parma.elettroservicegroup.it/assistenza-ariston-parma/" "Mozilla/5.0 (Linux; Android 10; K) AppleWebKit/537.36 (KHTML, like Gecko) Chrome/148.0.0.0 Mobile Safari/537.36 (Ecosia android@148.0.0.0)"
5.90.52.144 - - [10/Jun/2026:16:17:06 +0200] "POST /wp-content/plugins/burst-statistics/endpoint.php HTTP/2.0" 200 1 "https://parma.elettroservicegroup.it/assistenza-ariston-parma/" "Mozilla/5.0 (Linux; Android 10; K) AppleWebKit/537.36 (KHTML, like Gecko) Chrome/148.0.0.0 Mobile Safari/537.36 (Ecosia android@148.0.0.0)"
65.108.235.243 - - [10/Jun/2026:16:37:26 +0200] "POST /wp-cron.php?doing_wp_cron=1781102246.6399600505828857421875 HTTP/1.1" 200 1 "-" "WordPress/7.0; https://parma.elettroservicegroup.it"
66.249.89.134 - - [10/Jun/2026:16:37:22 +0200] "GET /assistenza-ariston-parma/ HTTP/1.1" 200 22811 "-" "Mozilla/5.0 (Linux; Android 6.0.1; Nexus 5X Build/MMB29P) AppleWebKit/537.36 (KHTML, like Gecko) Chrome/148.0.7778.96 Mobile Safari/537.36 (compatible; AdsBot-Google-Mobile; +http://www.google.com/mobile/adsbot.html)"
66.249.89.134 - - [10/Jun/2026:16:37:29 +0200] "GET /wp-content/uploads/elementor/css/post-17270.css?ver=1781079620 HTTP/1.1" 200 2155 "https://parma.elettroservicegroup.it/assistenza-ariston-parma/" "AdsBot-Google (+http://www.google.com/adsbot.html)"
66.249.89.134 - - [10/Jun/2026:16:37:29 +0200] "GET /wp-content/uploads/burst/js/burst.min.js?ver=1781085631 HTTP/1.1" 200 3381 "https://parma.elettroservicegroup.it/assistenza-ariston-parma/" "AdsBot-Google (+http://www.google.com/adsbot.html)"
66.249.89.133 - - [10/Jun/2026:16:39:22 +0200] "GET /wp-content/uploads/elementor/css/post-17367.css?ver=1781067925 HTTP/1.1" 304 - "https://parma.elettroservicegroup.it/assistenza-whirlpool-fidenza/" "AdsBot-Google (+http://www.google.com/adsbot.html)"
65.108.235.243 - - [10/Jun/2026:16:39:30 +0200] "POST /wp-cron.php?doing_wp_cron=1781102369.9963920116424560546875 HTTP/1.1" 200 1 "-" "WordPress/7.0; https://parma.elettroservicegroup.it"
66.249.89.133 - - [10/Jun/2026:16:39:28 +0200] "GET /wp-json/complianz/v1/banner?lang=it&locale=it_IT&token=elxap HTTP/1.1" 200 84 "https://parma.elettroservicegroup.it/assistenza-whirlpool-fidenza/" "AdsBot-Google (+http://www.google.com/adsbot.html)"
65.108.235.243 - - [10/Jun/2026:16:41:21 +0200] "POST /wp-cron.php?doing_wp_cron=1781102481.9561100006103515625000 HTTP/1.1" 200 1 "-" "WordPress/7.0; https://parma.elettroservicegroup.it"
66.249.89.134 - - [10/Jun/2026:16:41:20 +0200] "GET /assistenza-whirlpool-parma/ HTTP/1.1" 200 22786 "-" "Mozilla/5.0 (Linux; Android 6.0.1; Nexus 5X Build/MMB29P) AppleWebKit/537.36 (KHTML, like Gecko) Chrome/148.0.7778.96 Mobile Safari/537.36 (compatible; AdsBot-Google-Mobile; +http://www.google.com/mobile/adsbot.html)"
66.249.89.135 - - [10/Jun/2026:16:41:24 +0200] "GET /wp-content/uploads/elementor/css/post-17366.css?ver=1781081540 HTTP/1.1" 200 2160 "https://parma.elettroservicegroup.it/assistenza-whirlpool-parma/" "AdsBot-Google (+http://www.google.com/adsbot.html)"
65.108.235.243 - - [10/Jun/2026:17:18:14 +0200] "POST /wp-cron.php?doing_wp_cron=1781104694.7272410392761230468750 HTTP/1.1" 200 1 "-" "WordPress/7.0; https://parma.elettroservicegroup.it"
178.20.215.120 - - [10/Jun/2026:17:18:05 +0200] "GET /wp-login.php HTTP/2.0" 200 12847 "-" "Mozilla/5.0 (Windows NT 10.0; Win64; x64) AppleWebKit/537.36 (KHTML, like Gecko) Chrome/124.0.0.0 Safari/537.36"
178.20.215.120 - - [10/Jun/2026:17:18:14 +0200] "POST /wp-login.php HTTP/2.0" 200 13254 "https://parma.elettroservicegroup.it/wp-login.php" "Mozilla/5.0 (Windows NT 10.0; Win64; x64) AppleWebKit/537.36 (KHTML, like Gecko) Chrome/124.0.0.0 Safari/537.36"
198.235.24.138 - - [10/Jun/2026:17:23:12 +0200] "GET / HTTP/1.1" 200 161076 "-" "Hello from Palo Alto Networks, find out more about our scans in https://docs-cortex.paloaltonetworks.com/r/1/Cortex-Xpanse/Scanning-activity"
65.108.235.243 - - [10/Jun/2026:17:43:34 +0200] "POST /wp-cron.php?doing_wp_cron=1781106214.4207789897918701171875 HTTP/1.1" 200 1 "-" "WordPress/7.0; https://parma.elettroservicegroup.it"
213.180.203.175 - - [10/Jun/2026:17:43:28 +0200] "GET /robots.txt HTTP/1.1" 200 189 "-" "Mozilla/5.0 (compatible; YandexBot/3.0; +http://yandex.com/bots)"
5.255.231.121 - - [10/Jun/2026:17:43:34 +0200] "GET /wp-content/uploads/2022/01/LAVATRICE-1-300x200.webp HTTP/2.0" 200 10518 "-" "Mozilla/5.0 (compatible; YandexImages/3.0; +http://yandex.com/bots)"
65.108.235.243 - - [10/Jun/2026:18:06:22 +0200] "POST /wp-cron.php?doing_wp_cron=1781107582.7946190834045410156250 HTTP/1.1" 200 1 "-" "WordPress/7.0; https://parma.elettroservicegroup.it"
216.73.217.89 - - [10/Jun/2026:18:06:20 +0200] "GET /robots.txt HTTP/2.0" 200 104 "-" "Mozilla/5.0 AppleWebKit/537.36 (KHTML, like Gecko; compatible; ClaudeBot/1.0; +claudebot@anthropic.com)"
216.73.217.89 - - [10/Jun/2026:18:06:26 +0200] "GET /sitemap.xml HTTP/2.0" 200 314 "-" "Mozilla/5.0 AppleWebKit/537.36 (KHTML, like Gecko; compatible; ClaudeBot/1.0; +claudebot@anthropic.com)"
65.108.235.243 - - [10/Jun/2026:18:23:03 +0200] "POST /wp-cron.php?doing_wp_cron=1781108583.7068688869476318359375 HTTP/1.1" 200 1 "-" "WordPress/7.0; https://parma.elettroservicegroup.it"
44.207.207.36 - - [10/Jun/2026:18:23:01 +0200] "GET /robots.txt HTTP/1.1" 200 189 "-" "Mozilla/5.0 AppleWebKit/537.36 (KHTML, like Gecko; compatible; Amazonbot/0.1; +https://developer.amazon.com/support/amazonbot) Chrome/119.0.6045.214 Safari/537.36"
54.197.102.71 - - [10/Jun/2026:18:23:09 +0200] "GET / HTTP/1.1" 200 11925 "-" "Mozilla/5.0 AppleWebKit/537.36 (KHTML, like Gecko; compatible; Amazonbot/0.1; +https://developer.amazon.com/support/amazonbot) Chrome/119.0.6045.214 Safari/537.36"
65.108.235.243 - - [10/Jun/2026:18:23:16 +0200] "POST /wp-cron.php?doing_wp_cron=1781108596.2577159404754638671875 HTTP/1.1" 200 1 "-" "WordPress/7.0; https://parma.elettroservicegroup.it"
178.159.37.160 - - [10/Jun/2026:18:23:11 +0200] "GET /wp-json/wp/v2/pages HTTP/1.1" 200 538474 "-" "andrea"
65.108.235.243 - - [10/Jun/2026:18:35:19 +0200] "POST /wp-cron.php?doing_wp_cron=1781109319.7911798954010009765625 HTTP/1.1" 200 1 "-" "WordPress/7.0; https://parma.elettroservicegroup.it"
66.249.89.135 - - [10/Jun/2026:18:35:17 +0200] "GET /assistenza-lavatrici-parma/ HTTP/1.1" 200 22634 "-" "Mozilla/5.0 (Linux; Android 6.0.1; Nexus 5X Build/MMB29P) AppleWebKit/537.36 (KHTML, like Gecko) Chrome/148.0.7778.96 Mobile Safari/537.36 (compatible; AdsBot-Google-Mobile; +http://www.google.com/mobile/adsbot.html)"
66.249.89.134 - - [10/Jun/2026:18:35:22 +0200] "GET /wp-content/uploads/elementor/css/post-17314.css?ver=1781075990 HTTP/1.1" 200 2271 "https://parma.elettroservicegroup.it/assistenza-lavatrici-parma/" "AdsBot-Google (+http://www.google.com/adsbot.html)"
66.249.89.133 - - [10/Jun/2026:18:35:22 +0200] "GET /wp-content/themes/generatepress/assets/css/main.min.css?ver=3.6.1 HTTP/1.1" 200 4410 "https://parma.elettroservicegroup.it/assistenza-lavatrici-parma/" "AdsBot-Google (+http://www.google.com/adsbot.html)"
66.249.89.134 - - [10/Jun/2026:18:35:22 +0200] "GET /wp-content/plugins/elementor/assets/css/widget-icon-list.min.css?ver=3.24.3 HTTP/1.1" 200 928 "https://parma.elettroservicegroup.it/assistenza-lavatrici-parma/" "AdsBot-Google (+http://www.google.com/adsbot.html)"
66.249.89.133 - - [10/Jun/2026:18:35:22 +0200] "GET /wp-content/plugins/elementor/assets/lib/eicons/css/elementor-icons.min.css?ver=5.34.0 HTTP/1.1" 200 4115 "https://parma.elettroservicegroup.it/assistenza-lavatrici-parma/" "AdsBot-Google (+http://www.google.com/adsbot.html)"
66.249.89.133 - - [10/Jun/2026:18:35:23 +0200] "GET /wp-includes/js/jquery/jquery-migrate.min.js?ver=3.4.1 HTTP/1.1" 200 4685 "https://parma.elettroservicegroup.it/assistenza-lavatrici-parma/" "AdsBot-Google (+http://www.google.com/adsbot.html)"
66.249.89.133 - - [10/Jun/2026:18:35:24 +0200] "GET /wp-content/plugins/all-in-one-seo-pack/dist/Lite/assets/css/table-of-contents/global.e90f6d47.css?ver=4.9.7.2 HTTP/1.1" 200 420 "https://parma.elettroservicegroup.it/assistenza-lavatrici-parma/" "AdsBot-Google (+http://www.google.com/adsbot.html)"
66.249.89.134 - - [10/Jun/2026:18:35:25 +0200] "GET /wp-content/plugins/elementor/assets/css/widget-social-icons.min.css?ver=3.24.0 HTTP/1.1" 200 1039 "https://parma.elettroservicegroup.it/assistenza-lavatrici-parma/" "AdsBot-Google (+http://www.google.com/adsbot.html)"
66.249.89.133 - - [10/Jun/2026:18:35:26 +0200] "GET /wp-content/plugins/gp-premium/menu-plus/functions/css/navigation-branding-flex.min.css?ver=2.5.5 HTTP/1.1" 200 542 "https://parma.elettroservicegroup.it/assistenza-lavatrici-parma/" "AdsBot-Google (+http://www.google.com/adsbot.html)"
66.249.89.133 - - [10/Jun/2026:18:35:27 +0200] "GET /wp-content/plugins/elementor/assets/lib/font-awesome/css/brands.css?ver=5.15.3 HTTP/1.1" 200 298 "https://parma.elettroservicegroup.it/assistenza-lavatrici-parma/" "AdsBot-Google (+http://www.google.com/adsbot.html)"
66.249.89.133 - - [10/Jun/2026:18:35:28 +0200] "GET /wp-includes/js/jquery/jquery.min.js?ver=3.7.1 HTTP/1.1" 200 29769 "https://parma.elettroservicegroup.it/assistenza-lavatrici-parma/" "AdsBot-Google (+http://www.google.com/adsbot.html)"
66.249.89.133 - - [10/Jun/2026:18:35:29 +0200] "GET /wp-content/plugins/elementor/assets/lib/font-awesome/css/fontawesome.css?ver=5.15.3 HTTP/1.1" 200 12535 "https://parma.elettroservicegroup.it/assistenza-lavatrici-parma/" "AdsBot-Google (+http://www.google.com/adsbot.html)"
66.249.89.133 - - [10/Jun/2026:18:35:31 +0200] "GET /wp-content/plugins/elementor/assets/lib/font-awesome/css/fontawesome.min.css?ver=5.15.3 HTTP/1.1" 200 12179 "https://parma.elettroservicegroup.it/assistenza-lavatrici-parma/" "AdsBot-Google (+http://www.google.com/adsbot.html)"
66.249.89.133 - - [10/Jun/2026:18:35:32 +0200] "GET /wp-content/plugins/elementor/assets/lib/eicons/css/elementor-icons.min.css?ver=5.49.0 HTTP/1.1" 200 4115 "https://parma.elettroservicegroup.it/assistenza-lavatrici-parma/" "AdsBot-Google (+http://www.google.com/adsbot.html)"
66.249.89.133 - - [10/Jun/2026:18:35:32 +0200] "GET /wp-content/uploads/elementor/google-fonts/css/robotoslab.css?ver=1742280362 HTTP/1.1" 200 715 "https://parma.elettroservicegroup.it/assistenza-lavatrici-parma/" "AdsBot-Google (+http://www.google.com/adsbot.html)"
66.249.89.133 - - [10/Jun/2026:18:35:33 +0200] "GET /wp-content/plugins/elementor/assets/lib/font-awesome/css/solid.min.css?ver=5.15.3 HTTP/1.1" 200 286 "https://parma.elettroservicegroup.it/assistenza-lavatrici-parma/" "AdsBot-Google (+http://www.google.com/adsbot.html)"
66.249.89.133 - - [10/Jun/2026:18:35:34 +0200] "GET /wp-includes/js/jquery/ui/core.min.js?ver=1.13.3 HTTP/1.1" 200 6820 "https://parma.elettroservicegroup.it/assistenza-lavatrici-parma/" "AdsBot-Google (+http://www.google.com/adsbot.html)"
66.249.89.133 - - [10/Jun/2026:18:35:35 +0200] "GET /wp-content/plugins/header-footer-elementor/assets/css/header-footer-elementor.css?ver=2.8.8 HTTP/1.1" 200 260 "https://parma.elettroservicegroup.it/assistenza-lavatrici-parma/" "AdsBot-Google (+http://www.google.com/adsbot.html)"
66.249.89.133 - - [10/Jun/2026:18:35:36 +0200] "GET /wp-content/plugins/gp-premium/menu-plus/functions/js/sticky.min.js?ver=2.5.5 HTTP/1.1" 200 2670 "https://parma.elettroservicegroup.it/assistenza-lavatrici-parma/" "AdsBot-Google (+http://www.google.com/adsbot.html)"
66.249.89.133 - - [10/Jun/2026:18:35:37 +0200] "GET /wp-content/plugins/elementor/assets/lib/font-awesome/css/solid.css?ver=5.15.3 HTTP/1.1" 200 299 "https://parma.elettroservicegroup.it/assistenza-lavatrici-parma/" "AdsBot-Google (+http://www.google.com/adsbot.html)"
66.249.89.133 - - [10/Jun/2026:18:35:38 +0200] "GET /wp-content/plugins/elementor/assets/lib/font-awesome/css/regular.min.css?ver=5.15.3 HTTP/1.1" 200 282 "https://parma.elettroservicegroup.it/assistenza-lavatrici-parma/" "AdsBot-Google (+http://www.google.com/adsbot.html)"
66.249.89.133 - - [10/Jun/2026:18:35:38 +0200] "GET /wp-content/plugins/header-footer-elementor/inc/widgets-css/frontend.css?ver=2.8.8 HTTP/1.1" 200 8711 "https://parma.elettroservicegroup.it/assistenza-lavatrici-parma/" "AdsBot-Google (+http://www.google.com/adsbot.html)"
66.249.89.133 - - [10/Jun/2026:18:35:39 +0200] "GET /wp-content/uploads/elementor/google-fonts/css/roboto.css?ver=1742280360 HTTP/1.1" 200 1880 "https://parma.elettroservicegroup.it/assistenza-lavatrici-parma/" "AdsBot-Google (+http://www.google.com/adsbot.html)"
66.249.89.133 - - [10/Jun/2026:18:35:40 +0200] "GET /wp-content/themes/generatepress/assets/js/menu.min.js?ver=3.6.1 HTTP/1.1" 200 1688 "https://parma.elettroservicegroup.it/assistenza-lavatrici-parma/" "AdsBot-Google (+http://www.google.com/adsbot.html)"
66.249.89.133 - - [10/Jun/2026:18:35:41 +0200] "GET /wp-content/themes/generatepress/assets/js/back-to-top.min.js?ver=3.6.1 HTTP/1.1" 200 336 "https://parma.elettroservicegroup.it/assistenza-lavatrici-parma/" "AdsBot-Google (+http://www.google.com/adsbot.html)"
66.249.89.133 - - [10/Jun/2026:18:35:42 +0200] "GET /wp-content/plugins/complianz-gdpr-premium/assets/css/cookieblocker.min.css?ver=1780326315 HTTP/1.1" 200 615 "https://parma.elettroservicegroup.it/assistenza-lavatrici-parma/" "AdsBot-Google (+http://www.google.com/adsbot.html)"
66.249.89.133 - - [10/Jun/2026:18:35:42 +0200] "GET /wp-content/plugins/burst-statistics/assets/js/timeme/timeme.min.js?ver=1780499187 HTTP/1.1" 200 1835 "https://parma.elettroservicegroup.it/assistenza-lavatrici-parma/" "AdsBot-Google (+http://www.google.com/adsbot.html)"
66.249.89.133 - - [10/Jun/2026:18:35:43 +0200] "GET /wp-content/uploads/burst/js/burst.min.js?ver=1781085631 HTTP/1.1" 200 3381 "https://parma.elettroservicegroup.it/assistenza-lavatrici-parma/" "AdsBot-Google (+http://www.google.com/adsbot.html)"
66.249.89.133 - - [10/Jun/2026:18:35:44 +0200] "GET /wp-content/plugins/complianz-gdpr-premium/cookiebanner/js/complianz.min.js?ver=1780326315 HTTP/1.1" 200 10708 "https://parma.elettroservicegroup.it/assistenza-lavatrici-parma/" "AdsBot-Google (+http://www.google.com/adsbot.html)"
66.249.89.133 - - [10/Jun/2026:18:35:45 +0200] "GET /wp-content/uploads/elementor/google-fonts/fonts/roboto-kfo7cnqeu92fr1me7ksn66agldtyluama3yuba.woff2 HTTP/1.1" 304 - "https://parma.elettroservicegroup.it/wp-content/uploads/elementor/google-fonts/css/roboto.css?ver=1742280360" "AdsBot-Google (+http://www.google.com/adsbot.html)"
66.249.89.133 - - [10/Jun/2026:18:35:45 +0200] "GET /wp-content/uploads/elementor/google-fonts/fonts/roboto-kfo7cnqeu92fr1me7ksn66agldtyluama3yuba.woff2 HTTP/1.1" 200 40132 "https://parma.elettroservicegroup.it/wp-content/uploads/elementor/google-fonts/css/roboto.css?ver=1742280360" "AdsBot-Google (+http://www.google.com/adsbot.html)"
66.249.89.133 - - [10/Jun/2026:18:35:46 +0200] "GET /wp-content/plugins/elementor/assets/lib/font-awesome/webfonts/fa-regular-400.woff2 HTTP/1.1" 304 - "https://parma.elettroservicegroup.it/wp-content/plugins/elementor/assets/lib/font-awesome/css/all.min.css?ver=4.1.2" "AdsBot-Google (+http://www.google.com/adsbot.html)"
66.249.89.133 - - [10/Jun/2026:18:35:46 +0200] "GET /wp-content/plugins/elementor/assets/lib/font-awesome/webfonts/fa-solid-900.woff2 HTTP/1.1" 304 - "https://parma.elettroservicegroup.it/wp-content/plugins/elementor/assets/lib/font-awesome/css/all.min.css?ver=4.1.2" "AdsBot-Google (+http://www.google.com/adsbot.html)"
65.108.235.243 - - [10/Jun/2026:18:35:47 +0200] "POST /wp-cron.php?doing_wp_cron=1781109347.7879829406738281250000 HTTP/1.1" 200 1 "-" "WordPress/7.0; https://parma.elettroservicegroup.it"
66.249.89.133 - - [10/Jun/2026:18:35:47 +0200] "GET /wp-json/complianz/v1/banner?lang=it&locale=it_IT&token=haffc HTTP/1.1" 200 84 "https://parma.elettroservicegroup.it/assistenza-lavatrici-parma/" "AdsBot-Google (+http://www.google.com/adsbot.html)"
66.249.89.133 - - [10/Jun/2026:18:35:48 +0200] "GET /wp-content/uploads/complianz/css/banner-1-optin.css?v=46 HTTP/1.1" 200 2617 "https://parma.elettroservicegroup.it/assistenza-lavatrici-parma/" "AdsBot-Google (+http://www.google.com/adsbot.html)"
66.249.89.133 - - [10/Jun/2026:18:35:49 +0200] "GET /wp-json/complianz/v1/cookie_data HTTP/1.1" 200 81 "https://parma.elettroservicegroup.it/assistenza-lavatrici-parma/" "AdsBot-Google (+http://www.google.com/adsbot.html)"
66.249.89.133 - - [10/Jun/2026:18:35:49 +0200] "GET /wp-content/plugins/elementor/assets/js/shared-frontend-handlers.03caa53373b56d3bab67.bundle.min.js HTTP/1.1" 200 2515 "https://parma.elettroservicegroup.it/assistenza-lavatrici-parma/" "AdsBot-Google (+http://www.google.com/adsbot.html)"
66.249.89.133 - - [10/Jun/2026:18:35:50 +0200] "GET /wp-content/plugins/elementor/assets/js/section-frontend-handlers.d85ab872da118940910d.bundle.min.js HTTP/1.1" 200 230 "https://parma.elettroservicegroup.it/assistenza-lavatrici-parma/" "AdsBot-Google (+http://www.google.com/adsbot.html)"
66.249.89.133 - - [10/Jun/2026:18:35:51 +0200] "GET /wp-content/plugins/elementor/assets/js/text-editor.45609661e409413f1cef.bundle.min.js HTTP/1.1" 200 592 "https://parma.elettroservicegroup.it/assistenza-lavatrici-parma/" "AdsBot-Google (+http://www.google.com/adsbot.html)"
