110.249.202.32 - - [10/Jun/2026:17:16:30 +0200] "GET /wp-content/uploads/2022/01/elettro3.jpg HTTP/2.0" 404 87925 "https://reggio-emilia.elettroservicegroup.it/assistenza-smeg-scandiano/" "Mozilla/5.0 (Linux; Android 5.0) AppleWebKit/537.36 (KHTML, like Gecko) Mobile Safari/537.36 (compatible; Bytespider; https://zhanzhang.toutiao.com/)"
110.249.202.32 - - [10/Jun/2026:17:16:30 +0200] "GET /wp-content/uploads/2022/01/elett5-2.jpg HTTP/2.0" 404 87925 "https://reggio-emilia.elettroservicegroup.it/assistenza-smeg-scandiano/" "Mozilla/5.0 (Linux; Android 5.0) AppleWebKit/537.36 (KHTML, like Gecko) Mobile Safari/537.36 (compatible; Bytespider; https://zhanzhang.toutiao.com/)"
111.225.148.240 - - [10/Jun/2026:17:17:31 +0200] "GET /assistenza-siemens-reggio-emilia/ HTTP/2.0" 403 24910 "-" "Mozilla/5.0 (Linux; Android 5.0) AppleWebKit/537.36 (KHTML, like Gecko) Mobile Safari/537.36 (compatible; Bytespider; https://zhanzhang.toutiao.com/)"
111.225.148.240 - - [10/Jun/2026:17:17:33 +0200] "GET /wp-content/plugins/header-footer-elementor/assets/css/header-footer-elementor.css?ver=2.8.8 HTTP/2.0" 404 19247 "https://reggio-emilia.elettroservicegroup.it/assistenza-siemens-reggio-emilia/" "Mozilla/5.0 (Linux; Android 5.0) AppleWebKit/537.36 (KHTML, like Gecko) Mobile Safari/537.36 (compatible; Bytespider; https://zhanzhang.toutiao.com/)"
111.225.148.240 - - [10/Jun/2026:17:17:33 +0200] "GET /wp-content/uploads/elementor/css/post-17828.css?ver=1781020425 HTTP/2.0" 404 19234 "https://reggio-emilia.elettroservicegroup.it/assistenza-siemens-reggio-emilia/" "Mozilla/5.0 (Linux; Android 5.0) AppleWebKit/537.36 (KHTML, like Gecko) Mobile Safari/537.36 (compatible; Bytespider; https://zhanzhang.toutiao.com/)"
111.225.148.240 - - [10/Jun/2026:17:17:33 +0200] "GET /wp-content/themes/generatepress/assets/css/main.min.css?ver=3.6.1 HTTP/2.0" 404 19239 "https://reggio-emilia.elettroservicegroup.it/assistenza-siemens-reggio-emilia/" "Mozilla/5.0 (Linux; Android 5.0) AppleWebKit/537.36 (KHTML, like Gecko) Mobile Safari/537.36 (compatible; Bytespider; https://zhanzhang.toutiao.com/)"
111.225.148.240 - - [10/Jun/2026:17:17:33 +0200] "GET /wp-content/plugins/elementor/assets/css/widget-social-icons.min.css?ver=3.24.0 HTTP/2.0" 404 19240 "https://reggio-emilia.elettroservicegroup.it/assistenza-siemens-reggio-emilia/" "Mozilla/5.0 (Linux; Android 5.0) AppleWebKit/537.36 (KHTML, like Gecko) Mobile Safari/537.36 (compatible; Bytespider; https://zhanzhang.toutiao.com/)"
111.225.148.240 - - [10/Jun/2026:17:17:33 +0200] "GET /wp-content/plugins/elementor/assets/lib/animations/styles/bounceIn.min.css?ver=4.1.2 HTTP/2.0" 404 19254 "https://reggio-emilia.elettroservicegroup.it/assistenza-siemens-reggio-emilia/" "Mozilla/5.0 (Linux; Android 5.0) AppleWebKit/537.36 (KHTML, like Gecko) Mobile Safari/537.36 (compatible; Bytespider; https://zhanzhang.toutiao.com/)"
111.225.148.240 - - [10/Jun/2026:17:17:34 +0200] "GET /wp-includes/js/jquery/jquery-migrate.min.js?ver=3.4.1 HTTP/2.0" 404 19233 "https://reggio-emilia.elettroservicegroup.it/assistenza-siemens-reggio-emilia/" "Mozilla/5.0 (Linux; Android 5.0) AppleWebKit/537.36 (KHTML, like Gecko) Mobile Safari/537.36 (compatible; Bytespider; https://zhanzhang.toutiao.com/)"
111.225.148.240 - - [10/Jun/2026:17:17:34 +0200] "GET /wp-includes/js/jquery/jquery.min.js?ver=3.7.1 HTTP/2.0" 404 19229 "https://reggio-emilia.elettroservicegroup.it/assistenza-siemens-reggio-emilia/" "Mozilla/5.0 (Linux; Android 5.0) AppleWebKit/537.36 (KHTML, like Gecko) Mobile Safari/537.36 (compatible; Bytespider; https://zhanzhang.toutiao.com/)"
111.225.148.240 - - [10/Jun/2026:17:17:34 +0200] "GET /wp-content/plugins/elementor/assets/lib/font-awesome/js/v4-shims.min.js?ver=4.1.2 HTTP/2.0" 404 19249 "https://reggio-emilia.elettroservicegroup.it/assistenza-siemens-reggio-emilia/" "Mozilla/5.0 (Linux; Android 5.0) AppleWebKit/537.36 (KHTML, like Gecko) Mobile Safari/537.36 (compatible; Bytespider; https://zhanzhang.toutiao.com/)"
111.225.148.240 - - [10/Jun/2026:17:17:41 +0200] "GET /wp-content/plugins/gp-premium/menu-plus/functions/js/sticky.min.js?ver=2.5.5 HTTP/2.0" 404 19246 "https://reggio-emilia.elettroservicegroup.it/assistenza-siemens-reggio-emilia/" "Mozilla/5.0 (Linux; Android 5.0) AppleWebKit/537.36 (KHTML, like Gecko) Mobile Safari/537.36 (compatible; Bytespider; https://zhanzhang.toutiao.com/)"
111.225.148.240 - - [10/Jun/2026:17:17:41 +0200] "GET /wp-content/uploads/2021/10/cropped-logo_white_background.png HTTP/2.0" 404 88079 "https://reggio-emilia.elettroservicegroup.it/assistenza-siemens-reggio-emilia/" "Mozilla/5.0 (Linux; Android 5.0) AppleWebKit/537.36 (KHTML, like Gecko) Mobile Safari/537.36 (compatible; Bytespider; https://zhanzhang.toutiao.com/)"
111.225.148.240 - - [10/Jun/2026:17:17:44 +0200] "GET /wp-includes/js/jquery/ui/core.min.js?ver=1.13.3 HTTP/2.0" 404 19236 "https://reggio-emilia.elettroservicegroup.it/assistenza-siemens-reggio-emilia/" "Mozilla/5.0 (Linux; Android 5.0) AppleWebKit/537.36 (KHTML, like Gecko) Mobile Safari/537.36 (compatible; Bytespider; https://zhanzhang.toutiao.com/)"
111.225.148.240 - - [10/Jun/2026:17:17:44 +0200] "GET /wp-content/plugins/elementor/assets/js/frontend.min.js?ver=4.1.2 HTTP/2.0" 404 19224 "https://reggio-emilia.elettroservicegroup.it/assistenza-siemens-reggio-emilia/" "Mozilla/5.0 (Linux; Android 5.0) AppleWebKit/537.36 (KHTML, like Gecko) Mobile Safari/537.36 (compatible; Bytespider; https://zhanzhang.toutiao.com/)"
111.225.148.240 - - [10/Jun/2026:17:17:44 +0200] "GET /wp-content/plugins/elementor/assets/js/frontend-modules.min.js?ver=4.1.2 HTTP/2.0" 404 19234 "https://reggio-emilia.elettroservicegroup.it/assistenza-siemens-reggio-emilia/" "Mozilla/5.0 (Linux; Android 5.0) AppleWebKit/537.36 (KHTML, like Gecko) Mobile Safari/537.36 (compatible; Bytespider; https://zhanzhang.toutiao.com/)"
111.225.148.240 - - [10/Jun/2026:17:17:44 +0200] "GET /wp-content/plugins/elementor/assets/js/webpack.runtime.min.js?ver=4.1.2 HTTP/2.0" 404 19235 "https://reggio-emilia.elettroservicegroup.it/assistenza-siemens-reggio-emilia/" "Mozilla/5.0 (Linux; Android 5.0) AppleWebKit/537.36 (KHTML, like Gecko) Mobile Safari/537.36 (compatible; Bytespider; https://zhanzhang.toutiao.com/)"
111.225.148.240 - - [10/Jun/2026:17:17:44 +0200] "GET /wp-content/uploads/2022/08/copertina-Riparazione_Lavastoviglie-.jpg HTTP/2.0" 404 88128 "https://reggio-emilia.elettroservicegroup.it/assistenza-siemens-reggio-emilia/" "Mozilla/5.0 (Linux; Android 5.0) AppleWebKit/537.36 (KHTML, like Gecko) Mobile Safari/537.36 (compatible; Bytespider; https://zhanzhang.toutiao.com/)"
65.108.235.243 - - [10/Jun/2026:17:18:06 +0200] "POST /wp-cron.php?doing_wp_cron=1781104686.7330288887023925781250 HTTP/1.1" 200 1 "-" "WordPress/7.0; https://reggio-emilia.elettroservicegroup.it"
111.225.148.240 - - [10/Jun/2026:17:18:04 +0200] "GET /wp-content/themes/generatepress/assets/js/back-to-top.min.js?ver=3.6.1 HTTP/2.0" 404 19248 "https://reggio-emilia.elettroservicegroup.it/assistenza-siemens-reggio-emilia/" "Mozilla/5.0 (Linux; Android 5.0) AppleWebKit/537.36 (KHTML, like Gecko) Mobile Safari/537.36 (compatible; Bytespider; https://zhanzhang.toutiao.com/)"
111.225.148.240 - - [10/Jun/2026:17:18:04 +0200] "GET /wp-content/themes/generatepress/assets/js/menu.min.js?ver=3.6.1 HTTP/2.0" 404 19238 "https://reggio-emilia.elettroservicegroup.it/assistenza-siemens-reggio-emilia/" "Mozilla/5.0 (Linux; Android 5.0) AppleWebKit/537.36 (KHTML, like Gecko) Mobile Safari/537.36 (compatible; Bytespider; https://zhanzhang.toutiao.com/)"
111.225.148.240 - - [10/Jun/2026:17:18:04 +0200] "GET /wp-content/plugins/google-analytics-for-wordpress/assets/js/frontend-gtag.min.js?ver=10.2.2 HTTP/2.0" 404 19248 "https://reggio-emilia.elettroservicegroup.it/assistenza-siemens-reggio-emilia/" "Mozilla/5.0 (Linux; Android 5.0) AppleWebKit/537.36 (KHTML, like Gecko) Mobile Safari/537.36 (compatible; Bytespider; https://zhanzhang.toutiao.com/)"
111.225.148.240 - - [10/Jun/2026:17:18:04 +0200] "GET /wp-content/plugins/complianz-gdpr-premium/cookiebanner/js/complianz.min.js?ver=1780326507 HTTP/2.0" 404 19243 "https://reggio-emilia.elettroservicegroup.it/assistenza-siemens-reggio-emilia/" "Mozilla/5.0 (Linux; Android 5.0) AppleWebKit/537.36 (KHTML, like Gecko) Mobile Safari/537.36 (compatible; Bytespider; https://zhanzhang.toutiao.com/)"
111.225.148.240 - - [10/Jun/2026:17:18:04 +0200] "GET /wp-content/uploads/2022/08/ASCIUGATRICE-TECNIC.jpg HTTP/2.0" 404 88009 "https://reggio-emilia.elettroservicegroup.it/assistenza-siemens-reggio-emilia/" "Mozilla/5.0 (Linux; Android 5.0) AppleWebKit/537.36 (KHTML, like Gecko) Mobile Safari/537.36 (compatible; Bytespider; https://zhanzhang.toutiao.com/)"
65.108.235.243 - - [10/Jun/2026:17:25:54 +0200] "POST /wp-cron.php?doing_wp_cron=1781105154.3344540596008300781250 HTTP/1.1" 200 1 "-" "WordPress/7.0; https://reggio-emilia.elettroservicegroup.it"
109.54.144.8 - - [10/Jun/2026:17:25:51 +0200] "GET /assistenza-rex-electrolux-reggio-emilia/ HTTP/2.0" 200 25000 "-" "Mozilla/5.0 (iPhone; CPU iPhone OS 18_7 like Mac OS X) AppleWebKit/605.1.15 (KHTML, like Gecko) Version/26.5 Mobile/15E148 Safari/604.1"
109.54.144.8 - - [10/Jun/2026:17:25:54 +0200] "GET /wp-content/plugins/elementor/assets/css/widget-heading.min.css?ver=4.1.2 HTTP/2.0" 200 127 "https://reggio-emilia.elettroservicegroup.it/assistenza-rex-electrolux-reggio-emilia/" "Mozilla/5.0 (iPhone; CPU iPhone OS 18_7 like Mac OS X) AppleWebKit/605.1.15 (KHTML, like Gecko) Version/26.5 Mobile/15E148 Safari/604.1"
109.54.144.8 - - [10/Jun/2026:17:25:54 +0200] "GET /wp-content/plugins/elementor/assets/css/widget-spacer.min.css?ver=4.1.2 HTTP/2.0" 200 287 "https://reggio-emilia.elettroservicegroup.it/assistenza-rex-electrolux-reggio-emilia/" "Mozilla/5.0 (iPhone; CPU iPhone OS 18_7 like Mac OS X) AppleWebKit/605.1.15 (KHTML, like Gecko) Version/26.5 Mobile/15E148 Safari/604.1"
109.54.144.8 - - [10/Jun/2026:17:25:54 +0200] "GET /wp-content/plugins/elementor/assets/lib/animations/styles/zoomIn.min.css?ver=4.1.2 HTTP/2.0" 200 87 "https://reggio-emilia.elettroservicegroup.it/assistenza-rex-electrolux-reggio-emilia/" "Mozilla/5.0 (iPhone; CPU iPhone OS 18_7 like Mac OS X) AppleWebKit/605.1.15 (KHTML, like Gecko) Version/26.5 Mobile/15E148 Safari/604.1"
109.54.144.8 - - [10/Jun/2026:17:25:54 +0200] "GET /wp-content/uploads/elementor/css/post-14366.css?ver=1781018154 HTTP/2.0" 200 302 "https://reggio-emilia.elettroservicegroup.it/assistenza-rex-electrolux-reggio-emilia/" "Mozilla/5.0 (iPhone; CPU iPhone OS 18_7 like Mac OS X) AppleWebKit/605.1.15 (KHTML, like Gecko) Version/26.5 Mobile/15E148 Safari/604.1"
109.54.144.8 - - [10/Jun/2026:17:25:54 +0200] "GET /wp-content/uploads/elementor/css/post-14146.css?ver=1781018154 HTTP/2.0" 200 428 "https://reggio-emilia.elettroservicegroup.it/assistenza-rex-electrolux-reggio-emilia/" "Mozilla/5.0 (iPhone; CPU iPhone OS 18_7 like Mac OS X) AppleWebKit/605.1.15 (KHTML, like Gecko) Version/26.5 Mobile/15E148 Safari/604.1"
109.54.144.8 - - [10/Jun/2026:17:25:54 +0200] "GET /wp-content/plugins/elementor/assets/lib/animations/styles/bounceIn.min.css?ver=4.1.2 HTTP/2.0" 200 186 "https://reggio-emilia.elettroservicegroup.it/assistenza-rex-electrolux-reggio-emilia/" "Mozilla/5.0 (iPhone; CPU iPhone OS 18_7 like Mac OS X) AppleWebKit/605.1.15 (KHTML, like Gecko) Version/26.5 Mobile/15E148 Safari/604.1"
109.54.144.8 - - [10/Jun/2026:17:25:54 +0200] "GET /wp-content/plugins/elementor/assets/css/widget-image.min.css?ver=4.1.2 HTTP/2.0" 200 96 "https://reggio-emilia.elettroservicegroup.it/assistenza-rex-electrolux-reggio-emilia/" "Mozilla/5.0 (iPhone; CPU iPhone OS 18_7 like Mac OS X) AppleWebKit/605.1.15 (KHTML, like Gecko) Version/26.5 Mobile/15E148 Safari/604.1"
109.54.144.8 - - [10/Jun/2026:17:25:54 +0200] "GET /wp-content/uploads/elementor/css/post-17822.css?ver=1781021296 HTTP/2.0" 200 2174 "https://reggio-emilia.elettroservicegroup.it/assistenza-rex-electrolux-reggio-emilia/" "Mozilla/5.0 (iPhone; CPU iPhone OS 18_7 like Mac OS X) AppleWebKit/605.1.15 (KHTML, like Gecko) Version/26.5 Mobile/15E148 Safari/604.1"
109.54.144.8 - - [10/Jun/2026:17:25:54 +0200] "GET /wp-content/plugins/elementor/assets/css/frontend.min.css?ver=4.1.2 HTTP/2.0" 200 6618 "https://reggio-emilia.elettroservicegroup.it/assistenza-rex-electrolux-reggio-emilia/" "Mozilla/5.0 (iPhone; CPU iPhone OS 18_7 like Mac OS X) AppleWebKit/605.1.15 (KHTML, like Gecko) Version/26.5 Mobile/15E148 Safari/604.1"
109.54.144.8 - - [10/Jun/2026:17:25:54 +0200] "GET /wp-content/plugins/elementor/assets/lib/font-awesome/css/v4-shims.min.css?ver=4.1.2 HTTP/2.0" 200 3986 "https://reggio-emilia.elettroservicegroup.it/assistenza-rex-electrolux-reggio-emilia/" "Mozilla/5.0 (iPhone; CPU iPhone OS 18_7 like Mac OS X) AppleWebKit/605.1.15 (KHTML, like Gecko) Version/26.5 Mobile/15E148 Safari/604.1"
109.54.144.8 - - [10/Jun/2026:17:25:54 +0200] "GET /wp-content/plugins/elementor/assets/lib/font-awesome/js/v4-shims.min.js?ver=4.1.2 HTTP/2.0" 200 4043 "https://reggio-emilia.elettroservicegroup.it/assistenza-rex-electrolux-reggio-emilia/" "Mozilla/5.0 (iPhone; CPU iPhone OS 18_7 like Mac OS X) AppleWebKit/605.1.15 (KHTML, like Gecko) Version/26.5 Mobile/15E148 Safari/604.1"
109.54.144.8 - - [10/Jun/2026:17:25:54 +0200] "GET /wp-content/plugins/elementor/assets/lib/font-awesome/css/all.min.css?ver=4.1.2 HTTP/2.0" 200 12402 "https://reggio-emilia.elettroservicegroup.it/assistenza-rex-electrolux-reggio-emilia/" "Mozilla/5.0 (iPhone; CPU iPhone OS 18_7 like Mac OS X) AppleWebKit/605.1.15 (KHTML, like Gecko) Version/26.5 Mobile/15E148 Safari/604.1"
109.54.144.8 - - [10/Jun/2026:17:25:54 +0200] "GET /wp-content/plugins/elementor/assets/js/webpack.runtime.min.js?ver=4.1.2 HTTP/2.0" 200 2340 "https://reggio-emilia.elettroservicegroup.it/assistenza-rex-electrolux-reggio-emilia/" "Mozilla/5.0 (iPhone; CPU iPhone OS 18_7 like Mac OS X) AppleWebKit/605.1.15 (KHTML, like Gecko) Version/26.5 Mobile/15E148 Safari/604.1"
109.54.144.8 - - [10/Jun/2026:17:25:54 +0200] "GET /wp-content/plugins/elementor/assets/js/frontend.min.js?ver=4.1.2 HTTP/2.0" 200 10140 "https://reggio-emilia.elettroservicegroup.it/assistenza-rex-electrolux-reggio-emilia/" "Mozilla/5.0 (iPhone; CPU iPhone OS 18_7 like Mac OS X) AppleWebKit/605.1.15 (KHTML, like Gecko) Version/26.5 Mobile/15E148 Safari/604.1"
109.54.144.8 - - [10/Jun/2026:17:25:54 +0200] "GET /wp-content/plugins/elementor/assets/js/frontend-modules.min.js?ver=4.1.2 HTTP/2.0" 200 15454 "https://reggio-emilia.elettroservicegroup.it/assistenza-rex-electrolux-reggio-emilia/" "Mozilla/5.0 (iPhone; CPU iPhone OS 18_7 like Mac OS X) AppleWebKit/605.1.15 (KHTML, like Gecko) Version/26.5 Mobile/15E148 Safari/604.1"
109.54.144.8 - - [10/Jun/2026:17:25:54 +0200] "GET /wp-json/complianz/v1/banner?lang=it&locale=it_IT&token=kegjs HTTP/2.0" 200 84 "https://reggio-emilia.elettroservicegroup.it/assistenza-rex-electrolux-reggio-emilia/" "Mozilla/5.0 (iPhone; CPU iPhone OS 18_7 like Mac OS X) AppleWebKit/605.1.15 (KHTML, like Gecko) Version/26.5 Mobile/15E148 Safari/604.1"
65.108.235.243 - - [10/Jun/2026:17:25:54 +0200] "GET /assistenza-lavastoviglie-guastalla/ HTTP/1.1" 200 25265 "-" "WP Fastest Cache Preload Bot"
109.54.144.8 - - [10/Jun/2026:17:25:55 +0200] "GET /wp-json/complianz/v1/cookie_data HTTP/2.0" 200 82 "https://reggio-emilia.elettroservicegroup.it/assistenza-rex-electrolux-reggio-emilia/" "Mozilla/5.0 (iPhone; CPU iPhone OS 18_7 like Mac OS X) AppleWebKit/605.1.15 (KHTML, like Gecko) Version/26.5 Mobile/15E148 Safari/604.1"
65.108.235.243 - - [10/Jun/2026:17:25:55 +0200] "GET /assistenza-lavastoviglie-correggio/ HTTP/1.1" 200 25264 "-" "WP Fastest Cache Preload Bot"
65.108.235.243 - - [10/Jun/2026:17:25:57 +0200] "GET /assistenza-indesit-guastalla/ HTTP/1.1" 200 24753 "-" "WP Fastest Cache Preload Bot"
65.108.235.243 - - [10/Jun/2026:17:25:58 +0200] "GET /assistenza-lavastoviglie-reggio-emilia/ HTTP/1.1" 200 25211 "-" "WP Fastest Cache Preload Bot"
135.181.131.91 - - [10/Jun/2026:17:49:43 +0200] "GET /wp-login.php HTTP/1.1" 200 11797 "-" "Mozilla/5.0 (Windows NT 10.0; Win64; x64) AppleWebKit/537.36 (KHTML, like Gecko) Chrome/124.0.0.0 Safari/537.36"
135.181.131.91 - - [10/Jun/2026:17:49:43 +0200] "POST /wp-login.php HTTP/1.1" 200 11797 "https://reggio-emilia.elettroservicegroup.it/wp-login.php" "Mozilla/5.0 (Windows NT 10.0; Win64; x64) AppleWebKit/537.36 (KHTML, like Gecko) Chrome/124.0.0.0 Safari/537.36"
135.181.131.91 - - [10/Jun/2026:17:49:43 +0200] "GET /wp-admin/ HTTP/1.1" 200 11796 "-" "Mozilla/5.0 (Windows NT 10.0; Win64; x64) AppleWebKit/537.36 (KHTML, like Gecko) Chrome/124.0.0.0 Safari/537.36"
47.128.23.197 - - [10/Jun/2026:18:16:32 +0200] "GET /wozu-dient-die-identitatsprufung-bei-monacojack-und-wie-lauft-sie-ab/ HTTP/2.0" 200 11952 "-" "Mozilla/5.0 (Linux; Android 5.0) AppleWebKit/537.36 (KHTML, like Gecko) Mobile Safari/537.36 (compatible; Bytespider; spider-feedback@bytedance.com)"
65.108.235.243 - - [10/Jun/2026:18:20:37 +0200] "POST /wp-cron.php?doing_wp_cron=1781108437.6775150299072265625000 HTTP/1.1" 200 1 "-" "WordPress/7.0; https://reggio-emilia.elettroservicegroup.it"
47.128.23.39 - - [10/Jun/2026:18:20:34 +0200] "GET /wozu-dient-die-identitatsprufung-bei-monacojack-und-wie-lauft-sie-ab/ HTTP/2.0" 404 17944 "-" "Mozilla/5.0 (Linux; Android 5.0) AppleWebKit/537.36 (KHTML, like Gecko) Mobile Safari/537.36 (compatible; Bytespider; spider-feedback@bytedance.com)"
65.108.235.243 - - [10/Jun/2026:18:20:38 +0200] "GET /assistenza-indesit-correggio/ HTTP/1.1" 200 24754 "-" "WP Fastest Cache Preload Bot"
47.128.23.39 - - [10/Jun/2026:18:20:38 +0200] "GET /wp-includes/css/dist/block-library/style.min.css?ver=7.0 HTTP/2.0" 404 19272 "https://reggio-emilia.elettroservicegroup.it/wozu-dient-die-identitatsprufung-bei-monacojack-und-wie-lauft-sie-ab/" "Mozilla/5.0 (Linux; Android 5.0) AppleWebKit/537.36 (KHTML, like Gecko) Mobile Safari/537.36 (compatible; Bytespider; spider-feedback@bytedance.com)"
65.108.235.243 - - [10/Jun/2026:18:20:38 +0200] "GET /assistenza-indesit-reggio-emilia/ HTTP/1.1" 200 24742 "-" "WP Fastest Cache Preload Bot"
47.128.23.39 - - [10/Jun/2026:18:20:39 +0200] "GET /wp-content/uploads/elementor/css/post-14366.css?ver=1781018154 HTTP/2.0" 404 19272 "https://reggio-emilia.elettroservicegroup.it/wozu-dient-die-identitatsprufung-bei-monacojack-und-wie-lauft-sie-ab/" "Mozilla/5.0 (Linux; Android 5.0) AppleWebKit/537.36 (KHTML, like Gecko) Mobile Safari/537.36 (compatible; Bytespider; spider-feedback@bytedance.com)"
47.128.23.39 - - [10/Jun/2026:18:20:39 +0200] "GET /wp-content/plugins/elementor/assets/lib/eicons/css/elementor-icons.min.css?ver=5.34.0 HTTP/2.0" 404 19283 "https://reggio-emilia.elettroservicegroup.it/wozu-dient-die-identitatsprufung-bei-monacojack-und-wie-lauft-sie-ab/" "Mozilla/5.0 (Linux; Android 5.0) AppleWebKit/537.36 (KHTML, like Gecko) Mobile Safari/537.36 (compatible; Bytespider; spider-feedback@bytedance.com)"
47.128.23.39 - - [10/Jun/2026:18:20:39 +0200] "GET /wp-content/uploads/elementor/css/post-14146.css?ver=1781018154 HTTP/2.0" 404 19270 "https://reggio-emilia.elettroservicegroup.it/wozu-dient-die-identitatsprufung-bei-monacojack-und-wie-lauft-sie-ab/" "Mozilla/5.0 (Linux; Android 5.0) AppleWebKit/537.36 (KHTML, like Gecko) Mobile Safari/537.36 (compatible; Bytespider; spider-feedback@bytedance.com)"
47.128.23.39 - - [10/Jun/2026:18:20:39 +0200] "GET /wp-content/plugins/all-in-one-seo-pack/dist/Lite/assets/css/table-of-contents/global.e90f6d47.css?ver=4.9.7.2 HTTP/2.0" 404 19287 "https://reggio-emilia.elettroservicegroup.it/wozu-dient-die-identitatsprufung-bei-monacojack-und-wie-lauft-sie-ab/" "Mozilla/5.0 (Linux; Android 5.0) AppleWebKit/537.36 (KHTML, like Gecko) Mobile Safari/537.36 (compatible; Bytespider; spider-feedback@bytedance.com)"
47.128.23.39 - - [10/Jun/2026:18:20:39 +0200] "GET /wp-content/plugins/header-footer-elementor/assets/css/header-footer-elementor.css?ver=2.8.8 HTTP/2.0" 404 19286 "https://reggio-emilia.elettroservicegroup.it/wozu-dient-die-identitatsprufung-bei-monacojack-und-wie-lauft-sie-ab/" "Mozilla/5.0 (Linux; Android 5.0) AppleWebKit/537.36 (KHTML, like Gecko) Mobile Safari/537.36 (compatible; Bytespider; spider-feedback@bytedance.com)"
47.128.23.39 - - [10/Jun/2026:18:20:39 +0200] "GET /wp-content/plugins/elementor/assets/lib/font-awesome/css/solid.css?ver=5.15.3 HTTP/2.0" 404 19287 "https://reggio-emilia.elettroservicegroup.it/wozu-dient-die-identitatsprufung-bei-monacojack-und-wie-lauft-sie-ab/" "Mozilla/5.0 (Linux; Android 5.0) AppleWebKit/537.36 (KHTML, like Gecko) Mobile Safari/537.36 (compatible; Bytespider; spider-feedback@bytedance.com)"
47.128.23.39 - - [10/Jun/2026:18:20:39 +0200] "GET /wp-content/uploads/elementor/google-fonts/css/roboto.css?ver=1742255001 HTTP/2.0" 404 19266 "https://reggio-emilia.elettroservicegroup.it/wozu-dient-die-identitatsprufung-bei-monacojack-und-wie-lauft-sie-ab/" "Mozilla/5.0 (Linux; Android 5.0) AppleWebKit/537.36 (KHTML, like Gecko) Mobile Safari/537.36 (compatible; Bytespider; spider-feedback@bytedance.com)"
47.128.23.39 - - [10/Jun/2026:18:20:39 +0200] "GET /wp-content/uploads/elementor/google-fonts/css/robotoslab.css?ver=1742255003 HTTP/2.0" 404 19274 "https://reggio-emilia.elettroservicegroup.it/wozu-dient-die-identitatsprufung-bei-monacojack-und-wie-lauft-sie-ab/" "Mozilla/5.0 (Linux; Android 5.0) AppleWebKit/537.36 (KHTML, like Gecko) Mobile Safari/537.36 (compatible; Bytespider; spider-feedback@bytedance.com)"
47.128.23.39 - - [10/Jun/2026:18:20:39 +0200] "GET /wp-content/plugins/gp-premium/blog/functions/css/featured-images.min.css?ver=2.5.5 HTTP/2.0" 404 19283 "https://reggio-emilia.elettroservicegroup.it/wozu-dient-die-identitatsprufung-bei-monacojack-und-wie-lauft-sie-ab/" "Mozilla/5.0 (Linux; Android 5.0) AppleWebKit/537.36 (KHTML, like Gecko) Mobile Safari/537.36 (compatible; Bytespider; spider-feedback@bytedance.com)"
47.128.23.39 - - [10/Jun/2026:18:20:39 +0200] "GET /wp-content/plugins/elementor/assets/lib/font-awesome/css/fontawesome.css?ver=5.15.3 HTTP/2.0" 404 19287 "https://reggio-emilia.elettroservicegroup.it/wozu-dient-die-identitatsprufung-bei-monacojack-und-wie-lauft-sie-ab/" "Mozilla/5.0 (Linux; Android 5.0) AppleWebKit/537.36 (KHTML, like Gecko) Mobile Safari/537.36 (compatible; Bytespider; spider-feedback@bytedance.com)"
65.108.235.243 - - [10/Jun/2026:18:20:42 +0200] "GET /assistenza-candy-rubiera/ HTTP/1.1" 200 24772 "-" "WP Fastest Cache Preload Bot"
47.128.23.39 - - [10/Jun/2026:18:20:44 +0200] "GET /wp-content/uploads/2021/10/cropped-logo_white_background.png HTTP/2.0" 404 88115 "https://reggio-emilia.elettroservicegroup.it/wozu-dient-die-identitatsprufung-bei-monacojack-und-wie-lauft-sie-ab/" "Mozilla/5.0 (Linux; Android 5.0) AppleWebKit/537.36 (KHTML, like Gecko) Mobile Safari/537.36 (compatible; Bytespider; spider-feedback@bytedance.com)"
65.108.235.243 - - [10/Jun/2026:18:20:46 +0200] "GET /assistenza-candy-scandiano/ HTTP/1.1" 200 24777 "-" "WP Fastest Cache Preload Bot"
193.24.211.48 - - [10/Jun/2026:18:44:07 +0200] "POST /xmlrpc.php HTTP/2.0" 200 11780 "-" "Mozilla/5.0 (Windows NT 10.0; Win64; x64) AppleWebKit/537.36 (KHTML, like Gecko) Chrome/124.0.0.0 Safari/537.36"
104.207.53.151 - - [10/Jun/2026:18:44:34 +0200] "POST /xmlrpc.php HTTP/2.0" 403 52 "-" "Mozilla/5.0 (Windows NT 10.0; Win64; x64; rv:133.0) Gecko/20100101 Firefox/133.0"
65.111.31.242 - - [10/Jun/2026:18:44:45 +0200] "POST /xmlrpc.php HTTP/2.0" 403 52 "-" "Mozilla/5.0 (Windows NT 10.0; Win64; x64; rv:133.0) Gecko/20100101 Firefox/133.0"
193.24.211.48 - - [10/Jun/2026:18:45:06 +0200] "GET /wp-login.php HTTP/2.0" 200 11781 "-" "Mozilla/5.0 (Windows NT 10.0; Win64; x64; rv:133.0) Gecko/20100101 Firefox/133.0"
65.108.235.243 - - [10/Jun/2026:18:45:28 +0200] "POST /wp-cron.php?doing_wp_cron=1781109928.6389760971069335937500 HTTP/1.1" 200 1 "-" "WordPress/7.0; https://reggio-emilia.elettroservicegroup.it"
45.3.51.199 - - [10/Jun/2026:18:45:23 +0200] "GET /wp-login.php HTTP/2.0" 200 5031 "-" "Mozilla/5.0 (Macintosh; Intel Mac OS X 10_15_7) AppleWebKit/605.1.15 (KHTML, like Gecko) Version/18.0 Safari/605.1.15"
65.108.235.243 - - [10/Jun/2026:18:45:29 +0200] "GET /assistenza-candy-santilario-denza/ HTTP/1.1" 200 24840 "-" "WP Fastest Cache Preload Bot"
65.108.235.243 - - [10/Jun/2026:18:45:30 +0200] "GET /assistenza-candy-guastalla/ HTTP/1.1" 200 24777 "-" "WP Fastest Cache Preload Bot"
65.108.235.243 - - [10/Jun/2026:18:45:31 +0200] "GET /assistenza-candy-correggio/ HTTP/1.1" 200 24771 "-" "WP Fastest Cache Preload Bot"
65.108.235.243 - - [10/Jun/2026:18:45:31 +0200] "GET /assistenza-candy-reggio-emilia/ HTTP/1.1" 200 24764 "-" "WP Fastest Cache Preload Bot"
72.14.201.19 - - [10/Jun/2026:18:46:51 +0200] "GET /assistenza-candy-reggio-emilia/ HTTP/2.0" 200 24956 "https://www.google.com/" "Mozilla/5.0 (Linux; Android 10; K) AppleWebKit/537.36 (KHTML, like Gecko) Chrome/149.0.0.0 Mobile Safari/537.36"
65.108.235.243 - - [10/Jun/2026:18:46:54 +0200] "POST /wp-cron.php?doing_wp_cron=1781110014.4164030551910400390625 HTTP/1.1" 200 1 "-" "WordPress/7.0; https://reggio-emilia.elettroservicegroup.it"
66.249.93.132 - - [10/Jun/2026:18:46:51 +0200] "GET /.well-known/traffic-advice HTTP/1.1" 404 17935 "-" "Chrome Privacy Preserving Prefetch Proxy"
65.108.235.243 - - [10/Jun/2026:18:46:55 +0200] "GET /assistenza-bosch-rubiera/ HTTP/1.1" 200 24699 "-" "WP Fastest Cache Preload Bot"
65.108.235.243 - - [10/Jun/2026:18:46:55 +0200] "GET /assistenza-bosch-scandiano/ HTTP/1.1" 200 24695 "-" "WP Fastest Cache Preload Bot"
65.108.235.243 - - [10/Jun/2026:18:46:56 +0200] "GET /assistenza-bosch-santilario-denza/ HTTP/1.1" 200 24775 "-" "WP Fastest Cache Preload Bot"
65.108.235.243 - - [10/Jun/2026:18:46:56 +0200] "GET /assistenza-bosch-guastalla/ HTTP/1.1" 200 24697 "-" "WP Fastest Cache Preload Bot"
162.120.187.143 - - [10/Jun/2026:19:14:11 +0200] "GET /assistenza-bosch-reggio-emilia/ HTTP/2.0" 200 24672 "https://www.google.com/" "Mozilla/5.0 (Windows NT 10.0; Win64; x64) AppleWebKit/537.36 (KHTML, like Gecko) Chrome/149.0.0.0 Safari/537.36"
65.108.235.243 - - [10/Jun/2026:19:16:39 +0200] "POST /wp-cron.php?doing_wp_cron=1781111799.0289430618286132812500 HTTP/1.1" 200 1 "-" "WordPress/7.0; https://reggio-emilia.elettroservicegroup.it"
47.128.23.33 - - [10/Jun/2026:19:16:36 +0200] "GET /entdecke-das-spieleruniversum-von-royal-coala-casino-mit-allen-facetten/ HTTP/2.0" 404 17956 "-" "Mozilla/5.0 (Linux; Android 5.0) AppleWebKit/537.36 (KHTML, like Gecko) Mobile Safari/537.36 (compatible; Bytespider; spider-feedback@bytedance.com)"
65.108.235.243 - - [10/Jun/2026:19:16:39 +0200] "GET /assistenza-bosch-correggio/ HTTP/1.1" 200 24695 "-" "WP Fastest Cache Preload Bot"
47.128.23.33 - - [10/Jun/2026:19:16:40 +0200] "GET /wp-includes/css/dist/block-library/style.min.css?ver=7.0 HTTP/2.0" 404 19275 "https://reggio-emilia.elettroservicegroup.it/entdecke-das-spieleruniversum-von-royal-coala-casino-mit-allen-facetten/" "Mozilla/5.0 (Linux; Android 5.0) AppleWebKit/537.36 (KHTML, like Gecko) Mobile Safari/537.36 (compatible; Bytespider; spider-feedback@bytedance.com)"
47.128.23.33 - - [10/Jun/2026:19:16:40 +0200] "GET /wp-content/plugins/complianz-gdpr-premium/assets/css/cookieblocker.min.css?ver=1780326507 HTTP/2.0" 404 19283 "https://reggio-emilia.elettroservicegroup.it/entdecke-das-spieleruniversum-von-royal-coala-casino-mit-allen-facetten/" "Mozilla/5.0 (Linux; Android 5.0) AppleWebKit/537.36 (KHTML, like Gecko) Mobile Safari/537.36 (compatible; Bytespider; spider-feedback@bytedance.com)"
47.128.23.33 - - [10/Jun/2026:19:16:40 +0200] "GET /wp-content/plugins/header-footer-elementor/assets/css/header-footer-elementor.css?ver=2.8.8 HTTP/2.0" 404 19293 "https://reggio-emilia.elettroservicegroup.it/entdecke-das-spieleruniversum-von-royal-coala-casino-mit-allen-facetten/" "Mozilla/5.0 (Linux; Android 5.0) AppleWebKit/537.36 (KHTML, like Gecko) Mobile Safari/537.36 (compatible; Bytespider; spider-feedback@bytedance.com)"
47.128.23.33 - - [10/Jun/2026:19:16:40 +0200] "GET /wp-content/uploads/elementor/google-fonts/css/roboto.css?ver=1742255001 HTTP/2.0" 404 19272 "https://reggio-emilia.elettroservicegroup.it/entdecke-das-spieleruniversum-von-royal-coala-casino-mit-allen-facetten/" "Mozilla/5.0 (Linux; Android 5.0) AppleWebKit/537.36 (KHTML, like Gecko) Mobile Safari/537.36 (compatible; Bytespider; spider-feedback@bytedance.com)"
47.128.23.33 - - [10/Jun/2026:19:16:40 +0200] "GET /wp-content/plugins/elementor/assets/lib/eicons/css/elementor-icons.min.css?ver=5.34.0 HTTP/2.0" 404 19289 "https://reggio-emilia.elettroservicegroup.it/entdecke-das-spieleruniversum-von-royal-coala-casino-mit-allen-facetten/" "Mozilla/5.0 (Linux; Android 5.0) AppleWebKit/537.36 (KHTML, like Gecko) Mobile Safari/537.36 (compatible; Bytespider; spider-feedback@bytedance.com)"
47.128.23.33 - - [10/Jun/2026:19:16:40 +0200] "GET /wp-content/plugins/all-in-one-seo-pack/dist/Lite/assets/css/table-of-contents/global.e90f6d47.css?ver=4.9.7.2 HTTP/2.0" 404 19290 "https://reggio-emilia.elettroservicegroup.it/entdecke-das-spieleruniversum-von-royal-coala-casino-mit-allen-facetten/" "Mozilla/5.0 (Linux; Android 5.0) AppleWebKit/537.36 (KHTML, like Gecko) Mobile Safari/537.36 (compatible; Bytespider; spider-feedback@bytedance.com)"
47.128.23.33 - - [10/Jun/2026:19:16:40 +0200] "GET /wp-content/plugins/elementor/assets/css/widget-social-icons.min.css?ver=3.24.0 HTTP/2.0" 404 19281 "https://reggio-emilia.elettroservicegroup.it/entdecke-das-spieleruniversum-von-royal-coala-casino-mit-allen-facetten/" "Mozilla/5.0 (Linux; Android 5.0) AppleWebKit/537.36 (KHTML, like Gecko) Mobile Safari/537.36 (compatible; Bytespider; spider-feedback@bytedance.com)"
47.128.23.33 - - [10/Jun/2026:19:16:40 +0200] "GET /wp-content/uploads/elementor/css/post-14146.css?ver=1781018154 HTTP/2.0" 404 19273 "https://reggio-emilia.elettroservicegroup.it/entdecke-das-spieleruniversum-von-royal-coala-casino-mit-allen-facetten/" "Mozilla/5.0 (Linux; Android 5.0) AppleWebKit/537.36 (KHTML, like Gecko) Mobile Safari/537.36 (compatible; Bytespider; spider-feedback@bytedance.com)"
47.128.23.33 - - [10/Jun/2026:19:16:40 +0200] "GET /wp-content/themes/generatepress/assets/css/main.min.css?ver=3.6.1 HTTP/2.0" 404 19281 "https://reggio-emilia.elettroservicegroup.it/entdecke-das-spieleruniversum-von-royal-coala-casino-mit-allen-facetten/" "Mozilla/5.0 (Linux; Android 5.0) AppleWebKit/537.36 (KHTML, like Gecko) Mobile Safari/537.36 (compatible; Bytespider; spider-feedback@bytedance.com)"
47.128.23.33 - - [10/Jun/2026:19:16:40 +0200] "GET /wp-content/plugins/elementor/assets/lib/font-awesome/css/fontawesome.css?ver=5.15.3 HTTP/2.0" 404 19288 "https://reggio-emilia.elettroservicegroup.it/entdecke-das-spieleruniversum-von-royal-coala-casino-mit-allen-facetten/" "Mozilla/5.0 (Linux; Android 5.0) AppleWebKit/537.36 (KHTML, like Gecko) Mobile Safari/537.36 (compatible; Bytespider; spider-feedback@bytedance.com)"
47.128.23.33 - - [10/Jun/2026:19:16:40 +0200] "GET /wp-content/plugins/elementor/assets/lib/font-awesome/css/solid.css?ver=5.15.3 HTTP/2.0" 404 19288 "https://reggio-emilia.elettroservicegroup.it/entdecke-das-spieleruniversum-von-royal-coala-casino-mit-allen-facetten/" "Mozilla/5.0 (Linux; Android 5.0) AppleWebKit/537.36 (KHTML, like Gecko) Mobile Safari/537.36 (compatible; Bytespider; spider-feedback@bytedance.com)"
47.128.23.33 - - [10/Jun/2026:19:16:40 +0200] "GET /wp-content/plugins/gp-premium/blog/functions/css/featured-images.min.css?ver=2.5.5 HTTP/2.0" 404 19286 "https://reggio-emilia.elettroservicegroup.it/entdecke-das-spieleruniversum-von-royal-coala-casino-mit-allen-facetten/" "Mozilla/5.0 (Linux; Android 5.0) AppleWebKit/537.36 (KHTML, like Gecko) Mobile Safari/537.36 (compatible; Bytespider; spider-feedback@bytedance.com)"
65.108.235.243 - - [10/Jun/2026:19:16:40 +0200] "GET /assistenza-bosch-reggio-emilia/ HTTP/1.1" 200 24694 "-" "WP Fastest Cache Preload Bot"
47.128.23.33 - - [10/Jun/2026:19:16:40 +0200] "GET /wp-content/uploads/elementor/google-fonts/css/robotoslab.css?ver=1742255003 HTTP/2.0" 404 19275 "https://reggio-emilia.elettroservicegroup.it/entdecke-das-spieleruniversum-von-royal-coala-casino-mit-allen-facetten/" "Mozilla/5.0 (Linux; Android 5.0) AppleWebKit/537.36 (KHTML, like Gecko) Mobile Safari/537.36 (compatible; Bytespider; spider-feedback@bytedance.com)"
47.128.23.33 - - [10/Jun/2026:19:16:40 +0200] "GET /wp-content/uploads/2021/10/cropped-cropped-cropped-logo_white_background.png HTTP/2.0" 404 88230 "https://reggio-emilia.elettroservicegroup.it/entdecke-das-spieleruniversum-von-royal-coala-casino-mit-allen-facetten/" "Mozilla/5.0 (Linux; Android 5.0) AppleWebKit/537.36 (KHTML, like Gecko) Mobile Safari/537.36 (compatible; Bytespider; spider-feedback@bytedance.com)"
65.108.235.243 - - [10/Jun/2026:19:16:46 +0200] "GET /assistenza-ariston-rubiera/ HTTP/1.1" 200 24853 "-" "WP Fastest Cache Preload Bot"
65.108.235.243 - - [10/Jun/2026:19:16:48 +0200] "GET /assistenza-ariston-scandiano/ HTTP/1.1" 200 24830 "-" "WP Fastest Cache Preload Bot"
148.135.234.95 - - [10/Jun/2026:19:22:10 +0200] "GET /wp-content/uploads/2022/08/copertina-Riparazione_Lavastoviglie-1-2.jpg HTTP/1.1" 200 35425 "-" "Mozilla/5.0 (compatible; crawler)"
156.231.71.35 - - [10/Jun/2026:19:30:39 +0200] "GET /wp-content/uploads/2021/10/condizionatore-bonus-1024x683.jpg HTTP/1.1" 200 52525 "-" "Mozilla/5.0 (compatible; crawler)"
31.58.108.80 - - [10/Jun/2026:19:45:26 +0200] "GET /wp-content/uploads/2021/10/Frigorifero-combinato-e1634459015932-768x502.jpg HTTP/1.1" 200 67030 "-" "Mozilla/5.0 (compatible; crawler)"
65.108.235.243 - - [10/Jun/2026:20:07:53 +0200] "GET /assistenza-ariston-santilario-denza/ HTTP/1.1" 200 24826 "-" "WP Fastest Cache Preload Bot"
65.108.235.243 - - [10/Jun/2026:20:07:54 +0200] "GET /assistenza-ariston-guastalla/ HTTP/1.1" 200 24861 "-" "WP Fastest Cache Preload Bot"
65.108.235.243 - - [10/Jun/2026:20:07:55 +0200] "GET /assistenza-ariston-correggio/ HTTP/1.1" 200 24807 "-" "WP Fastest Cache Preload Bot"
65.108.235.243 - - [10/Jun/2026:20:07:55 +0200] "GET /assistenza-ariston-reggio-emilia/ HTTP/1.1" 200 24768 "-" "WP Fastest Cache Preload Bot"
47.128.23.39 - - [10/Jun/2026:20:16:44 +0200] "GET /warum-ist-der-nv-casino-bonus-auch-fur-anfanger-interessant/ HTTP/2.0" 200 11938 "-" "Mozilla/5.0 (Linux; Android 5.0) AppleWebKit/537.36 (KHTML, like Gecko) Mobile Safari/537.36 (compatible; Bytespider; spider-feedback@bytedance.com)"
65.108.235.243 - - [10/Jun/2026:20:34:28 +0200] "GET /assistenza-aeg-rubiera/ HTTP/1.1" 200 24693 "-" "WP Fastest Cache Preload Bot"
65.108.235.243 - - [10/Jun/2026:20:34:28 +0200] "GET /assistenza-aeg-scandiano/ HTTP/1.1" 200 24721 "-" "WP Fastest Cache Preload Bot"
65.108.235.243 - - [10/Jun/2026:20:34:29 +0200] "GET /assistenza-aeg-santilario-denza/ HTTP/1.1" 200 24753 "-" "WP Fastest Cache Preload Bot"
65.108.235.243 - - [10/Jun/2026:20:34:31 +0200] "GET /assistenza-aeg-guastalla/ HTTP/1.1" 200 24813 "-" "WP Fastest Cache Preload Bot"
106.37.148.183 - - [10/Jun/2026:20:34:36 +0200] "GET /wp-content/uploads/2022/08/ASCIUGATRICE-TECNIC-2-300x225.jpg HTTP/2.0" 200 14368 "-" "Mozilla/5.0 (iPhone; CPU iPhone OS 11_0 like Mac OS X) AppleWebKit/537.36 (KHTML, like Gecko) Chrome/45.0.8132.1643 Mobile Safari/537.36"
65.108.235.243 - - [10/Jun/2026:20:35:45 +0200] "POST /wp-cron.php?doing_wp_cron=1781116545.8322880268096923828125 HTTP/1.1" 200 1 "-" "WordPress/7.0; https://reggio-emilia.elettroservicegroup.it"
54.222.253.69 - - [10/Jun/2026:20:35:40 +0200] "GET /assistenza-siemens-reggio-emilia/ HTTP/2.0" 200 24855 "-" "Mozilla/5.0 (Linux; Android 5.0; SM-G900P Build/LRX21T) AppleWebKit/537.36 (KHTML, like Gecko) Chrome/42.0.7513.1292 Mobile Safari/537.36"
54.222.253.69 - - [10/Jun/2026:20:35:47 +0200] "GET /wp-content/plugins/all-in-one-seo-pack/dist/Lite/assets/css/table-of-contents/global.e90f6d47.css?ver=4.9.7.2 HTTP/2.0" 200 420 "https://reggio-emilia.elettroservicegroup.it/assistenza-siemens-reggio-emilia/" "Mozilla/5.0 (Linux; Android 5.0; SM-G900P Build/LRX21T) AppleWebKit/537.36 (KHTML, like Gecko) Chrome/42.0.7513.1292 Mobile Safari/537.36"
54.222.253.69 - - [10/Jun/2026:20:35:47 +0200] "GET /wp-content/plugins/elementor/assets/css/widget-heading.min.css?ver=4.1.2 HTTP/2.0" 200 127 "https://reggio-emilia.elettroservicegroup.it/assistenza-siemens-reggio-emilia/" "Mozilla/5.0 (Linux; Android 5.0; SM-G900P Build/LRX21T) AppleWebKit/537.36 (KHTML, like Gecko) Chrome/42.0.7513.1292 Mobile Safari/537.36"
54.222.253.69 - - [10/Jun/2026:20:35:47 +0200] "GET /wp-content/plugins/header-footer-elementor/assets/css/header-footer-elementor.css?ver=2.8.8 HTTP/2.0" 200 260 "https://reggio-emilia.elettroservicegroup.it/assistenza-siemens-reggio-emilia/" "Mozilla/5.0 (Linux; Android 5.0; SM-G900P Build/LRX21T) AppleWebKit/537.36 (KHTML, like Gecko) Chrome/42.0.7513.1292 Mobile Safari/537.36"
54.222.253.69 - - [10/Jun/2026:20:35:47 +0200] "GET /wp-content/uploads/elementor/css/post-14146.css?ver=1781018154 HTTP/2.0" 200 428 "https://reggio-emilia.elettroservicegroup.it/assistenza-siemens-reggio-emilia/" "Mozilla/5.0 (Linux; Android 5.0; SM-G900P Build/LRX21T) AppleWebKit/537.36 (KHTML, like Gecko) Chrome/42.0.7513.1292 Mobile Safari/537.36"
54.222.253.69 - - [10/Jun/2026:20:35:47 +0200] "GET /wp-content/plugins/elementor/assets/css/widget-spacer.min.css?ver=4.1.2 HTTP/2.0" 200 287 "https://reggio-emilia.elettroservicegroup.it/assistenza-siemens-reggio-emilia/" "Mozilla/5.0 (Linux; Android 5.0; SM-G900P Build/LRX21T) AppleWebKit/537.36 (KHTML, like Gecko) Chrome/42.0.7513.1292 Mobile Safari/537.36"
54.222.253.69 - - [10/Jun/2026:20:35:47 +0200] "GET /wp-content/plugins/elementor/assets/lib/animations/styles/zoomIn.min.css?ver=4.1.2 HTTP/2.0" 200 87 "https://reggio-emilia.elettroservicegroup.it/assistenza-siemens-reggio-emilia/" "Mozilla/5.0 (Linux; Android 5.0; SM-G900P Build/LRX21T) AppleWebKit/537.36 (KHTML, like Gecko) Chrome/42.0.7513.1292 Mobile Safari/537.36"
54.222.253.69 - - [10/Jun/2026:20:35:47 +0200] "GET /wp-content/uploads/elementor/css/post-17828.css?ver=1781020425 HTTP/2.0" 200 2176 "https://reggio-emilia.elettroservicegroup.it/assistenza-siemens-reggio-emilia/" "Mozilla/5.0 (Linux; Android 5.0; SM-G900P Build/LRX21T) AppleWebKit/537.36 (KHTML, like Gecko) Chrome/42.0.7513.1292 Mobile Safari/537.36"
54.222.253.69 - - [10/Jun/2026:20:35:47 +0200] "GET /wp-content/plugins/elementor/assets/lib/eicons/css/elementor-icons.min.css?ver=5.34.0 HTTP/2.0" 200 4115 "https://reggio-emilia.elettroservicegroup.it/assistenza-siemens-reggio-emilia/" "Mozilla/5.0 (Linux; Android 5.0; SM-G900P Build/LRX21T) AppleWebKit/537.36 (KHTML, like Gecko) Chrome/42.0.7513.1292 Mobile Safari/537.36"
54.222.253.69 - - [10/Jun/2026:20:35:47 +0200] "GET /wp-content/plugins/elementor/assets/lib/font-awesome/css/solid.css?ver=5.15.3 HTTP/2.0" 200 299 "https://reggio-emilia.elettroservicegroup.it/assistenza-siemens-reggio-emilia/" "Mozilla/5.0 (Linux; Android 5.0; SM-G900P Build/LRX21T) AppleWebKit/537.36 (KHTML, like Gecko) Chrome/42.0.7513.1292 Mobile Safari/537.36"
54.222.253.69 - - [10/Jun/2026:20:35:47 +0200] "GET /wp-content/uploads/elementor/google-fonts/css/robotoslab.css?ver=1742255003 HTTP/2.0" 200 721 "https://reggio-emilia.elettroservicegroup.it/assistenza-siemens-reggio-emilia/" "Mozilla/5.0 (Linux; Android 5.0; SM-G900P Build/LRX21T) AppleWebKit/537.36 (KHTML, like Gecko) Chrome/42.0.7513.1292 Mobile Safari/537.36"
54.222.253.69 - - [10/Jun/2026:20:35:47 +0200] "GET /wp-content/plugins/elementor/assets/lib/font-awesome/js/v4-shims.min.js?ver=4.1.2 HTTP/2.0" 200 4043 "https://reggio-emilia.elettroservicegroup.it/assistenza-siemens-reggio-emilia/" "Mozilla/5.0 (Linux; Android 5.0; SM-G900P Build/LRX21T) AppleWebKit/537.36 (KHTML, like Gecko) Chrome/42.0.7513.1292 Mobile Safari/537.36"
54.222.253.69 - - [10/Jun/2026:20:35:47 +0200] "GET /wp-includes/js/jquery/jquery-migrate.min.js?ver=3.4.1 HTTP/2.0" 200 4685 "https://reggio-emilia.elettroservicegroup.it/assistenza-siemens-reggio-emilia/" "Mozilla/5.0 (Linux; Android 5.0; SM-G900P Build/LRX21T) AppleWebKit/537.36 (KHTML, like Gecko) Chrome/42.0.7513.1292 Mobile Safari/537.36"
54.222.253.69 - - [10/Jun/2026:20:35:47 +0200] "GET /wp-content/uploads/elementor/google-fonts/css/roboto.css?ver=1742255001 HTTP/2.0" 200 1890 "https://reggio-emilia.elettroservicegroup.it/assistenza-siemens-reggio-emilia/" "Mozilla/5.0 (Linux; Android 5.0; SM-G900P Build/LRX21T) AppleWebKit/537.36 (KHTML, like Gecko) Chrome/42.0.7513.1292 Mobile Safari/537.36"
54.222.253.69 - - [10/Jun/2026:20:35:47 +0200] "GET /wp-content/plugins/elementor/assets/lib/font-awesome/css/fontawesome.css?ver=5.15.3 HTTP/2.0" 200 12535 "https://reggio-emilia.elettroservicegroup.it/assistenza-siemens-reggio-emilia/" "Mozilla/5.0 (Linux; Android 5.0; SM-G900P Build/LRX21T) AppleWebKit/537.36 (KHTML, like Gecko) Chrome/42.0.7513.1292 Mobile Safari/537.36"
54.222.253.69 - - [10/Jun/2026:20:35:47 +0200] "GET /wp-includes/js/jquery/jquery.min.js?ver=3.7.1 HTTP/2.0" 200 29769 "https://reggio-emilia.elettroservicegroup.it/assistenza-siemens-reggio-emilia/" "Mozilla/5.0 (Linux; Android 5.0; SM-G900P Build/LRX21T) AppleWebKit/537.36 (KHTML, like Gecko) Chrome/42.0.7513.1292 Mobile Safari/537.36"
54.222.253.69 - - [10/Jun/2026:20:35:47 +0200] "GET /wp-content/uploads/2021/10/cropped-cropped-cropped-logo_white_background.png HTTP/2.0" 206 500 "https://reggio-emilia.elettroservicegroup.it/assistenza-siemens-reggio-emilia/" "Mozilla/5.0 (Linux; Android 5.0; SM-G900P Build/LRX21T) AppleWebKit/537.36 (KHTML, like Gecko) Chrome/42.0.7513.1292 Mobile Safari/537.36"
54.222.253.69 - - [10/Jun/2026:20:35:47 +0200] "GET /wp-content/plugins/gp-premium/menu-plus/functions/js/sticky.min.js?ver=2.5.5 HTTP/2.0" 200 2670 "https://reggio-emilia.elettroservicegroup.it/assistenza-siemens-reggio-emilia/" "Mozilla/5.0 (Linux; Android 5.0; SM-G900P Build/LRX21T) AppleWebKit/537.36 (KHTML, like Gecko) Chrome/42.0.7513.1292 Mobile Safari/537.36"
54.222.253.69 - - [10/Jun/2026:20:35:47 +0200] "GET /wp-content/themes/generatepress/assets/js/back-to-top.min.js?ver=3.6.1 HTTP/2.0" 200 336 "https://reggio-emilia.elettroservicegroup.it/assistenza-siemens-reggio-emilia/" "Mozilla/5.0 (Linux; Android 5.0; SM-G900P Build/LRX21T) AppleWebKit/537.36 (KHTML, like Gecko) Chrome/42.0.7513.1292 Mobile Safari/537.36"
54.222.253.69 - - [10/Jun/2026:20:35:47 +0200] "GET /wp-content/uploads/2022/08/copertina-Riparazione_Lavastoviglie-.jpg HTTP/2.0" 206 500 "https://reggio-emilia.elettroservicegroup.it/assistenza-siemens-reggio-emilia/" "Mozilla/5.0 (Linux; Android 5.0; SM-G900P Build/LRX21T) AppleWebKit/537.36 (KHTML, like Gecko) Chrome/42.0.7513.1292 Mobile Safari/537.36"
54.222.253.69 - - [10/Jun/2026:20:35:47 +0200] "GET /wp-content/themes/generatepress/assets/js/menu.min.js?ver=3.6.1 HTTP/2.0" 200 1688 "https://reggio-emilia.elettroservicegroup.it/assistenza-siemens-reggio-emilia/" "Mozilla/5.0 (Linux; Android 5.0; SM-G900P Build/LRX21T) AppleWebKit/537.36 (KHTML, like Gecko) Chrome/42.0.7513.1292 Mobile Safari/537.36"
54.222.253.69 - - [10/Jun/2026:20:35:47 +0200] "GET /wp-content/plugins/elementor/assets/js/webpack.runtime.min.js?ver=4.1.2 HTTP/2.0" 200 2340 "https://reggio-emilia.elettroservicegroup.it/assistenza-siemens-reggio-emilia/" "Mozilla/5.0 (Linux; Android 5.0; SM-G900P Build/LRX21T) AppleWebKit/537.36 (KHTML, like Gecko) Chrome/42.0.7513.1292 Mobile Safari/537.36"
54.222.253.69 - - [10/Jun/2026:20:35:47 +0200] "GET /wp-content/plugins/google-analytics-for-wordpress/assets/js/frontend-gtag.min.js?ver=10.2.2 HTTP/2.0" 200 3075 "https://reggio-emilia.elettroservicegroup.it/assistenza-siemens-reggio-emilia/" "Mozilla/5.0 (Linux; Android 5.0; SM-G900P Build/LRX21T) AppleWebKit/537.36 (KHTML, like Gecko) Chrome/42.0.7513.1292 Mobile Safari/537.36"
54.222.253.69 - - [10/Jun/2026:20:35:47 +0200] "GET /wp-includes/js/jquery/ui/core.min.js?ver=1.13.3 HTTP/2.0" 200 6820 "https://reggio-emilia.elettroservicegroup.it/assistenza-siemens-reggio-emilia/" "Mozilla/5.0 (Linux; Android 5.0; SM-G900P Build/LRX21T) AppleWebKit/537.36 (KHTML, like Gecko) Chrome/42.0.7513.1292 Mobile Safari/537.36"
54.222.253.69 - - [10/Jun/2026:20:35:47 +0200] "GET /wp-content/plugins/elementor/assets/js/frontend.min.js?ver=4.1.2 HTTP/2.0" 200 10140 "https://reggio-emilia.elettroservicegroup.it/assistenza-siemens-reggio-emilia/" "Mozilla/5.0 (Linux; Android 5.0; SM-G900P Build/LRX21T) AppleWebKit/537.36 (KHTML, like Gecko) Chrome/42.0.7513.1292 Mobile Safari/537.36"
54.222.253.69 - - [10/Jun/2026:20:35:47 +0200] "GET /wp-content/plugins/elementor/assets/js/frontend-modules.min.js?ver=4.1.2 HTTP/2.0" 200 15454 "https://reggio-emilia.elettroservicegroup.it/assistenza-siemens-reggio-emilia/" "Mozilla/5.0 (Linux; Android 5.0; SM-G900P Build/LRX21T) AppleWebKit/537.36 (KHTML, like Gecko) Chrome/42.0.7513.1292 Mobile Safari/537.36"
54.222.253.69 - - [10/Jun/2026:20:35:48 +0200] "GET /wp-content/plugins/complianz-gdpr-premium/cookiebanner/js/complianz.min.js?ver=1780326507 HTTP/2.0" 200 10708 "https://reggio-emilia.elettroservicegroup.it/assistenza-siemens-reggio-emilia/" "Mozilla/5.0 (Linux; Android 5.0; SM-G900P Build/LRX21T) AppleWebKit/537.36 (KHTML, like Gecko) Chrome/42.0.7513.1292 Mobile Safari/537.36"
54.222.253.69 - - [10/Jun/2026:20:35:48 +0200] "GET /wp-content/uploads/2022/08/ASCIUGATRICE-TECNIC.jpg HTTP/2.0" 206 500 "https://reggio-emilia.elettroservicegroup.it/assistenza-siemens-reggio-emilia/" "Mozilla/5.0 (Linux; Android 5.0; SM-G900P Build/LRX21T) AppleWebKit/537.36 (KHTML, like Gecko) Chrome/42.0.7513.1292 Mobile Safari/537.36"
54.222.253.69 - - [10/Jun/2026:20:35:48 +0200] "GET /wp-content/uploads/2022/01/ASCIUGATRICE-TECNIC.jpg HTTP/2.0" 206 500 "https://reggio-emilia.elettroservicegroup.it/assistenza-siemens-reggio-emilia/" "Mozilla/5.0 (Linux; Android 5.0; SM-G900P Build/LRX21T) AppleWebKit/537.36 (KHTML, like Gecko) Chrome/42.0.7513.1292 Mobile Safari/537.36"
54.222.253.69 - - [10/Jun/2026:20:35:48 +0200] "GET /wp-content/plugins/elementor/assets/js/section-frontend-handlers.d85ab872da118940910d.bundle.min.js HTTP/2.0" 200 230 "https://reggio-emilia.elettroservicegroup.it/assistenza-siemens-reggio-emilia/" "Mozilla/5.0 (Linux; Android 5.0; SM-G900P Build/LRX21T) AppleWebKit/537.36 (KHTML, like Gecko) Chrome/42.0.7513.1292 Mobile Safari/537.36"
54.222.253.69 - - [10/Jun/2026:20:35:48 +0200] "GET /wp-content/plugins/elementor/assets/js/text-editor.45609661e409413f1cef.bundle.min.js HTTP/2.0" 200 592 "https://reggio-emilia.elettroservicegroup.it/assistenza-siemens-reggio-emilia/" "Mozilla/5.0 (Linux; Android 5.0; SM-G900P Build/LRX21T) AppleWebKit/537.36 (KHTML, like Gecko) Chrome/42.0.7513.1292 Mobile Safari/537.36"
54.222.253.69 - - [10/Jun/2026:20:35:48 +0200] "GET /wp-content/plugins/elementor/assets/js/shared-frontend-handlers.03caa53373b56d3bab67.bundle.min.js HTTP/2.0" 200 2515 "https://reggio-emilia.elettroservicegroup.it/assistenza-siemens-reggio-emilia/" "Mozilla/5.0 (Linux; Android 5.0; SM-G900P Build/LRX21T) AppleWebKit/537.36 (KHTML, like Gecko) Chrome/42.0.7513.1292 Mobile Safari/537.36"
54.222.253.69 - - [10/Jun/2026:20:35:48 +0200] "GET /wp-json/complianz/v1/banner?lang=it&locale=it_IT&token=oznxl HTTP/2.0" 200 84 "https://reggio-emilia.elettroservicegroup.it/assistenza-siemens-reggio-emilia/" "Mozilla/5.0 (Linux; Android 5.0; SM-G900P Build/LRX21T) AppleWebKit/537.36 (KHTML, like Gecko) Chrome/42.0.7513.1292 Mobile Safari/537.36"
54.222.253.69 - - [10/Jun/2026:20:35:50 +0200] "GET /wp-content/uploads/complianz/css/banner-1-optin.css?v=511 HTTP/2.0" 200 2622 "https://reggio-emilia.elettroservicegroup.it/assistenza-siemens-reggio-emilia/" "Mozilla/5.0 (Linux; Android 5.0; SM-G900P Build/LRX21T) AppleWebKit/537.36 (KHTML, like Gecko) Chrome/42.0.7513.1292 Mobile Safari/537.36"
65.108.235.243 - - [10/Jun/2026:20:35:48 +0200] "GET /assistenza-aeg-correggio/ HTTP/1.1" 200 24636 "-" "WP Fastest Cache Preload Bot"
54.222.253.69 - - [10/Jun/2026:20:35:50 +0200] "GET /wp-json/complianz/v1/cookie_data HTTP/2.0" 200 - "https://reggio-emilia.elettroservicegroup.it/assistenza-siemens-reggio-emilia/" "Mozilla/5.0 (Linux; Android 5.0; SM-G900P Build/LRX21T) AppleWebKit/537.36 (KHTML, like Gecko) Chrome/42.0.7513.1292 Mobile Safari/537.36"
65.108.235.243 - - [10/Jun/2026:20:35:51 +0200] "GET /assistenza-aeg-reggio-emilia/ HTTP/1.1" 200 24706 "-" "WP Fastest Cache Preload Bot"
65.108.235.243 - - [10/Jun/2026:20:35:54 +0200] "GET /cookie-policy/ HTTP/1.1" 200 19318 "-" "WP Fastest Cache Preload Bot"
65.108.235.243 - - [10/Jun/2026:20:35:56 +0200] "GET /termini-e-condizioni/ HTTP/1.1" 200 18990 "-" "WP Fastest Cache Preload Bot"
65.108.235.243 - - [10/Jun/2026:20:36:57 +0200] "POST /wp-cron.php?doing_wp_cron=1781116617.1340560913085937500000 HTTP/1.1" 200 1 "-" "WordPress/7.0; https://reggio-emilia.elettroservicegroup.it"
52.81.122.200 - - [10/Jun/2026:20:36:53 +0200] "GET /assistenza-miele-reggio-emilia/ HTTP/2.0" 200 24879 "-" "Mozilla/5.0 (Linux; Android 5.0; SM-G900P Build/LRX21T) AppleWebKit/537.36 (KHTML, like Gecko) Chrome/44.0.7487.1052 Mobile Safari/537.36"
52.81.122.200 - - [10/Jun/2026:20:36:57 +0200] "GET /wp-content/plugins/all-in-one-seo-pack/dist/Lite/assets/css/table-of-contents/global.e90f6d47.css?ver=4.9.7.2 HTTP/2.0" 200 420 "https://reggio-emilia.elettroservicegroup.it/assistenza-miele-reggio-emilia/" "Mozilla/5.0 (Linux; Android 5.0; SM-G900P Build/LRX21T) AppleWebKit/537.36 (KHTML, like Gecko) Chrome/44.0.7487.1052 Mobile Safari/537.36"
52.81.122.200 - - [10/Jun/2026:20:36:57 +0200] "GET /wp-content/plugins/elementor/assets/lib/animations/styles/bounceIn.min.css?ver=4.1.2 HTTP/2.0" 200 186 "https://reggio-emilia.elettroservicegroup.it/assistenza-miele-reggio-emilia/" "Mozilla/5.0 (Linux; Android 5.0; SM-G900P Build/LRX21T) AppleWebKit/537.36 (KHTML, like Gecko) Chrome/44.0.7487.1052 Mobile Safari/537.36"
