65.108.235.243 - - [10/Jun/2026:16:03:57 +0200] "GET /assistenza-lavastoviglie-bosch-scandiano/ HTTP/1.1" 200 24687 "-" "WP Fastest Cache Preload Bot"
65.108.235.243 - - [10/Jun/2026:16:03:59 +0200] "GET /assistenza-lavastoviglie-bosch-santilario-denza/ HTTP/1.1" 200 24766 "-" "WP Fastest Cache Preload Bot"
65.108.235.243 - - [10/Jun/2026:16:04:01 +0200] "GET /assistenza-lavastoviglie-bosch-guastalla/ HTTP/1.1" 200 24683 "-" "WP Fastest Cache Preload Bot"
82.154.41.44 - - [10/Jun/2026:16:11:54 +0200] "GET / HTTP/2.0" 200 25213 "https://adwords.corp.google.com/" "Mozilla/5.0 (X11; CrOS x86_64 14541.0.0) AppleWebKit/537.36 (KHTML, like Gecko) Chrome/148.0.0.0 Safari/537.36"
82.154.41.44 - - [10/Jun/2026:16:11:54 +0200] "GET /wp-content/cache/wpfc-minified/ky0w1tys/4ow6.css HTTP/2.0" 200 418 "https://reggio-emilia.elettroservicegroup.it/" "Mozilla/5.0 (X11; CrOS x86_64 14541.0.0) AppleWebKit/537.36 (KHTML, like Gecko) Chrome/148.0.0.0 Safari/537.36"
82.154.41.44 - - [10/Jun/2026:16:11:54 +0200] "GET /wp-content/uploads/elementor/css/post-14146.css?ver=1781018154 HTTP/2.0" 200 428 "https://reggio-emilia.elettroservicegroup.it/" "Mozilla/5.0 (X11; CrOS x86_64 14541.0.0) AppleWebKit/537.36 (KHTML, like Gecko) Chrome/148.0.0.0 Safari/537.36"
82.154.41.44 - - [10/Jun/2026:16:11:54 +0200] "GET /wp-content/uploads/elementor/css/post-14227.css?ver=1781019670 HTTP/2.0" 200 2362 "https://reggio-emilia.elettroservicegroup.it/" "Mozilla/5.0 (X11; CrOS x86_64 14541.0.0) AppleWebKit/537.36 (KHTML, like Gecko) Chrome/148.0.0.0 Safari/537.36"
82.154.41.44 - - [10/Jun/2026:16:11:54 +0200] "GET /wp-content/cache/wpfc-minified/l9m140dq/4ow6.css HTTP/2.0" 200 7521 "https://reggio-emilia.elettroservicegroup.it/" "Mozilla/5.0 (X11; CrOS x86_64 14541.0.0) AppleWebKit/537.36 (KHTML, like Gecko) Chrome/148.0.0.0 Safari/537.36"
82.154.41.44 - - [10/Jun/2026:16:11:54 +0200] "GET /wp-content/cache/wpfc-minified/kwp9n0f5/4ow8.css HTTP/2.0" 200 7263 "https://reggio-emilia.elettroservicegroup.it/" "Mozilla/5.0 (X11; CrOS x86_64 14541.0.0) AppleWebKit/537.36 (KHTML, like Gecko) Chrome/148.0.0.0 Safari/537.36"
82.154.41.44 - - [10/Jun/2026:16:11:54 +0200] "GET /wp-content/uploads/2021/10/cropped-logo_white_background.png HTTP/2.0" 200 15855 "https://reggio-emilia.elettroservicegroup.it/" "Mozilla/5.0 (X11; CrOS x86_64 14541.0.0) AppleWebKit/537.36 (KHTML, like Gecko) Chrome/148.0.0.0 Safari/537.36"
82.154.41.44 - - [10/Jun/2026:16:11:54 +0200] "GET /wp-content/uploads/2021/10/cropped-cropped-cropped-logo_white_background.png HTTP/2.0" 200 26788 "https://reggio-emilia.elettroservicegroup.it/" "Mozilla/5.0 (X11; CrOS x86_64 14541.0.0) AppleWebKit/537.36 (KHTML, like Gecko) Chrome/148.0.0.0 Safari/537.36"
82.154.41.44 - - [10/Jun/2026:16:11:54 +0200] "GET /wp-content/cache/wpfc-minified/kqcp3zx3/4ow8.css HTTP/2.0" 200 16443 "https://reggio-emilia.elettroservicegroup.it/" "Mozilla/5.0 (X11; CrOS x86_64 14541.0.0) AppleWebKit/537.36 (KHTML, like Gecko) Chrome/148.0.0.0 Safari/537.36"
82.154.41.44 - - [10/Jun/2026:16:11:54 +0200] "GET /wp-content/cache/wpfc-minified/8tnr6p1l/4ow6.css HTTP/2.0" 200 2043 "https://reggio-emilia.elettroservicegroup.it/" "Mozilla/5.0 (X11; CrOS x86_64 14541.0.0) AppleWebKit/537.36 (KHTML, like Gecko) Chrome/148.0.0.0 Safari/537.36"
82.154.41.44 - - [10/Jun/2026:16:11:54 +0200] "GET /wp-content/uploads/elementor/css/post-14366.css?ver=1781018154 HTTP/2.0" 200 302 "https://reggio-emilia.elettroservicegroup.it/" "Mozilla/5.0 (X11; CrOS x86_64 14541.0.0) AppleWebKit/537.36 (KHTML, like Gecko) Chrome/148.0.0.0 Safari/537.36"
82.154.41.44 - - [10/Jun/2026:16:11:54 +0200] "GET /wp-content/cache/wpfc-minified/m8ydgnxm/4ow6.css HTTP/2.0" 200 4410 "https://reggio-emilia.elettroservicegroup.it/" "Mozilla/5.0 (X11; CrOS x86_64 14541.0.0) AppleWebKit/537.36 (KHTML, like Gecko) Chrome/148.0.0.0 Safari/537.36"
82.154.41.44 - - [10/Jun/2026:16:11:54 +0200] "GET /wp-content/cache/wpfc-minified/g52dp1tu/4ow6.css HTTP/2.0" 200 19034 "https://reggio-emilia.elettroservicegroup.it/" "Mozilla/5.0 (X11; CrOS x86_64 14541.0.0) AppleWebKit/537.36 (KHTML, like Gecko) Chrome/148.0.0.0 Safari/537.36"
82.154.41.44 - - [10/Jun/2026:16:11:54 +0200] "GET /wp-content/cache/wpfc-minified/lnwln415/4ow6.js HTTP/2.0" 200 32852 "https://reggio-emilia.elettroservicegroup.it/" "Mozilla/5.0 (X11; CrOS x86_64 14541.0.0) AppleWebKit/537.36 (KHTML, like Gecko) Chrome/148.0.0.0 Safari/537.36"
82.154.41.44 - - [10/Jun/2026:16:11:54 +0200] "GET /wp-content/cache/wpfc-minified/fcucmk0p/4ow8.js HTTP/2.0" 200 8755 "https://reggio-emilia.elettroservicegroup.it/" "Mozilla/5.0 (X11; CrOS x86_64 14541.0.0) AppleWebKit/537.36 (KHTML, like Gecko) Chrome/148.0.0.0 Safari/537.36"
82.154.41.44 - - [10/Jun/2026:16:11:54 +0200] "GET /wp-content/plugins/gp-premium/menu-plus/functions/js/sticky.min.js?ver=2.5.5 HTTP/2.0" 200 2670 "https://reggio-emilia.elettroservicegroup.it/" "Mozilla/5.0 (X11; CrOS x86_64 14541.0.0) AppleWebKit/537.36 (KHTML, like Gecko) Chrome/148.0.0.0 Safari/537.36"
82.154.41.44 - - [10/Jun/2026:16:11:55 +0200] "GET /wp-content/plugins/elementor/assets/js/webpack.runtime.min.js?ver=4.1.2 HTTP/2.0" 200 2340 "https://reggio-emilia.elettroservicegroup.it/" "Mozilla/5.0 (X11; CrOS x86_64 14541.0.0) AppleWebKit/537.36 (KHTML, like Gecko) Chrome/148.0.0.0 Safari/537.36"
82.154.41.44 - - [10/Jun/2026:16:11:55 +0200] "GET /wp-includes/js/jquery/ui/core.min.js?ver=1.13.3 HTTP/2.0" 200 6820 "https://reggio-emilia.elettroservicegroup.it/" "Mozilla/5.0 (X11; CrOS x86_64 14541.0.0) AppleWebKit/537.36 (KHTML, like Gecko) Chrome/148.0.0.0 Safari/537.36"
82.154.41.44 - - [10/Jun/2026:16:11:55 +0200] "GET /wp-content/plugins/elementor/assets/js/frontend-modules.min.js?ver=4.1.2 HTTP/2.0" 200 15454 "https://reggio-emilia.elettroservicegroup.it/" "Mozilla/5.0 (X11; CrOS x86_64 14541.0.0) AppleWebKit/537.36 (KHTML, like Gecko) Chrome/148.0.0.0 Safari/537.36"
82.154.41.44 - - [10/Jun/2026:16:11:55 +0200] "GET /wp-content/plugins/elementor/assets/js/frontend.min.js?ver=4.1.2 HTTP/2.0" 200 10140 "https://reggio-emilia.elettroservicegroup.it/" "Mozilla/5.0 (X11; CrOS x86_64 14541.0.0) AppleWebKit/537.36 (KHTML, like Gecko) Chrome/148.0.0.0 Safari/537.36"
82.154.41.44 - - [10/Jun/2026:16:11:55 +0200] "GET /wp-content/plugins/complianz-gdpr-premium/cookiebanner/js/complianz.min.js?ver=1780326507 HTTP/2.0" 200 10708 "https://reggio-emilia.elettroservicegroup.it/" "Mozilla/5.0 (X11; CrOS x86_64 14541.0.0) AppleWebKit/537.36 (KHTML, like Gecko) Chrome/148.0.0.0 Safari/537.36"
82.154.41.44 - - [10/Jun/2026:16:11:55 +0200] "GET /wp-content/uploads/2021/10/HOME-COPERTINA.jpg HTTP/2.0" 200 63550 "https://reggio-emilia.elettroservicegroup.it/wp-content/uploads/elementor/css/post-14227.css?ver=1781019670" "Mozilla/5.0 (X11; CrOS x86_64 14541.0.0) AppleWebKit/537.36 (KHTML, like Gecko) Chrome/148.0.0.0 Safari/537.36"
82.154.41.44 - - [10/Jun/2026:16:11:55 +0200] "GET /wp-content/uploads/2022/01/TECNICO-ELETTRODOMESTICI-1.jpg HTTP/2.0" 200 23089 "https://reggio-emilia.elettroservicegroup.it/" "Mozilla/5.0 (X11; CrOS x86_64 14541.0.0) AppleWebKit/537.36 (KHTML, like Gecko) Chrome/148.0.0.0 Safari/537.36"
82.154.41.44 - - [10/Jun/2026:16:11:55 +0200] "GET /wp-content/uploads/2022/01/TECNICO-ELETTRODOMESTICI.jpg HTTP/2.0" 200 73506 "https://reggio-emilia.elettroservicegroup.it/wp-content/uploads/elementor/css/post-14227.css?ver=1781019670" "Mozilla/5.0 (X11; CrOS x86_64 14541.0.0) AppleWebKit/537.36 (KHTML, like Gecko) Chrome/148.0.0.0 Safari/537.36"
82.154.41.44 - - [10/Jun/2026:16:11:55 +0200] "GET /wp-content/uploads/2022/01/copertina-Riparazione_Lavastoviglie-.jpg HTTP/2.0" 200 35425 "https://reggio-emilia.elettroservicegroup.it/" "Mozilla/5.0 (X11; CrOS x86_64 14541.0.0) AppleWebKit/537.36 (KHTML, like Gecko) Chrome/148.0.0.0 Safari/537.36"
82.154.41.44 - - [10/Jun/2026:16:11:55 +0200] "GET /wp-content/uploads/2021/10/asko-e1634463631713.jpg HTTP/2.0" 200 103991 "https://reggio-emilia.elettroservicegroup.it/" "Mozilla/5.0 (X11; CrOS x86_64 14541.0.0) AppleWebKit/537.36 (KHTML, like Gecko) Chrome/148.0.0.0 Safari/537.36"
82.154.41.44 - - [10/Jun/2026:16:11:55 +0200] "GET /wp-content/uploads/2022/01/LAVATRICE-2.webp HTTP/2.0" 200 48056 "https://reggio-emilia.elettroservicegroup.it/" "Mozilla/5.0 (X11; CrOS x86_64 14541.0.0) AppleWebKit/537.36 (KHTML, like Gecko) Chrome/148.0.0.0 Safari/537.36"
82.154.41.44 - - [10/Jun/2026:16:11:55 +0200] "GET /wp-content/uploads/2021/10/condizionatore-bonus.jpg HTTP/2.0" 200 415976 "https://reggio-emilia.elettroservicegroup.it/" "Mozilla/5.0 (X11; CrOS x86_64 14541.0.0) AppleWebKit/537.36 (KHTML, like Gecko) Chrome/148.0.0.0 Safari/537.36"
82.154.41.44 - - [10/Jun/2026:16:11:55 +0200] "GET /wp-content/uploads/elementor/google-fonts/fonts/roboto-kfo7cnqeu92fr1me7ksn66agldtyluama3yuba.woff2 HTTP/2.0" 200 40132 "https://reggio-emilia.elettroservicegroup.it/wp-content/cache/wpfc-minified/8tnr6p1l/4ow6.css" "Mozilla/5.0 (X11; CrOS x86_64 14541.0.0) AppleWebKit/537.36 (KHTML, like Gecko) Chrome/148.0.0.0 Safari/537.36"
82.154.41.44 - - [10/Jun/2026:16:11:55 +0200] "GET /wp-content/uploads/2021/10/Frigorifero-combinato-e1634459015932.jpg HTTP/2.0" 200 79096 "https://reggio-emilia.elettroservicegroup.it/" "Mozilla/5.0 (X11; CrOS x86_64 14541.0.0) AppleWebKit/537.36 (KHTML, like Gecko) Chrome/148.0.0.0 Safari/537.36"
82.154.41.44 - - [10/Jun/2026:16:11:55 +0200] "GET /wp-content/uploads/2021/10/forno-c.jpg HTTP/2.0" 200 109229 "https://reggio-emilia.elettroservicegroup.it/" "Mozilla/5.0 (X11; CrOS x86_64 14541.0.0) AppleWebKit/537.36 (KHTML, like Gecko) Chrome/148.0.0.0 Safari/537.36"
66.249.70.200 - - [10/Jun/2026:16:11:55 +0200] "GET / HTTP/1.1" 200 25213 "-" "GoogleOther"
82.154.41.44 - - [10/Jun/2026:16:11:55 +0200] "GET /wp-content/plugins/elementor/assets/js/shared-frontend-handlers.03caa53373b56d3bab67.bundle.min.js HTTP/2.0" 200 2515 "https://reggio-emilia.elettroservicegroup.it/" "Mozilla/5.0 (X11; CrOS x86_64 14541.0.0) AppleWebKit/537.36 (KHTML, like Gecko) Chrome/148.0.0.0 Safari/537.36"
82.154.41.44 - - [10/Jun/2026:16:11:57 +0200] "GET /wp-content/uploads/2022/01/tecnico-elettro-3.jpg HTTP/2.0" 200 59916 "https://reggio-emilia.elettroservicegroup.it/" "Mozilla/5.0 (X11; CrOS x86_64 14541.0.0) AppleWebKit/537.36 (KHTML, like Gecko) Chrome/148.0.0.0 Safari/537.36"
65.108.235.243 - - [10/Jun/2026:16:11:57 +0200] "POST /wp-cron.php?doing_wp_cron=1781100717.0846219062805175781250 HTTP/1.1" 200 1 "-" "WordPress/7.0; https://reggio-emilia.elettroservicegroup.it"
82.154.41.44 - - [10/Jun/2026:16:11:55 +0200] "GET /wp-json/complianz/v1/banner?lang=it&locale=it_IT&token=zsuel HTTP/2.0" 200 84 "https://reggio-emilia.elettroservicegroup.it/" "Mozilla/5.0 (X11; CrOS x86_64 14541.0.0) AppleWebKit/537.36 (KHTML, like Gecko) Chrome/148.0.0.0 Safari/537.36"
82.154.41.44 - - [10/Jun/2026:16:11:57 +0200] "GET /wp-content/uploads/complianz/css/banner-1-optin.css?v=511 HTTP/2.0" 200 2622 "https://reggio-emilia.elettroservicegroup.it/" "Mozilla/5.0 (X11; CrOS x86_64 14541.0.0) AppleWebKit/537.36 (KHTML, like Gecko) Chrome/148.0.0.0 Safari/537.36"
82.154.41.44 - - [10/Jun/2026:16:11:57 +0200] "GET /wp-json/complianz/v1/cookie_data HTTP/2.0" 200 82 "https://reggio-emilia.elettroservicegroup.it/" "Mozilla/5.0 (X11; CrOS x86_64 14541.0.0) AppleWebKit/537.36 (KHTML, like Gecko) Chrome/148.0.0.0 Safari/537.36"
65.108.235.243 - - [10/Jun/2026:16:11:57 +0200] "GET /assistenza-lavastoviglie-bosch-correggio/ HTTP/1.1" 200 24684 "-" "WP Fastest Cache Preload Bot"
65.108.235.243 - - [10/Jun/2026:16:11:58 +0200] "GET /assistenza-lavastoviglie-bosch-reggio-emilia/ HTTP/1.1" 200 24676 "-" "WP Fastest Cache Preload Bot"
65.108.235.243 - - [10/Jun/2026:16:11:58 +0200] "GET /assistenza-lavastoviglie-ariston-rubiera/ HTTP/1.1" 200 24710 "-" "WP Fastest Cache Preload Bot"
82.154.41.44 - - [10/Jun/2026:16:11:59 +0200] "GET /wp-content/uploads/2021/10/TECNICO-FRIGO-2.jpg HTTP/2.0" 200 43428 "https://reggio-emilia.elettroservicegroup.it/" "Mozilla/5.0 (X11; CrOS x86_64 14541.0.0) AppleWebKit/537.36 (KHTML, like Gecko) Chrome/148.0.0.0 Safari/537.36"
82.154.41.44 - - [10/Jun/2026:16:11:59 +0200] "GET /wp-content/uploads/2022/01/elett6-2-768x440.jpg HTTP/2.0" 200 34526 "https://reggio-emilia.elettroservicegroup.it/" "Mozilla/5.0 (X11; CrOS x86_64 14541.0.0) AppleWebKit/537.36 (KHTML, like Gecko) Chrome/148.0.0.0 Safari/537.36"
65.108.235.243 - - [10/Jun/2026:16:11:59 +0200] "GET /assistenza-lavastoviglie-ariston-scandiano/ HTTP/1.1" 200 24712 "-" "WP Fastest Cache Preload Bot"
121.200.216.56 - - [10/Jun/2026:16:36:35 +0200] "GET / HTTP/1.1" 200 11752 "-" "Mozilla/5.0 (X11; Linux x86_64) AppleWebKit/537.36 (KHTML, like Gecko) Chrome/143.0.0.0 Safari/537.36"
121.200.216.56 - - [10/Jun/2026:16:36:37 +0200] "GET /wp-json/wp/v2/users?per_page=100&_fields=id,slug HTTP/1.1" 200 11939 "-" "Mozilla/5.0 (X11; Linux x86_64) AppleWebKit/537.36 (KHTML, like Gecko) Chrome/143.0.0.0 Safari/537.36"
121.200.216.56 - - [10/Jun/2026:16:36:38 +0200] "GET /?author=1&feed=rss2 HTTP/1.1" 200 11861 "-" "Mozilla/5.0 (X11; Linux x86_64) AppleWebKit/537.36 (KHTML, like Gecko) Chrome/143.0.0.0 Safari/537.36"
121.200.216.56 - - [10/Jun/2026:16:36:38 +0200] "GET /comments/feed/ HTTP/1.1" 200 11852 "-" "Mozilla/5.0 (X11; Linux x86_64) AppleWebKit/537.36 (KHTML, like Gecko) Chrome/143.0.0.0 Safari/537.36"
121.200.216.56 - - [10/Jun/2026:16:36:38 +0200] "GET /?rest_route=/wp/v2/users&per_page=100&_fields=slug HTTP/1.1" 200 11902 "-" "Mozilla/5.0 (X11; Linux x86_64) AppleWebKit/537.36 (KHTML, like Gecko) Chrome/143.0.0.0 Safari/537.36"
121.200.216.56 - - [10/Jun/2026:16:36:39 +0200] "GET /feed/ HTTP/1.1" 200 11761 "-" "Mozilla/5.0 (X11; Linux x86_64) AppleWebKit/537.36 (KHTML, like Gecko) Chrome/143.0.0.0 Safari/537.36"
121.200.216.56 - - [10/Jun/2026:16:36:41 +0200] "GET /wp-sitemap-users-1.xml HTTP/1.1" 200 11802 "-" "Mozilla/5.0 (X11; Linux x86_64) AppleWebKit/537.36 (KHTML, like Gecko) Chrome/143.0.0.0 Safari/537.36"
121.200.216.56 - - [10/Jun/2026:16:36:43 +0200] "GET /author-sitemap.xml HTTP/1.1" 200 11752 "-" "Mozilla/5.0 (X11; Linux x86_64) AppleWebKit/537.36 (KHTML, like Gecko) Chrome/143.0.0.0 Safari/537.36"
121.200.216.56 - - [10/Jun/2026:16:36:43 +0200] "GET /sitemap.xml HTTP/1.1" 200 11745 "-" "Mozilla/5.0 (X11; Linux x86_64) AppleWebKit/537.36 (KHTML, like Gecko) Chrome/143.0.0.0 Safari/537.36"
121.200.216.56 - - [10/Jun/2026:16:36:43 +0200] "GET /wp-json/wp/v2/posts?per_page=20&_embed=author&_fields=_embedded HTTP/1.1" 200 11815 "-" "Mozilla/5.0 (X11; Linux x86_64) AppleWebKit/537.36 (KHTML, like Gecko) Chrome/143.0.0.0 Safari/537.36"
121.200.216.56 - - [10/Jun/2026:16:36:43 +0200] "GET /wp-json/oembed/1.0/embed?url=https%3A%2F%2Fwww.reggio-emilia.elettroservicegroup.it&format=json HTTP/1.1" 200 11849 "-" "Mozilla/5.0 (X11; Linux x86_64) AppleWebKit/537.36 (KHTML, like Gecko) Chrome/143.0.0.0 Safari/537.36"
121.200.216.56 - - [10/Jun/2026:16:36:46 +0200] "POST /graphql HTTP/1.1" 200 11787 "-" "Mozilla/5.0 (X11; Linux x86_64) AppleWebKit/537.36 (KHTML, like Gecko) Chrome/143.0.0.0 Safari/537.36"
121.200.216.56 - - [10/Jun/2026:16:36:49 +0200] "GET /?author=1 HTTP/1.1" 200 11773 "-" "Mozilla/5.0 (X11; Linux x86_64) AppleWebKit/537.36 (KHTML, like Gecko) Chrome/143.0.0.0 Safari/537.36"
121.200.216.56 - - [10/Jun/2026:16:36:49 +0200] "GET /?author=3 HTTP/1.1" 200 11773 "-" "Mozilla/5.0 (X11; Linux x86_64) AppleWebKit/537.36 (KHTML, like Gecko) Chrome/143.0.0.0 Safari/537.36"
121.200.216.56 - - [10/Jun/2026:16:36:49 +0200] "GET /?author=2 HTTP/1.1" 200 11773 "-" "Mozilla/5.0 (X11; Linux x86_64) AppleWebKit/537.36 (KHTML, like Gecko) Chrome/143.0.0.0 Safari/537.36"
121.200.216.56 - - [10/Jun/2026:16:36:50 +0200] "GET /?author=1 HTTP/1.1" 200 107 "-" "Mozilla/5.0 (X11; Linux x86_64) AppleWebKit/537.36 (KHTML, like Gecko) Chrome/143.0.0.0 Safari/537.36"
121.200.216.56 - - [10/Jun/2026:16:36:51 +0200] "GET /wp-json/wp/v2/posts?per_page=50&_fields=author HTTP/1.1" 200 11790 "-" "Mozilla/5.0 (X11; Linux x86_64) AppleWebKit/537.36 (KHTML, like Gecko) Chrome/143.0.0.0 Safari/537.36"
121.200.216.56 - - [10/Jun/2026:16:36:52 +0200] "GET /wp-json/wp/v2/media?per_page=50&_fields=author HTTP/1.1" 200 11880 "-" "Mozilla/5.0 (X11; Linux x86_64) AppleWebKit/537.36 (KHTML, like Gecko) Chrome/143.0.0.0 Safari/537.36"
121.200.216.56 - - [10/Jun/2026:16:36:55 +0200] "POST /api/graphql HTTP/1.1" 200 11778 "-" "Mozilla/5.0 (X11; Linux x86_64) AppleWebKit/537.36 (KHTML, like Gecko) Chrome/143.0.0.0 Safari/537.36"
121.200.216.56 - - [10/Jun/2026:16:36:56 +0200] "GET /wp-json/wp/v2/comments?per_page=100&_fields=author_name,author_url HTTP/1.1" 200 11800 "-" "Mozilla/5.0 (X11; Linux x86_64) AppleWebKit/537.36 (KHTML, like Gecko) Chrome/143.0.0.0 Safari/537.36"
65.108.235.243 - - [10/Jun/2026:16:37:22 +0200] "POST /wp-cron.php?doing_wp_cron=1781102242.1418290138244628906250 HTTP/1.1" 200 1 "-" "WordPress/7.0; https://reggio-emilia.elettroservicegroup.it"
74.125.151.199 - - [10/Jun/2026:16:37:18 +0200] "GET / HTTP/1.1" 200 25445 "-" "Mozilla/5.0 (Linux; Android 6.0.1; Nexus 5X Build/MMB29P) AppleWebKit/537.36 (KHTML, like Gecko) Chrome/148.0.7778.96 Mobile Safari/537.36 (compatible; AdsBot-Google-Mobile; +http://www.google.com/mobile/adsbot.html)"
65.108.235.243 - - [10/Jun/2026:16:37:22 +0200] "GET /assistenza-lavastoviglie-ariston-santilario-denza/ HTTP/1.1" 200 24830 "-" "WP Fastest Cache Preload Bot"
65.108.235.243 - - [10/Jun/2026:16:37:23 +0200] "GET /assistenza-lavastoviglie-ariston-guastalla/ HTTP/1.1" 200 24749 "-" "WP Fastest Cache Preload Bot"
65.108.235.243 - - [10/Jun/2026:16:37:23 +0200] "GET /assistenza-lavastoviglie-ariston-correggio/ HTTP/1.1" 200 24741 "-" "WP Fastest Cache Preload Bot"
74.125.151.199 - - [10/Jun/2026:16:37:25 +0200] "GET /wp-content/uploads/elementor/google-fonts/fonts/roboto-kfo7cnqeu92fr1me7ksn66agldtyluama3yuba.woff2 HTTP/1.1" 304 - "https://reggio-emilia.elettroservicegroup.it/wp-content/uploads/elementor/google-fonts/css/roboto.css?ver=1742255001" "AdsBot-Google (+http://www.google.com/adsbot.html)"
65.108.235.243 - - [10/Jun/2026:16:37:25 +0200] "GET /assistenza-lavastoviglie-ariston-reggio-emilia/ HTTP/1.1" 200 24744 "-" "WP Fastest Cache Preload Bot"
74.125.151.199 - - [10/Jun/2026:16:37:31 +0200] "GET /assistenza-lavatrici-ariston-reggio-emilia/ HTTP/1.1" 200 24977 "-" "Mozilla/5.0 (Linux; Android 6.0.1; Nexus 5X Build/MMB29P) AppleWebKit/537.36 (KHTML, like Gecko) Chrome/148.0.7778.96 Mobile Safari/537.36 (compatible; AdsBot-Google-Mobile; +http://www.google.com/mobile/adsbot.html)"
74.125.151.199 - - [10/Jun/2026:16:37:33 +0200] "GET /wp-content/plugins/all-in-one-seo-pack/dist/Lite/assets/css/table-of-contents/global.e90f6d47.css?ver=4.9.7.2 HTTP/1.1" 200 420 "https://reggio-emilia.elettroservicegroup.it/assistenza-lavatrici-ariston-reggio-emilia/" "AdsBot-Google (+http://www.google.com/adsbot.html)"
74.125.151.199 - - [10/Jun/2026:16:37:33 +0200] "GET /wp-content/plugins/complianz-gdpr-premium/assets/css/cookieblocker.min.css?ver=1780326507 HTTP/1.1" 200 615 "https://reggio-emilia.elettroservicegroup.it/assistenza-lavatrici-ariston-reggio-emilia/" "AdsBot-Google (+http://www.google.com/adsbot.html)"
74.125.151.199 - - [10/Jun/2026:16:37:33 +0200] "GET /wp-content/uploads/elementor/css/post-17780.css?ver=1781024845 HTTP/1.1" 200 2063 "https://reggio-emilia.elettroservicegroup.it/assistenza-lavatrici-ariston-reggio-emilia/" "AdsBot-Google (+http://www.google.com/adsbot.html)"
74.125.151.199 - - [10/Jun/2026:16:37:33 +0200] "GET /wp-content/themes/generatepress/assets/css/main.min.css?ver=3.6.1 HTTP/1.1" 200 4410 "https://reggio-emilia.elettroservicegroup.it/assistenza-lavatrici-ariston-reggio-emilia/" "AdsBot-Google (+http://www.google.com/adsbot.html)"
74.125.151.199 - - [10/Jun/2026:16:37:34 +0200] "GET /wp-content/plugins/header-footer-elementor/assets/css/header-footer-elementor.css?ver=2.8.8 HTTP/1.1" 200 260 "https://reggio-emilia.elettroservicegroup.it/assistenza-lavatrici-ariston-reggio-emilia/" "AdsBot-Google (+http://www.google.com/adsbot.html)"
74.125.151.199 - - [10/Jun/2026:16:37:34 +0200] "GET /wp-content/plugins/elementor/assets/css/widget-icon-list.min.css?ver=3.24.3 HTTP/1.1" 200 928 "https://reggio-emilia.elettroservicegroup.it/assistenza-lavatrici-ariston-reggio-emilia/" "AdsBot-Google (+http://www.google.com/adsbot.html)"
74.125.151.199 - - [10/Jun/2026:16:37:34 +0200] "GET /wp-content/plugins/elementor/assets/lib/font-awesome/css/brands.css?ver=5.15.3 HTTP/1.1" 200 298 "https://reggio-emilia.elettroservicegroup.it/assistenza-lavatrici-ariston-reggio-emilia/" "AdsBot-Google (+http://www.google.com/adsbot.html)"
74.125.151.199 - - [10/Jun/2026:16:37:34 +0200] "GET /wp-content/plugins/elementor/assets/lib/font-awesome/css/solid.css?ver=5.15.3 HTTP/1.1" 200 299 "https://reggio-emilia.elettroservicegroup.it/assistenza-lavatrici-ariston-reggio-emilia/" "AdsBot-Google (+http://www.google.com/adsbot.html)"
74.125.151.199 - - [10/Jun/2026:16:37:35 +0200] "GET /wp-content/plugins/gp-premium/menu-plus/functions/css/navigation-branding-flex.min.css?ver=2.5.5 HTTP/1.1" 200 542 "https://reggio-emilia.elettroservicegroup.it/assistenza-lavatrici-ariston-reggio-emilia/" "AdsBot-Google (+http://www.google.com/adsbot.html)"
74.125.151.199 - - [10/Jun/2026:16:37:35 +0200] "GET /assistenza-whirlpool-guastalla/ HTTP/1.1" 200 25072 "-" "Mozilla/5.0 (Linux; Android 6.0.1; Nexus 5X Build/MMB29P) AppleWebKit/537.36 (KHTML, like Gecko) Chrome/148.0.7778.96 Mobile Safari/537.36 (compatible; AdsBot-Google-Mobile; +http://www.google.com/mobile/adsbot.html)"
74.125.151.199 - - [10/Jun/2026:16:37:35 +0200] "GET /wp-content/plugins/gp-premium/menu-plus/functions/js/sticky.min.js?ver=2.5.5 HTTP/1.1" 200 2670 "https://reggio-emilia.elettroservicegroup.it/assistenza-lavatrici-ariston-reggio-emilia/" "AdsBot-Google (+http://www.google.com/adsbot.html)"
74.125.151.199 - - [10/Jun/2026:16:37:35 +0200] "GET /wp-content/plugins/header-footer-elementor/inc/widgets-css/frontend.css?ver=2.8.8 HTTP/1.1" 200 8711 "https://reggio-emilia.elettroservicegroup.it/assistenza-lavatrici-ariston-reggio-emilia/" "AdsBot-Google (+http://www.google.com/adsbot.html)"
74.125.151.199 - - [10/Jun/2026:16:37:36 +0200] "GET /wp-content/plugins/elementor/assets/css/widget-social-icons.min.css?ver=3.24.0 HTTP/1.1" 200 1039 "https://reggio-emilia.elettroservicegroup.it/assistenza-lavatrici-ariston-reggio-emilia/" "AdsBot-Google (+http://www.google.com/adsbot.html)"
74.125.151.199 - - [10/Jun/2026:16:37:36 +0200] "GET /wp-content/uploads/elementor/google-fonts/css/robotoslab.css?ver=1742255003 HTTP/1.1" 200 721 "https://reggio-emilia.elettroservicegroup.it/assistenza-lavatrici-ariston-reggio-emilia/" "AdsBot-Google (+http://www.google.com/adsbot.html)"
74.125.151.199 - - [10/Jun/2026:16:37:36 +0200] "GET /wp-content/uploads/elementor/google-fonts/css/roboto.css?ver=1742255001 HTTP/1.1" 200 1890 "https://reggio-emilia.elettroservicegroup.it/assistenza-lavatrici-ariston-reggio-emilia/" "AdsBot-Google (+http://www.google.com/adsbot.html)"
74.125.151.199 - - [10/Jun/2026:16:37:37 +0200] "GET /wp-includes/js/jquery/jquery.min.js?ver=3.7.1 HTTP/1.1" 200 29769 "https://reggio-emilia.elettroservicegroup.it/assistenza-lavatrici-ariston-reggio-emilia/" "AdsBot-Google (+http://www.google.com/adsbot.html)"
74.125.151.199 - - [10/Jun/2026:16:37:37 +0200] "GET /wp-content/plugins/elementor/assets/lib/eicons/css/elementor-icons.min.css?ver=5.34.0 HTTP/1.1" 200 4115 "https://reggio-emilia.elettroservicegroup.it/assistenza-lavatrici-ariston-reggio-emilia/" "AdsBot-Google (+http://www.google.com/adsbot.html)"
74.125.151.199 - - [10/Jun/2026:16:37:37 +0200] "GET /wp-includes/js/jquery/jquery-migrate.min.js?ver=3.4.1 HTTP/1.1" 200 4685 "https://reggio-emilia.elettroservicegroup.it/assistenza-lavatrici-ariston-reggio-emilia/" "AdsBot-Google (+http://www.google.com/adsbot.html)"
74.125.151.199 - - [10/Jun/2026:16:37:37 +0200] "GET /wp-includes/js/jquery/ui/core.min.js?ver=1.13.3 HTTP/1.1" 200 6820 "https://reggio-emilia.elettroservicegroup.it/assistenza-lavatrici-ariston-reggio-emilia/" "AdsBot-Google (+http://www.google.com/adsbot.html)"
74.125.151.199 - - [10/Jun/2026:16:37:38 +0200] "GET /wp-content/plugins/elementor/assets/lib/font-awesome/css/fontawesome.css?ver=5.15.3 HTTP/1.1" 200 12535 "https://reggio-emilia.elettroservicegroup.it/assistenza-lavatrici-ariston-reggio-emilia/" "AdsBot-Google (+http://www.google.com/adsbot.html)"
74.125.151.199 - - [10/Jun/2026:16:37:38 +0200] "GET /wp-content/themes/generatepress/assets/js/menu.min.js?ver=3.6.1 HTTP/1.1" 200 1688 "https://reggio-emilia.elettroservicegroup.it/assistenza-lavatrici-ariston-reggio-emilia/" "AdsBot-Google (+http://www.google.com/adsbot.html)"
74.125.151.199 - - [10/Jun/2026:16:37:38 +0200] "GET /wp-content/themes/generatepress/assets/js/back-to-top.min.js?ver=3.6.1 HTTP/1.1" 200 336 "https://reggio-emilia.elettroservicegroup.it/assistenza-lavatrici-ariston-reggio-emilia/" "AdsBot-Google (+http://www.google.com/adsbot.html)"
74.125.151.199 - - [10/Jun/2026:16:37:39 +0200] "GET /wp-content/uploads/elementor/css/post-17842.css?ver=1781018757 HTTP/1.1" 200 2168 "https://reggio-emilia.elettroservicegroup.it/assistenza-whirlpool-guastalla/" "AdsBot-Google (+http://www.google.com/adsbot.html)"
74.125.151.199 - - [10/Jun/2026:16:37:39 +0200] "GET /wp-content/plugins/complianz-gdpr-premium/cookiebanner/js/complianz.min.js?ver=1780326507 HTTP/1.1" 200 10708 "https://reggio-emilia.elettroservicegroup.it/assistenza-lavatrici-ariston-reggio-emilia/" "AdsBot-Google (+http://www.google.com/adsbot.html)"
74.125.151.199 - - [10/Jun/2026:16:37:39 +0200] "GET /wp-content/plugins/google-analytics-for-wordpress/assets/js/frontend-gtag.min.js?ver=10.2.2 HTTP/1.1" 200 3075 "https://reggio-emilia.elettroservicegroup.it/assistenza-lavatrici-ariston-reggio-emilia/" "AdsBot-Google (+http://www.google.com/adsbot.html)"
74.125.151.199 - - [10/Jun/2026:16:37:39 +0200] "GET /wp-content/uploads/complianz/css/banner-1-optin.css?v=511 HTTP/1.1" 200 2622 "https://reggio-emilia.elettroservicegroup.it/assistenza-lavatrici-ariston-reggio-emilia/" "AdsBot-Google (+http://www.google.com/adsbot.html)"
74.125.151.199 - - [10/Jun/2026:16:37:40 +0200] "GET /wp-json/complianz/v1/cookie_data HTTP/1.1" 200 82 "https://reggio-emilia.elettroservicegroup.it/assistenza-lavatrici-ariston-reggio-emilia/" "AdsBot-Google (+http://www.google.com/adsbot.html)"
74.125.151.199 - - [10/Jun/2026:16:37:40 +0200] "GET /wp-content/plugins/elementor/assets/js/section-frontend-handlers.d85ab872da118940910d.bundle.min.js HTTP/1.1" 200 230 "https://reggio-emilia.elettroservicegroup.it/assistenza-lavatrici-ariston-reggio-emilia/" "AdsBot-Google (+http://www.google.com/adsbot.html)"
74.125.151.199 - - [10/Jun/2026:16:37:40 +0200] "GET /wp-content/plugins/elementor/assets/js/text-editor.45609661e409413f1cef.bundle.min.js HTTP/1.1" 200 592 "https://reggio-emilia.elettroservicegroup.it/assistenza-lavatrici-ariston-reggio-emilia/" "AdsBot-Google (+http://www.google.com/adsbot.html)"
74.125.151.199 - - [10/Jun/2026:16:37:41 +0200] "GET /wp-content/plugins/elementor/assets/js/shared-frontend-handlers.03caa53373b56d3bab67.bundle.min.js HTTP/1.1" 200 2515 "https://reggio-emilia.elettroservicegroup.it/assistenza-lavatrici-ariston-reggio-emilia/" "AdsBot-Google (+http://www.google.com/adsbot.html)"
65.108.235.243 - - [10/Jun/2026:16:39:39 +0200] "POST /wp-cron.php?doing_wp_cron=1781102379.0009329319000244140625 HTTP/1.1" 200 1 "-" "WordPress/7.0; https://reggio-emilia.elettroservicegroup.it"
74.125.151.199 - - [10/Jun/2026:16:39:37 +0200] "GET /assistenza-whirlpool-scandiano/ HTTP/1.1" 200 24964 "-" "Mozilla/5.0 (Linux; Android 6.0.1; Nexus 5X Build/MMB29P) AppleWebKit/537.36 (KHTML, like Gecko) Chrome/148.0.7778.96 Mobile Safari/537.36 (compatible; AdsBot-Google-Mobile; +http://www.google.com/mobile/adsbot.html)"
74.125.151.199 - - [10/Jun/2026:16:39:46 +0200] "GET /wp-content/uploads/elementor/css/post-17844.css?ver=1781018157 HTTP/1.1" 200 2168 "https://reggio-emilia.elettroservicegroup.it/assistenza-whirlpool-scandiano/" "AdsBot-Google (+http://www.google.com/adsbot.html)"
65.108.235.243 - - [10/Jun/2026:16:39:55 +0200] "POST /wp-cron.php?doing_wp_cron=1781102395.1176199913024902343750 HTTP/1.1" 200 1 "-" "WordPress/7.0; https://reggio-emilia.elettroservicegroup.it"
74.125.151.199 - - [10/Jun/2026:16:39:54 +0200] "GET /copertina-12/ HTTP/1.1" 200 19050 "-" "Mozilla/5.0 (Linux; Android 6.0.1; Nexus 5X Build/MMB29P) AppleWebKit/537.36 (KHTML, like Gecko) Chrome/148.0.7778.96 Mobile Safari/537.36 (compatible; AdsBot-Google-Mobile; +http://www.google.com/mobile/adsbot.html)"
74.125.151.199 - - [10/Jun/2026:16:39:59 +0200] "GET /wp-content/themes/generatepress/assets/css/components/comments.min.css?ver=3.6.1 HTTP/1.1" 200 488 "https://reggio-emilia.elettroservicegroup.it/copertina-12/" "AdsBot-Google (+http://www.google.com/adsbot.html)"
74.125.151.199 - - [10/Jun/2026:16:39:59 +0200] "GET /wp-includes/css/dist/block-library/style.min.css?ver=7.0 HTTP/1.1" 200 15998 "https://reggio-emilia.elettroservicegroup.it/copertina-12/" "AdsBot-Google (+http://www.google.com/adsbot.html)"
74.125.151.199 - - [10/Jun/2026:16:40:00 +0200] "GET /wp-includes/js/comment-reply.min.js?ver=7.0 HTTP/1.1" 200 1248 "https://reggio-emilia.elettroservicegroup.it/copertina-12/" "AdsBot-Google (+http://www.google.com/adsbot.html)"
74.125.151.199 - - [10/Jun/2026:16:40:02 +0200] "GET /wp-content/plugins/elementor/assets/js/397f2d183c19202777d6.bundle.min.js HTTP/1.1" 200 8477 "https://reggio-emilia.elettroservicegroup.it/copertina-12/" "AdsBot-Google (+http://www.google.com/adsbot.html)"
74.125.151.199 - - [10/Jun/2026:16:40:02 +0200] "GET /wp-content/plugins/elementor/assets/lib/share-link/share-link.min.js?ver=4.1.2 HTTP/1.1" 200 1077 "https://reggio-emilia.elettroservicegroup.it/copertina-12/" "AdsBot-Google (+http://www.google.com/adsbot.html)"
74.125.151.199 - - [10/Jun/2026:16:40:02 +0200] "GET /wp-content/plugins/elementor/assets/js/lightbox.570c05c5a283cfb6b223.bundle.min.js HTTP/1.1" 200 9102 "https://reggio-emilia.elettroservicegroup.it/copertina-12/" "AdsBot-Google (+http://www.google.com/adsbot.html)"
74.125.151.199 - - [10/Jun/2026:16:40:03 +0200] "GET /wp-content/plugins/elementor/assets/lib/dialog/dialog.min.js?ver=4.9.3 HTTP/1.1" 200 3595 "https://reggio-emilia.elettroservicegroup.it/copertina-12/" "AdsBot-Google (+http://www.google.com/adsbot.html)"
74.125.151.199 - - [10/Jun/2026:16:40:03 +0200] "GET /wp-content/plugins/elementor/assets/css/conditionals/dialog.min.css?ver=4.1.2 HTTP/1.1" 200 1428 "https://reggio-emilia.elettroservicegroup.it/copertina-12/" "AdsBot-Google (+http://www.google.com/adsbot.html)"
74.125.151.199 - - [10/Jun/2026:16:40:03 +0200] "GET /wp-content/plugins/elementor/assets/css/conditionals/lightbox.min.css?ver=4.1.2 HTTP/1.1" 200 1760 "https://reggio-emilia.elettroservicegroup.it/copertina-12/" "AdsBot-Google (+http://www.google.com/adsbot.html)"
74.125.151.199 - - [10/Jun/2026:16:40:04 +0200] "GET /wp-content/plugins/elementor/assets/lib/swiper/v8/css/swiper.min.css?ver=8.4.5 HTTP/1.1" 200 4251 "https://reggio-emilia.elettroservicegroup.it/copertina-12/" "AdsBot-Google (+http://www.google.com/adsbot.html)"
47.128.23.51 - - [10/Jun/2026:16:43:34 +0200] "GET /morospin-bonus-ohne-einzahlung-gibt-es-solche-aktionen-wirklich/ HTTP/2.0" 200 11850 "-" "Mozilla/5.0 (Linux; Android 5.0) AppleWebKit/537.36 (KHTML, like Gecko) Mobile Safari/537.36 (compatible; Bytespider; spider-feedback@bytedance.com)"
74.125.151.199 - - [10/Jun/2026:16:47:22 +0200] "GET /wp-content/uploads/elementor/css/post-17844.css?ver=1781018157 HTTP/1.1" 304 - "https://reggio-emilia.elettroservicegroup.it/assistenza-whirlpool-scandiano/" "AdsBot-Google (+http://www.google.com/adsbot.html)"
65.108.235.243 - - [10/Jun/2026:16:50:46 +0200] "POST /wp-cron.php?doing_wp_cron=1781103046.4183030128479003906250 HTTP/1.1" 200 1 "-" "WordPress/7.0; https://reggio-emilia.elettroservicegroup.it"
104.210.140.135 - - [10/Jun/2026:16:50:40 +0200] "GET /robots.txt HTTP/2.0" 200 110 "-" "Mozilla/5.0 (Macintosh; Intel Mac OS X 10_15_7) AppleWebKit/537.36 (KHTML, like Gecko) Chrome/131.0.0.0 Safari/537.36; compatible; OAI-SearchBot/1.0; +https://openai.com/searchbot"
65.108.235.243 - - [10/Jun/2026:16:50:48 +0200] "GET /assistenza-lavastoviglie-aeg-rubiera/ HTTP/1.1" 200 24730 "-" "WP Fastest Cache Preload Bot"
65.108.235.243 - - [10/Jun/2026:16:50:51 +0200] "GET /assistenza-lavastoviglie-aeg-scandiano/ HTTP/1.1" 200 24730 "-" "WP Fastest Cache Preload Bot"
65.108.235.243 - - [10/Jun/2026:16:50:53 +0200] "GET /assistenza-lavastoviglie-aeg-santilario-denza/ HTTP/1.1" 200 24816 "-" "WP Fastest Cache Preload Bot"
65.108.235.243 - - [10/Jun/2026:16:50:55 +0200] "GET /assistenza-lavastoviglie-aeg-guastalla/ HTTP/1.1" 200 24867 "-" "WP Fastest Cache Preload Bot"
65.108.235.243 - - [10/Jun/2026:16:55:08 +0200] "POST /wp-cron.php?doing_wp_cron=1781103308.7707440853118896484375 HTTP/1.1" 200 1 "-" "WordPress/7.0; https://reggio-emilia.elettroservicegroup.it"
27.46.75.7 - - [10/Jun/2026:16:55:06 +0200] "GET /robots.txt HTTP/1.1" 200 134 "-" "Mozilla/5.0 (Windows NT 10.0; WOW64) AppleWebKit/537.36 (KHTML, like Gecko) Chrome/63.0.2943.49 UBrowser/6.2.3964.2 Safari/537.36"
193.186.4.19 - - [10/Jun/2026:17:05:48 +0200] "GET /assistenza-condizionatori-reggio-emilia/ HTTP/2.0" 200 22139 "https://www.google.com/" "Mozilla/5.0 (Windows NT 10.0; Win64; x64) AppleWebKit/537.36 (KHTML, like Gecko) Chrome/148.0.0.0 Safari/537.36"
65.108.235.243 - - [10/Jun/2026:17:05:51 +0200] "POST /wp-cron.php?doing_wp_cron=1781103951.0378520488739013671875 HTTP/1.1" 200 1 "-" "WordPress/7.0; https://reggio-emilia.elettroservicegroup.it"
66.249.93.134 - - [10/Jun/2026:17:05:48 +0200] "GET /.well-known/traffic-advice HTTP/1.1" 404 17935 "-" "Chrome Privacy Preserving Prefetch Proxy"
65.108.235.243 - - [10/Jun/2026:17:05:51 +0200] "GET /assistenza-lavastoviglie-aeg-correggio/ HTTP/1.1" 200 24866 "-" "WP Fastest Cache Preload Bot"
65.108.235.243 - - [10/Jun/2026:17:05:52 +0200] "GET /assistenza-lavastoviglie-aeg-reggio-emilia/ HTTP/1.1" 200 24727 "-" "WP Fastest Cache Preload Bot"
65.108.235.243 - - [10/Jun/2026:17:05:52 +0200] "GET /assistenza-indesit-rubiera/ HTTP/1.1" 200 24754 "-" "WP Fastest Cache Preload Bot"
65.108.235.243 - - [10/Jun/2026:17:05:52 +0200] "GET /assistenza-lavastoviglie-rubiera/ HTTP/1.1" 200 25412 "-" "WP Fastest Cache Preload Bot"
65.108.235.243 - - [10/Jun/2026:17:16:06 +0200] "POST /wp-cron.php?doing_wp_cron=1781104566.7237379550933837890625 HTTP/1.1" 200 1 "-" "WordPress/7.0; https://reggio-emilia.elettroservicegroup.it"
110.249.202.32 - - [10/Jun/2026:17:15:58 +0200] "GET /assistenza-smeg-scandiano/ HTTP/2.0" 403 24994 "-" "Mozilla/5.0 (Linux; Android 5.0) AppleWebKit/537.36 (KHTML, like Gecko) Mobile Safari/537.36 (compatible; Bytespider; https://zhanzhang.toutiao.com/)"
65.108.235.243 - - [10/Jun/2026:17:16:08 +0200] "GET /assistenza-indesit-scandiano/ HTTP/1.1" 200 24753 "-" "WP Fastest Cache Preload Bot"
110.249.202.32 - - [10/Jun/2026:17:16:09 +0200] "GET /wp-content/plugins/elementor/assets/lib/font-awesome/css/v4-shims.min.css?ver=4.1.2 HTTP/2.0" 404 19252 "https://reggio-emilia.elettroservicegroup.it/assistenza-smeg-scandiano/" "Mozilla/5.0 (Linux; Android 5.0) AppleWebKit/537.36 (KHTML, like Gecko) Mobile Safari/537.36 (compatible; Bytespider; https://zhanzhang.toutiao.com/)"
110.249.202.32 - - [10/Jun/2026:17:16:09 +0200] "GET /wp-content/plugins/elementor/assets/js/webpack.runtime.min.js?ver=4.1.2 HTTP/2.0" 404 19236 "https://reggio-emilia.elettroservicegroup.it/assistenza-smeg-scandiano/" "Mozilla/5.0 (Linux; Android 5.0) AppleWebKit/537.36 (KHTML, like Gecko) Mobile Safari/537.36 (compatible; Bytespider; https://zhanzhang.toutiao.com/)"
110.249.202.32 - - [10/Jun/2026:17:16:09 +0200] "GET /wp-content/plugins/gp-premium/menu-plus/functions/js/sticky.min.js?ver=2.5.5 HTTP/2.0" 404 19246 "https://reggio-emilia.elettroservicegroup.it/assistenza-smeg-scandiano/" "Mozilla/5.0 (Linux; Android 5.0) AppleWebKit/537.36 (KHTML, like Gecko) Mobile Safari/537.36 (compatible; Bytespider; https://zhanzhang.toutiao.com/)"
110.249.202.32 - - [10/Jun/2026:17:16:09 +0200] "GET /wp-content/plugins/elementor/assets/lib/font-awesome/css/fontawesome.css?ver=5.15.3 HTTP/2.0" 404 19250 "https://reggio-emilia.elettroservicegroup.it/assistenza-smeg-scandiano/" "Mozilla/5.0 (Linux; Android 5.0) AppleWebKit/537.36 (KHTML, like Gecko) Mobile Safari/537.36 (compatible; Bytespider; https://zhanzhang.toutiao.com/)"
110.249.202.32 - - [10/Jun/2026:17:16:09 +0200] "GET /wp-includes/js/jquery/jquery-migrate.min.js?ver=3.4.1 HTTP/2.0" 404 19236 "https://reggio-emilia.elettroservicegroup.it/assistenza-smeg-scandiano/" "Mozilla/5.0 (Linux; Android 5.0) AppleWebKit/537.36 (KHTML, like Gecko) Mobile Safari/537.36 (compatible; Bytespider; https://zhanzhang.toutiao.com/)"
110.249.202.32 - - [10/Jun/2026:17:16:09 +0200] "GET /wp-content/plugins/elementor/assets/lib/font-awesome/css/solid.css?ver=5.15.3 HTTP/2.0" 404 19247 "https://reggio-emilia.elettroservicegroup.it/assistenza-smeg-scandiano/" "Mozilla/5.0 (Linux; Android 5.0) AppleWebKit/537.36 (KHTML, like Gecko) Mobile Safari/537.36 (compatible; Bytespider; https://zhanzhang.toutiao.com/)"
110.249.202.32 - - [10/Jun/2026:17:16:09 +0200] "GET /wp-content/uploads/elementor/css/post-17838.css?ver=1781019674 HTTP/2.0" 404 19235 "https://reggio-emilia.elettroservicegroup.it/assistenza-smeg-scandiano/" "Mozilla/5.0 (Linux; Android 5.0) AppleWebKit/537.36 (KHTML, like Gecko) Mobile Safari/537.36 (compatible; Bytespider; https://zhanzhang.toutiao.com/)"
110.249.202.32 - - [10/Jun/2026:17:16:09 +0200] "GET /wp-content/plugins/elementor/assets/lib/font-awesome/js/v4-shims.min.js?ver=4.1.2 HTTP/2.0" 404 19253 "https://reggio-emilia.elettroservicegroup.it/assistenza-smeg-scandiano/" "Mozilla/5.0 (Linux; Android 5.0) AppleWebKit/537.36 (KHTML, like Gecko) Mobile Safari/537.36 (compatible; Bytespider; https://zhanzhang.toutiao.com/)"
110.249.202.32 - - [10/Jun/2026:17:16:09 +0200] "GET /wp-includes/js/jquery/jquery.min.js?ver=3.7.1 HTTP/2.0" 404 19231 "https://reggio-emilia.elettroservicegroup.it/assistenza-smeg-scandiano/" "Mozilla/5.0 (Linux; Android 5.0) AppleWebKit/537.36 (KHTML, like Gecko) Mobile Safari/537.36 (compatible; Bytespider; https://zhanzhang.toutiao.com/)"
65.108.235.243 - - [10/Jun/2026:17:16:13 +0200] "GET /assistenza-lavastoviglie-scandiano/ HTTP/1.1" 200 25266 "-" "WP Fastest Cache Preload Bot"
110.249.202.32 - - [10/Jun/2026:17:16:15 +0200] "GET /wp-content/plugins/elementor/assets/js/frontend-modules.min.js?ver=4.1.2 HTTP/2.0" 404 19234 "https://reggio-emilia.elettroservicegroup.it/assistenza-smeg-scandiano/" "Mozilla/5.0 (Linux; Android 5.0) AppleWebKit/537.36 (KHTML, like Gecko) Mobile Safari/537.36 (compatible; Bytespider; https://zhanzhang.toutiao.com/)"
65.108.235.243 - - [10/Jun/2026:17:16:16 +0200] "GET /assistenza-lavastoviglie-santilario-denza/ HTTP/1.1" 200 25341 "-" "WP Fastest Cache Preload Bot"
65.108.235.243 - - [10/Jun/2026:17:16:19 +0200] "GET /assistenza-indesit-santilario-denza/ HTTP/1.1" 200 24826 "-" "WP Fastest Cache Preload Bot"
110.249.202.32 - - [10/Jun/2026:17:16:16 +0200] "GET /wp-includes/js/jquery/ui/core.min.js?ver=1.13.3 HTTP/2.0" 404 19239 "https://reggio-emilia.elettroservicegroup.it/assistenza-smeg-scandiano/" "Mozilla/5.0 (Linux; Android 5.0) AppleWebKit/537.36 (KHTML, like Gecko) Mobile Safari/537.36 (compatible; Bytespider; https://zhanzhang.toutiao.com/)"
110.249.202.221 - - [10/Jun/2026:17:16:28 +0200] "GET /wp-content/uploads/2022/01/ASCIUGATRICE-TECNIC-300x225.jpg HTTP/2.0" 404 17937 "-" "Mozilla/5.0 (Linux; Android 5.0) AppleWebKit/537.36 (KHTML, like Gecko) Mobile Safari/537.36 (compatible; Bytespider; https://zhanzhang.toutiao.com/)"
110.249.202.221 - - [10/Jun/2026:17:16:29 +0200] "GET /wp-includes/css/dist/block-library/style.min.css?ver=7.0 HTTP/2.0" 404 19259 "https://reggio-emilia.elettroservicegroup.it/wp-content/uploads/2022/01/ASCIUGATRICE-TECNIC-300x225.jpg" "Mozilla/5.0 (Linux; Android 5.0) AppleWebKit/537.36 (KHTML, like Gecko) Mobile Safari/537.36 (compatible; Bytespider; https://zhanzhang.toutiao.com/)"
110.249.202.221 - - [10/Jun/2026:17:16:30 +0200] "GET /wp-includes/js/jquery/jquery-migrate.min.js?ver=3.4.1 HTTP/2.0" 404 19259 "https://reggio-emilia.elettroservicegroup.it/wp-content/uploads/2022/01/ASCIUGATRICE-TECNIC-300x225.jpg" "Mozilla/5.0 (Linux; Android 5.0) AppleWebKit/537.36 (KHTML, like Gecko) Mobile Safari/537.36 (compatible; Bytespider; https://zhanzhang.toutiao.com/)"
110.249.202.221 - - [10/Jun/2026:17:16:30 +0200] "GET /wp-content/plugins/elementor/assets/lib/font-awesome/js/v4-shims.min.js?ver=4.1.2 HTTP/2.0" 404 19279 "https://reggio-emilia.elettroservicegroup.it/wp-content/uploads/2022/01/ASCIUGATRICE-TECNIC-300x225.jpg" "Mozilla/5.0 (Linux; Android 5.0) AppleWebKit/537.36 (KHTML, like Gecko) Mobile Safari/537.36 (compatible; Bytespider; https://zhanzhang.toutiao.com/)"
110.249.202.221 - - [10/Jun/2026:17:16:30 +0200] "GET /wp-content/plugins/gp-premium/blog/functions/css/featured-images.min.css?ver=2.5.5 HTTP/2.0" 404 19271 "https://reggio-emilia.elettroservicegroup.it/wp-content/uploads/2022/01/ASCIUGATRICE-TECNIC-300x225.jpg" "Mozilla/5.0 (Linux; Android 5.0) AppleWebKit/537.36 (KHTML, like Gecko) Mobile Safari/537.36 (compatible; Bytespider; https://zhanzhang.toutiao.com/)"
110.249.202.221 - - [10/Jun/2026:17:16:30 +0200] "GET /wp-content/plugins/elementor/assets/css/widget-social-icons.min.css?ver=3.24.0 HTTP/2.0" 404 19271 "https://reggio-emilia.elettroservicegroup.it/wp-content/uploads/2022/01/ASCIUGATRICE-TECNIC-300x225.jpg" "Mozilla/5.0 (Linux; Android 5.0) AppleWebKit/537.36 (KHTML, like Gecko) Mobile Safari/537.36 (compatible; Bytespider; https://zhanzhang.toutiao.com/)"
110.249.202.32 - - [10/Jun/2026:17:16:30 +0200] "GET /wp-content/plugins/google-analytics-for-wordpress/assets/js/frontend-gtag.min.js?ver=10.2.2 HTTP/2.0" 404 19251 "https://reggio-emilia.elettroservicegroup.it/assistenza-smeg-scandiano/" "Mozilla/5.0 (Linux; Android 5.0) AppleWebKit/537.36 (KHTML, like Gecko) Mobile Safari/537.36 (compatible; Bytespider; https://zhanzhang.toutiao.com/)"
110.249.202.221 - - [10/Jun/2026:17:16:30 +0200] "GET /wp-content/plugins/elementor/assets/css/widget-icon-list.min.css?ver=3.24.3 HTTP/2.0" 404 19275 "https://reggio-emilia.elettroservicegroup.it/wp-content/uploads/2022/01/ASCIUGATRICE-TECNIC-300x225.jpg" "Mozilla/5.0 (Linux; Android 5.0) AppleWebKit/537.36 (KHTML, like Gecko) Mobile Safari/537.36 (compatible; Bytespider; https://zhanzhang.toutiao.com/)"
110.249.202.32 - - [10/Jun/2026:17:16:30 +0200] "GET /wp-content/uploads/2021/12/copertina-Riparazione_Lavastoviglie-1-5.jpg HTTP/2.0" 404 88142 "https://reggio-emilia.elettroservicegroup.it/assistenza-smeg-scandiano/" "Mozilla/5.0 (Linux; Android 5.0) AppleWebKit/537.36 (KHTML, like Gecko) Mobile Safari/537.36 (compatible; Bytespider; https://zhanzhang.toutiao.com/)"
110.249.202.32 - - [10/Jun/2026:17:16:30 +0200] "GET /wp-content/themes/generatepress/assets/js/back-to-top.min.js?ver=3.6.1 HTTP/2.0" 404 19249 "https://reggio-emilia.elettroservicegroup.it/assistenza-smeg-scandiano/" "Mozilla/5.0 (Linux; Android 5.0) AppleWebKit/537.36 (KHTML, like Gecko) Mobile Safari/537.36 (compatible; Bytespider; https://zhanzhang.toutiao.com/)"
110.249.202.221 - - [10/Jun/2026:17:16:30 +0200] "GET /wp-content/plugins/complianz-gdpr-premium/DNSMPD/script.min.js?ver=1780326508 HTTP/2.0" 404 19264 "https://reggio-emilia.elettroservicegroup.it/wp-content/uploads/2022/01/ASCIUGATRICE-TECNIC-300x225.jpg" "Mozilla/5.0 (Linux; Android 5.0) AppleWebKit/537.36 (KHTML, like Gecko) Mobile Safari/537.36 (compatible; Bytespider; https://zhanzhang.toutiao.com/)"
110.249.202.221 - - [10/Jun/2026:17:16:30 +0200] "GET /wp-content/plugins/elementor/assets/lib/eicons/css/elementor-icons.min.css?ver=5.34.0 HTTP/2.0" 404 19273 "https://reggio-emilia.elettroservicegroup.it/wp-content/uploads/2022/01/ASCIUGATRICE-TECNIC-300x225.jpg" "Mozilla/5.0 (Linux; Android 5.0) AppleWebKit/537.36 (KHTML, like Gecko) Mobile Safari/537.36 (compatible; Bytespider; https://zhanzhang.toutiao.com/)"
110.249.202.221 - - [10/Jun/2026:17:16:30 +0200] "GET /wp-content/uploads/elementor/google-fonts/css/robotoslab.css?ver=1742255003 HTTP/2.0" 404 19265 "https://reggio-emilia.elettroservicegroup.it/wp-content/uploads/2022/01/ASCIUGATRICE-TECNIC-300x225.jpg" "Mozilla/5.0 (Linux; Android 5.0) AppleWebKit/537.36 (KHTML, like Gecko) Mobile Safari/537.36 (compatible; Bytespider; https://zhanzhang.toutiao.com/)"
110.249.202.221 - - [10/Jun/2026:17:16:30 +0200] "GET /wp-includes/js/jquery/jquery.min.js?ver=3.7.1 HTTP/2.0" 404 19253 "https://reggio-emilia.elettroservicegroup.it/wp-content/uploads/2022/01/ASCIUGATRICE-TECNIC-300x225.jpg" "Mozilla/5.0 (Linux; Android 5.0) AppleWebKit/537.36 (KHTML, like Gecko) Mobile Safari/537.36 (compatible; Bytespider; https://zhanzhang.toutiao.com/)"
110.249.202.221 - - [10/Jun/2026:17:16:30 +0200] "GET /wp-content/plugins/gp-premium/menu-plus/functions/js/sticky.min.js?ver=2.5.5 HTTP/2.0" 404 19275 "https://reggio-emilia.elettroservicegroup.it/wp-content/uploads/2022/01/ASCIUGATRICE-TECNIC-300x225.jpg" "Mozilla/5.0 (Linux; Android 5.0) AppleWebKit/537.36 (KHTML, like Gecko) Mobile Safari/537.36 (compatible; Bytespider; https://zhanzhang.toutiao.com/)"
65.108.235.243 - - [10/Jun/2026:17:16:55 +0200] "POST /wp-cron.php?doing_wp_cron=1781104614.9291460514068603515625 HTTP/1.1" 200 1 "-" "WordPress/7.0; https://reggio-emilia.elettroservicegroup.it"
110.249.202.221 - - [10/Jun/2026:17:16:52 +0200] "GET /wp-content/themes/generatepress/assets/js/menu.min.js?ver=3.6.1 HTTP/2.0" 404 19271 "https://reggio-emilia.elettroservicegroup.it/wp-content/uploads/2022/01/ASCIUGATRICE-TECNIC-300x225.jpg" "Mozilla/5.0 (Linux; Android 5.0) AppleWebKit/537.36 (KHTML, like Gecko) Mobile Safari/537.36 (compatible; Bytespider; https://zhanzhang.toutiao.com/)"
110.249.202.32 - - [10/Jun/2026:17:16:30 +0200] "GET /wp-content/plugins/complianz-gdpr-premium/cookiebanner/js/complianz.min.js?ver=1780326507 HTTP/2.0" 404 19246 "https://reggio-emilia.elettroservicegroup.it/assistenza-smeg-scandiano/" "Mozilla/5.0 (Linux; Android 5.0) AppleWebKit/537.36 (KHTML, like Gecko) Mobile Safari/537.36 (compatible; Bytespider; https://zhanzhang.toutiao.com/)"
110.249.202.221 - - [10/Jun/2026:17:17:00 +0200] "GET /wp-content/plugins/complianz-gdpr-premium/cookiebanner/js/complianz.min.js?ver=1780326507 HTTP/2.0" 404 19271 "https://reggio-emilia.elettroservicegroup.it/wp-content/uploads/2022/01/ASCIUGATRICE-TECNIC-300x225.jpg" "Mozilla/5.0 (Linux; Android 5.0) AppleWebKit/537.36 (KHTML, like Gecko) Mobile Safari/537.36 (compatible; Bytespider; https://zhanzhang.toutiao.com/)"
110.249.202.221 - - [10/Jun/2026:17:17:00 +0200] "GET /wp-includes/js/jquery/ui/core.min.js?ver=1.13.3 HTTP/2.0" 404 19261 "https://reggio-emilia.elettroservicegroup.it/wp-content/uploads/2022/01/ASCIUGATRICE-TECNIC-300x225.jpg" "Mozilla/5.0 (Linux; Android 5.0) AppleWebKit/537.36 (KHTML, like Gecko) Mobile Safari/537.36 (compatible; Bytespider; https://zhanzhang.toutiao.com/)"
110.249.202.221 - - [10/Jun/2026:17:17:00 +0200] "GET /wp-content/plugins/elementor/assets/js/frontend-modules.min.js?ver=4.1.2 HTTP/2.0" 404 19259 "https://reggio-emilia.elettroservicegroup.it/wp-content/uploads/2022/01/ASCIUGATRICE-TECNIC-300x225.jpg" "Mozilla/5.0 (Linux; Android 5.0) AppleWebKit/537.36 (KHTML, like Gecko) Mobile Safari/537.36 (compatible; Bytespider; https://zhanzhang.toutiao.com/)"
110.249.202.221 - - [10/Jun/2026:17:17:00 +0200] "GET /wp-content/themes/generatepress/assets/js/back-to-top.min.js?ver=3.6.1 HTTP/2.0" 404 19273 "https://reggio-emilia.elettroservicegroup.it/wp-content/uploads/2022/01/ASCIUGATRICE-TECNIC-300x225.jpg" "Mozilla/5.0 (Linux; Android 5.0) AppleWebKit/537.36 (KHTML, like Gecko) Mobile Safari/537.36 (compatible; Bytespider; https://zhanzhang.toutiao.com/)"
110.249.202.221 - - [10/Jun/2026:17:17:00 +0200] "GET /wp-content/plugins/elementor/assets/js/frontend.min.js?ver=4.1.2 HTTP/2.0" 404 19254 "https://reggio-emilia.elettroservicegroup.it/wp-content/uploads/2022/01/ASCIUGATRICE-TECNIC-300x225.jpg" "Mozilla/5.0 (Linux; Android 5.0) AppleWebKit/537.36 (KHTML, like Gecko) Mobile Safari/537.36 (compatible; Bytespider; https://zhanzhang.toutiao.com/)"
110.249.202.221 - - [10/Jun/2026:17:17:00 +0200] "GET /wp-content/plugins/elementor/assets/js/webpack.runtime.min.js?ver=4.1.2 HTTP/2.0" 404 19259 "https://reggio-emilia.elettroservicegroup.it/wp-content/uploads/2022/01/ASCIUGATRICE-TECNIC-300x225.jpg" "Mozilla/5.0 (Linux; Android 5.0) AppleWebKit/537.36 (KHTML, like Gecko) Mobile Safari/537.36 (compatible; Bytespider; https://zhanzhang.toutiao.com/)"
110.249.202.221 - - [10/Jun/2026:17:17:00 +0200] "GET /wp-content/plugins/google-analytics-for-wordpress/assets/js/frontend-gtag.min.js?ver=10.2.2 HTTP/2.0" 404 19276 "https://reggio-emilia.elettroservicegroup.it/wp-content/uploads/2022/01/ASCIUGATRICE-TECNIC-300x225.jpg" "Mozilla/5.0 (Linux; Android 5.0) AppleWebKit/537.36 (KHTML, like Gecko) Mobile Safari/537.36 (compatible; Bytespider; https://zhanzhang.toutiao.com/)"
110.249.202.32 - - [10/Jun/2026:17:16:30 +0200] "GET /wp-content/themes/generatepress/assets/js/menu.min.js?ver=3.6.1 HTTP/2.0" 404 19242 "https://reggio-emilia.elettroservicegroup.it/assistenza-smeg-scandiano/" "Mozilla/5.0 (Linux; Android 5.0) AppleWebKit/537.36 (KHTML, like Gecko) Mobile Safari/537.36 (compatible; Bytespider; https://zhanzhang.toutiao.com/)"
110.249.202.32 - - [10/Jun/2026:17:16:30 +0200] "GET /wp-content/plugins/elementor/assets/js/frontend.min.js?ver=4.1.2 HTTP/2.0" 404 19228 "https://reggio-emilia.elettroservicegroup.it/assistenza-smeg-scandiano/" "Mozilla/5.0 (Linux; Android 5.0) AppleWebKit/537.36 (KHTML, like Gecko) Mobile Safari/537.36 (compatible; Bytespider; https://zhanzhang.toutiao.com/)"
