151.82.6.221 - - [11/Jun/2026:14:23:12 +0200] "GET /wp-content/uploads/2021/10/FRIGO.png HTTP/2.0" 200 115519 "https://reggio-emilia.elettroservicegroup.it/assistenza-frigoriferi-reggio-emilia/?gad_source=1&gad_campaignid=23800353523&gbraid=0AAAABDgs-LSI9rqYG9nL5L2M7T9clZyZT&gclid=CjwKCAjwuanRBhBSEiwAY5y6Vy49nrl_oJkmkvtP2J2yD4kLX3YAfrzGGEN_jixfORKAcgvOyk20mxoCuE4QAvD_BwE" "Mozilla/5.0 (Linux; Android 10; K) AppleWebKit/537.36 (KHTML, like Gecko) Chrome/149.0.0.0 Mobile Safari/537.36"
151.82.6.221 - - [11/Jun/2026:14:23:12 +0200] "GET /wp-content/uploads/2021/10/TECNICO-ELETTRODOMESTICI-5.jpg HTTP/2.0" 200 23089 "https://reggio-emilia.elettroservicegroup.it/assistenza-frigoriferi-reggio-emilia/?gad_source=1&gad_campaignid=23800353523&gbraid=0AAAABDgs-LSI9rqYG9nL5L2M7T9clZyZT&gclid=CjwKCAjwuanRBhBSEiwAY5y6Vy49nrl_oJkmkvtP2J2yD4kLX3YAfrzGGEN_jixfORKAcgvOyk20mxoCuE4QAvD_BwE" "Mozilla/5.0 (Linux; Android 10; K) AppleWebKit/537.36 (KHTML, like Gecko) Chrome/149.0.0.0 Mobile Safari/537.36"
151.82.6.221 - - [11/Jun/2026:14:23:12 +0200] "GET /wp-content/plugins/elementor/assets/js/section-frontend-handlers.d85ab872da118940910d.bundle.min.js HTTP/2.0" 200 230 "https://reggio-emilia.elettroservicegroup.it/assistenza-frigoriferi-reggio-emilia/?gad_source=1&gad_campaignid=23800353523&gbraid=0AAAABDgs-LSI9rqYG9nL5L2M7T9clZyZT&gclid=CjwKCAjwuanRBhBSEiwAY5y6Vy49nrl_oJkmkvtP2J2yD4kLX3YAfrzGGEN_jixfORKAcgvOyk20mxoCuE4QAvD_BwE" "Mozilla/5.0 (Linux; Android 10; K) AppleWebKit/537.36 (KHTML, like Gecko) Chrome/149.0.0.0 Mobile Safari/537.36"
151.82.6.221 - - [11/Jun/2026:14:23:12 +0200] "GET /wp-content/plugins/elementor/assets/js/shared-frontend-handlers.03caa53373b56d3bab67.bundle.min.js HTTP/2.0" 200 2515 "https://reggio-emilia.elettroservicegroup.it/assistenza-frigoriferi-reggio-emilia/?gad_source=1&gad_campaignid=23800353523&gbraid=0AAAABDgs-LSI9rqYG9nL5L2M7T9clZyZT&gclid=CjwKCAjwuanRBhBSEiwAY5y6Vy49nrl_oJkmkvtP2J2yD4kLX3YAfrzGGEN_jixfORKAcgvOyk20mxoCuE4QAvD_BwE" "Mozilla/5.0 (Linux; Android 10; K) AppleWebKit/537.36 (KHTML, like Gecko) Chrome/149.0.0.0 Mobile Safari/537.36"
151.82.6.221 - - [11/Jun/2026:14:23:12 +0200] "GET /wp-content/plugins/elementor/assets/js/text-editor.45609661e409413f1cef.bundle.min.js HTTP/2.0" 200 592 "https://reggio-emilia.elettroservicegroup.it/assistenza-frigoriferi-reggio-emilia/?gad_source=1&gad_campaignid=23800353523&gbraid=0AAAABDgs-LSI9rqYG9nL5L2M7T9clZyZT&gclid=CjwKCAjwuanRBhBSEiwAY5y6Vy49nrl_oJkmkvtP2J2yD4kLX3YAfrzGGEN_jixfORKAcgvOyk20mxoCuE4QAvD_BwE" "Mozilla/5.0 (Linux; Android 10; K) AppleWebKit/537.36 (KHTML, like Gecko) Chrome/149.0.0.0 Mobile Safari/537.36"
151.82.6.221 - - [11/Jun/2026:14:23:12 +0200] "GET /wp-content/uploads/2021/10/cropped-cropped-cropped-cropped-logo_white_background-192x192.png HTTP/2.0" 200 15729 "https://reggio-emilia.elettroservicegroup.it/assistenza-frigoriferi-reggio-emilia/?gad_source=1&gad_campaignid=23800353523&gbraid=0AAAABDgs-LSI9rqYG9nL5L2M7T9clZyZT&gclid=CjwKCAjwuanRBhBSEiwAY5y6Vy49nrl_oJkmkvtP2J2yD4kLX3YAfrzGGEN_jixfORKAcgvOyk20mxoCuE4QAvD_BwE" "Mozilla/5.0 (Linux; Android 10; K) AppleWebKit/537.36 (KHTML, like Gecko) Chrome/149.0.0.0 Mobile Safari/537.36"
151.82.6.221 - - [11/Jun/2026:14:23:12 +0200] "GET /wp-content/uploads/2021/10/cropped-cropped-cropped-cropped-logo_white_background-180x180.png HTTP/2.0" 200 16527 "https://reggio-emilia.elettroservicegroup.it/assistenza-frigoriferi-reggio-emilia/?gad_source=1&gad_campaignid=23800353523&gbraid=0AAAABDgs-LSI9rqYG9nL5L2M7T9clZyZT&gclid=CjwKCAjwuanRBhBSEiwAY5y6Vy49nrl_oJkmkvtP2J2yD4kLX3YAfrzGGEN_jixfORKAcgvOyk20mxoCuE4QAvD_BwE" "Mozilla/5.0 (Linux; Android 10; K) AppleWebKit/537.36 (KHTML, like Gecko) Chrome/149.0.0.0 Mobile Safari/537.36"
151.82.6.221 - - [11/Jun/2026:14:23:12 +0200] "GET /wp-json/complianz/v1/banner?lang=it&locale=it_IT&token=dvilp HTTP/2.0" 200 84 "https://reggio-emilia.elettroservicegroup.it/assistenza-frigoriferi-reggio-emilia/?gad_source=1&gad_campaignid=23800353523&gbraid=0AAAABDgs-LSI9rqYG9nL5L2M7T9clZyZT&gclid=CjwKCAjwuanRBhBSEiwAY5y6Vy49nrl_oJkmkvtP2J2yD4kLX3YAfrzGGEN_jixfORKAcgvOyk20mxoCuE4QAvD_BwE" "Mozilla/5.0 (Linux; Android 10; K) AppleWebKit/537.36 (KHTML, like Gecko) Chrome/149.0.0.0 Mobile Safari/537.36"
151.82.6.221 - - [11/Jun/2026:14:23:14 +0200] "GET /wp-content/uploads/complianz/css/banner-1-optin.css?v=511 HTTP/2.0" 200 2622 "https://reggio-emilia.elettroservicegroup.it/assistenza-frigoriferi-reggio-emilia/?gad_source=1&gad_campaignid=23800353523&gbraid=0AAAABDgs-LSI9rqYG9nL5L2M7T9clZyZT&gclid=CjwKCAjwuanRBhBSEiwAY5y6Vy49nrl_oJkmkvtP2J2yD4kLX3YAfrzGGEN_jixfORKAcgvOyk20mxoCuE4QAvD_BwE" "Mozilla/5.0 (Linux; Android 10; K) AppleWebKit/537.36 (KHTML, like Gecko) Chrome/149.0.0.0 Mobile Safari/537.36"
65.108.235.243 - - [11/Jun/2026:14:23:12 +0200] "GET /dichiarazione-sulla-privacy-ue/ HTTP/1.1" 200 21105 "-" "WP Fastest Cache Preload Bot"
151.82.6.221 - - [11/Jun/2026:14:23:14 +0200] "GET /wp-json/complianz/v1/cookie_data HTTP/2.0" 200 82 "https://reggio-emilia.elettroservicegroup.it/assistenza-frigoriferi-reggio-emilia/?gad_source=1&gad_campaignid=23800353523&gbraid=0AAAABDgs-LSI9rqYG9nL5L2M7T9clZyZT&gclid=CjwKCAjwuanRBhBSEiwAY5y6Vy49nrl_oJkmkvtP2J2yD4kLX3YAfrzGGEN_jixfORKAcgvOyk20mxoCuE4QAvD_BwE" "Mozilla/5.0 (Linux; Android 10; K) AppleWebKit/537.36 (KHTML, like Gecko) Chrome/149.0.0.0 Mobile Safari/537.36"
65.108.235.243 - - [11/Jun/2026:14:23:14 +0200] "GET /imprint/ HTTP/1.1" 200 18623 "-" "WP Fastest Cache Preload Bot"
65.108.235.243 - - [11/Jun/2026:14:23:15 +0200] "GET /assistenza-whirlpool-rubiera/ HTTP/1.1" 200 24866 "-" "WP Fastest Cache Preload Bot"
65.108.235.243 - - [11/Jun/2026:14:23:15 +0200] "GET /assistenza-whirlpool-scandiano/ HTTP/1.1" 200 24782 "-" "WP Fastest Cache Preload Bot"
151.82.6.221 - - [11/Jun/2026:14:23:16 +0200] "POST /wp-json/complianz/v1/track HTTP/2.0" 200 20 "https://reggio-emilia.elettroservicegroup.it/assistenza-frigoriferi-reggio-emilia/?gad_source=1&gad_campaignid=23800353523&gbraid=0AAAABDgs-LSI9rqYG9nL5L2M7T9clZyZT&gclid=CjwKCAjwuanRBhBSEiwAY5y6Vy49nrl_oJkmkvtP2J2yD4kLX3YAfrzGGEN_jixfORKAcgvOyk20mxoCuE4QAvD_BwE" "Mozilla/5.0 (Linux; Android 10; K) AppleWebKit/537.36 (KHTML, like Gecko) Chrome/149.0.0.0 Mobile Safari/537.36"
65.108.235.243 - - [11/Jun/2026:14:23:16 +0200] "GET / HTTP/1.1" 200 25235 "-" "WP Fastest Cache Preload Bot"
65.108.235.243 - - [11/Jun/2026:14:27:35 +0200] "POST /wp-cron.php?doing_wp_cron=1781180855.8655030727386474609375 HTTP/1.1" 200 1 "-" "WordPress/7.0; https://reggio-emilia.elettroservicegroup.it"
180.153.197.197 - - [11/Jun/2026:14:27:31 +0200] "GET /robots.txt HTTP/2.0" 200 110 "https://reggio-emilia.elettroservicegroup.it/robots.txt" "Mozilla/5.0 (Macintosh; Intel Mac OS X 10_15_7) AppleWebKit/537.36 (KHTML, like Gecko) Chrome/123.0.0.0 Safari/537.36"
65.108.235.243 - - [11/Jun/2026:14:27:36 +0200] "GET /dichiarazione-sulla-privacy-ue/ HTTP/1.1" 200 21105 "-" "WP Fastest Cache Preload Bot"
65.108.235.243 - - [11/Jun/2026:14:27:36 +0200] "GET /imprint/ HTTP/1.1" 200 18621 "-" "WP Fastest Cache Preload Bot"
65.108.235.243 - - [11/Jun/2026:14:27:37 +0200] "GET /assistenza-whirlpool-rubiera/ HTTP/1.1" 200 24866 "-" "WP Fastest Cache Preload Bot"
65.108.235.243 - - [11/Jun/2026:14:27:38 +0200] "GET /assistenza-whirlpool-scandiano/ HTTP/1.1" 200 24782 "-" "WP Fastest Cache Preload Bot"
18.163.119.169 - - [11/Jun/2026:14:30:20 +0200] "HEAD / HTTP/1.1" 200 - "-" "Mozilla/5.0 (Ubuntu; Linux x86_64) AppleWebKit/537.36 (KHTML, like Gecko) Chrome/129.0.0.0 Safari/537.36"
82.154.41.44 - - [11/Jun/2026:14:51:46 +0200] "GET /wp-content/uploads/2021/10/FORNO.jpg HTTP/2.0" 200 36377 "https://reggio-emilia.elettroservicegroup.it/assistenza-forni-elettrici-reggio-emilia/" "Mozilla/5.0 (X11; CrOS x86_64 14541.0.0) AppleWebKit/537.36 (KHTML, like Gecko) Chrome/148.0.0.0 Safari/537.36"
82.154.41.44 - - [11/Jun/2026:14:51:46 +0200] "GET /wp-content/uploads/2021/10/TECNICO-ELETTRODOMESTICI-4.jpg HTTP/2.0" 200 23089 "https://reggio-emilia.elettroservicegroup.it/assistenza-forni-elettrici-reggio-emilia/" "Mozilla/5.0 (X11; CrOS x86_64 14541.0.0) AppleWebKit/537.36 (KHTML, like Gecko) Chrome/148.0.0.0 Safari/537.36"
65.108.235.243 - - [11/Jun/2026:14:57:18 +0200] "POST /wp-cron.php?doing_wp_cron=1781182638.8713788986206054687500 HTTP/1.1" 200 1 "-" "WordPress/7.0; https://reggio-emilia.elettroservicegroup.it"
93.37.144.225 - - [11/Jun/2026:14:57:16 +0200] "GET /?gad_source=1&gad_campaignid=23800353523&gbraid=0AAAABDgs-LSI9rqYG9nL5L2M7T9clZyZT&gclid=EAIaIQobChMIwtau0p3_lAMVtIyDBx39ezkaEAAYASAAEgK8wfD_BwE HTTP/2.0" 200 25572 "https://www.google.com/" "Mozilla/5.0 (iPhone; CPU iPhone OS 18_7 like Mac OS X) AppleWebKit/605.1.15 (KHTML, like Gecko) Version/26.5 Mobile/15E148 Safari/604.1"
93.37.144.225 - - [11/Jun/2026:14:57:19 +0200] "GET /?gad_source=1&gad_campaignid=23800353523&gbraid=0AAAABDgs-LSI9rqYG9nL5L2M7T9clZyZT&gclid=EAIaIQobChMIwtau0p3_lAMVtIyDBx39ezkaEAAYASAAEgK8wfD_BwE HTTP/2.0" 200 25572 "https://www.google.com/" "Mozilla/5.0 (iPhone; CPU iPhone OS 18_7 like Mac OS X) AppleWebKit/605.1.15 (KHTML, like Gecko) Version/26.5 Mobile/15E148 Safari/604.1"
93.37.144.225 - - [11/Jun/2026:14:57:20 +0200] "GET /wp-content/plugins/header-footer-elementor/inc/widgets-css/frontend.css?ver=2.8.8 HTTP/2.0" 200 8711 "https://reggio-emilia.elettroservicegroup.it/?gad_source=1&gad_campaignid=23800353523&gbraid=0AAAABDgs-LSI9rqYG9nL5L2M7T9clZyZT&gclid=EAIaIQobChMIwtau0p3_lAMVtIyDBx39ezkaEAAYASAAEgK8wfD_BwE" "Mozilla/5.0 (iPhone; CPU iPhone OS 18_7 like Mac OS X) AppleWebKit/605.1.15 (KHTML, like Gecko) Version/26.5 Mobile/15E148 Safari/604.1"
93.37.144.225 - - [11/Jun/2026:14:57:20 +0200] "GET /wp-content/plugins/all-in-one-seo-pack/dist/Lite/assets/css/table-of-contents/global.e90f6d47.css?ver=4.9.7.2 HTTP/2.0" 200 420 "https://reggio-emilia.elettroservicegroup.it/?gad_source=1&gad_campaignid=23800353523&gbraid=0AAAABDgs-LSI9rqYG9nL5L2M7T9clZyZT&gclid=EAIaIQobChMIwtau0p3_lAMVtIyDBx39ezkaEAAYASAAEgK8wfD_BwE" "Mozilla/5.0 (iPhone; CPU iPhone OS 18_7 like Mac OS X) AppleWebKit/605.1.15 (KHTML, like Gecko) Version/26.5 Mobile/15E148 Safari/604.1"
93.37.144.225 - - [11/Jun/2026:14:57:20 +0200] "GET /wp-content/plugins/complianz-gdpr-premium/assets/css/cookieblocker.min.css?ver=1780326507 HTTP/2.0" 200 615 "https://reggio-emilia.elettroservicegroup.it/?gad_source=1&gad_campaignid=23800353523&gbraid=0AAAABDgs-LSI9rqYG9nL5L2M7T9clZyZT&gclid=EAIaIQobChMIwtau0p3_lAMVtIyDBx39ezkaEAAYASAAEgK8wfD_BwE" "Mozilla/5.0 (iPhone; CPU iPhone OS 18_7 like Mac OS X) AppleWebKit/605.1.15 (KHTML, like Gecko) Version/26.5 Mobile/15E148 Safari/604.1"
93.37.144.225 - - [11/Jun/2026:14:57:20 +0200] "GET /wp-content/plugins/header-footer-elementor/assets/css/header-footer-elementor.css?ver=2.8.8 HTTP/2.0" 200 260 "https://reggio-emilia.elettroservicegroup.it/?gad_source=1&gad_campaignid=23800353523&gbraid=0AAAABDgs-LSI9rqYG9nL5L2M7T9clZyZT&gclid=EAIaIQobChMIwtau0p3_lAMVtIyDBx39ezkaEAAYASAAEgK8wfD_BwE" "Mozilla/5.0 (iPhone; CPU iPhone OS 18_7 like Mac OS X) AppleWebKit/605.1.15 (KHTML, like Gecko) Version/26.5 Mobile/15E148 Safari/604.1"
93.37.144.225 - - [11/Jun/2026:14:57:20 +0200] "GET /wp-content/plugins/elementor/assets/css/frontend.min.css?ver=4.1.2 HTTP/2.0" 200 6618 "https://reggio-emilia.elettroservicegroup.it/?gad_source=1&gad_campaignid=23800353523&gbraid=0AAAABDgs-LSI9rqYG9nL5L2M7T9clZyZT&gclid=EAIaIQobChMIwtau0p3_lAMVtIyDBx39ezkaEAAYASAAEgK8wfD_BwE" "Mozilla/5.0 (iPhone; CPU iPhone OS 18_7 like Mac OS X) AppleWebKit/605.1.15 (KHTML, like Gecko) Version/26.5 Mobile/15E148 Safari/604.1"
93.37.144.225 - - [11/Jun/2026:14:57:20 +0200] "GET /wp-content/uploads/elementor/css/post-14146.css?ver=1781018154 HTTP/2.0" 200 428 "https://reggio-emilia.elettroservicegroup.it/?gad_source=1&gad_campaignid=23800353523&gbraid=0AAAABDgs-LSI9rqYG9nL5L2M7T9clZyZT&gclid=EAIaIQobChMIwtau0p3_lAMVtIyDBx39ezkaEAAYASAAEgK8wfD_BwE" "Mozilla/5.0 (iPhone; CPU iPhone OS 18_7 like Mac OS X) AppleWebKit/605.1.15 (KHTML, like Gecko) Version/26.5 Mobile/15E148 Safari/604.1"
93.37.144.225 - - [11/Jun/2026:14:57:20 +0200] "GET /wp-content/plugins/elementor/assets/css/widget-spacer.min.css?ver=4.1.2 HTTP/2.0" 200 287 "https://reggio-emilia.elettroservicegroup.it/?gad_source=1&gad_campaignid=23800353523&gbraid=0AAAABDgs-LSI9rqYG9nL5L2M7T9clZyZT&gclid=EAIaIQobChMIwtau0p3_lAMVtIyDBx39ezkaEAAYASAAEgK8wfD_BwE" "Mozilla/5.0 (iPhone; CPU iPhone OS 18_7 like Mac OS X) AppleWebKit/605.1.15 (KHTML, like Gecko) Version/26.5 Mobile/15E148 Safari/604.1"
93.37.144.225 - - [11/Jun/2026:14:57:20 +0200] "GET /wp-content/plugins/elementor/assets/lib/font-awesome/css/all.min.css?ver=4.1.2 HTTP/2.0" 200 12402 "https://reggio-emilia.elettroservicegroup.it/?gad_source=1&gad_campaignid=23800353523&gbraid=0AAAABDgs-LSI9rqYG9nL5L2M7T9clZyZT&gclid=EAIaIQobChMIwtau0p3_lAMVtIyDBx39ezkaEAAYASAAEgK8wfD_BwE" "Mozilla/5.0 (iPhone; CPU iPhone OS 18_7 like Mac OS X) AppleWebKit/605.1.15 (KHTML, like Gecko) Version/26.5 Mobile/15E148 Safari/604.1"
93.37.144.225 - - [11/Jun/2026:14:57:20 +0200] "GET /wp-content/plugins/elementor/assets/css/widget-image.min.css?ver=4.1.2 HTTP/2.0" 200 96 "https://reggio-emilia.elettroservicegroup.it/?gad_source=1&gad_campaignid=23800353523&gbraid=0AAAABDgs-LSI9rqYG9nL5L2M7T9clZyZT&gclid=EAIaIQobChMIwtau0p3_lAMVtIyDBx39ezkaEAAYASAAEgK8wfD_BwE" "Mozilla/5.0 (iPhone; CPU iPhone OS 18_7 like Mac OS X) AppleWebKit/605.1.15 (KHTML, like Gecko) Version/26.5 Mobile/15E148 Safari/604.1"
93.37.144.225 - - [11/Jun/2026:14:57:20 +0200] "GET /wp-content/plugins/elementor/assets/lib/font-awesome/css/v4-shims.min.css?ver=4.1.2 HTTP/2.0" 200 3986 "https://reggio-emilia.elettroservicegroup.it/?gad_source=1&gad_campaignid=23800353523&gbraid=0AAAABDgs-LSI9rqYG9nL5L2M7T9clZyZT&gclid=EAIaIQobChMIwtau0p3_lAMVtIyDBx39ezkaEAAYASAAEgK8wfD_BwE" "Mozilla/5.0 (iPhone; CPU iPhone OS 18_7 like Mac OS X) AppleWebKit/605.1.15 (KHTML, like Gecko) Version/26.5 Mobile/15E148 Safari/604.1"
93.37.144.225 - - [11/Jun/2026:14:57:20 +0200] "GET /wp-content/plugins/elementor/assets/css/widget-heading.min.css?ver=4.1.2 HTTP/2.0" 200 127 "https://reggio-emilia.elettroservicegroup.it/?gad_source=1&gad_campaignid=23800353523&gbraid=0AAAABDgs-LSI9rqYG9nL5L2M7T9clZyZT&gclid=EAIaIQobChMIwtau0p3_lAMVtIyDBx39ezkaEAAYASAAEgK8wfD_BwE" "Mozilla/5.0 (iPhone; CPU iPhone OS 18_7 like Mac OS X) AppleWebKit/605.1.15 (KHTML, like Gecko) Version/26.5 Mobile/15E148 Safari/604.1"
93.37.144.225 - - [11/Jun/2026:14:57:20 +0200] "GET /wp-content/plugins/elementor/assets/lib/animations/styles/zoomIn.min.css?ver=4.1.2 HTTP/2.0" 200 87 "https://reggio-emilia.elettroservicegroup.it/?gad_source=1&gad_campaignid=23800353523&gbraid=0AAAABDgs-LSI9rqYG9nL5L2M7T9clZyZT&gclid=EAIaIQobChMIwtau0p3_lAMVtIyDBx39ezkaEAAYASAAEgK8wfD_BwE" "Mozilla/5.0 (iPhone; CPU iPhone OS 18_7 like Mac OS X) AppleWebKit/605.1.15 (KHTML, like Gecko) Version/26.5 Mobile/15E148 Safari/604.1"
93.37.144.225 - - [11/Jun/2026:14:57:20 +0200] "GET /wp-content/plugins/elementor/assets/lib/animations/styles/bounceIn.min.css?ver=4.1.2 HTTP/2.0" 200 186 "https://reggio-emilia.elettroservicegroup.it/?gad_source=1&gad_campaignid=23800353523&gbraid=0AAAABDgs-LSI9rqYG9nL5L2M7T9clZyZT&gclid=EAIaIQobChMIwtau0p3_lAMVtIyDBx39ezkaEAAYASAAEgK8wfD_BwE" "Mozilla/5.0 (iPhone; CPU iPhone OS 18_7 like Mac OS X) AppleWebKit/605.1.15 (KHTML, like Gecko) Version/26.5 Mobile/15E148 Safari/604.1"
93.37.144.225 - - [11/Jun/2026:14:57:20 +0200] "GET /wp-content/plugins/elementor/assets/css/widget-icon-list.min.css?ver=3.24.3 HTTP/2.0" 200 928 "https://reggio-emilia.elettroservicegroup.it/?gad_source=1&gad_campaignid=23800353523&gbraid=0AAAABDgs-LSI9rqYG9nL5L2M7T9clZyZT&gclid=EAIaIQobChMIwtau0p3_lAMVtIyDBx39ezkaEAAYASAAEgK8wfD_BwE" "Mozilla/5.0 (iPhone; CPU iPhone OS 18_7 like Mac OS X) AppleWebKit/605.1.15 (KHTML, like Gecko) Version/26.5 Mobile/15E148 Safari/604.1"
93.37.144.225 - - [11/Jun/2026:14:57:20 +0200] "GET /wp-content/plugins/elementor/assets/css/widget-social-icons.min.css?ver=3.24.0 HTTP/2.0" 200 1039 "https://reggio-emilia.elettroservicegroup.it/?gad_source=1&gad_campaignid=23800353523&gbraid=0AAAABDgs-LSI9rqYG9nL5L2M7T9clZyZT&gclid=EAIaIQobChMIwtau0p3_lAMVtIyDBx39ezkaEAAYASAAEgK8wfD_BwE" "Mozilla/5.0 (iPhone; CPU iPhone OS 18_7 like Mac OS X) AppleWebKit/605.1.15 (KHTML, like Gecko) Version/26.5 Mobile/15E148 Safari/604.1"
93.37.144.225 - - [11/Jun/2026:14:57:20 +0200] "GET /wp-content/uploads/elementor/css/post-14227.css?ver=1781019670 HTTP/2.0" 200 2362 "https://reggio-emilia.elettroservicegroup.it/?gad_source=1&gad_campaignid=23800353523&gbraid=0AAAABDgs-LSI9rqYG9nL5L2M7T9clZyZT&gclid=EAIaIQobChMIwtau0p3_lAMVtIyDBx39ezkaEAAYASAAEgK8wfD_BwE" "Mozilla/5.0 (iPhone; CPU iPhone OS 18_7 like Mac OS X) AppleWebKit/605.1.15 (KHTML, like Gecko) Version/26.5 Mobile/15E148 Safari/604.1"
93.37.144.225 - - [11/Jun/2026:14:57:20 +0200] "GET /wp-content/plugins/elementor/assets/lib/eicons/css/elementor-icons.min.css?ver=5.34.0 HTTP/2.0" 200 4115 "https://reggio-emilia.elettroservicegroup.it/?gad_source=1&gad_campaignid=23800353523&gbraid=0AAAABDgs-LSI9rqYG9nL5L2M7T9clZyZT&gclid=EAIaIQobChMIwtau0p3_lAMVtIyDBx39ezkaEAAYASAAEgK8wfD_BwE" "Mozilla/5.0 (iPhone; CPU iPhone OS 18_7 like Mac OS X) AppleWebKit/605.1.15 (KHTML, like Gecko) Version/26.5 Mobile/15E148 Safari/604.1"
93.37.144.225 - - [11/Jun/2026:14:57:20 +0200] "GET /wp-content/uploads/elementor/css/post-14366.css?ver=1781018154 HTTP/2.0" 200 302 "https://reggio-emilia.elettroservicegroup.it/?gad_source=1&gad_campaignid=23800353523&gbraid=0AAAABDgs-LSI9rqYG9nL5L2M7T9clZyZT&gclid=EAIaIQobChMIwtau0p3_lAMVtIyDBx39ezkaEAAYASAAEgK8wfD_BwE" "Mozilla/5.0 (iPhone; CPU iPhone OS 18_7 like Mac OS X) AppleWebKit/605.1.15 (KHTML, like Gecko) Version/26.5 Mobile/15E148 Safari/604.1"
93.37.144.225 - - [11/Jun/2026:14:57:20 +0200] "GET /wp-content/plugins/elementor/assets/lib/font-awesome/css/brands.css?ver=5.15.3 HTTP/2.0" 200 298 "https://reggio-emilia.elettroservicegroup.it/?gad_source=1&gad_campaignid=23800353523&gbraid=0AAAABDgs-LSI9rqYG9nL5L2M7T9clZyZT&gclid=EAIaIQobChMIwtau0p3_lAMVtIyDBx39ezkaEAAYASAAEgK8wfD_BwE" "Mozilla/5.0 (iPhone; CPU iPhone OS 18_7 like Mac OS X) AppleWebKit/605.1.15 (KHTML, like Gecko) Version/26.5 Mobile/15E148 Safari/604.1"
93.37.144.225 - - [11/Jun/2026:14:57:20 +0200] "GET /wp-content/themes/generatepress/assets/css/main.min.css?ver=3.6.1 HTTP/2.0" 200 4410 "https://reggio-emilia.elettroservicegroup.it/?gad_source=1&gad_campaignid=23800353523&gbraid=0AAAABDgs-LSI9rqYG9nL5L2M7T9clZyZT&gclid=EAIaIQobChMIwtau0p3_lAMVtIyDBx39ezkaEAAYASAAEgK8wfD_BwE" "Mozilla/5.0 (iPhone; CPU iPhone OS 18_7 like Mac OS X) AppleWebKit/605.1.15 (KHTML, like Gecko) Version/26.5 Mobile/15E148 Safari/604.1"
93.37.144.225 - - [11/Jun/2026:14:57:20 +0200] "GET /wp-content/plugins/elementor/assets/lib/font-awesome/css/solid.css?ver=5.15.3 HTTP/2.0" 200 299 "https://reggio-emilia.elettroservicegroup.it/?gad_source=1&gad_campaignid=23800353523&gbraid=0AAAABDgs-LSI9rqYG9nL5L2M7T9clZyZT&gclid=EAIaIQobChMIwtau0p3_lAMVtIyDBx39ezkaEAAYASAAEgK8wfD_BwE" "Mozilla/5.0 (iPhone; CPU iPhone OS 18_7 like Mac OS X) AppleWebKit/605.1.15 (KHTML, like Gecko) Version/26.5 Mobile/15E148 Safari/604.1"
93.37.144.225 - - [11/Jun/2026:14:57:20 +0200] "GET /wp-content/uploads/2021/10/cropped-cropped-cropped-logo_white_background.png HTTP/2.0" 200 26788 "https://reggio-emilia.elettroservicegroup.it/?gad_source=1&gad_campaignid=23800353523&gbraid=0AAAABDgs-LSI9rqYG9nL5L2M7T9clZyZT&gclid=EAIaIQobChMIwtau0p3_lAMVtIyDBx39ezkaEAAYASAAEgK8wfD_BwE" "Mozilla/5.0 (iPhone; CPU iPhone OS 18_7 like Mac OS X) AppleWebKit/605.1.15 (KHTML, like Gecko) Version/26.5 Mobile/15E148 Safari/604.1"
93.37.144.225 - - [11/Jun/2026:14:57:20 +0200] "GET /wp-content/plugins/gp-premium/menu-plus/functions/css/navigation-branding-flex.min.css?ver=2.5.5 HTTP/2.0" 200 542 "https://reggio-emilia.elettroservicegroup.it/?gad_source=1&gad_campaignid=23800353523&gbraid=0AAAABDgs-LSI9rqYG9nL5L2M7T9clZyZT&gclid=EAIaIQobChMIwtau0p3_lAMVtIyDBx39ezkaEAAYASAAEgK8wfD_BwE" "Mozilla/5.0 (iPhone; CPU iPhone OS 18_7 like Mac OS X) AppleWebKit/605.1.15 (KHTML, like Gecko) Version/26.5 Mobile/15E148 Safari/604.1"
93.37.144.225 - - [11/Jun/2026:14:57:20 +0200] "GET /wp-content/uploads/elementor/google-fonts/css/robotoslab.css?ver=1742255003 HTTP/2.0" 200 721 "https://reggio-emilia.elettroservicegroup.it/?gad_source=1&gad_campaignid=23800353523&gbraid=0AAAABDgs-LSI9rqYG9nL5L2M7T9clZyZT&gclid=EAIaIQobChMIwtau0p3_lAMVtIyDBx39ezkaEAAYASAAEgK8wfD_BwE" "Mozilla/5.0 (iPhone; CPU iPhone OS 18_7 like Mac OS X) AppleWebKit/605.1.15 (KHTML, like Gecko) Version/26.5 Mobile/15E148 Safari/604.1"
93.37.144.225 - - [11/Jun/2026:14:57:20 +0200] "GET /wp-content/plugins/gp-premium/menu-plus/functions/js/sticky.min.js?ver=2.5.5 HTTP/2.0" 200 2670 "https://reggio-emilia.elettroservicegroup.it/?gad_source=1&gad_campaignid=23800353523&gbraid=0AAAABDgs-LSI9rqYG9nL5L2M7T9clZyZT&gclid=EAIaIQobChMIwtau0p3_lAMVtIyDBx39ezkaEAAYASAAEgK8wfD_BwE" "Mozilla/5.0 (iPhone; CPU iPhone OS 18_7 like Mac OS X) AppleWebKit/605.1.15 (KHTML, like Gecko) Version/26.5 Mobile/15E148 Safari/604.1"
93.37.144.225 - - [11/Jun/2026:14:57:20 +0200] "GET /wp-content/plugins/elementor/assets/lib/font-awesome/js/v4-shims.min.js?ver=4.1.2 HTTP/2.0" 200 4043 "https://reggio-emilia.elettroservicegroup.it/?gad_source=1&gad_campaignid=23800353523&gbraid=0AAAABDgs-LSI9rqYG9nL5L2M7T9clZyZT&gclid=EAIaIQobChMIwtau0p3_lAMVtIyDBx39ezkaEAAYASAAEgK8wfD_BwE" "Mozilla/5.0 (iPhone; CPU iPhone OS 18_7 like Mac OS X) AppleWebKit/605.1.15 (KHTML, like Gecko) Version/26.5 Mobile/15E148 Safari/604.1"
93.37.144.225 - - [11/Jun/2026:14:57:20 +0200] "GET /wp-content/plugins/google-analytics-for-wordpress/assets/js/frontend-gtag.min.js?ver=10.2.2 HTTP/2.0" 200 3075 "https://reggio-emilia.elettroservicegroup.it/?gad_source=1&gad_campaignid=23800353523&gbraid=0AAAABDgs-LSI9rqYG9nL5L2M7T9clZyZT&gclid=EAIaIQobChMIwtau0p3_lAMVtIyDBx39ezkaEAAYASAAEgK8wfD_BwE" "Mozilla/5.0 (iPhone; CPU iPhone OS 18_7 like Mac OS X) AppleWebKit/605.1.15 (KHTML, like Gecko) Version/26.5 Mobile/15E148 Safari/604.1"
93.37.144.225 - - [11/Jun/2026:14:57:20 +0200] "GET /wp-content/plugins/elementor/assets/js/webpack.runtime.min.js?ver=4.1.2 HTTP/2.0" 200 2340 "https://reggio-emilia.elettroservicegroup.it/?gad_source=1&gad_campaignid=23800353523&gbraid=0AAAABDgs-LSI9rqYG9nL5L2M7T9clZyZT&gclid=EAIaIQobChMIwtau0p3_lAMVtIyDBx39ezkaEAAYASAAEgK8wfD_BwE" "Mozilla/5.0 (iPhone; CPU iPhone OS 18_7 like Mac OS X) AppleWebKit/605.1.15 (KHTML, like Gecko) Version/26.5 Mobile/15E148 Safari/604.1"
93.37.144.225 - - [11/Jun/2026:14:57:20 +0200] "GET /wp-content/uploads/elementor/google-fonts/css/roboto.css?ver=1742255001 HTTP/2.0" 200 1890 "https://reggio-emilia.elettroservicegroup.it/?gad_source=1&gad_campaignid=23800353523&gbraid=0AAAABDgs-LSI9rqYG9nL5L2M7T9clZyZT&gclid=EAIaIQobChMIwtau0p3_lAMVtIyDBx39ezkaEAAYASAAEgK8wfD_BwE" "Mozilla/5.0 (iPhone; CPU iPhone OS 18_7 like Mac OS X) AppleWebKit/605.1.15 (KHTML, like Gecko) Version/26.5 Mobile/15E148 Safari/604.1"
93.37.144.225 - - [11/Jun/2026:14:57:20 +0200] "GET /wp-content/themes/generatepress/assets/js/back-to-top.min.js?ver=3.6.1 HTTP/2.0" 200 336 "https://reggio-emilia.elettroservicegroup.it/?gad_source=1&gad_campaignid=23800353523&gbraid=0AAAABDgs-LSI9rqYG9nL5L2M7T9clZyZT&gclid=EAIaIQobChMIwtau0p3_lAMVtIyDBx39ezkaEAAYASAAEgK8wfD_BwE" "Mozilla/5.0 (iPhone; CPU iPhone OS 18_7 like Mac OS X) AppleWebKit/605.1.15 (KHTML, like Gecko) Version/26.5 Mobile/15E148 Safari/604.1"
93.37.144.225 - - [11/Jun/2026:14:57:20 +0200] "GET /wp-content/themes/generatepress/assets/js/menu.min.js?ver=3.6.1 HTTP/2.0" 200 1688 "https://reggio-emilia.elettroservicegroup.it/?gad_source=1&gad_campaignid=23800353523&gbraid=0AAAABDgs-LSI9rqYG9nL5L2M7T9clZyZT&gclid=EAIaIQobChMIwtau0p3_lAMVtIyDBx39ezkaEAAYASAAEgK8wfD_BwE" "Mozilla/5.0 (iPhone; CPU iPhone OS 18_7 like Mac OS X) AppleWebKit/605.1.15 (KHTML, like Gecko) Version/26.5 Mobile/15E148 Safari/604.1"
93.37.144.225 - - [11/Jun/2026:14:57:20 +0200] "GET /wp-content/plugins/elementor/assets/lib/font-awesome/css/fontawesome.css?ver=5.15.3 HTTP/2.0" 200 12535 "https://reggio-emilia.elettroservicegroup.it/?gad_source=1&gad_campaignid=23800353523&gbraid=0AAAABDgs-LSI9rqYG9nL5L2M7T9clZyZT&gclid=EAIaIQobChMIwtau0p3_lAMVtIyDBx39ezkaEAAYASAAEgK8wfD_BwE" "Mozilla/5.0 (iPhone; CPU iPhone OS 18_7 like Mac OS X) AppleWebKit/605.1.15 (KHTML, like Gecko) Version/26.5 Mobile/15E148 Safari/604.1"
93.37.144.225 - - [11/Jun/2026:14:57:20 +0200] "GET /wp-content/plugins/elementor/assets/js/frontend-modules.min.js?ver=4.1.2 HTTP/2.0" 200 15454 "https://reggio-emilia.elettroservicegroup.it/?gad_source=1&gad_campaignid=23800353523&gbraid=0AAAABDgs-LSI9rqYG9nL5L2M7T9clZyZT&gclid=EAIaIQobChMIwtau0p3_lAMVtIyDBx39ezkaEAAYASAAEgK8wfD_BwE" "Mozilla/5.0 (iPhone; CPU iPhone OS 18_7 like Mac OS X) AppleWebKit/605.1.15 (KHTML, like Gecko) Version/26.5 Mobile/15E148 Safari/604.1"
93.37.144.225 - - [11/Jun/2026:14:57:20 +0200] "GET /wp-includes/js/jquery/ui/core.min.js?ver=1.13.3 HTTP/2.0" 200 6820 "https://reggio-emilia.elettroservicegroup.it/?gad_source=1&gad_campaignid=23800353523&gbraid=0AAAABDgs-LSI9rqYG9nL5L2M7T9clZyZT&gclid=EAIaIQobChMIwtau0p3_lAMVtIyDBx39ezkaEAAYASAAEgK8wfD_BwE" "Mozilla/5.0 (iPhone; CPU iPhone OS 18_7 like Mac OS X) AppleWebKit/605.1.15 (KHTML, like Gecko) Version/26.5 Mobile/15E148 Safari/604.1"
93.37.144.225 - - [11/Jun/2026:14:57:20 +0200] "GET /wp-content/plugins/elementor/assets/js/frontend.min.js?ver=4.1.2 HTTP/2.0" 200 10140 "https://reggio-emilia.elettroservicegroup.it/?gad_source=1&gad_campaignid=23800353523&gbraid=0AAAABDgs-LSI9rqYG9nL5L2M7T9clZyZT&gclid=EAIaIQobChMIwtau0p3_lAMVtIyDBx39ezkaEAAYASAAEgK8wfD_BwE" "Mozilla/5.0 (iPhone; CPU iPhone OS 18_7 like Mac OS X) AppleWebKit/605.1.15 (KHTML, like Gecko) Version/26.5 Mobile/15E148 Safari/604.1"
93.37.144.225 - - [11/Jun/2026:14:57:20 +0200] "GET /wp-content/plugins/complianz-gdpr-premium/cookiebanner/js/complianz.min.js?ver=1780326507 HTTP/2.0" 200 10708 "https://reggio-emilia.elettroservicegroup.it/?gad_source=1&gad_campaignid=23800353523&gbraid=0AAAABDgs-LSI9rqYG9nL5L2M7T9clZyZT&gclid=EAIaIQobChMIwtau0p3_lAMVtIyDBx39ezkaEAAYASAAEgK8wfD_BwE" "Mozilla/5.0 (iPhone; CPU iPhone OS 18_7 like Mac OS X) AppleWebKit/605.1.15 (KHTML, like Gecko) Version/26.5 Mobile/15E148 Safari/604.1"
93.37.144.225 - - [11/Jun/2026:14:57:20 +0200] "GET /wp-includes/js/jquery/jquery-migrate.min.js?ver=3.4.1 HTTP/2.0" 200 4685 "https://reggio-emilia.elettroservicegroup.it/?gad_source=1&gad_campaignid=23800353523&gbraid=0AAAABDgs-LSI9rqYG9nL5L2M7T9clZyZT&gclid=EAIaIQobChMIwtau0p3_lAMVtIyDBx39ezkaEAAYASAAEgK8wfD_BwE" "Mozilla/5.0 (iPhone; CPU iPhone OS 18_7 like Mac OS X) AppleWebKit/605.1.15 (KHTML, like Gecko) Version/26.5 Mobile/15E148 Safari/604.1"
93.37.144.225 - - [11/Jun/2026:14:57:20 +0200] "GET /wp-includes/js/jquery/jquery.min.js?ver=3.7.1 HTTP/2.0" 200 29769 "https://reggio-emilia.elettroservicegroup.it/?gad_source=1&gad_campaignid=23800353523&gbraid=0AAAABDgs-LSI9rqYG9nL5L2M7T9clZyZT&gclid=EAIaIQobChMIwtau0p3_lAMVtIyDBx39ezkaEAAYASAAEgK8wfD_BwE" "Mozilla/5.0 (iPhone; CPU iPhone OS 18_7 like Mac OS X) AppleWebKit/605.1.15 (KHTML, like Gecko) Version/26.5 Mobile/15E148 Safari/604.1"
93.37.144.225 - - [11/Jun/2026:14:57:21 +0200] "GET /wp-content/uploads/2021/10/cropped-logo_white_background.png HTTP/2.0" 200 15855 "https://reggio-emilia.elettroservicegroup.it/?gad_source=1&gad_campaignid=23800353523&gbraid=0AAAABDgs-LSI9rqYG9nL5L2M7T9clZyZT&gclid=EAIaIQobChMIwtau0p3_lAMVtIyDBx39ezkaEAAYASAAEgK8wfD_BwE" "Mozilla/5.0 (iPhone; CPU iPhone OS 18_7 like Mac OS X) AppleWebKit/605.1.15 (KHTML, like Gecko) Version/26.5 Mobile/15E148 Safari/604.1"
93.37.144.225 - - [11/Jun/2026:14:57:21 +0200] "GET /wp-content/uploads/elementor/google-fonts/fonts/roboto-kfo7cnqeu92fr1me7ksn66agldtyluama3yuba.woff2 HTTP/2.0" 200 40132 "https://reggio-emilia.elettroservicegroup.it/?gad_source=1&gad_campaignid=23800353523&gbraid=0AAAABDgs-LSI9rqYG9nL5L2M7T9clZyZT&gclid=EAIaIQobChMIwtau0p3_lAMVtIyDBx39ezkaEAAYASAAEgK8wfD_BwE" "Mozilla/5.0 (iPhone; CPU iPhone OS 18_7 like Mac OS X) AppleWebKit/605.1.15 (KHTML, like Gecko) Version/26.5 Mobile/15E148 Safari/604.1"
93.37.144.225 - - [11/Jun/2026:14:57:21 +0200] "GET /wp-content/uploads/2022/01/TECNICO-ELETTRODOMESTICI-1.jpg HTTP/2.0" 200 23089 "https://reggio-emilia.elettroservicegroup.it/?gad_source=1&gad_campaignid=23800353523&gbraid=0AAAABDgs-LSI9rqYG9nL5L2M7T9clZyZT&gclid=EAIaIQobChMIwtau0p3_lAMVtIyDBx39ezkaEAAYASAAEgK8wfD_BwE" "Mozilla/5.0 (iPhone; CPU iPhone OS 18_7 like Mac OS X) AppleWebKit/605.1.15 (KHTML, like Gecko) Version/26.5 Mobile/15E148 Safari/604.1"
93.37.144.225 - - [11/Jun/2026:14:57:21 +0200] "GET /wp-content/plugins/elementor/assets/js/section-frontend-handlers.d85ab872da118940910d.bundle.min.js HTTP/2.0" 200 230 "https://reggio-emilia.elettroservicegroup.it/?gad_source=1&gad_campaignid=23800353523&gbraid=0AAAABDgs-LSI9rqYG9nL5L2M7T9clZyZT&gclid=EAIaIQobChMIwtau0p3_lAMVtIyDBx39ezkaEAAYASAAEgK8wfD_BwE" "Mozilla/5.0 (iPhone; CPU iPhone OS 18_7 like Mac OS X) AppleWebKit/605.1.15 (KHTML, like Gecko) Version/26.5 Mobile/15E148 Safari/604.1"
93.37.144.225 - - [11/Jun/2026:14:57:21 +0200] "GET /wp-content/plugins/elementor/assets/js/shared-frontend-handlers.03caa53373b56d3bab67.bundle.min.js HTTP/2.0" 200 2515 "https://reggio-emilia.elettroservicegroup.it/?gad_source=1&gad_campaignid=23800353523&gbraid=0AAAABDgs-LSI9rqYG9nL5L2M7T9clZyZT&gclid=EAIaIQobChMIwtau0p3_lAMVtIyDBx39ezkaEAAYASAAEgK8wfD_BwE" "Mozilla/5.0 (iPhone; CPU iPhone OS 18_7 like Mac OS X) AppleWebKit/605.1.15 (KHTML, like Gecko) Version/26.5 Mobile/15E148 Safari/604.1"
93.37.144.225 - - [11/Jun/2026:14:57:21 +0200] "GET /wp-content/plugins/elementor/assets/js/text-editor.45609661e409413f1cef.bundle.min.js HTTP/2.0" 200 592 "https://reggio-emilia.elettroservicegroup.it/?gad_source=1&gad_campaignid=23800353523&gbraid=0AAAABDgs-LSI9rqYG9nL5L2M7T9clZyZT&gclid=EAIaIQobChMIwtau0p3_lAMVtIyDBx39ezkaEAAYASAAEgK8wfD_BwE" "Mozilla/5.0 (iPhone; CPU iPhone OS 18_7 like Mac OS X) AppleWebKit/605.1.15 (KHTML, like Gecko) Version/26.5 Mobile/15E148 Safari/604.1"
93.37.144.225 - - [11/Jun/2026:14:57:21 +0200] "GET /wp-content/uploads/2021/10/cropped-cropped-cropped-cropped-logo_white_background-192x192.png HTTP/2.0" 200 15729 "https://reggio-emilia.elettroservicegroup.it/?gad_source=1&gad_campaignid=23800353523&gbraid=0AAAABDgs-LSI9rqYG9nL5L2M7T9clZyZT&gclid=EAIaIQobChMIwtau0p3_lAMVtIyDBx39ezkaEAAYASAAEgK8wfD_BwE" "Mozilla/5.0 (iPhone; CPU iPhone OS 18_7 like Mac OS X) AppleWebKit/605.1.15 (KHTML, like Gecko) Version/26.5 Mobile/15E148 Safari/604.1"
93.37.144.225 - - [11/Jun/2026:14:57:21 +0200] "GET /wp-content/uploads/2021/10/cropped-cropped-cropped-cropped-logo_white_background-32x32.png HTTP/2.0" 200 1181 "https://reggio-emilia.elettroservicegroup.it/?gad_source=1&gad_campaignid=23800353523&gbraid=0AAAABDgs-LSI9rqYG9nL5L2M7T9clZyZT&gclid=EAIaIQobChMIwtau0p3_lAMVtIyDBx39ezkaEAAYASAAEgK8wfD_BwE" "Mozilla/5.0 (iPhone; CPU iPhone OS 18_7 like Mac OS X) AppleWebKit/605.1.15 (KHTML, like Gecko) Version/26.5 Mobile/15E148 Safari/604.1"
65.108.235.243 - - [11/Jun/2026:14:57:19 +0200] "GET /assistenza-whirlpool-santilario-denza/ HTTP/1.1" 200 24941 "-" "WP Fastest Cache Preload Bot"
93.37.144.225 - - [11/Jun/2026:14:57:21 +0200] "GET /wp-json/complianz/v1/banner?lang=it&locale=it_IT&token=vgfdd HTTP/2.0" 200 84 "https://reggio-emilia.elettroservicegroup.it/?gad_source=1&gad_campaignid=23800353523&gbraid=0AAAABDgs-LSI9rqYG9nL5L2M7T9clZyZT&gclid=EAIaIQobChMIwtau0p3_lAMVtIyDBx39ezkaEAAYASAAEgK8wfD_BwE" "Mozilla/5.0 (iPhone; CPU iPhone OS 18_7 like Mac OS X) AppleWebKit/605.1.15 (KHTML, like Gecko) Version/26.5 Mobile/15E148 Safari/604.1"
93.37.144.225 - - [11/Jun/2026:14:57:22 +0200] "GET /wp-content/uploads/complianz/css/banner-1-optin.css?v=511 HTTP/2.0" 200 2622 "https://reggio-emilia.elettroservicegroup.it/?gad_source=1&gad_campaignid=23800353523&gbraid=0AAAABDgs-LSI9rqYG9nL5L2M7T9clZyZT&gclid=EAIaIQobChMIwtau0p3_lAMVtIyDBx39ezkaEAAYASAAEgK8wfD_BwE" "Mozilla/5.0 (iPhone; CPU iPhone OS 18_7 like Mac OS X) AppleWebKit/605.1.15 (KHTML, like Gecko) Version/26.5 Mobile/15E148 Safari/604.1"
93.37.144.225 - - [11/Jun/2026:14:57:22 +0200] "GET /wp-json/complianz/v1/cookie_data HTTP/2.0" 200 82 "https://reggio-emilia.elettroservicegroup.it/?gad_source=1&gad_campaignid=23800353523&gbraid=0AAAABDgs-LSI9rqYG9nL5L2M7T9clZyZT&gclid=EAIaIQobChMIwtau0p3_lAMVtIyDBx39ezkaEAAYASAAEgK8wfD_BwE" "Mozilla/5.0 (iPhone; CPU iPhone OS 18_7 like Mac OS X) AppleWebKit/605.1.15 (KHTML, like Gecko) Version/26.5 Mobile/15E148 Safari/604.1"
65.108.235.243 - - [11/Jun/2026:14:57:21 +0200] "GET /assistenza-whirlpool-guastalla/ HTTP/1.1" 200 24886 "-" "WP Fastest Cache Preload Bot"
93.37.144.225 - - [11/Jun/2026:14:57:24 +0200] "POST /wp-json/complianz/v1/track HTTP/2.0" 200 20 "https://reggio-emilia.elettroservicegroup.it/?gad_source=1&gad_campaignid=23800353523&gbraid=0AAAABDgs-LSI9rqYG9nL5L2M7T9clZyZT&gclid=EAIaIQobChMIwtau0p3_lAMVtIyDBx39ezkaEAAYASAAEgK8wfD_BwE" "Mozilla/5.0 (iPhone; CPU iPhone OS 18_7 like Mac OS X) AppleWebKit/605.1.15 (KHTML, like Gecko) Version/26.5 Mobile/15E148 Safari/604.1"
65.108.235.243 - - [11/Jun/2026:14:57:24 +0200] "GET /assistenza-whirlpool-correggio/ HTTP/1.1" 200 24910 "-" "WP Fastest Cache Preload Bot"
65.108.235.243 - - [11/Jun/2026:14:57:25 +0200] "GET /assistenza-whirlpool-reggio-emilia/ HTTP/1.1" 200 24862 "-" "WP Fastest Cache Preload Bot"
93.37.144.225 - - [11/Jun/2026:14:57:26 +0200] "GET /wp-content/uploads/2021/10/asko-e1634463631713-1024x675.jpg HTTP/2.0" 200 80013 "https://reggio-emilia.elettroservicegroup.it/?gad_source=1&gad_campaignid=23800353523&gbraid=0AAAABDgs-LSI9rqYG9nL5L2M7T9clZyZT&gclid=EAIaIQobChMIwtau0p3_lAMVtIyDBx39ezkaEAAYASAAEgK8wfD_BwE" "Mozilla/5.0 (iPhone; CPU iPhone OS 18_7 like Mac OS X) AppleWebKit/605.1.15 (KHTML, like Gecko) Version/26.5 Mobile/15E148 Safari/604.1"
93.37.144.225 - - [11/Jun/2026:14:57:35 +0200] "GET /wp-content/uploads/2022/01/LAVATRICE-2.webp HTTP/2.0" 200 48056 "https://reggio-emilia.elettroservicegroup.it/?gad_source=1&gad_campaignid=23800353523&gbraid=0AAAABDgs-LSI9rqYG9nL5L2M7T9clZyZT&gclid=EAIaIQobChMIwtau0p3_lAMVtIyDBx39ezkaEAAYASAAEgK8wfD_BwE" "Mozilla/5.0 (iPhone; CPU iPhone OS 18_7 like Mac OS X) AppleWebKit/605.1.15 (KHTML, like Gecko) Version/26.5 Mobile/15E148 Safari/604.1"
93.37.144.225 - - [11/Jun/2026:14:57:50 +0200] "GET /wp-content/uploads/2022/01/copertina-Riparazione_Lavastoviglie-.jpg HTTP/2.0" 200 35425 "https://reggio-emilia.elettroservicegroup.it/?gad_source=1&gad_campaignid=23800353523&gbraid=0AAAABDgs-LSI9rqYG9nL5L2M7T9clZyZT&gclid=EAIaIQobChMIwtau0p3_lAMVtIyDBx39ezkaEAAYASAAEgK8wfD_BwE" "Mozilla/5.0 (iPhone; CPU iPhone OS 18_7 like Mac OS X) AppleWebKit/605.1.15 (KHTML, like Gecko) Version/26.5 Mobile/15E148 Safari/604.1"
93.37.144.225 - - [11/Jun/2026:14:58:15 +0200] "GET /wp-content/uploads/2021/10/Frigorifero-combinato-e1634459015932.jpg HTTP/2.0" 200 79096 "https://reggio-emilia.elettroservicegroup.it/?gad_source=1&gad_campaignid=23800353523&gbraid=0AAAABDgs-LSI9rqYG9nL5L2M7T9clZyZT&gclid=EAIaIQobChMIwtau0p3_lAMVtIyDBx39ezkaEAAYASAAEgK8wfD_BwE" "Mozilla/5.0 (iPhone; CPU iPhone OS 18_7 like Mac OS X) AppleWebKit/605.1.15 (KHTML, like Gecko) Version/26.5 Mobile/15E148 Safari/604.1"
93.37.144.225 - - [11/Jun/2026:14:58:23 +0200] "GET /wp-content/uploads/2021/10/forno-c-1024x682.jpg HTTP/2.0" 200 77272 "https://reggio-emilia.elettroservicegroup.it/?gad_source=1&gad_campaignid=23800353523&gbraid=0AAAABDgs-LSI9rqYG9nL5L2M7T9clZyZT&gclid=EAIaIQobChMIwtau0p3_lAMVtIyDBx39ezkaEAAYASAAEgK8wfD_BwE" "Mozilla/5.0 (iPhone; CPU iPhone OS 18_7 like Mac OS X) AppleWebKit/605.1.15 (KHTML, like Gecko) Version/26.5 Mobile/15E148 Safari/604.1"
93.37.144.225 - - [11/Jun/2026:14:58:24 +0200] "GET /wp-content/uploads/2021/10/condizionatore-bonus-1024x683.jpg HTTP/2.0" 200 52525 "https://reggio-emilia.elettroservicegroup.it/?gad_source=1&gad_campaignid=23800353523&gbraid=0AAAABDgs-LSI9rqYG9nL5L2M7T9clZyZT&gclid=EAIaIQobChMIwtau0p3_lAMVtIyDBx39ezkaEAAYASAAEgK8wfD_BwE" "Mozilla/5.0 (iPhone; CPU iPhone OS 18_7 like Mac OS X) AppleWebKit/605.1.15 (KHTML, like Gecko) Version/26.5 Mobile/15E148 Safari/604.1"
93.37.144.225 - - [11/Jun/2026:14:58:25 +0200] "GET /wp-content/uploads/2021/10/TECNICO-FRIGO-2.jpg HTTP/2.0" 200 43428 "https://reggio-emilia.elettroservicegroup.it/?gad_source=1&gad_campaignid=23800353523&gbraid=0AAAABDgs-LSI9rqYG9nL5L2M7T9clZyZT&gclid=EAIaIQobChMIwtau0p3_lAMVtIyDBx39ezkaEAAYASAAEgK8wfD_BwE" "Mozilla/5.0 (iPhone; CPU iPhone OS 18_7 like Mac OS X) AppleWebKit/605.1.15 (KHTML, like Gecko) Version/26.5 Mobile/15E148 Safari/604.1"
93.37.144.225 - - [11/Jun/2026:14:58:29 +0200] "GET /wp-content/uploads/2022/01/tecnico-elettro-3.jpg HTTP/2.0" 200 59916 "https://reggio-emilia.elettroservicegroup.it/?gad_source=1&gad_campaignid=23800353523&gbraid=0AAAABDgs-LSI9rqYG9nL5L2M7T9clZyZT&gclid=EAIaIQobChMIwtau0p3_lAMVtIyDBx39ezkaEAAYASAAEgK8wfD_BwE" "Mozilla/5.0 (iPhone; CPU iPhone OS 18_7 like Mac OS X) AppleWebKit/605.1.15 (KHTML, like Gecko) Version/26.5 Mobile/15E148 Safari/604.1"
93.37.144.225 - - [11/Jun/2026:14:58:56 +0200] "GET /wp-content/uploads/2022/01/elett6-2-768x440.jpg HTTP/2.0" 200 34526 "https://reggio-emilia.elettroservicegroup.it/?gad_source=1&gad_campaignid=23800353523&gbraid=0AAAABDgs-LSI9rqYG9nL5L2M7T9clZyZT&gclid=EAIaIQobChMIwtau0p3_lAMVtIyDBx39ezkaEAAYASAAEgK8wfD_BwE" "Mozilla/5.0 (iPhone; CPU iPhone OS 18_7 like Mac OS X) AppleWebKit/605.1.15 (KHTML, like Gecko) Version/26.5 Mobile/15E148 Safari/604.1"
65.108.235.243 - - [11/Jun/2026:15:01:29 +0200] "POST /wp-cron.php?doing_wp_cron=1781182889.8516728878021240234375 HTTP/1.1" 200 1 "-" "WordPress/7.0; https://reggio-emilia.elettroservicegroup.it"
104.210.140.136 - - [11/Jun/2026:15:01:27 +0200] "GET /robots.txt HTTP/2.0" 200 110 "-" "Mozilla/5.0 (Macintosh; Intel Mac OS X 10_15_7) AppleWebKit/537.36 (KHTML, like Gecko) Chrome/131.0.0.0 Safari/537.36; compatible; OAI-SearchBot/1.0; +https://openai.com/searchbot"
65.108.235.243 - - [11/Jun/2026:15:01:30 +0200] "GET /assistenza-smeg-rubiera/ HTTP/1.1" 200 24809 "-" "WP Fastest Cache Preload Bot"
65.108.235.243 - - [11/Jun/2026:15:01:32 +0200] "GET /assistenza-smeg-scandiano/ HTTP/1.1" 200 24802 "-" "WP Fastest Cache Preload Bot"
65.108.235.243 - - [11/Jun/2026:15:01:33 +0200] "GET /assistenza-smeg-santilario-denza/ HTTP/1.1" 200 24866 "-" "WP Fastest Cache Preload Bot"
65.108.235.243 - - [11/Jun/2026:15:01:36 +0200] "GET /assistenza-smeg-guastalla/ HTTP/1.1" 200 24802 "-" "WP Fastest Cache Preload Bot"
135.181.131.91 - - [11/Jun/2026:15:10:18 +0200] "GET /wp-login.php HTTP/1.1" 200 11846 "-" "Mozilla/5.0 (Windows NT 10.0; Win64; x64) AppleWebKit/537.36 (KHTML, like Gecko) Chrome/124.0.0.0 Safari/537.36"
135.181.131.91 - - [11/Jun/2026:15:10:18 +0200] "POST /wp-login.php HTTP/1.1" 200 11846 "https://reggio-emilia.elettroservicegroup.it/wp-login.php" "Mozilla/5.0 (Windows NT 10.0; Win64; x64) AppleWebKit/537.36 (KHTML, like Gecko) Chrome/124.0.0.0 Safari/537.36"
135.181.131.91 - - [11/Jun/2026:15:10:18 +0200] "GET /wp-admin/ HTTP/1.1" 200 11845 "-" "Mozilla/5.0 (Windows NT 10.0; Win64; x64) AppleWebKit/537.36 (KHTML, like Gecko) Chrome/124.0.0.0 Safari/537.36"
193.24.211.48 - - [11/Jun/2026:15:13:16 +0200] "GET /wp-login.php HTTP/2.0" 200 11702 "-" "Mozilla/5.0 (Macintosh; Intel Mac OS X 10_15_7) AppleWebKit/605.1.15 (KHTML, like Gecko) Version/18.0 Safari/605.1.15"
193.24.211.48 - - [11/Jun/2026:15:13:17 +0200] "POST /xmlrpc.php HTTP/2.0" 200 11831 "-" "Mozilla/5.0 (Macintosh; Intel Mac OS X 10_15_7) AppleWebKit/605.1.15 (KHTML, like Gecko) Version/18.0 Safari/605.1.15"
65.111.15.133 - - [11/Jun/2026:15:13:18 +0200] "POST /xmlrpc.php HTTP/2.0" 403 52 "-" "Mozilla/5.0 (Windows NT 10.0; Win64; x64; rv:133.0) Gecko/20100101 Firefox/133.0"
216.26.248.181 - - [11/Jun/2026:15:13:19 +0200] "POST /xmlrpc.php HTTP/2.0" 200 11911 "-" "Mozilla/5.0 (Macintosh; Intel Mac OS X 10_15_7) AppleWebKit/605.1.15 (KHTML, like Gecko) Version/18.0 Safari/605.1.15"
45.3.46.219 - - [11/Jun/2026:15:13:21 +0200] "POST /xmlrpc.php HTTP/2.0" 403 52 "-" "Mozilla/5.0 (Windows NT 10.0; Win64; x64) AppleWebKit/537.36 (KHTML, like Gecko) Chrome/124.0.0.0 Safari/537.36"
65.111.23.114 - - [11/Jun/2026:15:13:22 +0200] "POST /xmlrpc.php HTTP/2.0" 403 52 "-" "Mozilla/5.0 (Windows NT 10.0; Win64; x64; rv:133.0) Gecko/20100101 Firefox/133.0"
216.26.224.66 - - [11/Jun/2026:15:13:23 +0200] "POST /xmlrpc.php HTTP/2.0" 403 52 "-" "Mozilla/5.0 (Macintosh; Intel Mac OS X 10_15_7) AppleWebKit/605.1.15 (KHTML, like Gecko) Version/18.0 Safari/605.1.15"
216.26.250.189 - - [11/Jun/2026:15:13:25 +0200] "POST /xmlrpc.php HTTP/2.0" 200 11720 "-" "Mozilla/5.0 (Windows NT 10.0; Win64; x64) AppleWebKit/537.36 (KHTML, like Gecko) Chrome/124.0.0.0 Safari/537.36"
45.3.45.188 - - [11/Jun/2026:15:13:26 +0200] "POST /xmlrpc.php HTTP/2.0" 200 11730 "-" "Mozilla/5.0 (Windows NT 10.0; Win64; x64) AppleWebKit/537.36 (KHTML, like Gecko) Chrome/124.0.0.0 Safari/537.36"
216.26.248.79 - - [11/Jun/2026:15:13:27 +0200] "POST /xmlrpc.php HTTP/2.0" 403 52 "-" "Mozilla/5.0 (Windows NT 10.0; Win64; x64) AppleWebKit/537.36 (KHTML, like Gecko) Chrome/124.0.0.0 Safari/537.36"
104.207.32.121 - - [11/Jun/2026:15:13:28 +0200] "POST /xmlrpc.php HTTP/2.0" 200 11825 "-" "Mozilla/5.0 (Windows NT 10.0; Win64; x64; rv:133.0) Gecko/20100101 Firefox/133.0"
104.207.59.198 - - [11/Jun/2026:15:13:29 +0200] "POST /xmlrpc.php HTTP/2.0" 200 11731 "-" "Mozilla/5.0 (Windows NT 10.0; Win64; x64) AppleWebKit/537.36 (KHTML, like Gecko) Chrome/124.0.0.0 Safari/537.36"
193.24.211.48 - - [11/Jun/2026:15:13:31 +0200] "GET /wp-login.php HTTP/2.0" 200 11753 "-" "Mozilla/5.0 (Windows NT 10.0; Win64; x64) AppleWebKit/537.36 (KHTML, like Gecko) Chrome/124.0.0.0 Safari/537.36"
193.24.211.48 - - [11/Jun/2026:15:13:32 +0200] "GET /wp-login.php HTTP/2.0" 200 11823 "-" "Mozilla/5.0 (Windows NT 10.0; Win64; x64) AppleWebKit/537.36 (KHTML, like Gecko) Chrome/124.0.0.0 Safari/537.36"
193.24.211.48 - - [11/Jun/2026:15:13:33 +0200] "GET /wp-login.php HTTP/2.0" 200 11753 "-" "Mozilla/5.0 (Windows NT 10.0; Win64; x64) AppleWebKit/537.36 (KHTML, like Gecko) Chrome/124.0.0.0 Safari/537.36"
193.24.211.48 - - [11/Jun/2026:15:13:33 +0200] "GET /wp-login.php HTTP/2.0" 200 11753 "-" "Mozilla/5.0 (Windows NT 10.0; Win64; x64) AppleWebKit/537.36 (KHTML, like Gecko) Chrome/124.0.0.0 Safari/537.36"
193.24.211.48 - - [11/Jun/2026:15:13:34 +0200] "GET /wp-login.php HTTP/2.0" 200 11779 "-" "Mozilla/5.0 (Windows NT 10.0; Win64; x64; rv:133.0) Gecko/20100101 Firefox/133.0"
65.108.235.243 - - [11/Jun/2026:15:13:43 +0200] "POST /wp-cron.php?doing_wp_cron=1781183623.7489390373229980468750 HTTP/1.1" 200 1 "-" "WordPress/7.0; https://reggio-emilia.elettroservicegroup.it"
216.26.228.152 - - [11/Jun/2026:15:13:35 +0200] "GET /wp-login.php HTTP/2.0" 200 5030 "-" "Mozilla/5.0 (Macintosh; Intel Mac OS X 10_15_7) AppleWebKit/605.1.15 (KHTML, like Gecko) Version/18.0 Safari/605.1.15"
216.26.228.152 - - [11/Jun/2026:15:13:44 +0200] "POST /wp-login.php HTTP/2.0" 200 5144 "https://reggio-emilia.elettroservicegroup.it/wp-login.php" "Mozilla/5.0 (Macintosh; Intel Mac OS X 10_15_7) AppleWebKit/605.1.15 (KHTML, like Gecko) Version/18.0 Safari/605.1.15"
104.207.40.26 - - [11/Jun/2026:15:13:49 +0200] "GET /wp-login.php HTTP/2.0" 200 11782 "-" "Mozilla/5.0 (Macintosh; Intel Mac OS X 10_15_7) AppleWebKit/605.1.15 (KHTML, like Gecko) Version/18.0 Safari/605.1.15"
65.108.235.243 - - [11/Jun/2026:15:13:46 +0200] "GET /assistenza-smeg-correggio/ HTTP/1.1" 200 24807 "-" "WP Fastest Cache Preload Bot"
104.207.53.22 - - [11/Jun/2026:15:13:50 +0200] "GET /wp-login.php HTTP/2.0" 200 5030 "-" "Mozilla/5.0 (Windows NT 10.0; Win64; x64) AppleWebKit/537.36 (KHTML, like Gecko) Chrome/124.0.0.0 Safari/537.36"
65.108.235.243 - - [11/Jun/2026:15:13:50 +0200] "GET /assistenza-smeg-reggio-emilia/ HTTP/1.1" 200 24806 "-" "WP Fastest Cache Preload Bot"
104.207.53.22 - - [11/Jun/2026:15:13:52 +0200] "POST /wp-login.php HTTP/2.0" 200 5144 "https://reggio-emilia.elettroservicegroup.it/wp-login.php" "Mozilla/5.0 (Windows NT 10.0; Win64; x64) AppleWebKit/537.36 (KHTML, like Gecko) Chrome/124.0.0.0 Safari/537.36"
104.207.60.185 - - [11/Jun/2026:15:13:55 +0200] "GET /wp-login.php HTTP/2.0" 200 5030 "-" "Mozilla/5.0 (Windows NT 10.0; Win64; x64) AppleWebKit/537.36 (KHTML, like Gecko) Chrome/124.0.0.0 Safari/537.36"
65.108.235.243 - - [11/Jun/2026:15:13:54 +0200] "GET /assistenza-siemens-rubiera/ HTTP/1.1" 200 24726 "-" "WP Fastest Cache Preload Bot"
65.108.235.243 - - [11/Jun/2026:15:13:56 +0200] "GET /assistenza-siemens-scandiano/ HTTP/1.1" 200 24730 "-" "WP Fastest Cache Preload Bot"
65.108.235.243 - - [11/Jun/2026:15:13:58 +0200] "POST /wp-cron.php?doing_wp_cron=1781183638.9485690593719482421875 HTTP/1.1" 200 1 "-" "WordPress/7.0; https://reggio-emilia.elettroservicegroup.it"
104.207.60.185 - - [11/Jun/2026:15:13:57 +0200] "POST /wp-login.php HTTP/2.0" 200 5144 "https://reggio-emilia.elettroservicegroup.it/wp-login.php" "Mozilla/5.0 (Windows NT 10.0; Win64; x64) AppleWebKit/537.36 (KHTML, like Gecko) Chrome/124.0.0.0 Safari/537.36"
209.50.183.90 - - [11/Jun/2026:15:13:59 +0200] "GET /wp-login.php HTTP/2.0" 200 11838 "-" "Mozilla/5.0 (Windows NT 10.0; Win64; x64) AppleWebKit/537.36 (KHTML, like Gecko) Chrome/124.0.0.0 Safari/537.36"
45.3.36.122 - - [11/Jun/2026:15:14:01 +0200] "GET /wp-login.php HTTP/2.0" 200 5030 "-" "Mozilla/5.0 (Macintosh; Intel Mac OS X 10_15_7) AppleWebKit/605.1.15 (KHTML, like Gecko) Version/18.0 Safari/605.1.15"
45.3.36.122 - - [11/Jun/2026:15:14:02 +0200] "POST /wp-login.php HTTP/2.0" 200 5144 "https://reggio-emilia.elettroservicegroup.it/wp-login.php" "Mozilla/5.0 (Macintosh; Intel Mac OS X 10_15_7) AppleWebKit/605.1.15 (KHTML, like Gecko) Version/18.0 Safari/605.1.15"
104.207.54.106 - - [11/Jun/2026:15:14:03 +0200] "GET /wp-login.php HTTP/2.0" 200 11797 "-" "Mozilla/5.0 (Macintosh; Intel Mac OS X 10_15_7) AppleWebKit/605.1.15 (KHTML, like Gecko) Version/18.0 Safari/605.1.15"
65.111.24.189 - - [11/Jun/2026:15:14:05 +0200] "GET /wp-login.php HTTP/2.0" 200 5030 "-" "Mozilla/5.0 (Windows NT 10.0; Win64; x64; rv:133.0) Gecko/20100101 Firefox/133.0"
65.111.24.189 - - [11/Jun/2026:15:14:05 +0200] "POST /wp-login.php HTTP/2.0" 200 5144 "https://reggio-emilia.elettroservicegroup.it/wp-login.php" "Mozilla/5.0 (Windows NT 10.0; Win64; x64; rv:133.0) Gecko/20100101 Firefox/133.0"
65.111.5.16 - - [11/Jun/2026:15:14:07 +0200] "GET /wp-login.php HTTP/2.0" 200 5030 "-" "Mozilla/5.0 (Windows NT 10.0; Win64; x64; rv:133.0) Gecko/20100101 Firefox/133.0"
65.111.5.16 - - [11/Jun/2026:15:14:08 +0200] "POST /wp-login.php HTTP/2.0" 200 5144 "https://reggio-emilia.elettroservicegroup.it/wp-login.php" "Mozilla/5.0 (Windows NT 10.0; Win64; x64; rv:133.0) Gecko/20100101 Firefox/133.0"
65.108.235.243 - - [11/Jun/2026:15:14:10 +0200] "POST /wp-cron.php?doing_wp_cron=1781183650.5894510746002197265625 HTTP/1.1" 200 1 "-" "WordPress/7.0; https://reggio-emilia.elettroservicegroup.it"
209.50.173.206 - - [11/Jun/2026:15:14:10 +0200] "GET /wp-login.php HTTP/2.0" 200 5030 "-" "Mozilla/5.0 (Windows NT 10.0; Win64; x64; rv:133.0) Gecko/20100101 Firefox/133.0"
209.50.173.206 - - [11/Jun/2026:15:14:11 +0200] "POST /wp-login.php HTTP/2.0" 200 5144 "https://reggio-emilia.elettroservicegroup.it/wp-login.php" "Mozilla/5.0 (Windows NT 10.0; Win64; x64; rv:133.0) Gecko/20100101 Firefox/133.0"
104.207.43.249 - - [11/Jun/2026:15:14:14 +0200] "GET /wp-login.php HTTP/2.0" 200 5030 "-" "Mozilla/5.0 (Windows NT 10.0; Win64; x64; rv:133.0) Gecko/20100101 Firefox/133.0"
104.207.43.249 - - [11/Jun/2026:15:14:15 +0200] "POST /wp-login.php HTTP/2.0" 200 5144 "https://reggio-emilia.elettroservicegroup.it/wp-login.php" "Mozilla/5.0 (Windows NT 10.0; Win64; x64; rv:133.0) Gecko/20100101 Firefox/133.0"
216.26.230.165 - - [11/Jun/2026:15:14:18 +0200] "GET /wp-login.php HTTP/2.0" 200 11807 "-" "Mozilla/5.0 (Windows NT 10.0; Win64; x64; rv:133.0) Gecko/20100101 Firefox/133.0"
65.111.31.115 - - [11/Jun/2026:15:14:19 +0200] "GET /wp-login.php HTTP/2.0" 200 5030 "-" "Mozilla/5.0 (Macintosh; Intel Mac OS X 10_15_7) AppleWebKit/605.1.15 (KHTML, like Gecko) Version/18.0 Safari/605.1.15"
65.111.31.115 - - [11/Jun/2026:15:14:19 +0200] "POST /wp-login.php HTTP/2.0" 200 5144 "https://reggio-emilia.elettroservicegroup.it/wp-login.php" "Mozilla/5.0 (Macintosh; Intel Mac OS X 10_15_7) AppleWebKit/605.1.15 (KHTML, like Gecko) Version/18.0 Safari/605.1.15"
104.207.35.88 - - [11/Jun/2026:15:14:22 +0200] "GET /wp-login.php HTTP/2.0" 200 11802 "-" "Mozilla/5.0 (Macintosh; Intel Mac OS X 10_15_7) AppleWebKit/605.1.15 (KHTML, like Gecko) Version/18.0 Safari/605.1.15"
209.50.187.95 - - [11/Jun/2026:15:14:23 +0200] "GET /wp-login.php HTTP/2.0" 200 5030 "-" "Mozilla/5.0 (Windows NT 10.0; Win64; x64) AppleWebKit/537.36 (KHTML, like Gecko) Chrome/124.0.0.0 Safari/537.36"
209.50.187.95 - - [11/Jun/2026:15:14:24 +0200] "POST /wp-login.php HTTP/2.0" 200 5144 "https://reggio-emilia.elettroservicegroup.it/wp-login.php" "Mozilla/5.0 (Windows NT 10.0; Win64; x64) AppleWebKit/537.36 (KHTML, like Gecko) Chrome/124.0.0.0 Safari/537.36"
104.207.37.236 - - [11/Jun/2026:15:14:26 +0200] "GET /wp-login.php HTTP/2.0" 200 5030 "-" "Mozilla/5.0 (Windows NT 10.0; Win64; x64) AppleWebKit/537.36 (KHTML, like Gecko) Chrome/124.0.0.0 Safari/537.36"
65.108.235.243 - - [11/Jun/2026:15:14:28 +0200] "POST /wp-cron.php?doing_wp_cron=1781183668.0062220096588134765625 HTTP/1.1" 200 1 "-" "WordPress/7.0; https://reggio-emilia.elettroservicegroup.it"
104.207.37.236 - - [11/Jun/2026:15:14:27 +0200] "POST /wp-login.php HTTP/2.0" 200 5144 "https://reggio-emilia.elettroservicegroup.it/wp-login.php" "Mozilla/5.0 (Windows NT 10.0; Win64; x64) AppleWebKit/537.36 (KHTML, like Gecko) Chrome/124.0.0.0 Safari/537.36"
