65.108.235.243 - - [04/Jun/2026:23:04:11 +0200] "GET /assistenza-lavatrici-aeg-santilario-denza/ HTTP/1.1" 200 24855 "-" "WP Fastest Cache Preload Bot"
65.108.235.243 - - [04/Jun/2026:23:04:12 +0200] "GET /assistenza-lavatrici-aeg-guastalla/ HTTP/1.1" 200 24798 "-" "WP Fastest Cache Preload Bot"
2a06:98c0:3600::103 - - [04/Jun/2026:23:06:14 +0200] "GET /assistenza-smeg-reggio-emilia/ HTTP/2.0" 200 26838 "-" "Mozilla/5.0 (X11; Linux x86_64) AppleWebKit/537.36 (KHTML, like Gecko) Chrome/83.0.4103.7 Safari/537.36"
212.237.123.91 - - [04/Jun/2026:23:11:39 +0200] "GET / HTTP/1.1" 200 172295 "-" "Mozilla/5.0 (Windows NT 10.0; Win64; x64) AppleWebKit/537.36 (KHTML, like Gecko) Chrome/124.0 Safari/537.36"
216.73.217.47 - - [04/Jun/2026:23:12:50 +0200] "GET /wp-content/plugins/elementor/assets/lib/font-awesome/css/v4-shims.min.css HTTP/2.0" 200 3986 "-" "Mozilla/5.0 AppleWebKit/537.36 (KHTML, like Gecko; compatible; ClaudeBot/1.0; +claudebot@anthropic.com)"
65.108.235.243 - - [04/Jun/2026:23:12:54 +0200] "POST /wp-cron.php?doing_wp_cron=1780607574.1064970493316650390625 HTTP/1.1" 200 1 "-" "WordPress/7.0; https://reggio-emilia.elettroservicegroup.it"
216.73.217.47 - - [04/Jun/2026:23:12:50 +0200] "GET /wp-content/uploads/essential-addons-elementor/734e5f942.min.css HTTP/2.0" 404 19224 "-" "Mozilla/5.0 AppleWebKit/537.36 (KHTML, like Gecko; compatible; ClaudeBot/1.0; +claudebot@anthropic.com)"
65.108.235.243 - - [04/Jun/2026:23:12:54 +0200] "GET /assistenza-lavastoviglie-smeg-rubiera/ HTTP/1.1" 200 24680 "-" "WP Fastest Cache Preload Bot"
79.127.224.108 - - [04/Jun/2026:23:12:56 +0200] "GET /wp-login.php HTTP/1.1" 302 - "https://reggio-emilia.elettroservicegroup.it/wp-login.php" "Mozilla/5.0 (Windows NT 6.2; WOW64) AppleWebKit/537.36 (KHTML, like Gecko) Chrome/30.0.1599.12124 YaBrowser/13.12.1599.12124 Safari/537.36"
79.127.224.108 - - [04/Jun/2026:23:12:57 +0200] "GET /wp-login.php HTTP/1.1" 302 - "https://reggio-emilia.elettroservicegroup.it/wp-login.php" "Mozilla/5.0 (Windows NT 6.2; WOW64) AppleWebKit/537.36 (KHTML, like Gecko) Chrome/30.0.1599.12124 YaBrowser/13.12.1599.12124 Safari/537.36"
65.108.235.243 - - [04/Jun/2026:23:12:57 +0200] "GET /assistenza-lavatrici-aeg-correggio/ HTTP/1.1" 200 24826 "-" "WP Fastest Cache Preload Bot"
79.127.224.108 - - [04/Jun/2026:23:12:59 +0200] "GET /wp-login.php HTTP/1.1" 302 - "https://reggio-emilia.elettroservicegroup.it/wp-login.php" "Mozilla/5.0 (Windows NT 6.2; WOW64) AppleWebKit/537.36 (KHTML, like Gecko) Chrome/30.0.1599.12124 YaBrowser/13.12.1599.12124 Safari/537.36"
79.127.224.108 - - [04/Jun/2026:23:12:59 +0200] "GET /wp-login.php HTTP/1.1" 302 - "https://reggio-emilia.elettroservicegroup.it/wp-login.php" "Mozilla/5.0 (Windows NT 6.2; WOW64) AppleWebKit/537.36 (KHTML, like Gecko) Chrome/30.0.1599.12124 YaBrowser/13.12.1599.12124 Safari/537.36"
79.127.224.108 - - [04/Jun/2026:23:13:00 +0200] "GET /wp-login.php HTTP/1.1" 302 - "https://reggio-emilia.elettroservicegroup.it/wp-login.php" "Mozilla/5.0 (Windows NT 6.2; WOW64) AppleWebKit/537.36 (KHTML, like Gecko) Chrome/30.0.1599.12124 YaBrowser/13.12.1599.12124 Safari/537.36"
65.108.235.243 - - [04/Jun/2026:23:12:59 +0200] "GET /assistenza-lavatrici-aeg-reggio-emilia/ HTTP/1.1" 200 24819 "-" "WP Fastest Cache Preload Bot"
79.127.224.108 - - [04/Jun/2026:23:13:01 +0200] "GET /wp-admin/ HTTP/1.1" 302 - "https://reggio-emilia.elettroservicegroup.it/wp-admin/" "Mozilla/5.0 (Windows NT 6.2; WOW64) AppleWebKit/537.36 (KHTML, like Gecko) Chrome/30.0.1599.12124 YaBrowser/13.12.1599.12124 Safari/537.36"
79.127.224.108 - - [04/Jun/2026:23:13:02 +0200] "GET /wp-admin/ HTTP/1.1" 302 - "https://reggio-emilia.elettroservicegroup.it/wp-admin/" "Mozilla/5.0 (Windows NT 6.2; WOW64) AppleWebKit/537.36 (KHTML, like Gecko) Chrome/30.0.1599.12124 YaBrowser/13.12.1599.12124 Safari/537.36"
65.108.235.243 - - [04/Jun/2026:23:13:01 +0200] "GET /assistenza-lavatrici-rubiera/ HTTP/1.1" 200 25433 "-" "WP Fastest Cache Preload Bot"
79.127.224.108 - - [04/Jun/2026:23:13:04 +0200] "GET /wp-admin/ HTTP/1.1" 302 - "https://reggio-emilia.elettroservicegroup.it/wp-admin/" "Mozilla/5.0 (Windows NT 6.2; WOW64) AppleWebKit/537.36 (KHTML, like Gecko) Chrome/30.0.1599.12124 YaBrowser/13.12.1599.12124 Safari/537.36"
79.127.224.108 - - [04/Jun/2026:23:13:04 +0200] "GET /wp-admin/ HTTP/1.1" 302 - "https://reggio-emilia.elettroservicegroup.it/wp-admin/" "Mozilla/5.0 (Windows NT 6.2; WOW64) AppleWebKit/537.36 (KHTML, like Gecko) Chrome/30.0.1599.12124 YaBrowser/13.12.1599.12124 Safari/537.36"
79.127.224.108 - - [04/Jun/2026:23:13:05 +0200] "GET /wp-admin/ HTTP/1.1" 302 - "https://reggio-emilia.elettroservicegroup.it/wp-admin/" "Mozilla/5.0 (Windows NT 6.2; WOW64) AppleWebKit/537.36 (KHTML, like Gecko) Chrome/30.0.1599.12124 YaBrowser/13.12.1599.12124 Safari/537.36"
79.127.224.108 - - [04/Jun/2026:23:13:05 +0200] "GET / HTTP/1.1" 415 172311 "https://reggio-emilia.elettroservicegroup.it/" "Mozilla/5.0 (Windows NT 6.2; WOW64) AppleWebKit/537.36 (KHTML, like Gecko) Chrome/30.0.1599.12124 YaBrowser/13.12.1599.12124 Safari/537.36"
18.97.9.102 - - [04/Jun/2026:23:16:22 +0200] "GET /assistenza-frigoriferi-reggio-emilia/ HTTP/1.1" 200 11825 "-" "Mozilla/5.0 AppleWebKit/537.36 (KHTML, like Gecko; compatible; PerplexityBot/1.0; +https://perplexity.ai/perplexitybot)"
18.97.9.99 - - [04/Jun/2026:23:16:22 +0200] "GET /robots.txt HTTP/1.1" 200 11881 "-" "Mozilla/5.0 AppleWebKit/537.36 (KHTML, like Gecko; compatible; PerplexityBot/1.0; +https://perplexity.ai/perplexitybot)"
216.73.217.47 - - [04/Jun/2026:23:19:29 +0200] "GET /wp-content/cache/wpfc-minified/1qz6ns38/4lapt.js HTTP/2.0" 200 4122 "-" "Mozilla/5.0 AppleWebKit/537.36 (KHTML, like Gecko; compatible; ClaudeBot/1.0; +claudebot@anthropic.com)"
65.108.235.243 - - [04/Jun/2026:23:24:30 +0200] "POST /wp-cron.php?doing_wp_cron=1780608270.9090039730072021484375 HTTP/1.1" 200 1 "-" "WordPress/7.0; https://reggio-emilia.elettroservicegroup.it"
216.73.217.47 - - [04/Jun/2026:23:24:29 +0200] "GET /?p=14485 HTTP/2.0" 301 1 "-" "Mozilla/5.0 AppleWebKit/537.36 (KHTML, like Gecko; compatible; ClaudeBot/1.0; +claudebot@anthropic.com)"
216.73.217.47 - - [04/Jun/2026:23:24:31 +0200] "GET /assistenza-lavatrici/frigorifero-americano/ HTTP/2.0" 200 18819 "https://reggio-emilia.elettroservicegroup.it/?p=14485" "Mozilla/5.0 AppleWebKit/537.36 (KHTML, like Gecko; compatible; ClaudeBot/1.0; +claudebot@anthropic.com)"
65.108.235.243 - - [04/Jun/2026:23:24:31 +0200] "GET /assistenza-lavastoviglie-smeg-scandiano/ HTTP/1.1" 200 24679 "-" "WP Fastest Cache Preload Bot"
65.108.235.243 - - [04/Jun/2026:23:24:32 +0200] "GET /assistenza-lavatrici-scandiano/ HTTP/1.1" 200 25434 "-" "WP Fastest Cache Preload Bot"
65.108.235.243 - - [04/Jun/2026:23:24:33 +0200] "GET /assistenza-lavatrici-santilario-denza/ HTTP/1.1" 200 25507 "-" "WP Fastest Cache Preload Bot"
65.108.235.243 - - [04/Jun/2026:23:24:35 +0200] "GET /assistenza-lavastoviglie-smeg-santilario-denza/ HTTP/1.1" 200 24772 "-" "WP Fastest Cache Preload Bot"
65.108.235.243 - - [04/Jun/2026:23:26:31 +0200] "POST /wp-cron.php?doing_wp_cron=1780608391.3529911041259765625000 HTTP/1.1" 200 1 "-" "WordPress/7.0; https://reggio-emilia.elettroservicegroup.it"
216.73.217.47 - - [04/Jun/2026:23:26:27 +0200] "GET /wp-content/uploads/2021/12/Whirlpool.jpg/ HTTP/2.0" 404 17939 "-" "Mozilla/5.0 AppleWebKit/537.36 (KHTML, like Gecko; compatible; ClaudeBot/1.0; +claudebot@anthropic.com)"
65.108.235.243 - - [04/Jun/2026:23:26:32 +0200] "GET /assistenza-lavatrici-guastalla/ HTTP/1.1" 200 25436 "-" "WP Fastest Cache Preload Bot"
65.108.235.243 - - [04/Jun/2026:23:26:36 +0200] "GET /assistenza-lavatrici-correggio/ HTTP/1.1" 200 25433 "-" "WP Fastest Cache Preload Bot"
65.108.235.243 - - [04/Jun/2026:23:26:40 +0200] "GET /assistenza-lavatrici-reggio-emilia/ HTTP/1.1" 200 25665 "-" "WP Fastest Cache Preload Bot"
65.108.235.243 - - [04/Jun/2026:23:26:45 +0200] "GET /assistenza-lavastoviglie-whirlpool-rubiera/ HTTP/1.1" 200 24711 "-" "WP Fastest Cache Preload Bot"
216.73.217.47 - - [04/Jun/2026:23:28:09 +0200] "GET /wp-content/uploads/2021/10/COPERTINA-1-300x150.png HTTP/2.0" 200 29437 "-" "Mozilla/5.0 AppleWebKit/537.36 (KHTML, like Gecko; compatible; ClaudeBot/1.0; +claudebot@anthropic.com)"
65.108.235.243 - - [04/Jun/2026:23:53:41 +0200] "POST /wp-cron.php?doing_wp_cron=1780610021.6804969310760498046875 HTTP/1.1" 200 1 "-" "WordPress/7.0; https://reggio-emilia.elettroservicegroup.it"
216.73.217.47 - - [04/Jun/2026:23:53:40 +0200] "GET /sitemap.xml HTTP/2.0" 200 336 "-" "Mozilla/5.0 AppleWebKit/537.36 (KHTML, like Gecko; compatible; ClaudeBot/1.0; +claudebot@anthropic.com)"
65.108.235.243 - - [04/Jun/2026:23:53:42 +0200] "GET /assistenza-lavastoviglie-smeg-guastalla/ HTTP/1.1" 200 24683 "-" "WP Fastest Cache Preload Bot"
65.108.235.243 - - [04/Jun/2026:23:53:43 +0200] "GET /assistenza-lavastoviglie-whirlpool-scandiano/ HTTP/1.1" 200 24714 "-" "WP Fastest Cache Preload Bot"
65.108.235.243 - - [04/Jun/2026:23:53:44 +0200] "GET /assistenza-lavastoviglie-whirlpool-santilario-denza/ HTTP/1.1" 200 24807 "-" "WP Fastest Cache Preload Bot"
65.108.235.243 - - [04/Jun/2026:23:53:45 +0200] "GET /assistenza-lavastoviglie-whirlpool-guastalla/ HTTP/1.1" 200 24719 "-" "WP Fastest Cache Preload Bot"
65.108.235.243 - - [05/Jun/2026:00:15:19 +0200] "GET /assistenza-lavastoviglie-whirlpool-correggio/ HTTP/1.1" 200 24717 "-" "WP Fastest Cache Preload Bot"
65.108.235.243 - - [05/Jun/2026:00:15:24 +0200] "GET /assistenza-lavastoviglie-smeg-correggio/ HTTP/1.1" 200 24683 "-" "WP Fastest Cache Preload Bot"
65.108.235.243 - - [05/Jun/2026:00:15:27 +0200] "GET /assistenza-lavastoviglie-whirlpool-reggio-emilia/ HTTP/1.1" 200 24716 "-" "WP Fastest Cache Preload Bot"
65.108.235.243 - - [05/Jun/2026:00:15:31 +0200] "GET /assistenza-lavastoviglie-smeg-reggio-emilia/ HTTP/1.1" 200 24677 "-" "WP Fastest Cache Preload Bot"
65.108.235.243 - - [05/Jun/2026:00:27:03 +0200] "POST /wp-cron.php?doing_wp_cron=1780612022.8691530227661132812500 HTTP/1.1" 200 1 "-" "WordPress/7.0; https://reggio-emilia.elettroservicegroup.it"
216.73.217.47 - - [05/Jun/2026:00:26:54 +0200] "GET /robots.txt HTTP/2.0" 200 110 "-" "Mozilla/5.0 AppleWebKit/537.36 (KHTML, like Gecko; compatible; ClaudeBot/1.0; +claudebot@anthropic.com)"
65.108.235.243 - - [05/Jun/2026:00:27:05 +0200] "GET /assistenza-lavastoviglie-rex-electrolux-rubiera/ HTTP/1.1" 200 24636 "-" "WP Fastest Cache Preload Bot"
65.108.235.243 - - [05/Jun/2026:00:27:08 +0200] "GET /assistenza-lavastoviglie-rex-electrolux-scandiano/ HTTP/1.1" 200 24731 "-" "WP Fastest Cache Preload Bot"
65.108.235.243 - - [05/Jun/2026:00:27:11 +0200] "GET /assistenza-lavastoviglie-rex-electrolux-santilario-denza/ HTTP/1.1" 200 24740 "-" "WP Fastest Cache Preload Bot"
65.108.235.243 - - [05/Jun/2026:00:27:14 +0200] "GET /assistenza-lavastoviglie-rex-electrolux-guastalla/ HTTP/1.1" 200 24677 "-" "WP Fastest Cache Preload Bot"
216.73.217.47 - - [05/Jun/2026:00:27:51 +0200] "GET /wp-content/cache/wpfc-minified/7c9cexmg/4lapt.css HTTP/2.0" 200 16217 "-" "Mozilla/5.0 AppleWebKit/537.36 (KHTML, like Gecko; compatible; ClaudeBot/1.0; +claudebot@anthropic.com)"
74.7.241.174 - - [05/Jun/2026:00:57:08 +0200] "GET /robots.txt HTTP/2.0" 200 110 "-" "Mozilla/5.0 (Macintosh; Intel Mac OS X 10_15_7) AppleWebKit/537.36 (KHTML, like Gecko) Chrome/131.0.0.0 Safari/537.36; compatible; OAI-SearchBot/1.4; robots.txt; +https://openai.com/searchbot"
65.108.235.243 - - [05/Jun/2026:00:57:13 +0200] "POST /wp-cron.php?doing_wp_cron=1780613833.4724450111389160156250 HTTP/1.1" 200 1 "-" "WordPress/7.0; https://reggio-emilia.elettroservicegroup.it"
74.7.243.199 - - [05/Jun/2026:00:57:08 +0200] "GET /wp-sitemap.xml HTTP/2.0" 302 1 "-" "Mozilla/5.0 AppleWebKit/537.36 (KHTML, like Gecko; compatible; GPTBot/1.4; +https://openai.com/gptbot)"
74.7.243.199 - - [05/Jun/2026:00:57:14 +0200] "GET /sitemap.xml HTTP/2.0" 200 336 "https://reggio-emilia.elettroservicegroup.it/wp-sitemap.xml" "Mozilla/5.0 AppleWebKit/537.36 (KHTML, like Gecko; compatible; GPTBot/1.4; +https://openai.com/gptbot)"
65.108.235.243 - - [05/Jun/2026:00:57:16 +0200] "GET /assistenza-lavastoviglie-rex-electrolux-correggio/ HTTP/1.1" 200 24639 "-" "WP Fastest Cache Preload Bot"
65.108.235.243 - - [05/Jun/2026:00:57:19 +0200] "GET /assistenza-lavastoviglie-rex-electrolux-reggio-emilia/ HTTP/1.1" 200 24636 "-" "WP Fastest Cache Preload Bot"
65.108.235.243 - - [05/Jun/2026:00:57:21 +0200] "GET /assistenza-lavastoviglie-indesit-rubiera/ HTTP/1.1" 200 24683 "-" "WP Fastest Cache Preload Bot"
65.108.235.243 - - [05/Jun/2026:00:57:24 +0200] "GET /assistenza-lavastoviglie-indesit-scandiano/ HTTP/1.1" 200 24692 "-" "WP Fastest Cache Preload Bot"
216.73.216.44 - - [05/Jun/2026:01:00:59 +0200] "GET /wp-content/plugins/webtoffee-gdpr-cookie-consent/public/js/cookie-law-info-public.js HTTP/2.0" 200 11761 "-" "Mozilla/5.0 AppleWebKit/537.36 (KHTML, like Gecko; compatible; ClaudeBot/1.0; +claudebot@anthropic.com)"
52.71.170.250 - - [05/Jun/2026:01:04:36 +0200] "GET / HTTP/1.1" 200 11732 "-" "Mozilla/5.0 (Macintosh; Intel Mac OS X 10_10_1) AppleWebKit/600.2.5 (KHTML, like Gecko) Version/8.0.2 Safari/600.2.5 (Lanai)"
65.108.235.243 - - [05/Jun/2026:01:08:44 +0200] "POST /wp-cron.php?doing_wp_cron=1780614524.0795550346374511718750 HTTP/1.1" 200 1 "-" "WordPress/7.0; https://reggio-emilia.elettroservicegroup.it"
216.73.216.44 - - [05/Jun/2026:01:08:42 +0200] "GET /copertina-14 HTTP/2.0" 301 1 "-" "Mozilla/5.0 AppleWebKit/537.36 (KHTML, like Gecko; compatible; ClaudeBot/1.0; +claudebot@anthropic.com)"
216.73.216.44 - - [05/Jun/2026:01:08:44 +0200] "GET /copertina-14/ HTTP/2.0" 200 18798 "https://reggio-emilia.elettroservicegroup.it/copertina-14" "Mozilla/5.0 AppleWebKit/537.36 (KHTML, like Gecko; compatible; ClaudeBot/1.0; +claudebot@anthropic.com)"
65.108.235.243 - - [05/Jun/2026:01:08:45 +0200] "GET /assistenza-lavastoviglie-indesit-santilario-denza/ HTTP/1.1" 200 24785 "-" "WP Fastest Cache Preload Bot"
65.108.235.243 - - [05/Jun/2026:01:08:46 +0200] "GET /assistenza-lavastoviglie-indesit-guastalla/ HTTP/1.1" 200 24685 "-" "WP Fastest Cache Preload Bot"
65.108.235.243 - - [05/Jun/2026:01:08:48 +0200] "GET /assistenza-lavastoviglie-indesit-correggio/ HTTP/1.1" 200 24689 "-" "WP Fastest Cache Preload Bot"
65.108.235.243 - - [05/Jun/2026:01:08:50 +0200] "GET /assistenza-lavastoviglie-indesit-reggio-emilia/ HTTP/1.1" 200 24683 "-" "WP Fastest Cache Preload Bot"
65.108.235.243 - - [05/Jun/2026:01:22:27 +0200] "POST /wp-cron.php?doing_wp_cron=1780615347.4473340511322021484375 HTTP/1.1" 200 1 "-" "WordPress/7.0; https://reggio-emilia.elettroservicegroup.it"
216.73.216.217 - - [05/Jun/2026:01:22:25 +0200] "GET /wp-content/uploads/2021/10/sfondo-Miele.jpg/ HTTP/2.0" 404 17816 "-" "Mozilla/5.0 AppleWebKit/537.36 (KHTML, like Gecko; compatible; ClaudeBot/1.0; +claudebot@anthropic.com)"
65.108.235.243 - - [05/Jun/2026:01:22:27 +0200] "GET /assistenza-lavastoviglie-bosch-rubiera/ HTTP/1.1" 200 24682 "-" "WP Fastest Cache Preload Bot"
65.108.235.243 - - [05/Jun/2026:01:22:28 +0200] "GET /assistenza-lavastoviglie-bosch-scandiano/ HTTP/1.1" 200 24690 "-" "WP Fastest Cache Preload Bot"
65.108.235.243 - - [05/Jun/2026:01:22:29 +0200] "GET /assistenza-lavastoviglie-bosch-santilario-denza/ HTTP/1.1" 200 24767 "-" "WP Fastest Cache Preload Bot"
65.108.235.243 - - [05/Jun/2026:01:22:29 +0200] "GET /assistenza-lavastoviglie-bosch-guastalla/ HTTP/1.1" 200 24685 "-" "WP Fastest Cache Preload Bot"
35.253.115.194 - - [05/Jun/2026:01:38:41 +0200] "GET / HTTP/1.1" 200 27472 "-" "Mozilla/5.0 (Windows NT 6.2; WOW64) AppleWebKit/537.36 (KHTML, like Gecko) Chrome/29.0.1547.2 Safari/537.36"
65.108.235.243 - - [05/Jun/2026:01:38:41 +0200] "GET /assistenza-lavastoviglie-bosch-correggio/ HTTP/1.1" 200 24725 "-" "WP Fastest Cache Preload Bot"
65.108.235.243 - - [05/Jun/2026:01:38:41 +0200] "GET /assistenza-lavastoviglie-bosch-reggio-emilia/ HTTP/1.1" 200 24720 "-" "WP Fastest Cache Preload Bot"
65.108.235.243 - - [05/Jun/2026:01:38:42 +0200] "POST /?wordfence_syncAttackData=1780616322.1163 HTTP/1.1" 200 1 "-" "WordPress/7.0; https://reggio-emilia.elettroservicegroup.it"
65.108.235.243 - - [05/Jun/2026:01:38:42 +0200] "GET /assistenza-lavastoviglie-ariston-rubiera/ HTTP/1.1" 200 24750 "-" "WP Fastest Cache Preload Bot"
209.141.32.143 - - [05/Jun/2026:01:38:42 +0200] "GET /wp-content/plugins/kirki/readme.txt HTTP/1.1" 404 87820 "-" "Mozilla/5.0 (Windows NT 10.0; Win64; x64) AppleWebKit/537.36 (KHTML, like Gecko) Chrome/120.1.2.3 Safari/537.36 Edg/121.0.623.86"
65.108.235.243 - - [05/Jun/2026:01:38:42 +0200] "GET /assistenza-lavastoviglie-ariston-scandiano/ HTTP/1.1" 200 24747 "-" "WP Fastest Cache Preload Bot"
65.108.235.243 - - [05/Jun/2026:01:50:54 +0200] "POST /wp-cron.php?doing_wp_cron=1780617054.8692889213562011718750 HTTP/1.1" 200 1 "-" "WordPress/7.0; https://reggio-emilia.elettroservicegroup.it"
216.73.216.217 - - [05/Jun/2026:01:50:52 +0200] "GET /robots.txt HTTP/2.0" 200 110 "-" "Mozilla/5.0 AppleWebKit/537.36 (KHTML, like Gecko; compatible; ClaudeBot/1.0; +claudebot@anthropic.com)"
216.73.216.217 - - [05/Jun/2026:01:50:55 +0200] "GET /wp-content/uploads/2021/10/cropped-cropped-logo_white_background-300x82.png HTTP/2.0" 200 10853 "-" "Mozilla/5.0 AppleWebKit/537.36 (KHTML, like Gecko; compatible; ClaudeBot/1.0; +claudebot@anthropic.com)"
65.108.235.243 - - [05/Jun/2026:01:50:55 +0200] "GET /assistenza-lavastoviglie-ariston-santilario-denza/ HTTP/1.1" 200 24838 "-" "WP Fastest Cache Preload Bot"
65.108.235.243 - - [05/Jun/2026:01:50:56 +0200] "GET /assistenza-lavastoviglie-ariston-guastalla/ HTTP/1.1" 200 24748 "-" "WP Fastest Cache Preload Bot"
65.108.235.243 - - [05/Jun/2026:01:50:56 +0200] "GET /assistenza-lavastoviglie-ariston-correggio/ HTTP/1.1" 200 24741 "-" "WP Fastest Cache Preload Bot"
65.108.235.243 - - [05/Jun/2026:01:50:57 +0200] "GET /assistenza-lavastoviglie-ariston-reggio-emilia/ HTTP/1.1" 200 24751 "-" "WP Fastest Cache Preload Bot"
65.108.235.243 - - [05/Jun/2026:01:51:50 +0200] "POST /wp-cron.php?doing_wp_cron=1780617110.5845930576324462890625 HTTP/1.1" 200 1 "-" "WordPress/7.0; https://reggio-emilia.elettroservicegroup.it"
17.241.219.142 - - [05/Jun/2026:01:51:46 +0200] "GET /robots.txt HTTP/2.0" 200 134 "-" "Mozilla/5.0 (Macintosh; Intel Mac OS X 10_15_7) AppleWebKit/605.1.15 (KHTML, like Gecko) Version/17.4 Safari/605.1.15 (Applebot/0.1; +http://www.apple.com/go/applebot)"
17.241.219.142 - - [05/Jun/2026:01:51:50 +0200] "GET /wp-content/uploads/2021/10/Ariston_Thermo_Group_Logo-300x73.jpg HTTP/2.0" 404 88023 "-" "Mozilla/5.0 (Macintosh; Intel Mac OS X 10_15_7) AppleWebKit/605.1.15 (KHTML, like Gecko) Version/17.4 Safari/605.1.15 (Applebot/0.1; +http://www.apple.com/go/applebot)"
65.108.235.243 - - [05/Jun/2026:01:57:51 +0200] "POST /wp-cron.php?doing_wp_cron=1780617470.9885189533233642578125 HTTP/1.1" 200 1 "-" "WordPress/7.0; https://reggio-emilia.elettroservicegroup.it"
216.73.216.217 - - [05/Jun/2026:01:57:49 +0200] "GET /sitemap.xml HTTP/2.0" 200 336 "-" "Mozilla/5.0 AppleWebKit/537.36 (KHTML, like Gecko; compatible; ClaudeBot/1.0; +claudebot@anthropic.com)"
65.108.235.243 - - [05/Jun/2026:01:57:51 +0200] "GET /assistenza-lavastoviglie-aeg-rubiera/ HTTP/1.1" 200 24733 "-" "WP Fastest Cache Preload Bot"
65.108.235.243 - - [05/Jun/2026:01:57:52 +0200] "GET /assistenza-lavastoviglie-aeg-scandiano/ HTTP/1.1" 200 24732 "-" "WP Fastest Cache Preload Bot"
65.108.235.243 - - [05/Jun/2026:01:57:53 +0200] "GET /assistenza-lavastoviglie-aeg-santilario-denza/ HTTP/1.1" 200 24818 "-" "WP Fastest Cache Preload Bot"
65.108.235.243 - - [05/Jun/2026:01:57:53 +0200] "GET /assistenza-lavastoviglie-aeg-guastalla/ HTTP/1.1" 200 24869 "-" "WP Fastest Cache Preload Bot"
52.255.111.10 - - [05/Jun/2026:02:10:36 +0200] "GET / HTTP/2.0" 200 25220 "-" "Mozilla/5.0 AppleWebKit/537.36 (KHTML, like Gecko); compatible; ChatGPT-User/1.0; +https://openai.com/bot"
74.7.229.170 - - [05/Jun/2026:02:10:44 +0200] "GET / HTTP/2.0" 200 25220 "-" "Mozilla/5.0 (Macintosh; Intel Mac OS X 10_15_7) AppleWebKit/537.36 (KHTML, like Gecko) Chrome/131.0.0.0 Safari/537.36; compatible; OAI-SearchBot/1.4; +https://openai.com/searchbot"
74.7.243.47 - - [05/Jun/2026:02:10:47 +0200] "GET /wp-content/uploads/elementor/css/post-14227.css?ver=1780595901 HTTP/2.0" 200 2362 "https://reggio-emilia.elettroservicegroup.it/" "Mozilla/5.0 (Macintosh; Intel Mac OS X 10_15_7) AppleWebKit/537.36 (KHTML, like Gecko) Chrome/131.0.0.0 Safari/537.36; compatible; OAI-SearchBot/1.4; +https://openai.com/searchbot"
65.108.235.243 - - [05/Jun/2026:02:10:47 +0200] "POST /wp-cron.php?doing_wp_cron=1780618247.5963840484619140625000 HTTP/1.1" 200 1 "-" "WordPress/7.0; https://reggio-emilia.elettroservicegroup.it"
74.7.243.199 - - [05/Jun/2026:02:10:45 +0200] "GET /wp-content/uploads/elementor/css/post-14146.css?ver=1780586498 HTTP/2.0" 404 19219 "https://reggio-emilia.elettroservicegroup.it/" "Mozilla/5.0 AppleWebKit/537.36 (KHTML, like Gecko; compatible; GPTBot/1.4; +https://openai.com/gptbot)"
65.108.235.243 - - [05/Jun/2026:02:10:47 +0200] "GET /assistenza-lavastoviglie-aeg-correggio/ HTTP/1.1" 200 24869 "-" "WP Fastest Cache Preload Bot"
65.108.235.243 - - [05/Jun/2026:02:10:48 +0200] "GET /assistenza-lavastoviglie-aeg-reggio-emilia/ HTTP/1.1" 200 24731 "-" "WP Fastest Cache Preload Bot"
65.108.235.243 - - [05/Jun/2026:02:10:48 +0200] "GET /assistenza-indesit-rubiera/ HTTP/1.1" 200 24761 "-" "WP Fastest Cache Preload Bot"
74.7.243.199 - - [05/Jun/2026:02:10:48 +0200] "GET /wp-content/uploads/elementor/css/post-14366.css?ver=1780586500 HTTP/2.0" 404 19222 "https://reggio-emilia.elettroservicegroup.it/" "Mozilla/5.0 AppleWebKit/537.36 (KHTML, like Gecko; compatible; GPTBot/1.4; +https://openai.com/gptbot)"
65.108.235.243 - - [05/Jun/2026:02:10:49 +0200] "GET /assistenza-lavastoviglie-rubiera/ HTTP/1.1" 200 25416 "-" "WP Fastest Cache Preload Bot"
74.7.229.177 - - [05/Jun/2026:02:10:49 +0200] "GET /comments/feed/ HTTP/2.0" 415 387 "https://reggio-emilia.elettroservicegroup.it/" "Mozilla/5.0 (Macintosh; Intel Mac OS X 10_15_7) AppleWebKit/537.36 (KHTML, like Gecko) Chrome/131.0.0.0 Safari/537.36; compatible; OAI-SearchBot/1.4; +https://openai.com/searchbot"
74.7.243.199 - - [05/Jun/2026:02:10:51 +0200] "GET /wp-content/uploads/elementor/css/post-14227.css?ver=1780595901 HTTP/2.0" 404 19221 "https://reggio-emilia.elettroservicegroup.it/" "Mozilla/5.0 AppleWebKit/537.36 (KHTML, like Gecko; compatible; GPTBot/1.4; +https://openai.com/gptbot)"
74.7.228.210 - - [05/Jun/2026:02:10:52 +0200] "GET /wp-content/themes/generatepress/assets/js/back-to-top.min.js?ver=3.6.1 HTTP/2.0" 200 336 "https://reggio-emilia.elettroservicegroup.it/" "Mozilla/5.0 (Macintosh; Intel Mac OS X 10_15_7) AppleWebKit/537.36 (KHTML, like Gecko) Chrome/131.0.0.0 Safari/537.36; compatible; OAI-SearchBot/1.4; +https://openai.com/searchbot"
74.7.229.22 - - [05/Jun/2026:02:10:55 +0200] "GET /wp-content/uploads/elementor/css/post-14146.css?ver=1780586498 HTTP/2.0" 200 428 "https://reggio-emilia.elettroservicegroup.it/" "Mozilla/5.0 (Macintosh; Intel Mac OS X 10_15_7) AppleWebKit/537.36 (KHTML, like Gecko) Chrome/131.0.0.0 Safari/537.36; compatible; OAI-SearchBot/1.4; +https://openai.com/searchbot"
74.7.243.199 - - [05/Jun/2026:02:10:54 +0200] "GET /wp-content/themes/generatepress/assets/js/back-to-top.min.js?ver=3.6.1 HTTP/2.0" 404 19234 "https://reggio-emilia.elettroservicegroup.it/" "Mozilla/5.0 AppleWebKit/537.36 (KHTML, like Gecko; compatible; GPTBot/1.4; +https://openai.com/gptbot)"
52.167.144.56 - - [05/Jun/2026:02:10:55 +0200] "GET /robots.txt HTTP/2.0" 200 110 "-" "Mozilla/5.0 AppleWebKit/537.36 (KHTML, like Gecko; compatible; bingbot/2.0; +http://www.bing.com/bingbot.htm) Chrome/116.0.1938.76 Safari/537.36"
74.7.229.157 - - [05/Jun/2026:02:10:57 +0200] "GET /wp-content/uploads/elementor/css/post-14366.css?ver=1780586500 HTTP/2.0" 404 19222 "https://reggio-emilia.elettroservicegroup.it/" "Mozilla/5.0 (Macintosh; Intel Mac OS X 10_15_7) AppleWebKit/537.36 (KHTML, like Gecko) Chrome/131.0.0.0 Safari/537.36; compatible; OAI-SearchBot/1.4; +https://openai.com/searchbot"
74.7.229.157 - - [05/Jun/2026:02:10:59 +0200] "GET /wp-json/oembed/1.0/embed?format=xml&url=https%3A%2F%2Freggio-emilia.elettroservicegroup.it%2F HTTP/2.0" 400 100 "https://reggio-emilia.elettroservicegroup.it/" "Mozilla/5.0 (Macintosh; Intel Mac OS X 10_15_7) AppleWebKit/537.36 (KHTML, like Gecko) Chrome/131.0.0.0 Safari/537.36; compatible; OAI-SearchBot/1.4; +https://openai.com/searchbot"
74.7.229.149 - - [05/Jun/2026:02:11:01 +0200] "GET /reggio-emiliaelettroservicegroupit/titolo/ HTTP/2.0" 404 17943 "https://reggio-emilia.elettroservicegroup.it/" "Mozilla/5.0 (Macintosh; Intel Mac OS X 10_15_7) AppleWebKit/537.36 (KHTML, like Gecko) Chrome/131.0.0.0 Safari/537.36; compatible; OAI-SearchBot/1.4; +https://openai.com/searchbot"
74.7.228.210 - - [05/Jun/2026:02:11:03 +0200] "GET /termini-e-condizioni HTTP/2.0" 301 1 "https://reggio-emilia.elettroservicegroup.it/" "Mozilla/5.0 (Macintosh; Intel Mac OS X 10_15_7) AppleWebKit/537.36 (KHTML, like Gecko) Chrome/131.0.0.0 Safari/537.36; compatible; OAI-SearchBot/1.4; +https://openai.com/searchbot"
74.7.228.210 - - [05/Jun/2026:02:11:03 +0200] "GET /termini-e-condizioni/ HTTP/2.0" 200 18975 "https://reggio-emilia.elettroservicegroup.it/termini-e-condizioni" "Mozilla/5.0 (Macintosh; Intel Mac OS X 10_15_7) AppleWebKit/537.36 (KHTML, like Gecko) Chrome/131.0.0.0 Safari/537.36; compatible; OAI-SearchBot/1.4; +https://openai.com/searchbot"
40.77.167.59 - - [05/Jun/2026:02:11:04 +0200] "GET /attachment-sitemap.xml HTTP/2.0" 200 2834 "-" "Mozilla/5.0 AppleWebKit/537.36 (KHTML, like Gecko; compatible; bingbot/2.0; +http://www.bing.com/bingbot.htm) Chrome/116.0.1938.76 Safari/537.36"
74.7.229.22 - - [05/Jun/2026:02:11:05 +0200] "GET /wp-json/wp/v2/pages/14227 HTTP/2.0" 200 8698 "https://reggio-emilia.elettroservicegroup.it/" "Mozilla/5.0 (Macintosh; Intel Mac OS X 10_15_7) AppleWebKit/537.36 (KHTML, like Gecko) Chrome/131.0.0.0 Safari/537.36; compatible; OAI-SearchBot/1.4; +https://openai.com/searchbot"
74.7.228.210 - - [05/Jun/2026:02:11:07 +0200] "GET /wp-json/oembed/1.0/embed?url=https%3A%2F%2Freggio-emilia.elettroservicegroup.it%2F HTTP/2.0" 200 960 "https://reggio-emilia.elettroservicegroup.it/" "Mozilla/5.0 (Macintosh; Intel Mac OS X 10_15_7) AppleWebKit/537.36 (KHTML, like Gecko) Chrome/131.0.0.0 Safari/537.36; compatible; OAI-SearchBot/1.4; +https://openai.com/searchbot"
74.7.243.199 - - [05/Jun/2026:02:11:08 +0200] "GET /wp-content/uploads/elementor/css/post-15571.css?ver=1780594435 HTTP/2.0" 404 19222 "https://reggio-emilia.elettroservicegroup.it/termini-e-condizioni" "Mozilla/5.0 AppleWebKit/537.36 (KHTML, like Gecko; compatible; GPTBot/1.4; +https://openai.com/gptbot)"
74.7.229.149 - - [05/Jun/2026:02:11:09 +0200] "GET /feed/ HTTP/2.0" 415 508 "https://reggio-emilia.elettroservicegroup.it/" "Mozilla/5.0 (Macintosh; Intel Mac OS X 10_15_7) AppleWebKit/537.36 (KHTML, like Gecko) Chrome/131.0.0.0 Safari/537.36; compatible; OAI-SearchBot/1.4; +https://openai.com/searchbot"
74.7.229.149 - - [05/Jun/2026:02:11:10 +0200] "GET /feed/ HTTP/2.0" 415 508 "https://reggio-emilia.elettroservicegroup.it/" "Mozilla/5.0 (Macintosh; Intel Mac OS X 10_15_7) AppleWebKit/537.36 (KHTML, like Gecko) Chrome/131.0.0.0 Safari/537.36; compatible; OAI-SearchBot/1.4; +https://openai.com/searchbot"
74.7.243.199 - - [05/Jun/2026:02:11:11 +0200] "GET /?p=15571 HTTP/2.0" 415 25456 "https://reggio-emilia.elettroservicegroup.it/termini-e-condizioni" "Mozilla/5.0 AppleWebKit/537.36 (KHTML, like Gecko; compatible; GPTBot/1.4; +https://openai.com/gptbot)"
74.7.229.177 - - [05/Jun/2026:02:11:12 +0200] "GET /comments/feed/ HTTP/2.0" 415 387 "https://reggio-emilia.elettroservicegroup.it/" "Mozilla/5.0 (Macintosh; Intel Mac OS X 10_15_7) AppleWebKit/537.36 (KHTML, like Gecko) Chrome/131.0.0.0 Safari/537.36; compatible; OAI-SearchBot/1.4; +https://openai.com/searchbot"
74.7.243.199 - - [05/Jun/2026:02:11:14 +0200] "GET /wp-content/cache/wpfc-minified/97penocn/5qgta.css HTTP/2.0" 415 16118 "https://reggio-emilia.elettroservicegroup.it/termini-e-condizioni" "Mozilla/5.0 AppleWebKit/537.36 (KHTML, like Gecko; compatible; GPTBot/1.4; +https://openai.com/gptbot)"
216.73.216.217 - - [05/Jun/2026:02:20:06 +0200] "GET /wp-content/uploads/2021/10/FRIGORIFERO-AMERICANO.jpg HTTP/2.0" 200 25911 "-" "Mozilla/5.0 AppleWebKit/537.36 (KHTML, like Gecko; compatible; ClaudeBot/1.0; +claudebot@anthropic.com)"
65.108.235.243 - - [05/Jun/2026:02:21:41 +0200] "POST /wp-cron.php?doing_wp_cron=1780618901.7557950019836425781250 HTTP/1.1" 200 1 "-" "WordPress/7.0; https://reggio-emilia.elettroservicegroup.it"
52.167.144.237 - - [05/Jun/2026:02:21:36 +0200] "GET /page-sitemap.xml HTTP/2.0" 200 2003 "-" "Mozilla/5.0 AppleWebKit/537.36 (KHTML, like Gecko; compatible; bingbot/2.0; +http://www.bing.com/bingbot.htm) Chrome/116.0.1938.76 Safari/537.36"
65.108.235.243 - - [05/Jun/2026:02:21:44 +0200] "GET /assistenza-indesit-scandiano/ HTTP/1.1" 200 24757 "-" "WP Fastest Cache Preload Bot"
65.108.235.243 - - [05/Jun/2026:02:21:47 +0200] "GET /assistenza-lavastoviglie-scandiano/ HTTP/1.1" 200 25270 "-" "WP Fastest Cache Preload Bot"
65.108.235.243 - - [05/Jun/2026:02:21:49 +0200] "GET /assistenza-lavastoviglie-santilario-denza/ HTTP/1.1" 200 25347 "-" "WP Fastest Cache Preload Bot"
65.108.235.243 - - [05/Jun/2026:02:21:51 +0200] "GET /assistenza-indesit-santilario-denza/ HTTP/1.1" 200 24829 "-" "WP Fastest Cache Preload Bot"
216.73.216.217 - - [05/Jun/2026:02:29:53 +0200] "GET /wp-content/uploads/2022/10/COPERTINA-8.png HTTP/2.0" 200 238875 "-" "Mozilla/5.0 AppleWebKit/537.36 (KHTML, like Gecko; compatible; ClaudeBot/1.0; +claudebot@anthropic.com)"
216.73.216.217 - - [05/Jun/2026:02:33:29 +0200] "GET /wp-content/uploads/2022/10/COPERTINA-8-300x150.png HTTP/2.0" 200 30285 "-" "Mozilla/5.0 AppleWebKit/537.36 (KHTML, like Gecko; compatible; ClaudeBot/1.0; +claudebot@anthropic.com)"
65.108.235.243 - - [05/Jun/2026:02:56:40 +0200] "POST /wp-cron.php?doing_wp_cron=1780621000.0806980133056640625000 HTTP/1.1" 200 1 "-" "WordPress/7.0; https://reggio-emilia.elettroservicegroup.it"
216.73.216.217 - - [05/Jun/2026:02:56:38 +0200] "GET /robots.txt HTTP/2.0" 200 110 "-" "Mozilla/5.0 AppleWebKit/537.36 (KHTML, like Gecko; compatible; ClaudeBot/1.0; +claudebot@anthropic.com)"
216.73.216.217 - - [05/Jun/2026:02:56:41 +0200] "GET /assistenza-elettrodomestici/forno-c HTTP/2.0" 301 1 "-" "Mozilla/5.0 AppleWebKit/537.36 (KHTML, like Gecko; compatible; ClaudeBot/1.0; +claudebot@anthropic.com)"
65.108.235.243 - - [05/Jun/2026:02:56:40 +0200] "GET /assistenza-lavastoviglie-guastalla/ HTTP/1.1" 200 25232 "-" "WP Fastest Cache Preload Bot"
216.73.216.217 - - [05/Jun/2026:02:56:41 +0200] "GET /sitemap.xml HTTP/2.0" 200 336 "-" "Mozilla/5.0 AppleWebKit/537.36 (KHTML, like Gecko; compatible; ClaudeBot/1.0; +claudebot@anthropic.com)"
65.108.235.243 - - [05/Jun/2026:02:56:41 +0200] "GET /assistenza-lavastoviglie-correggio/ HTTP/1.1" 200 25223 "-" "WP Fastest Cache Preload Bot"
216.73.216.217 - - [05/Jun/2026:02:56:41 +0200] "GET /assistenza-elettrodomestici/forno-c/ HTTP/2.0" 200 18764 "https://reggio-emilia.elettroservicegroup.it/assistenza-elettrodomestici/forno-c" "Mozilla/5.0 AppleWebKit/537.36 (KHTML, like Gecko; compatible; ClaudeBot/1.0; +claudebot@anthropic.com)"
65.108.235.243 - - [05/Jun/2026:02:56:42 +0200] "GET /assistenza-indesit-guastalla/ HTTP/1.1" 200 24722 "-" "WP Fastest Cache Preload Bot"
65.108.235.243 - - [05/Jun/2026:02:56:44 +0200] "GET /assistenza-lavastoviglie-reggio-emilia/ HTTP/1.1" 200 25171 "-" "WP Fastest Cache Preload Bot"
65.108.235.243 - - [05/Jun/2026:03:05:51 +0200] "POST /wp-cron.php?doing_wp_cron=1780621551.5021350383758544921875 HTTP/1.1" 200 1 "-" "WordPress/7.0; https://reggio-emilia.elettroservicegroup.it"
176.65.139.234 - - [05/Jun/2026:03:05:48 +0200] "GET / HTTP/1.1" 301 - "-" "Mozilla/5.0 (Windows NT 10.0; Win64; x64) AppleWebKit/537.36 (KHTML, like Gecko) Chrome/147.0.0.0 Safari/537.36"
65.108.235.243 - - [05/Jun/2026:03:05:51 +0200] "GET /assistenza-indesit-correggio/ HTTP/1.1" 200 24721 "-" "WP Fastest Cache Preload Bot"
65.108.235.243 - - [05/Jun/2026:03:05:52 +0200] "GET /assistenza-indesit-reggio-emilia/ HTTP/1.1" 200 24713 "-" "WP Fastest Cache Preload Bot"
65.108.235.243 - - [05/Jun/2026:03:05:52 +0200] "GET /assistenza-candy-rubiera/ HTTP/1.1" 200 24734 "-" "WP Fastest Cache Preload Bot"
65.108.235.243 - - [05/Jun/2026:03:05:53 +0200] "GET /assistenza-candy-scandiano/ HTTP/1.1" 200 24732 "-" "WP Fastest Cache Preload Bot"
176.65.139.237 - - [05/Jun/2026:03:05:54 +0200] "GET / HTTP/1.1" 415 172311 "-" "Mozilla/5.0 (Windows NT 10.0; Win64; x64) AppleWebKit/537.36 (KHTML, like Gecko) Chrome/147.0.0.0 Safari/537.36"
65.108.235.243 - - [05/Jun/2026:03:23:48 +0200] "GET /assistenza-candy-santilario-denza/ HTTP/1.1" 200 24794 "-" "WP Fastest Cache Preload Bot"
65.108.235.243 - - [05/Jun/2026:03:23:51 +0200] "GET /assistenza-candy-guastalla/ HTTP/1.1" 200 24726 "-" "WP Fastest Cache Preload Bot"
65.108.235.243 - - [05/Jun/2026:03:23:55 +0200] "GET /assistenza-candy-correggio/ HTTP/1.1" 200 24730 "-" "WP Fastest Cache Preload Bot"
65.108.235.243 - - [05/Jun/2026:03:23:57 +0200] "GET /assistenza-candy-reggio-emilia/ HTTP/1.1" 200 24724 "-" "WP Fastest Cache Preload Bot"
65.108.235.243 - - [05/Jun/2026:03:41:43 +0200] "POST /wp-cron.php?doing_wp_cron=1780623703.9673368930816650390625 HTTP/1.1" 200 1 "-" "WordPress/7.0; https://reggio-emilia.elettroservicegroup.it"
216.73.216.141 - - [05/Jun/2026:03:41:40 +0200] "GET /wp-content/uploads/2022/01/Smeg.png/ HTTP/2.0" 404 17935 "-" "Mozilla/5.0 AppleWebKit/537.36 (KHTML, like Gecko; compatible; ClaudeBot/1.0; +claudebot@anthropic.com)"
65.108.235.243 - - [05/Jun/2026:03:41:44 +0200] "GET /assistenza-bosch-rubiera/ HTTP/1.1" 200 24699 "-" "WP Fastest Cache Preload Bot"
65.108.235.243 - - [05/Jun/2026:03:41:45 +0200] "GET /assistenza-bosch-scandiano/ HTTP/1.1" 200 24700 "-" "WP Fastest Cache Preload Bot"
65.108.235.243 - - [05/Jun/2026:03:41:48 +0200] "GET /assistenza-bosch-santilario-denza/ HTTP/1.1" 200 24778 "-" "WP Fastest Cache Preload Bot"
65.108.235.243 - - [05/Jun/2026:03:41:51 +0200] "GET /assistenza-bosch-guastalla/ HTTP/1.1" 200 24703 "-" "WP Fastest Cache Preload Bot"
23.22.173.232 - - [05/Jun/2026:03:45:12 +0200] "GET /robots.txt HTTP/1.1" 200 11744 "-" "Mozilla/5.0 (Macintosh; Intel Mac OS X 10_10_1) AppleWebKit/600.2.5 (KHTML, like Gecko) Version/8.0.2 Safari/600.2.5 (Lanai)"
54.87.189.147 - - [05/Jun/2026:03:45:15 +0200] "GET /assistenza-siemens-reggio-emilia/ HTTP/1.1" 200 11825 "-" "Mozilla/5.0 (Macintosh; Intel Mac OS X 10_10_1) AppleWebKit/600.2.5 (KHTML, like Gecko) Version/8.0.2 Safari/600.2.5 (Lanai)"
168.144.64.220 - - [05/Jun/2026:03:45:37 +0200] "GET / HTTP/1.1" 301 - "-" "Mozilla/5.0 (X11; Linux x86_64; rv:142.0) Gecko/20100101 Firefox/142.0"
168.144.64.220 - - [05/Jun/2026:03:45:42 +0200] "GET /favicon.ico HTTP/1.1" 302 - "https://www.reggio-emilia.elettroservicegroup.it/" "Mozilla/5.0 (X11; Linux x86_64; rv:142.0) Gecko/20100101 Firefox/142.0"
216.73.216.141 - - [05/Jun/2026:03:51:20 +0200] "GET /wp-content/cache/wpfc-minified/22ru6hak/4lapt.js HTTP/2.0" 200 4739 "-" "Mozilla/5.0 AppleWebKit/537.36 (KHTML, like Gecko; compatible; ClaudeBot/1.0; +claudebot@anthropic.com)"
65.108.235.243 - - [05/Jun/2026:03:54:58 +0200] "POST /wp-cron.php?doing_wp_cron=1780624498.1423010826110839843750 HTTP/1.1" 200 1 "-" "WordPress/7.0; https://reggio-emilia.elettroservicegroup.it"
216.73.216.141 - - [05/Jun/2026:03:54:56 +0200] "GET /wp-content/plugins/complianz-gdpr/assets/js/cookieconsent.min.js HTTP/2.0" 404 19229 "-" "Mozilla/5.0 AppleWebKit/537.36 (KHTML, like Gecko; compatible; ClaudeBot/1.0; +claudebot@anthropic.com)"
65.108.235.243 - - [05/Jun/2026:03:54:59 +0200] "GET /assistenza-bosch-correggio/ HTTP/1.1" 200 24705 "-" "WP Fastest Cache Preload Bot"
65.108.235.243 - - [05/Jun/2026:03:55:01 +0200] "GET /assistenza-bosch-reggio-emilia/ HTTP/1.1" 200 24698 "-" "WP Fastest Cache Preload Bot"
65.108.235.243 - - [05/Jun/2026:03:55:04 +0200] "GET /assistenza-ariston-rubiera/ HTTP/1.1" 200 24855 "-" "WP Fastest Cache Preload Bot"
65.108.235.243 - - [05/Jun/2026:03:55:05 +0200] "GET /assistenza-ariston-scandiano/ HTTP/1.1" 200 24827 "-" "WP Fastest Cache Preload Bot"
65.108.235.243 - - [05/Jun/2026:04:09:55 +0200] "POST /wp-cron.php?doing_wp_cron=1780625395.8322930335998535156250 HTTP/1.1" 200 1 "-" "WordPress/7.0; https://reggio-emilia.elettroservicegroup.it"
216.73.216.251 - - [05/Jun/2026:04:09:53 +0200] "GET /robots.txt HTTP/2.0" 200 110 "-" "Mozilla/5.0 AppleWebKit/537.36 (KHTML, like Gecko; compatible; ClaudeBot/1.0; +claudebot@anthropic.com)"
65.108.235.243 - - [05/Jun/2026:04:09:56 +0200] "GET /assistenza-ariston-santilario-denza/ HTTP/1.1" 200 24886 "-" "WP Fastest Cache Preload Bot"
65.108.235.243 - - [05/Jun/2026:04:09:57 +0200] "GET /assistenza-ariston-guastalla/ HTTP/1.1" 200 24910 "-" "WP Fastest Cache Preload Bot"
65.108.235.243 - - [05/Jun/2026:04:09:58 +0200] "GET /assistenza-ariston-correggio/ HTTP/1.1" 200 24857 "-" "WP Fastest Cache Preload Bot"
65.108.235.243 - - [05/Jun/2026:04:09:59 +0200] "GET /assistenza-ariston-reggio-emilia/ HTTP/1.1" 200 24826 "-" "WP Fastest Cache Preload Bot"
65.108.235.243 - - [05/Jun/2026:04:10:09 +0200] "POST /wp-cron.php?doing_wp_cron=1780625409.6595449447631835937500 HTTP/1.1" 200 1 "-" "WordPress/7.0; https://reggio-emilia.elettroservicegroup.it"
216.73.216.251 - - [05/Jun/2026:04:10:09 +0200] "GET /?p=14812 HTTP/2.0" 301 1 "-" "Mozilla/5.0 AppleWebKit/537.36 (KHTML, like Gecko; compatible; ClaudeBot/1.0; +claudebot@anthropic.com)"
216.73.216.251 - - [05/Jun/2026:04:10:09 +0200] "GET /wp-content/uploads/2021/11/HOME-COPERTINA.jpg/ HTTP/2.0" 404 17948 "-" "Mozilla/5.0 AppleWebKit/537.36 (KHTML, like Gecko; compatible; ClaudeBot/1.0; +claudebot@anthropic.com)"
216.73.216.251 - - [05/Jun/2026:04:10:09 +0200] "GET /assistenza-elettrodomestici/forno-c/ HTTP/2.0" 200 18744 "https://reggio-emilia.elettroservicegroup.it/?p=14812" "Mozilla/5.0 AppleWebKit/537.36 (KHTML, like Gecko; compatible; ClaudeBot/1.0; +claudebot@anthropic.com)"
216.73.216.175 - - [05/Jun/2026:04:15:36 +0200] "GET /wp-content/uploads/2021/10/forno-c.jpg HTTP/2.0" 200 109229 "-" "Mozilla/5.0 AppleWebKit/537.36 (KHTML, like Gecko; compatible; ClaudeBot/1.0; +claudebot@anthropic.com)"
65.108.235.243 - - [05/Jun/2026:04:17:30 +0200] "POST /wp-cron.php?doing_wp_cron=1780625850.3663010597229003906250 HTTP/1.1" 200 1 "-" "WordPress/7.0; https://reggio-emilia.elettroservicegroup.it"
216.73.216.141 - - [05/Jun/2026:04:17:26 +0200] "GET /wp-content/uploads/2021/12/804_lavatrici-1.jpg/ HTTP/2.0" 404 17942 "-" "Mozilla/5.0 AppleWebKit/537.36 (KHTML, like Gecko; compatible; ClaudeBot/1.0; +claudebot@anthropic.com)"
65.108.235.243 - - [05/Jun/2026:04:17:30 +0200] "GET /assistenza-aeg-rubiera/ HTTP/1.1" 200 24734 "-" "WP Fastest Cache Preload Bot"
65.108.235.243 - - [05/Jun/2026:04:17:31 +0200] "GET /assistenza-aeg-scandiano/ HTTP/1.1" 200 24759 "-" "WP Fastest Cache Preload Bot"
65.108.235.243 - - [05/Jun/2026:04:17:32 +0200] "GET /assistenza-aeg-santilario-denza/ HTTP/1.1" 200 24802 "-" "WP Fastest Cache Preload Bot"
65.108.235.243 - - [05/Jun/2026:04:17:34 +0200] "GET /assistenza-aeg-guastalla/ HTTP/1.1" 200 24852 "-" "WP Fastest Cache Preload Bot"
52.71.170.250 - - [05/Jun/2026:04:20:32 +0200] "GET /assistenza-aeg-reggio-emilia/ HTTP/1.1" 200 11900 "-" "Mozilla/5.0 (Macintosh; Intel Mac OS X 10_10_1) AppleWebKit/600.2.5 (KHTML, like Gecko) Version/8.0.2 Safari/600.2.5 (Lanai)"
216.73.217.169 - - [05/Jun/2026:04:32:47 +0200] "GET /wp-content/uploads/2021/10/forno-c-300x200.jpg HTTP/2.0" 200 11326 "-" "Mozilla/5.0 AppleWebKit/537.36 (KHTML, like Gecko; compatible; ClaudeBot/1.0; +claudebot@anthropic.com)"
65.108.235.243 - - [05/Jun/2026:04:47:41 +0200] "POST /wp-cron.php?doing_wp_cron=1780627661.9457309246063232421875 HTTP/1.1" 200 1 "-" "WordPress/7.0; https://reggio-emilia.elettroservicegroup.it"
216.73.217.47 - - [05/Jun/2026:04:47:38 +0200] "GET /sitemap.xml HTTP/2.0" 200 335 "-" "Mozilla/5.0 AppleWebKit/537.36 (KHTML, like Gecko; compatible; ClaudeBot/1.0; +claudebot@anthropic.com)"
65.108.235.243 - - [05/Jun/2026:04:47:43 +0200] "GET /assistenza-aeg-correggio/ HTTP/1.1" 200 24663 "-" "WP Fastest Cache Preload Bot"
65.108.235.243 - - [05/Jun/2026:04:47:46 +0200] "GET /assistenza-aeg-reggio-emilia/ HTTP/1.1" 200 24743 "-" "WP Fastest Cache Preload Bot"
65.108.235.243 - - [05/Jun/2026:04:47:48 +0200] "GET /cookie-policy/ HTTP/1.1" 200 19438 "-" "WP Fastest Cache Preload Bot"
65.108.235.243 - - [05/Jun/2026:04:47:50 +0200] "GET /termini-e-condizioni/ HTTP/1.1" 200 19104 "-" "WP Fastest Cache Preload Bot"