79.21.129.226 - - [04/Jun/2026:19:11:37 +0200] "GET /wp-content/plugins/elementor/assets/lib/eicons/css/elementor-icons.min.css?ver=5.34.0 HTTP/2.0" 200 4115 "https://reggio-emilia.elettroservicegroup.it/assistenza-rex-electrolux-reggio-emilia/" "Mozilla/5.0 (Linux; Android 10; K) AppleWebKit/537.36 (KHTML, like Gecko) Chrome/148.0.0.0 Mobile Safari/537.36"
79.21.129.226 - - [04/Jun/2026:19:11:37 +0200] "GET /wp-content/plugins/elementor/assets/lib/font-awesome/css/v4-shims.min.css?ver=4.1.1 HTTP/2.0" 200 3986 "https://reggio-emilia.elettroservicegroup.it/assistenza-rex-electrolux-reggio-emilia/" "Mozilla/5.0 (Linux; Android 10; K) AppleWebKit/537.36 (KHTML, like Gecko) Chrome/148.0.0.0 Mobile Safari/537.36"
79.21.129.226 - - [04/Jun/2026:19:11:37 +0200] "GET /wp-content/plugins/elementor/assets/css/frontend.min.css?ver=4.1.1 HTTP/2.0" 200 6618 "https://reggio-emilia.elettroservicegroup.it/assistenza-rex-electrolux-reggio-emilia/" "Mozilla/5.0 (Linux; Android 10; K) AppleWebKit/537.36 (KHTML, like Gecko) Chrome/148.0.0.0 Mobile Safari/537.36"
79.21.129.226 - - [04/Jun/2026:19:11:37 +0200] "GET /wp-content/plugins/elementor/assets/lib/font-awesome/css/all.min.css?ver=4.1.1 HTTP/2.0" 200 12402 "https://reggio-emilia.elettroservicegroup.it/assistenza-rex-electrolux-reggio-emilia/" "Mozilla/5.0 (Linux; Android 10; K) AppleWebKit/537.36 (KHTML, like Gecko) Chrome/148.0.0.0 Mobile Safari/537.36"
79.21.129.226 - - [04/Jun/2026:19:11:37 +0200] "GET /wp-content/plugins/elementor/assets/lib/font-awesome/css/fontawesome.css?ver=5.15.3 HTTP/2.0" 200 12535 "https://reggio-emilia.elettroservicegroup.it/assistenza-rex-electrolux-reggio-emilia/" "Mozilla/5.0 (Linux; Android 10; K) AppleWebKit/537.36 (KHTML, like Gecko) Chrome/148.0.0.0 Mobile Safari/537.36"
79.21.129.226 - - [04/Jun/2026:19:11:37 +0200] "GET /wp-content/uploads/elementor/google-fonts/css/robotoslab.css?ver=1742255003 HTTP/2.0" 200 721 "https://reggio-emilia.elettroservicegroup.it/assistenza-rex-electrolux-reggio-emilia/" "Mozilla/5.0 (Linux; Android 10; K) AppleWebKit/537.36 (KHTML, like Gecko) Chrome/148.0.0.0 Mobile Safari/537.36"
79.21.129.226 - - [04/Jun/2026:19:11:37 +0200] "GET /wp-content/plugins/elementor/assets/css/widget-heading.min.css?ver=4.1.1 HTTP/2.0" 200 127 "https://reggio-emilia.elettroservicegroup.it/assistenza-rex-electrolux-reggio-emilia/" "Mozilla/5.0 (Linux; Android 10; K) AppleWebKit/537.36 (KHTML, like Gecko) Chrome/148.0.0.0 Mobile Safari/537.36"
79.21.129.226 - - [04/Jun/2026:19:11:37 +0200] "GET /wp-content/plugins/elementor/assets/css/widget-spacer.min.css?ver=4.1.1 HTTP/2.0" 200 287 "https://reggio-emilia.elettroservicegroup.it/assistenza-rex-electrolux-reggio-emilia/" "Mozilla/5.0 (Linux; Android 10; K) AppleWebKit/537.36 (KHTML, like Gecko) Chrome/148.0.0.0 Mobile Safari/537.36"
79.21.129.226 - - [04/Jun/2026:19:11:37 +0200] "GET /wp-content/uploads/2021/10/cropped-cropped-cropped-logo_white_background.png HTTP/2.0" 200 26788 "https://reggio-emilia.elettroservicegroup.it/assistenza-rex-electrolux-reggio-emilia/" "Mozilla/5.0 (Linux; Android 10; K) AppleWebKit/537.36 (KHTML, like Gecko) Chrome/148.0.0.0 Mobile Safari/537.36"
79.21.129.226 - - [04/Jun/2026:19:11:37 +0200] "GET /wp-content/plugins/header-footer-elementor/inc/widgets-css/frontend.css?ver=2.8.8 HTTP/2.0" 200 8711 "https://reggio-emilia.elettroservicegroup.it/assistenza-rex-electrolux-reggio-emilia/" "Mozilla/5.0 (Linux; Android 10; K) AppleWebKit/537.36 (KHTML, like Gecko) Chrome/148.0.0.0 Mobile Safari/537.36"
79.21.129.226 - - [04/Jun/2026:19:11:37 +0200] "GET /wp-content/plugins/elementor/assets/lib/animations/styles/bounceIn.min.css?ver=4.1.1 HTTP/2.0" 200 186 "https://reggio-emilia.elettroservicegroup.it/assistenza-rex-electrolux-reggio-emilia/" "Mozilla/5.0 (Linux; Android 10; K) AppleWebKit/537.36 (KHTML, like Gecko) Chrome/148.0.0.0 Mobile Safari/537.36"
79.21.129.226 - - [04/Jun/2026:19:11:37 +0200] "GET /wp-includes/js/jquery/jquery-migrate.min.js?ver=3.4.1 HTTP/2.0" 200 4685 "https://reggio-emilia.elettroservicegroup.it/assistenza-rex-electrolux-reggio-emilia/" "Mozilla/5.0 (Linux; Android 10; K) AppleWebKit/537.36 (KHTML, like Gecko) Chrome/148.0.0.0 Mobile Safari/537.36"
79.21.129.226 - - [04/Jun/2026:19:11:37 +0200] "GET /wp-content/plugins/elementor/assets/lib/font-awesome/js/v4-shims.min.js?ver=4.1.1 HTTP/2.0" 200 4043 "https://reggio-emilia.elettroservicegroup.it/assistenza-rex-electrolux-reggio-emilia/" "Mozilla/5.0 (Linux; Android 10; K) AppleWebKit/537.36 (KHTML, like Gecko) Chrome/148.0.0.0 Mobile Safari/537.36"
79.21.129.226 - - [04/Jun/2026:19:11:37 +0200] "GET /wp-content/plugins/gp-premium/menu-plus/functions/js/sticky.min.js?ver=2.5.5 HTTP/2.0" 200 2670 "https://reggio-emilia.elettroservicegroup.it/assistenza-rex-electrolux-reggio-emilia/" "Mozilla/5.0 (Linux; Android 10; K) AppleWebKit/537.36 (KHTML, like Gecko) Chrome/148.0.0.0 Mobile Safari/537.36"
79.21.129.226 - - [04/Jun/2026:19:11:37 +0200] "GET /wp-content/uploads/2021/10/cropped-logo_white_background.png HTTP/2.0" 200 15855 "https://reggio-emilia.elettroservicegroup.it/assistenza-rex-electrolux-reggio-emilia/" "Mozilla/5.0 (Linux; Android 10; K) AppleWebKit/537.36 (KHTML, like Gecko) Chrome/148.0.0.0 Mobile Safari/537.36"
79.21.129.226 - - [04/Jun/2026:19:11:37 +0200] "GET /wp-includes/js/jquery/jquery.min.js?ver=3.7.1 HTTP/2.0" 200 29769 "https://reggio-emilia.elettroservicegroup.it/assistenza-rex-electrolux-reggio-emilia/" "Mozilla/5.0 (Linux; Android 10; K) AppleWebKit/537.36 (KHTML, like Gecko) Chrome/148.0.0.0 Mobile Safari/537.36"
79.21.129.226 - - [04/Jun/2026:19:11:37 +0200] "GET /wp-content/plugins/elementor/assets/js/webpack.runtime.min.js?ver=4.1.1 HTTP/2.0" 200 2340 "https://reggio-emilia.elettroservicegroup.it/assistenza-rex-electrolux-reggio-emilia/" "Mozilla/5.0 (Linux; Android 10; K) AppleWebKit/537.36 (KHTML, like Gecko) Chrome/148.0.0.0 Mobile Safari/537.36"
79.21.129.226 - - [04/Jun/2026:19:11:37 +0200] "GET /wp-content/plugins/elementor/assets/js/frontend-modules.min.js?ver=4.1.1 HTTP/2.0" 200 15454 "https://reggio-emilia.elettroservicegroup.it/assistenza-rex-electrolux-reggio-emilia/" "Mozilla/5.0 (Linux; Android 10; K) AppleWebKit/537.36 (KHTML, like Gecko) Chrome/148.0.0.0 Mobile Safari/537.36"
79.21.129.226 - - [04/Jun/2026:19:11:37 +0200] "GET /wp-includes/js/jquery/ui/core.min.js?ver=1.13.3 HTTP/2.0" 200 6820 "https://reggio-emilia.elettroservicegroup.it/assistenza-rex-electrolux-reggio-emilia/" "Mozilla/5.0 (Linux; Android 10; K) AppleWebKit/537.36 (KHTML, like Gecko) Chrome/148.0.0.0 Mobile Safari/537.36"
79.21.129.226 - - [04/Jun/2026:19:11:37 +0200] "GET /wp-content/themes/generatepress/assets/js/back-to-top.min.js?ver=3.6.1 HTTP/2.0" 200 336 "https://reggio-emilia.elettroservicegroup.it/assistenza-rex-electrolux-reggio-emilia/" "Mozilla/5.0 (Linux; Android 10; K) AppleWebKit/537.36 (KHTML, like Gecko) Chrome/148.0.0.0 Mobile Safari/537.36"
79.21.129.226 - - [04/Jun/2026:19:11:37 +0200] "GET /wp-content/plugins/google-analytics-for-wordpress/assets/js/frontend-gtag.min.js?ver=10.2.2 HTTP/2.0" 200 3075 "https://reggio-emilia.elettroservicegroup.it/assistenza-rex-electrolux-reggio-emilia/" "Mozilla/5.0 (Linux; Android 10; K) AppleWebKit/537.36 (KHTML, like Gecko) Chrome/148.0.0.0 Mobile Safari/537.36"
79.21.129.226 - - [04/Jun/2026:19:11:37 +0200] "GET /wp-content/plugins/elementor/assets/js/frontend.min.js?ver=4.1.1 HTTP/2.0" 200 10140 "https://reggio-emilia.elettroservicegroup.it/assistenza-rex-electrolux-reggio-emilia/" "Mozilla/5.0 (Linux; Android 10; K) AppleWebKit/537.36 (KHTML, like Gecko) Chrome/148.0.0.0 Mobile Safari/537.36"
79.21.129.226 - - [04/Jun/2026:19:11:37 +0200] "GET /wp-content/themes/generatepress/assets/js/menu.min.js?ver=3.6.1 HTTP/2.0" 200 1688 "https://reggio-emilia.elettroservicegroup.it/assistenza-rex-electrolux-reggio-emilia/" "Mozilla/5.0 (Linux; Android 10; K) AppleWebKit/537.36 (KHTML, like Gecko) Chrome/148.0.0.0 Mobile Safari/537.36"
79.21.129.226 - - [04/Jun/2026:19:11:37 +0200] "GET /wp-content/plugins/complianz-gdpr-premium/cookiebanner/js/complianz.min.js?ver=1780326507 HTTP/2.0" 200 10708 "https://reggio-emilia.elettroservicegroup.it/assistenza-rex-electrolux-reggio-emilia/" "Mozilla/5.0 (Linux; Android 10; K) AppleWebKit/537.36 (KHTML, like Gecko) Chrome/148.0.0.0 Mobile Safari/537.36"
79.21.129.226 - - [04/Jun/2026:19:11:37 +0200] "GET /wp-content/uploads/elementor/google-fonts/fonts/roboto-kfo7cnqeu92fr1me7ksn66agldtyluama3yuba.woff2 HTTP/2.0" 200 40132 "https://reggio-emilia.elettroservicegroup.it/wp-content/uploads/elementor/google-fonts/css/roboto.css?ver=1742255001" "Mozilla/5.0 (Linux; Android 10; K) AppleWebKit/537.36 (KHTML, like Gecko) Chrome/148.0.0.0 Mobile Safari/537.36"
79.21.129.226 - - [04/Jun/2026:19:11:37 +0200] "GET /wp-content/uploads/2022/01/elett5-2.jpg HTTP/2.0" 200 10185 "https://reggio-emilia.elettroservicegroup.it/assistenza-rex-electrolux-reggio-emilia/" "Mozilla/5.0 (Linux; Android 10; K) AppleWebKit/537.36 (KHTML, like Gecko) Chrome/148.0.0.0 Mobile Safari/537.36"
79.21.129.226 - - [04/Jun/2026:19:11:37 +0200] "GET /wp-content/uploads/2021/12/copertina-Riparazione_Lavastoviglie-1-5.jpg HTTP/2.0" 200 35425 "https://reggio-emilia.elettroservicegroup.it/assistenza-rex-electrolux-reggio-emilia/" "Mozilla/5.0 (Linux; Android 10; K) AppleWebKit/537.36 (KHTML, like Gecko) Chrome/148.0.0.0 Mobile Safari/537.36"
65.108.235.243 - - [04/Jun/2026:19:11:36 +0200] "GET /assistenza-aeg-rubiera/ HTTP/1.1" 200 24734 "-" "WP Fastest Cache Preload Bot"
79.21.129.226 - - [04/Jun/2026:19:11:37 +0200] "GET /wp-content/plugins/elementor/assets/js/section-frontend-handlers.d85ab872da118940910d.bundle.min.js HTTP/2.0" 200 230 "https://reggio-emilia.elettroservicegroup.it/assistenza-rex-electrolux-reggio-emilia/" "Mozilla/5.0 (Linux; Android 10; K) AppleWebKit/537.36 (KHTML, like Gecko) Chrome/148.0.0.0 Mobile Safari/537.36"
79.21.129.226 - - [04/Jun/2026:19:11:37 +0200] "GET /wp-content/plugins/elementor/assets/js/text-editor.45609661e409413f1cef.bundle.min.js HTTP/2.0" 200 592 "https://reggio-emilia.elettroservicegroup.it/assistenza-rex-electrolux-reggio-emilia/" "Mozilla/5.0 (Linux; Android 10; K) AppleWebKit/537.36 (KHTML, like Gecko) Chrome/148.0.0.0 Mobile Safari/537.36"
79.21.129.226 - - [04/Jun/2026:19:11:37 +0200] "GET /wp-content/plugins/elementor/assets/js/shared-frontend-handlers.03caa53373b56d3bab67.bundle.min.js HTTP/2.0" 200 2515 "https://reggio-emilia.elettroservicegroup.it/assistenza-rex-electrolux-reggio-emilia/" "Mozilla/5.0 (Linux; Android 10; K) AppleWebKit/537.36 (KHTML, like Gecko) Chrome/148.0.0.0 Mobile Safari/537.36"
79.21.129.226 - - [04/Jun/2026:19:11:37 +0200] "GET /wp-json/complianz/v1/banner?lang=it&locale=it_IT&token=gpbjm HTTP/2.0" 200 84 "https://reggio-emilia.elettroservicegroup.it/assistenza-rex-electrolux-reggio-emilia/" "Mozilla/5.0 (Linux; Android 10; K) AppleWebKit/537.36 (KHTML, like Gecko) Chrome/148.0.0.0 Mobile Safari/537.36"
79.21.129.226 - - [04/Jun/2026:19:11:37 +0200] "GET /wp-content/uploads/2021/10/cropped-cropped-cropped-cropped-logo_white_background-192x192.png HTTP/2.0" 200 15729 "https://reggio-emilia.elettroservicegroup.it/assistenza-rex-electrolux-reggio-emilia/" "Mozilla/5.0 (Linux; Android 10; K) AppleWebKit/537.36 (KHTML, like Gecko) Chrome/148.0.0.0 Mobile Safari/537.36"
79.21.129.226 - - [04/Jun/2026:19:11:37 +0200] "GET /wp-content/uploads/2021/10/cropped-cropped-cropped-cropped-logo_white_background-180x180.png HTTP/2.0" 200 16527 "https://reggio-emilia.elettroservicegroup.it/assistenza-rex-electrolux-reggio-emilia/" "Mozilla/5.0 (Linux; Android 10; K) AppleWebKit/537.36 (KHTML, like Gecko) Chrome/148.0.0.0 Mobile Safari/537.36"
79.21.129.226 - - [04/Jun/2026:19:11:37 +0200] "GET /wp-content/uploads/complianz/css/banner-1-optin.css?v=511 HTTP/2.0" 200 2622 "https://reggio-emilia.elettroservicegroup.it/assistenza-rex-electrolux-reggio-emilia/" "Mozilla/5.0 (Linux; Android 10; K) AppleWebKit/537.36 (KHTML, like Gecko) Chrome/148.0.0.0 Mobile Safari/537.36"
65.108.235.243 - - [04/Jun/2026:19:11:37 +0200] "GET /assistenza-aeg-scandiano/ HTTP/1.1" 200 24760 "-" "WP Fastest Cache Preload Bot"
79.21.129.226 - - [04/Jun/2026:19:11:37 +0200] "GET /wp-json/complianz/v1/cookie_data HTTP/2.0" 200 82 "https://reggio-emilia.elettroservicegroup.it/assistenza-rex-electrolux-reggio-emilia/" "Mozilla/5.0 (Linux; Android 10; K) AppleWebKit/537.36 (KHTML, like Gecko) Chrome/148.0.0.0 Mobile Safari/537.36"
65.108.235.243 - - [04/Jun/2026:19:11:38 +0200] "GET /assistenza-aeg-santilario-denza/ HTTP/1.1" 200 24797 "-" "WP Fastest Cache Preload Bot"
65.108.235.243 - - [04/Jun/2026:19:11:38 +0200] "GET /assistenza-aeg-guastalla/ HTTP/1.1" 200 24852 "-" "WP Fastest Cache Preload Bot"
79.21.129.226 - - [04/Jun/2026:19:11:39 +0200] "POST /wp-json/complianz/v1/track HTTP/2.0" 200 20 "https://reggio-emilia.elettroservicegroup.it/assistenza-rex-electrolux-reggio-emilia/" "Mozilla/5.0 (Linux; Android 10; K) AppleWebKit/537.36 (KHTML, like Gecko) Chrome/148.0.0.0 Mobile Safari/537.36"
79.21.129.226 - - [04/Jun/2026:19:11:43 +0200] "GET /wp-content/uploads/2022/01/elettro3.jpg HTTP/2.0" 200 7012 "https://reggio-emilia.elettroservicegroup.it/assistenza-rex-electrolux-reggio-emilia/" "Mozilla/5.0 (Linux; Android 10; K) AppleWebKit/537.36 (KHTML, like Gecko) Chrome/148.0.0.0 Mobile Safari/537.36"
79.21.129.226 - - [04/Jun/2026:19:12:37 +0200] "GET /wp-content/uploads/2026/05/logo.png HTTP/2.0" 200 48185 "https://reggio-emilia.elettroservicegroup.it/assistenza-rex-electrolux-reggio-emilia/" "Mozilla/5.0 (Linux; Android 10; K) AppleWebKit/537.36 (KHTML, like Gecko) Chrome/148.0.0.0 Mobile Safari/537.36"
79.21.129.226 - - [04/Jun/2026:19:12:39 +0200] "GET /wp-content/uploads/2022/01/elett2.jpg HTTP/2.0" 200 28330 "https://reggio-emilia.elettroservicegroup.it/assistenza-rex-electrolux-reggio-emilia/" "Mozilla/5.0 (Linux; Android 10; K) AppleWebKit/537.36 (KHTML, like Gecko) Chrome/148.0.0.0 Mobile Safari/537.36"
79.21.129.226 - - [04/Jun/2026:19:12:45 +0200] "GET /wp-content/plugins/complianz-gdpr-premium/assets/images/placeholders/google-maps-minimal-1280x920.jpg HTTP/2.0" 200 55264 "https://reggio-emilia.elettroservicegroup.it/assistenza-rex-electrolux-reggio-emilia/" "Mozilla/5.0 (Linux; Android 10; K) AppleWebKit/537.36 (KHTML, like Gecko) Chrome/148.0.0.0 Mobile Safari/537.36"
65.108.235.243 - - [04/Jun/2026:19:33:46 +0200] "POST /wp-cron.php?doing_wp_cron=1780594426.7390210628509521484375 HTTP/1.1" 200 1 "-" "WordPress/7.0; https://reggio-emilia.elettroservicegroup.it"
216.73.217.169 - - [04/Jun/2026:19:33:45 +0200] "GET /robots.txt HTTP/2.0" 200 110 "-" "Mozilla/5.0 AppleWebKit/537.36 (KHTML, like Gecko; compatible; ClaudeBot/1.0; +claudebot@anthropic.com)"
65.108.235.243 - - [04/Jun/2026:19:33:47 +0200] "GET /assistenza-aeg-correggio/ HTTP/1.1" 200 24633 "-" "WP Fastest Cache Preload Bot"
65.108.235.243 - - [04/Jun/2026:19:33:48 +0200] "GET /assistenza-aeg-reggio-emilia/ HTTP/1.1" 200 24704 "-" "WP Fastest Cache Preload Bot"
65.108.235.243 - - [04/Jun/2026:19:33:51 +0200] "GET /cookie-policy/ HTTP/1.1" 200 19327 "-" "WP Fastest Cache Preload Bot"
65.108.235.243 - - [04/Jun/2026:19:33:53 +0200] "GET /termini-e-condizioni/ HTTP/1.1" 200 18995 "-" "WP Fastest Cache Preload Bot"
47.128.23.26 - - [04/Jun/2026:19:34:38 +0200] "GET /robots.txt HTTP/1.1" 200 11776 "-" "Mozilla/5.0 (Linux; Android 5.0) AppleWebKit/537.36 (KHTML, like Gecko) Mobile Safari/537.36 (compatible; Bytespider; spider-feedback@bytedance.com)"
216.73.217.169 - - [04/Jun/2026:19:39:31 +0200] "GET /wp-content/uploads/2021/10/COPERTINA-1.png HTTP/2.0" 200 238875 "-" "Mozilla/5.0 AppleWebKit/537.36 (KHTML, like Gecko; compatible; ClaudeBot/1.0; +claudebot@anthropic.com)"
65.108.235.243 - - [04/Jun/2026:19:42:16 +0200] "POST /wp-cron.php?doing_wp_cron=1780594936.9820039272308349609375 HTTP/1.1" 200 1 "-" "WordPress/7.0; https://reggio-emilia.elettroservicegroup.it"
216.73.217.169 - - [04/Jun/2026:19:42:12 +0200] "GET /?p=14479 HTTP/2.0" 301 1 "-" "Mozilla/5.0 AppleWebKit/537.36 (KHTML, like Gecko; compatible; ClaudeBot/1.0; +claudebot@anthropic.com)"
216.73.217.169 - - [04/Jun/2026:19:42:17 +0200] "GET /assistenza-lavatrici/copertina-2/ HTTP/2.0" 200 18807 "https://reggio-emilia.elettroservicegroup.it/?p=14479" "Mozilla/5.0 AppleWebKit/537.36 (KHTML, like Gecko; compatible; ClaudeBot/1.0; +claudebot@anthropic.com)"
216.73.217.169 - - [04/Jun/2026:19:42:12 +0200] "GET /wp-content/uploads/2021/12/Bosch.jpg/ HTTP/2.0" 404 17811 "-" "Mozilla/5.0 AppleWebKit/537.36 (KHTML, like Gecko; compatible; ClaudeBot/1.0; +claudebot@anthropic.com)"
65.108.235.243 - - [04/Jun/2026:19:42:18 +0200] "GET /cookie-policy-ue/ HTTP/1.1" 200 20567 "-" "WP Fastest Cache Preload Bot"
65.108.235.243 - - [04/Jun/2026:19:42:21 +0200] "GET /informativa-privacy/ HTTP/1.1" 200 21129 "-" "WP Fastest Cache Preload Bot"
65.108.235.243 - - [04/Jun/2026:19:42:24 +0200] "GET /assistenza-condizionatori-reggio-emilia/ HTTP/1.1" 200 22058 "-" "WP Fastest Cache Preload Bot"
65.108.235.243 - - [04/Jun/2026:19:42:25 +0200] "GET /assistenza-forni-elettrici-reggio-emilia/ HTTP/1.1" 200 22944 "-" "WP Fastest Cache Preload Bot"
65.108.235.243 - - [04/Jun/2026:19:42:33 +0200] "POST /wp-cron.php?doing_wp_cron=1780594953.4767959117889404296875 HTTP/1.1" 200 1 "-" "WordPress/7.0; https://reggio-emilia.elettroservicegroup.it"
216.73.217.169 - - [04/Jun/2026:19:42:33 +0200] "GET /sitemap.rss HTTP/2.0" 200 1465 "-" "Mozilla/5.0 AppleWebKit/537.36 (KHTML, like Gecko; compatible; ClaudeBot/1.0; +claudebot@anthropic.com)"
216.73.217.169 - - [04/Jun/2026:19:49:34 +0200] "GET /wp-content/uploads/2021/10/lavatrice11.jpg HTTP/2.0" 200 20521 "-" "Mozilla/5.0 AppleWebKit/537.36 (KHTML, like Gecko; compatible; ClaudeBot/1.0; +claudebot@anthropic.com)"
216.73.217.169 - - [04/Jun/2026:19:49:37 +0200] "GET /wp-content/uploads/2021/10/cropped-cropped-logo_white_background.png HTTP/2.0" 200 16602 "-" "Mozilla/5.0 AppleWebKit/537.36 (KHTML, like Gecko; compatible; ClaudeBot/1.0; +claudebot@anthropic.com)"
65.108.235.243 - - [04/Jun/2026:19:49:38 +0200] "POST /wp-cron.php?doing_wp_cron=1780595378.9146320819854736328125 HTTP/1.1" 200 1 "-" "WordPress/7.0; https://reggio-emilia.elettroservicegroup.it"
216.73.217.169 - - [04/Jun/2026:19:49:37 +0200] "GET /wp-content/uploads/2022/01/Bosch_logo.jpg/ HTTP/2.0" 404 17815 "-" "Mozilla/5.0 AppleWebKit/537.36 (KHTML, like Gecko; compatible; ClaudeBot/1.0; +claudebot@anthropic.com)"
65.108.235.243 - - [04/Jun/2026:19:49:39 +0200] "GET /assistenza-frigoriferi-reggio-emilia/ HTTP/1.1" 200 22775 "-" "WP Fastest Cache Preload Bot"
65.108.235.243 - - [04/Jun/2026:19:49:40 +0200] "GET /assistenza-lavastoviglie/ HTTP/1.1" 200 22789 "-" "WP Fastest Cache Preload Bot"
65.108.235.243 - - [04/Jun/2026:19:49:43 +0200] "GET /assistenza-asciugatrici-reggio-emilia/ HTTP/1.1" 200 22760 "-" "WP Fastest Cache Preload Bot"
65.108.235.243 - - [04/Jun/2026:19:49:46 +0200] "GET /assistenza-lavatrici/ HTTP/1.1" 200 22839 "-" "WP Fastest Cache Preload Bot"
54.87.189.147 - - [04/Jun/2026:19:56:52 +0200] "GET /assistenza-smeg-reggio-emilia/ HTTP/1.1" 200 11817 "-" "Mozilla/5.0 (Macintosh; Intel Mac OS X 10_10_1) AppleWebKit/600.2.5 (KHTML, like Gecko) Version/8.0.2 Safari/600.2.5 (Lanai)"
65.108.235.243 - - [04/Jun/2026:19:58:21 +0200] "GET / HTTP/1.1" 200 25128 "-" "WP Fastest Cache Preload Bot"
216.73.217.169 - - [04/Jun/2026:19:58:58 +0200] "GET /wp-content/plugins/elementor/assets/lib/dialog/dialog.min.js HTTP/2.0" 200 3595 "-" "Mozilla/5.0 AppleWebKit/537.36 (KHTML, like Gecko; compatible; ClaudeBot/1.0; +claudebot@anthropic.com)"
216.73.217.169 - - [04/Jun/2026:20:00:18 +0200] "GET /wp-includes/js/dist/i18n.min.js HTTP/2.0" 200 2333 "-" "Mozilla/5.0 AppleWebKit/537.36 (KHTML, like Gecko; compatible; ClaudeBot/1.0; +claudebot@anthropic.com)"
65.108.235.243 - - [04/Jun/2026:20:28:36 +0200] "POST /wp-cron.php?doing_wp_cron=1780597716.4692039489746093750000 HTTP/1.1" 200 1 "-" "WordPress/7.0; https://reggio-emilia.elettroservicegroup.it"
216.73.217.169 - - [04/Jun/2026:20:28:32 +0200] "GET /wp-content/themes/generatepress/assets/js/main.min.js HTTP/2.0" 404 19220 "-" "Mozilla/5.0 AppleWebKit/537.36 (KHTML, like Gecko; compatible; ClaudeBot/1.0; +claudebot@anthropic.com)"
34.122.16.212 - - [04/Jun/2026:20:33:18 +0200] "POST / HTTP/1.1" 200 11790 "https://www.reggio-emilia.elettroservicegroup.it/" "Mozilla/5.0 (Windows NT 10.0; Win64; x64) AppleWebKit/537.36 (KHTML, like Gecko) Chrome/146.0.0.0 Safari/537.36"
65.108.235.243 - - [04/Jun/2026:20:34:53 +0200] "POST /wp-cron.php?doing_wp_cron=1780598093.6818408966064453125000 HTTP/1.1" 200 1 "-" "WordPress/7.0; https://reggio-emilia.elettroservicegroup.it"
216.73.217.169 - - [04/Jun/2026:20:34:51 +0200] "GET /robots.txt HTTP/2.0" 200 110 "-" "Mozilla/5.0 AppleWebKit/537.36 (KHTML, like Gecko; compatible; ClaudeBot/1.0; +claudebot@anthropic.com)"
65.108.235.243 - - [04/Jun/2026:20:34:54 +0200] "GET /dichiarazione-sulla-privacy-ue/ HTTP/1.1" 200 21120 "-" "WP Fastest Cache Preload Bot"
65.108.235.243 - - [04/Jun/2026:20:34:55 +0200] "GET /imprint/ HTTP/1.1" 200 18626 "-" "WP Fastest Cache Preload Bot"
65.108.235.243 - - [04/Jun/2026:20:34:56 +0200] "GET /assistenza-whirlpool-rubiera/ HTTP/1.1" 200 24871 "-" "WP Fastest Cache Preload Bot"
65.108.235.243 - - [04/Jun/2026:20:34:59 +0200] "GET /assistenza-whirlpool-scandiano/ HTTP/1.1" 200 24789 "-" "WP Fastest Cache Preload Bot"
65.108.235.243 - - [04/Jun/2026:20:35:02 +0200] "GET / HTTP/1.1" 200 25241 "-" "WP Fastest Cache Preload Bot"
65.108.235.243 - - [04/Jun/2026:20:36:05 +0200] "POST /wp-cron.php?doing_wp_cron=1780598165.0775620937347412109375 HTTP/1.1" 200 1 "-" "WordPress/7.0; https://reggio-emilia.elettroservicegroup.it"
216.73.217.169 - - [04/Jun/2026:20:36:03 +0200] "GET /wp-content/plugins/complianz-gdpr/assets/js/complianz.min.js HTTP/2.0" 404 19219 "-" "Mozilla/5.0 AppleWebKit/537.36 (KHTML, like Gecko; compatible; ClaudeBot/1.0; +claudebot@anthropic.com)"
65.108.235.243 - - [04/Jun/2026:20:36:05 +0200] "GET /dichiarazione-sulla-privacy-ue/ HTTP/1.1" 200 21126 "-" "WP Fastest Cache Preload Bot"
65.108.235.243 - - [04/Jun/2026:20:36:05 +0200] "GET /imprint/ HTTP/1.1" 200 18628 "-" "WP Fastest Cache Preload Bot"
65.108.235.243 - - [04/Jun/2026:20:36:06 +0200] "GET /assistenza-whirlpool-rubiera/ HTTP/1.1" 200 24870 "-" "WP Fastest Cache Preload Bot"
65.108.235.243 - - [04/Jun/2026:20:36:06 +0200] "GET /assistenza-whirlpool-scandiano/ HTTP/1.1" 200 24787 "-" "WP Fastest Cache Preload Bot"
216.73.217.47 - - [04/Jun/2026:20:43:09 +0200] "GET /wp-content/plugins/header-footer-elementor/inc/widgets-css/frontend.css HTTP/2.0" 200 8711 "-" "Mozilla/5.0 AppleWebKit/537.36 (KHTML, like Gecko; compatible; ClaudeBot/1.0; +claudebot@anthropic.com)"
216.73.217.47 - - [04/Jun/2026:20:43:09 +0200] "GET /wp-includes/js/wp-util.min.js HTTP/2.0" 200 693 "-" "Mozilla/5.0 AppleWebKit/537.36 (KHTML, like Gecko; compatible; ClaudeBot/1.0; +claudebot@anthropic.com)"
216.73.217.151 - - [04/Jun/2026:20:43:37 +0200] "GET /wp-content/plugins/elementor/assets/lib/animations/animations.min.css HTTP/2.0" 200 2445 "-" "Mozilla/5.0 AppleWebKit/537.36 (KHTML, like Gecko; compatible; ClaudeBot/1.0; +claudebot@anthropic.com)"
216.73.217.47 - - [04/Jun/2026:20:45:03 +0200] "GET /wp-content/cache/wpfc-minified/kwp9n0f5/4laq4.css HTTP/2.0" 200 7263 "-" "Mozilla/5.0 AppleWebKit/537.36 (KHTML, like Gecko; compatible; ClaudeBot/1.0; +claudebot@anthropic.com)"
65.108.235.243 - - [04/Jun/2026:20:45:05 +0200] "POST /wp-cron.php?doing_wp_cron=1780598705.3304851055145263671875 HTTP/1.1" 200 1 "-" "WordPress/7.0; https://reggio-emilia.elettroservicegroup.it"
216.73.217.47 - - [04/Jun/2026:20:45:03 +0200] "GET /wp-content/plugins/elementor/assets/lib/swiper/swiper.min.js HTTP/2.0" 404 19216 "-" "Mozilla/5.0 AppleWebKit/537.36 (KHTML, like Gecko; compatible; ClaudeBot/1.0; +claudebot@anthropic.com)"
65.108.235.243 - - [04/Jun/2026:20:45:05 +0200] "GET /assistenza-whirlpool-santilario-denza/ HTTP/1.1" 200 24945 "-" "WP Fastest Cache Preload Bot"
65.108.235.243 - - [04/Jun/2026:20:45:06 +0200] "GET /assistenza-whirlpool-guastalla/ HTTP/1.1" 200 24888 "-" "WP Fastest Cache Preload Bot"
65.108.235.243 - - [04/Jun/2026:20:45:06 +0200] "GET /assistenza-whirlpool-correggio/ HTTP/1.1" 200 24913 "-" "WP Fastest Cache Preload Bot"
65.108.235.243 - - [04/Jun/2026:20:45:07 +0200] "GET /assistenza-whirlpool-reggio-emilia/ HTTP/1.1" 200 24872 "-" "WP Fastest Cache Preload Bot"
72.14.201.23 - - [04/Jun/2026:20:48:31 +0200] "GET /assistenza-bosch-reggio-emilia/ HTTP/2.0" 200 24883 "https://www.google.com/" "Mozilla/5.0 (Linux; Android 10; K) AppleWebKit/537.36 (KHTML, like Gecko) Chrome/148.0.0.0 Mobile Safari/537.36"
65.108.235.243 - - [04/Jun/2026:20:48:32 +0200] "POST /wp-cron.php?doing_wp_cron=1780598912.5358719825744628906250 HTTP/1.1" 200 1 "-" "WordPress/7.0; https://reggio-emilia.elettroservicegroup.it"
66.249.93.233 - - [04/Jun/2026:20:48:31 +0200] "GET /.well-known/traffic-advice HTTP/1.1" 404 17932 "-" "Chrome Privacy Preserving Prefetch Proxy"
65.108.235.243 - - [04/Jun/2026:20:48:32 +0200] "GET /assistenza-smeg-rubiera/ HTTP/1.1" 200 24812 "-" "WP Fastest Cache Preload Bot"
65.108.235.243 - - [04/Jun/2026:20:48:33 +0200] "GET /assistenza-smeg-scandiano/ HTTP/1.1" 200 24807 "-" "WP Fastest Cache Preload Bot"
65.108.235.243 - - [04/Jun/2026:20:48:33 +0200] "GET /assistenza-smeg-santilario-denza/ HTTP/1.1" 200 24869 "-" "WP Fastest Cache Preload Bot"
65.108.235.243 - - [04/Jun/2026:20:48:34 +0200] "GET /assistenza-smeg-guastalla/ HTTP/1.1" 200 24807 "-" "WP Fastest Cache Preload Bot"
74.125.151.200 - - [04/Jun/2026:20:49:55 +0200] "GET /wp-content/uploads/elementor/css/post-14146.css?ver=1780586498 HTTP/1.1" 200 428 "https://reggio-emilia.elettroservicegroup.it/assistenza-whirlpool-reggio-emilia/" "AdsBot-Google (+http://www.google.com/adsbot.html)"
74.125.151.201 - - [04/Jun/2026:20:49:55 +0200] "GET /wp-content/uploads/elementor/css/post-17840.css?ver=1780592811 HTTP/1.1" 200 2168 "https://reggio-emilia.elettroservicegroup.it/assistenza-whirlpool-reggio-emilia/" "AdsBot-Google (+http://www.google.com/adsbot.html)"
74.125.151.200 - - [04/Jun/2026:20:49:55 +0200] "GET /wp-content/uploads/elementor/css/post-14366.css?ver=1780586500 HTTP/1.1" 200 302 "https://reggio-emilia.elettroservicegroup.it/assistenza-whirlpool-reggio-emilia/" "AdsBot-Google (+http://www.google.com/adsbot.html)"
74.125.151.200 - - [04/Jun/2026:20:49:59 +0200] "GET /wp-content/plugins/elementor/assets/js/section-frontend-handlers.d85ab872da118940910d.bundle.min.js HTTP/1.1" 200 230 "https://reggio-emilia.elettroservicegroup.it/assistenza-whirlpool-reggio-emilia/" "AdsBot-Google (+http://www.google.com/adsbot.html)"
65.108.235.243 - - [04/Jun/2026:20:55:17 +0200] "GET /assistenza-smeg-correggio/ HTTP/1.1" 200 24809 "-" "WP Fastest Cache Preload Bot"
65.108.235.243 - - [04/Jun/2026:20:55:18 +0200] "GET /assistenza-smeg-reggio-emilia/ HTTP/1.1" 200 24806 "-" "WP Fastest Cache Preload Bot"
65.108.235.243 - - [04/Jun/2026:20:55:18 +0200] "GET /assistenza-siemens-rubiera/ HTTP/1.1" 200 24732 "-" "WP Fastest Cache Preload Bot"
65.108.235.243 - - [04/Jun/2026:20:55:19 +0200] "GET /assistenza-siemens-scandiano/ HTTP/1.1" 200 24736 "-" "WP Fastest Cache Preload Bot"
65.108.235.243 - - [04/Jun/2026:20:55:43 +0200] "POST /wp-cron.php?doing_wp_cron=1780599343.2257030010223388671875 HTTP/1.1" 200 1 "-" "WordPress/7.0; https://reggio-emilia.elettroservicegroup.it"
216.73.217.47 - - [04/Jun/2026:20:55:43 +0200] "GET /feed/?attachment_id=120 HTTP/2.0" 200 449 "-" "Mozilla/5.0 AppleWebKit/537.36 (KHTML, like Gecko; compatible; ClaudeBot/1.0; +claudebot@anthropic.com)"
65.108.235.243 - - [04/Jun/2026:20:59:05 +0200] "GET /assistenza-siemens-santilario-denza/ HTTP/1.1" 200 24759 "-" "WP Fastest Cache Preload Bot"
65.108.235.243 - - [04/Jun/2026:20:59:06 +0200] "GET /assistenza-siemens-guastalla/ HTTP/1.1" 200 24695 "-" "WP Fastest Cache Preload Bot"
65.108.235.243 - - [04/Jun/2026:20:59:07 +0200] "GET /assistenza-siemens-correggio/ HTTP/1.1" 200 24690 "-" "WP Fastest Cache Preload Bot"
65.108.235.243 - - [04/Jun/2026:20:59:10 +0200] "GET /assistenza-siemens-reggio-emilia/ HTTP/1.1" 200 24689 "-" "WP Fastest Cache Preload Bot"
216.73.217.47 - - [04/Jun/2026:20:59:32 +0200] "GET /wp-content/maintenance/assets/images/twitter.svg HTTP/2.0" 200 437 "-" "Mozilla/5.0 AppleWebKit/537.36 (KHTML, like Gecko; compatible; ClaudeBot/1.0; +claudebot@anthropic.com)"
54.165.169.15 - - [04/Jun/2026:21:01:51 +0200] "GET /assistenza-bosch-reggio-emilia/ HTTP/1.1" 200 11822 "-" "Mozilla/5.0 (Macintosh; Intel Mac OS X 10_10_1) AppleWebKit/600.2.5 (KHTML, like Gecko) Version/8.0.2 Safari/600.2.5 (Lanai)"
65.108.235.243 - - [04/Jun/2026:21:07:43 +0200] "GET /assistenza-rex-electrolux-rubiera/ HTTP/1.1" 200 24786 "-" "WP Fastest Cache Preload Bot"
65.108.235.243 - - [04/Jun/2026:21:07:44 +0200] "GET /assistenza-rex-electrolux-scandiano/ HTTP/1.1" 200 24788 "-" "WP Fastest Cache Preload Bot"
65.108.235.243 - - [04/Jun/2026:21:07:47 +0200] "GET /assistenza-rex-electrolux-santilario-denza/ HTTP/1.1" 200 24859 "-" "WP Fastest Cache Preload Bot"
65.108.235.243 - - [04/Jun/2026:21:07:48 +0200] "GET /assistenza-rex-electrolux-guastalla/ HTTP/1.1" 200 24786 "-" "WP Fastest Cache Preload Bot"
216.73.217.47 - - [04/Jun/2026:21:10:01 +0200] "GET /wp-content/cache/wpfc-minified/m8ydgnxm/4lapt.css HTTP/2.0" 200 4410 "-" "Mozilla/5.0 AppleWebKit/537.36 (KHTML, like Gecko; compatible; ClaudeBot/1.0; +claudebot@anthropic.com)"
216.73.217.47 - - [04/Jun/2026:21:11:53 +0200] "GET /wp-content/cache/wpfc-minified/l9m140dq/4lapt.css HTTP/2.0" 200 7521 "-" "Mozilla/5.0 AppleWebKit/537.36 (KHTML, like Gecko; compatible; ClaudeBot/1.0; +claudebot@anthropic.com)"
216.73.217.47 - - [04/Jun/2026:21:13:08 +0200] "GET /wp-content/plugins/webtoffee-gdpr-cookie-consent/public/css/cookie-law-info-table.css HTTP/2.0" 200 1616 "-" "Mozilla/5.0 AppleWebKit/537.36 (KHTML, like Gecko; compatible; ClaudeBot/1.0; +claudebot@anthropic.com)"
216.73.217.47 - - [04/Jun/2026:21:16:11 +0200] "GET /wp-content/cache/wpfc-minified/kqcp3zx3/4laq5.css HTTP/2.0" 200 16443 "-" "Mozilla/5.0 AppleWebKit/537.36 (KHTML, like Gecko; compatible; ClaudeBot/1.0; +claudebot@anthropic.com)"
65.108.235.243 - - [04/Jun/2026:21:18:54 +0200] "POST /wp-cron.php?doing_wp_cron=1780600734.6123790740966796875000 HTTP/1.1" 200 1 "-" "WordPress/7.0; https://reggio-emilia.elettroservicegroup.it"
74.125.151.200 - - [04/Jun/2026:21:18:52 +0200] "GET /assistenza-frigoriferi-reggio-emilia/ HTTP/1.1" 200 22929 "-" "Mozilla/5.0 (Linux; Android 6.0.1; Nexus 5X Build/MMB29P) AppleWebKit/537.36 (KHTML, like Gecko) Chrome/148.0.7778.96 Mobile Safari/537.36 (compatible; AdsBot-Google-Mobile; +http://www.google.com/mobile/adsbot.html)"
65.108.235.243 - - [04/Jun/2026:21:18:55 +0200] "GET /assistenza-rex-electrolux-correggio/ HTTP/1.1" 200 24786 "-" "WP Fastest Cache Preload Bot"
65.108.235.243 - - [04/Jun/2026:21:18:56 +0200] "GET /assistenza-rex-electrolux-reggio-emilia/ HTTP/1.1" 200 24781 "-" "WP Fastest Cache Preload Bot"
65.108.235.243 - - [04/Jun/2026:21:18:56 +0200] "GET /assistenza-miele-rubiera/ HTTP/1.1" 200 24708 "-" "WP Fastest Cache Preload Bot"
65.108.235.243 - - [04/Jun/2026:21:18:57 +0200] "GET /assistenza-miele-scandiano/ HTTP/1.1" 200 24707 "-" "WP Fastest Cache Preload Bot"
65.108.235.243 - - [04/Jun/2026:21:18:59 +0200] "POST /wp-admin/admin-ajax.php?action=wordfence_testAjax HTTP/1.1" 200 16 "-" "WordPress/7.0; https://reggio-emilia.elettroservicegroup.it"
65.108.235.243 - - [04/Jun/2026:21:19:00 +0200] "GET /wp-admin/admin-ajax.php?action=wordfence_doScan&isFork=0&scanMode=quick&cronKey=2665d02d319fc331d5a95a2d704f660c&signature=5f4dbe2a5578635e348caf7d9d17fda30863b375f9f198988c692115c64871db HTTP/1.1" 200 1 "-" "WordPress/7.0; https://reggio-emilia.elettroservicegroup.it"
65.108.235.243 - - [04/Jun/2026:21:33:07 +0200] "POST /wp-cron.php?doing_wp_cron=1780601587.0242869853973388671875 HTTP/1.1" 200 1 "-" "WordPress/7.0; https://reggio-emilia.elettroservicegroup.it"
87.17.117.254 - - [04/Jun/2026:21:33:05 +0200] "GET /assistenza-aeg-correggio/ HTTP/2.0" 200 24851 "https://www.google.com/" "Mozilla/5.0 (Android 16; Mobile; rv:151.0) Gecko/151.0 Firefox/151.0"
87.17.117.254 - - [04/Jun/2026:21:33:07 +0200] "GET /wp-content/plugins/header-footer-elementor/inc/widgets-css/frontend.css?ver=2.8.8 HTTP/2.0" 200 8711 "https://reggio-emilia.elettroservicegroup.it/assistenza-aeg-correggio/" "Mozilla/5.0 (Android 16; Mobile; rv:151.0) Gecko/151.0 Firefox/151.0"
87.17.117.254 - - [04/Jun/2026:21:33:07 +0200] "GET /wp-content/plugins/complianz-gdpr-premium/assets/css/cookieblocker.min.css?ver=1780326507 HTTP/2.0" 200 615 "https://reggio-emilia.elettroservicegroup.it/assistenza-aeg-correggio/" "Mozilla/5.0 (Android 16; Mobile; rv:151.0) Gecko/151.0 Firefox/151.0"
87.17.117.254 - - [04/Jun/2026:21:33:07 +0200] "GET /wp-content/plugins/all-in-one-seo-pack/dist/Lite/assets/css/table-of-contents/global.e90f6d47.css?ver=4.9.7.2 HTTP/2.0" 200 420 "https://reggio-emilia.elettroservicegroup.it/assistenza-aeg-correggio/" "Mozilla/5.0 (Android 16; Mobile; rv:151.0) Gecko/151.0 Firefox/151.0"
87.17.117.254 - - [04/Jun/2026:21:33:07 +0200] "GET /wp-content/plugins/header-footer-elementor/assets/css/header-footer-elementor.css?ver=2.8.8 HTTP/2.0" 200 260 "https://reggio-emilia.elettroservicegroup.it/assistenza-aeg-correggio/" "Mozilla/5.0 (Android 16; Mobile; rv:151.0) Gecko/151.0 Firefox/151.0"
87.17.117.254 - - [04/Jun/2026:21:33:07 +0200] "GET /wp-content/uploads/elementor/css/post-14146.css?ver=1780586498 HTTP/2.0" 200 428 "https://reggio-emilia.elettroservicegroup.it/assistenza-aeg-correggio/" "Mozilla/5.0 (Android 16; Mobile; rv:151.0) Gecko/151.0 Firefox/151.0"
87.17.117.254 - - [04/Jun/2026:21:33:07 +0200] "GET /wp-content/plugins/elementor/assets/css/frontend.min.css?ver=4.1.1 HTTP/2.0" 200 6618 "https://reggio-emilia.elettroservicegroup.it/assistenza-aeg-correggio/" "Mozilla/5.0 (Android 16; Mobile; rv:151.0) Gecko/151.0 Firefox/151.0"
87.17.117.254 - - [04/Jun/2026:21:33:07 +0200] "GET /wp-content/plugins/elementor/assets/lib/font-awesome/css/all.min.css?ver=4.1.1 HTTP/2.0" 200 12402 "https://reggio-emilia.elettroservicegroup.it/assistenza-aeg-correggio/" "Mozilla/5.0 (Android 16; Mobile; rv:151.0) Gecko/151.0 Firefox/151.0"
87.17.117.254 - - [04/Jun/2026:21:33:07 +0200] "GET /wp-content/plugins/elementor/assets/css/widget-heading.min.css?ver=4.1.1 HTTP/2.0" 200 127 "https://reggio-emilia.elettroservicegroup.it/assistenza-aeg-correggio/" "Mozilla/5.0 (Android 16; Mobile; rv:151.0) Gecko/151.0 Firefox/151.0"
87.17.117.254 - - [04/Jun/2026:21:33:07 +0200] "GET /wp-content/plugins/elementor/assets/css/widget-spacer.min.css?ver=4.1.1 HTTP/2.0" 200 287 "https://reggio-emilia.elettroservicegroup.it/assistenza-aeg-correggio/" "Mozilla/5.0 (Android 16; Mobile; rv:151.0) Gecko/151.0 Firefox/151.0"
87.17.117.254 - - [04/Jun/2026:21:33:07 +0200] "GET /wp-content/plugins/elementor/assets/lib/font-awesome/css/v4-shims.min.css?ver=4.1.1 HTTP/2.0" 200 3986 "https://reggio-emilia.elettroservicegroup.it/assistenza-aeg-correggio/" "Mozilla/5.0 (Android 16; Mobile; rv:151.0) Gecko/151.0 Firefox/151.0"
87.17.117.254 - - [04/Jun/2026:21:33:07 +0200] "GET /wp-content/plugins/elementor/assets/lib/animations/styles/bounceIn.min.css?ver=4.1.1 HTTP/2.0" 200 186 "https://reggio-emilia.elettroservicegroup.it/assistenza-aeg-correggio/" "Mozilla/5.0 (Android 16; Mobile; rv:151.0) Gecko/151.0 Firefox/151.0"
87.17.117.254 - - [04/Jun/2026:21:33:07 +0200] "GET /wp-content/plugins/elementor/assets/lib/animations/styles/zoomIn.min.css?ver=4.1.1 HTTP/2.0" 200 87 "https://reggio-emilia.elettroservicegroup.it/assistenza-aeg-correggio/" "Mozilla/5.0 (Android 16; Mobile; rv:151.0) Gecko/151.0 Firefox/151.0"
87.17.117.254 - - [04/Jun/2026:21:33:07 +0200] "GET /wp-content/plugins/elementor/assets/css/widget-image.min.css?ver=4.1.1 HTTP/2.0" 200 96 "https://reggio-emilia.elettroservicegroup.it/assistenza-aeg-correggio/" "Mozilla/5.0 (Android 16; Mobile; rv:151.0) Gecko/151.0 Firefox/151.0"
87.17.117.254 - - [04/Jun/2026:21:33:07 +0200] "GET /wp-content/uploads/elementor/css/post-14366.css?ver=1780586500 HTTP/2.0" 200 302 "https://reggio-emilia.elettroservicegroup.it/assistenza-aeg-correggio/" "Mozilla/5.0 (Android 16; Mobile; rv:151.0) Gecko/151.0 Firefox/151.0"
87.17.117.254 - - [04/Jun/2026:21:33:07 +0200] "GET /wp-content/plugins/elementor/assets/lib/font-awesome/css/solid.css?ver=5.15.3 HTTP/2.0" 200 299 "https://reggio-emilia.elettroservicegroup.it/assistenza-aeg-correggio/" "Mozilla/5.0 (Android 16; Mobile; rv:151.0) Gecko/151.0 Firefox/151.0"
87.17.117.254 - - [04/Jun/2026:21:33:07 +0200] "GET /wp-content/plugins/gp-premium/menu-plus/functions/css/navigation-branding-flex.min.css?ver=2.5.5 HTTP/2.0" 200 542 "https://reggio-emilia.elettroservicegroup.it/assistenza-aeg-correggio/" "Mozilla/5.0 (Android 16; Mobile; rv:151.0) Gecko/151.0 Firefox/151.0"
87.17.117.254 - - [04/Jun/2026:21:33:07 +0200] "GET /wp-content/uploads/2021/10/cropped-cropped-cropped-logo_white_background.png HTTP/2.0" 200 26788 "https://reggio-emilia.elettroservicegroup.it/assistenza-aeg-correggio/" "Mozilla/5.0 (Android 16; Mobile; rv:151.0) Gecko/151.0 Firefox/151.0"
87.17.117.254 - - [04/Jun/2026:21:33:07 +0200] "GET /wp-content/uploads/elementor/css/post-17691.css?ver=1780594427 HTTP/2.0" 200 2181 "https://reggio-emilia.elettroservicegroup.it/assistenza-aeg-correggio/" "Mozilla/5.0 (Android 16; Mobile; rv:151.0) Gecko/151.0 Firefox/151.0"
87.17.117.254 - - [04/Jun/2026:21:33:07 +0200] "GET /wp-content/themes/generatepress/assets/css/main.min.css?ver=3.6.1 HTTP/2.0" 200 4410 "https://reggio-emilia.elettroservicegroup.it/assistenza-aeg-correggio/" "Mozilla/5.0 (Android 16; Mobile; rv:151.0) Gecko/151.0 Firefox/151.0"
87.17.117.254 - - [04/Jun/2026:21:33:07 +0200] "GET /wp-content/plugins/elementor/assets/css/widget-icon-list.min.css?ver=3.24.3 HTTP/2.0" 200 928 "https://reggio-emilia.elettroservicegroup.it/assistenza-aeg-correggio/" "Mozilla/5.0 (Android 16; Mobile; rv:151.0) Gecko/151.0 Firefox/151.0"
87.17.117.254 - - [04/Jun/2026:21:33:07 +0200] "GET /wp-content/plugins/elementor/assets/css/widget-social-icons.min.css?ver=3.24.0 HTTP/2.0" 200 1039 "https://reggio-emilia.elettroservicegroup.it/assistenza-aeg-correggio/" "Mozilla/5.0 (Android 16; Mobile; rv:151.0) Gecko/151.0 Firefox/151.0"
87.17.117.254 - - [04/Jun/2026:21:33:07 +0200] "GET /wp-content/plugins/elementor/assets/lib/font-awesome/css/brands.css?ver=5.15.3 HTTP/2.0" 200 298 "https://reggio-emilia.elettroservicegroup.it/assistenza-aeg-correggio/" "Mozilla/5.0 (Android 16; Mobile; rv:151.0) Gecko/151.0 Firefox/151.0"
87.17.117.254 - - [04/Jun/2026:21:33:07 +0200] "GET /wp-content/uploads/elementor/google-fonts/css/robotoslab.css?ver=1742255003 HTTP/2.0" 200 721 "https://reggio-emilia.elettroservicegroup.it/assistenza-aeg-correggio/" "Mozilla/5.0 (Android 16; Mobile; rv:151.0) Gecko/151.0 Firefox/151.0"
87.17.117.254 - - [04/Jun/2026:21:33:07 +0200] "GET /wp-includes/js/jquery/jquery-migrate.min.js?ver=3.4.1 HTTP/2.0" 200 4685 "https://reggio-emilia.elettroservicegroup.it/assistenza-aeg-correggio/" "Mozilla/5.0 (Android 16; Mobile; rv:151.0) Gecko/151.0 Firefox/151.0"
87.17.117.254 - - [04/Jun/2026:21:33:07 +0200] "GET /wp-content/plugins/google-analytics-for-wordpress/assets/js/frontend-gtag.min.js?ver=10.2.2 HTTP/2.0" 200 3075 "https://reggio-emilia.elettroservicegroup.it/assistenza-aeg-correggio/" "Mozilla/5.0 (Android 16; Mobile; rv:151.0) Gecko/151.0 Firefox/151.0"
87.17.117.254 - - [04/Jun/2026:21:33:07 +0200] "GET /wp-content/plugins/gp-premium/menu-plus/functions/js/sticky.min.js?ver=2.5.5 HTTP/2.0" 200 2670 "https://reggio-emilia.elettroservicegroup.it/assistenza-aeg-correggio/" "Mozilla/5.0 (Android 16; Mobile; rv:151.0) Gecko/151.0 Firefox/151.0"
87.17.117.254 - - [04/Jun/2026:21:33:07 +0200] "GET /wp-content/plugins/elementor/assets/js/webpack.runtime.min.js?ver=4.1.1 HTTP/2.0" 200 2340 "https://reggio-emilia.elettroservicegroup.it/assistenza-aeg-correggio/" "Mozilla/5.0 (Android 16; Mobile; rv:151.0) Gecko/151.0 Firefox/151.0"
87.17.117.254 - - [04/Jun/2026:21:33:07 +0200] "GET /wp-content/plugins/elementor/assets/lib/eicons/css/elementor-icons.min.css?ver=5.34.0 HTTP/2.0" 200 4115 "https://reggio-emilia.elettroservicegroup.it/assistenza-aeg-correggio/" "Mozilla/5.0 (Android 16; Mobile; rv:151.0) Gecko/151.0 Firefox/151.0"
87.17.117.254 - - [04/Jun/2026:21:33:07 +0200] "GET /wp-content/uploads/elementor/google-fonts/css/roboto.css?ver=1742255001 HTTP/2.0" 200 1890 "https://reggio-emilia.elettroservicegroup.it/assistenza-aeg-correggio/" "Mozilla/5.0 (Android 16; Mobile; rv:151.0) Gecko/151.0 Firefox/151.0"
87.17.117.254 - - [04/Jun/2026:21:33:07 +0200] "GET /wp-content/plugins/elementor/assets/lib/font-awesome/js/v4-shims.min.js?ver=4.1.1 HTTP/2.0" 200 4043 "https://reggio-emilia.elettroservicegroup.it/assistenza-aeg-correggio/" "Mozilla/5.0 (Android 16; Mobile; rv:151.0) Gecko/151.0 Firefox/151.0"
87.17.117.254 - - [04/Jun/2026:21:33:07 +0200] "GET /wp-content/themes/generatepress/assets/js/back-to-top.min.js?ver=3.6.1 HTTP/2.0" 200 336 "https://reggio-emilia.elettroservicegroup.it/assistenza-aeg-correggio/" "Mozilla/5.0 (Android 16; Mobile; rv:151.0) Gecko/151.0 Firefox/151.0"
87.17.117.254 - - [04/Jun/2026:21:33:07 +0200] "GET /wp-content/uploads/2021/10/cropped-logo_white_background.png HTTP/2.0" 200 15855 "https://reggio-emilia.elettroservicegroup.it/assistenza-aeg-correggio/" "Mozilla/5.0 (Android 16; Mobile; rv:151.0) Gecko/151.0 Firefox/151.0"
87.17.117.254 - - [04/Jun/2026:21:33:07 +0200] "GET /wp-includes/js/jquery/ui/core.min.js?ver=1.13.3 HTTP/2.0" 200 6820 "https://reggio-emilia.elettroservicegroup.it/assistenza-aeg-correggio/" "Mozilla/5.0 (Android 16; Mobile; rv:151.0) Gecko/151.0 Firefox/151.0"
87.17.117.254 - - [04/Jun/2026:21:33:07 +0200] "GET /wp-content/themes/generatepress/assets/js/menu.min.js?ver=3.6.1 HTTP/2.0" 200 1688 "https://reggio-emilia.elettroservicegroup.it/assistenza-aeg-correggio/" "Mozilla/5.0 (Android 16; Mobile; rv:151.0) Gecko/151.0 Firefox/151.0"
87.17.117.254 - - [04/Jun/2026:21:33:07 +0200] "GET /wp-content/plugins/elementor/assets/lib/font-awesome/css/fontawesome.css?ver=5.15.3 HTTP/2.0" 200 12535 "https://reggio-emilia.elettroservicegroup.it/assistenza-aeg-correggio/" "Mozilla/5.0 (Android 16; Mobile; rv:151.0) Gecko/151.0 Firefox/151.0"
87.17.117.254 - - [04/Jun/2026:21:33:07 +0200] "GET /wp-content/plugins/elementor/assets/js/frontend-modules.min.js?ver=4.1.1 HTTP/2.0" 200 15454 "https://reggio-emilia.elettroservicegroup.it/assistenza-aeg-correggio/" "Mozilla/5.0 (Android 16; Mobile; rv:151.0) Gecko/151.0 Firefox/151.0"
87.17.117.254 - - [04/Jun/2026:21:33:07 +0200] "GET /wp-content/plugins/complianz-gdpr-premium/cookiebanner/js/complianz.min.js?ver=1780326507 HTTP/2.0" 200 10708 "https://reggio-emilia.elettroservicegroup.it/assistenza-aeg-correggio/" "Mozilla/5.0 (Android 16; Mobile; rv:151.0) Gecko/151.0 Firefox/151.0"
87.17.117.254 - - [04/Jun/2026:21:33:07 +0200] "GET /wp-content/plugins/elementor/assets/js/frontend.min.js?ver=4.1.1 HTTP/2.0" 200 10140 "https://reggio-emilia.elettroservicegroup.it/assistenza-aeg-correggio/" "Mozilla/5.0 (Android 16; Mobile; rv:151.0) Gecko/151.0 Firefox/151.0"
87.17.117.254 - - [04/Jun/2026:21:33:07 +0200] "GET /wp-includes/js/jquery/jquery.min.js?ver=3.7.1 HTTP/2.0" 200 29769 "https://reggio-emilia.elettroservicegroup.it/assistenza-aeg-correggio/" "Mozilla/5.0 (Android 16; Mobile; rv:151.0) Gecko/151.0 Firefox/151.0"
87.17.117.254 - - [04/Jun/2026:21:33:07 +0200] "GET /wp-content/uploads/elementor/google-fonts/fonts/roboto-kfo7cnqeu92fr1me7ksn66agldtyluama3yuba.woff2 HTTP/2.0" 200 40128 "https://reggio-emilia.elettroservicegroup.it/wp-content/uploads/elementor/google-fonts/css/roboto.css?ver=1742255001" "Mozilla/5.0 (Android 16; Mobile; rv:151.0) Gecko/151.0 Firefox/151.0"
87.17.117.254 - - [04/Jun/2026:21:33:07 +0200] "GET /wp-content/plugins/elementor/assets/js/section-frontend-handlers.d85ab872da118940910d.bundle.min.js HTTP/2.0" 200 230 "https://reggio-emilia.elettroservicegroup.it/assistenza-aeg-correggio/" "Mozilla/5.0 (Android 16; Mobile; rv:151.0) Gecko/151.0 Firefox/151.0"
87.17.117.254 - - [04/Jun/2026:21:33:07 +0200] "GET /wp-content/plugins/elementor/assets/js/shared-frontend-handlers.03caa53373b56d3bab67.bundle.min.js HTTP/2.0" 200 2515 "https://reggio-emilia.elettroservicegroup.it/assistenza-aeg-correggio/" "Mozilla/5.0 (Android 16; Mobile; rv:151.0) Gecko/151.0 Firefox/151.0"
87.17.117.254 - - [04/Jun/2026:21:33:07 +0200] "GET /wp-content/plugins/elementor/assets/js/text-editor.45609661e409413f1cef.bundle.min.js HTTP/2.0" 200 592 "https://reggio-emilia.elettroservicegroup.it/assistenza-aeg-correggio/" "Mozilla/5.0 (Android 16; Mobile; rv:151.0) Gecko/151.0 Firefox/151.0"
87.17.117.254 - - [04/Jun/2026:21:33:07 +0200] "GET /wp-content/uploads/2021/10/cropped-cropped-cropped-cropped-logo_white_background-180x180.png HTTP/2.0" 200 16527 "-" "Mozilla/5.0 (Android 16; Mobile; rv:151.0) Gecko/151.0 Firefox/151.0"
87.17.117.254 - - [04/Jun/2026:21:33:07 +0200] "GET /wp-json/complianz/v1/banner?lang=it&locale=it_IT&token=wqbgs HTTP/2.0" 200 - "https://reggio-emilia.elettroservicegroup.it/assistenza-aeg-correggio/" "Mozilla/5.0 (Android 16; Mobile; rv:151.0) Gecko/151.0 Firefox/151.0"
87.17.117.254 - - [04/Jun/2026:21:33:08 +0200] "POST /wp-json/complianz/v1/track HTTP/2.0" 404 - "https://reggio-emilia.elettroservicegroup.it/assistenza-aeg-correggio/" "Mozilla/5.0 (Android 16; Mobile; rv:151.0) Gecko/151.0 Firefox/151.0"
87.17.117.254 - - [04/Jun/2026:21:33:08 +0200] "GET /assistenza-aeg-correggio/ HTTP/2.0" 200 24851 "https://www.google.com/" "Mozilla/5.0 (Android 16; Mobile; rv:151.0) Gecko/151.0 Firefox/151.0"
87.17.117.254 - - [04/Jun/2026:21:33:11 +0200] "GET /wp-json/complianz/v1/banner?lang=it&locale=it_IT&token=vykhz HTTP/2.0" 200 84 "https://reggio-emilia.elettroservicegroup.it/assistenza-aeg-correggio/" "Mozilla/5.0 (Android 16; Mobile; rv:151.0) Gecko/151.0 Firefox/151.0"
65.108.235.243 - - [04/Jun/2026:21:33:07 +0200] "GET /assistenza-miele-santilario-denza/ HTTP/1.1" 200 24817 "-" "WP Fastest Cache Preload Bot"
87.17.117.254 - - [04/Jun/2026:21:33:12 +0200] "POST /wp-json/complianz/v1/track HTTP/2.0" 200 20 "https://reggio-emilia.elettroservicegroup.it/assistenza-aeg-correggio/" "Mozilla/5.0 (Android 16; Mobile; rv:151.0) Gecko/151.0 Firefox/151.0"
65.108.235.243 - - [04/Jun/2026:21:33:12 +0200] "GET /assistenza-miele-guastalla/ HTTP/1.1" 200 24753 "-" "WP Fastest Cache Preload Bot"
65.108.235.243 - - [04/Jun/2026:21:33:16 +0200] "GET /assistenza-miele-correggio/ HTTP/1.1" 200 24753 "-" "WP Fastest Cache Preload Bot"
65.108.235.243 - - [04/Jun/2026:21:33:17 +0200] "GET /assistenza-miele-reggio-emilia/ HTTP/1.1" 200 24745 "-" "WP Fastest Cache Preload Bot"
65.108.235.243 - - [04/Jun/2026:21:33:39 +0200] "POST /wp-cron.php?doing_wp_cron=1780601619.7372779846191406250000 HTTP/1.1" 200 1 "-" "WordPress/7.0; https://reggio-emilia.elettroservicegroup.it"
193.186.4.21 - - [04/Jun/2026:21:33:36 +0200] "GET /assistenza-lavatrici-aeg-correggio/ HTTP/2.0" 200 25020 "https://www.google.com/" "Mozilla/5.0 (Linux; Android 10; K) AppleWebKit/537.36 (KHTML, like Gecko) Chrome/148.0.0.0 Mobile Safari/537.36"
87.17.117.254 - - [04/Jun/2026:21:33:48 +0200] "GET /wp-content/uploads/2022/01/ASCIUGATRICE-TECNIC.jpg HTTP/2.0" 200 43278 "https://reggio-emilia.elettroservicegroup.it/assistenza-aeg-correggio/" "Mozilla/5.0 (Android 16; Mobile; rv:151.0) Gecko/151.0 Firefox/151.0"
87.17.117.254 - - [04/Jun/2026:21:33:55 +0200] "GET /wp-content/uploads/2026/05/logo.png HTTP/2.0" 200 48185 "https://reggio-emilia.elettroservicegroup.it/assistenza-aeg-correggio/" "Mozilla/5.0 (Android 16; Mobile; rv:151.0) Gecko/151.0 Firefox/151.0"
87.17.117.254 - - [04/Jun/2026:21:34:01 +0200] "GET /wp-content/plugins/complianz-gdpr-premium/assets/images/placeholders/google-maps-minimal-1280x920.jpg HTTP/2.0" 200 55264 "https://reggio-emilia.elettroservicegroup.it/assistenza-aeg-correggio/" "Mozilla/5.0 (Android 16; Mobile; rv:151.0) Gecko/151.0 Firefox/151.0"
193.186.4.20 - - [04/Jun/2026:21:34:18 +0200] "GET /assistenza-aeg-correggio/ HTTP/2.0" 200 11796 "https://www.google.com/" "Mozilla/5.0 (Linux; Android 10; K) AppleWebKit/537.36 (KHTML, like Gecko) Chrome/148.0.0.0 Mobile Safari/537.36"
87.17.117.254 - - [04/Jun/2026:21:34:23 +0200] "GET /z0f76a1d14fd21a8fb5fd0d03e0fdc3d3cedae52f?wsidchk=12936044&pdata=https%253A%252F%252Freggio-emilia.elettroservicegroup.it%252Fassistenza-aeg-correggio%252F&id=7fa3b767c460b54a2be4d49030b349c7&ts=1780601658 HTTP/2.0" 302 269 "https://reggio-emilia.elettroservicegroup.it/assistenza-aeg-correggio/" "Mozilla/5.0 (Linux; Android 10; K) AppleWebKit/537.36 (KHTML, like Gecko) Chrome/148.0.0.0 Mobile Safari/537.36"
65.108.235.243 - - [04/Jun/2026:21:34:29 +0200] "POST /wp-cron.php?doing_wp_cron=1780601669.6656289100646972656250 HTTP/1.1" 200 1 "-" "WordPress/7.0; https://reggio-emilia.elettroservicegroup.it"
87.17.117.254 - - [04/Jun/2026:21:34:23 +0200] "GET / HTTP/2.0" 200 - "https://reggio-emilia.elettroservicegroup.it/assistenza-aeg-correggio/" "Mozilla/5.0 (Linux; Android 10; K) AppleWebKit/537.36 (KHTML, like Gecko) Chrome/148.0.0.0 Mobile Safari/537.36"
87.17.117.254 - - [04/Jun/2026:21:34:27 +0200] "GET /assistenza-aeg-correggio/ HTTP/2.0" 200 24851 "https://reggio-emilia.elettroservicegroup.it/assistenza-aeg-correggio/" "Mozilla/5.0 (Linux; Android 10; K) AppleWebKit/537.36 (KHTML, like Gecko) Chrome/148.0.0.0 Mobile Safari/537.36"
87.17.117.254 - - [04/Jun/2026:21:34:34 +0200] "GET /assistenza-aeg-correggio/ HTTP/2.0" 200 24851 "https://www.google.com/" "Mozilla/5.0 (Linux; Android 10; K) AppleWebKit/537.36 (KHTML, like Gecko) Chrome/148.0.0.0 Mobile Safari/537.36"
