74.125.151.201 - - [04/Jun/2026:15:59:29 +0200] "GET /wp-content/plugins/header-footer-elementor/inc/widgets-css/frontend.css?ver=2.8.8 HTTP/1.1" 200 8711 "https://reggio-emilia.elettroservicegroup.it/assistenza-bosch-guastalla/" "AdsBot-Google (+http://www.google.com/adsbot.html)"
74.125.151.200 - - [04/Jun/2026:15:59:30 +0200] "GET /wp-content/uploads/elementor/css/post-14146.css?ver=1780326512 HTTP/1.1" 200 428 "https://reggio-emilia.elettroservicegroup.it/assistenza-bosch-guastalla/" "AdsBot-Google (+http://www.google.com/adsbot.html)"
74.125.151.200 - - [04/Jun/2026:15:59:30 +0200] "GET /wp-content/themes/generatepress/assets/css/main.min.css?ver=3.6.1 HTTP/1.1" 200 4410 "https://reggio-emilia.elettroservicegroup.it/assistenza-bosch-guastalla/" "AdsBot-Google (+http://www.google.com/adsbot.html)"
74.125.151.199 - - [04/Jun/2026:15:59:31 +0200] "GET /wp-content/plugins/elementor/assets/lib/eicons/css/elementor-icons.min.css?ver=5.34.0 HTTP/1.1" 200 4115 "https://reggio-emilia.elettroservicegroup.it/assistenza-bosch-guastalla/" "AdsBot-Google (+http://www.google.com/adsbot.html)"
74.125.151.199 - - [04/Jun/2026:15:59:32 +0200] "GET /wp-content/plugins/all-in-one-seo-pack/dist/Lite/assets/css/table-of-contents/global.e90f6d47.css?ver=4.9.7.2 HTTP/1.1" 200 420 "https://reggio-emilia.elettroservicegroup.it/assistenza-bosch-guastalla/" "AdsBot-Google (+http://www.google.com/adsbot.html)"
74.125.151.199 - - [04/Jun/2026:15:59:32 +0200] "GET /wp-content/plugins/elementor/assets/lib/animations/styles/bounceIn.min.css?ver=4.1.1 HTTP/1.1" 200 186 "https://reggio-emilia.elettroservicegroup.it/assistenza-bosch-guastalla/" "AdsBot-Google (+http://www.google.com/adsbot.html)"
74.125.151.199 - - [04/Jun/2026:15:59:33 +0200] "GET /wp-content/uploads/elementor/google-fonts/css/roboto.css?ver=1742255001 HTTP/1.1" 200 1890 "https://reggio-emilia.elettroservicegroup.it/assistenza-bosch-guastalla/" "AdsBot-Google (+http://www.google.com/adsbot.html)"
74.125.151.199 - - [04/Jun/2026:15:59:33 +0200] "GET /wp-includes/js/jquery/jquery.min.js?ver=3.7.1 HTTP/1.1" 200 29769 "https://reggio-emilia.elettroservicegroup.it/assistenza-bosch-guastalla/" "AdsBot-Google (+http://www.google.com/adsbot.html)"
74.125.151.199 - - [04/Jun/2026:15:59:34 +0200] "GET /wp-content/plugins/elementor/assets/lib/font-awesome/css/v4-shims.min.css?ver=4.1.1 HTTP/1.1" 200 3986 "https://reggio-emilia.elettroservicegroup.it/assistenza-bosch-guastalla/" "AdsBot-Google (+http://www.google.com/adsbot.html)"
74.125.151.199 - - [04/Jun/2026:15:59:34 +0200] "GET /wp-content/plugins/header-footer-elementor/assets/css/header-footer-elementor.css?ver=2.8.8 HTTP/1.1" 200 260 "https://reggio-emilia.elettroservicegroup.it/assistenza-bosch-guastalla/" "AdsBot-Google (+http://www.google.com/adsbot.html)"
74.125.151.199 - - [04/Jun/2026:15:59:35 +0200] "GET /wp-content/plugins/elementor/assets/css/widget-spacer.min.css?ver=4.1.1 HTTP/1.1" 200 287 "https://reggio-emilia.elettroservicegroup.it/assistenza-bosch-guastalla/" "AdsBot-Google (+http://www.google.com/adsbot.html)"
74.125.151.199 - - [04/Jun/2026:15:59:35 +0200] "GET /wp-content/plugins/complianz-gdpr-premium/assets/css/cookieblocker.min.css?ver=1780326507 HTTP/1.1" 200 615 "https://reggio-emilia.elettroservicegroup.it/assistenza-bosch-guastalla/" "AdsBot-Google (+http://www.google.com/adsbot.html)"
74.125.151.199 - - [04/Jun/2026:15:59:36 +0200] "GET /wp-content/plugins/elementor/assets/lib/font-awesome/css/brands.css?ver=5.15.3 HTTP/1.1" 200 298 "https://reggio-emilia.elettroservicegroup.it/assistenza-bosch-guastalla/" "AdsBot-Google (+http://www.google.com/adsbot.html)"
74.125.151.199 - - [04/Jun/2026:15:59:36 +0200] "GET /wp-content/plugins/elementor/assets/lib/font-awesome/css/fontawesome.css?ver=5.15.3 HTTP/1.1" 200 12535 "https://reggio-emilia.elettroservicegroup.it/assistenza-bosch-guastalla/" "AdsBot-Google (+http://www.google.com/adsbot.html)"
74.125.151.199 - - [04/Jun/2026:15:59:37 +0200] "GET /wp-content/plugins/elementor/assets/js/webpack.runtime.min.js?ver=4.1.1 HTTP/1.1" 200 2340 "https://reggio-emilia.elettroservicegroup.it/assistenza-bosch-guastalla/" "AdsBot-Google (+http://www.google.com/adsbot.html)"
74.125.151.199 - - [04/Jun/2026:15:59:37 +0200] "GET /wp-content/plugins/elementor/assets/css/widget-image.min.css?ver=4.1.1 HTTP/1.1" 200 96 "https://reggio-emilia.elettroservicegroup.it/assistenza-bosch-guastalla/" "AdsBot-Google (+http://www.google.com/adsbot.html)"
74.125.151.199 - - [04/Jun/2026:15:59:38 +0200] "GET /wp-content/plugins/elementor/assets/lib/font-awesome/css/solid.css?ver=5.15.3 HTTP/1.1" 200 299 "https://reggio-emilia.elettroservicegroup.it/assistenza-bosch-guastalla/" "AdsBot-Google (+http://www.google.com/adsbot.html)"
74.125.151.199 - - [04/Jun/2026:15:59:38 +0200] "GET /wp-content/plugins/elementor/assets/css/widget-icon-list.min.css?ver=3.24.3 HTTP/1.1" 200 928 "https://reggio-emilia.elettroservicegroup.it/assistenza-bosch-guastalla/" "AdsBot-Google (+http://www.google.com/adsbot.html)"
74.125.151.199 - - [04/Jun/2026:15:59:38 +0200] "GET /wp-content/uploads/elementor/google-fonts/css/robotoslab.css?ver=1742255003 HTTP/1.1" 200 721 "https://reggio-emilia.elettroservicegroup.it/assistenza-bosch-guastalla/" "AdsBot-Google (+http://www.google.com/adsbot.html)"
74.125.151.199 - - [04/Jun/2026:15:59:39 +0200] "GET /wp-content/plugins/gp-premium/menu-plus/functions/css/navigation-branding-flex.min.css?ver=2.5.5 HTTP/1.1" 200 542 "https://reggio-emilia.elettroservicegroup.it/assistenza-bosch-guastalla/" "AdsBot-Google (+http://www.google.com/adsbot.html)"
74.125.151.199 - - [04/Jun/2026:15:59:39 +0200] "GET /wp-content/plugins/elementor/assets/lib/animations/styles/zoomIn.min.css?ver=4.1.1 HTTP/1.1" 200 87 "https://reggio-emilia.elettroservicegroup.it/assistenza-bosch-guastalla/" "AdsBot-Google (+http://www.google.com/adsbot.html)"
74.125.151.199 - - [04/Jun/2026:15:59:39 +0200] "GET /wp-content/plugins/elementor/assets/css/widget-heading.min.css?ver=4.1.1 HTTP/1.1" 200 127 "https://reggio-emilia.elettroservicegroup.it/assistenza-bosch-guastalla/" "AdsBot-Google (+http://www.google.com/adsbot.html)"
74.125.151.199 - - [04/Jun/2026:15:59:40 +0200] "GET /wp-content/plugins/elementor/assets/css/widget-social-icons.min.css?ver=3.24.0 HTTP/1.1" 200 1039 "https://reggio-emilia.elettroservicegroup.it/assistenza-bosch-guastalla/" "AdsBot-Google (+http://www.google.com/adsbot.html)"
74.125.151.199 - - [04/Jun/2026:15:59:40 +0200] "GET /wp-content/uploads/elementor/css/post-14366.css?ver=1780326512 HTTP/1.1" 200 302 "https://reggio-emilia.elettroservicegroup.it/assistenza-bosch-guastalla/" "AdsBot-Google (+http://www.google.com/adsbot.html)"
74.125.151.199 - - [04/Jun/2026:15:59:41 +0200] "GET /wp-content/plugins/gp-premium/menu-plus/functions/js/sticky.min.js?ver=2.5.5 HTTP/1.1" 200 2670 "https://reggio-emilia.elettroservicegroup.it/assistenza-bosch-guastalla/" "AdsBot-Google (+http://www.google.com/adsbot.html)"
74.125.151.199 - - [04/Jun/2026:15:59:41 +0200] "GET /wp-includes/js/jquery/jquery-migrate.min.js?ver=3.4.1 HTTP/1.1" 200 4685 "https://reggio-emilia.elettroservicegroup.it/assistenza-bosch-guastalla/" "AdsBot-Google (+http://www.google.com/adsbot.html)"
74.125.151.199 - - [04/Jun/2026:15:59:41 +0200] "GET /wp-content/plugins/elementor/assets/js/frontend-modules.min.js?ver=4.1.1 HTTP/1.1" 200 15454 "https://reggio-emilia.elettroservicegroup.it/assistenza-bosch-guastalla/" "AdsBot-Google (+http://www.google.com/adsbot.html)"
74.125.151.199 - - [04/Jun/2026:15:59:42 +0200] "GET /wp-content/plugins/elementor/assets/js/frontend.min.js?ver=4.1.1 HTTP/1.1" 200 10140 "https://reggio-emilia.elettroservicegroup.it/assistenza-bosch-guastalla/" "AdsBot-Google (+http://www.google.com/adsbot.html)"
74.125.151.199 - - [04/Jun/2026:15:59:43 +0200] "GET /wp-content/themes/generatepress/assets/js/menu.min.js?ver=3.6.1 HTTP/1.1" 200 1688 "https://reggio-emilia.elettroservicegroup.it/assistenza-bosch-guastalla/" "AdsBot-Google (+http://www.google.com/adsbot.html)"
74.125.151.199 - - [04/Jun/2026:15:59:43 +0200] "GET /wp-includes/js/jquery/ui/core.min.js?ver=1.13.3 HTTP/1.1" 200 6820 "https://reggio-emilia.elettroservicegroup.it/assistenza-bosch-guastalla/" "AdsBot-Google (+http://www.google.com/adsbot.html)"
74.125.151.199 - - [04/Jun/2026:15:59:43 +0200] "GET /wp-content/themes/generatepress/assets/js/back-to-top.min.js?ver=3.6.1 HTTP/1.1" 200 336 "https://reggio-emilia.elettroservicegroup.it/assistenza-bosch-guastalla/" "AdsBot-Google (+http://www.google.com/adsbot.html)"
74.125.151.199 - - [04/Jun/2026:15:59:44 +0200] "GET /wp-content/plugins/google-analytics-for-wordpress/assets/js/frontend-gtag.min.js?ver=10.2.2 HTTP/1.1" 200 3075 "https://reggio-emilia.elettroservicegroup.it/assistenza-bosch-guastalla/" "AdsBot-Google (+http://www.google.com/adsbot.html)"
74.125.151.199 - - [04/Jun/2026:15:59:44 +0200] "GET /wp-content/plugins/complianz-gdpr-premium/cookiebanner/js/complianz.min.js?ver=1780326507 HTTP/1.1" 200 10708 "https://reggio-emilia.elettroservicegroup.it/assistenza-bosch-guastalla/" "AdsBot-Google (+http://www.google.com/adsbot.html)"
74.125.151.199 - - [04/Jun/2026:15:59:49 +0200] "GET /wp-content/uploads/elementor/google-fonts/fonts/roboto-kfo7cnqeu92fr1me7ksn66agldtyluama3yuba.woff2 HTTP/1.1" 200 40132 "https://reggio-emilia.elettroservicegroup.it/wp-content/uploads/elementor/google-fonts/css/roboto.css?ver=1742255001" "AdsBot-Google (+http://www.google.com/adsbot.html)"
65.108.235.243 - - [04/Jun/2026:15:59:51 +0200] "POST /wp-cron.php?doing_wp_cron=1780581591.6738328933715820312500 HTTP/1.1" 200 1 "-" "WordPress/7.0; https://reggio-emilia.elettroservicegroup.it"
74.125.151.199 - - [04/Jun/2026:15:59:44 +0200] "GET /wp-json/complianz/v1/banner?lang=it&locale=it_IT&token=lcps HTTP/1.1" 200 84 "https://reggio-emilia.elettroservicegroup.it/assistenza-bosch-guastalla/" "AdsBot-Google (+http://www.google.com/adsbot.html)"
74.125.151.199 - - [04/Jun/2026:15:59:52 +0200] "GET /wp-content/uploads/complianz/css/banner-1-optin.css?v=511 HTTP/1.1" 200 2622 "https://reggio-emilia.elettroservicegroup.it/assistenza-bosch-guastalla/" "AdsBot-Google (+http://www.google.com/adsbot.html)"
74.125.151.199 - - [04/Jun/2026:15:59:52 +0200] "GET /wp-json/complianz/v1/cookie_data HTTP/1.1" 200 82 "https://reggio-emilia.elettroservicegroup.it/assistenza-bosch-guastalla/" "AdsBot-Google (+http://www.google.com/adsbot.html)"
74.125.151.199 - - [04/Jun/2026:15:59:53 +0200] "GET /wp-content/plugins/elementor/assets/js/shared-frontend-handlers.03caa53373b56d3bab67.bundle.min.js HTTP/1.1" 200 2515 "https://reggio-emilia.elettroservicegroup.it/assistenza-bosch-guastalla/" "AdsBot-Google (+http://www.google.com/adsbot.html)"
74.125.151.199 - - [04/Jun/2026:15:59:53 +0200] "GET /wp-content/plugins/elementor/assets/js/text-editor.45609661e409413f1cef.bundle.min.js HTTP/1.1" 200 592 "https://reggio-emilia.elettroservicegroup.it/assistenza-bosch-guastalla/" "AdsBot-Google (+http://www.google.com/adsbot.html)"
74.125.151.199 - - [04/Jun/2026:15:59:53 +0200] "GET /wp-content/plugins/elementor/assets/js/section-frontend-handlers.d85ab872da118940910d.bundle.min.js HTTP/1.1" 200 230 "https://reggio-emilia.elettroservicegroup.it/assistenza-bosch-guastalla/" "AdsBot-Google (+http://www.google.com/adsbot.html)"
216.73.217.169 - - [04/Jun/2026:16:01:02 +0200] "GET /wp-includes/js/underscore.min.js HTTP/2.0" 200 7243 "-" "Mozilla/5.0 AppleWebKit/537.36 (KHTML, like Gecko; compatible; ClaudeBot/1.0; +claudebot@anthropic.com)"
216.73.217.169 - - [04/Jun/2026:16:01:02 +0200] "GET /wp-content/plugins/elementor/assets/css/frontend.min.css HTTP/2.0" 200 6618 "-" "Mozilla/5.0 AppleWebKit/537.36 (KHTML, like Gecko; compatible; ClaudeBot/1.0; +claudebot@anthropic.com)"
216.73.217.169 - - [04/Jun/2026:16:01:24 +0200] "GET /wp-content/plugins/elementor/assets/lib/eicons/css/elementor-icons.min.css HTTP/2.0" 200 4115 "-" "Mozilla/5.0 AppleWebKit/537.36 (KHTML, like Gecko; compatible; ClaudeBot/1.0; +claudebot@anthropic.com)"
216.73.217.169 - - [04/Jun/2026:16:01:24 +0200] "GET /post-3-2/ HTTP/2.0" 404 17915 "-" "Mozilla/5.0 AppleWebKit/537.36 (KHTML, like Gecko; compatible; ClaudeBot/1.0; +claudebot@anthropic.com)"
216.73.217.169 - - [04/Jun/2026:16:01:25 +0200] "GET /post-2-2/ HTTP/2.0" 404 17915 "-" "Mozilla/5.0 AppleWebKit/537.36 (KHTML, like Gecko; compatible; ClaudeBot/1.0; +claudebot@anthropic.com)"
216.73.217.169 - - [04/Jun/2026:16:01:24 +0200] "GET /post-9-2/ HTTP/2.0" 404 17916 "-" "Mozilla/5.0 AppleWebKit/537.36 (KHTML, like Gecko; compatible; ClaudeBot/1.0; +claudebot@anthropic.com)"
216.73.217.169 - - [04/Jun/2026:16:01:24 +0200] "GET /wp-blog-header%20copy%201.php HTTP/2.0" 404 17930 "-" "Mozilla/5.0 AppleWebKit/537.36 (KHTML, like Gecko; compatible; ClaudeBot/1.0; +claudebot@anthropic.com)"
216.73.217.169 - - [04/Jun/2026:16:01:24 +0200] "GET /post-4-2/ HTTP/2.0" 404 17916 "-" "Mozilla/5.0 AppleWebKit/537.36 (KHTML, like Gecko; compatible; ClaudeBot/1.0; +claudebot@anthropic.com)"
65.108.235.243 - - [04/Jun/2026:16:01:27 +0200] "POST /wp-cron.php?doing_wp_cron=1780581687.9784719944000244140625 HTTP/1.1" 200 1 "-" "WordPress/7.0; https://reggio-emilia.elettroservicegroup.it"
216.73.217.169 - - [04/Jun/2026:16:01:24 +0200] "GET /post-7-2/ HTTP/2.0" 404 17916 "-" "Mozilla/5.0 AppleWebKit/537.36 (KHTML, like Gecko; compatible; ClaudeBot/1.0; +claudebot@anthropic.com)"
65.108.235.243 - - [04/Jun/2026:16:01:28 +0200] "GET /assistenza-lavatrici-bosch-rubiera/ HTTP/1.1" 200 24817 "-" "WP Fastest Cache Preload Bot"
65.108.235.243 - - [04/Jun/2026:16:01:28 +0200] "GET /assistenza-lavatrici-bosch-scandiano/ HTTP/1.1" 200 24820 "-" "WP Fastest Cache Preload Bot"
65.108.235.243 - - [04/Jun/2026:16:01:29 +0200] "GET /assistenza-lavatrici-bosch-santilario-denza/ HTTP/1.1" 200 24891 "-" "WP Fastest Cache Preload Bot"
65.108.235.243 - - [04/Jun/2026:16:01:29 +0200] "GET /assistenza-lavatrici-bosch-guastalla/ HTTP/1.1" 200 24816 "-" "WP Fastest Cache Preload Bot"
216.73.217.169 - - [04/Jun/2026:16:03:32 +0200] "GET /wp-content/plugins/elementor/assets/lib/share-link/share-link.min.js HTTP/2.0" 200 1077 "-" "Mozilla/5.0 AppleWebKit/537.36 (KHTML, like Gecko; compatible; ClaudeBot/1.0; +claudebot@anthropic.com)"
65.108.235.243 - - [04/Jun/2026:16:07:06 +0200] "GET /assistenza-lavatrici-bosch-correggio/ HTTP/1.1" 200 24780 "-" "WP Fastest Cache Preload Bot"
65.108.235.243 - - [04/Jun/2026:16:07:09 +0200] "GET /assistenza-lavatrici-bosch-reggio-emilia/ HTTP/1.1" 200 24767 "-" "WP Fastest Cache Preload Bot"
65.108.235.243 - - [04/Jun/2026:16:07:11 +0200] "GET /assistenza-lavatrici-ariston-rubiera/ HTTP/1.1" 200 24746 "-" "WP Fastest Cache Preload Bot"
65.108.235.243 - - [04/Jun/2026:16:07:14 +0200] "GET /assistenza-lavatrici-ariston-scandiano/ HTTP/1.1" 200 24752 "-" "WP Fastest Cache Preload Bot"
65.108.235.243 - - [04/Jun/2026:16:10:04 +0200] "POST /wp-cron.php?doing_wp_cron=1780582204.4884641170501708984375 HTTP/1.1" 200 1 "-" "WordPress/7.0; https://reggio-emilia.elettroservicegroup.it"
216.73.217.169 - - [04/Jun/2026:16:10:02 +0200] "GET /robots.txt HTTP/2.0" 200 110 "-" "Mozilla/5.0 AppleWebKit/537.36 (KHTML, like Gecko; compatible; ClaudeBot/1.0; +claudebot@anthropic.com)"
65.108.235.243 - - [04/Jun/2026:16:10:29 +0200] "POST /wp-cron.php?doing_wp_cron=1780582229.4689590930938720703125 HTTP/1.1" 200 1 "-" "WordPress/7.0; https://reggio-emilia.elettroservicegroup.it"
40.77.167.132 - - [04/Jun/2026:16:10:28 +0200] "GET /sitemap.xml HTTP/2.0" 200 338 "-" "Mozilla/5.0 AppleWebKit/537.36 (KHTML, like Gecko; compatible; bingbot/2.0; +http://www.bing.com/bingbot.htm) Chrome/116.0.1938.76 Safari/537.36"
65.108.235.243 - - [04/Jun/2026:16:18:07 +0200] "POST /wp-cron.php?doing_wp_cron=1780582687.7776761054992675781250 HTTP/1.1" 200 1 "-" "WordPress/7.0; https://reggio-emilia.elettroservicegroup.it"
74.125.151.199 - - [04/Jun/2026:16:17:57 +0200] "GET /assistenza-lavastoviglie-reggio-emilia/ HTTP/1.1" 200 25337 "-" "Mozilla/5.0 (Linux; Android 6.0.1; Nexus 5X Build/MMB29P) AppleWebKit/537.36 (KHTML, like Gecko) Chrome/148.0.7778.96 Mobile Safari/537.36 (compatible; AdsBot-Google-Mobile; +http://www.google.com/mobile/adsbot.html)"
65.108.235.243 - - [04/Jun/2026:16:18:10 +0200] "GET /assistenza-lavatrici-ariston-santilario-denza/ HTTP/1.1" 200 24827 "-" "WP Fastest Cache Preload Bot"
65.108.235.243 - - [04/Jun/2026:16:18:13 +0200] "GET /assistenza-lavatrici-ariston-guastalla/ HTTP/1.1" 200 24748 "-" "WP Fastest Cache Preload Bot"
65.108.235.243 - - [04/Jun/2026:16:18:16 +0200] "GET /assistenza-lavatrici-ariston-correggio/ HTTP/1.1" 200 24750 "-" "WP Fastest Cache Preload Bot"
65.108.235.243 - - [04/Jun/2026:16:18:19 +0200] "GET /assistenza-lavatrici-ariston-reggio-emilia/ HTTP/1.1" 200 24751 "-" "WP Fastest Cache Preload Bot"
65.108.235.243 - - [04/Jun/2026:16:22:00 +0200] "POST /wp-cron.php?doing_wp_cron=1780582920.3229169845581054687500 HTTP/1.1" 200 1 "-" "WordPress/7.0; https://reggio-emilia.elettroservicegroup.it"
74.125.151.201 - - [04/Jun/2026:16:21:58 +0200] "GET /assistenza-siemens-reggio-emilia/ HTTP/1.1" 200 24846 "-" "Mozilla/5.0 (Linux; Android 6.0.1; Nexus 5X Build/MMB29P) AppleWebKit/537.36 (KHTML, like Gecko) Chrome/148.0.7778.96 Mobile Safari/537.36 (compatible; AdsBot-Google-Mobile; +http://www.google.com/mobile/adsbot.html)"
65.108.235.243 - - [04/Jun/2026:16:22:01 +0200] "GET /assistenza-lavatrici-aeg-rubiera/ HTTP/1.1" 200 24771 "-" "WP Fastest Cache Preload Bot"
65.108.235.243 - - [04/Jun/2026:16:22:02 +0200] "GET /assistenza-lavatrici-aeg-scandiano/ HTTP/1.1" 200 24787 "-" "WP Fastest Cache Preload Bot"
65.108.235.243 - - [04/Jun/2026:16:22:02 +0200] "GET /assistenza-lavatrici-aeg-santilario-denza/ HTTP/1.1" 200 24849 "-" "WP Fastest Cache Preload Bot"
65.108.235.243 - - [04/Jun/2026:16:22:03 +0200] "GET /assistenza-lavatrici-aeg-guastalla/ HTTP/1.1" 200 24787 "-" "WP Fastest Cache Preload Bot"
52.167.144.234 - - [04/Jun/2026:16:27:59 +0200] "GET /assistenza-frigoriferi-reggio-emilia/ HTTP/2.0" 200 22743 "-" "Mozilla/5.0 AppleWebKit/537.36 (KHTML, like Gecko; compatible; bingbot/2.0; +http://www.bing.com/bingbot.htm) Chrome/116.0.1938.76 Safari/537.36"
52.167.144.199 - - [04/Jun/2026:16:28:19 +0200] "GET /wp-content/plugins/elementor/assets/js/section-frontend-handlers.d85ab872da118940910d.bundle.min.js HTTP/2.0" 200 230 "https://reggio-emilia.elettroservicegroup.it/assistenza-frigoriferi-reggio-emilia/" "Mozilla/5.0 AppleWebKit/537.36 (KHTML, like Gecko; compatible; bingbot/2.0; +http://www.bing.com/bingbot.htm) Chrome/136.0.0.0 Safari/537.36 AppleWebKit/537.36 (KHTML, like Gecko; compatible; bingbot/2.0; +http://www.bing.com/bingbot.htm) Chrome/116.0.1938.76 Safari/537.36"
52.167.144.234 - - [04/Jun/2026:16:28:24 +0200] "GET /wp-includes/js/jquery/ui/core.min.js?ver=1.13.3 HTTP/2.0" 200 6820 "https://reggio-emilia.elettroservicegroup.it/assistenza-frigoriferi-reggio-emilia/" "Mozilla/5.0 AppleWebKit/537.36 (KHTML, like Gecko; compatible; bingbot/2.0; +http://www.bing.com/bingbot.htm) Chrome/136.0.0.0 Safari/537.36 AppleWebKit/537.36 (KHTML, like Gecko; compatible; bingbot/2.0; +http://www.bing.com/bingbot.htm) Chrome/116.0.1938.76 Safari/537.36"
52.167.144.234 - - [04/Jun/2026:16:28:24 +0200] "GET /wp-content/plugins/elementor/assets/js/text-editor.45609661e409413f1cef.bundle.min.js HTTP/2.0" 200 592 "https://reggio-emilia.elettroservicegroup.it/assistenza-frigoriferi-reggio-emilia/" "Mozilla/5.0 AppleWebKit/537.36 (KHTML, like Gecko; compatible; bingbot/2.0; +http://www.bing.com/bingbot.htm) Chrome/136.0.0.0 Safari/537.36 AppleWebKit/537.36 (KHTML, like Gecko; compatible; bingbot/2.0; +http://www.bing.com/bingbot.htm) Chrome/116.0.1938.76 Safari/537.36"
216.73.217.169 - - [04/Jun/2026:16:28:46 +0200] "GET /wp-content/uploads/2018/02/post-6-150x150.jpg HTTP/2.0" 404 - "-" "Mozilla/5.0 AppleWebKit/537.36 (KHTML, like Gecko; compatible; ClaudeBot/1.0; +claudebot@anthropic.com)"
216.73.217.169 - - [04/Jun/2026:16:28:46 +0200] "GET /wp-content/uploads/2018/02/post-10-150x150.jpg HTTP/2.0" 404 - "-" "Mozilla/5.0 AppleWebKit/537.36 (KHTML, like Gecko; compatible; ClaudeBot/1.0; +claudebot@anthropic.com)"
216.73.217.169 - - [04/Jun/2026:16:28:46 +0200] "GET /wp-content/uploads/2018/02/post-8-150x150.jpg HTTP/2.0" 404 - "-" "Mozilla/5.0 AppleWebKit/537.36 (KHTML, like Gecko; compatible; ClaudeBot/1.0; +claudebot@anthropic.com)"
65.108.235.243 - - [04/Jun/2026:16:28:56 +0200] "POST /wp-cron.php?doing_wp_cron=1780583336.5771210193634033203125 HTTP/1.1" 200 1 "-" "WordPress/7.0; https://reggio-emilia.elettroservicegroup.it"
216.73.217.169 - - [04/Jun/2026:16:28:46 +0200] "GET /sfondo-siemens-jpg HTTP/2.0" 404 - "-" "Mozilla/5.0 AppleWebKit/537.36 (KHTML, like Gecko; compatible; ClaudeBot/1.0; +claudebot@anthropic.com)"
65.108.235.243 - - [04/Jun/2026:16:28:58 +0200] "GET /assistenza-lavastoviglie-smeg-rubiera/ HTTP/1.1" 200 24621 "-" "WP Fastest Cache Preload Bot"
65.108.235.243 - - [04/Jun/2026:16:29:01 +0200] "GET /assistenza-lavatrici-aeg-correggio/ HTTP/1.1" 200 24775 "-" "WP Fastest Cache Preload Bot"
65.108.235.243 - - [04/Jun/2026:16:29:04 +0200] "GET /assistenza-lavatrici-aeg-reggio-emilia/ HTTP/1.1" 200 24754 "-" "WP Fastest Cache Preload Bot"
65.108.235.243 - - [04/Jun/2026:16:29:06 +0200] "GET /assistenza-lavatrici-rubiera/ HTTP/1.1" 200 25371 "-" "WP Fastest Cache Preload Bot"
65.108.235.243 - - [04/Jun/2026:16:30:12 +0200] "POST /wp-cron.php?doing_wp_cron=1780583412.7779860496520996093750 HTTP/1.1" 200 1 "-" "WordPress/7.0; https://reggio-emilia.elettroservicegroup.it"
216.73.217.169 - - [04/Jun/2026:16:30:11 +0200] "GET /wp-content/uploads/2021/11/forno-c.jpg/ HTTP/2.0" 404 17799 "-" "Mozilla/5.0 AppleWebKit/537.36 (KHTML, like Gecko; compatible; ClaudeBot/1.0; +claudebot@anthropic.com)"
216.73.217.169 - - [04/Jun/2026:16:30:13 +0200] "GET /cropped-cropped-logo_white_background-png HTTP/2.0" 301 1 "-" "Mozilla/5.0 AppleWebKit/537.36 (KHTML, like Gecko; compatible; ClaudeBot/1.0; +claudebot@anthropic.com)"
216.73.217.169 - - [04/Jun/2026:16:30:13 +0200] "GET /cropped-cropped-logo_white_background-png/ HTTP/2.0" 200 18755 "https://reggio-emilia.elettroservicegroup.it/cropped-cropped-logo_white_background-png" "Mozilla/5.0 AppleWebKit/537.36 (KHTML, like Gecko; compatible; ClaudeBot/1.0; +claudebot@anthropic.com)"
216.73.217.169 - - [04/Jun/2026:16:32:30 +0200] "GET /wp-content/uploads/2021/10/lavatrice11-245x300.jpg HTTP/2.0" 200 10503 "-" "Mozilla/5.0 AppleWebKit/537.36 (KHTML, like Gecko; compatible; ClaudeBot/1.0; +claudebot@anthropic.com)"
216.73.217.169 - - [04/Jun/2026:16:32:29 +0200] "GET /wp-content/uploads/2018/02/post-2-150x150.jpg HTTP/2.0" 404 17806 "-" "Mozilla/5.0 AppleWebKit/537.36 (KHTML, like Gecko; compatible; ClaudeBot/1.0; +claudebot@anthropic.com)"
216.73.217.169 - - [04/Jun/2026:16:32:29 +0200] "GET /wp-content/uploads/2022/01/Rex%20Electrolux.png/ HTTP/2.0" 404 17806 "-" "Mozilla/5.0 AppleWebKit/537.36 (KHTML, like Gecko; compatible; ClaudeBot/1.0; +claudebot@anthropic.com)"
65.108.235.243 - - [04/Jun/2026:16:32:34 +0200] "POST /wp-cron.php?doing_wp_cron=1780583554.6807589530944824218750 HTTP/1.1" 200 1 "-" "WordPress/7.0; https://reggio-emilia.elettroservicegroup.it"
216.73.217.169 - - [04/Jun/2026:16:32:29 +0200] "GET /wp-content/uploads/2021/11/asko-e1634463631713.jpg/ HTTP/2.0" 404 17808 "-" "Mozilla/5.0 AppleWebKit/537.36 (KHTML, like Gecko; compatible; ClaudeBot/1.0; +claudebot@anthropic.com)"
65.108.235.243 - - [04/Jun/2026:16:32:37 +0200] "GET /assistenza-lavastoviglie-smeg-scandiano/ HTTP/1.1" 200 24624 "-" "WP Fastest Cache Preload Bot"
65.108.235.243 - - [04/Jun/2026:16:32:41 +0200] "GET /assistenza-lavatrici-scandiano/ HTTP/1.1" 200 25369 "-" "WP Fastest Cache Preload Bot"
65.108.235.243 - - [04/Jun/2026:16:32:44 +0200] "GET /assistenza-lavatrici-santilario-denza/ HTTP/1.1" 200 25441 "-" "WP Fastest Cache Preload Bot"
65.108.235.243 - - [04/Jun/2026:16:32:46 +0200] "GET /assistenza-lavastoviglie-smeg-santilario-denza/ HTTP/1.1" 200 24710 "-" "WP Fastest Cache Preload Bot"
193.186.4.22 - - [04/Jun/2026:16:41:47 +0200] "GET /assistenza-condizionatori-reggio-emilia/ HTTP/2.0" 200 - "https://www.google.com/" "Mozilla/5.0 (Linux; Android 10; K) AppleWebKit/537.36 (KHTML, like Gecko) Chrome/148.0.0.0 Mobile Safari/537.36"
65.108.235.243 - - [04/Jun/2026:16:41:51 +0200] "POST /wp-cron.php?doing_wp_cron=1780584111.0768771171569824218750 HTTP/1.1" 200 1 "-" "WordPress/7.0; https://reggio-emilia.elettroservicegroup.it"
66.249.93.234 - - [04/Jun/2026:16:41:46 +0200] "GET /.well-known/traffic-advice HTTP/1.1" 404 17912 "-" "Chrome Privacy Preserving Prefetch Proxy"
65.108.235.243 - - [04/Jun/2026:16:41:53 +0200] "GET /assistenza-lavatrici-guastalla/ HTTP/1.1" 200 25434 "-" "WP Fastest Cache Preload Bot"
65.108.235.243 - - [04/Jun/2026:16:41:55 +0200] "GET /assistenza-lavatrici-correggio/ HTTP/1.1" 200 25430 "-" "WP Fastest Cache Preload Bot"
65.108.235.243 - - [04/Jun/2026:16:41:57 +0200] "GET /assistenza-lavatrici-reggio-emilia/ HTTP/1.1" 200 25663 "-" "WP Fastest Cache Preload Bot"
65.108.235.243 - - [04/Jun/2026:16:41:59 +0200] "GET /assistenza-lavastoviglie-whirlpool-rubiera/ HTTP/1.1" 200 24714 "-" "WP Fastest Cache Preload Bot"
162.120.188.141 - - [04/Jun/2026:16:46:36 +0200] "GET /assistenza-asciugatrici-reggio-emilia/ HTTP/2.0" 200 22730 "https://www.google.com/" "Mozilla/5.0 (Windows NT 10.0; Win64; x64) AppleWebKit/537.36 (KHTML, like Gecko) Chrome/148.0.0.0 Safari/537.36"
34.55.154.162 - - [04/Jun/2026:16:47:15 +0200] "GET / HTTP/1.1" 200 172295 "-" "Mozilla/5.0 (Windows NT 10.0; Win64; x64) AppleWebKit/537.36 (KHTML, like Gecko) Chrome/78.0.3904.108 Safari/537.36"
34.55.154.162 - - [04/Jun/2026:16:47:16 +0200] "GET //wp-includes/wlwmanifest.xml HTTP/1.1" 301 - "-" "Mozilla/5.0 (Windows NT 10.0; Win64; x64) AppleWebKit/537.36 (KHTML, like Gecko) Chrome/78.0.3904.108 Safari/537.36"
34.55.154.162 - - [04/Jun/2026:16:47:18 +0200] "GET //xmlrpc.php?rsd HTTP/1.1" 403 52 "-" "Mozilla/5.0 (Windows NT 10.0; Win64; x64) AppleWebKit/537.36 (KHTML, like Gecko) Chrome/78.0.3904.108 Safari/537.36"
34.55.154.162 - - [04/Jun/2026:16:47:18 +0200] "GET / HTTP/1.1" 200 172295 "-" "Mozilla/5.0 (Windows NT 10.0; Win64; x64) AppleWebKit/537.36 (KHTML, like Gecko) Chrome/78.0.3904.108 Safari/537.36"
65.108.235.243 - - [04/Jun/2026:16:47:17 +0200] "GET /assistenza-lavastoviglie-smeg-guastalla/ HTTP/1.1" 200 24684 "-" "WP Fastest Cache Preload Bot"
34.55.154.162 - - [04/Jun/2026:16:47:19 +0200] "GET //?author=1 HTTP/1.1" 404 73472 "-" "Mozilla/5.0 (Windows NT 10.0; Win64; x64) AppleWebKit/537.36 (KHTML, like Gecko) Chrome/78.0.3904.108 Safari/537.36"
65.108.235.243 - - [04/Jun/2026:16:47:20 +0200] "GET /assistenza-lavastoviglie-whirlpool-scandiano/ HTTP/1.1" 200 24715 "-" "WP Fastest Cache Preload Bot"
65.108.235.243 - - [04/Jun/2026:16:47:20 +0200] "GET /assistenza-lavastoviglie-whirlpool-santilario-denza/ HTTP/1.1" 200 24809 "-" "WP Fastest Cache Preload Bot"
65.108.235.243 - - [04/Jun/2026:16:47:20 +0200] "GET /assistenza-lavastoviglie-whirlpool-guastalla/ HTTP/1.1" 200 24718 "-" "WP Fastest Cache Preload Bot"
34.55.154.162 - - [04/Jun/2026:16:47:21 +0200] "GET //?author=2 HTTP/1.1" 404 73472 "-" "Mozilla/5.0 (Windows NT 10.0; Win64; x64) AppleWebKit/537.36 (KHTML, like Gecko) Chrome/78.0.3904.108 Safari/537.36"
65.108.235.243 - - [04/Jun/2026:16:47:22 +0200] "POST /wp-cron.php?doing_wp_cron=1780584442.0835850238800048828125 HTTP/1.1" 200 1 "-" "WordPress/7.0; https://reggio-emilia.elettroservicegroup.it"
34.55.154.162 - - [04/Jun/2026:16:47:21 +0200] "GET //wp-json/wp/v2/users/ HTTP/1.1" 401 108 "-" "Mozilla/5.0 (Windows NT 10.0; Win64; x64) AppleWebKit/537.36 (KHTML, like Gecko) Chrome/78.0.3904.108 Safari/537.36"
34.55.154.162 - - [04/Jun/2026:16:47:22 +0200] "GET //wp-json/oembed/1.0/embed?url=https://reggio-emilia.elettroservicegroup.it/ HTTP/1.1" 200 2273 "-" "Mozilla/5.0 (Windows NT 10.0; Win64; x64) AppleWebKit/537.36 (KHTML, like Gecko) Chrome/78.0.3904.108 Safari/537.36"
34.55.154.162 - - [04/Jun/2026:16:47:22 +0200] "POST //xmlrpc.php HTTP/1.1" 403 52 "-" "Mozilla/5.0 (Windows NT 10.0; Win64; x64) AppleWebKit/537.36 (KHTML, like Gecko) Chrome/78.0.3904.108 Safari/537.36"
40.77.167.25 - - [04/Jun/2026:17:01:32 +0200] "GET /assistenza-ariston-reggio-emilia/ HTTP/2.0" 200 24791 "-" "Mozilla/5.0 AppleWebKit/537.36 (KHTML, like Gecko; compatible; bingbot/2.0; +http://www.bing.com/bingbot.htm) Chrome/116.0.1938.76 Safari/537.36"
40.77.167.46 - - [04/Jun/2026:17:01:50 +0200] "GET /wp-content/uploads/elementor/css/post-17696.css?ver=1780337301 HTTP/2.0" 200 2167 "https://reggio-emilia.elettroservicegroup.it/assistenza-ariston-reggio-emilia/" "Mozilla/5.0 AppleWebKit/537.36 (KHTML, like Gecko; compatible; bingbot/2.0; +http://www.bing.com/bingbot.htm) Chrome/136.0.0.0 Safari/537.36 AppleWebKit/537.36 (KHTML, like Gecko; compatible; bingbot/2.0; +http://www.bing.com/bingbot.htm) Chrome/116.0.1938.76 Safari/537.36"
193.186.4.17 - - [04/Jun/2026:17:02:57 +0200] "GET /assistenza-bosch-correggio/ HTTP/2.0" 200 24628 "https://www.google.com/" "Mozilla/5.0 (Windows NT 10.0; Win64; x64) AppleWebKit/537.36 (KHTML, like Gecko) Chrome/148.0.0.0 Safari/537.36"
216.73.217.169 - - [04/Jun/2026:17:03:20 +0200] "GET /wp-content/cache/wpfc-minified/ky0w1tys/4lapt.css HTTP/2.0" 200 418 "-" "Mozilla/5.0 AppleWebKit/537.36 (KHTML, like Gecko; compatible; ClaudeBot/1.0; +claudebot@anthropic.com)"
216.73.217.169 - - [04/Jun/2026:17:04:19 +0200] "GET /wp-content/cache/wpfc-minified/lnwln415/4lapt.js HTTP/2.0" 200 32852 "-" "Mozilla/5.0 AppleWebKit/537.36 (KHTML, like Gecko; compatible; ClaudeBot/1.0; +claudebot@anthropic.com)"
65.108.235.243 - - [04/Jun/2026:17:11:36 +0200] "POST /wp-cron.php?doing_wp_cron=1780585896.2793760299682617187500 HTTP/1.1" 200 1 "-" "WordPress/7.0; https://reggio-emilia.elettroservicegroup.it"
216.73.217.169 - - [04/Jun/2026:17:11:28 +0200] "GET /robots.txt HTTP/2.0" 200 110 "-" "Mozilla/5.0 AppleWebKit/537.36 (KHTML, like Gecko; compatible; ClaudeBot/1.0; +claudebot@anthropic.com)"
65.108.235.243 - - [04/Jun/2026:17:11:38 +0200] "GET /assistenza-lavastoviglie-whirlpool-correggio/ HTTP/1.1" 200 24709 "-" "WP Fastest Cache Preload Bot"
65.108.235.243 - - [04/Jun/2026:17:11:40 +0200] "GET /assistenza-lavastoviglie-smeg-correggio/ HTTP/1.1" 200 24680 "-" "WP Fastest Cache Preload Bot"
65.108.235.243 - - [04/Jun/2026:17:11:43 +0200] "GET /assistenza-lavastoviglie-whirlpool-reggio-emilia/ HTTP/1.1" 200 24715 "-" "WP Fastest Cache Preload Bot"
65.108.235.243 - - [04/Jun/2026:17:11:45 +0200] "GET /assistenza-lavastoviglie-smeg-reggio-emilia/ HTTP/1.1" 200 24679 "-" "WP Fastest Cache Preload Bot"
65.108.235.243 - - [04/Jun/2026:17:21:33 +0200] "POST /wp-cron.php?doing_wp_cron=1780586493.7654318809509277343750 HTTP/1.1" 200 1 "-" "WordPress/7.0; https://reggio-emilia.elettroservicegroup.it"
216.73.217.169 - - [04/Jun/2026:17:21:29 +0200] "GET /?p=107 HTTP/2.0" 301 1 "-" "Mozilla/5.0 AppleWebKit/537.36 (KHTML, like Gecko; compatible; ClaudeBot/1.0; +claudebot@anthropic.com)"
216.73.217.169 - - [04/Jun/2026:17:21:34 +0200] "GET /lavatrice11/ HTTP/2.0" 200 18692 "https://reggio-emilia.elettroservicegroup.it/?p=107" "Mozilla/5.0 AppleWebKit/537.36 (KHTML, like Gecko; compatible; ClaudeBot/1.0; +claudebot@anthropic.com)"
65.108.235.243 - - [04/Jun/2026:17:21:36 +0200] "GET /assistenza-lavastoviglie-rex-electrolux-rubiera/ HTTP/1.1" 200 24664 "-" "WP Fastest Cache Preload Bot"
65.108.235.243 - - [04/Jun/2026:17:21:43 +0200] "GET /assistenza-lavastoviglie-rex-electrolux-scandiano/ HTTP/1.1" 200 24763 "-" "WP Fastest Cache Preload Bot"
65.108.235.243 - - [04/Jun/2026:17:21:49 +0200] "GET /assistenza-lavastoviglie-rex-electrolux-santilario-denza/ HTTP/1.1" 200 24775 "-" "WP Fastest Cache Preload Bot"
65.108.235.243 - - [04/Jun/2026:17:21:52 +0200] "GET /assistenza-lavastoviglie-rex-electrolux-guastalla/ HTTP/1.1" 200 24706 "-" "WP Fastest Cache Preload Bot"
65.108.235.243 - - [04/Jun/2026:17:28:53 +0200] "GET /assistenza-lavastoviglie-rex-electrolux-correggio/ HTTP/1.1" 200 24672 "-" "WP Fastest Cache Preload Bot"
65.108.235.243 - - [04/Jun/2026:17:28:58 +0200] "GET /assistenza-lavastoviglie-rex-electrolux-reggio-emilia/ HTTP/1.1" 200 24670 "-" "WP Fastest Cache Preload Bot"
65.108.235.243 - - [04/Jun/2026:17:29:02 +0200] "GET /assistenza-lavastoviglie-indesit-rubiera/ HTTP/1.1" 200 24736 "-" "WP Fastest Cache Preload Bot"
65.108.235.243 - - [04/Jun/2026:17:29:05 +0200] "GET /assistenza-lavastoviglie-indesit-scandiano/ HTTP/1.1" 200 24744 "-" "WP Fastest Cache Preload Bot"
216.73.217.169 - - [04/Jun/2026:17:33:00 +0200] "GET /wp-content/uploads/2018/02/post-7-150x150.jpg HTTP/2.0" 404 17943 "-" "Mozilla/5.0 AppleWebKit/537.36 (KHTML, like Gecko; compatible; ClaudeBot/1.0; +claudebot@anthropic.com)"
216.73.217.169 - - [04/Jun/2026:17:33:00 +0200] "GET /wp-content/uploads/2018/02/post-5-150x150.jpg HTTP/2.0" 404 17943 "-" "Mozilla/5.0 AppleWebKit/537.36 (KHTML, like Gecko; compatible; ClaudeBot/1.0; +claudebot@anthropic.com)"
216.73.217.169 - - [04/Jun/2026:17:33:00 +0200] "GET /wp-content/uploads/2018/02/post-3-150x150.jpg HTTP/2.0" 404 17943 "-" "Mozilla/5.0 AppleWebKit/537.36 (KHTML, like Gecko; compatible; ClaudeBot/1.0; +claudebot@anthropic.com)"
65.108.235.243 - - [04/Jun/2026:17:33:01 +0200] "GET /assistenza-lavastoviglie-indesit-santilario-denza/ HTTP/1.1" 200 24812 "-" "WP Fastest Cache Preload Bot"
65.108.235.243 - - [04/Jun/2026:17:33:04 +0200] "GET /assistenza-lavastoviglie-indesit-guastalla/ HTTP/1.1" 200 24727 "-" "WP Fastest Cache Preload Bot"
65.108.235.243 - - [04/Jun/2026:17:33:07 +0200] "GET /assistenza-lavastoviglie-indesit-correggio/ HTTP/1.1" 200 24730 "-" "WP Fastest Cache Preload Bot"
65.108.235.243 - - [04/Jun/2026:17:33:11 +0200] "GET /assistenza-lavastoviglie-indesit-reggio-emilia/ HTTP/1.1" 200 24724 "-" "WP Fastest Cache Preload Bot"
65.108.235.243 - - [04/Jun/2026:17:36:24 +0200] "GET /assistenza-lavastoviglie-bosch-rubiera/ HTTP/1.1" 200 24723 "-" "WP Fastest Cache Preload Bot"
65.108.235.243 - - [04/Jun/2026:17:36:24 +0200] "GET /assistenza-lavastoviglie-bosch-scandiano/ HTTP/1.1" 200 24728 "-" "WP Fastest Cache Preload Bot"
65.108.235.243 - - [04/Jun/2026:17:36:26 +0200] "GET /assistenza-lavastoviglie-bosch-santilario-denza/ HTTP/1.1" 200 24813 "-" "WP Fastest Cache Preload Bot"
65.108.235.243 - - [04/Jun/2026:17:36:28 +0200] "GET /assistenza-lavastoviglie-bosch-guastalla/ HTTP/1.1" 200 24730 "-" "WP Fastest Cache Preload Bot"
104.210.140.141 - - [04/Jun/2026:17:36:31 +0200] "GET /robots.txt HTTP/2.0" 200 110 "-" "Mozilla/5.0 (Macintosh; Intel Mac OS X 10_15_7) AppleWebKit/537.36 (KHTML, like Gecko) Chrome/131.0.0.0 Safari/537.36; compatible; OAI-SearchBot/1.0; +https://openai.com/searchbot"
216.73.217.169 - - [04/Jun/2026:17:36:32 +0200] "GET /wp-content/plugins/webtoffee-gdpr-cookie-consent/public/images/logo-cookieyes.svg HTTP/2.0" 200 1040 "-" "Mozilla/5.0 AppleWebKit/537.36 (KHTML, like Gecko; compatible; ClaudeBot/1.0; +claudebot@anthropic.com)"
216.73.217.169 - - [04/Jun/2026:17:36:32 +0200] "GET /assistenza-lavatrici/frigorifero-americano HTTP/2.0" 301 1 "-" "Mozilla/5.0 AppleWebKit/537.36 (KHTML, like Gecko; compatible; ClaudeBot/1.0; +claudebot@anthropic.com)"
216.73.217.169 - - [04/Jun/2026:17:36:32 +0200] "GET /assistenza-lavatrici/frigorifero-americano/ HTTP/2.0" 200 18840 "https://reggio-emilia.elettroservicegroup.it/assistenza-lavatrici/frigorifero-americano" "Mozilla/5.0 AppleWebKit/537.36 (KHTML, like Gecko; compatible; ClaudeBot/1.0; +claudebot@anthropic.com)"
89.101.91.102 - - [04/Jun/2026:17:39:14 +0200] "GET / HTTP/2.0" 421 362 "-" "Mozilla/5.0 (Windows NT 10.0; Win64; x64) AppleWebKit/537.36 (KHTML, like Gecko) Chrome/148.0.0.0 Safari/537.36"
89.101.91.102 - - [04/Jun/2026:17:39:19 +0200] "GET / HTTP/2.0" 200 25210 "-" "Mozilla/5.0 (Windows NT 10.0; Win64; x64) AppleWebKit/537.36 (KHTML, like Gecko) Chrome/148.0.0.0 Safari/537.36"
89.101.91.102 - - [04/Jun/2026:17:39:20 +0200] "GET /wp-content/cache/wpfc-minified/ky0w1tys/4lapt.css HTTP/2.0" 200 418 "https://reggio-emilia.elettroservicegroup.it/" "Mozilla/5.0 (Windows NT 10.0; Win64; x64) AppleWebKit/537.36 (KHTML, like Gecko) Chrome/148.0.0.0 Safari/537.36"
89.101.91.102 - - [04/Jun/2026:17:39:20 +0200] "GET /wp-content/cache/wpfc-minified/l9m140dq/4lapt.css HTTP/2.0" 200 7521 "https://reggio-emilia.elettroservicegroup.it/" "Mozilla/5.0 (Windows NT 10.0; Win64; x64) AppleWebKit/537.36 (KHTML, like Gecko) Chrome/148.0.0.0 Safari/537.36"
89.101.91.102 - - [04/Jun/2026:17:39:20 +0200] "GET /wp-content/cache/wpfc-minified/kwp9n0f5/4laq4.css HTTP/2.0" 200 7263 "https://reggio-emilia.elettroservicegroup.it/" "Mozilla/5.0 (Windows NT 10.0; Win64; x64) AppleWebKit/537.36 (KHTML, like Gecko) Chrome/148.0.0.0 Safari/537.36"
89.101.91.102 - - [04/Jun/2026:17:39:20 +0200] "GET /wp-content/uploads/elementor/css/post-14146.css?ver=1780326512 HTTP/2.0" 200 428 "https://reggio-emilia.elettroservicegroup.it/" "Mozilla/5.0 (Windows NT 10.0; Win64; x64) AppleWebKit/537.36 (KHTML, like Gecko) Chrome/148.0.0.0 Safari/537.36"
89.101.91.102 - - [04/Jun/2026:17:39:20 +0200] "GET /wp-content/cache/wpfc-minified/kqcp3zx3/4laq5.css HTTP/2.0" 200 16443 "https://reggio-emilia.elettroservicegroup.it/" "Mozilla/5.0 (Windows NT 10.0; Win64; x64) AppleWebKit/537.36 (KHTML, like Gecko) Chrome/148.0.0.0 Safari/537.36"
89.101.91.102 - - [04/Jun/2026:17:39:20 +0200] "GET /wp-content/uploads/elementor/css/post-14366.css?ver=1780326512 HTTP/2.0" 200 302 "https://reggio-emilia.elettroservicegroup.it/" "Mozilla/5.0 (Windows NT 10.0; Win64; x64) AppleWebKit/537.36 (KHTML, like Gecko) Chrome/148.0.0.0 Safari/537.36"
89.101.91.102 - - [04/Jun/2026:17:39:20 +0200] "GET /wp-content/cache/wpfc-minified/m8ydgnxm/4lapt.css HTTP/2.0" 200 4410 "https://reggio-emilia.elettroservicegroup.it/" "Mozilla/5.0 (Windows NT 10.0; Win64; x64) AppleWebKit/537.36 (KHTML, like Gecko) Chrome/148.0.0.0 Safari/537.36"
89.101.91.102 - - [04/Jun/2026:17:39:20 +0200] "GET /wp-content/cache/wpfc-minified/8tnr6p1l/4lapt.css HTTP/2.0" 200 2043 "https://reggio-emilia.elettroservicegroup.it/" "Mozilla/5.0 (Windows NT 10.0; Win64; x64) AppleWebKit/537.36 (KHTML, like Gecko) Chrome/148.0.0.0 Safari/537.36"
89.101.91.102 - - [04/Jun/2026:17:39:20 +0200] "GET /wp-content/cache/wpfc-minified/g52dp1tu/4lapt.css HTTP/2.0" 200 19034 "https://reggio-emilia.elettroservicegroup.it/" "Mozilla/5.0 (Windows NT 10.0; Win64; x64) AppleWebKit/537.36 (KHTML, like Gecko) Chrome/148.0.0.0 Safari/537.36"
89.101.91.102 - - [04/Jun/2026:17:39:20 +0200] "GET /wp-content/cache/wpfc-minified/lnwln415/4lapt.js HTTP/2.0" 200 32852 "https://reggio-emilia.elettroservicegroup.it/" "Mozilla/5.0 (Windows NT 10.0; Win64; x64) AppleWebKit/537.36 (KHTML, like Gecko) Chrome/148.0.0.0 Safari/537.36"
89.101.91.102 - - [04/Jun/2026:17:39:20 +0200] "GET /wp-content/cache/wpfc-minified/2bi5m9ld/4laq4.js HTTP/2.0" 200 8754 "https://reggio-emilia.elettroservicegroup.it/" "Mozilla/5.0 (Windows NT 10.0; Win64; x64) AppleWebKit/537.36 (KHTML, like Gecko) Chrome/148.0.0.0 Safari/537.36"
89.101.91.102 - - [04/Jun/2026:17:39:21 +0200] "GET /wp-content/uploads/2021/10/cropped-cropped-cropped-logo_white_background.png HTTP/2.0" 200 26788 "https://reggio-emilia.elettroservicegroup.it/" "Mozilla/5.0 (Windows NT 10.0; Win64; x64) AppleWebKit/537.36 (KHTML, like Gecko) Chrome/148.0.0.0 Safari/537.36"
89.101.91.102 - - [04/Jun/2026:17:39:21 +0200] "GET /wp-content/uploads/2021/10/cropped-logo_white_background.png HTTP/2.0" 200 15855 "https://reggio-emilia.elettroservicegroup.it/" "Mozilla/5.0 (Windows NT 10.0; Win64; x64) AppleWebKit/537.36 (KHTML, like Gecko) Chrome/148.0.0.0 Safari/537.36"
89.101.91.102 - - [04/Jun/2026:17:39:21 +0200] "GET /wp-content/plugins/gp-premium/menu-plus/functions/js/sticky.min.js?ver=2.5.5 HTTP/2.0" 200 2670 "https://reggio-emilia.elettroservicegroup.it/" "Mozilla/5.0 (Windows NT 10.0; Win64; x64) AppleWebKit/537.36 (KHTML, like Gecko) Chrome/148.0.0.0 Safari/537.36"
89.101.91.102 - - [04/Jun/2026:17:39:21 +0200] "GET /wp-content/plugins/elementor/assets/js/webpack.runtime.min.js?ver=4.1.1 HTTP/2.0" 200 2340 "https://reggio-emilia.elettroservicegroup.it/" "Mozilla/5.0 (Windows NT 10.0; Win64; x64) AppleWebKit/537.36 (KHTML, like Gecko) Chrome/148.0.0.0 Safari/537.36"
89.101.91.102 - - [04/Jun/2026:17:39:21 +0200] "GET /wp-content/plugins/elementor/assets/js/frontend-modules.min.js?ver=4.1.1 HTTP/2.0" 200 15454 "https://reggio-emilia.elettroservicegroup.it/" "Mozilla/5.0 (Windows NT 10.0; Win64; x64) AppleWebKit/537.36 (KHTML, like Gecko) Chrome/148.0.0.0 Safari/537.36"
89.101.91.102 - - [04/Jun/2026:17:39:21 +0200] "GET /wp-includes/js/jquery/ui/core.min.js?ver=1.13.3 HTTP/2.0" 200 6820 "https://reggio-emilia.elettroservicegroup.it/" "Mozilla/5.0 (Windows NT 10.0; Win64; x64) AppleWebKit/537.36 (KHTML, like Gecko) Chrome/148.0.0.0 Safari/537.36"
89.101.91.102 - - [04/Jun/2026:17:39:21 +0200] "GET /wp-content/plugins/elementor/assets/js/frontend.min.js?ver=4.1.1 HTTP/2.0" 200 10140 "https://reggio-emilia.elettroservicegroup.it/" "Mozilla/5.0 (Windows NT 10.0; Win64; x64) AppleWebKit/537.36 (KHTML, like Gecko) Chrome/148.0.0.0 Safari/537.36"
89.101.91.102 - - [04/Jun/2026:17:39:21 +0200] "GET /wp-content/themes/generatepress/assets/js/back-to-top.min.js?ver=3.6.1 HTTP/2.0" 200 336 "https://reggio-emilia.elettroservicegroup.it/" "Mozilla/5.0 (Windows NT 10.0; Win64; x64) AppleWebKit/537.36 (KHTML, like Gecko) Chrome/148.0.0.0 Safari/537.36"
89.101.91.102 - - [04/Jun/2026:17:39:21 +0200] "GET /wp-content/themes/generatepress/assets/js/menu.min.js?ver=3.6.1 HTTP/2.0" 200 1688 "https://reggio-emilia.elettroservicegroup.it/" "Mozilla/5.0 (Windows NT 10.0; Win64; x64) AppleWebKit/537.36 (KHTML, like Gecko) Chrome/148.0.0.0 Safari/537.36"
89.101.91.102 - - [04/Jun/2026:17:39:21 +0200] "GET /wp-content/plugins/complianz-gdpr-premium/cookiebanner/js/complianz.min.js?ver=1780326507 HTTP/2.0" 200 10708 "https://reggio-emilia.elettroservicegroup.it/" "Mozilla/5.0 (Windows NT 10.0; Win64; x64) AppleWebKit/537.36 (KHTML, like Gecko) Chrome/148.0.0.0 Safari/537.36"
65.108.235.243 - - [04/Jun/2026:17:39:22 +0200] "POST /wp-cron.php?doing_wp_cron=1780587562.9798231124877929687500 HTTP/1.1" 200 1 "-" "WordPress/7.0; https://reggio-emilia.elettroservicegroup.it"
89.101.91.102 - - [04/Jun/2026:17:39:20 +0200] "GET /wp-content/uploads/elementor/css/post-14227.css?ver=1780326512 HTTP/2.0" 404 19226 "https://reggio-emilia.elettroservicegroup.it/" "Mozilla/5.0 (Windows NT 10.0; Win64; x64) AppleWebKit/537.36 (KHTML, like Gecko) Chrome/148.0.0.0 Safari/537.36"
89.101.91.102 - - [04/Jun/2026:17:39:23 +0200] "GET /wp-content/uploads/elementor/google-fonts/fonts/robotoslab-bngmuxzytxpivibgjjsb6ufn5qu.woff2 HTTP/2.0" 200 34328 "https://reggio-emilia.elettroservicegroup.it/wp-content/cache/wpfc-minified/8tnr6p1l/4lapt.css" "Mozilla/5.0 (Windows NT 10.0; Win64; x64) AppleWebKit/537.36 (KHTML, like Gecko) Chrome/148.0.0.0 Safari/537.36"
89.101.91.102 - - [04/Jun/2026:17:39:23 +0200] "GET /wp-json/complianz/v1/banner?lang=it&locale=it_IT&token=pprem HTTP/2.0" 200 84 "https://reggio-emilia.elettroservicegroup.it/" "Mozilla/5.0 (Windows NT 10.0; Win64; x64) AppleWebKit/537.36 (KHTML, like Gecko) Chrome/148.0.0.0 Safari/537.36"
89.101.91.102 - - [04/Jun/2026:17:39:24 +0200] "GET /wp-content/plugins/elementor/assets/js/section-frontend-handlers.d85ab872da118940910d.bundle.min.js HTTP/2.0" 200 230 "https://reggio-emilia.elettroservicegroup.it/" "Mozilla/5.0 (Windows NT 10.0; Win64; x64) AppleWebKit/537.36 (KHTML, like Gecko) Chrome/148.0.0.0 Safari/537.36"
89.101.91.102 - - [04/Jun/2026:17:39:24 +0200] "GET /wp-content/plugins/elementor/assets/js/shared-frontend-handlers.03caa53373b56d3bab67.bundle.min.js HTTP/2.0" 200 2515 "https://reggio-emilia.elettroservicegroup.it/" "Mozilla/5.0 (Windows NT 10.0; Win64; x64) AppleWebKit/537.36 (KHTML, like Gecko) Chrome/148.0.0.0 Safari/537.36"
89.101.91.102 - - [04/Jun/2026:17:39:24 +0200] "GET /wp-content/plugins/elementor/assets/js/text-editor.45609661e409413f1cef.bundle.min.js HTTP/2.0" 200 592 "https://reggio-emilia.elettroservicegroup.it/" "Mozilla/5.0 (Windows NT 10.0; Win64; x64) AppleWebKit/537.36 (KHTML, like Gecko) Chrome/148.0.0.0 Safari/537.36"
89.101.91.102 - - [04/Jun/2026:17:39:24 +0200] "POST /wp-json/complianz/v1/track HTTP/2.0" 200 20 "https://reggio-emilia.elettroservicegroup.it/" "Mozilla/5.0 (Windows NT 10.0; Win64; x64) AppleWebKit/537.36 (KHTML, like Gecko) Chrome/148.0.0.0 Safari/537.36"
89.101.91.102 - - [04/Jun/2026:17:39:25 +0200] "GET /wp-content/uploads/2021/10/cropped-cropped-cropped-cropped-logo_white_background-32x32.png HTTP/2.0" 200 1181 "https://reggio-emilia.elettroservicegroup.it/" "Mozilla/5.0 (Windows NT 10.0; Win64; x64) AppleWebKit/537.36 (KHTML, like Gecko) Chrome/148.0.0.0 Safari/537.36"
216.73.217.169 - - [04/Jun/2026:17:39:29 +0200] "GET /?p=120 HTTP/2.0" 301 1 "-" "Mozilla/5.0 AppleWebKit/537.36 (KHTML, like Gecko; compatible; ClaudeBot/1.0; +claudebot@anthropic.com)"
216.73.217.169 - - [04/Jun/2026:17:39:30 +0200] "GET /cropped-cropped-logo_white_background-png/ HTTP/2.0" 200 18734 "https://reggio-emilia.elettroservicegroup.it/?p=120" "Mozilla/5.0 AppleWebKit/537.36 (KHTML, like Gecko; compatible; ClaudeBot/1.0; +claudebot@anthropic.com)"
89.101.91.102 - - [04/Jun/2026:17:43:18 +0200] "GET /wp-content/uploads/2021/10/asko-e1634463631713.jpg HTTP/2.0" 421 362 "https://reggio-emilia.elettroservicegroup.it/" "Mozilla/5.0 (Windows NT 10.0; Win64; x64) AppleWebKit/537.36 (KHTML, like Gecko) Chrome/148.0.0.0 Safari/537.36"
89.101.91.102 - - [04/Jun/2026:17:43:18 +0200] "GET /wp-content/uploads/2022/01/LAVATRICE-2.webp HTTP/2.0" 421 362 "https://reggio-emilia.elettroservicegroup.it/" "Mozilla/5.0 (Windows NT 10.0; Win64; x64) AppleWebKit/537.36 (KHTML, like Gecko) Chrome/148.0.0.0 Safari/537.36"
89.101.91.102 - - [04/Jun/2026:17:43:25 +0200] "GET /wp-content/uploads/2022/01/copertina-Riparazione_Lavastoviglie-.jpg HTTP/2.0" 421 362 "https://reggio-emilia.elettroservicegroup.it/" "Mozilla/5.0 (Windows NT 10.0; Win64; x64) AppleWebKit/537.36 (KHTML, like Gecko) Chrome/148.0.0.0 Safari/537.36"
89.101.91.102 - - [04/Jun/2026:17:43:25 +0200] "GET /wp-content/uploads/2021/10/Frigorifero-combinato-e1634459015932.jpg HTTP/2.0" 421 362 "https://reggio-emilia.elettroservicegroup.it/" "Mozilla/5.0 (Windows NT 10.0; Win64; x64) AppleWebKit/537.36 (KHTML, like Gecko) Chrome/148.0.0.0 Safari/537.36"
89.101.91.102 - - [04/Jun/2026:17:43:25 +0200] "GET /wp-content/uploads/2021/10/forno-c.jpg HTTP/2.0" 421 362 "https://reggio-emilia.elettroservicegroup.it/" "Mozilla/5.0 (Windows NT 10.0; Win64; x64) AppleWebKit/537.36 (KHTML, like Gecko) Chrome/148.0.0.0 Safari/537.36"
89.101.91.102 - - [04/Jun/2026:17:43:25 +0200] "GET /wp-content/uploads/2021/10/condizionatore-bonus.jpg HTTP/2.0" 421 362 "https://reggio-emilia.elettroservicegroup.it/" "Mozilla/5.0 (Windows NT 10.0; Win64; x64) AppleWebKit/537.36 (KHTML, like Gecko) Chrome/148.0.0.0 Safari/537.36"
89.101.91.102 - - [04/Jun/2026:17:43:25 +0200] "GET /wp-content/uploads/2022/01/tecnico-elettro-3.jpg HTTP/2.0" 421 362 "https://reggio-emilia.elettroservicegroup.it/" "Mozilla/5.0 (Windows NT 10.0; Win64; x64) AppleWebKit/537.36 (KHTML, like Gecko) Chrome/148.0.0.0 Safari/537.36"
89.101.91.102 - - [04/Jun/2026:17:43:25 +0200] "GET /wp-content/uploads/2021/10/TECNICO-FRIGO-2.jpg HTTP/2.0" 421 362 "https://reggio-emilia.elettroservicegroup.it/" "Mozilla/5.0 (Windows NT 10.0; Win64; x64) AppleWebKit/537.36 (KHTML, like Gecko) Chrome/148.0.0.0 Safari/537.36"
89.101.91.102 - - [04/Jun/2026:17:43:25 +0200] "GET /wp-admin HTTP/2.0" 421 362 "-" "Mozilla/5.0 (Windows NT 10.0; Win64; x64) AppleWebKit/537.36 (KHTML, like Gecko) Chrome/148.0.0.0 Safari/537.36"
89.101.91.102 - - [04/Jun/2026:17:43:29 +0200] "GET /wp-admin HTTP/2.0" 301 302 "-" "Mozilla/5.0 (Windows NT 10.0; Win64; x64) AppleWebKit/537.36 (KHTML, like Gecko) Chrome/148.0.0.0 Safari/537.36"
89.101.91.102 - - [04/Jun/2026:17:43:29 +0200] "GET /wp-content/uploads/2022/01/copertina-Riparazione_Lavastoviglie-.jpg HTTP/2.0" 200 35425 "https://reggio-emilia.elettroservicegroup.it/" "Mozilla/5.0 (Windows NT 10.0; Win64; x64) AppleWebKit/537.36 (KHTML, like Gecko) Chrome/148.0.0.0 Safari/537.36"
89.101.91.102 - - [04/Jun/2026:17:43:29 +0200] "GET /wp-content/uploads/2021/10/Frigorifero-combinato-e1634459015932.jpg HTTP/2.0" 200 79096 "https://reggio-emilia.elettroservicegroup.it/" "Mozilla/5.0 (Windows NT 10.0; Win64; x64) AppleWebKit/537.36 (KHTML, like Gecko) Chrome/148.0.0.0 Safari/537.36"
89.101.91.102 - - [04/Jun/2026:17:43:29 +0200] "GET /wp-content/uploads/2021/10/asko-e1634463631713.jpg HTTP/2.0" 200 103991 "https://reggio-emilia.elettroservicegroup.it/" "Mozilla/5.0 (Windows NT 10.0; Win64; x64) AppleWebKit/537.36 (KHTML, like Gecko) Chrome/148.0.0.0 Safari/537.36"
89.101.91.102 - - [04/Jun/2026:17:43:29 +0200] "GET /wp-content/uploads/2021/10/forno-c.jpg HTTP/2.0" 200 109229 "https://reggio-emilia.elettroservicegroup.it/" "Mozilla/5.0 (Windows NT 10.0; Win64; x64) AppleWebKit/537.36 (KHTML, like Gecko) Chrome/148.0.0.0 Safari/537.36"
89.101.91.102 - - [04/Jun/2026:17:43:29 +0200] "GET /wp-content/uploads/2022/01/LAVATRICE-2.webp HTTP/2.0" 200 48056 "https://reggio-emilia.elettroservicegroup.it/" "Mozilla/5.0 (Windows NT 10.0; Win64; x64) AppleWebKit/537.36 (KHTML, like Gecko) Chrome/148.0.0.0 Safari/537.36"
89.101.91.102 - - [04/Jun/2026:17:43:29 +0200] "GET /wp-content/uploads/2021/10/TECNICO-FRIGO-2.jpg HTTP/2.0" 200 43428 "https://reggio-emilia.elettroservicegroup.it/" "Mozilla/5.0 (Windows NT 10.0; Win64; x64) AppleWebKit/537.36 (KHTML, like Gecko) Chrome/148.0.0.0 Safari/537.36"
