89.101.91.102 - - [04/Jun/2026:17:47:28 +0200] "POST /wp-admin/admin-ajax.php HTTP/2.0" 200 369 "https://reggio-emilia.elettroservicegroup.it/wp-admin/admin.php?page=WFLS" "Mozilla/5.0 (Windows NT 10.0; Win64; x64) AppleWebKit/537.36 (KHTML, like Gecko) Chrome/148.0.0.0 Safari/537.36"
65.108.235.243 - - [04/Jun/2026:17:48:11 +0200] "POST /wp-cron.php?doing_wp_cron=1780588091.2140290737152099609375 HTTP/1.1" 200 1 "-" "WordPress/7.0; https://reggio-emilia.elettroservicegroup.it"
89.101.91.102 - - [04/Jun/2026:17:48:09 +0200] "POST /wp-admin/admin-ajax.php HTTP/2.0" 200 87 "https://reggio-emilia.elettroservicegroup.it/wp-admin/admin.php?page=WFLS" "Mozilla/5.0 (Windows NT 10.0; Win64; x64) AppleWebKit/537.36 (KHTML, like Gecko) Chrome/148.0.0.0 Safari/537.36"
65.108.235.243 - - [04/Jun/2026:17:48:30 +0200] "POST /wp-cron.php?doing_wp_cron=1780588110.7736880779266357421875 HTTP/1.1" 200 1 "-" "WordPress/7.0; https://reggio-emilia.elettroservicegroup.it"
89.101.91.102 - - [04/Jun/2026:17:48:28 +0200] "POST /wp-admin/admin-ajax.php HTTP/2.0" 200 51 "https://reggio-emilia.elettroservicegroup.it/wp-admin/admin.php?page=WFLS" "Mozilla/5.0 (Windows NT 10.0; Win64; x64) AppleWebKit/537.36 (KHTML, like Gecko) Chrome/148.0.0.0 Safari/537.36"
89.101.91.102 - - [04/Jun/2026:17:48:30 +0200] "POST /wp-admin/admin-ajax.php HTTP/2.0" 200 369 "https://reggio-emilia.elettroservicegroup.it/wp-admin/admin.php?page=WFLS" "Mozilla/5.0 (Windows NT 10.0; Win64; x64) AppleWebKit/537.36 (KHTML, like Gecko) Chrome/148.0.0.0 Safari/537.36"
74.125.151.201 - - [04/Jun/2026:17:56:55 +0200] "GET /wp-content/plugins/elementor/assets/lib/animations/styles/bounceIn.min.css?ver=4.1.1 HTTP/1.1" 200 186 "https://reggio-emilia.elettroservicegroup.it/assistenza-lavastoviglie-reggio-emilia/" "AdsBot-Google (+http://www.google.com/adsbot.html)"
74.125.151.199 - - [04/Jun/2026:17:56:55 +0200] "GET /wp-content/uploads/elementor/css/post-14146.css?ver=1780326512 HTTP/1.1" 200 428 "https://reggio-emilia.elettroservicegroup.it/assistenza-lavastoviglie-reggio-emilia/" "AdsBot-Google (+http://www.google.com/adsbot.html)"
74.125.151.199 - - [04/Jun/2026:17:56:56 +0200] "GET /wp-content/themes/generatepress/assets/css/main.min.css?ver=3.6.1 HTTP/1.1" 200 4410 "https://reggio-emilia.elettroservicegroup.it/assistenza-lavastoviglie-reggio-emilia/" "AdsBot-Google (+http://www.google.com/adsbot.html)"
74.125.151.200 - - [04/Jun/2026:17:56:57 +0200] "GET /wp-content/plugins/all-in-one-seo-pack/dist/Lite/assets/css/table-of-contents/global.e90f6d47.css?ver=4.9.7.2 HTTP/1.1" 200 420 "https://reggio-emilia.elettroservicegroup.it/assistenza-lavastoviglie-reggio-emilia/" "AdsBot-Google (+http://www.google.com/adsbot.html)"
65.108.235.243 - - [04/Jun/2026:17:56:57 +0200] "POST /wp-cron.php?doing_wp_cron=1780588617.3833560943603515625000 HTTP/1.1" 200 1 "-" "WordPress/7.0; https://reggio-emilia.elettroservicegroup.it"
74.125.151.199 - - [04/Jun/2026:17:56:55 +0200] "GET /wp-content/uploads/elementor/css/post-17716.css?ver=1780337349 HTTP/1.1" 404 19247 "https://reggio-emilia.elettroservicegroup.it/assistenza-lavastoviglie-reggio-emilia/" "AdsBot-Google (+http://www.google.com/adsbot.html)"
74.125.151.201 - - [04/Jun/2026:17:56:58 +0200] "GET /wp-includes/js/jquery/jquery.min.js?ver=3.7.1 HTTP/1.1" 200 29769 "https://reggio-emilia.elettroservicegroup.it/assistenza-lavastoviglie-reggio-emilia/" "AdsBot-Google (+http://www.google.com/adsbot.html)"
65.108.235.243 - - [04/Jun/2026:17:56:57 +0200] "GET /assistenza-lavastoviglie-aeg-rubiera/ HTTP/1.1" 200 24734 "-" "WP Fastest Cache Preload Bot"
74.125.151.199 - - [04/Jun/2026:17:56:58 +0200] "GET /wp-content/plugins/elementor/assets/css/frontend.min.css?ver=4.1.1 HTTP/1.1" 200 6618 "https://reggio-emilia.elettroservicegroup.it/assistenza-lavastoviglie-reggio-emilia/" "AdsBot-Google (+http://www.google.com/adsbot.html)"
65.108.235.243 - - [04/Jun/2026:17:56:58 +0200] "GET /assistenza-lavastoviglie-aeg-scandiano/ HTTP/1.1" 200 24734 "-" "WP Fastest Cache Preload Bot"
74.125.151.200 - - [04/Jun/2026:17:56:59 +0200] "GET /wp-content/plugins/elementor/assets/lib/font-awesome/css/fontawesome.css?ver=5.15.3 HTTP/1.1" 200 12535 "https://reggio-emilia.elettroservicegroup.it/assistenza-lavastoviglie-reggio-emilia/" "AdsBot-Google (+http://www.google.com/adsbot.html)"
65.108.235.243 - - [04/Jun/2026:17:56:59 +0200] "GET /assistenza-lavastoviglie-aeg-santilario-denza/ HTTP/1.1" 200 24819 "-" "WP Fastest Cache Preload Bot"
65.108.235.243 - - [04/Jun/2026:17:57:00 +0200] "GET /assistenza-lavastoviglie-aeg-guastalla/ HTTP/1.1" 200 24870 "-" "WP Fastest Cache Preload Bot"
74.125.151.200 - - [04/Jun/2026:17:57:00 +0200] "GET /wp-content/plugins/elementor/assets/css/widget-spacer.min.css?ver=4.1.1 HTTP/1.1" 200 287 "https://reggio-emilia.elettroservicegroup.it/assistenza-lavastoviglie-reggio-emilia/" "AdsBot-Google (+http://www.google.com/adsbot.html)"
74.125.151.199 - - [04/Jun/2026:17:57:01 +0200] "GET /wp-content/plugins/elementor/assets/css/widget-social-icons.min.css?ver=3.24.0 HTTP/1.1" 200 1039 "https://reggio-emilia.elettroservicegroup.it/assistenza-lavastoviglie-reggio-emilia/" "AdsBot-Google (+http://www.google.com/adsbot.html)"
74.125.151.200 - - [04/Jun/2026:17:57:02 +0200] "GET /wp-content/uploads/elementor/google-fonts/css/robotoslab.css?ver=1742255003 HTTP/1.1" 200 721 "https://reggio-emilia.elettroservicegroup.it/assistenza-lavastoviglie-reggio-emilia/" "AdsBot-Google (+http://www.google.com/adsbot.html)"
74.125.151.199 - - [04/Jun/2026:17:57:03 +0200] "GET /wp-content/uploads/elementor/google-fonts/css/roboto.css?ver=1742255001 HTTP/1.1" 200 1890 "https://reggio-emilia.elettroservicegroup.it/assistenza-lavastoviglie-reggio-emilia/" "AdsBot-Google (+http://www.google.com/adsbot.html)"
74.125.151.199 - - [04/Jun/2026:17:57:04 +0200] "GET /wp-content/plugins/elementor/assets/lib/font-awesome/css/all.min.css?ver=4.1.1 HTTP/1.1" 200 12402 "https://reggio-emilia.elettroservicegroup.it/assistenza-lavastoviglie-reggio-emilia/" "AdsBot-Google (+http://www.google.com/adsbot.html)"
74.125.151.199 - - [04/Jun/2026:17:57:05 +0200] "GET /wp-content/plugins/elementor/assets/lib/font-awesome/css/v4-shims.min.css?ver=4.1.1 HTTP/1.1" 200 3986 "https://reggio-emilia.elettroservicegroup.it/assistenza-lavastoviglie-reggio-emilia/" "AdsBot-Google (+http://www.google.com/adsbot.html)"
74.125.151.199 - - [04/Jun/2026:17:57:06 +0200] "GET /wp-content/plugins/elementor/assets/lib/font-awesome/css/brands.css?ver=5.15.3 HTTP/1.1" 200 298 "https://reggio-emilia.elettroservicegroup.it/assistenza-lavastoviglie-reggio-emilia/" "AdsBot-Google (+http://www.google.com/adsbot.html)"
74.125.151.199 - - [04/Jun/2026:17:57:06 +0200] "GET /wp-content/plugins/elementor/assets/lib/font-awesome/css/solid.css?ver=5.15.3 HTTP/1.1" 200 299 "https://reggio-emilia.elettroservicegroup.it/assistenza-lavastoviglie-reggio-emilia/" "AdsBot-Google (+http://www.google.com/adsbot.html)"
74.125.151.199 - - [04/Jun/2026:17:57:07 +0200] "GET /wp-content/plugins/elementor/assets/css/widget-icon-list.min.css?ver=3.24.3 HTTP/1.1" 200 928 "https://reggio-emilia.elettroservicegroup.it/assistenza-lavastoviglie-reggio-emilia/" "AdsBot-Google (+http://www.google.com/adsbot.html)"
74.125.151.199 - - [04/Jun/2026:17:57:08 +0200] "GET /wp-content/plugins/header-footer-elementor/assets/css/header-footer-elementor.css?ver=2.8.8 HTTP/1.1" 200 260 "https://reggio-emilia.elettroservicegroup.it/assistenza-lavastoviglie-reggio-emilia/" "AdsBot-Google (+http://www.google.com/adsbot.html)"
74.125.151.199 - - [04/Jun/2026:17:57:09 +0200] "GET /wp-content/plugins/complianz-gdpr-premium/assets/css/cookieblocker.min.css?ver=1780326507 HTTP/1.1" 200 615 "https://reggio-emilia.elettroservicegroup.it/assistenza-lavastoviglie-reggio-emilia/" "AdsBot-Google (+http://www.google.com/adsbot.html)"
74.125.151.199 - - [04/Jun/2026:17:57:10 +0200] "GET /wp-content/plugins/elementor/assets/css/widget-heading.min.css?ver=4.1.1 HTTP/1.1" 200 127 "https://reggio-emilia.elettroservicegroup.it/assistenza-lavastoviglie-reggio-emilia/" "AdsBot-Google (+http://www.google.com/adsbot.html)"
74.125.151.199 - - [04/Jun/2026:17:57:11 +0200] "GET /wp-includes/js/jquery/jquery-migrate.min.js?ver=3.4.1 HTTP/1.1" 200 4685 "https://reggio-emilia.elettroservicegroup.it/assistenza-lavastoviglie-reggio-emilia/" "AdsBot-Google (+http://www.google.com/adsbot.html)"
74.125.151.199 - - [04/Jun/2026:17:57:11 +0200] "GET /wp-content/plugins/elementor/assets/js/webpack.runtime.min.js?ver=4.1.1 HTTP/1.1" 200 2340 "https://reggio-emilia.elettroservicegroup.it/assistenza-lavastoviglie-reggio-emilia/" "AdsBot-Google (+http://www.google.com/adsbot.html)"
74.125.151.199 - - [04/Jun/2026:17:57:12 +0200] "GET /wp-content/plugins/header-footer-elementor/inc/widgets-css/frontend.css?ver=2.8.8 HTTP/1.1" 200 8711 "https://reggio-emilia.elettroservicegroup.it/assistenza-lavastoviglie-reggio-emilia/" "AdsBot-Google (+http://www.google.com/adsbot.html)"
74.125.151.199 - - [04/Jun/2026:17:57:13 +0200] "GET /wp-content/plugins/elementor/assets/css/widget-image.min.css?ver=4.1.1 HTTP/1.1" 200 96 "https://reggio-emilia.elettroservicegroup.it/assistenza-lavastoviglie-reggio-emilia/" "AdsBot-Google (+http://www.google.com/adsbot.html)"
74.125.151.199 - - [04/Jun/2026:17:57:14 +0200] "GET /wp-content/plugins/elementor/assets/lib/eicons/css/elementor-icons.min.css?ver=5.34.0 HTTP/1.1" 200 4115 "https://reggio-emilia.elettroservicegroup.it/assistenza-lavastoviglie-reggio-emilia/" "AdsBot-Google (+http://www.google.com/adsbot.html)"
74.125.151.199 - - [04/Jun/2026:17:57:16 +0200] "GET /wp-content/plugins/gp-premium/menu-plus/functions/js/sticky.min.js?ver=2.5.5 HTTP/1.1" 200 2670 "https://reggio-emilia.elettroservicegroup.it/assistenza-lavastoviglie-reggio-emilia/" "AdsBot-Google (+http://www.google.com/adsbot.html)"
74.125.151.199 - - [04/Jun/2026:17:57:16 +0200] "GET /wp-content/plugins/elementor/assets/lib/animations/styles/zoomIn.min.css?ver=4.1.1 HTTP/1.1" 200 87 "https://reggio-emilia.elettroservicegroup.it/assistenza-lavastoviglie-reggio-emilia/" "AdsBot-Google (+http://www.google.com/adsbot.html)"
74.125.151.199 - - [04/Jun/2026:17:57:17 +0200] "GET /wp-content/plugins/elementor/assets/lib/font-awesome/js/v4-shims.min.js?ver=4.1.1 HTTP/1.1" 200 4043 "https://reggio-emilia.elettroservicegroup.it/assistenza-lavastoviglie-reggio-emilia/" "AdsBot-Google (+http://www.google.com/adsbot.html)"
74.125.151.199 - - [04/Jun/2026:17:57:18 +0200] "GET /wp-content/uploads/elementor/css/post-14366.css?ver=1780326512 HTTP/1.1" 200 302 "https://reggio-emilia.elettroservicegroup.it/assistenza-lavastoviglie-reggio-emilia/" "AdsBot-Google (+http://www.google.com/adsbot.html)"
74.125.151.199 - - [04/Jun/2026:17:57:18 +0200] "GET /wp-content/plugins/gp-premium/menu-plus/functions/css/navigation-branding-flex.min.css?ver=2.5.5 HTTP/1.1" 200 542 "https://reggio-emilia.elettroservicegroup.it/assistenza-lavastoviglie-reggio-emilia/" "AdsBot-Google (+http://www.google.com/adsbot.html)"
74.125.151.199 - - [04/Jun/2026:17:57:19 +0200] "GET /wp-content/plugins/elementor/assets/js/frontend-modules.min.js?ver=4.1.1 HTTP/1.1" 200 15454 "https://reggio-emilia.elettroservicegroup.it/assistenza-lavastoviglie-reggio-emilia/" "AdsBot-Google (+http://www.google.com/adsbot.html)"
74.125.151.199 - - [04/Jun/2026:17:57:20 +0200] "GET /wp-includes/js/jquery/ui/core.min.js?ver=1.13.3 HTTP/1.1" 200 6820 "https://reggio-emilia.elettroservicegroup.it/assistenza-lavastoviglie-reggio-emilia/" "AdsBot-Google (+http://www.google.com/adsbot.html)"
74.125.151.199 - - [04/Jun/2026:17:57:21 +0200] "GET /wp-content/plugins/complianz-gdpr-premium/cookiebanner/js/complianz.min.js?ver=1780326507 HTTP/1.1" 200 10708 "https://reggio-emilia.elettroservicegroup.it/assistenza-lavastoviglie-reggio-emilia/" "AdsBot-Google (+http://www.google.com/adsbot.html)"
74.125.151.199 - - [04/Jun/2026:17:57:22 +0200] "GET /wp-content/plugins/google-analytics-for-wordpress/assets/js/frontend-gtag.min.js?ver=10.2.2 HTTP/1.1" 200 3075 "https://reggio-emilia.elettroservicegroup.it/assistenza-lavastoviglie-reggio-emilia/" "AdsBot-Google (+http://www.google.com/adsbot.html)"
74.125.151.199 - - [04/Jun/2026:17:57:23 +0200] "GET /wp-content/themes/generatepress/assets/js/back-to-top.min.js?ver=3.6.1 HTTP/1.1" 200 336 "https://reggio-emilia.elettroservicegroup.it/assistenza-lavastoviglie-reggio-emilia/" "AdsBot-Google (+http://www.google.com/adsbot.html)"
74.125.151.199 - - [04/Jun/2026:17:57:23 +0200] "GET /wp-content/plugins/elementor/assets/js/frontend.min.js?ver=4.1.1 HTTP/1.1" 200 10140 "https://reggio-emilia.elettroservicegroup.it/assistenza-lavastoviglie-reggio-emilia/" "AdsBot-Google (+http://www.google.com/adsbot.html)"
74.125.151.199 - - [04/Jun/2026:17:57:24 +0200] "GET /wp-content/themes/generatepress/assets/js/menu.min.js?ver=3.6.1 HTTP/1.1" 200 1688 "https://reggio-emilia.elettroservicegroup.it/assistenza-lavastoviglie-reggio-emilia/" "AdsBot-Google (+http://www.google.com/adsbot.html)"
65.108.235.243 - - [04/Jun/2026:17:57:25 +0200] "POST /wp-cron.php?doing_wp_cron=1780588645.6666018962860107421875 HTTP/1.1" 200 1 "-" "WordPress/7.0; https://reggio-emilia.elettroservicegroup.it"
74.125.151.199 - - [04/Jun/2026:17:57:25 +0200] "GET /wp-json/complianz/v1/banner?lang=it&locale=it_IT&token=umhui HTTP/1.1" 200 84 "https://reggio-emilia.elettroservicegroup.it/assistenza-lavastoviglie-reggio-emilia/" "AdsBot-Google (+http://www.google.com/adsbot.html)"
74.125.151.199 - - [04/Jun/2026:17:57:26 +0200] "GET /wp-content/uploads/elementor/google-fonts/fonts/robotoslab-bngmuxzytxpivibgjjsb6ufn5qu.woff2 HTTP/1.1" 200 34328 "https://reggio-emilia.elettroservicegroup.it/wp-content/uploads/elementor/google-fonts/css/robotoslab.css?ver=1742255003" "AdsBot-Google (+http://www.google.com/adsbot.html)"
74.125.151.199 - - [04/Jun/2026:17:57:26 +0200] "GET /wp-content/uploads/elementor/google-fonts/fonts/roboto-kfo7cnqeu92fr1me7ksn66agldtyluama3yuba.woff2 HTTP/1.1" 304 - "https://reggio-emilia.elettroservicegroup.it/wp-content/uploads/elementor/google-fonts/css/roboto.css?ver=1742255001" "AdsBot-Google (+http://www.google.com/adsbot.html)"
74.125.151.199 - - [04/Jun/2026:17:57:27 +0200] "GET /wp-content/uploads/complianz/css/banner-1-optin.css?v=511 HTTP/1.1" 200 2622 "https://reggio-emilia.elettroservicegroup.it/assistenza-lavastoviglie-reggio-emilia/" "AdsBot-Google (+http://www.google.com/adsbot.html)"
74.125.151.199 - - [04/Jun/2026:17:57:28 +0200] "GET /wp-json/complianz/v1/cookie_data HTTP/1.1" 200 82 "https://reggio-emilia.elettroservicegroup.it/assistenza-lavastoviglie-reggio-emilia/" "AdsBot-Google (+http://www.google.com/adsbot.html)"
74.125.151.199 - - [04/Jun/2026:17:57:52 +0200] "GET /wp-content/plugins/elementor/assets/js/section-frontend-handlers.d85ab872da118940910d.bundle.min.js HTTP/1.1" 200 230 "https://reggio-emilia.elettroservicegroup.it/assistenza-lavastoviglie-reggio-emilia/" "AdsBot-Google (+http://www.google.com/adsbot.html)"
74.125.151.199 - - [04/Jun/2026:17:57:52 +0200] "GET /wp-content/plugins/elementor/assets/js/shared-frontend-handlers.03caa53373b56d3bab67.bundle.min.js HTTP/1.1" 200 2515 "https://reggio-emilia.elettroservicegroup.it/assistenza-lavastoviglie-reggio-emilia/" "AdsBot-Google (+http://www.google.com/adsbot.html)"
74.125.151.199 - - [04/Jun/2026:17:57:52 +0200] "GET /wp-content/plugins/elementor/assets/js/text-editor.45609661e409413f1cef.bundle.min.js HTTP/1.1" 200 592 "https://reggio-emilia.elettroservicegroup.it/assistenza-lavastoviglie-reggio-emilia/" "AdsBot-Google (+http://www.google.com/adsbot.html)"
52.167.144.166 - - [04/Jun/2026:17:59:01 +0200] "GET /assistenza-lavatrici-ariston-reggio-emilia/ HTTP/2.0" 200 24730 "-" "Mozilla/5.0 AppleWebKit/537.36 (KHTML, like Gecko; compatible; bingbot/2.0; +http://www.bing.com/bingbot.htm) Chrome/116.0.1938.76 Safari/537.36"
65.108.235.243 - - [04/Jun/2026:18:12:54 +0200] "POST /wp-cron.php?doing_wp_cron=1780589574.3699369430541992187500 HTTP/1.1" 200 1 "-" "WordPress/7.0; https://reggio-emilia.elettroservicegroup.it"
216.73.217.169 - - [04/Jun/2026:18:12:52 +0200] "GET /robots.txt HTTP/2.0" 200 110 "-" "Mozilla/5.0 AppleWebKit/537.36 (KHTML, like Gecko; compatible; ClaudeBot/1.0; +claudebot@anthropic.com)"
65.108.235.243 - - [04/Jun/2026:18:12:54 +0200] "GET /assistenza-lavastoviglie-aeg-correggio/ HTTP/1.1" 200 24870 "-" "WP Fastest Cache Preload Bot"
65.108.235.243 - - [04/Jun/2026:18:12:58 +0200] "GET /assistenza-lavastoviglie-aeg-reggio-emilia/ HTTP/1.1" 200 24732 "-" "WP Fastest Cache Preload Bot"
65.108.235.243 - - [04/Jun/2026:18:13:00 +0200] "GET /assistenza-indesit-rubiera/ HTTP/1.1" 200 24762 "-" "WP Fastest Cache Preload Bot"
65.108.235.243 - - [04/Jun/2026:18:13:04 +0200] "GET /assistenza-lavastoviglie-rubiera/ HTTP/1.1" 200 25416 "-" "WP Fastest Cache Preload Bot"
65.108.235.243 - - [04/Jun/2026:18:31:13 +0200] "POST /wp-cron.php?doing_wp_cron=1780590673.6605861186981201171875 HTTP/1.1" 200 1 "-" "WordPress/7.0; https://reggio-emilia.elettroservicegroup.it"
216.73.217.169 - - [04/Jun/2026:18:31:12 +0200] "GET /wp-content/uploads/2022/01/Indesit.png/ HTTP/2.0" 404 17932 "-" "Mozilla/5.0 AppleWebKit/537.36 (KHTML, like Gecko; compatible; ClaudeBot/1.0; +claudebot@anthropic.com)"
65.108.235.243 - - [04/Jun/2026:18:31:14 +0200] "GET /assistenza-indesit-scandiano/ HTTP/1.1" 200 24758 "-" "WP Fastest Cache Preload Bot"
65.108.235.243 - - [04/Jun/2026:18:31:14 +0200] "GET /assistenza-lavastoviglie-scandiano/ HTTP/1.1" 200 25271 "-" "WP Fastest Cache Preload Bot"
65.108.235.243 - - [04/Jun/2026:18:31:16 +0200] "GET /assistenza-lavastoviglie-santilario-denza/ HTTP/1.1" 200 25342 "-" "WP Fastest Cache Preload Bot"
65.108.235.243 - - [04/Jun/2026:18:31:20 +0200] "GET /assistenza-indesit-santilario-denza/ HTTP/1.1" 200 24830 "-" "WP Fastest Cache Preload Bot"
65.108.235.243 - - [04/Jun/2026:18:39:45 +0200] "POST /wp-cron.php?doing_wp_cron=1780591185.5017590522766113281250 HTTP/1.1" 200 1 "-" "WordPress/7.0; https://reggio-emilia.elettroservicegroup.it"
216.73.217.169 - - [04/Jun/2026:18:39:45 +0200] "GET /assistenza-lavatrici/copertina-2 HTTP/2.0" 301 1 "-" "Mozilla/5.0 AppleWebKit/537.36 (KHTML, like Gecko; compatible; ClaudeBot/1.0; +claudebot@anthropic.com)"
216.73.217.169 - - [04/Jun/2026:18:39:44 +0200] "GET /wp-content/uploads/2021/10/sfondo-Candy.jpg/ HTTP/2.0" 404 17937 "-" "Mozilla/5.0 AppleWebKit/537.36 (KHTML, like Gecko; compatible; ClaudeBot/1.0; +claudebot@anthropic.com)"
216.73.217.169 - - [04/Jun/2026:18:39:45 +0200] "GET /assistenza-lavatrici/copertina-2/ HTTP/2.0" 200 18828 "https://reggio-emilia.elettroservicegroup.it/assistenza-lavatrici/copertina-2" "Mozilla/5.0 AppleWebKit/537.36 (KHTML, like Gecko; compatible; ClaudeBot/1.0; +claudebot@anthropic.com)"
65.108.235.243 - - [04/Jun/2026:18:39:45 +0200] "GET /assistenza-lavastoviglie-guastalla/ HTTP/1.1" 200 25269 "-" "WP Fastest Cache Preload Bot"
18.97.9.96 - - [04/Jun/2026:18:39:46 +0200] "GET /robots.txt HTTP/1.1" 200 11820 "-" "Mozilla/5.0 AppleWebKit/537.36 (KHTML, like Gecko; compatible; PerplexityBot/1.0; +https://perplexity.ai/perplexitybot)"
65.108.235.243 - - [04/Jun/2026:18:39:46 +0200] "GET /assistenza-lavastoviglie-correggio/ HTTP/1.1" 200 25268 "-" "WP Fastest Cache Preload Bot"
65.108.235.243 - - [04/Jun/2026:18:39:47 +0200] "GET /assistenza-indesit-guastalla/ HTTP/1.1" 200 24761 "-" "WP Fastest Cache Preload Bot"
18.97.9.103 - - [04/Jun/2026:18:39:48 +0200] "GET /assistenza-lavastoviglie-rubiera/ HTTP/1.1" 200 11831 "-" "Mozilla/5.0 AppleWebKit/537.36 (KHTML, like Gecko; compatible; PerplexityBot/1.0; +https://perplexity.ai/perplexitybot)"
65.108.235.243 - - [04/Jun/2026:18:39:47 +0200] "GET /assistenza-lavastoviglie-reggio-emilia/ HTTP/1.1" 200 25214 "-" "WP Fastest Cache Preload Bot"
216.73.217.169 - - [04/Jun/2026:18:41:29 +0200] "GET /wp-content/uploads/2021/10/FRIGORIFERO-AMERICANO-300x235.jpg HTTP/2.0" 200 11323 "-" "Mozilla/5.0 AppleWebKit/537.36 (KHTML, like Gecko; compatible; ClaudeBot/1.0; +claudebot@anthropic.com)"
216.73.217.169 - - [04/Jun/2026:18:42:19 +0200] "GET /wp-includes/js/wp-embed.min.js HTTP/2.0" 200 621 "-" "Mozilla/5.0 AppleWebKit/537.36 (KHTML, like Gecko; compatible; ClaudeBot/1.0; +claudebot@anthropic.com)"
216.73.217.169 - - [04/Jun/2026:18:42:19 +0200] "GET /wp-includes/css/dist/block-library/style.min.css HTTP/2.0" 200 15998 "-" "Mozilla/5.0 AppleWebKit/537.36 (KHTML, like Gecko; compatible; ClaudeBot/1.0; +claudebot@anthropic.com)"
65.108.235.243 - - [04/Jun/2026:18:42:21 +0200] "POST /wp-cron.php?doing_wp_cron=1780591341.5198969841003417968750 HTTP/1.1" 200 1 "-" "WordPress/7.0; https://reggio-emilia.elettroservicegroup.it"
216.73.217.169 - - [04/Jun/2026:18:42:19 +0200] "GET /wp-content/plugins/wpfront-notification-bar/css/wpfront-notification-bar.min.css HTTP/2.0" 404 19227 "-" "Mozilla/5.0 AppleWebKit/537.36 (KHTML, like Gecko; compatible; ClaudeBot/1.0; +claudebot@anthropic.com)"
65.108.235.243 - - [04/Jun/2026:18:42:22 +0200] "GET /assistenza-indesit-correggio/ HTTP/1.1" 200 24758 "-" "WP Fastest Cache Preload Bot"
65.108.235.243 - - [04/Jun/2026:18:42:26 +0200] "GET /assistenza-indesit-reggio-emilia/ HTTP/1.1" 200 24748 "-" "WP Fastest Cache Preload Bot"
65.108.235.243 - - [04/Jun/2026:18:42:29 +0200] "GET /assistenza-candy-rubiera/ HTTP/1.1" 200 24775 "-" "WP Fastest Cache Preload Bot"
65.108.235.243 - - [04/Jun/2026:18:42:29 +0200] "GET /assistenza-candy-scandiano/ HTTP/1.1" 200 24779 "-" "WP Fastest Cache Preload Bot"
65.108.235.243 - - [04/Jun/2026:18:46:19 +0200] "GET /assistenza-candy-santilario-denza/ HTTP/1.1" 200 24843 "-" "WP Fastest Cache Preload Bot"
65.108.235.243 - - [04/Jun/2026:18:46:20 +0200] "GET /assistenza-candy-guastalla/ HTTP/1.1" 200 24778 "-" "WP Fastest Cache Preload Bot"
65.108.235.243 - - [04/Jun/2026:18:46:21 +0200] "GET /assistenza-candy-correggio/ HTTP/1.1" 200 24775 "-" "WP Fastest Cache Preload Bot"
65.108.235.243 - - [04/Jun/2026:18:46:22 +0200] "GET /assistenza-candy-reggio-emilia/ HTTP/1.1" 200 24774 "-" "WP Fastest Cache Preload Bot"
65.108.235.243 - - [04/Jun/2026:18:46:56 +0200] "POST /wp-cron.php?doing_wp_cron=1780591616.5113921165466308593750 HTTP/1.1" 200 1 "-" "WordPress/7.0; https://reggio-emilia.elettroservicegroup.it"
216.73.217.169 - - [04/Jun/2026:18:46:54 +0200] "GET /wp-content/uploads/2021/10/sfondo-Siemens.jpg/ HTTP/2.0" 404 17933 "-" "Mozilla/5.0 AppleWebKit/537.36 (KHTML, like Gecko; compatible; ClaudeBot/1.0; +claudebot@anthropic.com)"
65.108.235.243 - - [04/Jun/2026:18:54:43 +0200] "POST /wp-cron.php?doing_wp_cron=1780592083.8707931041717529296875 HTTP/1.1" 200 1 "-" "WordPress/7.0; https://reggio-emilia.elettroservicegroup.it"
82.60.193.50 - - [04/Jun/2026:18:54:41 +0200] "GET /assistenza-condizionatori-reggio-emilia/ HTTP/2.0" 200 22347 "https://www.google.com/" "Mozilla/5.0 (Linux; Android 10; K) AppleWebKit/537.36 (KHTML, like Gecko) Chrome/148.0.0.0 Mobile Safari/537.36"
82.60.193.50 - - [04/Jun/2026:18:54:44 +0200] "GET /wp-content/plugins/header-footer-elementor/assets/css/header-footer-elementor.css?ver=2.8.8 HTTP/2.0" 200 260 "https://reggio-emilia.elettroservicegroup.it/assistenza-condizionatori-reggio-emilia/" "Mozilla/5.0 (Linux; Android 10; K) AppleWebKit/537.36 (KHTML, like Gecko) Chrome/148.0.0.0 Mobile Safari/537.36"
82.60.193.50 - - [04/Jun/2026:18:54:44 +0200] "GET /wp-content/uploads/elementor/css/post-14146.css?ver=1780586498 HTTP/2.0" 200 428 "https://reggio-emilia.elettroservicegroup.it/assistenza-condizionatori-reggio-emilia/" "Mozilla/5.0 (Linux; Android 10; K) AppleWebKit/537.36 (KHTML, like Gecko) Chrome/148.0.0.0 Mobile Safari/537.36"
82.60.193.50 - - [04/Jun/2026:18:54:44 +0200] "GET /wp-content/plugins/all-in-one-seo-pack/dist/Lite/assets/css/table-of-contents/global.e90f6d47.css?ver=4.9.7.2 HTTP/2.0" 200 420 "https://reggio-emilia.elettroservicegroup.it/assistenza-condizionatori-reggio-emilia/" "Mozilla/5.0 (Linux; Android 10; K) AppleWebKit/537.36 (KHTML, like Gecko) Chrome/148.0.0.0 Mobile Safari/537.36"
82.60.193.50 - - [04/Jun/2026:18:54:44 +0200] "GET /wp-content/plugins/complianz-gdpr-premium/assets/css/cookieblocker.min.css?ver=1780326507 HTTP/2.0" 200 615 "https://reggio-emilia.elettroservicegroup.it/assistenza-condizionatori-reggio-emilia/" "Mozilla/5.0 (Linux; Android 10; K) AppleWebKit/537.36 (KHTML, like Gecko) Chrome/148.0.0.0 Mobile Safari/537.36"
82.60.193.50 - - [04/Jun/2026:18:54:44 +0200] "GET /wp-content/plugins/elementor/assets/lib/font-awesome/css/v4-shims.min.css?ver=4.1.1 HTTP/2.0" 200 3986 "https://reggio-emilia.elettroservicegroup.it/assistenza-condizionatori-reggio-emilia/" "Mozilla/5.0 (Linux; Android 10; K) AppleWebKit/537.36 (KHTML, like Gecko) Chrome/148.0.0.0 Mobile Safari/537.36"
82.60.193.50 - - [04/Jun/2026:18:54:44 +0200] "GET /wp-content/plugins/elementor/assets/css/frontend.min.css?ver=4.1.1 HTTP/2.0" 200 6618 "https://reggio-emilia.elettroservicegroup.it/assistenza-condizionatori-reggio-emilia/" "Mozilla/5.0 (Linux; Android 10; K) AppleWebKit/537.36 (KHTML, like Gecko) Chrome/148.0.0.0 Mobile Safari/537.36"
82.60.193.50 - - [04/Jun/2026:18:54:44 +0200] "GET /wp-content/plugins/header-footer-elementor/inc/widgets-css/frontend.css?ver=2.8.8 HTTP/2.0" 200 8711 "https://reggio-emilia.elettroservicegroup.it/assistenza-condizionatori-reggio-emilia/" "Mozilla/5.0 (Linux; Android 10; K) AppleWebKit/537.36 (KHTML, like Gecko) Chrome/148.0.0.0 Mobile Safari/537.36"
82.60.193.50 - - [04/Jun/2026:18:54:44 +0200] "GET /wp-content/plugins/elementor/assets/lib/font-awesome/css/all.min.css?ver=4.1.1 HTTP/2.0" 200 12402 "https://reggio-emilia.elettroservicegroup.it/assistenza-condizionatori-reggio-emilia/" "Mozilla/5.0 (Linux; Android 10; K) AppleWebKit/537.36 (KHTML, like Gecko) Chrome/148.0.0.0 Mobile Safari/537.36"
82.60.193.50 - - [04/Jun/2026:18:54:44 +0200] "GET /wp-content/plugins/elementor/assets/css/widget-image.min.css?ver=4.1.1 HTTP/2.0" 200 96 "https://reggio-emilia.elettroservicegroup.it/assistenza-condizionatori-reggio-emilia/" "Mozilla/5.0 (Linux; Android 10; K) AppleWebKit/537.36 (KHTML, like Gecko) Chrome/148.0.0.0 Mobile Safari/537.36"
82.60.193.50 - - [04/Jun/2026:18:54:44 +0200] "GET /wp-content/plugins/elementor/assets/css/widget-spacer.min.css?ver=4.1.1 HTTP/2.0" 200 287 "https://reggio-emilia.elettroservicegroup.it/assistenza-condizionatori-reggio-emilia/" "Mozilla/5.0 (Linux; Android 10; K) AppleWebKit/537.36 (KHTML, like Gecko) Chrome/148.0.0.0 Mobile Safari/537.36"
82.60.193.50 - - [04/Jun/2026:18:54:44 +0200] "GET /wp-content/plugins/elementor/assets/css/widget-heading.min.css?ver=4.1.1 HTTP/2.0" 200 127 "https://reggio-emilia.elettroservicegroup.it/assistenza-condizionatori-reggio-emilia/" "Mozilla/5.0 (Linux; Android 10; K) AppleWebKit/537.36 (KHTML, like Gecko) Chrome/148.0.0.0 Mobile Safari/537.36"
82.60.193.50 - - [04/Jun/2026:18:54:44 +0200] "GET /wp-content/plugins/elementor/assets/lib/animations/styles/bounceIn.min.css?ver=4.1.1 HTTP/2.0" 200 186 "https://reggio-emilia.elettroservicegroup.it/assistenza-condizionatori-reggio-emilia/" "Mozilla/5.0 (Linux; Android 10; K) AppleWebKit/537.36 (KHTML, like Gecko) Chrome/148.0.0.0 Mobile Safari/537.36"
82.60.193.50 - - [04/Jun/2026:18:54:44 +0200] "GET /wp-content/uploads/2021/10/cropped-logo_white_background.png HTTP/2.0" 200 15855 "https://reggio-emilia.elettroservicegroup.it/assistenza-condizionatori-reggio-emilia/" "Mozilla/5.0 (Linux; Android 10; K) AppleWebKit/537.36 (KHTML, like Gecko) Chrome/148.0.0.0 Mobile Safari/537.36"
82.60.193.50 - - [04/Jun/2026:18:54:44 +0200] "GET /wp-content/plugins/elementor/assets/lib/animations/styles/zoomIn.min.css?ver=4.1.1 HTTP/2.0" 200 87 "https://reggio-emilia.elettroservicegroup.it/assistenza-condizionatori-reggio-emilia/" "Mozilla/5.0 (Linux; Android 10; K) AppleWebKit/537.36 (KHTML, like Gecko) Chrome/148.0.0.0 Mobile Safari/537.36"
82.60.193.50 - - [04/Jun/2026:18:54:44 +0200] "GET /wp-content/plugins/gp-premium/menu-plus/functions/css/navigation-branding-flex.min.css?ver=2.5.5 HTTP/2.0" 200 542 "https://reggio-emilia.elettroservicegroup.it/assistenza-condizionatori-reggio-emilia/" "Mozilla/5.0 (Linux; Android 10; K) AppleWebKit/537.36 (KHTML, like Gecko) Chrome/148.0.0.0 Mobile Safari/537.36"
82.60.193.50 - - [04/Jun/2026:18:54:44 +0200] "GET /wp-content/uploads/elementor/css/post-15289.css?ver=1780592083 HTTP/2.0" 200 1794 "https://reggio-emilia.elettroservicegroup.it/assistenza-condizionatori-reggio-emilia/" "Mozilla/5.0 (Linux; Android 10; K) AppleWebKit/537.36 (KHTML, like Gecko) Chrome/148.0.0.0 Mobile Safari/537.36"
82.60.193.50 - - [04/Jun/2026:18:54:44 +0200] "GET /wp-content/uploads/elementor/css/post-14366.css?ver=1780586500 HTTP/2.0" 200 302 "https://reggio-emilia.elettroservicegroup.it/assistenza-condizionatori-reggio-emilia/" "Mozilla/5.0 (Linux; Android 10; K) AppleWebKit/537.36 (KHTML, like Gecko) Chrome/148.0.0.0 Mobile Safari/537.36"
82.60.193.50 - - [04/Jun/2026:18:54:44 +0200] "GET /wp-content/plugins/elementor/assets/css/widget-icon-list.min.css?ver=3.24.3 HTTP/2.0" 200 928 "https://reggio-emilia.elettroservicegroup.it/assistenza-condizionatori-reggio-emilia/" "Mozilla/5.0 (Linux; Android 10; K) AppleWebKit/537.36 (KHTML, like Gecko) Chrome/148.0.0.0 Mobile Safari/537.36"
82.60.193.50 - - [04/Jun/2026:18:54:44 +0200] "GET /wp-content/plugins/elementor/assets/css/widget-social-icons.min.css?ver=3.24.0 HTTP/2.0" 200 1039 "https://reggio-emilia.elettroservicegroup.it/assistenza-condizionatori-reggio-emilia/" "Mozilla/5.0 (Linux; Android 10; K) AppleWebKit/537.36 (KHTML, like Gecko) Chrome/148.0.0.0 Mobile Safari/537.36"
82.60.193.50 - - [04/Jun/2026:18:54:44 +0200] "GET /wp-content/plugins/elementor/assets/lib/font-awesome/css/brands.css?ver=5.15.3 HTTP/2.0" 200 298 "https://reggio-emilia.elettroservicegroup.it/assistenza-condizionatori-reggio-emilia/" "Mozilla/5.0 (Linux; Android 10; K) AppleWebKit/537.36 (KHTML, like Gecko) Chrome/148.0.0.0 Mobile Safari/537.36"
82.60.193.50 - - [04/Jun/2026:18:54:44 +0200] "GET /wp-content/plugins/elementor/assets/lib/font-awesome/css/solid.css?ver=5.15.3 HTTP/2.0" 200 299 "https://reggio-emilia.elettroservicegroup.it/assistenza-condizionatori-reggio-emilia/" "Mozilla/5.0 (Linux; Android 10; K) AppleWebKit/537.36 (KHTML, like Gecko) Chrome/148.0.0.0 Mobile Safari/537.36"
82.60.193.50 - - [04/Jun/2026:18:54:44 +0200] "GET /wp-content/uploads/elementor/google-fonts/css/robotoslab.css?ver=1742255003 HTTP/2.0" 200 721 "https://reggio-emilia.elettroservicegroup.it/assistenza-condizionatori-reggio-emilia/" "Mozilla/5.0 (Linux; Android 10; K) AppleWebKit/537.36 (KHTML, like Gecko) Chrome/148.0.0.0 Mobile Safari/537.36"
82.60.193.50 - - [04/Jun/2026:18:54:44 +0200] "GET /wp-content/uploads/2021/10/cropped-cropped-cropped-logo_white_background.png HTTP/2.0" 200 26788 "https://reggio-emilia.elettroservicegroup.it/assistenza-condizionatori-reggio-emilia/" "Mozilla/5.0 (Linux; Android 10; K) AppleWebKit/537.36 (KHTML, like Gecko) Chrome/148.0.0.0 Mobile Safari/537.36"
82.60.193.50 - - [04/Jun/2026:18:54:44 +0200] "GET /wp-content/themes/generatepress/assets/css/main.min.css?ver=3.6.1 HTTP/2.0" 200 4410 "https://reggio-emilia.elettroservicegroup.it/assistenza-condizionatori-reggio-emilia/" "Mozilla/5.0 (Linux; Android 10; K) AppleWebKit/537.36 (KHTML, like Gecko) Chrome/148.0.0.0 Mobile Safari/537.36"
82.60.193.50 - - [04/Jun/2026:18:54:44 +0200] "GET /wp-content/uploads/elementor/google-fonts/css/roboto.css?ver=1742255001 HTTP/2.0" 200 1890 "https://reggio-emilia.elettroservicegroup.it/assistenza-condizionatori-reggio-emilia/" "Mozilla/5.0 (Linux; Android 10; K) AppleWebKit/537.36 (KHTML, like Gecko) Chrome/148.0.0.0 Mobile Safari/537.36"
82.60.193.50 - - [04/Jun/2026:18:54:44 +0200] "GET /wp-content/plugins/elementor/assets/lib/font-awesome/js/v4-shims.min.js?ver=4.1.1 HTTP/2.0" 200 4043 "https://reggio-emilia.elettroservicegroup.it/assistenza-condizionatori-reggio-emilia/" "Mozilla/5.0 (Linux; Android 10; K) AppleWebKit/537.36 (KHTML, like Gecko) Chrome/148.0.0.0 Mobile Safari/537.36"
82.60.193.50 - - [04/Jun/2026:18:54:44 +0200] "GET /wp-includes/js/jquery/jquery-migrate.min.js?ver=3.4.1 HTTP/2.0" 200 4685 "https://reggio-emilia.elettroservicegroup.it/assistenza-condizionatori-reggio-emilia/" "Mozilla/5.0 (Linux; Android 10; K) AppleWebKit/537.36 (KHTML, like Gecko) Chrome/148.0.0.0 Mobile Safari/537.36"
82.60.193.50 - - [04/Jun/2026:18:54:44 +0200] "GET /wp-content/plugins/gp-premium/menu-plus/functions/js/sticky.min.js?ver=2.5.5 HTTP/2.0" 200 2670 "https://reggio-emilia.elettroservicegroup.it/assistenza-condizionatori-reggio-emilia/" "Mozilla/5.0 (Linux; Android 10; K) AppleWebKit/537.36 (KHTML, like Gecko) Chrome/148.0.0.0 Mobile Safari/537.36"
82.60.193.50 - - [04/Jun/2026:18:54:44 +0200] "GET /wp-content/plugins/elementor/assets/lib/eicons/css/elementor-icons.min.css?ver=5.34.0 HTTP/2.0" 200 4115 "https://reggio-emilia.elettroservicegroup.it/assistenza-condizionatori-reggio-emilia/" "Mozilla/5.0 (Linux; Android 10; K) AppleWebKit/537.36 (KHTML, like Gecko) Chrome/148.0.0.0 Mobile Safari/537.36"
82.60.193.50 - - [04/Jun/2026:18:54:44 +0200] "GET /wp-content/plugins/elementor/assets/lib/font-awesome/css/fontawesome.css?ver=5.15.3 HTTP/2.0" 200 12535 "https://reggio-emilia.elettroservicegroup.it/assistenza-condizionatori-reggio-emilia/" "Mozilla/5.0 (Linux; Android 10; K) AppleWebKit/537.36 (KHTML, like Gecko) Chrome/148.0.0.0 Mobile Safari/537.36"
82.60.193.50 - - [04/Jun/2026:18:54:44 +0200] "GET /wp-includes/js/jquery/jquery.min.js?ver=3.7.1 HTTP/2.0" 200 29769 "https://reggio-emilia.elettroservicegroup.it/assistenza-condizionatori-reggio-emilia/" "Mozilla/5.0 (Linux; Android 10; K) AppleWebKit/537.36 (KHTML, like Gecko) Chrome/148.0.0.0 Mobile Safari/537.36"
82.60.193.50 - - [04/Jun/2026:18:54:44 +0200] "GET /wp-content/plugins/elementor/assets/js/webpack.runtime.min.js?ver=4.1.1 HTTP/2.0" 200 2340 "https://reggio-emilia.elettroservicegroup.it/assistenza-condizionatori-reggio-emilia/" "Mozilla/5.0 (Linux; Android 10; K) AppleWebKit/537.36 (KHTML, like Gecko) Chrome/148.0.0.0 Mobile Safari/537.36"
82.60.193.50 - - [04/Jun/2026:18:54:44 +0200] "GET /wp-content/plugins/elementor/assets/js/frontend-modules.min.js?ver=4.1.1 HTTP/2.0" 200 15454 "https://reggio-emilia.elettroservicegroup.it/assistenza-condizionatori-reggio-emilia/" "Mozilla/5.0 (Linux; Android 10; K) AppleWebKit/537.36 (KHTML, like Gecko) Chrome/148.0.0.0 Mobile Safari/537.36"
82.60.193.50 - - [04/Jun/2026:18:54:44 +0200] "GET /wp-content/themes/generatepress/assets/js/back-to-top.min.js?ver=3.6.1 HTTP/2.0" 200 336 "https://reggio-emilia.elettroservicegroup.it/assistenza-condizionatori-reggio-emilia/" "Mozilla/5.0 (Linux; Android 10; K) AppleWebKit/537.36 (KHTML, like Gecko) Chrome/148.0.0.0 Mobile Safari/537.36"
82.60.193.50 - - [04/Jun/2026:18:54:44 +0200] "GET /wp-content/themes/generatepress/assets/js/menu.min.js?ver=3.6.1 HTTP/2.0" 200 1688 "https://reggio-emilia.elettroservicegroup.it/assistenza-condizionatori-reggio-emilia/" "Mozilla/5.0 (Linux; Android 10; K) AppleWebKit/537.36 (KHTML, like Gecko) Chrome/148.0.0.0 Mobile Safari/537.36"
82.60.193.50 - - [04/Jun/2026:18:54:44 +0200] "GET /wp-content/plugins/google-analytics-for-wordpress/assets/js/frontend-gtag.min.js?ver=10.2.2 HTTP/2.0" 200 3075 "https://reggio-emilia.elettroservicegroup.it/assistenza-condizionatori-reggio-emilia/" "Mozilla/5.0 (Linux; Android 10; K) AppleWebKit/537.36 (KHTML, like Gecko) Chrome/148.0.0.0 Mobile Safari/537.36"
82.60.193.50 - - [04/Jun/2026:18:54:44 +0200] "GET /wp-includes/js/jquery/ui/core.min.js?ver=1.13.3 HTTP/2.0" 200 6820 "https://reggio-emilia.elettroservicegroup.it/assistenza-condizionatori-reggio-emilia/" "Mozilla/5.0 (Linux; Android 10; K) AppleWebKit/537.36 (KHTML, like Gecko) Chrome/148.0.0.0 Mobile Safari/537.36"
82.60.193.50 - - [04/Jun/2026:18:54:44 +0200] "GET /wp-content/plugins/elementor/assets/js/frontend.min.js?ver=4.1.1 HTTP/2.0" 200 10140 "https://reggio-emilia.elettroservicegroup.it/assistenza-condizionatori-reggio-emilia/" "Mozilla/5.0 (Linux; Android 10; K) AppleWebKit/537.36 (KHTML, like Gecko) Chrome/148.0.0.0 Mobile Safari/537.36"
82.60.193.50 - - [04/Jun/2026:18:54:44 +0200] "GET /wp-content/plugins/complianz-gdpr-premium/cookiebanner/js/complianz.min.js?ver=1780326507 HTTP/2.0" 200 10708 "https://reggio-emilia.elettroservicegroup.it/assistenza-condizionatori-reggio-emilia/" "Mozilla/5.0 (Linux; Android 10; K) AppleWebKit/537.36 (KHTML, like Gecko) Chrome/148.0.0.0 Mobile Safari/537.36"
82.60.193.50 - - [04/Jun/2026:18:54:44 +0200] "GET /wp-content/uploads/elementor/google-fonts/fonts/roboto-kfo7cnqeu92fr1me7ksn66agldtyluama3yuba.woff2 HTTP/2.0" 200 40132 "https://reggio-emilia.elettroservicegroup.it/wp-content/uploads/elementor/google-fonts/css/roboto.css?ver=1742255001" "Mozilla/5.0 (Linux; Android 10; K) AppleWebKit/537.36 (KHTML, like Gecko) Chrome/148.0.0.0 Mobile Safari/537.36"
82.60.193.50 - - [04/Jun/2026:18:54:44 +0200] "GET /wp-content/uploads/2021/10/TECNICO-ELETTRODOMESTICI-3.jpg HTTP/2.0" 200 23089 "https://reggio-emilia.elettroservicegroup.it/assistenza-condizionatori-reggio-emilia/" "Mozilla/5.0 (Linux; Android 10; K) AppleWebKit/537.36 (KHTML, like Gecko) Chrome/148.0.0.0 Mobile Safari/537.36"
82.60.193.50 - - [04/Jun/2026:18:54:44 +0200] "GET /wp-content/uploads/2021/10/Condizionatore.jpg HTTP/2.0" 200 21854 "https://reggio-emilia.elettroservicegroup.it/assistenza-condizionatori-reggio-emilia/" "Mozilla/5.0 (Linux; Android 10; K) AppleWebKit/537.36 (KHTML, like Gecko) Chrome/148.0.0.0 Mobile Safari/537.36"
82.60.193.50 - - [04/Jun/2026:18:54:44 +0200] "GET /wp-content/plugins/elementor/assets/js/section-frontend-handlers.d85ab872da118940910d.bundle.min.js HTTP/2.0" 200 230 "https://reggio-emilia.elettroservicegroup.it/assistenza-condizionatori-reggio-emilia/" "Mozilla/5.0 (Linux; Android 10; K) AppleWebKit/537.36 (KHTML, like Gecko) Chrome/148.0.0.0 Mobile Safari/537.36"
82.60.193.50 - - [04/Jun/2026:18:54:44 +0200] "GET /wp-content/plugins/elementor/assets/js/shared-frontend-handlers.03caa53373b56d3bab67.bundle.min.js HTTP/2.0" 200 2515 "https://reggio-emilia.elettroservicegroup.it/assistenza-condizionatori-reggio-emilia/" "Mozilla/5.0 (Linux; Android 10; K) AppleWebKit/537.36 (KHTML, like Gecko) Chrome/148.0.0.0 Mobile Safari/537.36"
82.60.193.50 - - [04/Jun/2026:18:54:44 +0200] "GET /wp-content/plugins/elementor/assets/js/text-editor.45609661e409413f1cef.bundle.min.js HTTP/2.0" 200 592 "https://reggio-emilia.elettroservicegroup.it/assistenza-condizionatori-reggio-emilia/" "Mozilla/5.0 (Linux; Android 10; K) AppleWebKit/537.36 (KHTML, like Gecko) Chrome/148.0.0.0 Mobile Safari/537.36"
82.60.193.50 - - [04/Jun/2026:18:54:44 +0200] "GET /wp-content/uploads/2021/10/cropped-cropped-cropped-cropped-logo_white_background-192x192.png HTTP/2.0" 200 15729 "https://reggio-emilia.elettroservicegroup.it/assistenza-condizionatori-reggio-emilia/" "Mozilla/5.0 (Linux; Android 10; K) AppleWebKit/537.36 (KHTML, like Gecko) Chrome/148.0.0.0 Mobile Safari/537.36"
82.60.193.50 - - [04/Jun/2026:18:54:44 +0200] "GET /wp-content/uploads/2021/10/cropped-cropped-cropped-cropped-logo_white_background-180x180.png HTTP/2.0" 200 16527 "https://reggio-emilia.elettroservicegroup.it/assistenza-condizionatori-reggio-emilia/" "Mozilla/5.0 (Linux; Android 10; K) AppleWebKit/537.36 (KHTML, like Gecko) Chrome/148.0.0.0 Mobile Safari/537.36"
82.60.193.50 - - [04/Jun/2026:18:54:44 +0200] "GET /wp-json/complianz/v1/banner?lang=it&locale=it_IT&token=ooknu HTTP/2.0" 200 84 "https://reggio-emilia.elettroservicegroup.it/assistenza-condizionatori-reggio-emilia/" "Mozilla/5.0 (Linux; Android 10; K) AppleWebKit/537.36 (KHTML, like Gecko) Chrome/148.0.0.0 Mobile Safari/537.36"
82.60.193.50 - - [04/Jun/2026:18:54:44 +0200] "GET /wp-content/uploads/complianz/css/banner-1-optin.css?v=511 HTTP/2.0" 200 2622 "https://reggio-emilia.elettroservicegroup.it/assistenza-condizionatori-reggio-emilia/" "Mozilla/5.0 (Linux; Android 10; K) AppleWebKit/537.36 (KHTML, like Gecko) Chrome/148.0.0.0 Mobile Safari/537.36"
65.108.235.243 - - [04/Jun/2026:18:54:44 +0200] "GET /assistenza-bosch-rubiera/ HTTP/1.1" 200 24699 "-" "WP Fastest Cache Preload Bot"
82.60.193.50 - - [04/Jun/2026:18:54:44 +0200] "GET /wp-json/complianz/v1/cookie_data HTTP/2.0" 200 82 "https://reggio-emilia.elettroservicegroup.it/assistenza-condizionatori-reggio-emilia/" "Mozilla/5.0 (Linux; Android 10; K) AppleWebKit/537.36 (KHTML, like Gecko) Chrome/148.0.0.0 Mobile Safari/537.36"
65.108.235.243 - - [04/Jun/2026:18:54:45 +0200] "GET /assistenza-bosch-scandiano/ HTTP/1.1" 200 24701 "-" "WP Fastest Cache Preload Bot"
65.108.235.243 - - [04/Jun/2026:18:54:45 +0200] "GET /assistenza-bosch-santilario-denza/ HTTP/1.1" 200 24779 "-" "WP Fastest Cache Preload Bot"
65.108.235.243 - - [04/Jun/2026:18:54:46 +0200] "GET /assistenza-bosch-guastalla/ HTTP/1.1" 200 24704 "-" "WP Fastest Cache Preload Bot"
82.60.193.50 - - [04/Jun/2026:18:54:48 +0200] "POST /wp-json/complianz/v1/track HTTP/2.0" 200 20 "https://reggio-emilia.elettroservicegroup.it/assistenza-condizionatori-reggio-emilia/" "Mozilla/5.0 (Linux; Android 10; K) AppleWebKit/537.36 (KHTML, like Gecko) Chrome/148.0.0.0 Mobile Safari/537.36"
65.108.235.243 - - [04/Jun/2026:19:01:37 +0200] "POST /wp-cron.php?doing_wp_cron=1780592497.5059580802917480468750 HTTP/1.1" 200 1 "-" "WordPress/7.0; https://reggio-emilia.elettroservicegroup.it"
82.60.193.50 - - [04/Jun/2026:19:01:34 +0200] "GET /assistenza-condizionatori-reggio-emilia/ HTTP/2.0" 200 22347 "https://www.google.com/" "Mozilla/5.0 (Linux; Android 10; K) AppleWebKit/537.36 (KHTML, like Gecko) Chrome/148.0.0.0 Mobile Safari/537.36"
82.60.193.50 - - [04/Jun/2026:19:01:37 +0200] "GET /wp-json/complianz/v1/banner?lang=it&locale=it_IT&token=ggaug HTTP/2.0" 200 84 "https://reggio-emilia.elettroservicegroup.it/assistenza-condizionatori-reggio-emilia/" "Mozilla/5.0 (Linux; Android 10; K) AppleWebKit/537.36 (KHTML, like Gecko) Chrome/148.0.0.0 Mobile Safari/537.36"
82.60.193.50 - - [04/Jun/2026:19:01:38 +0200] "GET /wp-json/complianz/v1/cookie_data HTTP/2.0" 200 82 "https://reggio-emilia.elettroservicegroup.it/assistenza-condizionatori-reggio-emilia/" "Mozilla/5.0 (Linux; Android 10; K) AppleWebKit/537.36 (KHTML, like Gecko) Chrome/148.0.0.0 Mobile Safari/537.36"
65.108.235.243 - - [04/Jun/2026:19:01:38 +0200] "GET /assistenza-bosch-correggio/ HTTP/1.1" 200 24706 "-" "WP Fastest Cache Preload Bot"
65.108.235.243 - - [04/Jun/2026:19:01:39 +0200] "GET /assistenza-bosch-reggio-emilia/ HTTP/1.1" 200 24699 "-" "WP Fastest Cache Preload Bot"
65.108.235.243 - - [04/Jun/2026:19:01:40 +0200] "GET /assistenza-ariston-rubiera/ HTTP/1.1" 200 24856 "-" "WP Fastest Cache Preload Bot"
65.108.235.243 - - [04/Jun/2026:19:01:40 +0200] "GET /assistenza-ariston-scandiano/ HTTP/1.1" 200 24828 "-" "WP Fastest Cache Preload Bot"
65.108.235.243 - - [04/Jun/2026:19:06:52 +0200] "POST /wp-cron.php?doing_wp_cron=1780592811.9732840061187744140625 HTTP/1.1" 200 1 "-" "WordPress/7.0; https://reggio-emilia.elettroservicegroup.it"
74.125.151.200 - - [04/Jun/2026:19:06:46 +0200] "GET /assistenza-whirlpool-reggio-emilia/ HTTP/1.1" 200 25062 "-" "Mozilla/5.0 (Linux; Android 6.0.1; Nexus 5X Build/MMB29P) AppleWebKit/537.36 (KHTML, like Gecko) Chrome/148.0.7778.96 Mobile Safari/537.36 (compatible; AdsBot-Google-Mobile; +http://www.google.com/mobile/adsbot.html)"
65.108.235.243 - - [04/Jun/2026:19:06:53 +0200] "GET /assistenza-ariston-santilario-denza/ HTTP/1.1" 200 24880 "-" "WP Fastest Cache Preload Bot"
65.108.235.243 - - [04/Jun/2026:19:06:55 +0200] "GET /assistenza-ariston-guastalla/ HTTP/1.1" 200 24911 "-" "WP Fastest Cache Preload Bot"
65.108.235.243 - - [04/Jun/2026:19:06:58 +0200] "GET /assistenza-ariston-correggio/ HTTP/1.1" 200 24858 "-" "WP Fastest Cache Preload Bot"
65.108.235.243 - - [04/Jun/2026:19:07:02 +0200] "GET /assistenza-ariston-reggio-emilia/ HTTP/1.1" 200 24826 "-" "WP Fastest Cache Preload Bot"
65.108.235.243 - - [04/Jun/2026:19:11:36 +0200] "POST /wp-cron.php?doing_wp_cron=1780593096.6411190032958984375000 HTTP/1.1" 200 1 "-" "WordPress/7.0; https://reggio-emilia.elettroservicegroup.it"
79.21.129.226 - - [04/Jun/2026:19:11:34 +0200] "GET /assistenza-rex-electrolux-reggio-emilia/ HTTP/2.0" 200 25002 "https://www.google.com/" "Mozilla/5.0 (Linux; Android 10; K) AppleWebKit/537.36 (KHTML, like Gecko) Chrome/148.0.0.0 Mobile Safari/537.36"
79.21.129.226 - - [04/Jun/2026:19:11:37 +0200] "GET /wp-content/plugins/elementor/assets/css/widget-image.min.css?ver=4.1.1 HTTP/2.0" 200 96 "https://reggio-emilia.elettroservicegroup.it/assistenza-rex-electrolux-reggio-emilia/" "Mozilla/5.0 (Linux; Android 10; K) AppleWebKit/537.36 (KHTML, like Gecko) Chrome/148.0.0.0 Mobile Safari/537.36"
79.21.129.226 - - [04/Jun/2026:19:11:37 +0200] "GET /wp-content/plugins/complianz-gdpr-premium/assets/css/cookieblocker.min.css?ver=1780326507 HTTP/2.0" 200 615 "https://reggio-emilia.elettroservicegroup.it/assistenza-rex-electrolux-reggio-emilia/" "Mozilla/5.0 (Linux; Android 10; K) AppleWebKit/537.36 (KHTML, like Gecko) Chrome/148.0.0.0 Mobile Safari/537.36"
79.21.129.226 - - [04/Jun/2026:19:11:37 +0200] "GET /wp-content/uploads/elementor/css/post-14366.css?ver=1780586500 HTTP/2.0" 200 302 "https://reggio-emilia.elettroservicegroup.it/assistenza-rex-electrolux-reggio-emilia/" "Mozilla/5.0 (Linux; Android 10; K) AppleWebKit/537.36 (KHTML, like Gecko) Chrome/148.0.0.0 Mobile Safari/537.36"
79.21.129.226 - - [04/Jun/2026:19:11:37 +0200] "GET /wp-content/plugins/elementor/assets/lib/animations/styles/zoomIn.min.css?ver=4.1.1 HTTP/2.0" 200 87 "https://reggio-emilia.elettroservicegroup.it/assistenza-rex-electrolux-reggio-emilia/" "Mozilla/5.0 (Linux; Android 10; K) AppleWebKit/537.36 (KHTML, like Gecko) Chrome/148.0.0.0 Mobile Safari/537.36"
79.21.129.226 - - [04/Jun/2026:19:11:37 +0200] "GET /wp-content/uploads/elementor/css/post-17822.css?ver=1780593096 HTTP/2.0" 200 2174 "https://reggio-emilia.elettroservicegroup.it/assistenza-rex-electrolux-reggio-emilia/" "Mozilla/5.0 (Linux; Android 10; K) AppleWebKit/537.36 (KHTML, like Gecko) Chrome/148.0.0.0 Mobile Safari/537.36"
79.21.129.226 - - [04/Jun/2026:19:11:37 +0200] "GET /wp-content/themes/generatepress/assets/css/main.min.css?ver=3.6.1 HTTP/2.0" 200 4410 "https://reggio-emilia.elettroservicegroup.it/assistenza-rex-electrolux-reggio-emilia/" "Mozilla/5.0 (Linux; Android 10; K) AppleWebKit/537.36 (KHTML, like Gecko) Chrome/148.0.0.0 Mobile Safari/537.36"
79.21.129.226 - - [04/Jun/2026:19:11:37 +0200] "GET /wp-content/plugins/gp-premium/menu-plus/functions/css/navigation-branding-flex.min.css?ver=2.5.5 HTTP/2.0" 200 542 "https://reggio-emilia.elettroservicegroup.it/assistenza-rex-electrolux-reggio-emilia/" "Mozilla/5.0 (Linux; Android 10; K) AppleWebKit/537.36 (KHTML, like Gecko) Chrome/148.0.0.0 Mobile Safari/537.36"
79.21.129.226 - - [04/Jun/2026:19:11:37 +0200] "GET /wp-content/uploads/elementor/google-fonts/css/roboto.css?ver=1742255001 HTTP/2.0" 200 1890 "https://reggio-emilia.elettroservicegroup.it/assistenza-rex-electrolux-reggio-emilia/" "Mozilla/5.0 (Linux; Android 10; K) AppleWebKit/537.36 (KHTML, like Gecko) Chrome/148.0.0.0 Mobile Safari/537.36"
79.21.129.226 - - [04/Jun/2026:19:11:37 +0200] "GET /wp-content/plugins/elementor/assets/lib/font-awesome/css/solid.css?ver=5.15.3 HTTP/2.0" 200 299 "https://reggio-emilia.elettroservicegroup.it/assistenza-rex-electrolux-reggio-emilia/" "Mozilla/5.0 (Linux; Android 10; K) AppleWebKit/537.36 (KHTML, like Gecko) Chrome/148.0.0.0 Mobile Safari/537.36"
79.21.129.226 - - [04/Jun/2026:19:11:37 +0200] "GET /wp-content/plugins/elementor/assets/lib/font-awesome/css/brands.css?ver=5.15.3 HTTP/2.0" 200 298 "https://reggio-emilia.elettroservicegroup.it/assistenza-rex-electrolux-reggio-emilia/" "Mozilla/5.0 (Linux; Android 10; K) AppleWebKit/537.36 (KHTML, like Gecko) Chrome/148.0.0.0 Mobile Safari/537.36"
79.21.129.226 - - [04/Jun/2026:19:11:37 +0200] "GET /wp-content/plugins/elementor/assets/css/widget-social-icons.min.css?ver=3.24.0 HTTP/2.0" 200 1039 "https://reggio-emilia.elettroservicegroup.it/assistenza-rex-electrolux-reggio-emilia/" "Mozilla/5.0 (Linux; Android 10; K) AppleWebKit/537.36 (KHTML, like Gecko) Chrome/148.0.0.0 Mobile Safari/537.36"
79.21.129.226 - - [04/Jun/2026:19:11:37 +0200] "GET /wp-content/uploads/elementor/css/post-14146.css?ver=1780586498 HTTP/2.0" 200 428 "https://reggio-emilia.elettroservicegroup.it/assistenza-rex-electrolux-reggio-emilia/" "Mozilla/5.0 (Linux; Android 10; K) AppleWebKit/537.36 (KHTML, like Gecko) Chrome/148.0.0.0 Mobile Safari/537.36"
79.21.129.226 - - [04/Jun/2026:19:11:37 +0200] "GET /wp-content/plugins/header-footer-elementor/assets/css/header-footer-elementor.css?ver=2.8.8 HTTP/2.0" 200 260 "https://reggio-emilia.elettroservicegroup.it/assistenza-rex-electrolux-reggio-emilia/" "Mozilla/5.0 (Linux; Android 10; K) AppleWebKit/537.36 (KHTML, like Gecko) Chrome/148.0.0.0 Mobile Safari/537.36"
79.21.129.226 - - [04/Jun/2026:19:11:37 +0200] "GET /wp-content/plugins/all-in-one-seo-pack/dist/Lite/assets/css/table-of-contents/global.e90f6d47.css?ver=4.9.7.2 HTTP/2.0" 200 420 "https://reggio-emilia.elettroservicegroup.it/assistenza-rex-electrolux-reggio-emilia/" "Mozilla/5.0 (Linux; Android 10; K) AppleWebKit/537.36 (KHTML, like Gecko) Chrome/148.0.0.0 Mobile Safari/537.36"
79.21.129.226 - - [04/Jun/2026:19:11:37 +0200] "GET /wp-content/plugins/elementor/assets/css/widget-icon-list.min.css?ver=3.24.3 HTTP/2.0" 200 928 "https://reggio-emilia.elettroservicegroup.it/assistenza-rex-electrolux-reggio-emilia/" "Mozilla/5.0 (Linux; Android 10; K) AppleWebKit/537.36 (KHTML, like Gecko) Chrome/148.0.0.0 Mobile Safari/537.36"
