89.101.91.102 - - [04/Jun/2026:17:44:12 +0200] "GET /wp-includes/js/dist/priority-queue.min.js?ver=1f0e89e247bc0bd3f9b9 HTTP/2.0" 200 1492 "https://reggio-emilia.elettroservicegroup.it/wp-admin/" "Mozilla/5.0 (Windows NT 10.0; Win64; x64) AppleWebKit/537.36 (KHTML, like Gecko) Chrome/148.0.0.0 Safari/537.36"
89.101.91.102 - - [04/Jun/2026:17:44:12 +0200] "GET /wp-includes/js/dist/compose.min.js?ver=edb5a8c0b5bf71686403 HTTP/2.0" 200 10733 "https://reggio-emilia.elettroservicegroup.it/wp-admin/" "Mozilla/5.0 (Windows NT 10.0; Win64; x64) AppleWebKit/537.36 (KHTML, like Gecko) Chrome/148.0.0.0 Safari/537.36"
89.101.91.102 - - [04/Jun/2026:17:44:12 +0200] "GET /wp-includes/js/dist/html-entities.min.js?ver=8c6fa5b869dfeadc4af2 HTTP/2.0" 200 418 "https://reggio-emilia.elettroservicegroup.it/wp-admin/" "Mozilla/5.0 (Windows NT 10.0; Win64; x64) AppleWebKit/537.36 (KHTML, like Gecko) Chrome/148.0.0.0 Safari/537.36"
89.101.91.102 - - [04/Jun/2026:17:44:12 +0200] "GET /wp-includes/js/dist/primitives.min.js?ver=a5c905ec27bcd76ef287 HTTP/2.0" 200 923 "https://reggio-emilia.elettroservicegroup.it/wp-admin/" "Mozilla/5.0 (Windows NT 10.0; Win64; x64) AppleWebKit/537.36 (KHTML, like Gecko) Chrome/148.0.0.0 Safari/537.36"
89.101.91.102 - - [04/Jun/2026:17:44:12 +0200] "GET /wp-includes/js/dist/private-apis.min.js?ver=835912f0086b9e59aed4 HTTP/2.0" 200 977 "https://reggio-emilia.elettroservicegroup.it/wp-admin/" "Mozilla/5.0 (Windows NT 10.0; Win64; x64) AppleWebKit/537.36 (KHTML, like Gecko) Chrome/148.0.0.0 Safari/537.36"
89.101.91.102 - - [04/Jun/2026:17:44:12 +0200] "GET /wp-includes/js/dist/redux-routine.min.js?ver=64f9f5001aabc046c605 HTTP/2.0" 200 3203 "https://reggio-emilia.elettroservicegroup.it/wp-admin/" "Mozilla/5.0 (Windows NT 10.0; Win64; x64) AppleWebKit/537.36 (KHTML, like Gecko) Chrome/148.0.0.0 Safari/537.36"
89.101.91.102 - - [04/Jun/2026:17:44:12 +0200] "GET /wp-includes/js/dist/data.min.js?ver=1756b6a2676c1b3369ab HTTP/2.0" 200 9408 "https://reggio-emilia.elettroservicegroup.it/wp-admin/" "Mozilla/5.0 (Windows NT 10.0; Win64; x64) AppleWebKit/537.36 (KHTML, like Gecko) Chrome/148.0.0.0 Safari/537.36"
89.101.91.102 - - [04/Jun/2026:17:44:12 +0200] "GET /wp-includes/js/dist/rich-text.min.js?ver=16449e6108f48327f368 HTTP/2.0" 200 13474 "https://reggio-emilia.elettroservicegroup.it/wp-admin/" "Mozilla/5.0 (Windows NT 10.0; Win64; x64) AppleWebKit/537.36 (KHTML, like Gecko) Chrome/148.0.0.0 Safari/537.36"
89.101.91.102 - - [04/Jun/2026:17:44:12 +0200] "GET /wp-includes/js/dist/warning.min.js?ver=36fdbdc984d93aee8a97 HTTP/2.0" 200 387 "https://reggio-emilia.elettroservicegroup.it/wp-admin/" "Mozilla/5.0 (Windows NT 10.0; Win64; x64) AppleWebKit/537.36 (KHTML, like Gecko) Chrome/148.0.0.0 Safari/537.36"
89.101.91.102 - - [04/Jun/2026:17:44:12 +0200] "GET /wp-includes/js/dist/keyboard-shortcuts.min.js?ver=2ed78d3b4c23f38804e0 HTTP/2.0" 200 1460 "https://reggio-emilia.elettroservicegroup.it/wp-admin/" "Mozilla/5.0 (Windows NT 10.0; Win64; x64) AppleWebKit/537.36 (KHTML, like Gecko) Chrome/148.0.0.0 Safari/537.36"
89.101.91.102 - - [04/Jun/2026:17:44:12 +0200] "GET /wp-includes/js/dist/components.min.js?ver=5dedfe13f08880193a28 HTTP/2.0" 200 246347 "https://reggio-emilia.elettroservicegroup.it/wp-admin/" "Mozilla/5.0 (Windows NT 10.0; Win64; x64) AppleWebKit/537.36 (KHTML, like Gecko) Chrome/148.0.0.0 Safari/537.36"
89.101.91.102 - - [04/Jun/2026:17:44:12 +0200] "GET /wp-includes/js/dist/commands.min.js?ver=e3d8bba53f4ffea4fcd2 HTTP/2.0" 200 19301 "https://reggio-emilia.elettroservicegroup.it/wp-admin/" "Mozilla/5.0 (Windows NT 10.0; Win64; x64) AppleWebKit/537.36 (KHTML, like Gecko) Chrome/148.0.0.0 Safari/537.36"
89.101.91.102 - - [04/Jun/2026:17:44:16 +0200] "GET /wp-includes/js/dist/api-fetch.min.js?ver=d7efe4dc1468d36c39b8 HTTP/2.0" 200 2676 "https://reggio-emilia.elettroservicegroup.it/wp-admin/" "Mozilla/5.0 (Windows NT 10.0; Win64; x64) AppleWebKit/537.36 (KHTML, like Gecko) Chrome/148.0.0.0 Safari/537.36"
89.101.91.102 - - [04/Jun/2026:17:44:16 +0200] "GET /wp-includes/js/dist/blob.min.js?ver=198af75fe06d924090d8 HTTP/2.0" 200 539 "https://reggio-emilia.elettroservicegroup.it/wp-admin/" "Mozilla/5.0 (Windows NT 10.0; Win64; x64) AppleWebKit/537.36 (KHTML, like Gecko) Chrome/148.0.0.0 Safari/537.36"
89.101.91.102 - - [04/Jun/2026:17:44:16 +0200] "GET /wp-includes/js/dist/block-serialization-default-parser.min.js?ver=bff55bd3f1ce9df0c99c HTTP/2.0" 200 1070 "https://reggio-emilia.elettroservicegroup.it/wp-admin/" "Mozilla/5.0 (Windows NT 10.0; Win64; x64) AppleWebKit/537.36 (KHTML, like Gecko) Chrome/148.0.0.0 Safari/537.36"
89.101.91.102 - - [04/Jun/2026:17:44:16 +0200] "GET /wp-includes/js/dist/autop.min.js?ver=9d0d0901b46f0a9027c9 HTTP/2.0" 200 2045 "https://reggio-emilia.elettroservicegroup.it/wp-admin/" "Mozilla/5.0 (Windows NT 10.0; Win64; x64) AppleWebKit/537.36 (KHTML, like Gecko) Chrome/148.0.0.0 Safari/537.36"
89.101.91.102 - - [04/Jun/2026:17:44:16 +0200] "GET /wp-includes/js/dist/shortcode.min.js?ver=11742fe18cc215d3d5ab HTTP/2.0" 200 1478 "https://reggio-emilia.elettroservicegroup.it/wp-admin/" "Mozilla/5.0 (Windows NT 10.0; Win64; x64) AppleWebKit/537.36 (KHTML, like Gecko) Chrome/148.0.0.0 Safari/537.36"
89.101.91.102 - - [04/Jun/2026:17:44:17 +0200] "GET /wp-includes/js/dist/preferences-persistence.min.js?ver=e8033be98338d1861bca HTTP/2.0" 200 2034 "https://reggio-emilia.elettroservicegroup.it/wp-admin/" "Mozilla/5.0 (Windows NT 10.0; Win64; x64) AppleWebKit/537.36 (KHTML, like Gecko) Chrome/148.0.0.0 Safari/537.36"
89.101.91.102 - - [04/Jun/2026:17:44:17 +0200] "GET /wp-includes/js/dist/notices.min.js?ver=218d0173a31ae7269246 HTTP/2.0" 200 1735 "https://reggio-emilia.elettroservicegroup.it/wp-admin/" "Mozilla/5.0 (Windows NT 10.0; Win64; x64) AppleWebKit/537.36 (KHTML, like Gecko) Chrome/148.0.0.0 Safari/537.36"
89.101.91.102 - - [04/Jun/2026:17:44:17 +0200] "GET /wp-includes/js/dist/blocks.min.js?ver=ef38e42500165bfda301 HTTP/2.0" 200 53864 "https://reggio-emilia.elettroservicegroup.it/wp-admin/" "Mozilla/5.0 (Windows NT 10.0; Win64; x64) AppleWebKit/537.36 (KHTML, like Gecko) Chrome/148.0.0.0 Safari/537.36"
89.101.91.102 - - [04/Jun/2026:17:44:18 +0200] "GET /wp-includes/js/dist/preferences.min.js?ver=035813168e404aa30193 HTTP/2.0" 200 3093 "https://reggio-emilia.elettroservicegroup.it/wp-admin/" "Mozilla/5.0 (Windows NT 10.0; Win64; x64) AppleWebKit/537.36 (KHTML, like Gecko) Chrome/148.0.0.0 Safari/537.36"
89.101.91.102 - - [04/Jun/2026:17:44:19 +0200] "GET /wp-includes/js/dist/style-engine.min.js?ver=faa37ce61b7ec8394b2a HTTP/2.0" 200 2218 "https://reggio-emilia.elettroservicegroup.it/wp-admin/" "Mozilla/5.0 (Windows NT 10.0; Win64; x64) AppleWebKit/537.36 (KHTML, like Gecko) Chrome/148.0.0.0 Safari/537.36"
89.101.91.102 - - [04/Jun/2026:17:44:20 +0200] "GET /wp-includes/js/dist/token-list.min.js?ver=16f0aebdd39d87c2a84b HTTP/2.0" 200 656 "https://reggio-emilia.elettroservicegroup.it/wp-admin/" "Mozilla/5.0 (Windows NT 10.0; Win64; x64) AppleWebKit/537.36 (KHTML, like Gecko) Chrome/148.0.0.0 Safari/537.36"
89.101.91.102 - - [04/Jun/2026:17:44:20 +0200] "GET /wp-includes/js/dist/theme.min.js?ver=e22ce547a4420507b323 HTTP/2.0" 200 21178 "https://reggio-emilia.elettroservicegroup.it/wp-admin/" "Mozilla/5.0 (Windows NT 10.0; Win64; x64) AppleWebKit/537.36 (KHTML, like Gecko) Chrome/148.0.0.0 Safari/537.36"
89.101.91.102 - - [04/Jun/2026:17:44:20 +0200] "GET /wp-includes/js/dist/upload-media.min.js?ver=d359c2cccf866d7082d2 HTTP/2.0" 200 7521 "https://reggio-emilia.elettroservicegroup.it/wp-admin/" "Mozilla/5.0 (Windows NT 10.0; Win64; x64) AppleWebKit/537.36 (KHTML, like Gecko) Chrome/148.0.0.0 Safari/537.36"
89.101.91.102 - - [04/Jun/2026:17:44:20 +0200] "GET /wp-includes/js/dist/block-editor.min.js?ver=93c3566b7f24c15b7e17 HTTP/2.0" 200 303445 "https://reggio-emilia.elettroservicegroup.it/wp-admin/" "Mozilla/5.0 (Windows NT 10.0; Win64; x64) AppleWebKit/537.36 (KHTML, like Gecko) Chrome/148.0.0.0 Safari/537.36"
89.101.91.102 - - [04/Jun/2026:17:44:20 +0200] "GET /wp-includes/js/dist/core-data.min.js?ver=89931f90e4df5eb5f8a3 HTTP/2.0" 200 64814 "https://reggio-emilia.elettroservicegroup.it/wp-admin/" "Mozilla/5.0 (Windows NT 10.0; Win64; x64) AppleWebKit/537.36 (KHTML, like Gecko) Chrome/148.0.0.0 Safari/537.36"
89.101.91.102 - - [04/Jun/2026:17:44:20 +0200] "GET /wp-includes/js/dist/router.min.js?ver=0249e6724784b1c2583b HTTP/2.0" 200 5736 "https://reggio-emilia.elettroservicegroup.it/wp-admin/" "Mozilla/5.0 (Windows NT 10.0; Win64; x64) AppleWebKit/537.36 (KHTML, like Gecko) Chrome/148.0.0.0 Safari/537.36"
89.101.91.102 - - [04/Jun/2026:17:44:24 +0200] "GET /wp-includes/js/dist/core-commands.min.js?ver=b209152e7e51279d7c28 HTTP/2.0" 200 3958 "https://reggio-emilia.elettroservicegroup.it/wp-admin/" "Mozilla/5.0 (Windows NT 10.0; Win64; x64) AppleWebKit/537.36 (KHTML, like Gecko) Chrome/148.0.0.0 Safari/537.36"
89.101.91.102 - - [04/Jun/2026:17:44:24 +0200] "GET /wp-content/plugins/elementor/vendor/elementor/wp-one-package/assets/build/common.js?ver=71fc09ea1a9e23155639 HTTP/2.0" 200 120 "https://reggio-emilia.elettroservicegroup.it/wp-admin/" "Mozilla/5.0 (Windows NT 10.0; Win64; x64) AppleWebKit/537.36 (KHTML, like Gecko) Chrome/148.0.0.0 Safari/537.36"
89.101.91.102 - - [04/Jun/2026:17:44:24 +0200] "GET /wp-content/plugins/google-analytics-for-wordpress/assets/js/admin-common.min.js?ver=10.2.2 HTTP/2.0" 200 530 "https://reggio-emilia.elettroservicegroup.it/wp-admin/" "Mozilla/5.0 (Windows NT 10.0; Win64; x64) AppleWebKit/537.36 (KHTML, like Gecko) Chrome/148.0.0.0 Safari/537.36"
89.101.91.102 - - [04/Jun/2026:17:44:24 +0200] "GET /wp-content/plugins/google-analytics-for-wordpress/assets/js/admin-setup-wizard.js?ver=10.2.2 HTTP/2.0" 200 738 "https://reggio-emilia.elettroservicegroup.it/wp-admin/" "Mozilla/5.0 (Windows NT 10.0; Win64; x64) AppleWebKit/537.36 (KHTML, like Gecko) Chrome/148.0.0.0 Safari/537.36"
89.101.91.102 - - [04/Jun/2026:17:44:24 +0200] "GET /wp-content/plugins/google-analytics-for-wordpress/assets/js/admin-metabox-sitenotes.js?ver=10.2.2 HTTP/2.0" 200 277 "https://reggio-emilia.elettroservicegroup.it/wp-admin/" "Mozilla/5.0 (Windows NT 10.0; Win64; x64) AppleWebKit/537.36 (KHTML, like Gecko) Chrome/148.0.0.0 Safari/537.36"
89.101.91.102 - - [04/Jun/2026:17:44:24 +0200] "GET /wp-content/plugins/elementor/assets/js/editor-one-menu.min.js?ver=4.1.1 HTTP/2.0" 200 3279 "https://reggio-emilia.elettroservicegroup.it/wp-admin/" "Mozilla/5.0 (Windows NT 10.0; Win64; x64) AppleWebKit/537.36 (KHTML, like Gecko) Chrome/148.0.0.0 Safari/537.36"
89.101.91.102 - - [04/Jun/2026:17:44:24 +0200] "GET /wp-content/plugins/elementor/assets/js/import-export-admin.min.js?ver=4.1.1 HTTP/2.0" 200 2032 "https://reggio-emilia.elettroservicegroup.it/wp-admin/" "Mozilla/5.0 (Windows NT 10.0; Win64; x64) AppleWebKit/537.36 (KHTML, like Gecko) Chrome/148.0.0.0 Safari/537.36"
89.101.91.102 - - [04/Jun/2026:17:44:25 +0200] "GET /wp-content/plugins/elementor/assets/js/import-export-customization-admin.min.js?ver=4.1.1 HTTP/2.0" 200 10967 "https://reggio-emilia.elettroservicegroup.it/wp-admin/" "Mozilla/5.0 (Windows NT 10.0; Win64; x64) AppleWebKit/537.36 (KHTML, like Gecko) Chrome/148.0.0.0 Safari/537.36"
89.101.91.102 - - [04/Jun/2026:17:44:25 +0200] "GET /wp-content/plugins/elementor/assets/js/admin-modules.min.js?ver=4.1.1 HTTP/2.0" 200 4659 "https://reggio-emilia.elettroservicegroup.it/wp-admin/" "Mozilla/5.0 (Windows NT 10.0; Win64; x64) AppleWebKit/537.36 (KHTML, like Gecko) Chrome/148.0.0.0 Safari/537.36"
89.101.91.102 - - [04/Jun/2026:17:44:25 +0200] "GET /wp-content/plugins/elementor/assets/js/admin.min.js?ver=4.1.1 HTTP/2.0" 200 20641 "https://reggio-emilia.elettroservicegroup.it/wp-admin/" "Mozilla/5.0 (Windows NT 10.0; Win64; x64) AppleWebKit/537.36 (KHTML, like Gecko) Chrome/148.0.0.0 Safari/537.36"
89.101.91.102 - - [04/Jun/2026:17:44:25 +0200] "GET /wp-content/plugins/elementor/assets/js/media-hints.min.js?ver=4.1.1 HTTP/2.0" 200 2186 "https://reggio-emilia.elettroservicegroup.it/wp-admin/" "Mozilla/5.0 (Windows NT 10.0; Win64; x64) AppleWebKit/537.36 (KHTML, like Gecko) Chrome/148.0.0.0 Safari/537.36"
89.101.91.102 - - [04/Jun/2026:17:44:25 +0200] "GET /wp-content/plugins/optinmonster/assets/dist/js/global.min.js?ver=2.16.24 HTTP/2.0" 200 506 "https://reggio-emilia.elettroservicegroup.it/wp-admin/" "Mozilla/5.0 (Windows NT 10.0; Win64; x64) AppleWebKit/537.36 (KHTML, like Gecko) Chrome/148.0.0.0 Safari/537.36"
89.101.91.102 - - [04/Jun/2026:17:44:25 +0200] "GET /wp-content/plugins/wp-fastest-cache/js/column.js?ver=1780587828 HTTP/2.0" 200 437 "https://reggio-emilia.elettroservicegroup.it/wp-admin/" "Mozilla/5.0 (Windows NT 10.0; Win64; x64) AppleWebKit/537.36 (KHTML, like Gecko) Chrome/148.0.0.0 Safari/537.36"
89.101.91.102 - - [04/Jun/2026:17:44:25 +0200] "GET /wp-content/plugins/header-footer-elementor/admin/assets/js/ehf-admin.js?ver=2.8.8 HTTP/2.0" 200 3615 "https://reggio-emilia.elettroservicegroup.it/wp-admin/" "Mozilla/5.0 (Windows NT 10.0; Win64; x64) AppleWebKit/537.36 (KHTML, like Gecko) Chrome/148.0.0.0 Safari/537.36"
89.101.91.102 - - [04/Jun/2026:17:44:25 +0200] "GET /wp-content/plugins/wp-fastest-cache/js/toolbar.js?ver=1780587828 HTTP/2.0" 200 1003 "https://reggio-emilia.elettroservicegroup.it/wp-admin/" "Mozilla/5.0 (Windows NT 10.0; Win64; x64) AppleWebKit/537.36 (KHTML, like Gecko) Chrome/148.0.0.0 Safari/537.36"
89.101.91.102 - - [04/Jun/2026:17:44:26 +0200] "GET /wp-content/plugins/google-analytics-for-wordpress/lite/assets/vue/js/chunks/vendor-1d873285.min.js HTTP/2.0" 200 466710 "https://reggio-emilia.elettroservicegroup.it/wp-content/plugins/google-analytics-for-wordpress/lite/assets/vue/js/widget.min.js?ver=10.2.2" "Mozilla/5.0 (Windows NT 10.0; Win64; x64) AppleWebKit/537.36 (KHTML, like Gecko) Chrome/148.0.0.0 Safari/537.36"
89.101.91.102 - - [04/Jun/2026:17:44:26 +0200] "GET /wp-content/plugins/google-analytics-for-wordpress/lite/assets/vue/js/chunks/report-table-helper-bff2a505.min.js HTTP/2.0" 200 7477 "https://reggio-emilia.elettroservicegroup.it/wp-content/plugins/google-analytics-for-wordpress/lite/assets/vue/js/widget.min.js?ver=10.2.2" "Mozilla/5.0 (Windows NT 10.0; Win64; x64) AppleWebKit/537.36 (KHTML, like Gecko) Chrome/148.0.0.0 Safari/537.36"
89.101.91.102 - - [04/Jun/2026:17:44:26 +0200] "GET /wp-content/plugins/google-analytics-for-wordpress/lite/assets/vue/js/chunks/monsterinsights-helper-plugin-d5dab654.min.js HTTP/2.0" 200 39795 "https://reggio-emilia.elettroservicegroup.it/wp-content/plugins/google-analytics-for-wordpress/lite/assets/vue/js/widget.min.js?ver=10.2.2" "Mozilla/5.0 (Windows NT 10.0; Win64; x64) AppleWebKit/537.36 (KHTML, like Gecko) Chrome/148.0.0.0 Safari/537.36"
89.101.91.102 - - [04/Jun/2026:17:44:26 +0200] "GET /wp-content/plugins/elementor/assets/js/packages/schema/schema.min.js?ver=4.1.1 HTTP/2.0" 200 54109 "https://reggio-emilia.elettroservicegroup.it/wp-admin/" "Mozilla/5.0 (Windows NT 10.0; Win64; x64) AppleWebKit/537.36 (KHTML, like Gecko) Chrome/148.0.0.0 Safari/537.36"
89.101.91.102 - - [04/Jun/2026:17:44:26 +0200] "GET /wp-content/plugins/elementor/assets/js/packages/editor-mcp/editor-mcp.min.js?ver=4.1.1 HTTP/2.0" 200 111413 "https://reggio-emilia.elettroservicegroup.it/wp-admin/" "Mozilla/5.0 (Windows NT 10.0; Win64; x64) AppleWebKit/537.36 (KHTML, like Gecko) Chrome/148.0.0.0 Safari/537.36"
89.101.91.102 - - [04/Jun/2026:17:44:27 +0200] "GET /wp-content/plugins/elementor/assets/js/packages/elementor-mcp-common/elementor-mcp-common.min.js?ver=4.1.1 HTTP/2.0" 200 2710 "https://reggio-emilia.elettroservicegroup.it/wp-admin/" "Mozilla/5.0 (Windows NT 10.0; Win64; x64) AppleWebKit/537.36 (KHTML, like Gecko) Chrome/148.0.0.0 Safari/537.36"
89.101.91.102 - - [04/Jun/2026:17:44:27 +0200] "GET /wp-content/plugins/header-footer-elementor/inc/lib/astra-notices/notices.js?ver=1.1.16 HTTP/2.0" 200 655 "https://reggio-emilia.elettroservicegroup.it/wp-admin/" "Mozilla/5.0 (Windows NT 10.0; Win64; x64) AppleWebKit/537.36 (KHTML, like Gecko) Chrome/148.0.0.0 Safari/537.36"
89.101.91.102 - - [04/Jun/2026:17:44:27 +0200] "GET /wp-content/plugins/google-analytics-for-wordpress/lite/assets/admin-bar/index.js?ver=9456bd1f8aae1e62dea8 HTTP/2.0" 200 4438 "https://reggio-emilia.elettroservicegroup.it/wp-admin/" "Mozilla/5.0 (Windows NT 10.0; Win64; x64) AppleWebKit/537.36 (KHTML, like Gecko) Chrome/148.0.0.0 Safari/537.36"
89.101.91.102 - - [04/Jun/2026:17:44:27 +0200] "GET /wp-content/plugins/elementor/assets/js/packages/elementor-capabilities-mcp/elementor-capabilities-mcp.min.js?ver=4.1.1 HTTP/2.0" 200 81643 "https://reggio-emilia.elettroservicegroup.it/wp-admin/" "Mozilla/5.0 (Windows NT 10.0; Win64; x64) AppleWebKit/537.36 (KHTML, like Gecko) Chrome/148.0.0.0 Safari/537.36"
89.101.91.102 - - [04/Jun/2026:17:44:27 +0200] "GET /wp-content/plugins/header-footer-elementor/assets/images/settings/dashboard-logo.svg HTTP/2.0" 200 7896 "https://reggio-emilia.elettroservicegroup.it/wp-admin/" "Mozilla/5.0 (Windows NT 10.0; Win64; x64) AppleWebKit/537.36 (KHTML, like Gecko) Chrome/148.0.0.0 Safari/537.36"
89.101.91.102 - - [04/Jun/2026:17:44:27 +0200] "GET /wp-content/plugins/all-in-one-wp-migration/lib/view/assets/img/logo-20x20.png HTTP/2.0" 200 876 "https://reggio-emilia.elettroservicegroup.it/wp-admin/" "Mozilla/5.0 (Windows NT 10.0; Win64; x64) AppleWebKit/537.36 (KHTML, like Gecko) Chrome/148.0.0.0 Safari/537.36"
89.101.91.102 - - [04/Jun/2026:17:44:27 +0200] "GET /wp-content/plugins/elementor/assets/lib/eicons/fonts/eicons.woff2?5.49.0 HTTP/2.0" 200 106049 "https://reggio-emilia.elettroservicegroup.it/wp-content/plugins/elementor/assets/lib/eicons/css/elementor-icons.min.css?ver=5.49.0" "Mozilla/5.0 (Windows NT 10.0; Win64; x64) AppleWebKit/537.36 (KHTML, like Gecko) Chrome/148.0.0.0 Safari/537.36"
65.108.235.243 - - [04/Jun/2026:17:44:29 +0200] "POST /wp-cron.php?doing_wp_cron=1780587869.2713708877563476562500 HTTP/1.1" 200 1 "-" "WordPress/7.0; https://reggio-emilia.elettroservicegroup.it"
89.101.91.102 - - [04/Jun/2026:17:44:27 +0200] "POST /wp-admin/admin-ajax.php HTTP/2.0" 200 51 "https://reggio-emilia.elettroservicegroup.it/wp-admin/" "Mozilla/5.0 (Windows NT 10.0; Win64; x64) AppleWebKit/537.36 (KHTML, like Gecko) Chrome/148.0.0.0 Safari/537.36"
89.101.91.102 - - [04/Jun/2026:17:44:37 +0200] "GET /wp-content/plugins/google-analytics-for-wordpress/lite/assets/vue/fonts/icons.woff2?v=7.5.0 HTTP/2.0" 200 15330 "https://reggio-emilia.elettroservicegroup.it/wp-content/plugins/google-analytics-for-wordpress/lite/assets/vue/css/widget.css?ver=10.2.2" "Mozilla/5.0 (Windows NT 10.0; Win64; x64) AppleWebKit/537.36 (KHTML, like Gecko) Chrome/148.0.0.0 Safari/537.36"
89.101.91.102 - - [04/Jun/2026:17:44:37 +0200] "GET /wp-admin/admin-ajax.php?action=wp-compression-test&test=1&_ajax_nonce=038ecc0854&1780587877465 HTTP/2.0" 200 571 "https://reggio-emilia.elettroservicegroup.it/wp-admin/" "Mozilla/5.0 (Windows NT 10.0; Win64; x64) AppleWebKit/537.36 (KHTML, like Gecko) Chrome/148.0.0.0 Safari/537.36"
89.101.91.102 - - [04/Jun/2026:17:44:37 +0200] "GET /wp-includes/js/thickbox/loadingAnimation.gif HTTP/2.0" 200 15238 "https://reggio-emilia.elettroservicegroup.it/wp-admin/" "Mozilla/5.0 (Windows NT 10.0; Win64; x64) AppleWebKit/537.36 (KHTML, like Gecko) Chrome/148.0.0.0 Safari/537.36"
89.101.91.102 - - [04/Jun/2026:17:44:37 +0200] "POST /wp-admin/admin-ajax.php HTTP/2.0" 200 5 "https://reggio-emilia.elettroservicegroup.it/wp-admin/" "Mozilla/5.0 (Windows NT 10.0; Win64; x64) AppleWebKit/537.36 (KHTML, like Gecko) Chrome/148.0.0.0 Safari/537.36"
89.101.91.102 - - [04/Jun/2026:17:44:37 +0200] "GET /wp-admin/admin-ajax.php?action=wp-compression-test&test=2&_ajax_nonce=038ecc0854&1780587877966 HTTP/2.0" 200 572 "https://reggio-emilia.elettroservicegroup.it/wp-admin/" "Mozilla/5.0 (Windows NT 10.0; Win64; x64) AppleWebKit/537.36 (KHTML, like Gecko) Chrome/148.0.0.0 Safari/537.36"
89.101.91.102 - - [04/Jun/2026:17:44:37 +0200] "POST /wp-admin/admin-ajax.php HTTP/2.0" 200 369 "https://reggio-emilia.elettroservicegroup.it/wp-admin/" "Mozilla/5.0 (Windows NT 10.0; Win64; x64) AppleWebKit/537.36 (KHTML, like Gecko) Chrome/148.0.0.0 Safari/537.36"
89.101.91.102 - - [04/Jun/2026:17:44:37 +0200] "GET /wp-json/omapp/v1/notifications HTTP/2.0" 200 1025 "https://reggio-emilia.elettroservicegroup.it/wp-admin/" "Mozilla/5.0 (Windows NT 10.0; Win64; x64) AppleWebKit/537.36 (KHTML, like Gecko) Chrome/148.0.0.0 Safari/537.36"
89.101.91.102 - - [04/Jun/2026:17:44:37 +0200] "POST /wp-admin/admin-ajax.php HTTP/2.0" 200 301 "https://reggio-emilia.elettroservicegroup.it/wp-admin/" "Mozilla/5.0 (Windows NT 10.0; Win64; x64) AppleWebKit/537.36 (KHTML, like Gecko) Chrome/148.0.0.0 Safari/537.36"
89.101.91.102 - - [04/Jun/2026:17:44:37 +0200] "POST /wp-admin/admin-ajax.php HTTP/2.0" 200 56 "https://reggio-emilia.elettroservicegroup.it/wp-admin/" "Mozilla/5.0 (Windows NT 10.0; Win64; x64) AppleWebKit/537.36 (KHTML, like Gecko) Chrome/148.0.0.0 Safari/537.36"
89.101.91.102 - - [04/Jun/2026:17:44:40 +0200] "GET /wp-admin/admin-ajax.php?action=wp-compression-test&test=yes&_ajax_nonce=038ecc0854&1780587880382 HTTP/2.0" 200 5 "https://reggio-emilia.elettroservicegroup.it/wp-admin/" "Mozilla/5.0 (Windows NT 10.0; Win64; x64) AppleWebKit/537.36 (KHTML, like Gecko) Chrome/148.0.0.0 Safari/537.36"
89.101.91.102 - - [04/Jun/2026:17:44:37 +0200] "GET /wp-admin/admin-ajax.php?action=dashboard-widgets&widget=dashboard_primary&pagenow=dashboard HTTP/2.0" 200 195 "https://reggio-emilia.elettroservicegroup.it/wp-admin/" "Mozilla/5.0 (Windows NT 10.0; Win64; x64) AppleWebKit/537.36 (KHTML, like Gecko) Chrome/148.0.0.0 Safari/537.36"
89.101.91.102 - - [04/Jun/2026:17:44:41 +0200] "POST /wp-admin/admin-ajax.php HTTP/2.0" 200 369 "https://reggio-emilia.elettroservicegroup.it/wp-admin/" "Mozilla/5.0 (Windows NT 10.0; Win64; x64) AppleWebKit/537.36 (KHTML, like Gecko) Chrome/148.0.0.0 Safari/537.36"
89.101.91.102 - - [04/Jun/2026:17:44:44 +0200] "GET /wp-admin/admin.php?page=Wordfence HTTP/2.0" 200 204944 "https://reggio-emilia.elettroservicegroup.it/wp-admin/" "Mozilla/5.0 (Windows NT 10.0; Win64; x64) AppleWebKit/537.36 (KHTML, like Gecko) Chrome/148.0.0.0 Safari/537.36"
89.101.91.102 - - [04/Jun/2026:17:44:47 +0200] "GET /wp-content/plugins/wordfence/css/wf-roboto-font.1778685035.css?ver=8.2.2 HTTP/2.0" 200 448 "https://reggio-emilia.elettroservicegroup.it/wp-admin/admin.php?page=Wordfence" "Mozilla/5.0 (Windows NT 10.0; Win64; x64) AppleWebKit/537.36 (KHTML, like Gecko) Chrome/148.0.0.0 Safari/537.36"
89.101.91.102 - - [04/Jun/2026:17:44:47 +0200] "GET /wp-content/plugins/wp-fastest-cache/css/style.css?ver=1780587885 HTTP/2.0" 200 6774 "https://reggio-emilia.elettroservicegroup.it/wp-admin/admin.php?page=Wordfence" "Mozilla/5.0 (Windows NT 10.0; Win64; x64) AppleWebKit/537.36 (KHTML, like Gecko) Chrome/148.0.0.0 Safari/537.36"
89.101.91.102 - - [04/Jun/2026:17:44:47 +0200] "GET /wp-admin/load-styles.php?c=1&dir=ltr&load%5Bchunk_0%5D=dashicons,admin-bar,wp-pointer,common,forms,admin-menu,dashboard,list-tables,edit,revisions,media,themes,about,nav-menus,widgets&load%5Bchunk_1%5D=,site-icon,l10n,wp-base-styles,buttons,wp-auth-check,wp-components,wp-commands&ver=7.0 HTTP/2.0" 200 111453 "https://reggio-emilia.elettroservicegroup.it/wp-admin/admin.php?page=Wordfence" "Mozilla/5.0 (Windows NT 10.0; Win64; x64) AppleWebKit/537.36 (KHTML, like Gecko) Chrome/148.0.0.0 Safari/537.36"
89.101.91.102 - - [04/Jun/2026:17:44:48 +0200] "GET /wp-content/plugins/wordfence/css/wf-ionicons.1778685035.css?ver=8.2.2 HTTP/2.0" 200 74953 "https://reggio-emilia.elettroservicegroup.it/wp-admin/admin.php?page=Wordfence" "Mozilla/5.0 (Windows NT 10.0; Win64; x64) AppleWebKit/537.36 (KHTML, like Gecko) Chrome/148.0.0.0 Safari/537.36"
89.101.91.102 - - [04/Jun/2026:17:44:48 +0200] "GET /wp-content/plugins/wordfence/css/main.1778685035.css?ver=8.2.2 HTTP/2.0" 200 118450 "https://reggio-emilia.elettroservicegroup.it/wp-admin/admin.php?page=Wordfence" "Mozilla/5.0 (Windows NT 10.0; Win64; x64) AppleWebKit/537.36 (KHTML, like Gecko) Chrome/148.0.0.0 Safari/537.36"
89.101.91.102 - - [04/Jun/2026:17:44:49 +0200] "GET /wp-content/plugins/wordfence/css/license/free.1778685035.css?ver=7.0 HTTP/2.0" 200 4083 "https://reggio-emilia.elettroservicegroup.it/wp-admin/admin.php?page=Wordfence" "Mozilla/5.0 (Windows NT 10.0; Win64; x64) AppleWebKit/537.36 (KHTML, like Gecko) Chrome/148.0.0.0 Safari/537.36"
89.101.91.102 - - [04/Jun/2026:17:44:49 +0200] "GET /wp-content/plugins/wp-fastest-cache/css/toolbar.css?ver=1780587885 HTTP/2.0" 200 4578 "https://reggio-emilia.elettroservicegroup.it/wp-admin/admin.php?page=Wordfence" "Mozilla/5.0 (Windows NT 10.0; Win64; x64) AppleWebKit/537.36 (KHTML, like Gecko) Chrome/148.0.0.0 Safari/537.36"
89.101.91.102 - - [04/Jun/2026:17:44:50 +0200] "GET /wp-content/plugins/wordfence/js/jquery.qrcode.min.1778685035.js?ver=8.2.2 HTTP/2.0" 200 4627 "https://reggio-emilia.elettroservicegroup.it/wp-admin/admin.php?page=Wordfence" "Mozilla/5.0 (Windows NT 10.0; Win64; x64) AppleWebKit/537.36 (KHTML, like Gecko) Chrome/148.0.0.0 Safari/537.36"
89.101.91.102 - - [04/Jun/2026:17:44:50 +0200] "GET /wp-content/plugins/wordfence/js/admin.1778685035.js?ver=8.2.2 HTTP/2.0" 200 5994 "https://reggio-emilia.elettroservicegroup.it/wp-admin/admin.php?page=Wordfence" "Mozilla/5.0 (Windows NT 10.0; Win64; x64) AppleWebKit/537.36 (KHTML, like Gecko) Chrome/148.0.0.0 Safari/537.36"
89.101.91.102 - - [04/Jun/2026:17:44:50 +0200] "GET /wp-admin/load-scripts.php?c=1&load%5Bchunk_0%5D=jquery-core,jquery-migrate,utils,jquery-ui-core,jquery-ui-menu,jquery-ui-tooltip&ver=7.0 HTTP/2.0" 200 44316 "https://reggio-emilia.elettroservicegroup.it/wp-admin/admin.php?page=Wordfence" "Mozilla/5.0 (Windows NT 10.0; Win64; x64) AppleWebKit/537.36 (KHTML, like Gecko) Chrome/148.0.0.0 Safari/537.36"
89.101.91.102 - - [04/Jun/2026:17:44:51 +0200] "GET /wp-content/plugins/wordfence/js/wfdropdown.1778685035.js?ver=8.2.2 HTTP/2.0" 200 1446 "https://reggio-emilia.elettroservicegroup.it/wp-admin/admin.php?page=Wordfence" "Mozilla/5.0 (Windows NT 10.0; Win64; x64) AppleWebKit/537.36 (KHTML, like Gecko) Chrome/148.0.0.0 Safari/537.36"
89.101.91.102 - - [04/Jun/2026:17:44:51 +0200] "GET /wp-content/plugins/wordfence/js/wordfence.1778685035.js?ver=8.2.2 HTTP/2.0" 200 293347 "https://reggio-emilia.elettroservicegroup.it/wp-admin/admin.php?page=Wordfence" "Mozilla/5.0 (Windows NT 10.0; Win64; x64) AppleWebKit/537.36 (KHTML, like Gecko) Chrome/148.0.0.0 Safari/537.36"
89.101.91.102 - - [04/Jun/2026:17:44:51 +0200] "GET /wp-content/plugins/wp-fastest-cache/js/column.js?ver=1780587885 HTTP/2.0" 200 437 "https://reggio-emilia.elettroservicegroup.it/wp-admin/admin.php?page=Wordfence" "Mozilla/5.0 (Windows NT 10.0; Win64; x64) AppleWebKit/537.36 (KHTML, like Gecko) Chrome/148.0.0.0 Safari/537.36"
89.101.91.102 - - [04/Jun/2026:17:44:51 +0200] "GET /wp-content/plugins/wp-fastest-cache/js/toolbar.js?ver=1780587885 HTTP/2.0" 200 1003 "https://reggio-emilia.elettroservicegroup.it/wp-admin/admin.php?page=Wordfence" "Mozilla/5.0 (Windows NT 10.0; Win64; x64) AppleWebKit/537.36 (KHTML, like Gecko) Chrome/148.0.0.0 Safari/537.36"
89.101.91.102 - - [04/Jun/2026:17:44:51 +0200] "GET /wp-admin/load-scripts.php?c=1&load%5Bchunk_0%5D=hoverIntent,wp-dom-ready,wp-hooks&ver=7.0 HTTP/2.0" 200 2513 "https://reggio-emilia.elettroservicegroup.it/wp-admin/admin.php?page=Wordfence" "Mozilla/5.0 (Windows NT 10.0; Win64; x64) AppleWebKit/537.36 (KHTML, like Gecko) Chrome/148.0.0.0 Safari/537.36"
89.101.91.102 - - [04/Jun/2026:17:44:53 +0200] "GET /wp-content/plugins/wordfence/js/chart.umd.1778685035.js?ver=4.2.1 HTTP/2.0" 200 65872 "https://reggio-emilia.elettroservicegroup.it/wp-admin/admin.php?page=Wordfence" "Mozilla/5.0 (Windows NT 10.0; Win64; x64) AppleWebKit/537.36 (KHTML, like Gecko) Chrome/148.0.0.0 Safari/537.36"
89.101.91.102 - - [04/Jun/2026:17:44:54 +0200] "GET /wp-content/plugins/wordfence/js/vue.esm-browser.prod.1778685035.js HTTP/2.0" 200 58355 "https://reggio-emilia.elettroservicegroup.it/wp-content/plugins/wordfence/js/wordfence.1778685035.js?ver=8.2.2" "Mozilla/5.0 (Windows NT 10.0; Win64; x64) AppleWebKit/537.36 (KHTML, like Gecko) Chrome/148.0.0.0 Safari/537.36"
89.101.91.102 - - [04/Jun/2026:17:44:56 +0200] "GET /wp-content/plugins/wordfence/fonts/roboto-KFOkCnqEu92Fr1Mu51xIIzQXKMny.woff HTTP/2.0" 200 15700 "https://reggio-emilia.elettroservicegroup.it/wp-content/plugins/wordfence/css/wf-roboto-font.1778685035.css?ver=8.2.2" "Mozilla/5.0 (Windows NT 10.0; Win64; x64) AppleWebKit/537.36 (KHTML, like Gecko) Chrome/148.0.0.0 Safari/537.36"
89.101.91.102 - - [04/Jun/2026:17:44:56 +0200] "GET /wp-content/plugins/wordfence/images/wf-central-logo.svg HTTP/2.0" 200 815 "https://reggio-emilia.elettroservicegroup.it/wp-admin/admin.php?page=Wordfence" "Mozilla/5.0 (Windows NT 10.0; Win64; x64) AppleWebKit/537.36 (KHTML, like Gecko) Chrome/148.0.0.0 Safari/537.36"
89.101.91.102 - - [04/Jun/2026:17:44:56 +0200] "GET /wp-content/plugins/wordfence/fonts/roboto-KFOlCnqEu92Fr1MmSU5fBBc-AMP6lQ.woff HTTP/2.0" 200 14147 "https://reggio-emilia.elettroservicegroup.it/wp-content/plugins/wordfence/css/wf-roboto-font.1778685035.css?ver=8.2.2" "Mozilla/5.0 (Windows NT 10.0; Win64; x64) AppleWebKit/537.36 (KHTML, like Gecko) Chrome/148.0.0.0 Safari/537.36"
89.101.91.102 - - [04/Jun/2026:17:44:56 +0200] "POST /wp-admin/admin-ajax.php HTTP/2.0" 200 369 "https://reggio-emilia.elettroservicegroup.it/wp-admin/admin.php?page=Wordfence" "Mozilla/5.0 (Windows NT 10.0; Win64; x64) AppleWebKit/537.36 (KHTML, like Gecko) Chrome/148.0.0.0 Safari/537.36"
89.101.91.102 - - [04/Jun/2026:17:45:15 +0200] "POST /wp-admin/admin-ajax.php HTTP/2.0" 421 362 "https://reggio-emilia.elettroservicegroup.it/wp-admin/admin.php?page=Wordfence" "Mozilla/5.0 (Windows NT 10.0; Win64; x64) AppleWebKit/537.36 (KHTML, like Gecko) Chrome/148.0.0.0 Safari/537.36"
89.101.91.102 - - [04/Jun/2026:17:45:15 +0200] "POST /wp-admin/admin-ajax.php HTTP/2.0" 200 52 "https://reggio-emilia.elettroservicegroup.it/wp-admin/admin.php?page=Wordfence" "Mozilla/5.0 (Windows NT 10.0; Win64; x64) AppleWebKit/537.36 (KHTML, like Gecko) Chrome/148.0.0.0 Safari/537.36"
65.108.235.243 - - [04/Jun/2026:17:45:21 +0200] "POST /wp-cron.php?doing_wp_cron=1780587921.4307730197906494140625 HTTP/1.1" 200 1 "-" "WordPress/7.0; https://reggio-emilia.elettroservicegroup.it"
89.101.91.102 - - [04/Jun/2026:17:45:20 +0200] "GET /wp-admin/admin.php?page=WordfenceWAF HTTP/2.0" 200 211870 "https://reggio-emilia.elettroservicegroup.it/wp-admin/admin.php?page=Wordfence" "Mozilla/5.0 (Windows NT 10.0; Win64; x64) AppleWebKit/537.36 (KHTML, like Gecko) Chrome/148.0.0.0 Safari/537.36"
89.101.91.102 - - [04/Jun/2026:17:45:23 +0200] "GET /wp-content/plugins/wp-fastest-cache/css/toolbar.css?ver=1780587921 HTTP/2.0" 200 4578 "https://reggio-emilia.elettroservicegroup.it/wp-admin/admin.php?page=WordfenceWAF" "Mozilla/5.0 (Windows NT 10.0; Win64; x64) AppleWebKit/537.36 (KHTML, like Gecko) Chrome/148.0.0.0 Safari/537.36"
89.101.91.102 - - [04/Jun/2026:17:45:23 +0200] "GET /wp-content/plugins/wp-fastest-cache/css/style.css?ver=1780587921 HTTP/2.0" 200 6774 "https://reggio-emilia.elettroservicegroup.it/wp-admin/admin.php?page=WordfenceWAF" "Mozilla/5.0 (Windows NT 10.0; Win64; x64) AppleWebKit/537.36 (KHTML, like Gecko) Chrome/148.0.0.0 Safari/537.36"
89.101.91.102 - - [04/Jun/2026:17:45:23 +0200] "GET /wp-content/plugins/wordfence/css/wf-onboarding.1778685035.css?ver=8.2.2 HTTP/2.0" 200 8294 "https://reggio-emilia.elettroservicegroup.it/wp-admin/admin.php?page=WordfenceWAF" "Mozilla/5.0 (Windows NT 10.0; Win64; x64) AppleWebKit/537.36 (KHTML, like Gecko) Chrome/148.0.0.0 Safari/537.36"
89.101.91.102 - - [04/Jun/2026:17:45:24 +0200] "GET /wp-content/plugins/wp-fastest-cache/js/column.js?ver=1780587921 HTTP/2.0" 200 437 "https://reggio-emilia.elettroservicegroup.it/wp-admin/admin.php?page=WordfenceWAF" "Mozilla/5.0 (Windows NT 10.0; Win64; x64) AppleWebKit/537.36 (KHTML, like Gecko) Chrome/148.0.0.0 Safari/537.36"
89.101.91.102 - - [04/Jun/2026:17:45:24 +0200] "GET /wp-content/plugins/wp-fastest-cache/js/toolbar.js?ver=1780587921 HTTP/2.0" 200 1003 "https://reggio-emilia.elettroservicegroup.it/wp-admin/admin.php?page=WordfenceWAF" "Mozilla/5.0 (Windows NT 10.0; Win64; x64) AppleWebKit/537.36 (KHTML, like Gecko) Chrome/148.0.0.0 Safari/537.36"
89.101.91.102 - - [04/Jun/2026:17:45:24 +0200] "GET /wp-content/plugins/wordfence/fonts/roboto-KFOkCnqEu92Fr1Mu51xIIzQXKMny.woff HTTP/2.0" 304 - "https://reggio-emilia.elettroservicegroup.it/wp-content/plugins/wordfence/css/wf-roboto-font.1778685035.css?ver=8.2.2" "Mozilla/5.0 (Windows NT 10.0; Win64; x64) AppleWebKit/537.36 (KHTML, like Gecko) Chrome/148.0.0.0 Safari/537.36"
89.101.91.102 - - [04/Jun/2026:17:45:25 +0200] "GET /wp-content/plugins/wordfence/fonts/roboto-KFOlCnqEu92Fr1MmSU5fBBc-AMP6lQ.woff HTTP/2.0" 304 - "https://reggio-emilia.elettroservicegroup.it/wp-content/plugins/wordfence/css/wf-roboto-font.1778685035.css?ver=8.2.2" "Mozilla/5.0 (Windows NT 10.0; Win64; x64) AppleWebKit/537.36 (KHTML, like Gecko) Chrome/148.0.0.0 Safari/537.36"
89.101.91.102 - - [04/Jun/2026:17:45:25 +0200] "POST /wp-admin/admin-ajax.php HTTP/2.0" 200 369 "https://reggio-emilia.elettroservicegroup.it/wp-admin/admin.php?page=WordfenceWAF" "Mozilla/5.0 (Windows NT 10.0; Win64; x64) AppleWebKit/537.36 (KHTML, like Gecko) Chrome/148.0.0.0 Safari/537.36"
65.108.235.243 - - [04/Jun/2026:17:45:25 +0200] "POST /wp-cron.php?doing_wp_cron=1780587925.9732840061187744140625 HTTP/1.1" 200 1 "-" "WordPress/7.0; https://reggio-emilia.elettroservicegroup.it"
89.101.91.102 - - [04/Jun/2026:17:45:25 +0200] "POST /wp-admin/admin-ajax.php HTTP/2.0" 200 72 "https://reggio-emilia.elettroservicegroup.it/wp-admin/admin.php?page=WordfenceWAF" "Mozilla/5.0 (Windows NT 10.0; Win64; x64) AppleWebKit/537.36 (KHTML, like Gecko) Chrome/148.0.0.0 Safari/537.36"
65.108.235.243 - - [04/Jun/2026:17:45:45 +0200] "POST /wp-cron.php?doing_wp_cron=1780587945.3105149269104003906250 HTTP/1.1" 200 1 "-" "WordPress/7.0; https://reggio-emilia.elettroservicegroup.it"
89.101.91.102 - - [04/Jun/2026:17:45:44 +0200] "GET /wp-admin/admin.php?page=Wordfence HTTP/2.0" 200 204951 "https://reggio-emilia.elettroservicegroup.it/wp-admin/admin.php?page=WordfenceWAF" "Mozilla/5.0 (Windows NT 10.0; Win64; x64) AppleWebKit/537.36 (KHTML, like Gecko) Chrome/148.0.0.0 Safari/537.36"
89.101.91.102 - - [04/Jun/2026:17:45:45 +0200] "GET /wp-content/plugins/wp-fastest-cache/css/toolbar.css?ver=1780587945 HTTP/2.0" 200 4578 "https://reggio-emilia.elettroservicegroup.it/wp-admin/admin.php?page=Wordfence" "Mozilla/5.0 (Windows NT 10.0; Win64; x64) AppleWebKit/537.36 (KHTML, like Gecko) Chrome/148.0.0.0 Safari/537.36"
89.101.91.102 - - [04/Jun/2026:17:45:45 +0200] "GET /wp-content/plugins/wp-fastest-cache/css/style.css?ver=1780587944 HTTP/2.0" 200 6774 "https://reggio-emilia.elettroservicegroup.it/wp-admin/admin.php?page=Wordfence" "Mozilla/5.0 (Windows NT 10.0; Win64; x64) AppleWebKit/537.36 (KHTML, like Gecko) Chrome/148.0.0.0 Safari/537.36"
89.101.91.102 - - [04/Jun/2026:17:45:45 +0200] "GET /wp-content/plugins/wp-fastest-cache/js/column.js?ver=1780587945 HTTP/2.0" 200 437 "https://reggio-emilia.elettroservicegroup.it/wp-admin/admin.php?page=Wordfence" "Mozilla/5.0 (Windows NT 10.0; Win64; x64) AppleWebKit/537.36 (KHTML, like Gecko) Chrome/148.0.0.0 Safari/537.36"
89.101.91.102 - - [04/Jun/2026:17:45:45 +0200] "GET /wp-content/plugins/wp-fastest-cache/js/toolbar.js?ver=1780587945 HTTP/2.0" 200 1003 "https://reggio-emilia.elettroservicegroup.it/wp-admin/admin.php?page=Wordfence" "Mozilla/5.0 (Windows NT 10.0; Win64; x64) AppleWebKit/537.36 (KHTML, like Gecko) Chrome/148.0.0.0 Safari/537.36"
89.101.91.102 - - [04/Jun/2026:17:45:46 +0200] "GET /wp-content/plugins/wordfence/fonts/roboto-KFOkCnqEu92Fr1Mu51xIIzQXKMny.woff HTTP/2.0" 304 - "https://reggio-emilia.elettroservicegroup.it/wp-content/plugins/wordfence/css/wf-roboto-font.1778685035.css?ver=8.2.2" "Mozilla/5.0 (Windows NT 10.0; Win64; x64) AppleWebKit/537.36 (KHTML, like Gecko) Chrome/148.0.0.0 Safari/537.36"
89.101.91.102 - - [04/Jun/2026:17:45:46 +0200] "GET /wp-content/plugins/wordfence/fonts/roboto-KFOlCnqEu92Fr1MmSU5fBBc-AMP6lQ.woff HTTP/2.0" 304 - "https://reggio-emilia.elettroservicegroup.it/wp-content/plugins/wordfence/css/wf-roboto-font.1778685035.css?ver=8.2.2" "Mozilla/5.0 (Windows NT 10.0; Win64; x64) AppleWebKit/537.36 (KHTML, like Gecko) Chrome/148.0.0.0 Safari/537.36"
89.101.91.102 - - [04/Jun/2026:17:45:46 +0200] "POST /wp-admin/admin-ajax.php HTTP/2.0" 200 369 "https://reggio-emilia.elettroservicegroup.it/wp-admin/admin.php?page=Wordfence" "Mozilla/5.0 (Windows NT 10.0; Win64; x64) AppleWebKit/537.36 (KHTML, like Gecko) Chrome/148.0.0.0 Safari/537.36"
65.108.235.243 - - [04/Jun/2026:17:45:46 +0200] "GET /assistenza-lavastoviglie-ariston-santilario-denza/ HTTP/1.1" 200 24839 "-" "WP Fastest Cache Preload Bot"
89.101.91.102 - - [04/Jun/2026:17:45:49 +0200] "GET /wp-admin/admin.php?page=WordfenceWAF&subpage=waf_options&source=dashboard HTTP/2.0" 200 200830 "https://reggio-emilia.elettroservicegroup.it/wp-admin/admin.php?page=Wordfence" "Mozilla/5.0 (Windows NT 10.0; Win64; x64) AppleWebKit/537.36 (KHTML, like Gecko) Chrome/148.0.0.0 Safari/537.36"
89.101.91.102 - - [04/Jun/2026:17:45:52 +0200] "GET /wp-content/plugins/wp-fastest-cache/css/style.css?ver=1780587951 HTTP/2.0" 200 6774 "https://reggio-emilia.elettroservicegroup.it/wp-admin/admin.php?page=WordfenceWAF&subpage=waf_options&source=dashboard" "Mozilla/5.0 (Windows NT 10.0; Win64; x64) AppleWebKit/537.36 (KHTML, like Gecko) Chrome/148.0.0.0 Safari/537.36"
89.101.91.102 - - [04/Jun/2026:17:45:52 +0200] "GET /wp-content/plugins/wp-fastest-cache/css/toolbar.css?ver=1780587951 HTTP/2.0" 200 4578 "https://reggio-emilia.elettroservicegroup.it/wp-admin/admin.php?page=WordfenceWAF&subpage=waf_options&source=dashboard" "Mozilla/5.0 (Windows NT 10.0; Win64; x64) AppleWebKit/537.36 (KHTML, like Gecko) Chrome/148.0.0.0 Safari/537.36"
89.101.91.102 - - [04/Jun/2026:17:45:52 +0200] "GET /wp-content/plugins/wp-fastest-cache/js/toolbar.js?ver=1780587951 HTTP/2.0" 200 1003 "https://reggio-emilia.elettroservicegroup.it/wp-admin/admin.php?page=WordfenceWAF&subpage=waf_options&source=dashboard" "Mozilla/5.0 (Windows NT 10.0; Win64; x64) AppleWebKit/537.36 (KHTML, like Gecko) Chrome/148.0.0.0 Safari/537.36"
89.101.91.102 - - [04/Jun/2026:17:45:52 +0200] "GET /wp-content/plugins/wp-fastest-cache/js/column.js?ver=1780587951 HTTP/2.0" 200 437 "https://reggio-emilia.elettroservicegroup.it/wp-admin/admin.php?page=WordfenceWAF&subpage=waf_options&source=dashboard" "Mozilla/5.0 (Windows NT 10.0; Win64; x64) AppleWebKit/537.36 (KHTML, like Gecko) Chrome/148.0.0.0 Safari/537.36"
89.101.91.102 - - [04/Jun/2026:17:45:53 +0200] "GET /wp-content/plugins/wordfence/fonts/roboto-KFOlCnqEu92Fr1MmSU5fBBc-AMP6lQ.woff HTTP/2.0" 304 - "https://reggio-emilia.elettroservicegroup.it/wp-content/plugins/wordfence/css/wf-roboto-font.1778685035.css?ver=8.2.2" "Mozilla/5.0 (Windows NT 10.0; Win64; x64) AppleWebKit/537.36 (KHTML, like Gecko) Chrome/148.0.0.0 Safari/537.36"
65.108.235.243 - - [04/Jun/2026:17:45:50 +0200] "GET /assistenza-lavastoviglie-ariston-guastalla/ HTTP/1.1" 200 24750 "-" "WP Fastest Cache Preload Bot"
89.101.91.102 - - [04/Jun/2026:17:45:53 +0200] "POST /wp-admin/admin-ajax.php HTTP/2.0" 200 369 "https://reggio-emilia.elettroservicegroup.it/wp-admin/admin.php?page=WordfenceWAF&subpage=waf_options&source=dashboard" "Mozilla/5.0 (Windows NT 10.0; Win64; x64) AppleWebKit/537.36 (KHTML, like Gecko) Chrome/148.0.0.0 Safari/537.36"
65.108.235.243 - - [04/Jun/2026:17:45:55 +0200] "GET /assistenza-lavastoviglie-ariston-correggio/ HTTP/1.1" 200 24743 "-" "WP Fastest Cache Preload Bot"
65.108.235.243 - - [04/Jun/2026:17:45:59 +0200] "GET /assistenza-lavastoviglie-ariston-reggio-emilia/ HTTP/1.1" 200 24752 "-" "WP Fastest Cache Preload Bot"
89.101.91.102 - - [04/Jun/2026:17:46:07 +0200] "POST /wp-admin/admin-ajax.php HTTP/2.0" 421 362 "https://reggio-emilia.elettroservicegroup.it/wp-admin/admin.php?page=WordfenceWAF&subpage=waf_options&source=dashboard" "Mozilla/5.0 (Windows NT 10.0; Win64; x64) AppleWebKit/537.36 (KHTML, like Gecko) Chrome/148.0.0.0 Safari/537.36"
89.101.91.102 - - [04/Jun/2026:17:46:08 +0200] "POST /wp-admin/admin-ajax.php HTTP/2.0" 200 50 "https://reggio-emilia.elettroservicegroup.it/wp-admin/admin.php?page=WordfenceWAF&subpage=waf_options&source=dashboard" "Mozilla/5.0 (Windows NT 10.0; Win64; x64) AppleWebKit/537.36 (KHTML, like Gecko) Chrome/148.0.0.0 Safari/537.36"
89.101.91.102 - - [04/Jun/2026:17:46:10 +0200] "POST /wp-admin/admin-ajax.php HTTP/2.0" 200 50 "https://reggio-emilia.elettroservicegroup.it/wp-admin/admin.php?page=WordfenceWAF&subpage=waf_options&source=dashboard" "Mozilla/5.0 (Windows NT 10.0; Win64; x64) AppleWebKit/537.36 (KHTML, like Gecko) Chrome/148.0.0.0 Safari/537.36"
89.101.91.102 - - [04/Jun/2026:17:46:18 +0200] "POST /wp-admin/admin-ajax.php HTTP/2.0" 200 56 "https://reggio-emilia.elettroservicegroup.it/wp-admin/admin.php?page=WordfenceWAF&subpage=waf_options&source=dashboard" "Mozilla/5.0 (Windows NT 10.0; Win64; x64) AppleWebKit/537.36 (KHTML, like Gecko) Chrome/148.0.0.0 Safari/537.36"
216.73.217.169 - - [04/Jun/2026:17:46:18 +0200] "GET /wp-content/uploads/2021/11/condizionatore-bonus.jpg/ HTTP/2.0" 404 17935 "-" "Mozilla/5.0 AppleWebKit/537.36 (KHTML, like Gecko; compatible; ClaudeBot/1.0; +claudebot@anthropic.com)"
89.101.91.102 - - [04/Jun/2026:17:46:18 +0200] "GET /wp-admin/admin.php?page=WordfenceWAF&subpage=waf_options&source=dashboard HTTP/2.0" 200 200840 "https://reggio-emilia.elettroservicegroup.it/wp-admin/admin.php?page=WordfenceWAF&subpage=waf_options&source=dashboard" "Mozilla/5.0 (Windows NT 10.0; Win64; x64) AppleWebKit/537.36 (KHTML, like Gecko) Chrome/148.0.0.0 Safari/537.36"
89.101.91.102 - - [04/Jun/2026:17:46:22 +0200] "GET /wp-content/plugins/wp-fastest-cache/css/toolbar.css?ver=1780587979 HTTP/2.0" 200 4578 "https://reggio-emilia.elettroservicegroup.it/wp-admin/admin.php?page=WordfenceWAF&subpage=waf_options&source=dashboard" "Mozilla/5.0 (Windows NT 10.0; Win64; x64) AppleWebKit/537.36 (KHTML, like Gecko) Chrome/148.0.0.0 Safari/537.36"
89.101.91.102 - - [04/Jun/2026:17:46:22 +0200] "GET /wp-content/plugins/wp-fastest-cache/css/style.css?ver=1780587978 HTTP/2.0" 200 6774 "https://reggio-emilia.elettroservicegroup.it/wp-admin/admin.php?page=WordfenceWAF&subpage=waf_options&source=dashboard" "Mozilla/5.0 (Windows NT 10.0; Win64; x64) AppleWebKit/537.36 (KHTML, like Gecko) Chrome/148.0.0.0 Safari/537.36"
89.101.91.102 - - [04/Jun/2026:17:46:23 +0200] "GET /wp-content/plugins/wp-fastest-cache/js/column.js?ver=1780587979 HTTP/2.0" 200 437 "https://reggio-emilia.elettroservicegroup.it/wp-admin/admin.php?page=WordfenceWAF&subpage=waf_options&source=dashboard" "Mozilla/5.0 (Windows NT 10.0; Win64; x64) AppleWebKit/537.36 (KHTML, like Gecko) Chrome/148.0.0.0 Safari/537.36"
89.101.91.102 - - [04/Jun/2026:17:46:23 +0200] "GET /wp-content/plugins/wp-fastest-cache/js/toolbar.js?ver=1780587979 HTTP/2.0" 200 1003 "https://reggio-emilia.elettroservicegroup.it/wp-admin/admin.php?page=WordfenceWAF&subpage=waf_options&source=dashboard" "Mozilla/5.0 (Windows NT 10.0; Win64; x64) AppleWebKit/537.36 (KHTML, like Gecko) Chrome/148.0.0.0 Safari/537.36"
89.101.91.102 - - [04/Jun/2026:17:46:24 +0200] "GET /wp-content/plugins/wordfence/fonts/roboto-KFOlCnqEu92Fr1MmSU5fBBc-AMP6lQ.woff HTTP/2.0" 304 - "https://reggio-emilia.elettroservicegroup.it/wp-content/plugins/wordfence/css/wf-roboto-font.1778685035.css?ver=8.2.2" "Mozilla/5.0 (Windows NT 10.0; Win64; x64) AppleWebKit/537.36 (KHTML, like Gecko) Chrome/148.0.0.0 Safari/537.36"
65.108.235.243 - - [04/Jun/2026:17:46:25 +0200] "POST /wp-cron.php?doing_wp_cron=1780587985.2878100872039794921875 HTTP/1.1" 200 1 "-" "WordPress/7.0; https://reggio-emilia.elettroservicegroup.it"
89.101.91.102 - - [04/Jun/2026:17:46:24 +0200] "POST /wp-admin/admin-ajax.php HTTP/2.0" 200 369 "https://reggio-emilia.elettroservicegroup.it/wp-admin/admin.php?page=WordfenceWAF&subpage=waf_options&source=dashboard" "Mozilla/5.0 (Windows NT 10.0; Win64; x64) AppleWebKit/537.36 (KHTML, like Gecko) Chrome/148.0.0.0 Safari/537.36"
89.101.91.102 - - [04/Jun/2026:17:47:13 +0200] "GET /wp-admin/admin.php?page=WFLS HTTP/2.0" 421 362 "https://reggio-emilia.elettroservicegroup.it/wp-admin/admin.php?page=WordfenceWAF&subpage=waf_options&source=dashboard" "Mozilla/5.0 (Windows NT 10.0; Win64; x64) AppleWebKit/537.36 (KHTML, like Gecko) Chrome/148.0.0.0 Safari/537.36"
65.108.235.243 - - [04/Jun/2026:17:47:24 +0200] "POST /wp-cron.php?doing_wp_cron=1780588044.6716849803924560546875 HTTP/1.1" 200 1 "-" "WordPress/7.0; https://reggio-emilia.elettroservicegroup.it"
89.101.91.102 - - [04/Jun/2026:17:47:13 +0200] "GET /wp-admin/admin.php?page=WFLS HTTP/2.0" 200 209210 "https://reggio-emilia.elettroservicegroup.it/wp-admin/admin.php?page=WordfenceWAF&subpage=waf_options&source=dashboard" "Mozilla/5.0 (Windows NT 10.0; Win64; x64) AppleWebKit/537.36 (KHTML, like Gecko) Chrome/148.0.0.0 Safari/537.36"
89.101.91.102 - - [04/Jun/2026:17:47:25 +0200] "GET /wp-content/plugins/wp-fastest-cache/css/toolbar.css?ver=1780588044 HTTP/2.0" 200 4578 "https://reggio-emilia.elettroservicegroup.it/wp-admin/admin.php?page=WFLS" "Mozilla/5.0 (Windows NT 10.0; Win64; x64) AppleWebKit/537.36 (KHTML, like Gecko) Chrome/148.0.0.0 Safari/537.36"
89.101.91.102 - - [04/Jun/2026:17:47:25 +0200] "GET /wp-content/plugins/wp-fastest-cache/css/style.css?ver=1780588043 HTTP/2.0" 200 6774 "https://reggio-emilia.elettroservicegroup.it/wp-admin/admin.php?page=WFLS" "Mozilla/5.0 (Windows NT 10.0; Win64; x64) AppleWebKit/537.36 (KHTML, like Gecko) Chrome/148.0.0.0 Safari/537.36"
89.101.91.102 - - [04/Jun/2026:17:47:25 +0200] "GET /wp-admin/load-styles.php?c=1&dir=ltr&load%5Bchunk_0%5D=dashicons,admin-bar,wp-pointer,common,forms,admin-menu,dashboard,list-tables,edit,revisions,media,themes,about,nav-menus,widgets&load%5Bchunk_1%5D=,site-icon,l10n,wp-base-styles,buttons,wp-auth-check,wp-components,wp-commands,wp-jquery-ui-dialog&ver=7.0 HTTP/2.0" 200 112386 "https://reggio-emilia.elettroservicegroup.it/wp-admin/admin.php?page=WFLS" "Mozilla/5.0 (Windows NT 10.0; Win64; x64) AppleWebKit/537.36 (KHTML, like Gecko) Chrome/148.0.0.0 Safari/537.36"
89.101.91.102 - - [04/Jun/2026:17:47:25 +0200] "GET /wp-content/plugins/wordfence/modules/login-security/css/admin.1778685035.css?ver=1.1.16 HTTP/2.0" 200 25511 "https://reggio-emilia.elettroservicegroup.it/wp-admin/admin.php?page=WFLS" "Mozilla/5.0 (Windows NT 10.0; Win64; x64) AppleWebKit/537.36 (KHTML, like Gecko) Chrome/148.0.0.0 Safari/537.36"
89.101.91.102 - - [04/Jun/2026:17:47:25 +0200] "GET /wp-content/plugins/wordfence/modules/login-security/css/ionicons.1778685035.css?ver=1.1.16 HTTP/2.0" 200 74976 "https://reggio-emilia.elettroservicegroup.it/wp-admin/admin.php?page=WFLS" "Mozilla/5.0 (Windows NT 10.0; Win64; x64) AppleWebKit/537.36 (KHTML, like Gecko) Chrome/148.0.0.0 Safari/537.36"
89.101.91.102 - - [04/Jun/2026:17:47:25 +0200] "GET /wp-admin/load-scripts.php?c=1&load%5Bchunk_0%5D=jquery-core,jquery-migrate,utils,jquery-ui-core,jquery-ui-menu,jquery-ui-tooltip,jquery-ui-mouse,jquery-ui-draggable,jquery-ui-r&load%5Bchunk_1%5D=esizable,jquery-ui-controlgroup,jquery-ui-checkboxradio,jquery-ui-button,jquery-ui-dialog&ver=7.0 HTTP/2.0" 200 59876 "https://reggio-emilia.elettroservicegroup.it/wp-admin/admin.php?page=WFLS" "Mozilla/5.0 (Windows NT 10.0; Win64; x64) AppleWebKit/537.36 (KHTML, like Gecko) Chrome/148.0.0.0 Safari/537.36"
89.101.91.102 - - [04/Jun/2026:17:47:25 +0200] "GET /wp-content/plugins/wordfence/modules/login-security/js/jquery.qrcode.min.1778685035.js?ver=1.1.16 HTTP/2.0" 200 4627 "https://reggio-emilia.elettroservicegroup.it/wp-admin/admin.php?page=WFLS" "Mozilla/5.0 (Windows NT 10.0; Win64; x64) AppleWebKit/537.36 (KHTML, like Gecko) Chrome/148.0.0.0 Safari/537.36"
89.101.91.102 - - [04/Jun/2026:17:47:26 +0200] "GET /wp-content/plugins/wp-fastest-cache/js/toolbar.js?ver=1780588044 HTTP/2.0" 200 1003 "https://reggio-emilia.elettroservicegroup.it/wp-admin/admin.php?page=WFLS" "Mozilla/5.0 (Windows NT 10.0; Win64; x64) AppleWebKit/537.36 (KHTML, like Gecko) Chrome/148.0.0.0 Safari/537.36"
89.101.91.102 - - [04/Jun/2026:17:47:26 +0200] "GET /wp-content/plugins/wordfence/modules/login-security/js/admin.1778685035.js?ver=1.1.16 HTTP/2.0" 200 3433 "https://reggio-emilia.elettroservicegroup.it/wp-admin/admin.php?page=WFLS" "Mozilla/5.0 (Windows NT 10.0; Win64; x64) AppleWebKit/537.36 (KHTML, like Gecko) Chrome/148.0.0.0 Safari/537.36"
89.101.91.102 - - [04/Jun/2026:17:47:26 +0200] "GET /wp-content/plugins/wp-fastest-cache/js/column.js?ver=1780588044 HTTP/2.0" 200 437 "https://reggio-emilia.elettroservicegroup.it/wp-admin/admin.php?page=WFLS" "Mozilla/5.0 (Windows NT 10.0; Win64; x64) AppleWebKit/537.36 (KHTML, like Gecko) Chrome/148.0.0.0 Safari/537.36"
89.101.91.102 - - [04/Jun/2026:17:47:26 +0200] "GET /wp-content/plugins/wordfence/modules/login-security/js/wflsi18n.1778685035.js?ver=1.1.16 HTTP/2.0" 200 1973 "https://reggio-emilia.elettroservicegroup.it/wp-admin/admin.php?page=WFLS" "Mozilla/5.0 (Windows NT 10.0; Win64; x64) AppleWebKit/537.36 (KHTML, like Gecko) Chrome/148.0.0.0 Safari/537.36"
89.101.91.102 - - [04/Jun/2026:17:47:24 +0200] "POST /wp-admin/admin-ajax.php HTTP/2.0" 200 - "https://reggio-emilia.elettroservicegroup.it/wp-admin/admin.php?page=WordfenceWAF&subpage=waf_options&source=dashboard" "Mozilla/5.0 (Windows NT 10.0; Win64; x64) AppleWebKit/537.36 (KHTML, like Gecko) Chrome/148.0.0.0 Safari/537.36"
