65.108.235.243 - - [07/Jul/2026:14:18:14 +0200] "POST /wp-cron.php?doing_wp_cron=1783426694.4276809692382812500000 HTTP/1.1" 200 1 "-" "WordPress/7.0; https://piacenza.elettroservicegroup.it"
66.249.64.165 - - [07/Jul/2026:14:18:09 +0200] "GET /page-sitemap.xml HTTP/1.1" 200 1724 "-" "Mozilla/5.0 (compatible; Googlebot/2.1; +http://www.google.com/bot.html)"
65.108.235.243 - - [07/Jul/2026:14:18:15 +0200] "GET /assistenza-frigoriferi/ HTTP/1.1" 200 19890 "-" "WP Fastest Cache Preload Bot"
65.108.235.243 - - [07/Jul/2026:14:18:18 +0200] "GET /assistenza-lavastoviglie/ HTTP/1.1" 200 19947 "-" "WP Fastest Cache Preload Bot"
65.108.235.243 - - [07/Jul/2026:14:18:20 +0200] "GET /assistenza-asciugatrici/ HTTP/1.1" 200 19701 "-" "WP Fastest Cache Preload Bot"
65.108.235.243 - - [07/Jul/2026:14:18:22 +0200] "GET /assistenza-lavatrici/ HTTP/1.1" 200 19443 "-" "WP Fastest Cache Preload Bot"
74.7.229.151 - - [07/Jul/2026:14:20:19 +0200] "GET /assistenza-lavastoviglie-smeg-piacenza/ HTTP/2.0" 415 21647 "-" "Mozilla/5.0 (Macintosh; Intel Mac OS X 10_15_7) AppleWebKit/537.36 (KHTML, like Gecko) Chrome/131.0.0.0 Safari/537.36; compatible; OAI-SearchBot/1.4; +https://openai.com/searchbot"
65.108.235.243 - - [07/Jul/2026:14:34:22 +0200] "POST /wp-cron.php?doing_wp_cron=1783427662.0287120342254638671875 HTTP/1.1" 200 1 "-" "WordPress/7.0; https://piacenza.elettroservicegroup.it"
217.113.194.87 - - [07/Jul/2026:14:34:15 +0200] "GET /robots.txt HTTP/1.1" 200 132 "-" "Mozilla/5.0 (compatible; Barkrowler/0.9; +https://babbar.tech/crawler)"
65.108.235.243 - - [07/Jul/2026:14:34:24 +0200] "GET / HTTP/1.1" 200 21813 "-" "WP Fastest Cache Preload Bot"
65.108.235.243 - - [07/Jul/2026:14:34:27 +0200] "POST /wp-json/complianz/v1/wsc-scan HTTP/1.1" 400 88 "-" "WordPress/7.0; https://piacenza.elettroservicegroup.it"
216.73.216.138 - - [07/Jul/2026:14:34:31 +0200] "GET /robots.txt HTTP/2.0" 200 108 "-" "Mozilla/5.0 AppleWebKit/537.36 (KHTML, like Gecko; compatible; ClaudeBot/1.0; +claudebot@anthropic.com)"
217.113.194.84 - - [07/Jul/2026:14:35:23 +0200] "GET / HTTP/1.1" 200 23700 "-" "Mozilla/5.0 (compatible; Barkrowler/0.9; +https://babbar.tech/crawler)"
217.113.194.91 - - [07/Jul/2026:14:36:16 +0200] "GET /assistenza-frigoriferi/ HTTP/1.1" 200 21574 "-" "Mozilla/5.0 (compatible; Barkrowler/0.9; +https://babbar.tech/crawler)"
217.113.194.88 - - [07/Jul/2026:14:37:03 +0200] "GET /assistenza-siemens-piacenza/ HTTP/1.1" 200 23897 "-" "Mozilla/5.0 (compatible; Barkrowler/0.9; +https://babbar.tech/crawler)"
65.108.235.243 - - [07/Jul/2026:14:37:08 +0200] "POST /wp-cron.php?doing_wp_cron=1783427828.6296629905700683593750 HTTP/1.1" 200 1 "-" "WordPress/7.0; https://piacenza.elettroservicegroup.it"
207.46.13.154 - - [07/Jul/2026:14:37:02 +0200] "GET /assistenza-condizionatori/ HTTP/2.0" 404 16287 "-" "Mozilla/5.0 AppleWebKit/537.36 (KHTML, like Gecko; compatible; bingbot/2.0; +http://www.bing.com/bingbot.htm) Chrome/116.0.1938.76 Safari/537.36"
217.113.194.87 - - [07/Jul/2026:14:37:49 +0200] "GET /dichiarazione-sulla-privacy-ue/ HTTP/1.1" 200 21148 "-" "Mozilla/5.0 (compatible; Barkrowler/0.9; +https://babbar.tech/crawler)"
217.113.194.86 - - [07/Jul/2026:14:38:18 +0200] "GET /assistenza-lavastoviglie-piacenza/ HTTP/1.1" 200 23593 "-" "Mozilla/5.0 (compatible; Barkrowler/0.9; +https://babbar.tech/crawler)"
217.113.194.86 - - [07/Jul/2026:14:38:40 +0200] "GET /assistenza-rex-electrolux-piacenza/ HTTP/1.1" 200 23614 "-" "Mozilla/5.0 (compatible; Barkrowler/0.9; +https://babbar.tech/crawler)"
65.108.235.243 - - [07/Jul/2026:14:44:33 +0200] "GET /imprint/ HTTP/1.1" 200 17183 "-" "WP Fastest Cache Preload Bot"
65.108.235.243 - - [07/Jul/2026:14:44:37 +0200] "GET /dichiarazione-sulla-privacy-ue/ HTTP/1.1" 200 19673 "-" "WP Fastest Cache Preload Bot"
65.108.235.243 - - [07/Jul/2026:14:44:39 +0200] "GET /assistenza-whirlpool-piacenza/ HTTP/1.1" 200 21851 "-" "WP Fastest Cache Preload Bot"
65.108.235.243 - - [07/Jul/2026:14:44:41 +0200] "GET /assistenza-smeg-piacenza/ HTTP/1.1" 200 21799 "-" "WP Fastest Cache Preload Bot"
65.108.235.243 - - [07/Jul/2026:14:44:43 +0200] "GET / HTTP/1.1" 200 21813 "-" "WP Fastest Cache Preload Bot"
65.108.235.243 - - [07/Jul/2026:15:00:47 +0200] "POST /wp-cron.php?doing_wp_cron=1783429246.9227509498596191406250 HTTP/1.1" 200 1 "-" "WordPress/7.0; https://piacenza.elettroservicegroup.it"
94.154.43.184 - - [07/Jul/2026:15:00:35 +0200] "GET /.env HTTP/1.1" 301 - "-" "Mozilla/5.0 (Windows NT 10.0; Win64; x64) AppleWebKit/537.36 (KHTML, like Gecko) Chrome/147.0.0.0 Safari/537.36"
94.154.43.177 - - [07/Jul/2026:15:00:47 +0200] "GET /.env HTTP/1.1" 404 84981 "-" "Mozilla/5.0 (Windows NT 10.0; Win64; x64) AppleWebKit/537.36 (KHTML, like Gecko) Chrome/147.0.0.0 Safari/537.36"
65.108.235.243 - - [07/Jul/2026:15:00:50 +0200] "GET /imprint/ HTTP/1.1" 200 17189 "-" "WP Fastest Cache Preload Bot"
65.108.235.243 - - [07/Jul/2026:15:00:53 +0200] "GET /dichiarazione-sulla-privacy-ue/ HTTP/1.1" 200 19689 "-" "WP Fastest Cache Preload Bot"
65.108.235.243 - - [07/Jul/2026:15:00:55 +0200] "GET /assistenza-whirlpool-piacenza/ HTTP/1.1" 200 21851 "-" "WP Fastest Cache Preload Bot"
65.108.235.243 - - [07/Jul/2026:15:00:58 +0200] "GET /assistenza-smeg-piacenza/ HTTP/1.1" 200 21799 "-" "WP Fastest Cache Preload Bot"
143.198.162.190 - - [07/Jul/2026:15:02:31 +0200] "GET / HTTP/1.1" 200 23700 "-" "Mozilla/5.0 (X11; Linux x86_64) AppleWebKit/537.36 (KHTML, like Gecko) Chrome/142.0.0.0 Safari/537.36"
143.198.162.190 - - [07/Jul/2026:15:02:34 +0200] "GET /wp-content/uploads/2021/10/cropped-cropped-cropped-cropped-logo_white_background-32x32.png HTTP/1.1" 200 712 "https://piacenza.elettroservicegroup.it/" "Mozilla/5.0 (X11; Linux x86_64) AppleWebKit/537.36 (KHTML, like Gecko) Chrome/142.0.0.0 Safari/537.36"
128.127.194.238 - - [07/Jul/2026:15:04:38 +0200] "POST /xmlrpc.php HTTP/2.0" 403 52 "-" "Mozilla/5.0 (Macintosh; Intel Mac OS X 10_15_7) AppleWebKit/537.36 (KHTML, like Gecko) Chrome/131.0.0.0 Safari/537.36"
65.108.235.243 - - [07/Jul/2026:15:04:49 +0200] "POST /wp-cron.php?doing_wp_cron=1783429488.9301528930664062500000 HTTP/1.1" 200 1 "-" "WordPress/7.0; https://piacenza.elettroservicegroup.it"
188.49.119.37 - - [07/Jul/2026:15:04:39 +0200] "POST /wp-login.php HTTP/2.0" 200 2870 "-" "Mozilla/5.0 (Macintosh; Intel Mac OS X 10_15_7) AppleWebKit/537.36 (KHTML, like Gecko) Chrome/131.0.0.0 Safari/537.36"
65.108.235.243 - - [07/Jul/2026:15:04:51 +0200] "GET /assistenza-siemens-piacenza/ HTTP/1.1" 200 21991 "-" "WP Fastest Cache Preload Bot"
65.108.235.243 - - [07/Jul/2026:15:04:54 +0200] "GET /assistenza-rex-electrolux-piacenza/ HTTP/1.1" 200 21842 "-" "WP Fastest Cache Preload Bot"
65.108.235.243 - - [07/Jul/2026:15:04:57 +0200] "GET /assistenza-miele-piacenza/ HTTP/1.1" 200 22093 "-" "WP Fastest Cache Preload Bot"
65.108.235.243 - - [07/Jul/2026:15:05:00 +0200] "GET /assistenza-lavatrici-whirlpool-piacenza/ HTTP/1.1" 200 21955 "-" "WP Fastest Cache Preload Bot"
65.108.235.243 - - [07/Jul/2026:15:07:08 +0200] "POST /wp-cron.php?doing_wp_cron=1783429628.1204099655151367187500 HTTP/1.1" 200 1 "-" "WordPress/7.0; https://piacenza.elettroservicegroup.it"
34.142.203.110 - - [07/Jul/2026:15:07:01 +0200] "GET /components/com_sppagebuilder/assets/css/sppagebuilder.css HTTP/2.0" 404 - "-" "Mozilla/5.0 (compatible; Googlebot/2.1; +http://www.google.com/bot.html)"
65.108.235.243 - - [07/Jul/2026:15:28:15 +0200] "POST /wp-cron.php?doing_wp_cron=1783430895.0339300632476806640625 HTTP/1.1" 200 1 "-" "WordPress/7.0; https://piacenza.elettroservicegroup.it"
94.154.43.187 - - [07/Jul/2026:15:28:03 +0200] "GET / HTTP/1.1" 301 - "-" "Mozilla/5.0 (Windows NT 10.0; Win64; x64) AppleWebKit/537.36 (KHTML, like Gecko) Chrome/147.0.0.0 Safari/537.36"
94.154.43.185 - - [07/Jul/2026:15:28:15 +0200] "GET / HTTP/1.1" 415 159274 "-" "Mozilla/5.0 (Windows NT 10.0; Win64; x64) AppleWebKit/537.36 (KHTML, like Gecko) Chrome/147.0.0.0 Safari/537.36"
65.108.235.243 - - [07/Jul/2026:15:28:18 +0200] "GET /assistenza-lavatrici-smeg-piacenza/ HTTP/1.1" 200 21701 "-" "WP Fastest Cache Preload Bot"
65.108.235.243 - - [07/Jul/2026:15:28:20 +0200] "GET /assistenza-lavatrici-rex-electrolux-piacenza/ HTTP/1.1" 200 21677 "-" "WP Fastest Cache Preload Bot"
65.108.235.243 - - [07/Jul/2026:15:28:21 +0200] "GET /assistenza-lavatrici-indesit-piacenza/ HTTP/1.1" 200 21701 "-" "WP Fastest Cache Preload Bot"
65.108.235.243 - - [07/Jul/2026:15:28:22 +0200] "GET /assistenza-lavatrici-bosch-piacenza/ HTTP/1.1" 200 21746 "-" "WP Fastest Cache Preload Bot"
65.108.235.243 - - [07/Jul/2026:15:47:22 +0200] "POST /wp-cron.php?doing_wp_cron=1783432042.3779909610748291015625 HTTP/1.1" 200 1 "-" "WordPress/7.0; https://piacenza.elettroservicegroup.it"
216.73.216.138 - - [07/Jul/2026:15:47:14 +0200] "GET /robots.txt HTTP/2.0" 200 108 "-" "Mozilla/5.0 AppleWebKit/537.36 (KHTML, like Gecko; compatible; ClaudeBot/1.0; +claudebot@anthropic.com)"
65.108.235.243 - - [07/Jul/2026:15:47:22 +0200] "POST /wp-json/complianz/v1/wsc-scan HTTP/1.1" 400 88 "-" "WordPress/7.0; https://piacenza.elettroservicegroup.it"
65.108.235.243 - - [07/Jul/2026:15:47:23 +0200] "GET /assistenza-lavatrici-ariston-piacenza/ HTTP/1.1" 200 21767 "-" "WP Fastest Cache Preload Bot"
65.108.235.243 - - [07/Jul/2026:15:47:24 +0200] "GET /assistenza-lavatrici-aeg-piacenza/ HTTP/1.1" 200 21774 "-" "WP Fastest Cache Preload Bot"
65.108.235.243 - - [07/Jul/2026:15:47:26 +0200] "GET /assistenza-lavatrici-piacenza/ HTTP/1.1" 200 22015 "-" "WP Fastest Cache Preload Bot"
65.108.235.243 - - [07/Jul/2026:15:47:28 +0200] "GET /assistenza-lavastoviglie-whirlpool-piacenza/ HTTP/1.1" 200 21718 "-" "WP Fastest Cache Preload Bot"
216.73.216.138 - - [07/Jul/2026:15:47:57 +0200] "GET /wp-content/cache/wpfc-minified/7bizmdj7/w9h0.css HTTP/2.0" 200 16210 "-" "Mozilla/5.0 AppleWebKit/537.36 (KHTML, like Gecko; compatible; ClaudeBot/1.0; +claudebot@anthropic.com)"
43.160.219.206 - - [07/Jul/2026:15:48:55 +0200] "GET / HTTP/1.1" 200 23700 "http://piacenza.elettroservicegroup.it" "Mozilla/5.0 (iPhone; CPU iPhone OS 13_2_3 like Mac OS X) AppleWebKit/605.1.15 (KHTML, like Gecko) Version/13.0.3 Mobile/15E148 Safari/604.1"
216.73.216.138 - - [07/Jul/2026:16:00:49 +0200] "GET /wp-content/cache/wpfc-minified/kajgjpa1/w4sl.js HTTP/2.0" 200 37594 "-" "Mozilla/5.0 AppleWebKit/537.36 (KHTML, like Gecko; compatible; ClaudeBot/1.0; +claudebot@anthropic.com)"
65.108.235.243 - - [07/Jul/2026:16:50:58 +0200] "POST /wp-cron.php?doing_wp_cron=1783435858.8748259544372558593750 HTTP/1.1" 200 1 "-" "WordPress/7.0; https://piacenza.elettroservicegroup.it"
216.73.216.138 - - [07/Jul/2026:16:50:57 +0200] "GET /robots.txt HTTP/2.0" 200 108 "-" "Mozilla/5.0 AppleWebKit/537.36 (KHTML, like Gecko; compatible; ClaudeBot/1.0; +claudebot@anthropic.com)"
65.108.235.243 - - [07/Jul/2026:16:50:59 +0200] "GET /assistenza-lavastoviglie-smeg-piacenza/ HTTP/1.1" 200 21663 "-" "WP Fastest Cache Preload Bot"
65.108.235.243 - - [07/Jul/2026:16:50:59 +0200] "GET /assistenza-lavastoviglie-rex-electrolux-piacenza/ HTTP/1.1" 200 21623 "-" "WP Fastest Cache Preload Bot"
65.108.235.243 - - [07/Jul/2026:16:50:59 +0200] "GET /assistenza-lavastoviglie-indesit-piacenza/ HTTP/1.1" 200 22125 "-" "WP Fastest Cache Preload Bot"
65.108.235.243 - - [07/Jul/2026:16:51:00 +0200] "GET /assistenza-lavastoviglie-bosch-piacenza/ HTTP/1.1" 200 22147 "-" "WP Fastest Cache Preload Bot"
65.108.235.243 - - [07/Jul/2026:16:51:00 +0200] "POST /wp-json/complianz/v1/wsc-scan HTTP/1.1" 400 88 "-" "WordPress/7.0; https://piacenza.elettroservicegroup.it"
216.73.216.138 - - [07/Jul/2026:16:51:18 +0200] "GET /sitemap.xml HTTP/2.0" 200 331 "-" "Mozilla/5.0 AppleWebKit/537.36 (KHTML, like Gecko; compatible; ClaudeBot/1.0; +claudebot@anthropic.com)"
65.108.235.243 - - [07/Jul/2026:16:51:19 +0200] "POST /wp-cron.php?doing_wp_cron=1783435879.1651151180267333984375 HTTP/1.1" 200 1 "-" "WordPress/7.0; https://piacenza.elettroservicegroup.it"
216.73.216.138 - - [07/Jul/2026:16:51:18 +0200] "GET /sitemap.rss HTTP/2.0" 200 1298 "-" "Mozilla/5.0 AppleWebKit/537.36 (KHTML, like Gecko; compatible; ClaudeBot/1.0; +claudebot@anthropic.com)"
162.120.187.136 - - [07/Jul/2026:17:15:35 +0200] "GET / HTTP/2.0" 200 21791 "https://www.google.com/" "Mozilla/5.0 (Linux; Android 10; K) AppleWebKit/537.36 (KHTML, like Gecko) Chrome/149.0.0.0 Mobile Safari/537.36"
65.108.235.243 - - [07/Jul/2026:17:15:42 +0200] "POST /wp-cron.php?doing_wp_cron=1783437342.3187839984893798828125 HTTP/1.1" 200 1 "-" "WordPress/7.0; https://piacenza.elettroservicegroup.it"
66.249.93.138 - - [07/Jul/2026:17:15:35 +0200] "GET /.well-known/traffic-advice HTTP/1.1" 404 16286 "-" "Chrome Privacy Preserving Prefetch Proxy"
65.108.235.243 - - [07/Jul/2026:17:15:44 +0200] "GET /assistenza-lavastoviglie-ariston-piacenza/ HTTP/1.1" 200 22085 "-" "WP Fastest Cache Preload Bot"
65.108.235.243 - - [07/Jul/2026:17:15:45 +0200] "GET /assistenza-lavastoviglie-aeg-piacenza/ HTTP/1.1" 200 22143 "-" "WP Fastest Cache Preload Bot"
65.108.235.243 - - [07/Jul/2026:17:15:47 +0200] "GET /assistenza-lavastoviglie-piacenza/ HTTP/1.1" 200 21790 "-" "WP Fastest Cache Preload Bot"
65.108.235.243 - - [07/Jul/2026:17:15:49 +0200] "GET /assistenza-indesit-piacenza/ HTTP/1.1" 200 21796 "-" "WP Fastest Cache Preload Bot"
45.86.19.44 - - [07/Jul/2026:17:38:49 +0200] "POST /xmlrpc.php HTTP/1.1" 403 52 "-" "Python-xmlrpc/3.10"
65.108.235.243 - - [07/Jul/2026:17:38:57 +0200] "GET /assistenza-candy-piacenza/ HTTP/1.1" 200 21889 "-" "WP Fastest Cache Preload Bot"
191.102.187.104 - - [07/Jul/2026:17:38:57 +0200] "GET /wp-login.php HTTP/1.1" 200 3049 "-" "Mozilla/5.0 (Macintosh; Intel Mac OS X 10_12_6) AppleWebKit/603.3.8 (KHTML, like Gecko) Version/10.1.2 Safari/603.3.8"
65.108.235.243 - - [07/Jul/2026:17:38:57 +0200] "GET /assistenza-bosch-piacenza/ HTTP/1.1" 200 21894 "-" "WP Fastest Cache Preload Bot"
65.108.235.243 - - [07/Jul/2026:17:38:58 +0200] "GET /assistenza-ariston-piacenza/ HTTP/1.1" 200 21882 "-" "WP Fastest Cache Preload Bot"
191.102.187.104 - - [07/Jul/2026:17:38:59 +0200] "GET /wp-login.php HTTP/1.1" 200 3049 "-" "Mozilla/5.0 (Macintosh; Intel Mac OS X 10_12_6) AppleWebKit/603.3.8 (KHTML, like Gecko) Version/10.1.2 Safari/603.3.8"
65.108.235.243 - - [07/Jul/2026:17:39:01 +0200] "GET /assistenza-aeg-piacenza/ HTTP/1.1" 200 21885 "-" "WP Fastest Cache Preload Bot"
65.108.235.243 - - [07/Jul/2026:17:39:05 +0200] "POST /wp-cron.php?doing_wp_cron=1783438745.4368259906768798828125 HTTP/1.1" 200 1 "-" "WordPress/7.0; https://piacenza.elettroservicegroup.it"
191.102.187.104 - - [07/Jul/2026:17:39:03 +0200] "GET /wp-admin/post-new.php HTTP/1.1" 302 - "-" "Mozilla/5.0 (Macintosh; Intel Mac OS X 10_12_6) AppleWebKit/603.3.8 (KHTML, like Gecko) Version/10.1.2 Safari/603.3.8"
191.102.187.104 - - [07/Jul/2026:17:39:06 +0200] "GET /wp-login.php?redirect_to=https%3A%2F%2Fpiacenza.elettroservicegroup.it%2Fwp-admin%2Fpost-new.php&reauth=1 HTTP/1.1" 200 3053 "-" "Mozilla/5.0 (Macintosh; Intel Mac OS X 10_12_6) AppleWebKit/603.3.8 (KHTML, like Gecko) Version/10.1.2 Safari/603.3.8"
65.108.235.243 - - [07/Jul/2026:17:40:12 +0200] "GET /cookie-policy/ HTTP/1.1" 200 18013 "-" "WP Fastest Cache Preload Bot"
65.108.235.243 - - [07/Jul/2026:17:40:14 +0200] "GET /termini-e-condizioni/ HTTP/1.1" 200 17574 "-" "WP Fastest Cache Preload Bot"
65.108.235.243 - - [07/Jul/2026:17:40:17 +0200] "GET /cookie-policy-ue/ HTTP/1.1" 200 19432 "-" "WP Fastest Cache Preload Bot"
65.108.235.243 - - [07/Jul/2026:17:40:19 +0200] "GET /informativa-privacy/ HTTP/1.1" 200 19824 "-" "WP Fastest Cache Preload Bot"
20.191.45.212 - - [07/Jul/2026:18:06:30 +0200] "GET /wp-content/uploads/2021/10/cropped-cropped-cropped-cropped-logo_white_background-32x32.png HTTP/1.1" 200 1242 "http://piacenza.elettroservicegroup.it/favicon.ico" "DuckDuckBot/1.1; (+http://duckduckgo.com/duckduckbot.html)"
65.108.235.243 - - [07/Jul/2026:18:06:31 +0200] "POST /wp-json/complianz/v1/wsc-scan HTTP/1.1" 400 88 "-" "WordPress/7.0; https://piacenza.elettroservicegroup.it"
65.108.235.243 - - [07/Jul/2026:18:06:33 +0200] "GET /assistenza-frigoriferi/ HTTP/1.1" 200 19890 "-" "WP Fastest Cache Preload Bot"
65.108.235.243 - - [07/Jul/2026:18:06:37 +0200] "GET /assistenza-lavastoviglie/ HTTP/1.1" 200 19947 "-" "WP Fastest Cache Preload Bot"
65.108.235.243 - - [07/Jul/2026:18:06:39 +0200] "GET /assistenza-asciugatrici/ HTTP/1.1" 200 19702 "-" "WP Fastest Cache Preload Bot"
65.108.235.243 - - [07/Jul/2026:18:06:41 +0200] "GET /assistenza-lavatrici/ HTTP/1.1" 200 19443 "-" "WP Fastest Cache Preload Bot"
65.108.235.243 - - [07/Jul/2026:18:38:47 +0200] "POST /wp-cron.php?doing_wp_cron=1783442327.0208311080932617187500 HTTP/1.1" 200 1 "-" "WordPress/7.0; https://piacenza.elettroservicegroup.it"
216.73.216.138 - - [07/Jul/2026:18:38:42 +0200] "GET /robots.txt HTTP/2.0" 200 108 "-" "Mozilla/5.0 AppleWebKit/537.36 (KHTML, like Gecko; compatible; ClaudeBot/1.0; +claudebot@anthropic.com)"
65.108.235.243 - - [07/Jul/2026:18:38:49 +0200] "GET / HTTP/1.1" 200 21811 "-" "WP Fastest Cache Preload Bot"
65.108.235.243 - - [07/Jul/2026:18:55:02 +0200] "GET /imprint/ HTTP/1.1" 200 17176 "-" "WP Fastest Cache Preload Bot"
65.108.235.243 - - [07/Jul/2026:18:55:03 +0200] "GET /dichiarazione-sulla-privacy-ue/ HTTP/1.1" 200 19688 "-" "WP Fastest Cache Preload Bot"
65.108.235.243 - - [07/Jul/2026:18:55:03 +0200] "GET /assistenza-whirlpool-piacenza/ HTTP/1.1" 200 21851 "-" "WP Fastest Cache Preload Bot"
65.108.235.243 - - [07/Jul/2026:18:55:04 +0200] "GET /assistenza-smeg-piacenza/ HTTP/1.1" 200 21799 "-" "WP Fastest Cache Preload Bot"
65.108.235.243 - - [07/Jul/2026:18:55:06 +0200] "GET / HTTP/1.1" 200 21813 "-" "WP Fastest Cache Preload Bot"
65.108.235.243 - - [07/Jul/2026:19:00:10 +0200] "POST /wp-cron.php?doing_wp_cron=1783443610.3435430526733398437500 HTTP/1.1" 200 1 "-" "WordPress/7.0; https://piacenza.elettroservicegroup.it"
195.178.110.18 - - [07/Jul/2026:19:00:07 +0200] "GET /.git/config HTTP/1.1" 404 85029 "-" "Opera/9.0 (Macintosh; PPC Mac OS X; U; en)"
65.108.235.243 - - [07/Jul/2026:19:00:11 +0200] "GET /imprint/ HTTP/1.1" 200 17177 "-" "WP Fastest Cache Preload Bot"
65.108.235.243 - - [07/Jul/2026:19:00:12 +0200] "GET /dichiarazione-sulla-privacy-ue/ HTTP/1.1" 200 19694 "-" "WP Fastest Cache Preload Bot"
65.108.235.243 - - [07/Jul/2026:19:00:15 +0200] "GET /assistenza-whirlpool-piacenza/ HTTP/1.1" 200 21851 "-" "WP Fastest Cache Preload Bot"
65.108.235.243 - - [07/Jul/2026:19:00:17 +0200] "GET /assistenza-smeg-piacenza/ HTTP/1.1" 200 21799 "-" "WP Fastest Cache Preload Bot"
65.108.235.243 - - [07/Jul/2026:19:01:05 +0200] "POST /wp-cron.php?doing_wp_cron=1783443665.6685779094696044921875 HTTP/1.1" 200 1 "-" "WordPress/7.0; https://piacenza.elettroservicegroup.it"
52.140.193.66 - - [07/Jul/2026:19:01:05 +0200] "GET /wp-login.php HTTP/1.1" 200 10149 "-" "-"
52.140.193.66 - - [07/Jul/2026:19:01:36 +0200] "GET / HTTP/1.1" 200 159258 "-" "-"
52.140.193.66 - - [07/Jul/2026:19:01:49 +0200] "GET /wp-login.php HTTP/1.1" 200 10149 "-" "-"
65.108.235.243 - - [07/Jul/2026:19:01:57 +0200] "POST /?wordfence_syncAttackData=1783443716.9365 HTTP/1.1" 200 1 "-" "WordPress/7.0; https://piacenza.elettroservicegroup.it"
52.140.193.66 - - [07/Jul/2026:19:02:04 +0200] "GET /wp-login.php?action=register HTTP/1.1" 302 - "-" "-"
52.140.193.66 - - [07/Jul/2026:19:02:06 +0200] "GET /wp-login.php?registration=disabled HTTP/1.1" 200 10353 "-" "-"
65.108.235.243 - - [07/Jul/2026:19:04:37 +0200] "GET /assistenza-siemens-piacenza/ HTTP/1.1" 200 21991 "-" "WP Fastest Cache Preload Bot"
65.108.235.243 - - [07/Jul/2026:19:04:40 +0200] "GET /assistenza-rex-electrolux-piacenza/ HTTP/1.1" 200 21843 "-" "WP Fastest Cache Preload Bot"
65.108.235.243 - - [07/Jul/2026:19:04:44 +0200] "GET /assistenza-miele-piacenza/ HTTP/1.1" 200 22093 "-" "WP Fastest Cache Preload Bot"
65.108.235.243 - - [07/Jul/2026:19:04:48 +0200] "GET /assistenza-lavatrici-whirlpool-piacenza/ HTTP/1.1" 200 21955 "-" "WP Fastest Cache Preload Bot"
43.159.132.207 - - [07/Jul/2026:19:29:44 +0200] "GET / HTTP/1.1" 200 23700 "http://piacenza.elettroservicegroup.it" "Mozilla/5.0 (iPhone; CPU iPhone OS 13_2_3 like Mac OS X) AppleWebKit/605.1.15 (KHTML, like Gecko) Version/13.0.3 Mobile/15E148 Safari/604.1"
65.108.235.243 - - [07/Jul/2026:19:29:46 +0200] "POST /wp-json/complianz/v1/wsc-scan HTTP/1.1" 400 88 "-" "WordPress/7.0; https://piacenza.elettroservicegroup.it"
65.108.235.243 - - [07/Jul/2026:19:29:46 +0200] "GET /assistenza-lavatrici-smeg-piacenza/ HTTP/1.1" 200 21701 "-" "WP Fastest Cache Preload Bot"
65.108.235.243 - - [07/Jul/2026:19:29:46 +0200] "GET /assistenza-lavatrici-rex-electrolux-piacenza/ HTTP/1.1" 200 21679 "-" "WP Fastest Cache Preload Bot"
65.108.235.243 - - [07/Jul/2026:19:29:47 +0200] "GET /assistenza-lavatrici-indesit-piacenza/ HTTP/1.1" 200 21701 "-" "WP Fastest Cache Preload Bot"
65.108.235.243 - - [07/Jul/2026:19:29:47 +0200] "GET /assistenza-lavatrici-bosch-piacenza/ HTTP/1.1" 200 21746 "-" "WP Fastest Cache Preload Bot"
43.153.10.13 - - [07/Jul/2026:19:33:15 +0200] "GET /assistenza-candy-piacenza/ HTTP/1.1" 200 23738 "-" "Mozilla/5.0 (iPhone; CPU iPhone OS 13_2_3 like Mac OS X) AppleWebKit/605.1.15 (KHTML, like Gecko) Version/13.0.3 Mobile/15E148 Safari/604.1"
65.108.235.243 - - [07/Jul/2026:19:44:53 +0200] "POST /wp-cron.php?doing_wp_cron=1783446293.3401429653167724609375 HTTP/1.1" 200 1 "-" "WordPress/7.0; https://piacenza.elettroservicegroup.it"
129.226.195.146 - - [07/Jul/2026:19:44:51 +0200] "GET /feed/ HTTP/1.1" 200 561 "-" "Mozilla/5.0 (iPhone; CPU iPhone OS 13_2_3 like Mac OS X) AppleWebKit/605.1.15 (KHTML, like Gecko) Version/13.0.3 Mobile/15E148 Safari/604.1"
65.108.235.243 - - [07/Jul/2026:19:44:54 +0200] "GET /assistenza-lavatrici-ariston-piacenza/ HTTP/1.1" 200 21766 "-" "WP Fastest Cache Preload Bot"
65.108.235.243 - - [07/Jul/2026:19:44:57 +0200] "GET /assistenza-lavatrici-aeg-piacenza/ HTTP/1.1" 200 21774 "-" "WP Fastest Cache Preload Bot"
65.108.235.243 - - [07/Jul/2026:19:44:58 +0200] "GET /assistenza-lavatrici-piacenza/ HTTP/1.1" 200 22015 "-" "WP Fastest Cache Preload Bot"
65.108.235.243 - - [07/Jul/2026:19:45:01 +0200] "GET /assistenza-lavastoviglie-whirlpool-piacenza/ HTTP/1.1" 200 21716 "-" "WP Fastest Cache Preload Bot"
43.131.36.84 - - [07/Jul/2026:19:52:23 +0200] "GET /assistenza-asciugatrici/ HTTP/1.1" 200 21406 "-" "Mozilla/5.0 (iPhone; CPU iPhone OS 13_2_3 like Mac OS X) AppleWebKit/605.1.15 (KHTML, like Gecko) Version/13.0.3 Mobile/15E148 Safari/604.1"
104.165.0.12 - - [07/Jul/2026:19:54:58 +0200] "GET /wp-content/uploads/2022/01/TECNIC-LAVATRICE-1-1-300x169.jpg HTTP/2.0" 200 12560 "https://piacenza.elettroservicegroup.it/assistenza-indesit-piacenza/" "Mozilla/5.0 (Macintosh; Intel Mac OS X 10_15_7) AppleWebKit/537.36 (KHTML, like Gecko) Chrome/130.0.0.0 Safari/537.36"
43.157.22.57 - - [07/Jul/2026:20:02:53 +0200] "GET /assistenza-aeg-piacenza/ HTTP/1.1" 200 23687 "-" "Mozilla/5.0 (iPhone; CPU iPhone OS 13_2_3 like Mac OS X) AppleWebKit/605.1.15 (KHTML, like Gecko) Version/13.0.3 Mobile/15E148 Safari/604.1"
65.108.235.243 - - [07/Jul/2026:20:10:28 +0200] "POST /wp-cron.php?doing_wp_cron=1783447828.0354440212249755859375 HTTP/1.1" 200 1 "-" "WordPress/7.0; https://piacenza.elettroservicegroup.it"
216.73.216.138 - - [07/Jul/2026:20:10:22 +0200] "GET /robots.txt HTTP/2.0" 200 108 "-" "Mozilla/5.0 AppleWebKit/537.36 (KHTML, like Gecko; compatible; ClaudeBot/1.0; +claudebot@anthropic.com)"
216.73.216.138 - - [07/Jul/2026:20:10:28 +0200] "GET /sitemap.rss HTTP/2.0" 200 1298 "-" "Mozilla/5.0 AppleWebKit/537.36 (KHTML, like Gecko; compatible; ClaudeBot/1.0; +claudebot@anthropic.com)"
65.108.235.243 - - [07/Jul/2026:20:10:28 +0200] "GET /assistenza-lavastoviglie-smeg-piacenza/ HTTP/1.1" 200 21663 "-" "WP Fastest Cache Preload Bot"
65.108.235.243 - - [07/Jul/2026:20:10:28 +0200] "GET /assistenza-lavastoviglie-rex-electrolux-piacenza/ HTTP/1.1" 200 21623 "-" "WP Fastest Cache Preload Bot"
65.108.235.243 - - [07/Jul/2026:20:10:29 +0200] "GET /assistenza-lavastoviglie-indesit-piacenza/ HTTP/1.1" 200 22125 "-" "WP Fastest Cache Preload Bot"
65.108.235.243 - - [07/Jul/2026:20:10:29 +0200] "GET /assistenza-lavastoviglie-bosch-piacenza/ HTTP/1.1" 200 22147 "-" "WP Fastest Cache Preload Bot"
65.108.235.243 - - [07/Jul/2026:20:13:13 +0200] "POST /wp-cron.php?doing_wp_cron=1783447993.2968559265136718750000 HTTP/1.1" 200 1 "-" "WordPress/7.0; https://piacenza.elettroservicegroup.it"
47.254.47.156 - - [07/Jul/2026:20:13:06 +0200] "GET /wp-json/ HTTP/1.1" 200 334568 "-" "Mozilla/5.0 (iPhone; CPU iPhone OS 13_2_3 like Mac OS X) AppleWebKit/605.1.15 (KHTML, like Gecko) Version/13.0.3 Mobile/15E148 Safari/604.1"
207.46.13.150 - - [07/Jul/2026:20:14:01 +0200] "GET /assistenza-lavatrici-whirlpool-piacenza/ HTTP/2.0" 200 21932 "-" "Mozilla/5.0 AppleWebKit/537.36 (KHTML, like Gecko; compatible; bingbot/2.0; +http://www.bing.com/bingbot.htm) Chrome/116.0.1938.76 Safari/537.36"
65.108.235.243 - - [07/Jul/2026:20:22:04 +0200] "POST /wp-cron.php?doing_wp_cron=1783448524.6251230239868164062500 HTTP/1.1" 200 1 "-" "WordPress/7.0; https://piacenza.elettroservicegroup.it"
43.157.158.178 - - [07/Jul/2026:20:22:00 +0200] "GET /assistenza-asciugatrici HTTP/1.1" 301 - "-" "Mozilla/5.0 (iPhone; CPU iPhone OS 13_2_3 like Mac OS X) AppleWebKit/605.1.15 (KHTML, like Gecko) Version/13.0.3 Mobile/15E148 Safari/604.1"
43.157.158.178 - - [07/Jul/2026:20:22:06 +0200] "GET /assistenza-asciugatrici/ HTTP/1.1" 200 21406 "https://piacenza.elettroservicegroup.it/assistenza-asciugatrici" "Mozilla/5.0 (iPhone; CPU iPhone OS 13_2_3 like Mac OS X) AppleWebKit/605.1.15 (KHTML, like Gecko) Version/13.0.3 Mobile/15E148 Safari/604.1"
65.108.235.243 - - [07/Jul/2026:20:22:06 +0200] "GET /assistenza-lavastoviglie-ariston-piacenza/ HTTP/1.1" 200 22085 "-" "WP Fastest Cache Preload Bot"
65.108.235.243 - - [07/Jul/2026:20:22:09 +0200] "GET /assistenza-lavastoviglie-aeg-piacenza/ HTTP/1.1" 200 22142 "-" "WP Fastest Cache Preload Bot"
65.108.235.243 - - [07/Jul/2026:20:22:12 +0200] "GET /assistenza-lavastoviglie-piacenza/ HTTP/1.1" 200 21790 "-" "WP Fastest Cache Preload Bot"
65.108.235.243 - - [07/Jul/2026:20:22:14 +0200] "GET /assistenza-indesit-piacenza/ HTTP/1.1" 200 21795 "-" "WP Fastest Cache Preload Bot"
162.62.213.187 - - [07/Jul/2026:20:32:23 +0200] "GET /assistenza-candy-piacenza/ HTTP/1.1" 200 23738 "-" "Mozilla/5.0 (iPhone; CPU iPhone OS 13_2_3 like Mac OS X) AppleWebKit/605.1.15 (KHTML, like Gecko) Version/13.0.3 Mobile/15E148 Safari/604.1"
65.108.235.243 - - [07/Jul/2026:20:44:16 +0200] "POST /wp-cron.php?doing_wp_cron=1783449856.0342381000518798828125 HTTP/1.1" 200 1 "-" "WordPress/7.0; https://piacenza.elettroservicegroup.it"
43.153.62.161 - - [07/Jul/2026:20:44:10 +0200] "GET /wp-json/wp/v2/pages/16897 HTTP/1.1" 200 74948 "-" "Mozilla/5.0 (iPhone; CPU iPhone OS 13_2_3 like Mac OS X) AppleWebKit/605.1.15 (KHTML, like Gecko) Version/13.0.3 Mobile/15E148 Safari/604.1"
65.108.235.243 - - [07/Jul/2026:20:44:17 +0200] "POST /wp-json/complianz/v1/wsc-scan HTTP/1.1" 400 88 "-" "WordPress/7.0; https://piacenza.elettroservicegroup.it"
65.108.235.243 - - [07/Jul/2026:20:44:18 +0200] "GET /assistenza-candy-piacenza/ HTTP/1.1" 200 21889 "-" "WP Fastest Cache Preload Bot"
65.108.235.243 - - [07/Jul/2026:20:44:20 +0200] "GET /assistenza-bosch-piacenza/ HTTP/1.1" 200 21893 "-" "WP Fastest Cache Preload Bot"
65.108.235.243 - - [07/Jul/2026:20:44:22 +0200] "GET /assistenza-ariston-piacenza/ HTTP/1.1" 200 21881 "-" "WP Fastest Cache Preload Bot"
65.108.235.243 - - [07/Jul/2026:20:44:24 +0200] "GET /assistenza-aeg-piacenza/ HTTP/1.1" 200 21884 "-" "WP Fastest Cache Preload Bot"
65.108.235.243 - - [07/Jul/2026:20:52:56 +0200] "POST /wp-cron.php?doing_wp_cron=1783450376.8436648845672607421875 HTTP/1.1" 200 1 "-" "WordPress/7.0; https://piacenza.elettroservicegroup.it"
43.153.74.75 - - [07/Jul/2026:20:52:54 +0200] "GET /wp-json/oembed/1.0/embed?url=https%3A%2F%2Fpiacenza.elettroservicegroup.it%2Fassistenza-candy-piacenza%2F HTTP/1.1" 200 2249 "-" "Mozilla/5.0 (iPhone; CPU iPhone OS 13_2_3 like Mac OS X) AppleWebKit/605.1.15 (KHTML, like Gecko) Version/13.0.3 Mobile/15E148 Safari/604.1"
65.108.235.243 - - [07/Jul/2026:20:52:57 +0200] "GET /cookie-policy/ HTTP/1.1" 200 18013 "-" "WP Fastest Cache Preload Bot"
65.108.235.243 - - [07/Jul/2026:20:52:58 +0200] "GET /termini-e-condizioni/ HTTP/1.1" 200 17574 "-" "WP Fastest Cache Preload Bot"
65.108.235.243 - - [07/Jul/2026:20:52:59 +0200] "GET /cookie-policy-ue/ HTTP/1.1" 200 19433 "-" "WP Fastest Cache Preload Bot"
65.108.235.243 - - [07/Jul/2026:20:53:01 +0200] "GET /informativa-privacy/ HTTP/1.1" 200 19825 "-" "WP Fastest Cache Preload Bot"
65.108.235.243 - - [07/Jul/2026:20:57:51 +0200] "POST /wp-cron.php?doing_wp_cron=1783450671.3473749160766601562500 HTTP/1.1" 200 1 "-" "WordPress/7.0; https://piacenza.elettroservicegroup.it"
52.167.144.231 - - [07/Jul/2026:20:57:46 +0200] "GET /a-pag-iconscot1-jpg/ HTTP/2.0" 200 17175 "-" "Mozilla/5.0 AppleWebKit/537.36 (KHTML, like Gecko; compatible; bingbot/2.0; +http://www.bing.com/bingbot.htm) Chrome/116.0.1938.76 Safari/537.36"
65.108.235.243 - - [07/Jul/2026:20:57:51 +0200] "GET /assistenza-frigoriferi/ HTTP/1.1" 200 19890 "-" "WP Fastest Cache Preload Bot"
65.108.235.243 - - [07/Jul/2026:20:57:53 +0200] "GET /assistenza-lavastoviglie/ HTTP/1.1" 200 19949 "-" "WP Fastest Cache Preload Bot"
65.108.235.243 - - [07/Jul/2026:20:57:55 +0200] "GET /assistenza-asciugatrici/ HTTP/1.1" 200 19702 "-" "WP Fastest Cache Preload Bot"
65.108.235.243 - - [07/Jul/2026:20:57:56 +0200] "GET /assistenza-lavatrici/ HTTP/1.1" 200 19443 "-" "WP Fastest Cache Preload Bot"
65.108.235.243 - - [07/Jul/2026:21:02:36 +0200] "POST /wp-cron.php?doing_wp_cron=1783450956.0454580783843994140625 HTTP/1.1" 200 1 "-" "WordPress/7.0; https://piacenza.elettroservicegroup.it"
150.109.46.88 - - [07/Jul/2026:21:02:22 +0200] "GET /wp-json/oembed/1.0/embed?url=https%3A%2F%2Fpiacenza.elettroservicegroup.it%2Fassistenza-candy-piacenza%2F&format=xml HTTP/1.1" 200 1107 "-" "Mozilla/5.0 (iPhone; CPU iPhone OS 13_2_3 like Mac OS X) AppleWebKit/605.1.15 (KHTML, like Gecko) Version/13.0.3 Mobile/15E148 Safari/604.1"
65.108.235.243 - - [07/Jul/2026:21:02:37 +0200] "GET / HTTP/1.1" 200 21812 "-" "WP Fastest Cache Preload Bot"
65.108.235.243 - - [07/Jul/2026:21:08:26 +0200] "POST /wp-cron.php?doing_wp_cron=1783451306.8366301059722900390625 HTTP/1.1" 200 1 "-" "WordPress/7.0; https://piacenza.elettroservicegroup.it"
65.108.235.243 - - [07/Jul/2026:21:08:25 +0200] "POST /?wordfence_syncAttackData=1783451305.643 HTTP/1.1" 200 1 "-" "WordPress/7.0; https://piacenza.elettroservicegroup.it"
65.108.235.243 - - [07/Jul/2026:21:13:07 +0200] "POST /wp-cron.php?doing_wp_cron=1783451587.5188479423522949218750 HTTP/1.1" 200 1 "-" "WordPress/7.0; https://piacenza.elettroservicegroup.it"
43.135.185.59 - - [07/Jul/2026:21:13:00 +0200] "GET /?p=16897 HTTP/1.1" 301 - "-" "Mozilla/5.0 (iPhone; CPU iPhone OS 13_2_3 like Mac OS X) AppleWebKit/605.1.15 (KHTML, like Gecko) Version/13.0.3 Mobile/15E148 Safari/604.1"
43.135.185.59 - - [07/Jul/2026:21:13:09 +0200] "GET /assistenza-candy-piacenza/ HTTP/1.1" 200 23739 "https://piacenza.elettroservicegroup.it/?p=16897" "Mozilla/5.0 (iPhone; CPU iPhone OS 13_2_3 like Mac OS X) AppleWebKit/605.1.15 (KHTML, like Gecko) Version/13.0.3 Mobile/15E148 Safari/604.1"
65.108.235.243 - - [07/Jul/2026:21:13:09 +0200] "GET /imprint/ HTTP/1.1" 200 17188 "-" "WP Fastest Cache Preload Bot"
65.108.235.243 - - [07/Jul/2026:21:13:12 +0200] "GET /dichiarazione-sulla-privacy-ue/ HTTP/1.1" 200 19680 "-" "WP Fastest Cache Preload Bot"
65.108.235.243 - - [07/Jul/2026:21:13:15 +0200] "GET /assistenza-whirlpool-piacenza/ HTTP/1.1" 200 21851 "-" "WP Fastest Cache Preload Bot"
65.108.235.243 - - [07/Jul/2026:21:13:18 +0200] "GET /assistenza-smeg-piacenza/ HTTP/1.1" 200 21799 "-" "WP Fastest Cache Preload Bot"
65.108.235.243 - - [07/Jul/2026:21:13:21 +0200] "GET / HTTP/1.1" 200 21813 "-" "WP Fastest Cache Preload Bot"
43.134.38.171 - - [07/Jul/2026:21:23:26 +0200] "GET /wp-json/oembed/1.0/embed?url=https%3A%2F%2Fpiacenza.elettroservicegroup.it%2Fassistenza-asciugatrici%2F&format=xml HTTP/1.1" 200 1106 "-" "Mozilla/5.0 (iPhone; CPU iPhone OS 13_2_3 like Mac OS X) AppleWebKit/605.1.15 (KHTML, like Gecko) Version/13.0.3 Mobile/15E148 Safari/604.1"
65.108.235.243 - - [07/Jul/2026:21:23:28 +0200] "POST /wp-cron.php?doing_wp_cron=1783452208.3528809547424316406250 HTTP/1.1" 200 1 "-" "WordPress/7.0; https://piacenza.elettroservicegroup.it"
40.77.167.3 - - [07/Jul/2026:21:23:24 +0200] "GET /sitemap.xml HTTP/2.0" 200 331 "-" "Mozilla/5.0 AppleWebKit/537.36 (KHTML, like Gecko; compatible; bingbot/2.0; +http://www.bing.com/bingbot.htm) Chrome/116.0.1938.76 Safari/537.36"
65.108.235.243 - - [07/Jul/2026:21:23:33 +0200] "GET /imprint/ HTTP/1.1" 200 17191 "-" "WP Fastest Cache Preload Bot"
65.108.235.243 - - [07/Jul/2026:21:23:35 +0200] "GET /dichiarazione-sulla-privacy-ue/ HTTP/1.1" 200 19681 "-" "WP Fastest Cache Preload Bot"
65.108.235.243 - - [07/Jul/2026:21:23:38 +0200] "GET /assistenza-whirlpool-piacenza/ HTTP/1.1" 200 21851 "-" "WP Fastest Cache Preload Bot"
65.108.235.243 - - [07/Jul/2026:21:23:40 +0200] "GET /assistenza-smeg-piacenza/ HTTP/1.1" 200 21799 "-" "WP Fastest Cache Preload Bot"
178.93.131.31 - - [07/Jul/2026:21:25:39 +0200] "GET /wp-content/uploads/2021/10/sfondo-aeg-768x415.jpg HTTP/2.0" 200 26058 "https://piacenza.elettroservicegroup.it/assistenza-aeg-piacenza/" "Mozilla/5.0 (Macintosh; Intel Mac OS X 10_15_7) AppleWebKit/537.36 (KHTML, like Gecko) Chrome/130.0.0.0 Safari/537.36"
65.108.235.243 - - [07/Jul/2026:21:27:01 +0200] "POST /wp-cron.php?doing_wp_cron=1783452421.0329449176788330078125 HTTP/1.1" 200 1 "-" "WordPress/7.0; https://piacenza.elettroservicegroup.it"
17.246.23.116 - - [07/Jul/2026:21:26:58 +0200] "GET /robots.txt HTTP/2.0" 200 132 "-" "Mozilla/5.0 (Macintosh; Intel Mac OS X 10_15_7) AppleWebKit/605.1.15 (KHTML, like Gecko) Version/17.4 Safari/605.1.15 (Applebot/0.1; +http://www.apple.com/go/applebot)"
17.246.23.116 - - [07/Jul/2026:21:27:01 +0200] "GET /sitemap.xml HTTP/2.0" 200 394 "-" "Mozilla/5.0 (Macintosh; Intel Mac OS X 10_15_7) AppleWebKit/605.1.15 (KHTML, like Gecko) Version/17.4 Safari/605.1.15 (Applebot/0.1; +http://www.apple.com/go/applebot)"
65.108.235.243 - - [07/Jul/2026:21:27:02 +0200] "GET /assistenza-siemens-piacenza/ HTTP/1.1" 200 21991 "-" "WP Fastest Cache Preload Bot"
65.108.235.243 - - [07/Jul/2026:21:27:04 +0200] "GET /assistenza-rex-electrolux-piacenza/ HTTP/1.1" 200 21843 "-" "WP Fastest Cache Preload Bot"
65.108.235.243 - - [07/Jul/2026:21:27:06 +0200] "GET /assistenza-miele-piacenza/ HTTP/1.1" 200 22093 "-" "WP Fastest Cache Preload Bot"
65.108.235.243 - - [07/Jul/2026:21:27:07 +0200] "GET /assistenza-lavatrici-whirlpool-piacenza/ HTTP/1.1" 200 21955 "-" "WP Fastest Cache Preload Bot"
17.246.19.155 - - [07/Jul/2026:21:27:12 +0200] "GET /sitemap.rss HTTP/2.0" 200 1434 "-" "Mozilla/5.0 (Macintosh; Intel Mac OS X 10_15_7) AppleWebKit/605.1.15 (KHTML, like Gecko) Version/17.4 Safari/605.1.15 (Applebot/0.1; +http://www.apple.com/go/applebot)"
65.108.235.243 - - [07/Jul/2026:21:28:35 +0200] "POST /wp-cron.php?doing_wp_cron=1783452515.7277500629425048828125 HTTP/1.1" 200 1 "-" "WordPress/7.0; https://piacenza.elettroservicegroup.it"
17.241.75.21 - - [07/Jul/2026:21:28:30 +0200] "GET /page-sitemap.xml HTTP/2.0" 200 1954 "-" "Mozilla/5.0 (Macintosh; Intel Mac OS X 10_15_7) AppleWebKit/605.1.15 (KHTML, like Gecko) Version/17.4 Safari/605.1.15 (Applebot/0.1; +http://www.apple.com/go/applebot)"
65.108.235.243 - - [07/Jul/2026:21:33:58 +0200] "POST /wp-cron.php?doing_wp_cron=1783452838.6248850822448730468750 HTTP/1.1" 200 1 "-" "WordPress/7.0; https://piacenza.elettroservicegroup.it"
43.153.49.151 - - [07/Jul/2026:21:33:50 +0200] "GET /wp-json/oembed/1.0/embed?url=https%3A%2F%2Fpiacenza.elettroservicegroup.it%2Fassistenza-asciugatrici%2F HTTP/1.1" 200 2266 "-" "Mozilla/5.0 (iPhone; CPU iPhone OS 13_2_3 like Mac OS X) AppleWebKit/605.1.15 (KHTML, like Gecko) Version/13.0.3 Mobile/15E148 Safari/604.1"
17.246.23.109 - - [07/Jul/2026:21:33:56 +0200] "GET /attachment-sitemap.xml HTTP/2.0" 200 7084 "-" "Mozilla/5.0 (Macintosh; Intel Mac OS X 10_15_7) AppleWebKit/605.1.15 (KHTML, like Gecko) Version/17.4 Safari/605.1.15 (Applebot/0.1; +http://www.apple.com/go/applebot)"
65.108.235.243 - - [07/Jul/2026:21:34:00 +0200] "GET /assistenza-lavatrici-smeg-piacenza/ HTTP/1.1" 200 21701 "-" "WP Fastest Cache Preload Bot"
65.108.235.243 - - [07/Jul/2026:21:34:03 +0200] "GET /assistenza-lavatrici-rex-electrolux-piacenza/ HTTP/1.1" 200 21679 "-" "WP Fastest Cache Preload Bot"
65.108.235.243 - - [07/Jul/2026:21:34:05 +0200] "GET /assistenza-lavatrici-indesit-piacenza/ HTTP/1.1" 200 21701 "-" "WP Fastest Cache Preload Bot"
65.108.235.243 - - [07/Jul/2026:21:34:08 +0200] "GET /assistenza-lavatrici-bosch-piacenza/ HTTP/1.1" 200 21746 "-" "WP Fastest Cache Preload Bot"
101.32.15.141 - - [07/Jul/2026:21:42:32 +0200] "GET /assistenza-asciugatrici/ HTTP/1.1" 200 21406 "-" "Mozilla/5.0 (iPhone; CPU iPhone OS 13_2_3 like Mac OS X) AppleWebKit/605.1.15 (KHTML, like Gecko) Version/13.0.3 Mobile/15E148 Safari/604.1"
65.108.235.243 - - [07/Jul/2026:21:53:33 +0200] "POST /wp-cron.php?doing_wp_cron=1783454013.2212419509887695312500 HTTP/1.1" 200 1 "-" "WordPress/7.0; https://piacenza.elettroservicegroup.it"
49.51.183.84 - - [07/Jul/2026:21:53:26 +0200] "GET /wp-json/wp/v2/pages/15285 HTTP/1.1" 200 63457 "-" "Mozilla/5.0 (iPhone; CPU iPhone OS 13_2_3 like Mac OS X) AppleWebKit/605.1.15 (KHTML, like Gecko) Version/13.0.3 Mobile/15E148 Safari/604.1"
65.108.235.243 - - [07/Jul/2026:21:53:35 +0200] "GET /assistenza-lavatrici-ariston-piacenza/ HTTP/1.1" 200 21767 "-" "WP Fastest Cache Preload Bot"
65.108.235.243 - - [07/Jul/2026:21:53:37 +0200] "GET /assistenza-lavatrici-aeg-piacenza/ HTTP/1.1" 200 21774 "-" "WP Fastest Cache Preload Bot"
65.108.235.243 - - [07/Jul/2026:21:53:39 +0200] "GET /assistenza-lavatrici-piacenza/ HTTP/1.1" 200 22015 "-" "WP Fastest Cache Preload Bot"
65.108.235.243 - - [07/Jul/2026:21:53:41 +0200] "GET /assistenza-lavastoviglie-whirlpool-piacenza/ HTTP/1.1" 200 21718 "-" "WP Fastest Cache Preload Bot"
65.108.235.243 - - [07/Jul/2026:21:53:44 +0200] "POST /wp-json/complianz/v1/wsc-scan HTTP/1.1" 400 88 "-" "WordPress/7.0; https://piacenza.elettroservicegroup.it"
65.108.235.243 - - [07/Jul/2026:21:53:46 +0200] "POST /wp-admin/admin-ajax.php?action=wordfence_testAjax HTTP/1.1" 200 16 "-" "WordPress/7.0; https://piacenza.elettroservicegroup.it"
65.108.235.243 - - [07/Jul/2026:21:53:48 +0200] "GET /wp-admin/admin-ajax.php?action=wordfence_doScan&isFork=0&scanMode=quick&cronKey=00243249088a4b3870415edb86471560&signature=ec96c4b54c6877bd315cfe430da903962b1efc8383b056c32f9520265c9644b5 HTTP/1.1" 200 1 "-" "WordPress/7.0; https://piacenza.elettroservicegroup.it"
65.108.235.243 - - [07/Jul/2026:22:03:45 +0200] "POST /wp-cron.php?doing_wp_cron=1783454625.1219580173492431640625 HTTP/1.1" 200 1 "-" "WordPress/7.0; https://piacenza.elettroservicegroup.it"
170.106.163.48 - - [07/Jul/2026:22:03:38 +0200] "GET /wp-json/oembed/1.0/embed?url=https%3A%2F%2Fpiacenza.elettroservicegroup.it%2Fassistenza-aeg-piacenza%2F HTTP/1.1" 200 2239 "-" "Mozilla/5.0 (iPhone; CPU iPhone OS 13_2_3 like Mac OS X) AppleWebKit/605.1.15 (KHTML, like Gecko) Version/13.0.3 Mobile/15E148 Safari/604.1"
65.108.235.243 - - [07/Jul/2026:22:03:47 +0200] "GET /assistenza-lavastoviglie-smeg-piacenza/ HTTP/1.1" 200 21663 "-" "WP Fastest Cache Preload Bot"
65.108.235.243 - - [07/Jul/2026:22:03:49 +0200] "GET /assistenza-lavastoviglie-rex-electrolux-piacenza/ HTTP/1.1" 200 21622 "-" "WP Fastest Cache Preload Bot"
65.108.235.243 - - [07/Jul/2026:22:03:52 +0200] "GET /assistenza-lavastoviglie-indesit-piacenza/ HTTP/1.1" 200 22125 "-" "WP Fastest Cache Preload Bot"
65.108.235.243 - - [07/Jul/2026:22:03:54 +0200] "GET /assistenza-lavastoviglie-bosch-piacenza/ HTTP/1.1" 200 22147 "-" "WP Fastest Cache Preload Bot"
72.14.201.22 - - [07/Jul/2026:22:11:16 +0200] "GET / HTTP/2.0" 200 21791 "https://www.google.com/" "Mozilla/5.0 (Linux; Android 10; K) AppleWebKit/537.36 (KHTML, like Gecko) Chrome/149.0.0.0 Mobile Safari/537.36"
65.108.235.243 - - [07/Jul/2026:22:11:23 +0200] "POST /wp-cron.php?doing_wp_cron=1783455083.5212659835815429687500 HTTP/1.1" 200 1 "-" "WordPress/7.0; https://piacenza.elettroservicegroup.it"
66.249.93.138 - - [07/Jul/2026:22:11:16 +0200] "GET /.well-known/traffic-advice HTTP/1.1" 404 16286 "-" "Chrome Privacy Preserving Prefetch Proxy"
65.108.235.243 - - [07/Jul/2026:22:11:25 +0200] "GET /assistenza-lavastoviglie-ariston-piacenza/ HTTP/1.1" 200 22085 "-" "WP Fastest Cache Preload Bot"
65.108.235.243 - - [07/Jul/2026:22:11:27 +0200] "GET /assistenza-lavastoviglie-aeg-piacenza/ HTTP/1.1" 200 22142 "-" "WP Fastest Cache Preload Bot"
65.108.235.243 - - [07/Jul/2026:22:11:29 +0200] "GET /assistenza-lavastoviglie-piacenza/ HTTP/1.1" 200 21790 "-" "WP Fastest Cache Preload Bot"
65.108.235.243 - - [07/Jul/2026:22:11:31 +0200] "GET /assistenza-indesit-piacenza/ HTTP/1.1" 200 21795 "-" "WP Fastest Cache Preload Bot"
65.108.235.243 - - [07/Jul/2026:22:12:16 +0200] "POST /wp-cron.php?doing_wp_cron=1783455136.1357789039611816406250 HTTP/1.1" 200 1 "-" "WordPress/7.0; https://piacenza.elettroservicegroup.it"
43.154.127.188 - - [07/Jul/2026:22:12:13 +0200] "GET /assistenza-candy-piacenza/embed/ HTTP/1.1" 200 6411 "-" "Mozilla/5.0 (iPhone; CPU iPhone OS 13_2_3 like Mac OS X) AppleWebKit/605.1.15 (KHTML, like Gecko) Version/13.0.3 Mobile/15E148 Safari/604.1"
65.108.235.243 - - [07/Jul/2026:22:23:45 +0200] "POST /wp-cron.php?doing_wp_cron=1783455825.1318879127502441406250 HTTP/1.1" 200 1 "-" "WordPress/7.0; https://piacenza.elettroservicegroup.it"
43.133.253.253 - - [07/Jul/2026:22:23:38 +0200] "GET /assistenza-asciugatrici/embed/ HTTP/1.1" 200 6487 "-" "Mozilla/5.0 (iPhone; CPU iPhone OS 13_2_3 like Mac OS X) AppleWebKit/605.1.15 (KHTML, like Gecko) Version/13.0.3 Mobile/15E148 Safari/604.1"
65.108.235.243 - - [07/Jul/2026:22:23:47 +0200] "GET /assistenza-candy-piacenza/ HTTP/1.1" 200 21888 "-" "WP Fastest Cache Preload Bot"
65.108.235.243 - - [07/Jul/2026:22:23:50 +0200] "GET /assistenza-bosch-piacenza/ HTTP/1.1" 200 21894 "-" "WP Fastest Cache Preload Bot"
65.108.235.243 - - [07/Jul/2026:22:23:52 +0200] "GET /assistenza-ariston-piacenza/ HTTP/1.1" 200 21882 "-" "WP Fastest Cache Preload Bot"
65.108.235.243 - - [07/Jul/2026:22:23:55 +0200] "GET /assistenza-aeg-piacenza/ HTTP/1.1" 200 21885 "-" "WP Fastest Cache Preload Bot"
65.108.235.243 - - [07/Jul/2026:22:47:41 +0200] "POST /wp-cron.php?doing_wp_cron=1783457261.9211189746856689453125 HTTP/1.1" 200 1 "-" "WordPress/7.0; https://piacenza.elettroservicegroup.it"
66.249.64.165 - - [07/Jul/2026:22:47:32 +0200] "GET /assistenza-bosch-castel-san-giovanni/ HTTP/1.1" 404 16270 "-" "Mozilla/5.0 (Linux; Android 6.0.1; Nexus 5X Build/MMB29P) AppleWebKit/537.36 (KHTML, like Gecko) Chrome/150.0.7871.46 Mobile Safari/537.36 (compatible; Googlebot/2.1; +http://www.google.com/bot.html)"
65.108.235.243 - - [07/Jul/2026:22:47:43 +0200] "GET /cookie-policy/ HTTP/1.1" 200 18013 "-" "WP Fastest Cache Preload Bot"
65.108.235.243 - - [07/Jul/2026:22:47:45 +0200] "GET /termini-e-condizioni/ HTTP/1.1" 200 17574 "-" "WP Fastest Cache Preload Bot"
65.108.235.243 - - [07/Jul/2026:22:47:47 +0200] "GET /cookie-policy-ue/ HTTP/1.1" 200 19429 "-" "WP Fastest Cache Preload Bot"
65.108.235.243 - - [07/Jul/2026:22:47:48 +0200] "GET /informativa-privacy/ HTTP/1.1" 200 19825 "-" "WP Fastest Cache Preload Bot"
138.59.4.35 - - [07/Jul/2026:22:55:18 +0200] "POST /xmlrpc.php HTTP/1.1" 403 52 "-" "Mozilla/5.0 (Macintosh; Intel Mac OS X 10_15_7) AppleWebKit/605.1.15 (KHTML, like Gecko) Version/17.3 Safari/605.1.15"
138.59.4.35 - - [07/Jul/2026:22:55:18 +0200] "POST /xmlrpc.php HTTP/1.1" 403 52 "-" "Mozilla/5.0 (Macintosh; Intel Mac OS X 10_15_7) AppleWebKit/605.1.15 (KHTML, like Gecko) Version/17.3 Safari/605.1.15"
138.59.4.35 - - [07/Jul/2026:22:55:19 +0200] "POST /xmlrpc.php HTTP/1.1" 403 52 "-" "Mozilla/5.0 (Macintosh; Intel Mac OS X 10_15_7) AppleWebKit/605.1.15 (KHTML, like Gecko) Version/17.3 Safari/605.1.15"
65.108.235.243 - - [07/Jul/2026:23:18:41 +0200] "POST /wp-cron.php?doing_wp_cron=1783459121.0349559783935546875000 HTTP/1.1" 200 1 "-" "WordPress/7.0; https://piacenza.elettroservicegroup.it"
35.95.54.228 - - [07/Jul/2026:23:18:34 +0200] "GET /robots.txt HTTP/2.0" 200 132 "-" "Mozilla/5.0 (compatible; wpbot/1.4; +https://forms.gle/ajBaxygz9jSR8p8G9)"
35.95.54.228 - - [07/Jul/2026:23:18:41 +0200] "GET / HTTP/2.0" 200 23700 "-" "Mozilla/5.0 (compatible; wpbot/1.4; +https://forms.gle/ajBaxygz9jSR8p8G9)"
65.108.235.243 - - [07/Jul/2026:23:18:43 +0200] "POST /wp-json/complianz/v1/wsc-scan HTTP/1.1" 400 88 "-" "WordPress/7.0; https://piacenza.elettroservicegroup.it"
65.108.235.243 - - [07/Jul/2026:23:18:44 +0200] "GET /assistenza-frigoriferi/ HTTP/1.1" 200 19890 "-" "WP Fastest Cache Preload Bot"
65.108.235.243 - - [07/Jul/2026:23:18:47 +0200] "GET /assistenza-lavastoviglie/ HTTP/1.1" 200 19949 "-" "WP Fastest Cache Preload Bot"
65.108.235.243 - - [07/Jul/2026:23:18:50 +0200] "GET /assistenza-asciugatrici/ HTTP/1.1" 200 19701 "-" "WP Fastest Cache Preload Bot"
65.108.235.243 - - [07/Jul/2026:23:18:51 +0200] "GET /assistenza-lavatrici/ HTTP/1.1" 200 19443 "-" "WP Fastest Cache Preload Bot"
65.108.235.243 - - [07/Jul/2026:23:25:37 +0200] "POST /wp-cron.php?doing_wp_cron=1783459537.7349629402160644531250 HTTP/1.1" 200 1 "-" "WordPress/7.0; https://piacenza.elettroservicegroup.it"
52.167.144.183 - - [07/Jul/2026:23:25:29 +0200] "GET /sitemap.rss HTTP/2.0" 200 1299 "-" "Mozilla/5.0 AppleWebKit/537.36 (KHTML, like Gecko; compatible; bingbot/2.0; +http://www.bing.com/bingbot.htm) Chrome/116.0.1938.76 Safari/537.36"
65.108.235.243 - - [07/Jul/2026:23:25:39 +0200] "GET / HTTP/1.1" 200 21813 "-" "WP Fastest Cache Preload Bot"
65.108.235.243 - - [07/Jul/2026:23:27:19 +0200] "POST /wp-cron.php?doing_wp_cron=1783459639.2350420951843261718750 HTTP/1.1" 200 1 "-" "WordPress/7.0; https://piacenza.elettroservicegroup.it"
52.167.144.183 - - [07/Jul/2026:23:27:10 +0200] "GET /assistenza-rex-electrolux-castel-san-giovanni/ HTTP/2.0" 404 16296 "-" "Mozilla/5.0 AppleWebKit/537.36 (KHTML, like Gecko; compatible; bingbot/2.0; +http://www.bing.com/bingbot.htm) Chrome/116.0.1938.76 Safari/537.36"
150.109.119.38 - - [07/Jul/2026:23:30:08 +0200] "GET / HTTP/1.1" 200 23700 "http://piacenza.elettroservicegroup.it" "Mozilla/5.0 (iPhone; CPU iPhone OS 13_2_3 like Mac OS X) AppleWebKit/605.1.15 (KHTML, like Gecko) Version/13.0.3 Mobile/15E148 Safari/604.1"
65.108.235.243 - - [07/Jul/2026:23:32:19 +0200] "POST /wp-cron.php?doing_wp_cron=1783459939.4383471012115478515625 HTTP/1.1" 200 1 "-" "WordPress/7.0; https://piacenza.elettroservicegroup.it"
66.249.64.167 - - [07/Jul/2026:23:32:13 +0200] "GET /assistenza-lavatrici-castel-san-giovanni/ HTTP/1.1" 404 16276 "-" "Mozilla/5.0 (Linux; Android 6.0.1; Nexus 5X Build/MMB29P) AppleWebKit/537.36 (KHTML, like Gecko) Chrome/150.0.7871.46 Mobile Safari/537.36 (compatible; Googlebot/2.1; +http://www.google.com/bot.html)"
65.108.235.243 - - [07/Jul/2026:23:35:55 +0200] "POST /wp-cron.php?doing_wp_cron=1783460155.0373630523681640625000 HTTP/1.1" 200 1 "-" "WordPress/7.0; https://piacenza.elettroservicegroup.it"
216.73.216.138 - - [07/Jul/2026:23:35:47 +0200] "GET /robots.txt HTTP/2.0" 200 108 "-" "Mozilla/5.0 AppleWebKit/537.36 (KHTML, like Gecko; compatible; ClaudeBot/1.0; +claudebot@anthropic.com)"
65.108.235.243 - - [07/Jul/2026:23:35:57 +0200] "GET /imprint/ HTTP/1.1" 200 17193 "-" "WP Fastest Cache Preload Bot"
65.108.235.243 - - [07/Jul/2026:23:36:00 +0200] "GET /dichiarazione-sulla-privacy-ue/ HTTP/1.1" 200 19682 "-" "WP Fastest Cache Preload Bot"
216.73.216.138 - - [07/Jul/2026:23:36:00 +0200] "GET /wp-content/cache/wpfc-minified/2pngyhab/73n1.css HTTP/2.0" 200 13809 "-" "Mozilla/5.0 AppleWebKit/537.36 (KHTML, like Gecko; compatible; ClaudeBot/1.0; +claudebot@anthropic.com)"
65.108.235.243 - - [07/Jul/2026:23:36:00 +0200] "GET /assistenza-whirlpool-piacenza/ HTTP/1.1" 200 21851 "-" "WP Fastest Cache Preload Bot"
65.108.235.243 - - [07/Jul/2026:23:36:01 +0200] "GET /assistenza-smeg-piacenza/ HTTP/1.1" 200 21799 "-" "WP Fastest Cache Preload Bot"
65.108.235.243 - - [07/Jul/2026:23:36:01 +0200] "GET / HTTP/1.1" 200 21812 "-" "WP Fastest Cache Preload Bot"